172.22.2.4 - - [14/Oct/2022:20:55:19 -0500] "GET /BLA/boletinlegal/ HTTP/1.1" 200 54823
172.22.2.4 - - [14/Oct/2022:20:56:09 -0500] "GET /BLA/boletinlegal/ HTTP/1.1" 200 40907
216.245.221.92 - - [14/Oct/2022:20:57:20 -0500] "HEAD / HTTP/1.1" 200 -
172.22.2.4 - - [14/Oct/2022:20:57:27 -0500] "GET /BLA/boletinlegal/jurisprudencia/analisis/CUADRO%20ANALISIS%20SENTENCIA%20T-411%20DE%201992.doc HTTP/1.1" 200 41984
201.245.192.253 - - [14/Oct/2022:20:59:19 -0500] "POST /kwsrmcab/Wsrmcab  HTTP/1.1" 200 43296
186.86.33.205 - - [14/Oct/2022:21:00:03 -0500] "GET /BLA/boletinlegal/styles2.css HTTP/1.1" 200 1838
186.86.33.205 - - [14/Oct/2022:21:00:03 -0500] "GET /BLA/boletinlegal/js/ajax_actos.js HTTP/1.1" 200 1322
186.86.33.205 - - [14/Oct/2022:21:00:03 -0500] "GET /BLA/boletinlegal/niceforms-default.css HTTP/1.1" 200 6694
186.86.33.205 - - [14/Oct/2022:21:00:03 -0500] "GET /BLA/boletinlegal/niceforms.js HTTP/1.1" 200 22876
186.86.33.205 - - [14/Oct/2022:21:00:03 -0500] "GET /BLA/boletinlegal/actos.php HTTP/1.1" 200 9566
186.86.33.205 - - [14/Oct/2022:21:00:03 -0500] "GET /BLA/boletinlegal/style.css HTTP/1.1" 200 9406
186.86.33.205 - - [14/Oct/2022:21:00:03 -0500] "GET /BLA/boletinlegal/js/lib.js HTTP/1.1" 200 6474
186.86.33.205 - - [14/Oct/2022:21:00:03 -0500] "GET /BLA/boletinlegal/js/jquery1.js HTTP/1.1" 200 29846
186.86.33.205 - - [14/Oct/2022:21:00:03 -0500] "GET /BLA/boletinlegal/js/popup.js HTTP/1.1" 200 1270
186.86.33.205 - - [14/Oct/2022:21:00:04 -0500] "GET /BLA/boletinlegal/images/cabezote%20BLEGAL.jpg HTTP/1.1" 200 118164
186.86.33.205 - - [14/Oct/2022:21:00:04 -0500] "GET /BLA/boletinlegal/images/subscribe-icon-big.png HTTP/1.1" 200 47702
186.86.33.205 - - [14/Oct/2022:21:00:04 -0500] "GET /BLA/boletinlegal/images/historia.png HTTP/1.1" 200 52775
186.86.33.205 - - [14/Oct/2022:21:00:04 -0500] "GET /BLA/boletinlegal/images/tel.png HTTP/1.1" 200 14477
186.86.33.205 - - [14/Oct/2022:21:00:04 -0500] "GET /BLA/boletinlegal/images/bg_top.jpg HTTP/1.1" 200 522
186.86.33.205 - - [14/Oct/2022:21:00:04 -0500] "GET /BLA/boletinlegal/images/menu_bg.jpg HTTP/1.1" 200 620
186.86.33.205 - - [14/Oct/2022:21:00:04 -0500] "GET /favicon.ico HTTP/1.1" 200 7782
186.86.33.205 - - [14/Oct/2022:21:00:04 -0500] "GET /BLA/boletinlegal/images/footer_bg_l.jpg HTTP/1.1" 200 776
186.86.33.205 - - [14/Oct/2022:21:00:04 -0500] "GET /BLA/boletinlegal/images/registro-usuarios.png HTTP/1.1" 200 8106
186.86.33.205 - - [14/Oct/2022:21:00:04 -0500] "GET /BLA/boletinlegal/images/icono-email.png HTTP/1.1" 200 5544
186.86.33.205 - - [14/Oct/2022:21:00:05 -0500] "GET /BLA/boletinlegal/images/footer_bg.jpg HTTP/1.1" 200 586
186.86.33.205 - - [14/Oct/2022:21:00:05 -0500] "GET /BLA/boletinlegal/images/green-yellow-blue-pink-th.png HTTP/1.1" 200 7394
186.86.33.205 - - [14/Oct/2022:21:00:05 -0500] "GET /BLA/boletinlegal/images/body_bg.jpg HTTP/1.1" 200 1601
186.86.33.205 - - [14/Oct/2022:21:00:06 -0500] "GET /BLA/boletinlegal/images/text.jpg HTTP/1.1" 200 568
186.86.33.205 - - [14/Oct/2022:21:00:06 -0500] "GET /BLA/boletinlegal/images/menu_lft.gif HTTP/1.1" 200 1713
186.86.33.205 - - [14/Oct/2022:21:00:06 -0500] "GET /BLA/boletinlegal/images/hover.jpg HTTP/1.1" 200 640
186.86.33.205 - - [14/Oct/2022:21:00:06 -0500] "GET /BLA/boletinlegal/images/menu_rght.gif HTTP/1.1" 200 1627
186.86.33.205 - - [14/Oct/2022:21:00:06 -0500] "GET /BLA/boletinlegal/img/0.png HTTP/1.1" 200 110
186.86.33.205 - - [14/Oct/2022:21:00:06 -0500] "GET /BLA/boletinlegal/img/select-left.png HTTP/1.1" 200 263
186.86.33.205 - - [14/Oct/2022:21:00:06 -0500] "GET /BLA/boletinlegal/img/button-left.png HTTP/1.1" 200 57071
186.86.33.205 - - [14/Oct/2022:21:00:06 -0500] "GET /BLA/boletinlegal/img/button.png HTTP/1.1" 200 43241
186.86.33.205 - - [14/Oct/2022:21:00:06 -0500] "GET /BLA/boletinlegal/img/select-right.png HTTP/1.1" 200 44019
186.86.33.205 - - [14/Oct/2022:21:00:06 -0500] "GET /BLA/boletinlegal/img/button-right.png HTTP/1.1" 200 57878
114.119.141.42 - - [14/Oct/2022:21:00:42 -0500] "GET /BLA/resoluciones/RESOLUCIONES%202010/5994.pdf HTTP/1.1" 200 433215
200.118.63.43 - - [14/Oct/2022:21:01:22 -0500] "GET /kwssiamovil/sm/ldap/au?x=U2FsdGVkX18583LGgoPPUV8coc4DFZ66rDZou7ftCAkeMwzlvRYIgkNrNp3Bh/qx&y=U2FsdGVkX19uV4okIgbwF5nzSltyNavINaRyZw8BUQ3pcDSIs7dA5zkHRRABEIQO HTTP/1.1" 200 31
200.118.63.43 - - [14/Oct/2022:21:01:40 -0500] "GET /kwssiamovil/sm/ldap/au?x=U2FsdGVkX197tsRWjQqPUlY8301YQH4tBqqMY2Xrk3dH9nlSp5XbtW2/gm2lXCAj&y=U2FsdGVkX1/thitPZ/01dNFXRrCPcc+JnTKHA0wvdRWNTZRvJMhuHi6sAfjXT2zu HTTP/1.1" 200 30
200.118.63.43 - - [14/Oct/2022:21:01:41 -0500] "GET /kwssiamovil/sm/acme/s?s=U2FsdGVkX1/EPUpxYSiVbZFKIOWNG3B0UukI3ExzjA3CAqH0+tKHAoxmhbKIB2VqxCfgiDH3Bwr9j2b6pWH6IocYA2JQUlWGT5bbwwIwjnk=&u=U2FsdGVkX19kCj6zbgurbFRXfdwcahEDPvhcGSzq18Y429A3V6q+DzMdPLtecvdP&y=U2FsdGVkX1/thitPZ/01dNFXRrCPcc+JnTKHA0wvdRWNTZRvJMhuHi6sAfjXT2zu HTTP/1.1" 200 97
200.118.63.43 - - [14/Oct/2022:21:01:41 -0500] "GET /kwssiamovil/sm/acme/s?s=U2FsdGVkX1833USwzTas8ZkgQ37V1rTybwCc8lORACfD119/qxWHZkjhwSBkkyilVkJJgJr5d6ItKDhr+93duG1/AAnfn/1dJMWxqXZNeBL341W+qm/tbbxNp+nmjVisUtVMV3GXpqYHCcdQ1ugJH5+b2l28OGRXvNoVvI6Ta/JcaPvukejQUOytSNfXxP1sbhs3oBKXQ9mQxJyH6eTYAoW/q+sY22jnpRkL2EC8XpJj6ou3m4nyAYI9sy4z6RwFp7q2M/qAO0P9WFtMFr21dEqDqllYIIklXq7O2k6eA1IaLrFCCB/9mNmTlVk9qQg7LeBXJ4fTz1ohEoC0TfARkPI9sr/JuGfmhWmTmgem5HBDtt2h+aUC9WhK0hIFXdpxs3mG+Y5Q9XYU3XvNAda2QUuaL4uYVGQVbQYBG2lanmjayvntbF9HkZSoZ3qV53xgdNTuOJkqKyhVI/qjS/GhadJpBUtUa4PhOCrXtGW4UKNwZXCln/xFcvvggRYf95jdt3utu7OfVekvRRFM//oiVtvlhgzO/wJ6K/DeJHgwW1edW4WcIdYC+JCq2HXjkszo9rKykUbE08eCFUCAEPL2C4IHaYAYVZZdA1pjLqlzZ0ffgZWI1b1LJ1tKScPfuMdIICsafkdeJYsLFgMpme4cSbgWYwiE2Xl3oCz0PaUc3vIkoU1kAq9dKYujADlYAE1wCxKktrZZ7KQMLShTGFSdtGPM3AHO+lW+0pngdV/JAxhCcEDFxv04aUUC2dnIvwWq0nk93xoBwNxMHDWZmmq22zYz0z8rZOuQjzLdFOiv7R2GtLXxQQCKVwzerDUpvLl+beo5xjGXkoDVWRssHbUgDl3JfAmXqYcGGqqnV5kGiYP9XDJ3DLnDndHoChm78Lfztudqb/dqZteYVARVK+e0Pt6BZn5u4yyT2KOHFNN405PYVD8lPGbiw560C0Xt4gNLzLz8tuZm5m6573lBn/McEoCl8UT5bodMHDoSanVaqnmwhKg+9kD6N60P+S3cR/u5l6QRyIV8FtWtBKXOrj1v0OKgjtwabcfXlblJL+A9tK7dEDLtVXPBTBbe8z7qUXmji/hIHsqdT/Qhn+HX+hNEaLHqodr6GhgmivTADXpcmGfQXXAM7Z0wrNOTV1Bp91GrQAnFtCyPvufcx+xBidtfF1iauRB1b5MQ6tXM1DpSSBzUjJ54qvU9Qa92mEDMaR7ALwPZmdRCk/ebhbyDvOXRGe3mWi8+SNDpM6NnzvKAN6N3ktyh8FxTl9Qr+5/om/gA27V7RNhp0m3lqbDTEFuwaRTeMY44x+fWkrVHdnDv79o5pZdP5ETgOr/8f7soVTfGX3LYdwkWV9zZH3XyIOVsZZ27UxYSD1DKL8iMsTpmnlfqvheliTBrUmvHZLAehsDXy71K6Nt1B8lkUocYdTnIMuhwU0AxGyPJXh+YW/m3sOU=&u=U2FsdGVkX19kCj6zbgurbFRXfdwcahEDPvhcGSzq18Y429A3V6q+DzMdPLtecvdP&y=U2FsdGVkX1/thitPZ/01dNFXRrCPcc+JnTKHA0wvdRWNTZRvJMhuHi6sAfjXT2zu HTTP/1.1" 200 1003
200.118.63.43 - - [14/Oct/2022:21:01:41 -0500] "GET /kwssiamovil/sm/acme/s?s=U2FsdGVkX19xo/EeFDjgJcsxu/z5Y+wLSdp8ah0JqYzbGHhuVyPGaIbPnQOePfSsFmnn/x90ASrIpIg34myHD2CqHLr7LCQaelzVfGuqnICuDGb2dlEUZjXzU65DHerG5l6XoiRA82D7XXwah/a+vq/XeQ9edsVEBU/s/X5V+n6bUyyJnoApJtdjzMVcz//wF7cKiUtlYgRxJ5zHVcpjxSzMENZ987ftUxiGCkooTaNnd00LEAMcM2MhWAQrzOVBgvzRMBhtvYrraAowGlGo6FSbB7f2sFfcIBvkPlBRhhRzQGpkkZVeI8cz3mgDV7Q4kF/YuLkTe5x6xquuBKNUZOwuHlGTKRZOJQFweCuDN6s=&u=U2FsdGVkX19kCj6zbgurbFRXfdwcahEDPvhcGSzq18Y429A3V6q+DzMdPLtecvdP&y=U2FsdGVkX1/thitPZ/01dNFXRrCPcc+JnTKHA0wvdRWNTZRvJMhuHi6sAfjXT2zu HTTP/1.1" 200 196
200.118.63.43 - - [14/Oct/2022:21:01:41 -0500] "GET /kwssiamovil/sm/cjson/pre?f=1&x=U2FsdGVkX197tsRWjQqPUlY8301YQH4tBqqMY2Xrk3dH9nlSp5XbtW2/gm2lXCAj HTTP/1.1" 200 30992
172.22.2.4 - - [14/Oct/2022:21:00:19 -0500] "HEAD /BLA/boletinlegal/ HTTP/1.1" 200 -
216.245.221.92 - - [14/Oct/2022:21:02:20 -0500] "HEAD / HTTP/1.1" 200 -
186.154.119.9 - - [14/Oct/2022:21:02:42 -0500] "GET /la-secretaria-de-ambiente-abre-nueva-convocatoria-para-su-programa-de-voluntariado-ambiental.html HTTP/1.1" 200 976
172.22.2.4 - - [14/Oct/2022:21:01:09 -0500] "GET /BLA/boletinlegal/ HTTP/1.1" 200 57725
87.250.224.69 - - [14/Oct/2022:21:03:17 -0500] "-" 408 -
201.245.192.253 - - [14/Oct/2022:21:04:18 -0500] "POST /kwsrmcab/Wsrmcab  HTTP/1.1" 200 43296
186.29.180.1 - - [14/Oct/2022:21:05:07 -0500] "GET /si-tienes-ropa-y-calzado-que-ya-no-usas-aca-te-presentamos-seis-puntos-a-donde-los-puedes-llevar.html HTTP/1.1" 200 872
216.245.221.92 - - [14/Oct/2022:21:07:20 -0500] "HEAD / HTTP/1.1" 200 -
159.89.28.57 - - [14/Oct/2022:21:07:33 -0500] "GET / HTTP/1.1" 200 319
172.22.2.4 - - [14/Oct/2022:21:06:09 -0500] "HEAD /BLA/boletinlegal/ HTTP/1.1" 200 -
172.22.2.4 - - [14/Oct/2022:21:06:59 -0500] "GET /BLA/boletinlegal/ HTTP/1.1" 200 58163
186.28.24.196 - - [14/Oct/2022:21:08:43 -0500] "POST /sipse/faces/presentacion/financiero/solicitudProceso/listarSolicitudProceso.xhtml HTTP/1.1" 200 111791
186.28.24.196 - - [14/Oct/2022:21:08:43 -0500] "GET /sipse/faces/javax.faces.resource/theme.css?ln=primefaces-sipse HTTP/1.1" 304 -
186.28.24.196 - - [14/Oct/2022:21:08:43 -0500] "GET /sipse/faces/javax.faces.resource/layout/layout.css?ln=primefaces&v=4.0 HTTP/1.1" 304 -
186.28.24.196 - - [14/Oct/2022:21:08:43 -0500] "GET /sipse/faces/javax.faces.resource/primefaces.css?ln=primefaces&v=4.0 HTTP/1.1" 304 -
186.28.24.196 - - [14/Oct/2022:21:08:43 -0500] "GET /sipse/faces/javax.faces.resource/jquery/jquery.js?ln=primefaces&v=4.0 HTTP/1.1" 304 -
186.28.24.196 - - [14/Oct/2022:21:08:43 -0500] "GET /sipse/faces/javax.faces.resource/jquery/jquery-plugins.js?ln=primefaces&v=4.0 HTTP/1.1" 304 -
186.28.24.196 - - [14/Oct/2022:21:08:43 -0500] "GET /sipse/faces/javax.faces.resource/primefaces.js?ln=primefaces&v=4.0 HTTP/1.1" 304 -
186.28.24.196 - - [14/Oct/2022:21:08:43 -0500] "GET /sipse/faces/javax.faces.resource/layout/layout.js?ln=primefaces&v=4.0 HTTP/1.1" 304 -
201.245.192.253 - - [14/Oct/2022:21:09:17 -0500] "POST /kwsrmcab/Wsrmcab  HTTP/1.1" 200 43296
114.119.141.52 - - [14/Oct/2022:21:10:22 -0500] "GET /BLA/resoluciones/AUTOS%202016/1363.pdf HTTP/1.1" 200 472156
49.7.21.72 - - [14/Oct/2022:21:10:47 -0500] "-" 408 -
114.119.141.69 - - [14/Oct/2022:21:12:02 -0500] "GET /BLA/resoluciones/RESOLUCIONES%202010/7201.pdf HTTP/1.1" 200 973731
94.17.173.215 - - [14/Oct/2022:21:12:11 -0500] "GET /la-secretaria-de-ambiente-abre-nueva-convocatoria-para-su-programa-de-voluntariado-ambiental.html HTTP/1.1" 200 976
186.28.24.196 - - [14/Oct/2022:21:12:18 -0500] "POST /sipse/faces/presentacion/financiero/solicitudProceso/consultarSolicitudProceso.xhtml HTTP/1.1" 200 183747
216.245.221.92 - - [14/Oct/2022:21:12:20 -0500] "HEAD / HTTP/1.1" 200 -
186.28.24.196 - - [14/Oct/2022:21:13:16 -0500] "POST /sipse/faces/presentacion/financiero/solicitudProceso/consultarSolicitudProceso.xhtml HTTP/1.1" 200 5439
5.45.207.152 - - [14/Oct/2022:21:13:17 -0500] "-" 408 -
172.22.2.4 - - [14/Oct/2022:21:11:59 -0500] "HEAD /BLA/boletinlegal/ HTTP/1.1" 200 -
114.119.141.71 - - [14/Oct/2022:21:13:47 -0500] "GET /BLA/resoluciones/RESOLUCIONES%202010/4368.pdf HTTP/1.1" 200 494775
186.28.24.196 - - [14/Oct/2022:21:13:50 -0500] "POST /sipse/faces/presentacion/financiero/solicitudProceso/consultarSolicitudProceso.xhtml HTTP/1.1" 200 66404
186.28.24.196 - - [14/Oct/2022:21:13:53 -0500] "GET /sipse/faces/javax.faces.resource/theme.css?ln=primefaces-sipse HTTP/1.1" 304 -
186.28.24.196 - - [14/Oct/2022:21:13:53 -0500] "GET /sipse/faces/javax.faces.resource/primefaces.css?ln=primefaces&v=4.0 HTTP/1.1" 304 -
186.28.24.196 - - [14/Oct/2022:21:13:53 -0500] "GET /sipse/faces/javax.faces.resource/layout/layout.css?ln=primefaces&v=4.0 HTTP/1.1" 304 -
186.28.24.196 - - [14/Oct/2022:21:13:53 -0500] "GET /sipse/faces/javax.faces.resource/jquery/jquery.js?ln=primefaces&v=4.0 HTTP/1.1" 304 -
186.28.24.196 - - [14/Oct/2022:21:13:53 -0500] "GET /sipse/faces/javax.faces.resource/jquery/jquery-plugins.js?ln=primefaces&v=4.0 HTTP/1.1" 304 -
186.28.24.196 - - [14/Oct/2022:21:13:53 -0500] "GET /sipse/faces/javax.faces.resource/primefaces.js?ln=primefaces&v=4.0 HTTP/1.1" 304 -
186.28.24.196 - - [14/Oct/2022:21:13:53 -0500] "GET /sipse/faces/javax.faces.resource/layout/layout.js?ln=primefaces&v=4.0 HTTP/1.1" 304 -
186.28.24.196 - - [14/Oct/2022:21:13:53 -0500] "POST /sipse/faces/presentacion/financiero/solicitudProceso/listarSolicitudProceso.xhtml HTTP/1.1" 200 1560
181.56.107.175 - - [14/Oct/2022:21:13:53 -0500] "GET /forest/ HTTP/1.1" 200 12041
181.56.107.175 - - [14/Oct/2022:21:13:59 -0500] "POST /forest/index.php HTTP/1.1" 200 12268
186.28.24.196 - - [14/Oct/2022:21:14:00 -0500] "POST /sipse/faces/presentacion/financiero/solicitudProceso/listarSolicitudProceso.xhtml HTTP/1.1" 200 13966
186.28.24.196 - - [14/Oct/2022:21:14:02 -0500] "POST /sipse/faces/presentacion/financiero/solicitudProceso/listarSolicitudProceso.xhtml HTTP/1.1" 200 127477
186.28.24.196 - - [14/Oct/2022:21:14:02 -0500] "GET /sipse/faces/javax.faces.resource/theme.css?ln=primefaces-sipse HTTP/1.1" 304 -
186.28.24.196 - - [14/Oct/2022:21:14:02 -0500] "GET /sipse/faces/javax.faces.resource/primefaces.css?ln=primefaces&v=4.0 HTTP/1.1" 304 -
186.28.24.196 - - [14/Oct/2022:21:14:02 -0500] "GET /sipse/faces/javax.faces.resource/layout/layout.css?ln=primefaces&v=4.0 HTTP/1.1" 304 -
186.28.24.196 - - [14/Oct/2022:21:14:02 -0500] "GET /sipse/faces/javax.faces.resource/jquery/jquery.js?ln=primefaces&v=4.0 HTTP/1.1" 304 -
186.28.24.196 - - [14/Oct/2022:21:14:02 -0500] "GET /sipse/faces/javax.faces.resource/jquery/jquery-plugins.js?ln=primefaces&v=4.0 HTTP/1.1" 304 -
186.28.24.196 - - [14/Oct/2022:21:14:02 -0500] "GET /sipse/faces/javax.faces.resource/primefaces.js?ln=primefaces&v=4.0 HTTP/1.1" 304 -
186.28.24.196 - - [14/Oct/2022:21:14:02 -0500] "GET /sipse/faces/javax.faces.resource/layout/layout.js?ln=primefaces&v=4.0 HTTP/1.1" 304 -
201.245.192.253 - - [14/Oct/2022:21:14:16 -0500] "POST /kwsrmcab/Wsrmcab  HTTP/1.1" 200 43296
172.22.2.4 - - [14/Oct/2022:21:12:49 -0500] "GET /BLA/boletinlegal/ HTTP/1.1" 200 58163
172.22.2.4 - - [14/Oct/2022:21:14:30 -0500] "GET /BLA/boletinlegal/jurisprudencia/analisis/AnalisisT-606-15.docx HTTP/1.1" 200 26698
172.22.2.4 - - [14/Oct/2022:21:14:30 -0500] "GET /BLA/boletinlegal/apple-touch-icon-120x120-precomposed.png HTTP/1.1" 404 1140
172.22.2.4 - - [14/Oct/2022:21:14:30 -0500] "GET /BLA/boletinlegal/apple-touch-icon-120x120.png HTTP/1.1" 404 1140
172.22.2.4 - - [14/Oct/2022:21:14:31 -0500] "GET /BLA/boletinlegal/apple-touch-icon-precomposed.png HTTP/1.1" 404 1140
172.22.2.4 - - [14/Oct/2022:21:14:31 -0500] "GET /BLA/boletinlegal/apple-touch-icon.png HTTP/1.1" 404 1140
172.22.2.4 - - [14/Oct/2022:21:14:31 -0500] "GET /BLA/boletinlegal/favicon.ico HTTP/1.1" 404 1140
172.22.2.4 - - [14/Oct/2022:21:14:31 -0500] "GET /BLA/boletinlegal/apple-touch-icon-120x120-precomposed.png HTTP/1.1" 404 1140
172.22.2.4 - - [14/Oct/2022:21:14:31 -0500] "GET /BLA/boletinlegal/apple-touch-icon-120x120.png HTTP/1.1" 404 1140
172.22.2.4 - - [14/Oct/2022:21:14:31 -0500] "GET /BLA/boletinlegal/apple-touch-icon-precomposed.png HTTP/1.1" 404 1140
172.22.2.4 - - [14/Oct/2022:21:14:31 -0500] "GET /BLA/boletinlegal/apple-touch-icon.png HTTP/1.1" 404 1140
172.22.2.4 - - [14/Oct/2022:21:14:31 -0500] "GET /BLA/boletinlegal/favicon.ico HTTP/1.1" 404 1140
114.119.141.69 - - [14/Oct/2022:21:15:38 -0500] "GET /BLA/resoluciones/AUTOS%202012/0347.pdf HTTP/1.1" 200 338119
186.28.24.196 - - [14/Oct/2022:21:15:45 -0500] "POST /sipse/faces/presentacion/financiero/solicitudProceso/consultarSolicitudProceso.xhtml HTTP/1.1" 200 101625
172.22.2.4 - - [14/Oct/2022:21:15:19 -0500] "GET /BLA/boletinlegal/ HTTP/1.1" 200 63207
216.245.221.92 - - [14/Oct/2022:21:17:20 -0500] "HEAD / HTTP/1.1" 200 -
207.46.13.213 - - [14/Oct/2022:21:18:19 -0500] "GET /portaldeninos/aulas-ambientales/aula-ambiental-sorotama/ HTTP/1.1" 200 89596
172.22.2.4 - - [14/Oct/2022:21:18:23 -0500] "GET /BLA/boletinlegal/jurisprudencia/analisis/CUADRO%20SENTENCIA%20C-245%20DE%202004.doc HTTP/1.1" 304 -
201.245.192.253 - - [14/Oct/2022:21:19:15 -0500] "POST /kwsrmcab/Wsrmcab  HTTP/1.1" 200 43296
172.22.2.4 - - [14/Oct/2022:21:17:49 -0500] "HEAD /BLA/boletinlegal/ HTTP/1.1" 200 -
192.133.77.17 - - [14/Oct/2022:21:19:53 -0500] "-" 408 -
186.28.24.196 - - [14/Oct/2022:21:20:10 -0500] "POST /sipse/faces/presentacion/financiero/solicitudProceso/consultarSolicitudProceso.xhtml HTTP/1.1" 200 5539
172.22.2.4 - - [14/Oct/2022:21:18:39 -0500] "GET /BLA/boletinlegal/ HTTP/1.1" 200 56014
186.28.24.196 - - [14/Oct/2022:21:20:38 -0500] "POST /sipse/faces/presentacion/financiero/solicitudProceso/consultarSolicitudProceso.xhtml HTTP/1.1" 200 66233
186.28.24.196 - - [14/Oct/2022:21:20:41 -0500] "GET /sipse/faces/javax.faces.resource/theme.css?ln=primefaces-sipse HTTP/1.1" 304 -
186.28.24.196 - - [14/Oct/2022:21:20:41 -0500] "GET /sipse/faces/javax.faces.resource/primefaces.css?ln=primefaces&v=4.0 HTTP/1.1" 304 -
186.28.24.196 - - [14/Oct/2022:21:20:41 -0500] "GET /sipse/faces/javax.faces.resource/layout/layout.css?ln=primefaces&v=4.0 HTTP/1.1" 304 -
186.28.24.196 - - [14/Oct/2022:21:20:41 -0500] "GET /sipse/faces/javax.faces.resource/jquery/jquery.js?ln=primefaces&v=4.0 HTTP/1.1" 304 -
186.28.24.196 - - [14/Oct/2022:21:20:41 -0500] "GET /sipse/faces/javax.faces.resource/jquery/jquery-plugins.js?ln=primefaces&v=4.0 HTTP/1.1" 304 -
186.28.24.196 - - [14/Oct/2022:21:20:41 -0500] "GET /sipse/faces/javax.faces.resource/primefaces.js?ln=primefaces&v=4.0 HTTP/1.1" 304 -
186.28.24.196 - - [14/Oct/2022:21:20:41 -0500] "GET /sipse/faces/javax.faces.resource/layout/layout.js?ln=primefaces&v=4.0 HTTP/1.1" 304 -
186.28.24.196 - - [14/Oct/2022:21:20:41 -0500] "POST /sipse/faces/presentacion/financiero/solicitudProceso/listarSolicitudProceso.xhtml HTTP/1.1" 200 1560
186.28.24.196 - - [14/Oct/2022:21:20:50 -0500] "POST /sipse/faces/presentacion/financiero/solicitudProceso/listarSolicitudProceso.xhtml HTTP/1.1" 200 10919
186.28.24.196 - - [14/Oct/2022:21:20:55 -0500] "POST /sipse/faces/presentacion/financiero/solicitudProceso/listarSolicitudProceso.xhtml HTTP/1.1" 200 111426
186.28.24.196 - - [14/Oct/2022:21:20:55 -0500] "GET /sipse/faces/javax.faces.resource/primefaces.css?ln=primefaces&v=4.0 HTTP/1.1" 304 -
186.28.24.196 - - [14/Oct/2022:21:20:55 -0500] "GET /sipse/faces/javax.faces.resource/theme.css?ln=primefaces-sipse HTTP/1.1" 304 -
186.28.24.196 - - [14/Oct/2022:21:20:55 -0500] "GET /sipse/faces/javax.faces.resource/layout/layout.css?ln=primefaces&v=4.0 HTTP/1.1" 304 -
186.28.24.196 - - [14/Oct/2022:21:20:56 -0500] "GET /sipse/faces/javax.faces.resource/jquery/jquery.js?ln=primefaces&v=4.0 HTTP/1.1" 304 -
186.28.24.196 - - [14/Oct/2022:21:20:56 -0500] "GET /sipse/faces/javax.faces.resource/jquery/jquery-plugins.js?ln=primefaces&v=4.0 HTTP/1.1" 304 -
186.28.24.196 - - [14/Oct/2022:21:20:56 -0500] "GET /sipse/faces/javax.faces.resource/primefaces.js?ln=primefaces&v=4.0 HTTP/1.1" 304 -
186.28.24.196 - - [14/Oct/2022:21:20:56 -0500] "GET /sipse/faces/javax.faces.resource/layout/layout.js?ln=primefaces&v=4.0 HTTP/1.1" 304 -
191.95.50.239 - - [14/Oct/2022:21:20:40 -0500] "GET /BLA/resoluciones/index.php?dir=AUTOS+2014%2F HTTP/1.1" 200 883517
207.46.13.181 - - [14/Oct/2022:21:21:33 -0500] "GET /portaldeninos/parque-mirador-de-los-nevados/ HTTP/1.1" 200 89855
201.245.192.253 - - [14/Oct/2022:21:21:57 -0500] "POST /kwsrmcab/Wsrmcab HTTP/1.1" 200 43828
201.245.192.253 - - [14/Oct/2022:21:22:00 -0500] "POST /kwsrmcab/Wsrmcab HTTP/1.1" 200 43869
114.119.141.71 - - [14/Oct/2022:21:22:13 -0500] "GET /BLA/resoluciones/RESOLUCIONES%202010/4197.pdf HTTP/1.1" 200 374625
216.245.221.92 - - [14/Oct/2022:21:22:20 -0500] "HEAD / HTTP/1.1" 200 -
87.250.224.81 - - [14/Oct/2022:21:23:17 -0500] "-" 408 -
207.46.13.40 - - [14/Oct/2022:21:23:33 -0500] "GET /BLA/resoluciones/AUTOS%202014/2021.pdf HTTP/1.1" 200 468956
114.119.141.51 - - [14/Oct/2022:21:24:01 -0500] "GET /BLA/resoluciones/RESOLUCIONES%202010/4588.pdf HTTP/1.1" 200 1084486
201.245.192.253 - - [14/Oct/2022:21:24:14 -0500] "POST /kwsrmcab/Wsrmcab  HTTP/1.1" 200 43296
172.22.2.4 - - [14/Oct/2022:21:23:39 -0500] "HEAD /BLA/boletinlegal/ HTTP/1.1" 200 -
172.22.2.4 - - [14/Oct/2022:21:24:29 -0500] "GET /BLA/boletinlegal/ HTTP/1.1" 200 56732
216.245.221.92 - - [14/Oct/2022:21:27:20 -0500] "HEAD / HTTP/1.1" 200 -
114.119.141.51 - - [14/Oct/2022:21:27:37 -0500] "GET /BLA/resoluciones/RESOLUCIONES%202010/2110.pdf HTTP/1.1" 200 351516
114.119.141.69 - - [14/Oct/2022:21:29:06 -0500] "GET /BLA/resoluciones/RESOLUCIONES%202010/3044.pdf HTTP/1.1" 200 1221834
201.245.192.253 - - [14/Oct/2022:21:29:13 -0500] "POST /kwsrmcab/Wsrmcab  HTTP/1.1" 200 43296
201.244.140.155 - - [14/Oct/2022:21:29:15 -0500] "GET /sia/ HTTP/1.1" 200 2661
201.244.140.155 - - [14/Oct/2022:21:29:15 -0500] "GET /css/date_blue.css HTTP/1.1" 404 1254
201.244.140.155 - - [14/Oct/2022:21:29:15 -0500] "GET /css/fondos.css HTTP/1.1" 404 1254
201.244.140.155 - - [14/Oct/2022:21:29:15 -0500] "GET /css/textos.css HTTP/1.1" 404 1254
201.244.140.155 - - [14/Oct/2022:21:29:16 -0500] "GET /css/bordes.css HTTP/1.1" 404 1254
201.244.140.155 - - [14/Oct/2022:21:29:16 -0500] "GET /css/date_blue.css HTTP/1.1" 404 1254
201.244.140.155 - - [14/Oct/2022:21:29:16 -0500] "GET /css/fondos.css HTTP/1.1" 404 1254
201.244.140.155 - - [14/Oct/2022:21:29:16 -0500] "GET /css/textos.css HTTP/1.1" 404 1254
201.244.140.155 - - [14/Oct/2022:21:29:16 -0500] "GET /css/bordes.css HTTP/1.1" 404 1254
201.244.140.155 - - [14/Oct/2022:21:29:16 -0500] "GET /favicon.ico HTTP/1.1" 200 7782
114.119.132.76 - - [14/Oct/2022:21:30:47 -0500] "GET /BLA/resoluciones/RESOLUCIONES%202014/2693.pdf HTTP/1.1" 200 3315894
172.22.2.4 - - [14/Oct/2022:21:29:29 -0500] "HEAD /BLA/boletinlegal/ HTTP/1.1" 200 -
186.28.24.196 - - [14/Oct/2022:21:31:18 -0500] "POST /sipse/faces/presentacion/financiero/solicitudProceso/consultarSolicitudProceso.xhtml HTTP/1.1" 200 204160
66.220.149.9 - - [14/Oct/2022:21:31:26 -0500] "GET /images/ecosistema-dia-internacional-tierra-21-abril.jpg HTTP/1.1" 200 30098
49.7.21.72 - - [14/Oct/2022:21:31:46 -0500] "-" 408 -
201.245.192.253 - - [14/Oct/2022:21:31:57 -0500] "POST /kwsrmcab/Wsrmcab HTTP/1.1" 200 43828
172.22.2.4 - - [14/Oct/2022:21:30:19 -0500] "GET /BLA/boletinlegal/ HTTP/1.1" 200 60281
201.245.192.253 - - [14/Oct/2022:21:32:00 -0500] "POST /kwsrmcab/Wsrmcab HTTP/1.1" 200 43869
186.28.24.196 - - [14/Oct/2022:21:32:08 -0500] "POST /sipse/faces/presentacion/financiero/solicitudProceso/consultarSolicitudProceso.xhtml HTTP/1.1" 200 5439
207.46.13.89 - - [14/Oct/2022:21:32:18 -0500] "GET /BLA/resoluciones/RESOLUCIONES%202000/2000%20250-299.tif HTTP/1.1" 200 2321812
216.245.221.92 - - [14/Oct/2022:21:32:20 -0500] "HEAD / HTTP/1.1" 200 -
186.28.24.196 - - [14/Oct/2022:21:32:55 -0500] "POST /sipse/faces/presentacion/financiero/solicitudProceso/consultarSolicitudProceso.xhtml HTTP/1.1" 200 66237
186.28.24.196 - - [14/Oct/2022:21:32:58 -0500] "GET /sipse/faces/javax.faces.resource/theme.css?ln=primefaces-sipse HTTP/1.1" 304 -
186.28.24.196 - - [14/Oct/2022:21:32:58 -0500] "GET /sipse/faces/javax.faces.resource/primefaces.css?ln=primefaces&v=4.0 HTTP/1.1" 304 -
186.28.24.196 - - [14/Oct/2022:21:32:58 -0500] "GET /sipse/faces/javax.faces.resource/layout/layout.css?ln=primefaces&v=4.0 HTTP/1.1" 304 -
186.28.24.196 - - [14/Oct/2022:21:32:58 -0500] "GET /sipse/faces/javax.faces.resource/jquery/jquery.js?ln=primefaces&v=4.0 HTTP/1.1" 304 -
186.28.24.196 - - [14/Oct/2022:21:32:58 -0500] "GET /sipse/faces/javax.faces.resource/jquery/jquery-plugins.js?ln=primefaces&v=4.0 HTTP/1.1" 304 -
186.28.24.196 - - [14/Oct/2022:21:32:58 -0500] "GET /sipse/faces/javax.faces.resource/primefaces.js?ln=primefaces&v=4.0 HTTP/1.1" 304 -
186.28.24.196 - - [14/Oct/2022:21:32:58 -0500] "GET /sipse/faces/javax.faces.resource/layout/layout.js?ln=primefaces&v=4.0 HTTP/1.1" 304 -
186.28.24.196 - - [14/Oct/2022:21:32:58 -0500] "POST /sipse/faces/presentacion/financiero/solicitudProceso/listarSolicitudProceso.xhtml HTTP/1.1" 200 1560
186.28.24.196 - - [14/Oct/2022:21:33:00 -0500] "POST /sipse/faces/presentacion/financiero/solicitudProceso/listarSolicitudProceso.xhtml HTTP/1.1" 200 7591
186.28.24.196 - - [14/Oct/2022:21:33:12 -0500] "POST /sipse/faces/presentacion/financiero/solicitudProceso/listarSolicitudProceso.xhtml HTTP/1.1" 200 127445
186.28.24.196 - - [14/Oct/2022:21:33:13 -0500] "GET /sipse/faces/javax.faces.resource/primefaces.css?ln=primefaces&v=4.0 HTTP/1.1" 304 -
186.28.24.196 - - [14/Oct/2022:21:33:13 -0500] "GET /sipse/faces/javax.faces.resource/theme.css?ln=primefaces-sipse HTTP/1.1" 304 -
186.28.24.196 - - [14/Oct/2022:21:33:13 -0500] "GET /sipse/faces/javax.faces.resource/layout/layout.css?ln=primefaces&v=4.0 HTTP/1.1" 304 -
186.28.24.196 - - [14/Oct/2022:21:33:13 -0500] "GET /sipse/faces/javax.faces.resource/jquery/jquery.js?ln=primefaces&v=4.0 HTTP/1.1" 304 -
186.28.24.196 - - [14/Oct/2022:21:33:13 -0500] "GET /sipse/faces/javax.faces.resource/jquery/jquery-plugins.js?ln=primefaces&v=4.0 HTTP/1.1" 304 -
186.28.24.196 - - [14/Oct/2022:21:33:13 -0500] "GET /sipse/faces/javax.faces.resource/primefaces.js?ln=primefaces&v=4.0 HTTP/1.1" 304 -
186.28.24.196 - - [14/Oct/2022:21:33:13 -0500] "GET /sipse/faces/javax.faces.resource/layout/layout.js?ln=primefaces&v=4.0 HTTP/1.1" 304 -
5.255.253.138 - - [14/Oct/2022:21:33:17 -0500] "-" 408 -
186.102.56.2 - - [14/Oct/2022:21:33:48 -0500] "GET /kwssiamovil/sm/ldap/au?x=U2FsdGVkX19HKzc3B8LKQJoNlhKiKfXcgLm+WMSAe7cwHNFcvKhbaQGsmH0wLRC7&y=U2FsdGVkX18Q+0Pq7h6MdtlFOCYzWVBQYeEgGhMRpFiSuBhhO7vTx6UpfOCkdM4r HTTP/1.1" 200 30
186.102.56.2 - - [14/Oct/2022:21:33:48 -0500] "GET /kwssiamovil/sm/acme/s?s=U2FsdGVkX1+ZNyDFoJ2XDha+ns+t4DBhbIfVkWXmzqOuRJPyIRXjlJKKjR5W2KkFFV9K7F/pZh0IAvnNMPZZbW2lG9Vzc3lTvKV7NKhVf1M=&u=U2FsdGVkX18eH5gUZ19r0RsA1mYx0GyvyjY/xO4Qak/SpIA7NLVeGfjlDoeJMRDw&y=U2FsdGVkX18Q+0Pq7h6MdtlFOCYzWVBQYeEgGhMRpFiSuBhhO7vTx6UpfOCkdM4r HTTP/1.1" 200 97
186.102.56.2 - - [14/Oct/2022:21:33:48 -0500] "GET /kwssiamovil/sm/acme/s?s=U2FsdGVkX1+RIyPqshr0u431pm5qiV1nsg59hdoa/9loav8pmcPXJRq+Iw5L/yJWm1j2EC3Wrary1lYeGURdU035F6TbrjI6WdiO/1WdFaf26E20iMFsgeKtnWOqoVJ3U0M+K0WmOVBatpUPEBJ6RAvpy7vRtGDaetjknoY+kgtvsYzfTIQITteXrhS2JbaY1GF+HwvoDHk1fRWCvNBGm8RgfPAKphRMvipN34zhLFXOaSUHaaNQ3TVz7bRNFVxqp3LOTL1YTEhz7BdE60XbvSAZVEgrQuF6IR5QIDLv/1/E2a0pEudbt44O49qE92lfECXwbi/vu3kDnIyi5vQ8m7jZpSv1HlI/FGbYLwR92m6V2/4GEjnLoBQ1hwNHsdNuYyla++YbXeMI0YvUgD0J1Sp1qcuDpSQEVKFFLspElX+qcOrV9OUfrSpcaqeMqmn6dIdu6adWgPw2Y+GpgKu+pEuaj1MNWGrGEEKgEpIp1Ws3F4rTAgpmplgmoSXPNYKgdE9ioRKtqq735PU1Ovxf6b4l34zIJBfGD1qG5mXnsr5W5xSOdIvqG4j0uRXLi7Fk+p7FbhQktpV2C1/iqtc6gR73HxmSMvfEYZbhErZBBCec+SoVuOIvpD1xWY5ER98ECVHuvu5PJG12oybMKq9w5JqKl1kLlufuzchuJHCf4psEWuy9rcIXUFrA+hw8WgDGI9VzM7P10DUmnN2cXULbUazFGTCnziOhRKch2aN2wgH/u3xfU0Ou49l+3j98UKw9h60QMRdnuOdBNXtf+b8lVbD6coFt0ERVv7IN94jtgniOburUK/MP+OtlWjF2pyQmaQK4jAvEkYic/P33xM/KKPgGgIX8vQvsfBYPB2z9CPJXCv5NDC3+eUXQ4lGFVSY1ZW5RcIqQazwa7WAH1zF2a/XoIkfOf/F91pSQgmTEcqdp14VAWvZaIyD8gMQi6ZVZR+8HQXT951sW3SCCvdCkRB8EJWbtf1MO7yK7O4pPQdGqrrS6LKWabNDKDDxaMxRWW0LXZ03D2egfrWjufOzVKqlvywDWV91Y0qA2UhCTjph6pP/ErqVQFr/OC+HfkHC49biJWXocTUNPt0Z3yf+D7ooUJAVuAXeA++8oYumpDqbYLCyTNkMzXKHNJwgewGlxv+HgjpkUxofDc8+fg+Yp5SmA8LFogZndDDfRCIbLtACS7KAjkfgJuf58Ocgn18pKn6cBh+Kny3gJtiPOcfOtLOmBNDcmRo9K3zeco9ahBZMhZLCQihQIKmUIFRt1a5f8C/0Ld/zFgdTHO1jRNG77SUuODKvLV36UPqRH7x+X2JEwk805AL4Nt5gZJ/kL3KqCE9ufyeTkKhGLlptFRHq6KbUnEilfNdTv1sWQc/Q82OGwUlL29yx4mGMLWHGzNsPW6SeKvT3en2kaBtC+ZDRXN5kE0wz3NT8GHfFytWeOtSU=&u=U2FsdGVkX18eH5gUZ19r0RsA1mYx0GyvyjY/xO4Qak/SpIA7NLVeGfjlDoeJMRDw&y=U2FsdGVkX18Q+0Pq7h6MdtlFOCYzWVBQYeEgGhMRpFiSuBhhO7vTx6UpfOCkdM4r HTTP/1.1" 200 4790
186.102.56.2 - - [14/Oct/2022:21:33:48 -0500] "GET /kwssiamovil/sm/acme/s?s=U2FsdGVkX1/mnKA23dKk8B3NIn3Baoh+6f5b/G6+FN8yJsrmhJbm+rMGcEgrZ+8fGyJaeCvjXiTQo8r/ZGzRczfRl50O6Vz65xJiEZmOK86KtfRoD8HpAv2CUQc7/A7kDhGWNGzVIQqDZgGERcvm594bw+ptcwart8cZtk4ZZg+ihrzws1cBqpbKKFYs4+xrjjNvPuuvEuQAGR8ImTo12TbLQx5VhSwerj+NjDTMBWm1CZIxWbTGOQ0yLBZppUmdTY6ZBsQV3FtJmP1xyo66YuhX8RTSww55f4zu9VmyysPyITXmsjkiLCqUb5tdcn/52YM+wnyh646vYBJf/9B7+0gqqahf3+BzRScRYANotpQ=&u=U2FsdGVkX18eH5gUZ19r0RsA1mYx0GyvyjY/xO4Qak/SpIA7NLVeGfjlDoeJMRDw&y=U2FsdGVkX18Q+0Pq7h6MdtlFOCYzWVBQYeEgGhMRpFiSuBhhO7vTx6UpfOCkdM4r HTTP/1.1" 200 196
186.102.56.2 - - [14/Oct/2022:21:33:48 -0500] "GET /kwssiamovil/sm/cjson/pre?f=1&x=U2FsdGVkX19HKzc3B8LKQJoNlhKiKfXcgLm+WMSAe7cwHNFcvKhbaQGsmH0wLRC7 HTTP/1.1" 200 30992
64.62.197.169 - - [14/Oct/2022:21:33:57 -0500] "GET /favicon.ico HTTP/1.1" 200 7782
201.245.192.253 - - [14/Oct/2022:21:34:11 -0500] "POST /kwsrmcab/Wsrmcab  HTTP/1.1" 200 43296
186.28.24.196 - - [14/Oct/2022:21:35:01 -0500] "POST /sipse/faces/presentacion/financiero/solicitudProceso/consultarSolicitudProceso.xhtml HTTP/1.1" 200 102339
114.119.141.73 - - [14/Oct/2022:21:35:12 -0500] "GET /BLA/resoluciones/RESOLUCIONES%202010/5237.pdf HTTP/1.1" 200 766807
172.22.2.4 - - [14/Oct/2022:21:34:03 -0500] "GET /BLA/boletinlegal/ HTTP/1.1" 200 61974
114.119.141.69 - - [14/Oct/2022:21:36:56 -0500] "GET /BLA/resoluciones/RESOLUCIONES%202010/1524.pdf HTTP/1.1" 200 125746
172.22.2.4 - - [14/Oct/2022:21:35:19 -0500] "HEAD /BLA/boletinlegal/ HTTP/1.1" 200 -
172.22.2.4 - - [14/Oct/2022:21:37:13 -0500] "GET /BLA/boletinlegal/actos.php HTTP/1.1" 200 9566
172.22.2.4 - - [14/Oct/2022:21:37:13 -0500] "GET /BLA/boletinlegal/favicon.ico HTTP/1.1" 404 1326
186.118.31.156 - - [14/Oct/2022:21:37:15 -0500] "GET /BLA/resoluciones/ HTTP/1.1" 200 13093
186.118.31.156 - - [14/Oct/2022:21:37:15 -0500] "GET /favicon.ico HTTP/1.1" 200 7782
186.118.31.156 - - [14/Oct/2022:21:37:18 -0500] "GET /BLA/resoluciones/index.php?dir=RESOLUCIONES+2018%2F HTTP/1.1" 200 271266
216.245.221.92 - - [14/Oct/2022:21:37:20 -0500] "HEAD / HTTP/1.1" 200 -
181.48.255.196 - - [14/Oct/2022:21:37:20 -0500] "GET /BLA/resoluciones/index.php?dir=RESOLUCIONES+2018%2F HTTP/1.1" 200 271266
181.48.255.196 - - [14/Oct/2022:21:37:21 -0500] "GET /BLA/resoluciones/dlf/styles.css HTTP/1.1" 200 3049
181.48.255.196 - - [14/Oct/2022:21:37:21 -0500] "GET /BLA/resoluciones/dlf/dirup.png HTTP/1.1" 200 644
181.48.255.196 - - [14/Oct/2022:21:37:21 -0500] "GET /BLA/resoluciones/dlf/bg.gif HTTP/1.1" 200 54
181.48.255.196 - - [14/Oct/2022:21:37:22 -0500] "GET /BLA/resoluciones/dlf/pdf.gif HTTP/1.1" 200 272
186.118.31.156 - - [14/Oct/2022:21:37:22 -0500] "GET /BLA/resoluciones/RESOLUCIONES%202018/1331.pdf HTTP/1.1" 200 570380
172.22.2.4 - - [14/Oct/2022:21:37:12 -0500] "GET /BLA/boletinlegal/ HTTP/1.1" 200 24523
172.22.2.4 - - [14/Oct/2022:21:36:09 -0500] "GET /BLA/boletinlegal/ HTTP/1.1" 200 55630
172.22.2.4 - - [14/Oct/2022:21:37:53 -0500] "GET /BLA/boletinlegal/Circulares/2019/.pdf HTTP/1.1" 404 1218
186.28.24.196 - - [14/Oct/2022:21:37:54 -0500] "POST /sipse/faces/presentacion/financiero/solicitudProceso/consultarSolicitudProceso.xhtml HTTP/1.1" 200 102339
172.22.2.4 - - [14/Oct/2022:21:38:03 -0500] "GET /BLA/boletinlegal/Circulares/2012/Circular%20No.%2010%20del%2026%20de%20Enero%20de%202012.pdf HTTP/1.1" 404 1218
172.22.2.4 - - [14/Oct/2022:21:38:46 -0500] "GET /BLA/boletinlegal/robots.txt HTTP/1.1" 404 1140
201.245.192.253 - - [14/Oct/2022:21:39:10 -0500] "POST /kwsrmcab/Wsrmcab  HTTP/1.1" 200 43296
186.28.24.196 - - [14/Oct/2022:21:39:43 -0500] "POST /sipse/faces/presentacion/financiero/solicitudProceso/consultarSolicitudProceso.xhtml HTTP/1.1" 200 5539
186.28.24.196 - - [14/Oct/2022:21:40:56 -0500] "POST /sipse/faces/presentacion/financiero/solicitudProceso/consultarSolicitudProceso.xhtml HTTP/1.1" 200 66442
186.28.24.196 - - [14/Oct/2022:21:40:58 -0500] "GET /sipse/faces/javax.faces.resource/theme.css?ln=primefaces-sipse HTTP/1.1" 304 -
186.28.24.196 - - [14/Oct/2022:21:40:58 -0500] "GET /sipse/faces/javax.faces.resource/primefaces.css?ln=primefaces&v=4.0 HTTP/1.1" 304 -
186.28.24.196 - - [14/Oct/2022:21:40:58 -0500] "GET /sipse/faces/javax.faces.resource/layout/layout.css?ln=primefaces&v=4.0 HTTP/1.1" 304 -
186.28.24.196 - - [14/Oct/2022:21:40:59 -0500] "GET /sipse/faces/javax.faces.resource/jquery/jquery.js?ln=primefaces&v=4.0 HTTP/1.1" 304 -
186.28.24.196 - - [14/Oct/2022:21:40:59 -0500] "GET /sipse/faces/javax.faces.resource/jquery/jquery-plugins.js?ln=primefaces&v=4.0 HTTP/1.1" 304 -
186.28.24.196 - - [14/Oct/2022:21:40:59 -0500] "GET /sipse/faces/javax.faces.resource/primefaces.js?ln=primefaces&v=4.0 HTTP/1.1" 304 -
186.28.24.196 - - [14/Oct/2022:21:40:59 -0500] "GET /sipse/faces/javax.faces.resource/layout/layout.js?ln=primefaces&v=4.0 HTTP/1.1" 304 -
186.28.24.196 - - [14/Oct/2022:21:40:59 -0500] "GET /sipse/faces/javax.faces.resource/messages/messages.png?ln=primefaces&v=4.0 HTTP/1.1" 304 -
186.28.24.196 - - [14/Oct/2022:21:40:59 -0500] "POST /sipse/faces/presentacion/financiero/solicitudProceso/listarSolicitudProceso.xhtml HTTP/1.1" 200 1560
186.28.24.196 - - [14/Oct/2022:21:41:02 -0500] "POST /sipse/faces/presentacion/financiero/solicitudProceso/listarSolicitudProceso.xhtml HTTP/1.1" 200 4720
186.28.24.196 - - [14/Oct/2022:21:41:09 -0500] "POST /sipse/faces/presentacion/financiero/solicitudProceso/listarSolicitudProceso.xhtml HTTP/1.1" 200 111184
186.28.24.196 - - [14/Oct/2022:21:41:09 -0500] "GET /sipse/faces/javax.faces.resource/theme.css?ln=primefaces-sipse HTTP/1.1" 304 -
186.28.24.196 - - [14/Oct/2022:21:41:09 -0500] "GET /sipse/faces/javax.faces.resource/primefaces.css?ln=primefaces&v=4.0 HTTP/1.1" 304 -
186.28.24.196 - - [14/Oct/2022:21:41:09 -0500] "GET /sipse/faces/javax.faces.resource/layout/layout.css?ln=primefaces&v=4.0 HTTP/1.1" 304 -
186.28.24.196 - - [14/Oct/2022:21:41:09 -0500] "GET /sipse/faces/javax.faces.resource/jquery/jquery.js?ln=primefaces&v=4.0 HTTP/1.1" 304 -
186.28.24.196 - - [14/Oct/2022:21:41:09 -0500] "GET /sipse/faces/javax.faces.resource/jquery/jquery-plugins.js?ln=primefaces&v=4.0 HTTP/1.1" 304 -
186.28.24.196 - - [14/Oct/2022:21:41:09 -0500] "GET /sipse/faces/javax.faces.resource/primefaces.js?ln=primefaces&v=4.0 HTTP/1.1" 304 -
186.28.24.196 - - [14/Oct/2022:21:41:09 -0500] "GET /sipse/faces/javax.faces.resource/layout/layout.js?ln=primefaces&v=4.0 HTTP/1.1" 304 -
172.22.2.4 - - [14/Oct/2022:21:41:45 -0500] "GET /BLA/boletinlegal/normativa.php HTTP/1.1" 200 8333
172.22.2.4 - - [14/Oct/2022:21:41:45 -0500] "GET /BLA/boletinlegal/styles2.css HTTP/1.1" 200 1838
172.22.2.4 - - [14/Oct/2022:21:41:45 -0500] "GET /BLA/boletinlegal/js/ajax_normativa.js HTTP/1.1" 200 1154
172.22.2.4 - - [14/Oct/2022:21:41:45 -0500] "GET /BLA/boletinlegal/niceforms-default.css HTTP/1.1" 200 6694
172.22.2.4 - - [14/Oct/2022:21:41:45 -0500] "GET /BLA/boletinlegal/style.css HTTP/1.1" 200 9406
172.22.2.4 - - [14/Oct/2022:21:41:46 -0500] "GET /BLA/boletinlegal/images/cabezote%20BLEGAL.jpg HTTP/1.1" 200 118164
172.22.2.4 - - [14/Oct/2022:21:41:46 -0500] "GET /BLA/boletinlegal/niceforms.js HTTP/1.1" 200 22876
172.22.2.4 - - [14/Oct/2022:21:41:46 -0500] "GET /BLA/boletinlegal/images/subscribe-icon-big.png HTTP/1.1" 200 47702
172.22.2.4 - - [14/Oct/2022:21:41:46 -0500] "GET /BLA/boletinlegal/images/historia.png HTTP/1.1" 200 52775
172.22.2.4 - - [14/Oct/2022:21:41:46 -0500] "GET /BLA/boletinlegal/images/registro-usuarios.png HTTP/1.1" 200 8106
172.22.2.4 - - [14/Oct/2022:21:41:46 -0500] "GET /BLA/boletinlegal/images/tel.png HTTP/1.1" 200 14477
172.22.2.4 - - [14/Oct/2022:21:41:46 -0500] "GET /BLA/boletinlegal/images/icono-email.png HTTP/1.1" 200 5544
172.22.2.4 - - [14/Oct/2022:21:41:46 -0500] "GET /BLA/boletinlegal/images/body_bg.jpg HTTP/1.1" 200 1601
172.22.2.4 - - [14/Oct/2022:21:41:46 -0500] "GET /BLA/boletinlegal/images/menu_lft.gif HTTP/1.1" 200 1713
172.22.2.4 - - [14/Oct/2022:21:41:46 -0500] "GET /BLA/boletinlegal/images/menu_rght.gif HTTP/1.1" 200 1627
172.22.2.4 - - [14/Oct/2022:21:41:46 -0500] "GET /BLA/boletinlegal/images/bg_top.jpg HTTP/1.1" 200 522
172.22.2.4 - - [14/Oct/2022:21:41:46 -0500] "GET /BLA/boletinlegal/images/text.jpg HTTP/1.1" 200 568
172.22.2.4 - - [14/Oct/2022:21:41:46 -0500] "GET /BLA/boletinlegal/images/menu_bg.jpg HTTP/1.1" 200 620
172.22.2.4 - - [14/Oct/2022:21:41:46 -0500] "GET /BLA/boletinlegal/images/footer_bg.jpg HTTP/1.1" 200 586
172.22.2.4 - - [14/Oct/2022:21:41:46 -0500] "GET /BLA/boletinlegal/images/hover.jpg HTTP/1.1" 200 640
172.22.2.4 - - [14/Oct/2022:21:41:46 -0500] "GET /BLA/boletinlegal/images/footer_bg_l.jpg HTTP/1.1" 200 776
172.22.2.4 - - [14/Oct/2022:21:41:46 -0500] "GET /BLA/boletinlegal/img/0.png HTTP/1.1" 200 110
172.22.2.4 - - [14/Oct/2022:21:41:46 -0500] "GET /BLA/boletinlegal/img/select-left.png HTTP/1.1" 200 263
172.22.2.4 - - [14/Oct/2022:21:41:46 -0500] "GET /BLA/boletinlegal/img/select-right.png HTTP/1.1" 200 44019
172.22.2.4 - - [14/Oct/2022:21:41:46 -0500] "GET /BLA/boletinlegal/img/button-left.png HTTP/1.1" 200 57071
172.22.2.4 - - [14/Oct/2022:21:41:46 -0500] "GET /BLA/boletinlegal/img/button.png HTTP/1.1" 200 43241
172.22.2.4 - - [14/Oct/2022:21:41:46 -0500] "GET /BLA/boletinlegal/img/button-right.png HTTP/1.1" 200 57878
172.22.2.4 - - [14/Oct/2022:21:41:46 -0500] "GET /BLA/boletinlegal/favicon.ico HTTP/1.1" 404 1334
201.245.192.253 - - [14/Oct/2022:21:41:56 -0500] "POST /kwsrmcab/Wsrmcab HTTP/1.1" 200 43828
201.245.192.253 - - [14/Oct/2022:21:41:59 -0500] "POST /kwsrmcab/Wsrmcab HTTP/1.1" 200 43869
172.22.2.4 - - [14/Oct/2022:21:42:09 -0500] "GET /BLA/boletinlegal/consulta_normativa.php?tipo=&sector=competencia-estructura&ano=&resuelve= HTTP/1.1" 200 116017
172.22.2.4 - - [14/Oct/2022:21:42:09 -0500] "GET /BLA/boletinlegal/images/docs.png HTTP/1.1" 200 10288
172.22.2.4 - - [14/Oct/2022:21:42:09 -0500] "GET /BLA/boletinlegal/images/background.gif HTTP/1.1" 200 -
216.245.221.92 - - [14/Oct/2022:21:42:20 -0500] "HEAD / HTTP/1.1" 200 -
114.119.141.42 - - [14/Oct/2022:21:42:35 -0500] "GET /BLA/resoluciones/AUTOS%202014/3443.pdf HTTP/1.1" 200 527060
172.22.2.4 - - [14/Oct/2022:21:41:09 -0500] "HEAD /BLA/boletinlegal/ HTTP/1.1" 200 -
5.45.207.136 - - [14/Oct/2022:21:43:17 -0500] "-" 408 -
172.22.2.4 - - [14/Oct/2022:21:41:59 -0500] "GET /BLA/boletinlegal/ HTTP/1.1" 200 54003
186.28.24.196 - - [14/Oct/2022:21:43:51 -0500] "POST /sipse/faces/presentacion/financiero/solicitudProceso/consultarSolicitudProceso.xhtml HTTP/1.1" 200 184131
201.245.192.253 - - [14/Oct/2022:21:44:09 -0500] "POST /kwsrmcab/Wsrmcab  HTTP/1.1" 200 43296
114.119.141.71 - - [14/Oct/2022:21:44:22 -0500] "GET /BLA/resoluciones/RESOLUCIONES%202010/4329.pdf HTTP/1.1" 200 52406
186.118.31.156 - - [14/Oct/2022:21:44:56 -0500] "GET /BLA/resoluciones/RESOLUCIONES%202018/1352.pdf HTTP/1.1" 200 616905
200.91.200.194 - - [14/Oct/2022:21:45:02 -0500] "GET /la-secretaria-de-ambiente-abre-nueva-convocatoria-para-su-programa-de-voluntariado-ambiental.html HTTP/1.1" 200 976
157.55.39.25 - - [14/Oct/2022:21:45:08 -0500] "GET /BLA/resoluciones/AUTOS%202022/2448.pdf HTTP/1.1" 200 468710
186.28.24.196 - - [14/Oct/2022:21:45:17 -0500] "POST /sipse/faces/presentacion/financiero/solicitudProceso/consultarSolicitudProceso.xhtml HTTP/1.1" 200 5439
191.102.224.196 - - [14/Oct/2022:21:46:03 -0500] "-" 408 -
186.28.24.196 - - [14/Oct/2022:21:46:03 -0500] "POST /sipse/faces/presentacion/financiero/solicitudProceso/consultarSolicitudProceso.xhtml HTTP/1.1" 200 66389
186.28.24.196 - - [14/Oct/2022:21:46:05 -0500] "GET /sipse/faces/javax.faces.resource/theme.css?ln=primefaces-sipse HTTP/1.1" 304 -
186.28.24.196 - - [14/Oct/2022:21:46:05 -0500] "GET /sipse/faces/javax.faces.resource/primefaces.css?ln=primefaces&v=4.0 HTTP/1.1" 304 -
186.28.24.196 - - [14/Oct/2022:21:46:05 -0500] "GET /sipse/faces/javax.faces.resource/layout/layout.css?ln=primefaces&v=4.0 HTTP/1.1" 304 -
186.28.24.196 - - [14/Oct/2022:21:46:05 -0500] "GET /sipse/faces/javax.faces.resource/jquery/jquery.js?ln=primefaces&v=4.0 HTTP/1.1" 304 -
186.28.24.196 - - [14/Oct/2022:21:46:05 -0500] "GET /sipse/faces/javax.faces.resource/jquery/jquery-plugins.js?ln=primefaces&v=4.0 HTTP/1.1" 304 -
186.28.24.196 - - [14/Oct/2022:21:46:05 -0500] "GET /sipse/faces/javax.faces.resource/primefaces.js?ln=primefaces&v=4.0 HTTP/1.1" 304 -
186.28.24.196 - - [14/Oct/2022:21:46:05 -0500] "GET /sipse/faces/javax.faces.resource/layout/layout.js?ln=primefaces&v=4.0 HTTP/1.1" 304 -
186.28.24.196 - - [14/Oct/2022:21:46:05 -0500] "POST /sipse/faces/presentacion/financiero/solicitudProceso/listarSolicitudProceso.xhtml HTTP/1.1" 200 1560
114.119.141.53 - - [14/Oct/2022:21:46:11 -0500] "GET /BLA/resoluciones/RESOLUCIONES%202010/7552.pdf HTTP/1.1" 200 409758
186.28.24.196 - - [14/Oct/2022:21:46:17 -0500] "POST /sipse/faces/presentacion/financiero/solicitudProceso/listarSolicitudProceso.xhtml HTTP/1.1" 200 111800
186.28.24.196 - - [14/Oct/2022:21:46:17 -0500] "GET /sipse/faces/javax.faces.resource/layout/layout.css?ln=primefaces&v=4.0 HTTP/1.1" 304 -
186.28.24.196 - - [14/Oct/2022:21:46:17 -0500] "GET /sipse/faces/javax.faces.resource/theme.css?ln=primefaces-sipse HTTP/1.1" 304 -
186.28.24.196 - - [14/Oct/2022:21:46:17 -0500] "GET /sipse/faces/javax.faces.resource/primefaces.css?ln=primefaces&v=4.0 HTTP/1.1" 304 -
186.28.24.196 - - [14/Oct/2022:21:46:17 -0500] "GET /sipse/faces/javax.faces.resource/jquery/jquery.js?ln=primefaces&v=4.0 HTTP/1.1" 304 -
186.28.24.196 - - [14/Oct/2022:21:46:18 -0500] "GET /sipse/faces/javax.faces.resource/jquery/jquery-plugins.js?ln=primefaces&v=4.0 HTTP/1.1" 304 -
186.28.24.196 - - [14/Oct/2022:21:46:18 -0500] "GET /sipse/faces/javax.faces.resource/primefaces.js?ln=primefaces&v=4.0 HTTP/1.1" 304 -
186.28.24.196 - - [14/Oct/2022:21:46:18 -0500] "GET /sipse/faces/javax.faces.resource/layout/layout.js?ln=primefaces&v=4.0 HTTP/1.1" 304 -
157.55.39.25 - - [14/Oct/2022:21:47:07 -0500] "GET /BLA/resoluciones/AUTOS%202022/2006.pdf HTTP/1.1" 200 2964732
216.245.221.92 - - [14/Oct/2022:21:47:20 -0500] "HEAD / HTTP/1.1" 200 -
186.84.90.16 - - [14/Oct/2022:21:47:51 -0500] "GET /galeria/galeria/jquery.fancybox.css?v=2.1.5 HTTP/1.1" 200 4895
172.22.2.4 - - [14/Oct/2022:21:46:59 -0500] "HEAD /BLA/boletinlegal/ HTTP/1.1" 200 -
152.89.196.211 - - [14/Oct/2022:21:48:42 -0500] "POST /Autodiscover/Autodiscover.xml HTTP/1.1" 404 1018
114.119.141.73 - - [14/Oct/2022:21:48:43 -0500] "GET /BLA/resoluciones/RESOLUCIONES%202008/2462.pdf HTTP/1.1" 200 473954
186.28.24.196 - - [14/Oct/2022:21:48:53 -0500] "POST /sipse/faces/presentacion/financiero/solicitudProceso/consultarSolicitudProceso.xhtml HTTP/1.1" 200 203993
201.245.192.253 - - [14/Oct/2022:21:49:09 -0500] "POST /kwsrmcab/Wsrmcab  HTTP/1.1" 200 43296
172.22.2.4 - - [14/Oct/2022:21:47:49 -0500] "GET /BLA/boletinlegal/ HTTP/1.1" 200 52493
186.28.24.196 - - [14/Oct/2022:21:50:04 -0500] "POST /sipse/faces/presentacion/financiero/solicitudProceso/consultarSolicitudProceso.xhtml HTTP/1.1" 200 5439
186.28.24.196 - - [14/Oct/2022:21:50:42 -0500] "POST /sipse/faces/presentacion/financiero/solicitudProceso/consultarSolicitudProceso.xhtml HTTP/1.1" 200 66506
186.28.24.196 - - [14/Oct/2022:21:50:44 -0500] "GET /sipse/faces/javax.faces.resource/theme.css?ln=primefaces-sipse HTTP/1.1" 304 -
186.28.24.196 - - [14/Oct/2022:21:50:44 -0500] "GET /sipse/faces/javax.faces.resource/primefaces.css?ln=primefaces&v=4.0 HTTP/1.1" 304 -
186.28.24.196 - - [14/Oct/2022:21:50:44 -0500] "GET /sipse/faces/javax.faces.resource/layout/layout.css?ln=primefaces&v=4.0 HTTP/1.1" 304 -
186.28.24.196 - - [14/Oct/2022:21:50:44 -0500] "GET /sipse/faces/javax.faces.resource/jquery/jquery.js?ln=primefaces&v=4.0 HTTP/1.1" 304 -
186.28.24.196 - - [14/Oct/2022:21:50:44 -0500] "GET /sipse/faces/javax.faces.resource/jquery/jquery-plugins.js?ln=primefaces&v=4.0 HTTP/1.1" 304 -
186.28.24.196 - - [14/Oct/2022:21:50:45 -0500] "GET /sipse/faces/javax.faces.resource/primefaces.js?ln=primefaces&v=4.0 HTTP/1.1" 304 -
186.28.24.196 - - [14/Oct/2022:21:50:45 -0500] "GET /sipse/faces/javax.faces.resource/layout/layout.js?ln=primefaces&v=4.0 HTTP/1.1" 304 -
186.28.24.196 - - [14/Oct/2022:21:50:45 -0500] "POST /sipse/faces/presentacion/financiero/solicitudProceso/listarSolicitudProceso.xhtml HTTP/1.1" 200 1560
186.28.24.196 - - [14/Oct/2022:21:50:54 -0500] "POST /sipse/faces/presentacion/financiero/solicitudProceso/listarSolicitudProceso.xhtml HTTP/1.1" 200 29340
186.28.24.196 - - [14/Oct/2022:21:50:59 -0500] "POST /sipse/faces/presentacion/financiero/solicitudProceso/listarSolicitudProceso.xhtml HTTP/1.1" 200 112651
186.28.24.196 - - [14/Oct/2022:21:51:00 -0500] "GET /sipse/faces/javax.faces.resource/theme.css?ln=primefaces-sipse HTTP/1.1" 304 -
186.28.24.196 - - [14/Oct/2022:21:51:00 -0500] "GET /sipse/faces/javax.faces.resource/primefaces.css?ln=primefaces&v=4.0 HTTP/1.1" 304 -
186.28.24.196 - - [14/Oct/2022:21:51:00 -0500] "GET /sipse/faces/javax.faces.resource/layout/layout.css?ln=primefaces&v=4.0 HTTP/1.1" 304 -
186.28.24.196 - - [14/Oct/2022:21:51:00 -0500] "GET /sipse/faces/javax.faces.resource/jquery/jquery.js?ln=primefaces&v=4.0 HTTP/1.1" 304 -
186.28.24.196 - - [14/Oct/2022:21:51:00 -0500] "GET /sipse/faces/javax.faces.resource/jquery/jquery-plugins.js?ln=primefaces&v=4.0 HTTP/1.1" 304 -
186.28.24.196 - - [14/Oct/2022:21:51:00 -0500] "GET /sipse/faces/javax.faces.resource/primefaces.js?ln=primefaces&v=4.0 HTTP/1.1" 304 -
186.28.24.196 - - [14/Oct/2022:21:51:00 -0500] "GET /sipse/faces/javax.faces.resource/layout/layout.js?ln=primefaces&v=4.0 HTTP/1.1" 304 -
157.55.39.25 - - [14/Oct/2022:21:51:10 -0500] "GET /BLA/resoluciones/AUTOS%202011/4066.pdf HTTP/1.1" 304 -
216.245.221.92 - - [14/Oct/2022:21:52:20 -0500] "HEAD / HTTP/1.1" 200 -
49.7.21.72 - - [14/Oct/2022:21:52:45 -0500] "-" 408 -
87.250.224.91 - - [14/Oct/2022:21:53:29 -0500] "-" 408 -
172.22.2.4 - - [14/Oct/2022:21:53:46 -0500] "GET /BLA/boletinlegal/conceptos/2020/46.pdf HTTP/1.1" 304 -
201.245.192.253 - - [14/Oct/2022:21:54:08 -0500] "POST /kwsrmcab/Wsrmcab  HTTP/1.1" 200 43296
172.22.2.4 - - [14/Oct/2022:21:52:49 -0500] "HEAD /BLA/boletinlegal/ HTTP/1.1" 200 -
114.119.141.53 - - [14/Oct/2022:21:54:46 -0500] "GET /BLA/resoluciones/RESOLUCIONES%202010/7165.pdf HTTP/1.1" 200 676606
186.28.24.196 - - [14/Oct/2022:21:55:05 -0500] "POST /sipse/faces/presentacion/financiero/solicitudProceso/consultarSolicitudProceso.xhtml HTTP/1.1" 200 230763
172.22.2.4 - - [14/Oct/2022:21:53:39 -0500] "GET /BLA/boletinlegal/ HTTP/1.1" 200 57725
66.249.64.17 - - [14/Oct/2022:21:55:41 -0500] "-" 408 -
5.255.253.106 - - [14/Oct/2022:21:56:22 -0500] "-" 408 -
186.28.221.20 - - [14/Oct/2022:21:56:25 -0500] "GET /BLA/boletinlegal/js/jquery.scrollShow.js HTTP/1.1" 200 4586
186.28.221.20 - - [14/Oct/2022:21:56:25 -0500] "GET /galeria/galeria/jquery.fancybox.css?v=2.1.5 HTTP/1.1" 200 4895
186.28.221.20 - - [14/Oct/2022:21:56:25 -0500] "GET /galeria/galeria/jquery.fancybox.js?v=2.1.5 HTTP/1.1" 200 48706
114.119.141.53 - - [14/Oct/2022:21:56:25 -0500] "GET /BLA/resoluciones/RESOLUCIONES%202007/RES%202007%203601%20AL%203700/RESOLUCION%203674%20DE%202007.pdf HTTP/1.1" 200 2012620
5.255.253.174 - - [14/Oct/2022:21:56:27 -0500] "-" 408 -
186.28.24.196 - - [14/Oct/2022:21:56:30 -0500] "POST /sipse/faces/presentacion/financiero/solicitudProceso/consultarSolicitudProceso.xhtml HTTP/1.1" 200 5439
5.45.207.133 - - [14/Oct/2022:21:56:33 -0500] "-" 408 -
87.250.224.175 - - [14/Oct/2022:21:56:38 -0500] "-" 408 -
87.250.224.4 - - [14/Oct/2022:21:56:53 -0500] "-" 408 -
213.180.203.85 - - [14/Oct/2022:21:57:08 -0500] "-" 408 -
216.245.221.92 - - [14/Oct/2022:21:57:20 -0500] "HEAD / HTTP/1.1" 200 -
87.250.224.37 - - [14/Oct/2022:21:57:38 -0500] "-" 408 -
186.28.24.196 - - [14/Oct/2022:21:57:41 -0500] "POST /sipse/faces/presentacion/financiero/solicitudProceso/consultarSolicitudProceso.xhtml HTTP/1.1" 200 26621
186.28.24.196 - - [14/Oct/2022:21:57:41 -0500] "GET /sipse/faces/javax.faces.resource/theme.css?ln=primefaces-sipse HTTP/1.1" 304 -
186.28.24.196 - - [14/Oct/2022:21:57:41 -0500] "GET /sipse/faces/javax.faces.resource/primefaces.css?ln=primefaces&v=4.0 HTTP/1.1" 304 -
186.28.24.196 - - [14/Oct/2022:21:57:41 -0500] "GET /sipse/faces/javax.faces.resource/layout/layout.css?ln=primefaces&v=4.0 HTTP/1.1" 304 -
186.28.24.196 - - [14/Oct/2022:21:57:41 -0500] "GET /sipse/faces/javax.faces.resource/jquery/jquery.js?ln=primefaces&v=4.0 HTTP/1.1" 304 -
186.28.24.196 - - [14/Oct/2022:21:57:41 -0500] "GET /sipse/faces/javax.faces.resource/jquery/jquery-plugins.js?ln=primefaces&v=4.0 HTTP/1.1" 304 -
186.28.24.196 - - [14/Oct/2022:21:57:41 -0500] "GET /sipse/faces/javax.faces.resource/primefaces.js?ln=primefaces&v=4.0 HTTP/1.1" 304 -
186.28.24.196 - - [14/Oct/2022:21:57:41 -0500] "GET /sipse/faces/javax.faces.resource/layout/layout.js?ln=primefaces&v=4.0 HTTP/1.1" 304 -
186.28.24.196 - - [14/Oct/2022:21:57:41 -0500] "GET /sipse/css/imagen/contrasena.png HTTP/1.1" 404 383
186.28.24.196 - - [14/Oct/2022:21:57:45 -0500] "POST /sipse/faces/presentacion/financiero/solicitudProceso/registrarAnotacion.xhtml HTTP/1.1" 200 112651
186.28.24.196 - - [14/Oct/2022:21:57:46 -0500] "GET /sipse/faces/javax.faces.resource/jquery/jquery.js?ln=primefaces&v=4.0 HTTP/1.1" 304 -
186.28.24.196 - - [14/Oct/2022:21:57:46 -0500] "GET /sipse/faces/javax.faces.resource/primefaces.css?ln=primefaces&v=4.0 HTTP/1.1" 304 -
186.28.24.196 - - [14/Oct/2022:21:57:46 -0500] "GET /sipse/faces/javax.faces.resource/theme.css?ln=primefaces-sipse HTTP/1.1" 304 -
186.28.24.196 - - [14/Oct/2022:21:57:46 -0500] "GET /sipse/faces/javax.faces.resource/layout/layout.css?ln=primefaces&v=4.0 HTTP/1.1" 304 -
186.28.24.196 - - [14/Oct/2022:21:57:46 -0500] "GET /sipse/faces/javax.faces.resource/jquery/jquery-plugins.js?ln=primefaces&v=4.0 HTTP/1.1" 304 -
186.28.24.196 - - [14/Oct/2022:21:57:46 -0500] "GET /sipse/faces/javax.faces.resource/primefaces.js?ln=primefaces&v=4.0 HTTP/1.1" 304 -
186.28.24.196 - - [14/Oct/2022:21:57:46 -0500] "GET /sipse/faces/javax.faces.resource/layout/layout.js?ln=primefaces&v=4.0 HTTP/1.1" 304 -
186.28.24.196 - - [14/Oct/2022:21:57:46 -0500] "GET /sipse/faces/javax.faces.resource/images/ui-icons_898989_256x240.png?ln=primefaces-aristo HTTP/1.1" 304 -
186.28.24.196 - - [14/Oct/2022:21:57:51 -0500] "GET /sipse/faces/javax.faces.resource/images/ui-bg_flat_0_2d5972_40x100.png?ln=primefaces-aristo HTTP/1.1" 304 -
186.28.24.196 - - [14/Oct/2022:21:57:51 -0500] "POST /sipse/faces/presentacion/financiero/solicitudProceso/consultarSolicitudProceso.xhtml HTTP/1.1" 200 66525
186.28.24.196 - - [14/Oct/2022:21:57:54 -0500] "GET /sipse/faces/javax.faces.resource/theme.css?ln=primefaces-sipse HTTP/1.1" 304 -
186.28.24.196 - - [14/Oct/2022:21:57:54 -0500] "GET /sipse/faces/javax.faces.resource/primefaces.css?ln=primefaces&v=4.0 HTTP/1.1" 304 -
