201.245.192.253 - - [14/Oct/2022:14:19:03 -0500] "POST /sipse/faces/cambioContrasena.xhtml HTTP/1.1" 200 24576
201.245.192.253 - - [14/Oct/2022:14:19:04 -0500] "GET /sipse/faces/javax.faces.resource/jquery/jquery.js?ln=primefaces&v=4.0 HTTP/1.1" 304 -
201.245.192.253 - - [14/Oct/2022:14:19:04 -0500] "GET /sipse/faces/javax.faces.resource/jquery/jquery-plugins.js?ln=primefaces&v=4.0 HTTP/1.1" 304 -
201.245.192.253 - - [14/Oct/2022:14:19:04 -0500] "GET /sipse/faces/javax.faces.resource/primefaces.js?ln=primefaces&v=4.0 HTTP/1.1" 304 -
201.245.192.253 - - [14/Oct/2022:14:19:04 -0500] "GET /sipse/faces/javax.faces.resource/layout/layout.js?ln=primefaces&v=4.0 HTTP/1.1" 304 -
201.245.192.253 - - [14/Oct/2022:14:19:04 -0500] "GET /sipse/imagenes/logoAplicacion.jpg HTTP/1.1" 200 155084
172.22.2.4 - - [14/Oct/2022:14:17:50 -0500] "HEAD /BLA/boletinlegal/ HTTP/1.1" 200 -
172.22.2.4 - - [14/Oct/2022:14:19:59 -0500] "GET /BLA/boletinlegal/actos.php HTTP/1.1" 200 9566
172.22.2.4 - - [14/Oct/2022:14:20:00 -0500] "GET /BLA/boletinlegal/favicon.ico HTTP/1.1" 404 1326
186.154.127.242 - - [14/Oct/2022:14:20:02 -0500] "GET /BLA/resoluciones/ HTTP/1.1" 200 13093
186.154.127.242 - - [14/Oct/2022:14:20:05 -0500] "GET /BLA/resoluciones/index.php?dir=AUTOS+2014%2F HTTP/1.1" 200 883517
172.22.2.4 - - [14/Oct/2022:14:18:40 -0500] "GET /BLA/boletinlegal/ HTTP/1.1" 200 50799
186.154.127.242 - - [14/Oct/2022:14:20:33 -0500] "GET /BLA/resoluciones/AUTOS%202014/6309.pdf HTTP/1.1" 200 539657
172.22.2.4 - - [14/Oct/2022:14:19:56 -0500] "GET /BLA/boletinlegal/ HTTP/1.1" 200 24523
201.245.192.253 - - [14/Oct/2022:14:20:42 -0500] "POST /kwsrmcab/Wsrmcab  HTTP/1.1" 200 43296
157.55.39.25 - - [14/Oct/2022:14:21:08 -0500] "GET /BLA/resoluciones/RESOLUCIONES%202019/1070.pdf HTTP/1.1" 304 -
207.46.13.40 - - [14/Oct/2022:14:21:33 -0500] "GET /BLA/resoluciones/RESOLUCIONES%202021/2540.pdf HTTP/1.1" 200 738272
201.245.192.253 - - [14/Oct/2022:14:21:58 -0500] "POST /kwsrmcab/Wsrmcab HTTP/1.1" 200 43541
201.245.192.253 - - [14/Oct/2022:14:22:01 -0500] "POST /kwsrmcab/Wsrmcab HTTP/1.1" 200 43271
216.245.221.92 - - [14/Oct/2022:14:22:21 -0500] "HEAD / HTTP/1.1" 200 -
172.22.2.4 - - [14/Oct/2022:14:23:12 -0500] "GET /BLA/boletinlegal/ HTTP/1.1" 200 56014
172.22.2.4 - - [14/Oct/2022:14:23:40 -0500] "HEAD /BLA/boletinlegal/ HTTP/1.1" 200 -
201.245.192.253 - - [14/Oct/2022:14:25:41 -0500] "POST /kwsrmcab/Wsrmcab  HTTP/1.1" 200 43296
186.102.38.227 - - [14/Oct/2022:14:25:44 -0500] "GET /BLA/resoluciones/Notificaciones/RESOLUCIONES%202022/4069.pdf HTTP/1.1" 200 446247
186.102.38.227 - - [14/Oct/2022:14:25:44 -0500] "GET /BLA/resoluciones/Notificaciones/RESOLUCIONES%202022/4069.pdf HTTP/1.1" 206 1025
186.102.38.227 - - [14/Oct/2022:14:25:44 -0500] "GET /BLA/resoluciones/Notificaciones/RESOLUCIONES%202022/4069.pdf HTTP/1.1" 200 446247
172.22.2.4 - - [14/Oct/2022:14:24:30 -0500] "GET /BLA/boletinlegal/ HTTP/1.1" 200 54003
186.28.24.196 - - [14/Oct/2022:14:26:40 -0500] "POST /sipse/faces/presentacion/financiero/solicitudProceso/consultarSolicitudProceso.xhtml HTTP/1.1" 200 66870
186.28.24.196 - - [14/Oct/2022:14:26:43 -0500] "GET /sipse/faces/javax.faces.resource/theme.css?ln=primefaces-sipse HTTP/1.1" 304 -
186.28.24.196 - - [14/Oct/2022:14:26:43 -0500] "GET /sipse/faces/javax.faces.resource/primefaces.css?ln=primefaces&v=4.0 HTTP/1.1" 304 -
186.28.24.196 - - [14/Oct/2022:14:26:43 -0500] "GET /sipse/faces/javax.faces.resource/layout/layout.css?ln=primefaces&v=4.0 HTTP/1.1" 304 -
186.28.24.196 - - [14/Oct/2022:14:26:43 -0500] "GET /sipse/faces/javax.faces.resource/jquery/jquery.js?ln=primefaces&v=4.0 HTTP/1.1" 304 -
186.28.24.196 - - [14/Oct/2022:14:26:43 -0500] "GET /sipse/faces/javax.faces.resource/jquery/jquery-plugins.js?ln=primefaces&v=4.0 HTTP/1.1" 304 -
186.28.24.196 - - [14/Oct/2022:14:26:43 -0500] "GET /sipse/faces/javax.faces.resource/primefaces.js?ln=primefaces&v=4.0 HTTP/1.1" 304 -
186.28.24.196 - - [14/Oct/2022:14:26:43 -0500] "GET /sipse/faces/javax.faces.resource/layout/layout.js?ln=primefaces&v=4.0 HTTP/1.1" 304 -
186.28.24.196 - - [14/Oct/2022:14:26:43 -0500] "GET /sipse/faces/javax.faces.resource/messages/messages.png?ln=primefaces&v=4.0 HTTP/1.1" 304 -
186.28.24.196 - - [14/Oct/2022:14:26:43 -0500] "POST /sipse/faces/presentacion/financiero/solicitudProceso/listarSolicitudProceso.xhtml HTTP/1.1" 200 1560
186.28.24.196 - - [14/Oct/2022:14:26:46 -0500] "POST /sipse/faces/presentacion/financiero/solicitudProceso/listarSolicitudProceso.xhtml HTTP/1.1" 200 10688
186.28.24.196 - - [14/Oct/2022:14:26:49 -0500] "POST /sipse/faces/presentacion/financiero/solicitudProceso/listarSolicitudProceso.xhtml HTTP/1.1" 200 111433
186.28.24.196 - - [14/Oct/2022:14:26:50 -0500] "GET /sipse/faces/javax.faces.resource/primefaces.css?ln=primefaces&v=4.0 HTTP/1.1" 304 -
186.28.24.196 - - [14/Oct/2022:14:26:50 -0500] "GET /sipse/faces/javax.faces.resource/layout/layout.css?ln=primefaces&v=4.0 HTTP/1.1" 304 -
186.28.24.196 - - [14/Oct/2022:14:26:50 -0500] "GET /sipse/faces/javax.faces.resource/theme.css?ln=primefaces-sipse HTTP/1.1" 304 -
186.28.24.196 - - [14/Oct/2022:14:26:50 -0500] "GET /sipse/faces/javax.faces.resource/jquery/jquery.js?ln=primefaces&v=4.0 HTTP/1.1" 304 -
186.28.24.196 - - [14/Oct/2022:14:26:50 -0500] "GET /sipse/faces/javax.faces.resource/jquery/jquery-plugins.js?ln=primefaces&v=4.0 HTTP/1.1" 304 -
186.28.24.196 - - [14/Oct/2022:14:26:50 -0500] "GET /sipse/faces/javax.faces.resource/primefaces.js?ln=primefaces&v=4.0 HTTP/1.1" 304 -
186.28.24.196 - - [14/Oct/2022:14:26:50 -0500] "GET /sipse/faces/javax.faces.resource/layout/layout.js?ln=primefaces&v=4.0 HTTP/1.1" 304 -
186.102.38.227 - - [14/Oct/2022:14:26:57 -0500] "GET /BLA/resoluciones/Notificaciones/RESOLUCIONES%202022/4190.pdf HTTP/1.1" 200 494837
186.102.38.227 - - [14/Oct/2022:14:26:58 -0500] "GET /BLA/resoluciones/Notificaciones/RESOLUCIONES%202022/4190.pdf HTTP/1.1" 200 494837
186.102.38.227 - - [14/Oct/2022:14:26:58 -0500] "GET /BLA/resoluciones/Notificaciones/RESOLUCIONES%202022/4190.pdf HTTP/1.1" 206 1025
186.102.38.227 - - [14/Oct/2022:14:26:59 -0500] "GET /BLA/resoluciones/Notificaciones/RESOLUCIONES%202022/4190.pdf HTTP/1.1" 206 3072
186.102.38.227 - - [14/Oct/2022:14:26:59 -0500] "GET /BLA/resoluciones/Notificaciones/RESOLUCIONES%202022/4190.pdf HTTP/1.1" 206 490740
186.102.38.227 - - [14/Oct/2022:14:27:08 -0500] "GET /BLA/resoluciones/Notificaciones/RESOLUCIONES%202022/4188.pdf HTTP/1.1" 200 467820
186.102.38.227 - - [14/Oct/2022:14:27:08 -0500] "GET /BLA/resoluciones/Notificaciones/RESOLUCIONES%202022/4188.pdf HTTP/1.1" 200 467820
186.102.38.227 - - [14/Oct/2022:14:27:09 -0500] "GET /BLA/resoluciones/Notificaciones/RESOLUCIONES%202022/4188.pdf HTTP/1.1" 206 1025
186.102.38.227 - - [14/Oct/2022:14:27:10 -0500] "GET /BLA/resoluciones/Notificaciones/RESOLUCIONES%202022/4188.pdf HTTP/1.1" 206 3072
186.102.38.227 - - [14/Oct/2022:14:27:10 -0500] "GET /BLA/resoluciones/Notificaciones/RESOLUCIONES%202022/4188.pdf HTTP/1.1" 206 463723
216.245.221.92 - - [14/Oct/2022:14:27:21 -0500] "HEAD / HTTP/1.1" 200 -
186.102.38.227 - - [14/Oct/2022:14:27:22 -0500] "GET /BLA/resoluciones/Notificaciones/RESOLUCIONES%202022/4092.pdf HTTP/1.1" 200 477790
186.102.38.227 - - [14/Oct/2022:14:27:22 -0500] "GET /BLA/resoluciones/Notificaciones/RESOLUCIONES%202022/4092.pdf HTTP/1.1" 200 477790
186.102.38.227 - - [14/Oct/2022:14:27:22 -0500] "GET /BLA/resoluciones/Notificaciones/RESOLUCIONES%202022/4092.pdf HTTP/1.1" 206 1025
186.102.38.227 - - [14/Oct/2022:14:27:24 -0500] "GET /BLA/resoluciones/Notificaciones/RESOLUCIONES%202022/4092.pdf HTTP/1.1" 206 3072
186.102.38.227 - - [14/Oct/2022:14:27:27 -0500] "GET /BLA/resoluciones/Notificaciones/RESOLUCIONES%202022/4092.pdf HTTP/1.1" 206 473693
186.102.38.227 - - [14/Oct/2022:14:27:46 -0500] "GET /BLA/resoluciones/Notificaciones/RESOLUCIONES%202022/4071.pdf HTTP/1.1" 200 433856
186.102.38.227 - - [14/Oct/2022:14:27:46 -0500] "GET /BLA/resoluciones/Notificaciones/RESOLUCIONES%202022/4071.pdf HTTP/1.1" 200 433856
186.102.38.227 - - [14/Oct/2022:14:27:47 -0500] "GET /BLA/resoluciones/Notificaciones/RESOLUCIONES%202022/4071.pdf HTTP/1.1" 206 1025
186.102.38.227 - - [14/Oct/2022:14:27:48 -0500] "GET /BLA/resoluciones/Notificaciones/RESOLUCIONES%202022/4071.pdf HTTP/1.1" 206 3072
186.102.38.227 - - [14/Oct/2022:14:27:49 -0500] "GET /BLA/resoluciones/Notificaciones/RESOLUCIONES%202022/4071.pdf HTTP/1.1" 206 429759
186.28.24.196 - - [14/Oct/2022:14:27:53 -0500] "POST /sipse/faces/presentacion/financiero/solicitudProceso/consultarSolicitudProceso.xhtml HTTP/1.1" 200 5461
186.28.24.196 - - [14/Oct/2022:14:27:53 -0500] "GET /sipse/faces/javax.faces.resource/dynamiccontent.properties?ln=primefaces&pfdrid=XjOR5%2F%2FfPAZAuY9TpWQeCiM0BhlXxYRBGKi%2FQcXXfeA%3D&pfdrid_c=false HTTP/1.1" 200 165492
186.102.38.227 - - [14/Oct/2022:14:27:59 -0500] "GET /BLA/resoluciones/Notificaciones/RESOLUCIONES%202022/2160.pdf HTTP/1.1" 200 408060
186.102.38.227 - - [14/Oct/2022:14:27:59 -0500] "GET /BLA/resoluciones/Notificaciones/RESOLUCIONES%202022/2160.pdf HTTP/1.1" 206 1025
186.102.38.227 - - [14/Oct/2022:14:28:00 -0500] "GET /BLA/resoluciones/Notificaciones/RESOLUCIONES%202022/2160.pdf HTTP/1.1" 200 408060
186.102.38.227 - - [14/Oct/2022:14:28:02 -0500] "GET /BLA/resoluciones/Notificaciones/RESOLUCIONES%202022/2160.pdf HTTP/1.1" 206 3072
186.28.24.196 - - [14/Oct/2022:14:28:12 -0500] "POST /sipse/faces/presentacion/financiero/solicitudProceso/consultarSolicitudProceso.xhtml HTTP/1.1" 200 5439
201.245.192.253 - - [14/Oct/2022:14:28:13 -0500] "GET /sipse/faces/index.xhtml HTTP/1.1" 200 677
201.245.192.253 - - [14/Oct/2022:14:28:13 -0500] "GET /sipse/faces/javax.faces.resource/theme.css?ln=primefaces-sipse HTTP/1.1" 304 -
201.245.192.253 - - [14/Oct/2022:14:28:13 -0500] "GET /sipse/faces/faces/autenticacion.xhtml HTTP/1.1" 200 12181
201.245.192.253 - - [14/Oct/2022:14:28:13 -0500] "GET /sipse/faces/javax.faces.resource/theme.css?ln=primefaces-sipse HTTP/1.1" 304 -
201.245.192.253 - - [14/Oct/2022:14:28:13 -0500] "GET /sipse/faces/javax.faces.resource/layout/layout.css?ln=primefaces&v=4.0 HTTP/1.1" 304 -
201.245.192.253 - - [14/Oct/2022:14:28:13 -0500] "GET /sipse/faces/javax.faces.resource/primefaces.css?ln=primefaces&v=4.0 HTTP/1.1" 304 -
201.245.192.253 - - [14/Oct/2022:14:28:13 -0500] "GET /sipse/faces/javax.faces.resource/jquery/jquery.js?ln=primefaces&v=4.0 HTTP/1.1" 304 -
201.245.192.253 - - [14/Oct/2022:14:28:13 -0500] "GET /sipse/faces/javax.faces.resource/primefaces.js?ln=primefaces&v=4.0 HTTP/1.1" 304 -
201.245.192.253 - - [14/Oct/2022:14:28:13 -0500] "GET /sipse/faces/javax.faces.resource/jquery/jquery-plugins.js?ln=primefaces&v=4.0 HTTP/1.1" 304 -
201.245.192.253 - - [14/Oct/2022:14:28:13 -0500] "GET /sipse/faces/javax.faces.resource/layout/layout.js?ln=primefaces&v=4.0 HTTP/1.1" 304 -
201.245.192.253 - - [14/Oct/2022:14:28:14 -0500] "GET /sipse/faces/javax.faces.resource/images/ui-icons_898989_256x240.png?ln=primefaces-aristo HTTP/1.1" 304 -
201.245.192.253 - - [14/Oct/2022:14:28:25 -0500] "POST /sipse/faces/autenticacion.xhtml HTTP/1.1" 200 2224
201.245.192.253 - - [14/Oct/2022:14:28:25 -0500] "GET /sipse/faces/javax.faces.resource/messages/messages.png?ln=primefaces&v=4.0 HTTP/1.1" 304 -
201.245.192.253 - - [14/Oct/2022:14:28:27 -0500] "POST /sipse/faces/autenticacion.xhtml HTTP/1.1" 200 16257
201.245.192.253 - - [14/Oct/2022:14:28:27 -0500] "GET /sipse/faces/javax.faces.resource/theme.css?ln=primefaces-sipse HTTP/1.1" 304 -
201.245.192.253 - - [14/Oct/2022:14:28:27 -0500] "GET /sipse/faces/javax.faces.resource/layout/layout.css?ln=primefaces&v=4.0 HTTP/1.1" 304 -
201.245.192.253 - - [14/Oct/2022:14:28:27 -0500] "GET /sipse/faces/javax.faces.resource/primefaces.css?ln=primefaces&v=4.0 HTTP/1.1" 304 -
201.245.192.253 - - [14/Oct/2022:14:28:27 -0500] "GET /sipse/faces/javax.faces.resource/jquery/jquery.js?ln=primefaces&v=4.0 HTTP/1.1" 304 -
201.245.192.253 - - [14/Oct/2022:14:28:27 -0500] "GET /sipse/faces/javax.faces.resource/jquery/jquery-plugins.js?ln=primefaces&v=4.0 HTTP/1.1" 304 -
201.245.192.253 - - [14/Oct/2022:14:28:27 -0500] "GET /sipse/faces/javax.faces.resource/primefaces.js?ln=primefaces&v=4.0 HTTP/1.1" 304 -
201.245.192.253 - - [14/Oct/2022:14:28:27 -0500] "GET /sipse/faces/javax.faces.resource/layout/layout.js?ln=primefaces&v=4.0 HTTP/1.1" 304 -
201.245.192.253 - - [14/Oct/2022:14:28:27 -0500] "GET /sipse/css/imagen/contrasena.png HTTP/1.1" 404 383
201.245.192.253 - - [14/Oct/2022:14:28:31 -0500] "GET /sipse/faces/javax.faces.resource/images/ui-bg_flat_0_2d5972_40x100.png?ln=primefaces-aristo HTTP/1.1" 304 -
201.245.192.253 - - [14/Oct/2022:14:28:31 -0500] "POST /sipse/faces/bienvenido.xhtml HTTP/1.1" 200 2658
201.245.192.253 - - [14/Oct/2022:14:28:32 -0500] "POST /sipse/faces/bienvenido.xhtml HTTP/1.1" 200 66141
201.245.192.253 - - [14/Oct/2022:14:28:33 -0500] "GET /sipse/faces/javax.faces.resource/primefaces.css?ln=primefaces&v=4.0 HTTP/1.1" 304 -
201.245.192.253 - - [14/Oct/2022:14:28:33 -0500] "GET /sipse/faces/javax.faces.resource/theme.css?ln=primefaces-sipse HTTP/1.1" 304 -
201.245.192.253 - - [14/Oct/2022:14:28:33 -0500] "GET /sipse/faces/javax.faces.resource/layout/layout.css?ln=primefaces&v=4.0 HTTP/1.1" 304 -
201.245.192.253 - - [14/Oct/2022:14:28:33 -0500] "GET /sipse/faces/javax.faces.resource/jquery/jquery.js?ln=primefaces&v=4.0 HTTP/1.1" 304 -
201.245.192.253 - - [14/Oct/2022:14:28:33 -0500] "GET /sipse/faces/javax.faces.resource/jquery/jquery-plugins.js?ln=primefaces&v=4.0 HTTP/1.1" 304 -
201.245.192.253 - - [14/Oct/2022:14:28:33 -0500] "GET /sipse/faces/javax.faces.resource/primefaces.js?ln=primefaces&v=4.0 HTTP/1.1" 304 -
201.245.192.253 - - [14/Oct/2022:14:28:33 -0500] "GET /sipse/faces/javax.faces.resource/layout/layout.js?ln=primefaces&v=4.0 HTTP/1.1" 304 -
201.245.192.253 - - [14/Oct/2022:14:28:33 -0500] "POST /sipse/faces/presentacion/financiero/solicitudProceso/listarSolicitudProceso.xhtml HTTP/1.1" 200 1560
201.245.192.253 - - [14/Oct/2022:14:28:43 -0500] "POST /sipse/faces/presentacion/financiero/solicitudProceso/listarSolicitudProceso.xhtml HTTP/1.1" 200 14428
201.245.192.253 - - [14/Oct/2022:14:28:50 -0500] "POST /sipse/faces/presentacion/financiero/solicitudProceso/listarSolicitudProceso.xhtml HTTP/1.1" 200 14471
201.245.192.253 - - [14/Oct/2022:14:28:55 -0500] "POST /sipse/faces/presentacion/financiero/solicitudProceso/listarSolicitudProceso.xhtml HTTP/1.1" 200 14343
201.245.192.253 - - [14/Oct/2022:14:29:00 -0500] "POST /sipse/faces/presentacion/financiero/solicitudProceso/listarSolicitudProceso.xhtml HTTP/1.1" 200 14409
201.245.192.253 - - [14/Oct/2022:14:29:06 -0500] "POST /sipse/faces/presentacion/financiero/solicitudProceso/listarSolicitudProceso.xhtml HTTP/1.1" 200 14393
201.245.192.253 - - [14/Oct/2022:14:29:10 -0500] "POST /sipse/faces/presentacion/financiero/solicitudProceso/listarSolicitudProceso.xhtml HTTP/1.1" 200 14389
201.245.192.253 - - [14/Oct/2022:14:29:14 -0500] "POST /sipse/faces/presentacion/financiero/solicitudProceso/listarSolicitudProceso.xhtml HTTP/1.1" 200 14332
201.245.192.253 - - [14/Oct/2022:14:29:19 -0500] "POST /sipse/faces/presentacion/financiero/solicitudProceso/listarSolicitudProceso.xhtml HTTP/1.1" 200 14328
201.245.192.253 - - [14/Oct/2022:14:29:23 -0500] "POST /sipse/faces/presentacion/financiero/solicitudProceso/listarSolicitudProceso.xhtml HTTP/1.1" 200 14431
201.245.192.253 - - [14/Oct/2022:14:29:27 -0500] "POST /sipse/faces/presentacion/financiero/solicitudProceso/listarSolicitudProceso.xhtml HTTP/1.1" 200 14427
201.245.192.253 - - [14/Oct/2022:14:29:29 -0500] "POST /sipse/faces/presentacion/financiero/solicitudProceso/listarSolicitudProceso.xhtml HTTP/1.1" 200 14397
201.245.192.253 - - [14/Oct/2022:14:29:34 -0500] "POST /sipse/faces/presentacion/financiero/solicitudProceso/listarSolicitudProceso.xhtml HTTP/1.1" 200 14375
172.22.2.4 - - [14/Oct/2022:14:27:55 -0500] "GET /BLA/boletinlegal/index.php HTTP/1.1" 200 62772
201.245.192.253 - - [14/Oct/2022:14:29:37 -0500] "POST /sipse/faces/presentacion/financiero/solicitudProceso/listarSolicitudProceso.xhtml HTTP/1.1" 200 14379
201.245.192.253 - - [14/Oct/2022:14:29:39 -0500] "POST /sipse/faces/presentacion/financiero/solicitudProceso/listarSolicitudProceso.xhtml HTTP/1.1" 200 14359
172.22.2.4 - - [14/Oct/2022:14:29:52 -0500] "GET /BLA/boletinlegal/js/jquery.scrollShow.js HTTP/1.1" 200 4586
172.22.2.4 - - [14/Oct/2022:14:29:52 -0500] "GET /BLA/boletinlegal/js/jquery.scrollTo-min.js HTTP/1.1" 200 1150
201.245.192.253 - - [14/Oct/2022:14:30:40 -0500] "POST /kwsrmcab/Wsrmcab  HTTP/1.1" 200 43296
186.154.127.242 - - [14/Oct/2022:14:30:59 -0500] "GET /BLA/resoluciones/ HTTP/1.1" 200 13093
186.154.127.242 - - [14/Oct/2022:14:31:02 -0500] "GET /BLA/resoluciones/index.php?dir=AUTOS+2014%2F HTTP/1.1" 200 883517
172.22.2.4 - - [14/Oct/2022:14:29:30 -0500] "HEAD /BLA/boletinlegal/ HTTP/1.1" 200 -
190.252.128.85 - - [14/Oct/2022:14:31:58 -0500] "GET /sipse/faces/presentacion/financiero/solicitudProceso/consultarSolicitudProceso.xhtml HTTP/1.1" 302 -
190.252.128.85 - - [14/Oct/2022:14:31:59 -0500] "GET /sipse/faces/autenticacion.xhtml HTTP/1.1" 200 12181
172.22.2.4 - - [14/Oct/2022:14:30:20 -0500] "GET /BLA/boletinlegal/ HTTP/1.1" 200 59828
201.245.192.253 - - [14/Oct/2022:14:31:59 -0500] "POST /kwsrmcab/Wsrmcab HTTP/1.1" 200 43541
190.252.128.85 - - [14/Oct/2022:14:32:02 -0500] "GET /sipse/css/custom_css_sg.css HTTP/1.1" 200 9694
190.252.128.85 - - [14/Oct/2022:14:32:02 -0500] "GET /sipse/css/custom_css_sg_prime_login.css HTTP/1.1" 200 443
190.252.128.85 - - [14/Oct/2022:14:32:02 -0500] "GET /sipse/faces/javax.faces.resource/theme.css?ln=primefaces-sipse HTTP/1.1" 304 -
190.252.128.85 - - [14/Oct/2022:14:32:02 -0500] "GET /sipse/faces/javax.faces.resource/primefaces.css?ln=primefaces&v=4.0 HTTP/1.1" 304 -
190.252.128.85 - - [14/Oct/2022:14:32:02 -0500] "GET /sipse/faces/javax.faces.resource/layout/layout.css?ln=primefaces&v=4.0 HTTP/1.1" 304 -
190.252.128.85 - - [14/Oct/2022:14:32:03 -0500] "GET /sipse/js/funciones.js HTTP/1.1" 304 -
190.252.128.85 - - [14/Oct/2022:14:32:03 -0500] "GET /sipse/faces/javax.faces.resource/jquery/jquery.js?ln=primefaces&v=4.0 HTTP/1.1" 304 -
190.252.128.85 - - [14/Oct/2022:14:32:03 -0500] "GET /sipse/faces/javax.faces.resource/jquery/jquery-plugins.js?ln=primefaces&v=4.0 HTTP/1.1" 304 -
190.252.128.85 - - [14/Oct/2022:14:32:03 -0500] "GET /sipse/faces/javax.faces.resource/primefaces.js?ln=primefaces&v=4.0 HTTP/1.1" 304 -
190.252.128.85 - - [14/Oct/2022:14:32:03 -0500] "GET /sipse/faces/javax.faces.resource/layout/layout.js?ln=primefaces&v=4.0 HTTP/1.1" 304 -
201.245.192.253 - - [14/Oct/2022:14:32:01 -0500] "POST /kwsrmcab/Wsrmcab HTTP/1.1" 200 43271
190.252.128.85 - - [14/Oct/2022:14:32:06 -0500] "GET /sipse/js/disable_browser_buttons.js HTTP/1.1" 304 -
49.7.21.72 - - [14/Oct/2022:14:32:07 -0500] "-" 408 -
190.252.128.85 - - [14/Oct/2022:14:32:07 -0500] "GET /sipse/css/imagen/logoSDG.png HTTP/1.1" 200 53064
190.252.128.85 - - [14/Oct/2022:14:32:10 -0500] "GET /sipse/faces/javax.faces.resource/images/ui-icons_898989_256x240.png?ln=primefaces-aristo HTTP/1.1" 304 -
190.252.128.85 - - [14/Oct/2022:14:32:10 -0500] "GET /sipse/css/imagen/loginimg.png HTTP/1.1" 200 71635
190.252.128.85 - - [14/Oct/2022:14:32:15 -0500] "GET /sipse/faces/index.xhtml HTTP/1.1" 200 677
190.252.128.85 - - [14/Oct/2022:14:32:16 -0500] "GET /sipse/faces/javax.faces.resource/theme.css?ln=primefaces-sipse HTTP/1.1" 304 -
190.252.128.85 - - [14/Oct/2022:14:32:20 -0500] "GET /sipse/faces/javax.faces.resource/theme.css?ln=primefaces-sipse HTTP/1.1" 304 -
190.252.128.85 - - [14/Oct/2022:14:32:20 -0500] "GET /sipse/faces/javax.faces.resource/primefaces.css?ln=primefaces&v=4.0 HTTP/1.1" 304 -
190.252.128.85 - - [14/Oct/2022:14:32:20 -0500] "GET /sipse/faces/javax.faces.resource/layout/layout.css?ln=primefaces&v=4.0 HTTP/1.1" 304 -
190.252.128.85 - - [14/Oct/2022:14:32:20 -0500] "GET /sipse/faces/javax.faces.resource/jquery/jquery.js?ln=primefaces&v=4.0 HTTP/1.1" 304 -
190.252.128.85 - - [14/Oct/2022:14:32:20 -0500] "GET /sipse/faces/javax.faces.resource/jquery/jquery-plugins.js?ln=primefaces&v=4.0 HTTP/1.1" 304 -
190.252.128.85 - - [14/Oct/2022:14:32:19 -0500] "GET /sipse/faces/faces/autenticacion.xhtml HTTP/1.1" 200 12181
190.252.128.85 - - [14/Oct/2022:14:32:20 -0500] "GET /sipse/faces/javax.faces.resource/primefaces.js?ln=primefaces&v=4.0 HTTP/1.1" 304 -
190.252.128.85 - - [14/Oct/2022:14:32:20 -0500] "GET /sipse/faces/javax.faces.resource/layout/layout.js?ln=primefaces&v=4.0 HTTP/1.1" 304 -
186.154.127.242 - - [14/Oct/2022:14:32:20 -0500] "GET /BLA/resoluciones/AUTOS%202014/6327.pdf HTTP/1.1" 200 542530
216.245.221.92 - - [14/Oct/2022:14:32:21 -0500] "HEAD / HTTP/1.1" 200 -
190.252.128.85 - - [14/Oct/2022:14:32:21 -0500] "GET /sipse/faces/javax.faces.resource/images/ui-icons_898989_256x240.png?ln=primefaces-aristo HTTP/1.1" 304 -
190.252.128.85 - - [14/Oct/2022:14:32:48 -0500] "POST /sipse/faces/autenticacion.xhtml HTTP/1.1" 200 2224
190.252.128.85 - - [14/Oct/2022:14:32:51 -0500] "POST /sipse/faces/autenticacion.xhtml HTTP/1.1" 200 2228
190.252.128.85 - - [14/Oct/2022:14:32:52 -0500] "POST /sipse/faces/autenticacion.xhtml HTTP/1.1" 200 2228
190.252.128.85 - - [14/Oct/2022:14:32:51 -0500] "GET /sipse/faces/javax.faces.resource/messages/messages.png?ln=primefaces&v=4.0 HTTP/1.1" 200 27209
190.252.128.85 - - [14/Oct/2022:14:32:52 -0500] "POST /sipse/faces/autenticacion.xhtml HTTP/1.1" 200 2228
190.252.128.85 - - [14/Oct/2022:14:32:54 -0500] "POST /sipse/faces/autenticacion.xhtml HTTP/1.1" 200 2228
190.252.128.85 - - [14/Oct/2022:14:32:55 -0500] "POST /sipse/faces/autenticacion.xhtml HTTP/1.1" 200 16257
190.252.128.85 - - [14/Oct/2022:14:32:56 -0500] "GET /sipse/css/custom_css_sg_prime.css HTTP/1.1" 200 5201
190.252.128.85 - - [14/Oct/2022:14:32:56 -0500] "GET /sipse/js/jquery.min.js HTTP/1.1" 304 -
190.252.128.85 - - [14/Oct/2022:14:32:56 -0500] "GET /sipse/faces/javax.faces.resource/theme.css?ln=primefaces-sipse HTTP/1.1" 304 -
190.252.128.85 - - [14/Oct/2022:14:32:56 -0500] "GET /sipse/faces/javax.faces.resource/primefaces.css?ln=primefaces&v=4.0 HTTP/1.1" 304 -
190.252.128.85 - - [14/Oct/2022:14:32:56 -0500] "GET /sipse/faces/javax.faces.resource/jquery/jquery.js?ln=primefaces&v=4.0 HTTP/1.1" 304 -
190.252.128.85 - - [14/Oct/2022:14:32:56 -0500] "GET /sipse/faces/javax.faces.resource/jquery/jquery-plugins.js?ln=primefaces&v=4.0 HTTP/1.1" 304 -
186.102.38.227 - - [14/Oct/2022:14:32:56 -0500] "GET /BLA/resoluciones/Notificaciones/RESOLUCIONES%202022/2135.pdf HTTP/1.1" 200 414380
190.252.128.85 - - [14/Oct/2022:14:32:57 -0500] "GET /sipse/faces/javax.faces.resource/layout/layout.css?ln=primefaces&v=4.0 HTTP/1.1" 304 -
190.252.128.85 - - [14/Oct/2022:14:32:57 -0500] "GET /sipse/faces/javax.faces.resource/primefaces.js?ln=primefaces&v=4.0 HTTP/1.1" 304 -
186.102.38.227 - - [14/Oct/2022:14:32:57 -0500] "GET /BLA/resoluciones/Notificaciones/RESOLUCIONES%202022/2135.pdf HTTP/1.1" 200 414380
186.102.38.227 - - [14/Oct/2022:14:32:57 -0500] "GET /BLA/resoluciones/Notificaciones/RESOLUCIONES%202022/2135.pdf HTTP/1.1" 206 1025
190.252.128.85 - - [14/Oct/2022:14:32:57 -0500] "GET /sipse/faces/javax.faces.resource/layout/layout.js?ln=primefaces&v=4.0 HTTP/1.1" 304 -
190.252.128.85 - - [14/Oct/2022:14:32:58 -0500] "GET /sipse/css/imagen/contrasena.png HTTP/1.1" 404 383
190.252.128.85 - - [14/Oct/2022:14:32:58 -0500] "GET /sipse/imagenes/cargando.gif HTTP/1.1" 200 36959
186.28.24.196 - - [14/Oct/2022:14:33:00 -0500] "POST /sipse/faces/presentacion/financiero/solicitudProceso/consultarSolicitudProceso.xhtml HTTP/1.1" 200 203905
190.252.128.85 - - [14/Oct/2022:14:33:00 -0500] "GET /sipse/faces/javax.faces.resource/images/ui-bg_flat_0_2d5972_40x100.png?ln=primefaces-aristo HTTP/1.1" 200 183
190.252.128.85 - - [14/Oct/2022:14:33:00 -0500] "POST /sipse/faces/bienvenido.xhtml HTTP/1.1" 200 2658
186.102.38.227 - - [14/Oct/2022:14:33:01 -0500] "GET /BLA/resoluciones/Notificaciones/RESOLUCIONES%202022/2135.pdf HTTP/1.1" 206 3072
186.102.38.227 - - [14/Oct/2022:14:33:02 -0500] "GET /BLA/resoluciones/Notificaciones/RESOLUCIONES%202022/2135.pdf HTTP/1.1" 206 410283
190.252.128.85 - - [14/Oct/2022:14:32:58 -0500] "GET /sipse/imagenes/logoAplicacion.jpg HTTP/1.1" 200 155084
190.252.128.85 - - [14/Oct/2022:14:33:02 -0500] "POST /sipse/faces/bienvenido.xhtml HTTP/1.1" 200 66141
190.252.128.85 - - [14/Oct/2022:14:33:04 -0500] "GET /sipse/faces/javax.faces.resource/theme.css?ln=primefaces-sipse HTTP/1.1" 304 -
190.252.128.85 - - [14/Oct/2022:14:33:05 -0500] "GET /sipse/faces/javax.faces.resource/jquery/jquery.js?ln=primefaces&v=4.0 HTTP/1.1" 304 -
190.252.128.85 - - [14/Oct/2022:14:33:05 -0500] "GET /sipse/faces/javax.faces.resource/primefaces.css?ln=primefaces&v=4.0 HTTP/1.1" 304 -
190.252.128.85 - - [14/Oct/2022:14:33:05 -0500] "GET /sipse/faces/javax.faces.resource/layout/layout.css?ln=primefaces&v=4.0 HTTP/1.1" 304 -
190.252.128.85 - - [14/Oct/2022:14:33:05 -0500] "GET /sipse/faces/javax.faces.resource/jquery/jquery-plugins.js?ln=primefaces&v=4.0 HTTP/1.1" 304 -
190.252.128.85 - - [14/Oct/2022:14:33:06 -0500] "GET /sipse/faces/javax.faces.resource/primefaces.js?ln=primefaces&v=4.0 HTTP/1.1" 304 -
190.252.128.85 - - [14/Oct/2022:14:33:06 -0500] "GET /sipse/faces/javax.faces.resource/layout/layout.js?ln=primefaces&v=4.0 HTTP/1.1" 304 -
190.85.181.194 - - [14/Oct/2022:14:33:08 -0500] "GET /kwssiamovil/sm/acme/a?s=U2FsdGVkX1+OVXOZBcil0AT6auwN9MdTAk4pfhdAHtsmY8qN/HY1+SMVH2fdE30SNIzpW8SbKxjV0xvcZa1QDwWKh1tNXo/BYiMERyyi2JbDQ2/k9S4UPTQ0JsxZ7EN9HHHcoRVecZb/fP6/uLaSSLnxEqale8U5Lhfz+L1Dmh4TQE8PwYUj325+aoVijxn9M+0eK3O1Mq5Sam7GwlUWUYIz7m62kPvRxKbeiFvqTqC97b1QxPj8RXjd4seUhGLc5/Y47LUyuEDGpcRedZRYbQ==&u=U2FsdGVkX18EvKq/SyMczGid4uibM+cPHFi+jDmhVXiGB5DOOMd3mu+VWMcvJw9S&y=U2FsdGVkX19tu3FADeiXC6gMD1mRX0wg3yuqyW+PIJ6OgBYItFez8AlJ0WVpJqsD HTTP/1.1" 200 66
190.252.128.85 - - [14/Oct/2022:14:33:07 -0500] "POST /sipse/faces/presentacion/financiero/solicitudProceso/listarSolicitudProceso.xhtml HTTP/1.1" 200 1560
190.252.128.85 - - [14/Oct/2022:14:33:21 -0500] "POST /sipse/faces/presentacion/financiero/solicitudProceso/listarSolicitudProceso.xhtml HTTP/1.1" 200 42163
190.252.128.85 - - [14/Oct/2022:14:33:27 -0500] "POST /sipse/faces/presentacion/financiero/solicitudProceso/listarSolicitudProceso.xhtml HTTP/1.1" 200 17644
190.252.128.85 - - [14/Oct/2022:14:33:31 -0500] "POST /sipse/faces/presentacion/financiero/solicitudProceso/listarSolicitudProceso.xhtml HTTP/1.1" 200 17648
172.22.2.4 - - [14/Oct/2022:14:33:41 -0500] "POST /BLA/boletinlegal/admin/actos/ingresar.php HTTP/1.1" 200 7236
172.22.2.4 - - [14/Oct/2022:14:33:54 -0500] "GET /BLA/boletinlegal/admin/admin.php HTTP/1.1" 302 -
172.22.2.4 - - [14/Oct/2022:14:33:54 -0500] "GET /BLA/boletinlegal/admin/index.php HTTP/1.1" 200 7254
172.22.2.4 - - [14/Oct/2022:14:34:11 -0500] "GET /BLA/boletinlegal/admin/index_files/index_files/tback.gif HTTP/1.1" 404 1362
186.102.38.227 - - [14/Oct/2022:14:34:33 -0500] "GET /BLA/resoluciones/Notificaciones/RESOLUCIONES%202022/2077.pdf HTTP/1.1" 200 425738
186.102.38.227 - - [14/Oct/2022:14:34:33 -0500] "GET /BLA/resoluciones/Notificaciones/RESOLUCIONES%202022/2077.pdf HTTP/1.1" 200 425738
186.102.38.227 - - [14/Oct/2022:14:34:33 -0500] "GET /BLA/resoluciones/Notificaciones/RESOLUCIONES%202022/2077.pdf HTTP/1.1" 206 1025
190.85.181.194 - - [14/Oct/2022:14:34:34 -0500] "GET /kwssiamovil/sm/ldap/au?x=U2FsdGVkX1+qBMtBvpyOQ3XMElWKtCfLTSWknVApnBqpDblRB0yI/f5V9FzKF4bk&y=U2FsdGVkX1/JSTGCm5785DcIYWaWJsiT1CMGNArp34zTNLhjaYDIzdQVpbR90rNn HTTP/1.1" 200 30
190.85.181.194 - - [14/Oct/2022:14:34:34 -0500] "GET /kwssiamovil/sm/acme/s?s=U2FsdGVkX1+wrxaYmOjffA8Sh39a0x407YVDrqNlyuCJnIcwC9egnFcNYP9CQC+oBjUnxL2cFvSlfz0GsLWskcJkmgU80T1MLCrjqu9BgCs=&u=U2FsdGVkX184kzhS5TTyvmu5Jt7AnZe4cdT1pFZapFff7jsfTjvFvNZFbUwwsQDX&y=U2FsdGVkX1/JSTGCm5785DcIYWaWJsiT1CMGNArp34zTNLhjaYDIzdQVpbR90rNn HTTP/1.1" 200 97
190.85.181.194 - - [14/Oct/2022:14:34:35 -0500] "GET /kwssiamovil/sm/acme/s?s=U2FsdGVkX1/8RStHTOf97150UTH4N/M9MFvm0Cp2h+6lZXJwGNTB9RpPx5M8tNYtwDicLjhswKSyL0oYPp/hmf8MnPU2DDYjXH0qfJHPlMRSXwQUTDWe4JhAOGynVpgbjbM0/3IgfXf/rHA09llIG06cS+vkSCkUfiF6u88HchlaKB/r1tTjkBMqGRQG9524IhIZcLv4bX0LtqlC115zGSqkat0k9lg29CLNAHC562ZsCrpH6nEpCb4+2hNZqERiGVF+rQB9cCIf960/ehjsy7zdoZRhbx5MVnGeZVNFdoSWp1mcOcYcgFoiuElidxUDMoH5tkiykFNe47s1oEMg49ohN/HauC2269ZNPxOb99vm+xE8zp/SOCQ9vMtW/SerM33f9dkEVhHgyfMcD4r1vieoi4B/CS+vnuHF49/h7TWUmx1zhmfA0EhzVoYvLPs4Uf7ugYLYLC+tlWGocfWysWcIZ5M/TNbrI8wq5Qb0Cotyy8pDetv7vOvLQY9CXH88dDyvRi88JQCqfLrHGfVLz8nCCX8hPBO0JUPxOzQ3sOvl2H1XFM3UwC/Yy1i/VB76br7PVbhflqEm8EMPL/avUwVpZBys1rYhMOYSG6dqkVju911AHao3OQ0cPCq96GJRJF5FgXugiyLWzIKtL+jEzo2xywmjk6VqDxeDXyB+uFmtYg6GVoU8PE/sbi7egrY+43HCJysWfv9qZt3+A6PNZf17PobGe1GgXRL7AjSPaHh3VUIAII5tk6FyUgDPm/SuZu6hke7drfl85jIEA6k53MupxIEux7Ei1je5DcC/j1atJ5Kuj6r1nuEWeX5O29XpDAzgPQ914mcZVkRYXaHI4Djc0KGYDIId/s5E0z+WvH0gkJP3v51bcnWMArVFlFjsvkHKFIGPS9NaS9M4HvW/mgsk+bbtgEUQ7fM3s5qFb84wQYziJs+0A0jRyvPfFTd9qj9cb4ingjEXvDR9o08jA5/U88YWRWY+UeXs5x/iK2gPGx1TIO2vyZLcTlAkri9SGaINdWVAeNs7HBZENwqnuL3ALtYpK4iHG0zg78vdcAO2sVvQcmSGovJrtQYEsAWqs5sdrZUe16liq/2/XvzRyJFfKRGDKYmcu084u9NT9l6ofuf5boveiBnSxM0fheC+iAycH0rGR2X7VagEI95gsL9JP1FYae5ZaPhwZUVV2HQ/v68Rikgio2XkrikdRU1YlDZ+OHUjOJqKSMgO/w/F2w6bLTjAnQF9jnqPWbYyCEta/Mbj/1Sxi8cBWsGH4b3w8ZfhJsCJOWlhgWgvSLwt8r3URaXU9SjKq8IBpx1zo9DpIgisuelZCETv+sqluYW2ZW3h3odcFeFRZ4f9V/VYKT9/ipWvBaDxPkzBLAgEwjEG+Vp2msXzSFNyp7sV9nqJyXI1m2uNxAhF3yTPFcf8499z8YsxXye0ZcHEOs/pw+M=&u=U2FsdGVkX184kzhS5TTyvmu5Jt7AnZe4cdT1pFZapFff7jsfTjvFvNZFbUwwsQDX&y=U2FsdGVkX1/JSTGCm5785DcIYWaWJsiT1CMGNArp34zTNLhjaYDIzdQVpbR90rNn HTTP/1.1" 200 3666
190.85.181.194 - - [14/Oct/2022:14:34:35 -0500] "GET /kwssiamovil/sm/acme/s?s=U2FsdGVkX1+V05UgqYm90PpCa/I6ghnaYKCR2GAlW+P4RkUDcglzNK6tnO6Jbui0DIiy7EWCsDaG7J3a6PpCspbQzDSYlAcSz2lLdjvaIdTA6DcL09BOgrYfzwasVFo5u7D9ES61CC5cPdFbuPmV+h6vcHEou0tArSF/dWvSMPK6pCxbp4PLb4BR2EQuOMXo/xtodxsCfl3lIwtuRM0Y6b1rJ/bGgiuY7W/GuWfbKcAlRXLtNdBnrYfv9mEvDLU7TOsurMwDsx5ZxQqMT58OFGtbPx4NkqhN52kwyuBd+F9j540Z5qmqcgIPJ2ktNfQHajEkew7Ab5zHI1b4VLJZDizU8OlyQZOnYWymA04pOz4=&u=U2FsdGVkX184kzhS5TTyvmu5Jt7AnZe4cdT1pFZapFff7jsfTjvFvNZFbUwwsQDX&y=U2FsdGVkX1/JSTGCm5785DcIYWaWJsiT1CMGNArp34zTNLhjaYDIzdQVpbR90rNn HTTP/1.1" 200 196
186.102.38.227 - - [14/Oct/2022:14:34:35 -0500] "GET /BLA/resoluciones/Notificaciones/RESOLUCIONES%202022/2077.pdf HTTP/1.1" 206 3072
190.85.181.194 - - [14/Oct/2022:14:34:35 -0500] "GET /kwssiamovil/sm/cjson/pre?f=1&x=U2FsdGVkX1+qBMtBvpyOQ3XMElWKtCfLTSWknVApnBqpDblRB0yI/f5V9FzKF4bk HTTP/1.1" 200 30992
186.102.38.227 - - [14/Oct/2022:14:34:36 -0500] "GET /BLA/resoluciones/Notificaciones/RESOLUCIONES%202022/2077.pdf HTTP/1.1" 206 421641
190.85.181.194 - - [14/Oct/2022:14:34:49 -0500] "GET /kwssiamovil/sm/acme/a?s=U2FsdGVkX1+2GIFqDwRk8bul3U0gbSUGY+9NuGmabBOFhRMjUtur77GSlcfRptJxrPJx40w+9vSMzN1rluqFlQHKxyVl4ySv18uKEmUPDrOLb6LWEgUd/32nulRjysdsCMTAULPKxALVHN05/zYTHZmfR1gxiP2U10g/cJKq4GiYLWjSqW/ClIL3CuyyHKJNtcb6mOgZWqz0vmFCjF8ICRqnAQm3Ht2O8NxAN2g5sTOBox8JOAu51a8zYhpP83yyfUPGB5LWhgoiwueXa5Bj6A==&u=U2FsdGVkX184kzhS5TTyvmu5Jt7AnZe4cdT1pFZapFff7jsfTjvFvNZFbUwwsQDX&y=U2FsdGVkX1/JSTGCm5785DcIYWaWJsiT1CMGNArp34zTNLhjaYDIzdQVpbR90rNn HTTP/1.1" 200 26
190.85.181.194 - - [14/Oct/2022:14:34:49 -0500] "GET /kwssiamovil/sm/acme/a?s=U2FsdGVkX1++wQGPEwR9xfLa7Dk9jkCVJ92Zvhbzou3oJhnEeWT7q0pvdSmUKuOuSRanbYMEU5NRyeX9nW5t61XhUIWN7fROeKf/pCk55Xg/FI/7JapF+nLKsvHmeyn3MxVQUWWGrZU0c6oIJidSmr/V+P8plYKwBstRXJr/goaOqxJgST3kNBjMCfUPfv+NPaw1Nw14QTYrlfU/iZAb0stitSEC6gBDs01VDLSdDJ2AD1ZSUeWWuYmTzniFOTuoAlbCdSbJL7s0VsQ/10U1wOnhlcnynS4G6u1NtpwfY7YrgdfRXLhgoOPhoyrkEU1PBFplep6KT1jmSV+e0WtaIfyY1+ohn9gptkiG5U0IKFHqP8kWJT3ti+3hpd4VnWakS0Bto+Sx+mQljLu02CNcYVqyBz6GY0KOKSf+blAvfFeRIXFzrk+FivP91lStit5+s2jq46OKLQw5go8jaR4e2Uyk3YFO01i82ZyrJDVwgWvZDG932wFGpJRIB2EsDDmrYAYurM6oJUfU7AHAUqPkfjuoprGscqtLhHU0tDK8V0lHItygvzpIX9656G8H0aNm7HbSy3F7w0gHibLgj7xXs5DF0wPDSESyEsLi1fYBdvvETXH/+rPZNEGOF8dc1F/akHQPHA/CuXuMxIp1KpT0hsqho3fJqpdAuoa/cg3isE7ax/Wc9yisQ/N3AuDlZvEeqQt2PnyXxHt9ImJBTiSali5KQK/9sxe0xucfkmnB9bCVqkmvdzSozWJ3P6gJbBNSVFK8h3ri4CPDfHW7qKJ/znTvmQtk9Q8YdhjChXleYM7UAMJzRjfKEjZIn1cSmVxUrWAOALJQFxERXdocgXGFgcOEWQfmEndlThmQK64UHowQfLVdAcuwNm/haoMF3U+NbHdUqrhjLuVSY9mZL9gPffDxBwlWVrQNObvEndRYLILLJGSdeDtV/TMOJBfCGu1IbWWInlHf3H2pBG8g/UuZc8iVH8snb9Uts/fDtKXAtTxlUo22/2FJWCYbYfMChpLJznIEMLdnAlrhvMwUf4h3g5Ykkb2jDGt5ykK1JRU3faqgbF9M/4D+4QYERrcikGNCzrZdPoq6A+HzriYKjjFIGuCloN7yB0hbpaprSTL6vbbVK+1ay+PdUBkxqOs8Kumg+iVmpskEWKZnmk9p9RxRgsAsevFlFOK+XyI03MrltnH2sGDfj10YsHch1FaxFbJqcuZkxN6waVfLDxbYpf5Na+HGRES5Ij747T6gtry715gDHNOIsl20py1e72ByRfZ+WZ3c7KcazBW9VI8wRc2fO0Ba51d0kOQrjBrSVDTeIlUkd9D1iGeOT72Ve/cR7YcjEqsrU6nD9JYfGkGsiFGNsUQzuamV1zWOxkOiKQqBqTDN8U7B5b3CtnfwR9FBQGN6lmcIOvkwkXSHNup8w0tklYMCxp2Wd8W2jgKxWSE7Fohc+WuDJON2UxDR07o8VmWk314d5ktzRmX/pnuzEnwFh80zzWAmUf4zM/eo7hBKI6jI658Ep1loEY991L+MRdbIOgA65wPSrp2Of0EPgws36Q77251Kfx0syd8kDe2snFi1mqdNvn/U2gv0nDGP+WTHWr+JF3ydRpGciEByQt25ZbopDaW3bH+1ni7Q78LLRgZdP/OkoP+USutXIAXlyELm3Vc3udWcdUEj4s/UkBdHgG43yNBoxD/RHyl7cT5dQy1cm0YVZCWvVZzlAN8WHwt1jmnBJRpgyfFsFf2ErwYpHV8wTalI/OXaPn31mREQn/F2rIbQ2EBCUMLrqemQqwplgf62VeHTpsagd+4JnqjI55pQRIIhIWL5S/zQrZEhbOTKXwhOZeEh+9tT/Y69LKS7FGH62ztVlf0kH6T/f/B/KPQA21h6sI2uKHszlCgKOqCL1zU1xWxnYr4AVTSvA7SeIaVOwmiKHdEEBm3Rymhr3KTRFJXXJQjBF028YFzxsuZg7w5Snqpl9RAVfBlTdGRAnxntN7G4E5W/fCMwZZmCaAa6yP6059KydZW0hXPpkAHxVCDw7jXGvpk7MDyEwAlJ0uuPIYgs2Zsl/uvtApCdFB9sjpT8VTr/KdGWkfTbB+YIxAGGxp9x+pDJJ9ApU3H5y0QnjFjFEdPoS9awTchs+/qtdswqNMnOaG3/MBla8/VqibBejHwp+5686Q07P03bzbyN0G/0f5jRKHZB7ygvyyCBbgT80x8s5YplM1SwC6ENEPs7l2uD2pw69rJ2XHSVBZ9a0JF/VaGWCcnDHjU8jKCHaea68W3fKjh8dYaKfH2AHEx+hMy3IN5qTZ450R+fNKrLee+GchjyRueTyaRYMsdXPCuC1cTPTtnC5+sxGqGQpDIxEb6CuCZN9pKIMeyHNS7D8FTQM3QL1anjOrdfA5xSMq5uO/32O7Rrk42S2avSWCQAYTURI4u1IbcpdCz8VoCpU19pUex1CGgvVmb0SNAVSPR6avi5tzNaruBIP57QAaMFVi/SIATvpi/Enrn3RYAHegRK4cKZOd4GL/TGg1xkl4oSarnDZVvPkem8y+YnojWU5L1iP3QrGzXBzU1uDY21OeHmHaHvn2IqG5qYBSn4GwXJnAzBtQGvXDyYR5kLvMcXQ+dpA+El+cJ9ntZ8xJ7ZSAgjJQk2+VYEr7PZvcUiZKKVBZwKxVvxKWOTpM0=&u=U2FsdGVkX184kzhS5TTyvmu5Jt7AnZe4cdT1pFZapFff7jsfTjvFvNZFbUwwsQDX&y=U2FsdGVkX1/JSTGCm5785DcIYWaWJsiT1CMGNArp34zTNLhjaYDIzdQVpbR90rNn HTTP/1.1" 200 25
190.85.181.194 - - [14/Oct/2022:14:34:50 -0500] "GET /kwssiamovil/sm/acme/a?s=U2FsdGVkX19QUt7R91jmCEIQ0TkNBsDAhU9pPLqxFvMcow82MTXGg3C4FERUOO1nvWuimnxN8Mw/aamFdmyJBRSD1YTzMQXT1Gr+2D1xCQBDWXuNni43nYyE3AjSDnOQwe42LU761baGQHE0LpVZHvp0jT5Mos3MhyzZiMNgYdk=&u=U2FsdGVkX184kzhS5TTyvmu5Jt7AnZe4cdT1pFZapFff7jsfTjvFvNZFbUwwsQDX&y=U2FsdGVkX1/JSTGCm5785DcIYWaWJsiT1CMGNArp34zTNLhjaYDIzdQVpbR90rNn HTTP/1.1" 200 26
190.85.181.194 - - [14/Oct/2022:14:34:50 -0500] "GET /kwssiamovil/sm/acme/a?s=U2FsdGVkX1+O2eSVI1UrknwL4avaajPzQ3hBe0qe5dxgXfUgXl5Lf8aCclXnND6tZGewqfx5NyPjav7qobzYxtyPC6wsRMewFGDn1NDpf8zifgTMzXn3h+pGx7jNgw2T3EA5D6dcv6LfPqV+QNYor/ulT39AhrzJCMe7SWAoQWs=&u=U2FsdGVkX184kzhS5TTyvmu5Jt7AnZe4cdT1pFZapFff7jsfTjvFvNZFbUwwsQDX&y=U2FsdGVkX1/JSTGCm5785DcIYWaWJsiT1CMGNArp34zTNLhjaYDIzdQVpbR90rNn HTTP/1.1" 200 25
190.85.181.194 - - [14/Oct/2022:14:34:50 -0500] "GET /kwssiamovil/sm/acme/a?s=U2FsdGVkX1+E9wOHxjd1OYWT4+4puQdUdhoY/Sccuah4RgBL8/ehVg7bXNBf75iT0x8ZJfzyPwk+3DteGIMZqD1fFpk6Kcs7Wg8yL8YVY6qMHSwIGXk3tUKdaaYwrVOGnN0MkRrFAi08VtPruK0vVF/DedBvXbVkxlrDdz9Qx10=&u=U2FsdGVkX184kzhS5TTyvmu5Jt7AnZe4cdT1pFZapFff7jsfTjvFvNZFbUwwsQDX&y=U2FsdGVkX1/JSTGCm5785DcIYWaWJsiT1CMGNArp34zTNLhjaYDIzdQVpbR90rNn HTTP/1.1" 200 25
190.85.181.194 - - [14/Oct/2022:14:34:50 -0500] "GET /kwssiamovil/sm/acme/a?s=U2FsdGVkX1/4HY3LPwkphnh7rp1H9q9cZB/mJ22sFrCxKTVo3kXyEh1GTrCAHaS+ZW/eiCdl3pBtJbbu7bbM76vp8qrOh+GmtD35BAaXtkD6/rk6Vdie973Imd2jaWbc94spbY7qj+tUCZ7RY0+rmRXBN/P8YWzR/89rO7/y++0tcMrS+my7OtlzH+ZUurSGCLJ/LD5FpiHDQ4PZLC12mA==&u=U2FsdGVkX184kzhS5TTyvmu5Jt7AnZe4cdT1pFZapFff7jsfTjvFvNZFbUwwsQDX&y=U2FsdGVkX1/JSTGCm5785DcIYWaWJsiT1CMGNArp34zTNLhjaYDIzdQVpbR90rNn HTTP/1.1" 200 25
167.248.133.61 - - [14/Oct/2022:14:35:06 -0500] "GET / HTTP/1.1" 200 319
167.248.133.61 - - [14/Oct/2022:14:35:06 -0500] "GET / HTTP/1.1" 200 319
167.248.133.61 - - [14/Oct/2022:14:35:06 -0500] "PRI * HTTP/2.0" 400 946
167.248.133.61 - - [14/Oct/2022:14:35:06 -0500] "GET /favicon.ico HTTP/1.1" 200 7782
186.102.38.227 - - [14/Oct/2022:14:35:36 -0500] "GET /BLA/resoluciones/Notificaciones/RESOLUCIONES%202022/0840.pdf HTTP/1.1" 200 457698
186.102.38.227 - - [14/Oct/2022:14:35:36 -0500] "GET /BLA/resoluciones/Notificaciones/RESOLUCIONES%202022/0840.pdf HTTP/1.1" 206 1025
186.102.38.227 - - [14/Oct/2022:14:35:36 -0500] "GET /BLA/resoluciones/Notificaciones/RESOLUCIONES%202022/0840.pdf HTTP/1.1" 200 457698
186.102.38.227 - - [14/Oct/2022:14:35:39 -0500] "GET /BLA/resoluciones/Notificaciones/RESOLUCIONES%202022/0840.pdf HTTP/1.1" 206 3072
186.102.38.227 - - [14/Oct/2022:14:35:40 -0500] "GET /BLA/resoluciones/Notificaciones/RESOLUCIONES%202022/0840.pdf HTTP/1.1" 206 453601
186.102.38.227 - - [14/Oct/2022:14:35:40 -0500] "GET /BLA/resoluciones/Notificaciones/RESOLUCIONES%202021/5447.pdf HTTP/1.1" 200 401335
186.102.38.227 - - [14/Oct/2022:14:35:41 -0500] "GET /BLA/resoluciones/Notificaciones/RESOLUCIONES%202021/5447.pdf HTTP/1.1" 200 401335
186.102.38.227 - - [14/Oct/2022:14:35:41 -0500] "GET /BLA/resoluciones/Notificaciones/RESOLUCIONES%202021/5447.pdf HTTP/1.1" 206 1025
201.245.192.253 - - [14/Oct/2022:14:35:39 -0500] "POST /kwsrmcab/Wsrmcab  HTTP/1.1" 200 43296
186.102.38.227 - - [14/Oct/2022:14:35:44 -0500] "GET /BLA/resoluciones/Notificaciones/RESOLUCIONES%202022/3388.pdf HTTP/1.1" 200 381066
186.102.38.227 - - [14/Oct/2022:14:35:44 -0500] "GET /BLA/resoluciones/Notificaciones/RESOLUCIONES%202022/3388.pdf HTTP/1.1" 206 1025
186.102.38.227 - - [14/Oct/2022:14:35:44 -0500] "GET /BLA/resoluciones/Notificaciones/RESOLUCIONES%202022/3388.pdf HTTP/1.1" 200 381066
186.102.38.227 - - [14/Oct/2022:14:35:47 -0500] "GET /BLA/resoluciones/Notificaciones/RESOLUCIONES%202022/3388.pdf HTTP/1.1" 206 3072
186.102.38.227 - - [14/Oct/2022:14:35:49 -0500] "GET /BLA/resoluciones/Notificaciones/RESOLUCIONES%202022/3388.pdf HTTP/1.1" 206 376969
201.245.192.253 - - [14/Oct/2022:14:35:49 -0500] "GET /BLA/resoluciones/index.php?dir=AUTOS%202014/&sort=name&order=desc HTTP/1.1" 200 883516
201.245.192.253 - - [14/Oct/2022:14:35:50 -0500] "GET /BLA/resoluciones/index.php?dir= HTTP/1.1" 200 13093
186.102.38.227 - - [14/Oct/2022:14:35:53 -0500] "GET /BLA/resoluciones/Notificaciones/RESOLUCIONES%202022/03611.pdf HTTP/1.1" 200 914356
186.102.38.227 - - [14/Oct/2022:14:35:53 -0500] "GET /BLA/resoluciones/Notificaciones/RESOLUCIONES%202022/03611.pdf HTTP/1.1" 200 914356
186.102.38.227 - - [14/Oct/2022:14:35:53 -0500] "GET /BLA/resoluciones/Notificaciones/RESOLUCIONES%202022/03611.pdf HTTP/1.1" 206 1025
201.245.192.253 - - [14/Oct/2022:14:35:55 -0500] "GET /BLA/resoluciones/index.php?dir=AUTOS+2014%2F HTTP/1.1" 200 883517
186.102.38.227 - - [14/Oct/2022:14:35:58 -0500] "GET /BLA/resoluciones/Notificaciones/RESOLUCIONES%202022/03611.pdf HTTP/1.1" 206 3072
201.245.192.253 - - [14/Oct/2022:14:36:11 -0500] "GET /BLA/resoluciones/AUTOS%202014/4256.pdf HTTP/1.1" 200 490242
186.28.24.196 - - [14/Oct/2022:14:36:22 -0500] "POST /sipse/faces/presentacion/financiero/solicitudProceso/consultarSolicitudProceso.xhtml HTTP/1.1" 200 5439
172.22.2.4 - - [14/Oct/2022:14:35:20 -0500] "HEAD /BLA/boletinlegal/ HTTP/1.1" 200 -
186.28.24.196 - - [14/Oct/2022:14:37:11 -0500] "POST /sipse/faces/presentacion/financiero/solicitudProceso/consultarSolicitudProceso.xhtml HTTP/1.1" 200 66845
186.28.24.196 - - [14/Oct/2022:14:37:13 -0500] "GET /sipse/faces/javax.faces.resource/theme.css?ln=primefaces-sipse HTTP/1.1" 304 -
186.28.24.196 - - [14/Oct/2022:14:37:13 -0500] "GET /sipse/faces/javax.faces.resource/primefaces.css?ln=primefaces&v=4.0 HTTP/1.1" 304 -
186.28.24.196 - - [14/Oct/2022:14:37:13 -0500] "GET /sipse/faces/javax.faces.resource/layout/layout.css?ln=primefaces&v=4.0 HTTP/1.1" 304 -
186.28.24.196 - - [14/Oct/2022:14:37:13 -0500] "GET /sipse/faces/javax.faces.resource/jquery/jquery.js?ln=primefaces&v=4.0 HTTP/1.1" 304 -
186.28.24.196 - - [14/Oct/2022:14:37:13 -0500] "GET /sipse/faces/javax.faces.resource/jquery/jquery-plugins.js?ln=primefaces&v=4.0 HTTP/1.1" 304 -
186.28.24.196 - - [14/Oct/2022:14:37:13 -0500] "GET /sipse/faces/javax.faces.resource/primefaces.js?ln=primefaces&v=4.0 HTTP/1.1" 304 -
186.28.24.196 - - [14/Oct/2022:14:37:13 -0500] "GET /sipse/faces/javax.faces.resource/layout/layout.js?ln=primefaces&v=4.0 HTTP/1.1" 304 -
186.28.24.196 - - [14/Oct/2022:14:37:14 -0500] "GET /sipse/faces/javax.faces.resource/messages/messages.png?ln=primefaces&v=4.0 HTTP/1.1" 304 -
186.28.24.196 - - [14/Oct/2022:14:37:14 -0500] "POST /sipse/faces/presentacion/financiero/solicitudProceso/listarSolicitudProceso.xhtml HTTP/1.1" 200 1560
216.245.221.92 - - [14/Oct/2022:14:37:22 -0500] "HEAD / HTTP/1.1" 200 -
172.22.2.4 - - [14/Oct/2022:14:36:10 -0500] "GET /BLA/boletinlegal/ HTTP/1.1" 200 58575
66.249.64.13 - - [14/Oct/2022:14:38:01 -0500] "-" 408 -
173.252.95.7 - - [14/Oct/2022:14:38:16 -0500] "GET /images/Junio%2002-experiencias-jardines-verticales-sda.jpeg HTTP/1.1" 200 31171
103.73.33.234 - - [14/Oct/2022:14:39:40 -0500] "GET / HTTP/1.1" 200 319
201.245.192.253 - - [14/Oct/2022:14:40:38 -0500] "POST /kwsrmcab/Wsrmcab  HTTP/1.1" 200 43296
172.22.2.4 - - [14/Oct/2022:14:40:43 -0500] "GET /BLA/boletinlegal/admin/usuarios/process.php HTTP/1.1" 302 -
172.22.2.4 - - [14/Oct/2022:14:40:43 -0500] "GET /BLA/boletinlegal/admin/index.php HTTP/1.1" 200 2324
207.46.13.40 - - [14/Oct/2022:14:40:45 -0500] "GET /BLA/resoluciones/RESOLUCIONES%202000/2000%202500-2549.tif HTTP/1.1" 200 4629212
181.59.3.199 - - [14/Oct/2022:14:41:56 -0500] "GET /kwssiamovil/sm/des/ldap/au?x=U2FsdGVkX184rEfkzipeZxr0PDlIVXf7mpE6EfIMkQ2R25cPlVBjsyPQz7shHrSR&y=U2FsdGVkX1/0CuHoVm90YtAViXuvuuorcvygjMYSeMPnjabfiitv/5MQH7LuZ+AO HTTP/1.1" 200 30
181.59.3.199 - - [14/Oct/2022:14:41:56 -0500] "GET /kwssiamovil/sm/des/acme/s?s=U2FsdGVkX19uMOvu4yyZ72gbT3a1fUP8mQ2PjeasAH384uzKGsbXWBnRISh6wew0x4SHHDxnQ0EMFxm2O1NEOSvkU9CjXISgrI+/ZCXYe8M=&u=U2FsdGVkX18j0uGjHKZL1nfCtFrPQNNs4l5QRhT9Kgo=&y=U2FsdGVkX1/0CuHoVm90YtAViXuvuuorcvygjMYSeMPnjabfiitv/5MQH7LuZ+AO HTTP/1.1" 200 97
181.59.3.199 - - [14/Oct/2022:14:41:56 -0500] "GET /kwssiamovil/sm/des/acme/s?s=U2FsdGVkX1/CmLtyZIKLvlyheda1GkqaRH0RVUZlzl4pNJBjSmT0jz4SrSD6ErUNPTJsNzGnw5M4ruorsJZjIfSSy8knG21ypIxHxfMDeqKM0uz6RgfF2b8xEDYYp6viDsrVaxHnG1tk2suk0wRrqMZV3XR3d+BFoHxclNe2lzY+E29KDsWC9Ii8wYzU52WLfnI3x18hA7gxV9qCLByVJr5R8MSKI+HejIl+FRpfMDo8HJ5WlHj7oOsgMlOH2yicUa4Q7MRttn98H3fLd3np+cGrRKEBxn8XnMUoDESkw+X6l7lNjNzF1FFea3CvwXT358Fzlsodc16euXtR4/NrdMEJ/oygMrjQHwKqPmFgKIxErKWVRnUime32rYQt1j2IDHETSNNAKDSo1EcFwy+d31OECSmKT6kCj9h0+r1/HZFrkEbs+2Ex5gBfhvw64Tztrx1t0rgIkTspGRjWPhk3fyyCB8UlSRJt8YZpL7kSh3JpO6Noe4rgTzbdmhL5qTfhx2ZD8gHdXdzQePlLyY2OS640zqOwpuGivXxW3bSNorV6ZMhDI+8B0o5EEuNM5922H3p2Ga2ueih3JSqcsV3kvtEgQY57fxnCFwdTxuAqsyvTtcTwUwJAkmFatwazD+ISBxWnC6ZLxcbkF7q37WvRVdvngNDGw62D6gzjQJkPgL8Wn1vf2z4ZE1TJLg4U/pkXsHzku7qlw08M2fYdSDUAwoF7XgQekeCT+EesYI/xpf6H5OWP52li3uYlJ5EBfc7yZUNYT01ldVbgV6j6ODBPqbY9FrTEYFCb1kpF2AkhZ85MrtLjwuuUC8YdAFd5L1mkHe/WSdauHZjinAmdL6O63MabsnXsVx6Y5hsB7gIEKqGZrgyVLMbMxkm6vqPCCoUG0T+S30gVV4kPI5ngA8XAJlw7qaRyRc/UMl9v/Wo/spXt8smsD02zjXLlSuiRgCxnW/K6b8tu26URANsi6rjOAonJxgCv5nxJvUcj/UtfG5OaaBC7J285LABSvCrPgIxp8D5CQcuiQGrXn9qHft94FHSZ37D7cv2omcVHUw3sLa7Zs7iHitJPAsmWSRdJFO1VJ5JV9gU1rMkE4+jVqnlRb3C3GTnqEPbVHy0DpbKie9MJOI7UeJk8K34WeBgc34t9B9F56Fq5/mfVFBoB29cl+8rMhLeLErWvNpDiDHgQGKJSWJDW6PU4zFFy/00h/zmQG5urkKdh2Ki5aAf9L1gNPpso6BS1DgbQgShYzjg5PcJ/6Lqg4dQbgZIkohGC+A6Z24AlsSyxLl5gHDebL1zpl2sxJrhkwEW9HILM/UkwSs+kB7cco71GVxi6J+XmMqROKTD82vLXgf0gJ+tAqNb9QDJ4hb+v6q68V1s0zX3M6vk=&u=U2FsdGVkX18j0uGjHKZL1nfCtFrPQNNs4l5QRhT9Kgo=&y=U2FsdGVkX1/0CuHoVm90YtAViXuvuuorcvygjMYSeMPnjabfiitv/5MQH7LuZ+AO HTTP/1.1" 200 1283
181.59.3.199 - - [14/Oct/2022:14:41:56 -0500] "GET /kwssiamovil/sm/des/acme/s?s=U2FsdGVkX191DewooMV8G15LHsGlWOlEDLWXkozpx8CvDSSqAaJpuncLnWG2/aPNGiTDJCJX+s9jQIQYDXgNDo6gQxAhnku3hmqz2c7bXaGIhdTHec8R1PSmfiQwRc+5pEsGANJycL48aLLukow3/w==&u=U2FsdGVkX18j0uGjHKZL1nfCtFrPQNNs4l5QRhT9Kgo=&y=U2FsdGVkX1/0CuHoVm90YtAViXuvuuorcvygjMYSeMPnjabfiitv/5MQH7LuZ+AO HTTP/1.1" 200 92
181.59.3.199 - - [14/Oct/2022:14:41:56 -0500] "GET /kwssiamovil/sm/des/acme/s?s=U2FsdGVkX1/ANXefn3ZQnB0NcFsOUlkBrs+BHKEtX1vl8ywe94lbThYfZ0gwwjuAtyrXWFan3+whqJexlQ1NoKaUJVfaK4+H7RWC6F4DfZaQnVwlZhrsCInNh6+UB9LRRpSEL7DCFMCaQl9/J1W8u/Yuk3TOBnb4wJT9mqqt3hmhPXYpt+xPh4tHQLCkVWVG0yLdEQVKhmKJJ0W0wnz+8emDsVE94z0eknWC0AD0pKpSdKoyJBERc584houasXbx1Ws3PbTnITIO/KyjC3i8EvPcKVGzUOWkfX0wV7ba1WcIfWHuuWn4vbQ5noVOF30JhfaUAUNaJYrJjQSLcXHF6g==&u=U2FsdGVkX18j0uGjHKZL1nfCtFrPQNNs4l5QRhT9Kgo=&y=U2FsdGVkX1/0CuHoVm90YtAViXuvuuorcvygjMYSeMPnjabfiitv/5MQH7LuZ+AO HTTP/1.1" 200 196
181.59.3.199 - - [14/Oct/2022:14:41:56 -0500] "GET /kwssiamovil/sm/des/cjson/pre?f=1&x=U2FsdGVkX184rEfkzipeZxr0PDlIVXf7mpE6EfIMkQ2R25cPlVBjsyPQz7shHrSR HTTP/1.1" 200 31177
201.245.192.253 - - [14/Oct/2022:14:41:58 -0500] "POST /kwsrmcab/Wsrmcab HTTP/1.1" 200 43541
201.245.192.253 - - [14/Oct/2022:14:42:00 -0500] "POST /kwsrmcab/Wsrmcab HTTP/1.1" 200 43271
186.102.38.227 - - [14/Oct/2022:14:42:16 -0500] "GET /BLA/resoluciones/Notificaciones/RESOLUCIONES%202022/03611.pdf HTTP/1.1" 206 1
186.102.38.227 - - [14/Oct/2022:14:42:16 -0500] "GET /BLA/resoluciones/Notificaciones/RESOLUCIONES%202022/03611.pdf HTTP/1.1" 206 890828
186.102.38.227 - - [14/Oct/2022:14:42:16 -0500] "GET /BLA/resoluciones/Notificaciones/RESOLUCIONES%202022/03611.pdf HTTP/1.1" 200 914356
186.102.38.227 - - [14/Oct/2022:14:42:21 -0500] "GET /BLA/resoluciones/Notificaciones/RESOLUCIONES%202022/03608.pdf HTTP/1.1" 200 916454
186.102.38.227 - - [14/Oct/2022:14:42:21 -0500] "GET /BLA/resoluciones/Notificaciones/RESOLUCIONES%202022/03608.pdf HTTP/1.1" 206 1025
186.102.38.227 - - [14/Oct/2022:14:42:21 -0500] "GET /BLA/resoluciones/Notificaciones/RESOLUCIONES%202022/03608.pdf HTTP/1.1" 200 916454
216.245.221.92 - - [14/Oct/2022:14:42:21 -0500] "HEAD / HTTP/1.1" 200 -
186.102.38.227 - - [14/Oct/2022:14:42:22 -0500] "GET /BLA/resoluciones/Notificaciones/RESOLUCIONES%202022/03608.pdf HTTP/1.1" 206 3072
186.102.38.227 - - [14/Oct/2022:14:42:23 -0500] "GET /BLA/resoluciones/Notificaciones/RESOLUCIONES%202022/03608.pdf HTTP/1.1" 206 912357
186.102.38.227 - - [14/Oct/2022:14:42:25 -0500] "GET /BLA/resoluciones/Notificaciones/RESOLUCIONES%202022/03327.pdf HTTP/1.1" 200 461035
186.102.38.227 - - [14/Oct/2022:14:42:25 -0500] "GET /BLA/resoluciones/Notificaciones/RESOLUCIONES%202022/03327.pdf HTTP/1.1" 200 461035
186.102.38.227 - - [14/Oct/2022:14:42:25 -0500] "GET /BLA/resoluciones/Notificaciones/RESOLUCIONES%202022/03327.pdf HTTP/1.1" 206 1025
186.102.38.227 - - [14/Oct/2022:14:42:28 -0500] "GET /BLA/resoluciones/Notificaciones/RESOLUCIONES%202022/03607.pdf HTTP/1.1" 200 912666
186.102.38.227 - - [14/Oct/2022:14:42:28 -0500] "GET /BLA/resoluciones/Notificaciones/RESOLUCIONES%202022/03607.pdf HTTP/1.1" 200 912666
186.102.38.227 - - [14/Oct/2022:14:42:28 -0500] "GET /BLA/resoluciones/Notificaciones/RESOLUCIONES%202022/03607.pdf HTTP/1.1" 206 1025
172.22.2.4 - - [14/Oct/2022:14:41:10 -0500] "HEAD /BLA/boletinlegal/ HTTP/1.1" 200 -
181.234.196.115 - - [14/Oct/2022:14:43:03 -0500] "GET /la-secretaria-de-ambiente-abre-nueva-convocatoria-para-su-programa-de-voluntariado-ambiental.html HTTP/1.1" 200 976
191.156.63.53 - - [14/Oct/2022:14:43:14 -0500] "GET /BLA/boletinlegal/niceforms-default.css HTTP/1.1" 200 6694
191.156.53.9 - - [14/Oct/2022:14:43:14 -0500] "GET /BLA/boletinlegal/niceforms.js HTTP/1.1" 200 22876
191.156.60.90 - - [14/Oct/2022:14:43:14 -0500] "GET /BLA/boletinlegal/styles2.css HTTP/1.1" 200 1838
191.156.50.23 - - [14/Oct/2022:14:43:14 -0500] "GET /BLA/boletinlegal/style.css HTTP/1.1" 200 9406
191.156.56.9 - - [14/Oct/2022:14:43:14 -0500] "GET /BLA/boletinlegal/js/ajax_actos.js HTTP/1.1" 200 1322
191.156.63.53 - - [14/Oct/2022:14:43:13 -0500] "GET /BLA/boletinlegal/actos.php HTTP/1.1" 200 9566
191.156.56.9 - - [14/Oct/2022:14:43:15 -0500] "GET /BLA/boletinlegal/js/popup.js HTTP/1.1" 200 1270
191.156.60.90 - - [14/Oct/2022:14:43:15 -0500] "GET /BLA/boletinlegal/js/lib.js HTTP/1.1" 200 6474
191.156.63.53 - - [14/Oct/2022:14:43:15 -0500] "GET /BLA/boletinlegal/js/jquery1.js HTTP/1.1" 200 29846
191.156.63.53 - - [14/Oct/2022:14:43:16 -0500] "GET /BLA/boletinlegal/images/cabezote%20BLEGAL.jpg HTTP/1.1" 200 118164
191.156.56.9 - - [14/Oct/2022:14:43:16 -0500] "GET /BLA/boletinlegal/images/subscribe-icon-big.png HTTP/1.1" 200 47702
191.156.50.23 - - [14/Oct/2022:14:43:16 -0500] "GET /BLA/boletinlegal/images/historia.png HTTP/1.1" 200 52775
191.156.53.9 - - [14/Oct/2022:14:43:16 -0500] "GET /BLA/boletinlegal/images/tel.png HTTP/1.1" 200 14477
191.156.60.90 - - [14/Oct/2022:14:43:16 -0500] "GET /BLA/boletinlegal/images/bg_top.jpg HTTP/1.1" 200 522
191.156.53.9 - - [14/Oct/2022:14:43:17 -0500] "GET /BLA/boletinlegal/images/footer_bg_l.jpg HTTP/1.1" 200 776
191.156.56.9 - - [14/Oct/2022:14:43:17 -0500] "GET /favicon.ico HTTP/1.1" 200 7782
191.156.53.9 - - [14/Oct/2022:14:43:17 -0500] "GET /BLA/boletinlegal/images/icono-email.png HTTP/1.1" 200 5544
191.156.48.227 - - [14/Oct/2022:14:43:17 -0500] "GET /BLA/boletinlegal/images/registro-usuarios.png HTTP/1.1" 200 8106
191.156.53.9 - - [14/Oct/2022:14:43:17 -0500] "GET /BLA/boletinlegal/images/green-yellow-blue-pink-th.png HTTP/1.1" 200 7394
191.156.63.53 - - [14/Oct/2022:14:43:17 -0500] "GET /BLA/boletinlegal/images/footer_bg.jpg HTTP/1.1" 200 586
191.156.50.23 - - [14/Oct/2022:14:43:17 -0500] "GET /BLA/boletinlegal/images/body_bg.jpg HTTP/1.1" 200 1601
191.156.50.23 - - [14/Oct/2022:14:43:18 -0500] "GET /BLA/boletinlegal/images/menu_rght.gif HTTP/1.1" 200 1627
191.156.63.53 - - [14/Oct/2022:14:43:18 -0500] "GET /BLA/boletinlegal/images/hover.jpg HTTP/1.1" 200 640
191.156.53.9 - - [14/Oct/2022:14:43:18 -0500] "GET /BLA/boletinlegal/images/text.jpg HTTP/1.1" 200 568
191.156.56.9 - - [14/Oct/2022:14:43:18 -0500] "GET /BLA/boletinlegal/images/menu_lft.gif HTTP/1.1" 200 1713
191.156.60.90 - - [14/Oct/2022:14:43:19 -0500] "GET /BLA/boletinlegal/images/menu_bg.jpg HTTP/1.1" 200 620
191.156.63.53 - - [14/Oct/2022:14:43:19 -0500] "GET /BLA/boletinlegal/img/0.png HTTP/1.1" 200 110
