191.156.156.212 - - [14/Oct/2022:19:20:29 -0500] "POST /sipse/faces/presentacion/financiero/solicitudProceso/listarSolicitudProceso.xhtml HTTP/1.1" 200 110012
191.156.147.197 - - [14/Oct/2022:19:20:31 -0500] "GET /sipse/faces/javax.faces.resource/primefaces.css?ln=primefaces&v=4.0 HTTP/1.1" 304 -
191.156.156.212 - - [14/Oct/2022:19:20:31 -0500] "GET /sipse/faces/javax.faces.resource/theme.css?ln=primefaces-sipse HTTP/1.1" 304 -
191.156.151.105 - - [14/Oct/2022:19:20:31 -0500] "GET /sipse/faces/javax.faces.resource/layout/layout.css?ln=primefaces&v=4.0 HTTP/1.1" 304 -
191.156.151.105 - - [14/Oct/2022:19:20:31 -0500] "GET /sipse/faces/javax.faces.resource/jquery/jquery.js?ln=primefaces&v=4.0 HTTP/1.1" 304 -
191.156.151.105 - - [14/Oct/2022:19:20:31 -0500] "GET /sipse/faces/javax.faces.resource/jquery/jquery-plugins.js?ln=primefaces&v=4.0 HTTP/1.1" 304 -
191.156.151.105 - - [14/Oct/2022:19:20:31 -0500] "GET /sipse/faces/javax.faces.resource/primefaces.js?ln=primefaces&v=4.0 HTTP/1.1" 304 -
191.156.151.105 - - [14/Oct/2022:19:20:31 -0500] "GET /sipse/faces/javax.faces.resource/layout/layout.js?ln=primefaces&v=4.0 HTTP/1.1" 304 -
191.156.151.105 - - [14/Oct/2022:19:20:39 -0500] "POST /sipse/faces/presentacion/financiero/solicitudProceso/consultarSolicitudProceso.xhtml HTTP/1.1" 200 43374
191.156.151.105 - - [14/Oct/2022:19:20:42 -0500] "GET /sipse/faces/javax.faces.resource/theme.css?ln=primefaces-sipse HTTP/1.1" 304 -
191.156.147.197 - - [14/Oct/2022:19:20:42 -0500] "GET /sipse/faces/javax.faces.resource/layout/layout.css?ln=primefaces&v=4.0 HTTP/1.1" 304 -
191.156.156.212 - - [14/Oct/2022:19:20:42 -0500] "GET /sipse/faces/javax.faces.resource/primefaces.css?ln=primefaces&v=4.0 HTTP/1.1" 304 -
191.156.151.105 - - [14/Oct/2022:19:20:42 -0500] "GET /sipse/faces/javax.faces.resource/jquery/jquery.js?ln=primefaces&v=4.0 HTTP/1.1" 304 -
191.156.151.105 - - [14/Oct/2022:19:20:42 -0500] "GET /sipse/faces/javax.faces.resource/jquery/jquery-plugins.js?ln=primefaces&v=4.0 HTTP/1.1" 304 -
191.156.151.105 - - [14/Oct/2022:19:20:42 -0500] "GET /sipse/faces/javax.faces.resource/primefaces.js?ln=primefaces&v=4.0 HTTP/1.1" 304 -
191.156.151.105 - - [14/Oct/2022:19:20:43 -0500] "GET /sipse/faces/javax.faces.resource/layout/layout.js?ln=primefaces&v=4.0 HTTP/1.1" 304 -
191.156.151.105 - - [14/Oct/2022:19:20:43 -0500] "POST /sipse/faces/presentacion/financiero/solicitudProceso/listarSolicitudProceso.xhtml HTTP/1.1" 200 1444
191.156.151.105 - - [14/Oct/2022:19:20:47 -0500] "POST /sipse/faces/presentacion/financiero/solicitudProceso/listarSolicitudProceso.xhtml HTTP/1.1" 200 113941
191.156.151.105 - - [14/Oct/2022:19:20:49 -0500] "GET /sipse/faces/javax.faces.resource/theme.css?ln=primefaces-sipse HTTP/1.1" 304 -
191.156.156.212 - - [14/Oct/2022:19:20:49 -0500] "GET /sipse/faces/javax.faces.resource/primefaces.css?ln=primefaces&v=4.0 HTTP/1.1" 304 -
191.156.147.197 - - [14/Oct/2022:19:20:49 -0500] "GET /sipse/faces/javax.faces.resource/layout/layout.css?ln=primefaces&v=4.0 HTTP/1.1" 304 -
191.156.147.197 - - [14/Oct/2022:19:20:49 -0500] "GET /sipse/faces/javax.faces.resource/jquery/jquery.js?ln=primefaces&v=4.0 HTTP/1.1" 304 -
191.156.147.197 - - [14/Oct/2022:19:20:49 -0500] "GET /sipse/faces/javax.faces.resource/jquery/jquery-plugins.js?ln=primefaces&v=4.0 HTTP/1.1" 304 -
191.156.147.197 - - [14/Oct/2022:19:20:49 -0500] "GET /sipse/faces/javax.faces.resource/primefaces.js?ln=primefaces&v=4.0 HTTP/1.1" 304 -
191.156.147.197 - - [14/Oct/2022:19:20:49 -0500] "GET /sipse/faces/javax.faces.resource/layout/layout.js?ln=primefaces&v=4.0 HTTP/1.1" 304 -
191.156.147.197 - - [14/Oct/2022:19:20:55 -0500] "POST /sipse/faces/presentacion/financiero/solicitudProceso/consultarSolicitudProceso.xhtml HTTP/1.1" 200 40408
191.156.147.197 - - [14/Oct/2022:19:20:58 -0500] "GET /sipse/faces/javax.faces.resource/theme.css?ln=primefaces-sipse HTTP/1.1" 304 -
191.156.151.105 - - [14/Oct/2022:19:20:58 -0500] "GET /sipse/faces/javax.faces.resource/layout/layout.css?ln=primefaces&v=4.0 HTTP/1.1" 304 -
191.156.156.212 - - [14/Oct/2022:19:20:58 -0500] "GET /sipse/faces/javax.faces.resource/primefaces.css?ln=primefaces&v=4.0 HTTP/1.1" 304 -
191.156.151.105 - - [14/Oct/2022:19:20:58 -0500] "GET /sipse/faces/javax.faces.resource/jquery/jquery.js?ln=primefaces&v=4.0 HTTP/1.1" 304 -
191.156.151.105 - - [14/Oct/2022:19:20:58 -0500] "GET /sipse/faces/javax.faces.resource/jquery/jquery-plugins.js?ln=primefaces&v=4.0 HTTP/1.1" 304 -
191.156.151.105 - - [14/Oct/2022:19:20:58 -0500] "GET /sipse/faces/javax.faces.resource/primefaces.js?ln=primefaces&v=4.0 HTTP/1.1" 304 -
191.156.151.105 - - [14/Oct/2022:19:20:58 -0500] "GET /sipse/faces/javax.faces.resource/layout/layout.js?ln=primefaces&v=4.0 HTTP/1.1" 304 -
191.156.151.105 - - [14/Oct/2022:19:20:59 -0500] "POST /sipse/faces/presentacion/financiero/solicitudProceso/listarSolicitudProceso.xhtml HTTP/1.1" 200 1416
5.255.253.174 - - [14/Oct/2022:19:21:01 -0500] "-" 408 -
87.250.224.35 - - [14/Oct/2022:19:21:06 -0500] "-" 408 -
191.156.151.105 - - [14/Oct/2022:19:21:07 -0500] "POST /sipse/faces/presentacion/financiero/solicitudProceso/listarSolicitudProceso.xhtml HTTP/1.1" 200 108533
191.156.156.212 - - [14/Oct/2022:19:21:08 -0500] "GET /sipse/faces/javax.faces.resource/layout/layout.css?ln=primefaces&v=4.0 HTTP/1.1" 304 -
191.156.147.197 - - [14/Oct/2022:19:21:08 -0500] "GET /sipse/faces/javax.faces.resource/primefaces.css?ln=primefaces&v=4.0 HTTP/1.1" 304 -
191.156.151.105 - - [14/Oct/2022:19:21:08 -0500] "GET /sipse/faces/javax.faces.resource/theme.css?ln=primefaces-sipse HTTP/1.1" 304 -
191.156.156.212 - - [14/Oct/2022:19:21:08 -0500] "GET /sipse/faces/javax.faces.resource/jquery/jquery.js?ln=primefaces&v=4.0 HTTP/1.1" 304 -
191.156.156.212 - - [14/Oct/2022:19:21:08 -0500] "GET /sipse/faces/javax.faces.resource/jquery/jquery-plugins.js?ln=primefaces&v=4.0 HTTP/1.1" 304 -
191.156.156.212 - - [14/Oct/2022:19:21:08 -0500] "GET /sipse/faces/javax.faces.resource/primefaces.js?ln=primefaces&v=4.0 HTTP/1.1" 304 -
191.156.156.212 - - [14/Oct/2022:19:21:08 -0500] "GET /sipse/faces/javax.faces.resource/layout/layout.js?ln=primefaces&v=4.0 HTTP/1.1" 304 -
5.45.207.133 - - [14/Oct/2022:19:21:11 -0500] "-" 408 -
87.250.224.4 - - [14/Oct/2022:19:21:16 -0500] "-" 408 -
191.156.156.212 - - [14/Oct/2022:19:21:15 -0500] "POST /sipse/faces/presentacion/financiero/solicitudProceso/consultarSolicitudProceso.xhtml HTTP/1.1" 200 37343
191.156.156.212 - - [14/Oct/2022:19:21:17 -0500] "GET /sipse/faces/javax.faces.resource/theme.css?ln=primefaces-sipse HTTP/1.1" 304 -
191.156.147.197 - - [14/Oct/2022:19:21:17 -0500] "GET /sipse/faces/javax.faces.resource/layout/layout.css?ln=primefaces&v=4.0 HTTP/1.1" 304 -
191.156.151.105 - - [14/Oct/2022:19:21:17 -0500] "GET /sipse/faces/javax.faces.resource/primefaces.css?ln=primefaces&v=4.0 HTTP/1.1" 304 -
191.156.147.197 - - [14/Oct/2022:19:21:18 -0500] "GET /sipse/faces/javax.faces.resource/jquery/jquery.js?ln=primefaces&v=4.0 HTTP/1.1" 304 -
191.156.147.197 - - [14/Oct/2022:19:21:18 -0500] "GET /sipse/faces/javax.faces.resource/jquery/jquery-plugins.js?ln=primefaces&v=4.0 HTTP/1.1" 304 -
191.156.147.197 - - [14/Oct/2022:19:21:18 -0500] "GET /sipse/faces/javax.faces.resource/primefaces.js?ln=primefaces&v=4.0 HTTP/1.1" 304 -
191.156.147.197 - - [14/Oct/2022:19:21:18 -0500] "GET /sipse/faces/javax.faces.resource/layout/layout.js?ln=primefaces&v=4.0 HTTP/1.1" 304 -
191.156.147.197 - - [14/Oct/2022:19:21:19 -0500] "POST /sipse/faces/presentacion/financiero/solicitudProceso/listarSolicitudProceso.xhtml HTTP/1.1" 200 1400
191.156.147.197 - - [14/Oct/2022:19:21:21 -0500] "POST /sipse/faces/presentacion/financiero/solicitudProceso/listarSolicitudProceso.xhtml HTTP/1.1" 200 108739
191.156.151.105 - - [14/Oct/2022:19:21:22 -0500] "GET /sipse/faces/javax.faces.resource/theme.css?ln=primefaces-sipse HTTP/1.1" 304 -
191.156.156.212 - - [14/Oct/2022:19:21:22 -0500] "GET /sipse/faces/javax.faces.resource/layout/layout.css?ln=primefaces&v=4.0 HTTP/1.1" 304 -
191.156.147.197 - - [14/Oct/2022:19:21:22 -0500] "GET /sipse/faces/javax.faces.resource/primefaces.css?ln=primefaces&v=4.0 HTTP/1.1" 304 -
191.156.147.197 - - [14/Oct/2022:19:21:22 -0500] "GET /sipse/faces/javax.faces.resource/jquery/jquery.js?ln=primefaces&v=4.0 HTTP/1.1" 304 -
191.156.147.197 - - [14/Oct/2022:19:21:22 -0500] "GET /sipse/faces/javax.faces.resource/jquery/jquery-plugins.js?ln=primefaces&v=4.0 HTTP/1.1" 304 -
191.156.147.197 - - [14/Oct/2022:19:21:22 -0500] "GET /sipse/faces/javax.faces.resource/primefaces.js?ln=primefaces&v=4.0 HTTP/1.1" 304 -
191.156.147.197 - - [14/Oct/2022:19:21:23 -0500] "GET /sipse/faces/javax.faces.resource/layout/layout.js?ln=primefaces&v=4.0 HTTP/1.1" 304 -
87.250.224.175 - - [14/Oct/2022:19:21:31 -0500] "-" 408 -
191.156.147.197 - - [14/Oct/2022:19:21:29 -0500] "POST /sipse/faces/presentacion/financiero/solicitudProceso/consultarSolicitudProceso.xhtml HTTP/1.1" 200 34134
191.156.151.105 - - [14/Oct/2022:19:21:32 -0500] "GET /sipse/faces/javax.faces.resource/layout/layout.css?ln=primefaces&v=4.0 HTTP/1.1" 304 -
191.156.147.197 - - [14/Oct/2022:19:21:32 -0500] "GET /sipse/faces/javax.faces.resource/theme.css?ln=primefaces-sipse HTTP/1.1" 304 -
191.156.156.212 - - [14/Oct/2022:19:21:32 -0500] "GET /sipse/faces/javax.faces.resource/primefaces.css?ln=primefaces&v=4.0 HTTP/1.1" 304 -
191.156.156.212 - - [14/Oct/2022:19:21:32 -0500] "GET /sipse/faces/javax.faces.resource/jquery/jquery.js?ln=primefaces&v=4.0 HTTP/1.1" 304 -
191.156.156.212 - - [14/Oct/2022:19:21:32 -0500] "GET /sipse/faces/javax.faces.resource/jquery/jquery-plugins.js?ln=primefaces&v=4.0 HTTP/1.1" 304 -
191.156.156.212 - - [14/Oct/2022:19:21:32 -0500] "GET /sipse/faces/javax.faces.resource/primefaces.js?ln=primefaces&v=4.0 HTTP/1.1" 304 -
191.156.156.212 - - [14/Oct/2022:19:21:33 -0500] "GET /sipse/faces/javax.faces.resource/layout/layout.js?ln=primefaces&v=4.0 HTTP/1.1" 304 -
191.156.156.212 - - [14/Oct/2022:19:21:33 -0500] "POST /sipse/faces/presentacion/financiero/solicitudProceso/listarSolicitudProceso.xhtml HTTP/1.1" 200 1376
87.250.224.120 - - [14/Oct/2022:19:21:46 -0500] "-" 408 -
192.126.161.24 - - [14/Oct/2022:19:21:55 -0500] "-" 408 -
201.245.192.253 - - [14/Oct/2022:19:21:57 -0500] "POST /kwsrmcab/Wsrmcab HTTP/1.1" 200 43811
201.245.192.253 - - [14/Oct/2022:19:21:59 -0500] "POST /kwsrmcab/Wsrmcab HTTP/1.1" 200 44059
213.180.203.3 - - [14/Oct/2022:19:22:16 -0500] "-" 408 -
216.245.221.92 - - [14/Oct/2022:19:22:20 -0500] "HEAD / HTTP/1.1" 200 -
50.114.92.165 - - [14/Oct/2022:19:22:25 -0500] "-" 408 -
172.22.2.4 - - [14/Oct/2022:19:21:09 -0500] "HEAD /BLA/boletinlegal/ HTTP/1.1" 200 -
192.126.139.162 - - [14/Oct/2022:19:22:55 -0500] "-" 408 -
5.255.253.166 - - [14/Oct/2022:19:23:16 -0500] "-" 408 -
172.22.2.4 - - [14/Oct/2022:19:21:59 -0500] "GET /BLA/boletinlegal/ HTTP/1.1" 200 59828
213.180.203.85 - - [14/Oct/2022:19:24:16 -0500] "-" 408 -
201.245.192.253 - - [14/Oct/2022:19:24:39 -0500] "POST /kwsrmcab/Wsrmcab  HTTP/1.1" 200 43296
49.7.21.72 - - [14/Oct/2022:19:25:52 -0500] "-" 408 -
87.250.224.65 - - [14/Oct/2022:19:26:43 -0500] "-" 408 -
216.245.221.92 - - [14/Oct/2022:19:27:20 -0500] "HEAD / HTTP/1.1" 200 -
172.22.2.4 - - [14/Oct/2022:19:26:59 -0500] "HEAD /BLA/boletinlegal/ HTTP/1.1" 200 -
172.22.2.4 - - [14/Oct/2022:19:27:49 -0500] "GET /BLA/boletinlegal/ HTTP/1.1" 200 59828
201.245.192.253 - - [14/Oct/2022:19:29:36 -0500] "POST /kwsrmcab/Wsrmcab  HTTP/1.1" 200 43296
5.255.231.244 - - [14/Oct/2022:19:30:02 -0500] "-" 408 -
201.245.192.253 - - [14/Oct/2022:19:31:57 -0500] "POST /kwsrmcab/Wsrmcab HTTP/1.1" 200 43811
201.245.192.253 - - [14/Oct/2022:19:32:00 -0500] "POST /kwsrmcab/Wsrmcab HTTP/1.1" 200 44059
216.245.221.92 - - [14/Oct/2022:19:32:20 -0500] "HEAD / HTTP/1.1" 200 -
152.89.196.211 - - [14/Oct/2022:19:32:36 -0500] "GET /?a=fetch&content=<php>die(@md5(HelloThinkCMF))</php> HTTP/1.1" 200 319
186.155.18.90 - - [14/Oct/2022:19:33:37 -0500] "GET /la-secretaria-de-ambiente-abre-nueva-convocatoria-para-su-programa-de-voluntariado-ambiental.html HTTP/1.1" 304 -
172.22.2.4 - - [14/Oct/2022:19:32:49 -0500] "HEAD /BLA/boletinlegal/ HTTP/1.1" 200 -
186.154.127.242 - - [14/Oct/2022:19:34:31 -0500] "GET /BLA/resoluciones/ HTTP/1.1" 200 13093
186.154.127.242 - - [14/Oct/2022:19:34:35 -0500] "GET /BLA/resoluciones/index.php?dir=AUTOS+2014%2F HTTP/1.1" 200 883517
201.245.192.253 - - [14/Oct/2022:19:34:35 -0500] "POST /kwsrmcab/Wsrmcab  HTTP/1.1" 200 43296
172.22.2.4 - - [14/Oct/2022:19:35:04 -0500] "GET /BLA/boletinlegal/favicon.ico HTTP/1.1" 404 1140
172.22.2.4 - - [14/Oct/2022:19:33:39 -0500] "GET /BLA/boletinlegal/ HTTP/1.1" 200 59828
5.255.231.131 - - [14/Oct/2022:19:35:23 -0500] "-" 408 -
191.95.51.124 - - [14/Oct/2022:19:35:53 -0500] "GET /la-secretaria-de-ambiente-abre-nueva-convocatoria-para-su-programa-de-voluntariado-ambiental.html HTTP/1.1" 200 976
190.25.98.253 - - [14/Oct/2022:19:36:54 -0500] "GET /kwssiamovil/sm/acme/u?s=U2FsdGVkX19AJCMTzfBkjKQjWhftVRyqvaJ0px0uG3giwyLVt4opiLRPYrjJgPGnmbyJay8yj0eW27X/Fe1N3OdJFRvbEjffaSycEm9M3v9Xrv4kJ3Kn0/loBNqMfmaPAEITfb6mzi0dRhkFhtHWHA==&u=U2FsdGVkX19YLbMj2Vz4Z2BqYQO/h1MEOyYD2e0hgSs=&y=U2FsdGVkX1/pMiRW6EKWPIyM4FOIbOd8EYSELrGdcuM= HTTP/1.1" 200 60
172.22.2.4 - - [14/Oct/2022:19:35:21 -0500] "GET /BLA/boletinlegal/ HTTP/1.1" 200 62772
216.245.221.92 - - [14/Oct/2022:19:37:20 -0500] "HEAD / HTTP/1.1" 200 -
186.30.181.4 - - [14/Oct/2022:19:37:53 -0500] "GET /la-secretaria-de-ambiente-abre-nueva-convocatoria-para-su-programa-de-voluntariado-ambiental.html HTTP/1.1" 200 976
114.119.141.69 - - [14/Oct/2022:19:38:09 -0500] "GET /BLA/resoluciones/RESOLUCIONES%202010/1453.pdf HTTP/1.1" 200 388027
172.22.2.4 - - [14/Oct/2022:19:37:46 -0500] "GET /BLA/boletinlegal/ HTTP/1.1" 200 32715
172.22.2.4 - - [14/Oct/2022:19:39:11 -0500] "GET /BLA/boletinlegal/Circulares/2019/.pdf HTTP/1.1" 404 1218
172.22.2.4 - - [14/Oct/2022:19:39:21 -0500] "GET /BLA/boletinlegal/Circulares/2012/Circular%20No.%2010%20del%2026%20de%20Enero%20de%202012.pdf HTTP/1.1" 404 1218
201.245.192.253 - - [14/Oct/2022:19:39:35 -0500] "POST /kwsrmcab/Wsrmcab  HTTP/1.1" 200 43296
192.133.77.17 - - [14/Oct/2022:19:39:57 -0500] "GET /images/actividades-dia-tierra-22-abril.jpg HTTP/1.1" 200 77276
114.119.141.53 - - [14/Oct/2022:19:40:02 -0500] "GET /BLA/resoluciones/RESOLUCIONES%202010/0109.pdf HTTP/1.1" 200 509190
172.22.2.4 - - [14/Oct/2022:19:38:39 -0500] "HEAD /BLA/boletinlegal/ HTTP/1.1" 200 -
207.46.13.84 - - [14/Oct/2022:19:40:47 -0500] "GET /BLA/resoluciones/AUTOS%202013/0240.pdf HTTP/1.1" 200 1652478
172.22.2.4 - - [14/Oct/2022:19:39:29 -0500] "GET /BLA/boletinlegal/ HTTP/1.1" 200 52877
201.245.192.253 - - [14/Oct/2022:19:41:57 -0500] "POST /kwsrmcab/Wsrmcab HTTP/1.1" 200 43811
201.245.192.253 - - [14/Oct/2022:19:41:59 -0500] "POST /kwsrmcab/Wsrmcab HTTP/1.1" 200 44059
216.245.221.92 - - [14/Oct/2022:19:42:20 -0500] "HEAD / HTTP/1.1" 200 -
157.55.39.25 - - [14/Oct/2022:19:43:16 -0500] "GET /BLA/resoluciones/RESOLUCIONES%202000/2000%201350-1399.tif HTTP/1.1" 200 5177378
186.28.24.196 - - [14/Oct/2022:19:43:39 -0500] "POST /sipse/faces/presentacion/financiero/solicitudProceso/consultarSolicitudProceso.xhtml HTTP/1.1" 200 122958
186.28.24.196 - - [14/Oct/2022:19:43:34 -0500] "POST /sipse/faces/presentacion/financiero/solicitudProceso/consultarSolicitudProceso.xhtml HTTP/1.1" 200 23875
207.46.13.190 - - [14/Oct/2022:19:43:49 -0500] "GET /BLA/resoluciones/AUTOS%202011/5212.pdf HTTP/1.1" 304 -
114.119.141.69 - - [14/Oct/2022:19:44:02 -0500] "GET /BLA/resoluciones/RESOLUCIONES%202010/5951.pdf HTTP/1.1" 200 83079
181.237.16.40 - - [14/Oct/2022:19:44:11 -0500] "GET /sipse/faces/index.xhtml HTTP/1.1" 200 677
181.237.16.40 - - [14/Oct/2022:19:44:11 -0500] "GET /sipse/faces/javax.faces.resource/theme.css?ln=primefaces-sipse HTTP/1.1" 304 -
181.237.16.40 - - [14/Oct/2022:19:44:11 -0500] "GET /sipse/faces/faces/autenticacion.xhtml HTTP/1.1" 200 12181
181.237.16.40 - - [14/Oct/2022:19:44:11 -0500] "GET /sipse/faces/javax.faces.resource/theme.css?ln=primefaces-sipse HTTP/1.1" 304 -
181.237.16.40 - - [14/Oct/2022:19:44:11 -0500] "GET /sipse/js/disable_browser_buttons.js HTTP/1.1" 304 -
181.237.16.40 - - [14/Oct/2022:19:44:11 -0500] "GET /sipse/js/funciones.js HTTP/1.1" 304 -
181.237.16.40 - - [14/Oct/2022:19:44:11 -0500] "GET /sipse/css/custom_css_sg.css HTTP/1.1" 304 -
181.237.16.40 - - [14/Oct/2022:19:44:11 -0500] "GET /sipse/css/custom_css_sg_prime_login.css HTTP/1.1" 304 -
181.237.16.40 - - [14/Oct/2022:19:44:11 -0500] "GET /sipse/faces/javax.faces.resource/primefaces.css?ln=primefaces&v=4.0 HTTP/1.1" 304 -
181.237.16.40 - - [14/Oct/2022:19:44:11 -0500] "GET /sipse/faces/javax.faces.resource/layout/layout.css?ln=primefaces&v=4.0 HTTP/1.1" 304 -
181.237.16.40 - - [14/Oct/2022:19:44:11 -0500] "GET /sipse/faces/javax.faces.resource/jquery/jquery.js?ln=primefaces&v=4.0 HTTP/1.1" 304 -
181.237.16.40 - - [14/Oct/2022:19:44:11 -0500] "GET /sipse/faces/javax.faces.resource/jquery/jquery-plugins.js?ln=primefaces&v=4.0 HTTP/1.1" 304 -
181.237.16.40 - - [14/Oct/2022:19:44:11 -0500] "GET /sipse/faces/javax.faces.resource/primefaces.js?ln=primefaces&v=4.0 HTTP/1.1" 304 -
181.237.16.40 - - [14/Oct/2022:19:44:11 -0500] "GET /sipse/faces/javax.faces.resource/layout/layout.js?ln=primefaces&v=4.0 HTTP/1.1" 304 -
181.237.16.40 - - [14/Oct/2022:19:44:12 -0500] "GET /sipse/css/imagen/logoSDG.png HTTP/1.1" 304 -
181.237.16.40 - - [14/Oct/2022:19:44:12 -0500] "GET /sipse/css/imagen/loginimg.png HTTP/1.1" 304 -
181.237.16.40 - - [14/Oct/2022:19:44:12 -0500] "GET /sipse/faces/javax.faces.resource/images/ui-icons_898989_256x240.png?ln=primefaces-aristo HTTP/1.1" 304 -
5.45.207.72 - - [14/Oct/2022:19:44:14 -0500] "-" 408 -
181.237.16.40 - - [14/Oct/2022:19:44:15 -0500] "POST /sipse/faces/autenticacion.xhtml HTTP/1.1" 200 2223
181.237.16.40 - - [14/Oct/2022:19:44:15 -0500] "GET /sipse/faces/javax.faces.resource/messages/messages.png?ln=primefaces&v=4.0 HTTP/1.1" 304 -
181.237.16.40 - - [14/Oct/2022:19:44:16 -0500] "POST /sipse/faces/autenticacion.xhtml HTTP/1.1" 200 16250
181.237.16.40 - - [14/Oct/2022:19:44:17 -0500] "GET /sipse/faces/javax.faces.resource/theme.css?ln=primefaces-sipse HTTP/1.1" 304 -
181.237.16.40 - - [14/Oct/2022:19:44:17 -0500] "GET /sipse/faces/javax.faces.resource/primefaces.css?ln=primefaces&v=4.0 HTTP/1.1" 304 -
181.237.16.40 - - [14/Oct/2022:19:44:17 -0500] "GET /sipse/faces/javax.faces.resource/layout/layout.css?ln=primefaces&v=4.0 HTTP/1.1" 304 -
181.237.16.40 - - [14/Oct/2022:19:44:17 -0500] "GET /sipse/css/custom_css_sg_prime.css HTTP/1.1" 304 -
181.237.16.40 - - [14/Oct/2022:19:44:17 -0500] "GET /sipse/js/jquery.min.js HTTP/1.1" 304 -
181.237.16.40 - - [14/Oct/2022:19:44:17 -0500] "GET /sipse/faces/javax.faces.resource/jquery/jquery.js?ln=primefaces&v=4.0 HTTP/1.1" 304 -
181.237.16.40 - - [14/Oct/2022:19:44:17 -0500] "GET /sipse/faces/javax.faces.resource/jquery/jquery-plugins.js?ln=primefaces&v=4.0 HTTP/1.1" 304 -
181.237.16.40 - - [14/Oct/2022:19:44:17 -0500] "GET /sipse/faces/javax.faces.resource/primefaces.js?ln=primefaces&v=4.0 HTTP/1.1" 304 -
181.237.16.40 - - [14/Oct/2022:19:44:17 -0500] "GET /sipse/faces/javax.faces.resource/layout/layout.js?ln=primefaces&v=4.0 HTTP/1.1" 304 -
181.237.16.40 - - [14/Oct/2022:19:44:17 -0500] "GET /sipse/css/imagen/contrasena.png HTTP/1.1" 404 383
181.237.16.40 - - [14/Oct/2022:19:44:17 -0500] "GET /sipse/imagenes/cargando.gif HTTP/1.1" 304 -
181.237.16.40 - - [14/Oct/2022:19:44:17 -0500] "GET /sipse/imagenes/logoAplicacion.jpg HTTP/1.1" 304 -
181.237.16.40 - - [14/Oct/2022:19:44:19 -0500] "GET /sipse/faces/javax.faces.resource/images/ui-bg_flat_0_2d5972_40x100.png?ln=primefaces-aristo HTTP/1.1" 304 -
181.237.16.40 - - [14/Oct/2022:19:44:19 -0500] "POST /sipse/faces/bienvenido.xhtml HTTP/1.1" 200 2658
181.237.16.40 - - [14/Oct/2022:19:44:20 -0500] "POST /sipse/faces/bienvenido.xhtml HTTP/1.1" 200 2073
181.237.16.40 - - [14/Oct/2022:19:44:21 -0500] "POST /sipse/faces/bienvenido.xhtml HTTP/1.1" 200 40745
181.237.16.40 - - [14/Oct/2022:19:44:21 -0500] "GET /sipse/faces/javax.faces.resource/primefaces.css?ln=primefaces&v=4.0 HTTP/1.1" 304 -
181.237.16.40 - - [14/Oct/2022:19:44:21 -0500] "GET /sipse/faces/javax.faces.resource/theme.css?ln=primefaces-sipse HTTP/1.1" 304 -
181.237.16.40 - - [14/Oct/2022:19:44:21 -0500] "GET /sipse/faces/javax.faces.resource/layout/layout.css?ln=primefaces&v=4.0 HTTP/1.1" 304 -
181.237.16.40 - - [14/Oct/2022:19:44:21 -0500] "GET /sipse/faces/javax.faces.resource/jquery/jquery.js?ln=primefaces&v=4.0 HTTP/1.1" 304 -
181.237.16.40 - - [14/Oct/2022:19:44:21 -0500] "GET /sipse/faces/javax.faces.resource/jquery/jquery-plugins.js?ln=primefaces&v=4.0 HTTP/1.1" 304 -
181.237.16.40 - - [14/Oct/2022:19:44:22 -0500] "GET /sipse/faces/javax.faces.resource/primefaces.js?ln=primefaces&v=4.0 HTTP/1.1" 304 -
181.237.16.40 - - [14/Oct/2022:19:44:22 -0500] "GET /sipse/faces/javax.faces.resource/layout/layout.js?ln=primefaces&v=4.0 HTTP/1.1" 304 -
181.237.16.40 - - [14/Oct/2022:19:44:29 -0500] "POST /sipse/faces/presentacion/financiero/solicitudProceso/consultar.xhtml HTTP/1.1" 200 12974
181.237.16.40 - - [14/Oct/2022:19:44:31 -0500] "POST /sipse/faces/presentacion/financiero/solicitudProceso/consultar.xhtml HTTP/1.1" 200 112583
181.237.16.40 - - [14/Oct/2022:19:44:31 -0500] "GET /sipse/faces/javax.faces.resource/theme.css?ln=primefaces-sipse HTTP/1.1" 304 -
181.237.16.40 - - [14/Oct/2022:19:44:31 -0500] "GET /sipse/faces/javax.faces.resource/primefaces.css?ln=primefaces&v=4.0 HTTP/1.1" 304 -
181.237.16.40 - - [14/Oct/2022:19:44:31 -0500] "GET /sipse/faces/javax.faces.resource/layout/layout.css?ln=primefaces&v=4.0 HTTP/1.1" 304 -
181.237.16.40 - - [14/Oct/2022:19:44:32 -0500] "GET /sipse/faces/javax.faces.resource/jquery/jquery.js?ln=primefaces&v=4.0 HTTP/1.1" 304 -
181.237.16.40 - - [14/Oct/2022:19:44:32 -0500] "GET /sipse/faces/javax.faces.resource/jquery/jquery-plugins.js?ln=primefaces&v=4.0 HTTP/1.1" 304 -
181.237.16.40 - - [14/Oct/2022:19:44:32 -0500] "GET /sipse/faces/javax.faces.resource/primefaces.js?ln=primefaces&v=4.0 HTTP/1.1" 304 -
181.237.16.40 - - [14/Oct/2022:19:44:32 -0500] "GET /sipse/faces/javax.faces.resource/layout/layout.js?ln=primefaces&v=4.0 HTTP/1.1" 304 -
201.245.192.253 - - [14/Oct/2022:19:44:34 -0500] "POST /kwsrmcab/Wsrmcab  HTTP/1.1" 200 43296
186.28.24.196 - - [14/Oct/2022:19:44:51 -0500] "POST /sipse/faces/presentacion/financiero/solicitudProceso/consultarSolicitudProceso.xhtml HTTP/1.1" 200 5447
186.28.24.196 - - [14/Oct/2022:19:45:35 -0500] "POST /sipse/faces/presentacion/financiero/solicitudProceso/consultarSolicitudProceso.xhtml HTTP/1.1" 200 66296
186.28.24.196 - - [14/Oct/2022:19:45:38 -0500] "GET /sipse/faces/javax.faces.resource/theme.css?ln=primefaces-sipse HTTP/1.1" 304 -
186.28.24.196 - - [14/Oct/2022:19:45:38 -0500] "GET /sipse/faces/javax.faces.resource/primefaces.css?ln=primefaces&v=4.0 HTTP/1.1" 304 -
186.28.24.196 - - [14/Oct/2022:19:45:38 -0500] "GET /sipse/faces/javax.faces.resource/jquery/jquery.js?ln=primefaces&v=4.0 HTTP/1.1" 304 -
186.28.24.196 - - [14/Oct/2022:19:45:38 -0500] "GET /sipse/faces/javax.faces.resource/jquery/jquery-plugins.js?ln=primefaces&v=4.0 HTTP/1.1" 304 -
186.28.24.196 - - [14/Oct/2022:19:45:38 -0500] "GET /sipse/faces/javax.faces.resource/layout/layout.css?ln=primefaces&v=4.0 HTTP/1.1" 304 -
186.28.24.196 - - [14/Oct/2022:19:45:38 -0500] "GET /sipse/faces/javax.faces.resource/primefaces.js?ln=primefaces&v=4.0 HTTP/1.1" 304 -
186.28.24.196 - - [14/Oct/2022:19:45:38 -0500] "GET /sipse/faces/javax.faces.resource/layout/layout.js?ln=primefaces&v=4.0 HTTP/1.1" 304 -
186.28.24.196 - - [14/Oct/2022:19:45:38 -0500] "POST /sipse/faces/presentacion/financiero/solicitudProceso/listarSolicitudProceso.xhtml HTTP/1.1" 200 1560
186.28.24.196 - - [14/Oct/2022:19:45:40 -0500] "POST /sipse/faces/presentacion/financiero/solicitudProceso/listarSolicitudProceso.xhtml HTTP/1.1" 200 26113
186.28.24.196 - - [14/Oct/2022:19:45:41 -0500] "POST /sipse/faces/presentacion/financiero/solicitudProceso/listarSolicitudProceso.xhtml HTTP/1.1" 200 112175
186.28.24.196 - - [14/Oct/2022:19:45:42 -0500] "GET /sipse/faces/javax.faces.resource/theme.css?ln=primefaces-sipse HTTP/1.1" 304 -
186.28.24.196 - - [14/Oct/2022:19:45:42 -0500] "GET /sipse/faces/javax.faces.resource/layout/layout.css?ln=primefaces&v=4.0 HTTP/1.1" 304 -
186.28.24.196 - - [14/Oct/2022:19:45:42 -0500] "GET /sipse/faces/javax.faces.resource/primefaces.css?ln=primefaces&v=4.0 HTTP/1.1" 304 -
186.28.24.196 - - [14/Oct/2022:19:45:42 -0500] "GET /sipse/faces/javax.faces.resource/jquery/jquery.js?ln=primefaces&v=4.0 HTTP/1.1" 304 -
186.28.24.196 - - [14/Oct/2022:19:45:42 -0500] "GET /sipse/faces/javax.faces.resource/jquery/jquery-plugins.js?ln=primefaces&v=4.0 HTTP/1.1" 304 -
186.28.24.196 - - [14/Oct/2022:19:45:42 -0500] "GET /sipse/faces/javax.faces.resource/primefaces.js?ln=primefaces&v=4.0 HTTP/1.1" 304 -
186.28.24.196 - - [14/Oct/2022:19:45:42 -0500] "GET /sipse/faces/javax.faces.resource/layout/layout.js?ln=primefaces&v=4.0 HTTP/1.1" 304 -
207.46.13.89 - - [14/Oct/2022:19:45:50 -0500] "GET /BLA/resoluciones/AUTOS%202021/5550.pdf HTTP/1.1" 304 -
172.22.2.4 - - [14/Oct/2022:19:44:29 -0500] "HEAD /BLA/boletinlegal/ HTTP/1.1" 200 -
49.7.21.72 - - [14/Oct/2022:19:46:51 -0500] "-" 408 -
172.22.2.4 - - [14/Oct/2022:19:45:20 -0500] "GET /BLA/boletinlegal/ HTTP/1.1" 200 58163
216.245.221.92 - - [14/Oct/2022:19:47:20 -0500] "HEAD / HTTP/1.1" 200 -
114.119.141.51 - - [14/Oct/2022:19:47:58 -0500] "GET /BLA/resoluciones/RESOLUCIONES%202009/5117.pdf HTTP/1.1" 200 1180504
207.46.13.190 - - [14/Oct/2022:19:49:28 -0500] "GET /BLA/resoluciones/AUTOS%202014/1083.pdf HTTP/1.1" 200 1190972
201.245.192.253 - - [14/Oct/2022:19:49:33 -0500] "POST /kwsrmcab/Wsrmcab  HTTP/1.1" 200 43296
186.29.122.173 - - [14/Oct/2022:19:49:39 -0500] "GET /BLA/resoluciones/ HTTP/1.1" 200 13093
186.29.122.173 - - [14/Oct/2022:19:49:39 -0500] "GET /BLA/resoluciones/dlf/folder.png HTTP/1.1" 200 410
186.29.122.173 - - [14/Oct/2022:19:49:39 -0500] "GET /BLA/resoluciones/dlf/styles.css HTTP/1.1" 200 3049
186.29.122.173 - - [14/Oct/2022:19:49:39 -0500] "GET /BLA/resoluciones/dlf/bg.gif HTTP/1.1" 200 54
186.29.122.173 - - [14/Oct/2022:19:49:39 -0500] "GET /favicon.ico HTTP/1.1" 200 7782
186.29.122.173 - - [14/Oct/2022:19:49:45 -0500] "GET /BLA/resoluciones/dlf/dirup.png HTTP/1.1" 200 644
186.29.122.173 - - [14/Oct/2022:19:49:45 -0500] "GET /BLA/resoluciones/dlf/pdf.gif HTTP/1.1" 200 272
186.29.122.173 - - [14/Oct/2022:19:49:45 -0500] "GET /BLA/resoluciones/dlf/unknown.png HTTP/1.1" 200 266
186.29.122.173 - - [14/Oct/2022:19:49:45 -0500] "GET /BLA/resoluciones/index.php?dir=AUTOS+2015%2F HTTP/1.1" 200 577322
186.28.24.196 - - [14/Oct/2022:19:50:45 -0500] "POST /sipse/faces/presentacion/financiero/solicitudProceso/consultarSolicitudProceso.xhtml HTTP/1.1" 200 23834
186.28.24.196 - - [14/Oct/2022:19:50:45 -0500] "GET /sipse/faces/javax.faces.resource/theme.css?ln=primefaces-sipse HTTP/1.1" 304 -
186.28.24.196 - - [14/Oct/2022:19:50:45 -0500] "GET /sipse/faces/javax.faces.resource/primefaces.css?ln=primefaces&v=4.0 HTTP/1.1" 304 -
186.28.24.196 - - [14/Oct/2022:19:50:45 -0500] "GET /sipse/faces/javax.faces.resource/layout/layout.css?ln=primefaces&v=4.0 HTTP/1.1" 304 -
186.28.24.196 - - [14/Oct/2022:19:50:45 -0500] "GET /sipse/faces/javax.faces.resource/jquery/jquery.js?ln=primefaces&v=4.0 HTTP/1.1" 304 -
186.28.24.196 - - [14/Oct/2022:19:50:45 -0500] "GET /sipse/faces/javax.faces.resource/jquery/jquery-plugins.js?ln=primefaces&v=4.0 HTTP/1.1" 304 -
186.28.24.196 - - [14/Oct/2022:19:50:45 -0500] "GET /sipse/faces/javax.faces.resource/primefaces.js?ln=primefaces&v=4.0 HTTP/1.1" 304 -
186.28.24.196 - - [14/Oct/2022:19:50:45 -0500] "GET /sipse/faces/javax.faces.resource/layout/layout.js?ln=primefaces&v=4.0 HTTP/1.1" 304 -
186.28.24.196 - - [14/Oct/2022:19:50:45 -0500] "GET /sipse/faces/javax.faces.resource/spacer/dot_clear.gif?ln=primefaces&v=4.0 HTTP/1.1" 200 42
186.28.24.196 - - [14/Oct/2022:19:50:45 -0500] "GET /sipse/faces/javax.faces.resource/images/ui-icons_898989_256x240.png?ln=primefaces-aristo HTTP/1.1" 304 -
186.28.24.196 - - [14/Oct/2022:19:50:55 -0500] "GET /sipse/faces/javax.faces.resource/theme.css?ln=primefaces-sipse HTTP/1.1" 304 -
186.28.24.196 - - [14/Oct/2022:19:50:55 -0500] "GET /sipse/faces/javax.faces.resource/primefaces.css?ln=primefaces&v=4.0 HTTP/1.1" 304 -
186.28.24.196 - - [14/Oct/2022:19:50:55 -0500] "GET /sipse/faces/javax.faces.resource/layout/layout.css?ln=primefaces&v=4.0 HTTP/1.1" 304 -
186.28.24.196 - - [14/Oct/2022:19:50:55 -0500] "GET /sipse/faces/javax.faces.resource/jquery/jquery-plugins.js?ln=primefaces&v=4.0 HTTP/1.1" 304 -
186.28.24.196 - - [14/Oct/2022:19:50:55 -0500] "GET /sipse/faces/javax.faces.resource/jquery/jquery.js?ln=primefaces&v=4.0 HTTP/1.1" 304 -
186.28.24.196 - - [14/Oct/2022:19:50:55 -0500] "GET /sipse/faces/javax.faces.resource/primefaces.js?ln=primefaces&v=4.0 HTTP/1.1" 304 -
186.28.24.196 - - [14/Oct/2022:19:50:55 -0500] "GET /sipse/faces/javax.faces.resource/layout/layout.js?ln=primefaces&v=4.0 HTTP/1.1" 304 -
186.28.24.196 - - [14/Oct/2022:19:50:55 -0500] "POST /sipse/faces/presentacion/proyectos/proyecto/actividad/consultarActividadSolicitud.xhtml HTTP/1.1" 200 157105
186.28.24.196 - - [14/Oct/2022:19:50:55 -0500] "GET /sipse/css/imagen/contrasena.png HTTP/1.1" 404 383
186.28.24.196 - - [14/Oct/2022:19:50:55 -0500] "GET /sipse/faces/javax.faces.resource/images/ui-icons_898989_256x240.png?ln=primefaces-aristo HTTP/1.1" 304 -
186.28.24.196 - - [14/Oct/2022:19:51:01 -0500] "POST /sipse/faces/presentacion/financiero/solicitudProceso/consultarSolicitudProceso.xhtml HTTP/1.1" 200 218861
114.119.132.76 - - [14/Oct/2022:19:51:28 -0500] "GET /BLA/resoluciones/AUTOS%202015/3454.pdf HTTP/1.1" 200 628821
186.28.24.196 - - [14/Oct/2022:19:51:50 -0500] "GET /sipse/faces/javax.faces.resource/images/ui-bg_flat_0_2d5972_40x100.png?ln=primefaces-aristo HTTP/1.1" 304 -
186.28.24.196 - - [14/Oct/2022:19:51:50 -0500] "POST /sipse/faces/presentacion/financiero/solicitudProceso/consultarSolicitudProceso.xhtml HTTP/1.1" 200 5439
172.22.2.4 - - [14/Oct/2022:19:50:19 -0500] "HEAD /BLA/boletinlegal/ HTTP/1.1" 200 -
216.245.221.92 - - [14/Oct/2022:19:52:20 -0500] "HEAD / HTTP/1.1" 200 -
172.22.2.4 - - [14/Oct/2022:19:51:09 -0500] "GET /BLA/boletinlegal/ HTTP/1.1" 200 59828
186.28.24.196 - - [14/Oct/2022:19:53:19 -0500] "POST /sipse/faces/presentacion/financiero/solicitudProceso/consultarSolicitudProceso.xhtml HTTP/1.1" 200 66409
186.28.24.196 - - [14/Oct/2022:19:53:21 -0500] "GET /sipse/faces/javax.faces.resource/theme.css?ln=primefaces-sipse HTTP/1.1" 304 -
186.28.24.196 - - [14/Oct/2022:19:53:21 -0500] "GET /sipse/faces/javax.faces.resource/layout/layout.css?ln=primefaces&v=4.0 HTTP/1.1" 304 -
186.28.24.196 - - [14/Oct/2022:19:53:21 -0500] "GET /sipse/faces/javax.faces.resource/primefaces.css?ln=primefaces&v=4.0 HTTP/1.1" 304 -
186.28.24.196 - - [14/Oct/2022:19:53:21 -0500] "GET /sipse/faces/javax.faces.resource/jquery/jquery.js?ln=primefaces&v=4.0 HTTP/1.1" 304 -
186.28.24.196 - - [14/Oct/2022:19:53:21 -0500] "GET /sipse/faces/javax.faces.resource/jquery/jquery-plugins.js?ln=primefaces&v=4.0 HTTP/1.1" 304 -
186.28.24.196 - - [14/Oct/2022:19:53:21 -0500] "GET /sipse/faces/javax.faces.resource/primefaces.js?ln=primefaces&v=4.0 HTTP/1.1" 304 -
186.28.24.196 - - [14/Oct/2022:19:53:21 -0500] "GET /sipse/faces/javax.faces.resource/layout/layout.js?ln=primefaces&v=4.0 HTTP/1.1" 304 -
186.28.24.196 - - [14/Oct/2022:19:53:21 -0500] "GET /sipse/faces/javax.faces.resource/messages/messages.png?ln=primefaces&v=4.0 HTTP/1.1" 304 -
186.28.24.196 - - [14/Oct/2022:19:53:21 -0500] "POST /sipse/faces/presentacion/financiero/solicitudProceso/listarSolicitudProceso.xhtml HTTP/1.1" 200 1560
186.28.24.196 - - [14/Oct/2022:19:53:29 -0500] "POST /sipse/faces/presentacion/financiero/solicitudProceso/listarSolicitudProceso.xhtml HTTP/1.1" 200 22774
186.28.24.196 - - [14/Oct/2022:19:53:31 -0500] "POST /sipse/faces/presentacion/financiero/solicitudProceso/listarSolicitudProceso.xhtml HTTP/1.1" 200 127477
186.28.24.196 - - [14/Oct/2022:19:53:32 -0500] "GET /sipse/faces/javax.faces.resource/theme.css?ln=primefaces-sipse HTTP/1.1" 304 -
186.28.24.196 - - [14/Oct/2022:19:53:32 -0500] "GET /sipse/faces/javax.faces.resource/layout/layout.css?ln=primefaces&v=4.0 HTTP/1.1" 304 -
186.28.24.196 - - [14/Oct/2022:19:53:32 -0500] "GET /sipse/faces/javax.faces.resource/primefaces.css?ln=primefaces&v=4.0 HTTP/1.1" 304 -
186.28.24.196 - - [14/Oct/2022:19:53:32 -0500] "GET /sipse/faces/javax.faces.resource/jquery/jquery.js?ln=primefaces&v=4.0 HTTP/1.1" 304 -
186.28.24.196 - - [14/Oct/2022:19:53:32 -0500] "GET /sipse/faces/javax.faces.resource/jquery/jquery-plugins.js?ln=primefaces&v=4.0 HTTP/1.1" 304 -
186.28.24.196 - - [14/Oct/2022:19:53:32 -0500] "GET /sipse/faces/javax.faces.resource/primefaces.js?ln=primefaces&v=4.0 HTTP/1.1" 304 -
186.28.24.196 - - [14/Oct/2022:19:53:32 -0500] "GET /sipse/faces/javax.faces.resource/layout/layout.js?ln=primefaces&v=4.0 HTTP/1.1" 304 -
69.63.184.4 - - [14/Oct/2022:19:53:42 -0500] "GET /images/jardines-verticales-plantas-24-mayo.jpg HTTP/1.1" 200 148288
173.252.79.1 - - [14/Oct/2022:19:53:42 -0500] "GET /images/jardines-verticales-plantas-24-mayo.jpg HTTP/1.1" 200 148288
173.252.79.17 - - [14/Oct/2022:19:53:42 -0500] "GET /images/eficiencia-energetica-11-marzo.jpg HTTP/1.1" 200 46478
87.250.224.43 - - [14/Oct/2022:19:54:14 -0500] "-" 408 -
201.245.192.253 - - [14/Oct/2022:19:54:32 -0500] "POST /kwsrmcab/Wsrmcab  HTTP/1.1" 200 43296
186.28.24.196 - - [14/Oct/2022:19:55:43 -0500] "POST /sipse/faces/presentacion/financiero/solicitudProceso/consultarSolicitudProceso.xhtml HTTP/1.1" 200 5539
94.177.248.247 - - [14/Oct/2022:19:56:56 -0500] "GET /carolina-urrutia-la-sostenibilidad-se-logra-con-el-compromiso-de-todos-los-actores.html HTTP/1.1" 200 934
186.28.24.196 - - [14/Oct/2022:19:57:02 -0500] "POST /sipse/faces/presentacion/financiero/solicitudProceso/consultarSolicitudProceso.xhtml HTTP/1.1" 200 66518
186.28.24.196 - - [14/Oct/2022:19:57:05 -0500] "GET /sipse/faces/javax.faces.resource/theme.css?ln=primefaces-sipse HTTP/1.1" 304 -
186.28.24.196 - - [14/Oct/2022:19:57:05 -0500] "GET /sipse/faces/javax.faces.resource/layout/layout.css?ln=primefaces&v=4.0 HTTP/1.1" 304 -
186.28.24.196 - - [14/Oct/2022:19:57:05 -0500] "GET /sipse/faces/javax.faces.resource/primefaces.css?ln=primefaces&v=4.0 HTTP/1.1" 304 -
186.28.24.196 - - [14/Oct/2022:19:57:05 -0500] "GET /sipse/faces/javax.faces.resource/jquery/jquery.js?ln=primefaces&v=4.0 HTTP/1.1" 304 -
186.28.24.196 - - [14/Oct/2022:19:57:05 -0500] "GET /sipse/faces/javax.faces.resource/jquery/jquery-plugins.js?ln=primefaces&v=4.0 HTTP/1.1" 304 -
186.28.24.196 - - [14/Oct/2022:19:57:05 -0500] "GET /sipse/faces/javax.faces.resource/primefaces.js?ln=primefaces&v=4.0 HTTP/1.1" 304 -
186.28.24.196 - - [14/Oct/2022:19:57:05 -0500] "GET /sipse/faces/javax.faces.resource/layout/layout.js?ln=primefaces&v=4.0 HTTP/1.1" 304 -
186.28.24.196 - - [14/Oct/2022:19:57:05 -0500] "POST /sipse/faces/presentacion/financiero/solicitudProceso/listarSolicitudProceso.xhtml HTTP/1.1" 200 1560
186.28.24.196 - - [14/Oct/2022:19:57:07 -0500] "POST /sipse/faces/presentacion/financiero/solicitudProceso/listarSolicitudProceso.xhtml HTTP/1.1" 200 19858
186.28.24.196 - - [14/Oct/2022:19:57:08 -0500] "POST /sipse/faces/presentacion/financiero/solicitudProceso/listarSolicitudProceso.xhtml HTTP/1.1" 200 111490
186.28.24.196 - - [14/Oct/2022:19:57:09 -0500] "GET /sipse/faces/javax.faces.resource/theme.css?ln=primefaces-sipse HTTP/1.1" 304 -
186.28.24.196 - - [14/Oct/2022:19:57:09 -0500] "GET /sipse/faces/javax.faces.resource/layout/layout.css?ln=primefaces&v=4.0 HTTP/1.1" 304 -
186.28.24.196 - - [14/Oct/2022:19:57:09 -0500] "GET /sipse/faces/javax.faces.resource/primefaces.css?ln=primefaces&v=4.0 HTTP/1.1" 304 -
186.28.24.196 - - [14/Oct/2022:19:57:09 -0500] "GET /sipse/faces/javax.faces.resource/jquery/jquery.js?ln=primefaces&v=4.0 HTTP/1.1" 304 -
186.28.24.196 - - [14/Oct/2022:19:57:09 -0500] "GET /sipse/faces/javax.faces.resource/jquery/jquery-plugins.js?ln=primefaces&v=4.0 HTTP/1.1" 304 -
186.28.24.196 - - [14/Oct/2022:19:57:09 -0500] "GET /sipse/faces/javax.faces.resource/primefaces.js?ln=primefaces&v=4.0 HTTP/1.1" 304 -
186.28.24.196 - - [14/Oct/2022:19:57:09 -0500] "GET /sipse/faces/javax.faces.resource/layout/layout.js?ln=primefaces&v=4.0 HTTP/1.1" 304 -
216.245.221.92 - - [14/Oct/2022:19:57:20 -0500] "HEAD / HTTP/1.1" 200 -
172.22.2.4 - - [14/Oct/2022:19:56:09 -0500] "HEAD /BLA/boletinlegal/ HTTP/1.1" 200 -
172.22.2.4 - - [14/Oct/2022:19:58:24 -0500] "GET /BLA/boletinlegal/Directivas/2017/Directiva%20No.%2006%20del%2016%20de%20Agosto%20de%202017.pdf HTTP/1.1" 304 -
172.22.2.4 - - [14/Oct/2022:19:56:59 -0500] "GET /BLA/boletinlegal/ HTTP/1.1" 200 57725
173.252.107.12 - - [14/Oct/2022:19:59:14 -0500] "GET /images/Junio%2002-experiencias-jardines-verticales-sda.jpeg HTTP/1.1" 200 31171
201.245.192.253 - - [14/Oct/2022:19:59:32 -0500] "POST /kwsrmcab/Wsrmcab  HTTP/1.1" 200 43296
186.28.24.196 - - [14/Oct/2022:19:59:52 -0500] "POST /sipse/faces/presentacion/financiero/solicitudProceso/consultarSolicitudProceso.xhtml HTTP/1.1" 200 219883
31.13.103.4 - - [14/Oct/2022:20:00:20 -0500] "GET /secretaria-de-ambiente-invita-a-comunidad-de-bosa-a-entregar-residuos-especiales-y-peligrosos.html HTTP/1.1" 206 992
186.28.24.196 - - [14/Oct/2022:20:00:33 -0500] "POST /sipse/faces/presentacion/financiero/solicitudProceso/consultarSolicitudProceso.xhtml HTTP/1.1" 200 5439
186.28.24.196 - - [14/Oct/2022:20:01:34 -0500] "POST /sipse/faces/presentacion/financiero/solicitudProceso/consultarSolicitudProceso.xhtml HTTP/1.1" 200 66538
186.28.24.196 - - [14/Oct/2022:20:01:36 -0500] "GET /sipse/faces/javax.faces.resource/theme.css?ln=primefaces-sipse HTTP/1.1" 304 -
186.28.24.196 - - [14/Oct/2022:20:01:36 -0500] "GET /sipse/faces/javax.faces.resource/primefaces.css?ln=primefaces&v=4.0 HTTP/1.1" 304 -
186.28.24.196 - - [14/Oct/2022:20:01:36 -0500] "GET /sipse/faces/javax.faces.resource/layout/layout.css?ln=primefaces&v=4.0 HTTP/1.1" 304 -
186.28.24.196 - - [14/Oct/2022:20:01:36 -0500] "GET /sipse/faces/javax.faces.resource/jquery/jquery.js?ln=primefaces&v=4.0 HTTP/1.1" 304 -
186.28.24.196 - - [14/Oct/2022:20:01:36 -0500] "GET /sipse/faces/javax.faces.resource/jquery/jquery-plugins.js?ln=primefaces&v=4.0 HTTP/1.1" 304 -
186.28.24.196 - - [14/Oct/2022:20:01:36 -0500] "GET /sipse/faces/javax.faces.resource/primefaces.js?ln=primefaces&v=4.0 HTTP/1.1" 304 -
186.28.24.196 - - [14/Oct/2022:20:01:36 -0500] "GET /sipse/faces/javax.faces.resource/layout/layout.js?ln=primefaces&v=4.0 HTTP/1.1" 304 -
186.28.24.196 - - [14/Oct/2022:20:01:36 -0500] "POST /sipse/faces/presentacion/financiero/solicitudProceso/listarSolicitudProceso.xhtml HTTP/1.1" 200 1560
186.28.24.196 - - [14/Oct/2022:20:01:52 -0500] "POST /sipse/faces/presentacion/financiero/solicitudProceso/listarSolicitudProceso.xhtml HTTP/1.1" 200 16949
216.245.221.92 - - [14/Oct/2022:20:02:20 -0500] "HEAD / HTTP/1.1" 200 -
172.22.2.4 - - [14/Oct/2022:20:01:59 -0500] "HEAD /BLA/boletinlegal/ HTTP/1.1" 200 -
181.58.183.37 - - [14/Oct/2022:20:03:58 -0500] "GET /la-secretaria-de-ambiente-abre-nueva-convocatoria-para-su-programa-de-voluntariado-ambiental.html HTTP/1.1" 304 -
172.22.2.4 - - [14/Oct/2022:20:02:50 -0500] "GET /BLA/boletinlegal/ HTTP/1.1" 200 54823
201.245.192.253 - - [14/Oct/2022:20:04:30 -0500] "POST /kwsrmcab/Wsrmcab  HTTP/1.1" 200 43296
172.22.2.4 - - [14/Oct/2022:20:06:24 -0500] "GET /BLA/boletinlegal/jurisprudencia/analisis/G__Jurisp.%20Junio%202014_Sent%20Tutela%20Drumond.docx HTTP/1.1" 304 -
179.32.141.152 - - [14/Oct/2022:20:06:37 -0500] "GET /BLA/resoluciones/index.php?dir= HTTP/1.1" 200 13093
179.32.141.152 - - [14/Oct/2022:20:06:43 -0500] "GET /BLA/resoluciones/index.php?dir=AUTOS+2013%2F HTTP/1.1" 200 406613
216.245.221.92 - - [14/Oct/2022:20:07:20 -0500] "HEAD / HTTP/1.1" 200 -
186.28.26.196 - - [14/Oct/2022:20:08:43 -0500] "GET /galeria/galeria/jquery.fancybox.css?v=2.1.5 HTTP/1.1" 200 4895
186.28.26.196 - - [14/Oct/2022:20:08:43 -0500] "GET /BLA/boletinlegal/js/jquery.scrollShow.js HTTP/1.1" 200 4586
186.28.26.196 - - [14/Oct/2022:20:08:43 -0500] "GET /galeria/galeria/jquery.fancybox.js?v=2.1.5 HTTP/1.1" 200 48706
172.22.2.4 - - [14/Oct/2022:20:07:49 -0500] "HEAD /BLA/boletinlegal/ HTTP/1.1" 200 -
201.245.192.253 - - [14/Oct/2022:20:09:30 -0500] "POST /kwsrmcab/Wsrmcab  HTTP/1.1" 200 43296
152.89.196.211 - - [14/Oct/2022:20:09:38 -0500] "-" 408 -
172.22.2.4 - - [14/Oct/2022:20:08:39 -0500] "GET /BLA/boletinlegal/ HTTP/1.1" 200 58163
216.245.221.92 - - [14/Oct/2022:20:12:20 -0500] "HEAD / HTTP/1.1" 200 -
207.46.13.190 - - [14/Oct/2022:20:12:20 -0500] "GET /forest/ HTTP/1.1" 200 12041
125.209.235.175 - - [14/Oct/2022:20:12:34 -0500] "-" 408 -
94.130.167.110 - - [14/Oct/2022:20:12:41 -0500] "-" 408 -
17.121.115.129 - - [14/Oct/2022:20:13:42 -0500] "-" 408 -
201.245.192.253 - - [14/Oct/2022:20:14:29 -0500] "POST /kwsrmcab/Wsrmcab  HTTP/1.1" 200 43296
136.243.11.34 - - [14/Oct/2022:20:14:37 -0500] "-" 408 -
172.22.2.4 - - [14/Oct/2022:20:13:39 -0500] "HEAD /BLA/boletinlegal/ HTTP/1.1" 200 -
172.22.2.4 - - [14/Oct/2022:20:14:29 -0500] "GET /BLA/boletinlegal/ HTTP/1.1" 200 59828
216.245.221.92 - - [14/Oct/2022:20:17:20 -0500] "HEAD / HTTP/1.1" 200 -
195.201.245.32 - - [14/Oct/2022:20:17:54 -0500] "-" 408 -
152.89.196.211 - - [14/Oct/2022:20:18:46 -0500] "GET /?XDEBUG_SESSION_START=phpstorm HTTP/1.1" 200 319
201.245.192.253 - - [14/Oct/2022:20:19:27 -0500] "POST /kwsrmcab/Wsrmcab  HTTP/1.1" 200 43296
114.119.132.76 - - [14/Oct/2022:20:19:46 -0500] "GET /BLA/resoluciones/RESOLUCIONES%202010/0728.pdf HTTP/1.1" 200 106760
157.55.39.202 - - [14/Oct/2022:20:20:07 -0500] "GET /BLA/resoluciones/00000874.tif HTTP/1.1" 404 1018
172.22.2.4 - - [14/Oct/2022:20:19:29 -0500] "HEAD /BLA/boletinlegal/ HTTP/1.1" 200 -
207.46.13.177 - - [14/Oct/2022:20:21:08 -0500] "GET /portaldeninos/aula-ambiental-artistica-itinerante-auambari/ HTTP/1.1" 200 89306
173.252.107.13 - - [14/Oct/2022:20:21:32 -0500] "GET /bogota-destacada-en-america-latina-por-su-accion-climatica.html HTTP/1.1" 206 768
172.22.2.4 - - [14/Oct/2022:20:21:40 -0500] "GET /BLA/boletinlegal/autodiscover/autodiscover.json?@zdi/Powershell HTTP/1.1" 404 1018
201.245.192.253 - - [14/Oct/2022:20:21:57 -0500] "POST /kwsrmcab/Wsrmcab HTTP/1.1" 200 43820
172.22.2.4 - - [14/Oct/2022:20:20:19 -0500] "GET /BLA/boletinlegal/ HTTP/1.1" 200 53640
201.245.192.253 - - [14/Oct/2022:20:22:00 -0500] "POST /kwsrmcab/Wsrmcab HTTP/1.1" 200 44037
216.245.221.92 - - [14/Oct/2022:20:22:20 -0500] "HEAD / HTTP/1.1" 200 -
87.250.224.179 - - [14/Oct/2022:20:22:36 -0500] "-" 408 -
45.238.183.182 - - [14/Oct/2022:20:22:53 -0500] "GET /BLA/boletinlegal/js/jquery.scrollShow.js HTTP/1.1" 200 4586
45.238.183.182 - - [14/Oct/2022:20:22:53 -0500] "GET /galeria/galeria/jquery.fancybox.css?v=2.1.5 HTTP/1.1" 200 4895
45.238.183.182 - - [14/Oct/2022:20:22:53 -0500] "GET /galeria/galeria/jquery.fancybox.js?v=2.1.5 HTTP/1.1" 200 48706
200.118.62.145 - - [14/Oct/2022:20:23:18 -0500] "GET /galeria/galeria/jquery.fancybox.css?v=2.1.5 HTTP/1.1" 200 4895
200.118.62.145 - - [14/Oct/2022:20:23:18 -0500] "GET /galeria/galeria/jquery.fancybox.js?v=2.1.5 HTTP/1.1" 200 48706
200.118.62.145 - - [14/Oct/2022:20:23:18 -0500] "GET /BLA/boletinlegal/js/jquery.scrollShow.js HTTP/1.1" 200 4586
193.142.146.35 - - [14/Oct/2022:20:23:37 -0500] "GET / HTTP/1.1" 200 319
193.142.146.35 - - [14/Oct/2022:20:23:38 -0500] "POST /HNAP1/ HTTP/1.1" 404 1018
128.14.134.170 - - [14/Oct/2022:20:24:10 -0500] "GET /admin/ HTTP/1.1" 404 1018
201.245.192.253 - - [14/Oct/2022:20:24:26 -0500] "POST /kwsrmcab/Wsrmcab  HTTP/1.1" 200 43296
114.119.141.71 - - [14/Oct/2022:20:24:51 -0500] "GET /BLA/resoluciones/RESOLUCIONES%202016/1387.pdf HTTP/1.1" 200 776901
172.22.2.4 - - [14/Oct/2022:20:25:49 -0500] "GET /BLA/boletinlegal/ HTTP/1.1" 200 36811
172.22.2.4 - - [14/Oct/2022:20:25:19 -0500] "HEAD /BLA/boletinlegal/ HTTP/1.1" 200 -
216.245.221.92 - - [14/Oct/2022:20:27:20 -0500] "HEAD / HTTP/1.1" 200 -
172.22.2.4 - - [14/Oct/2022:20:26:09 -0500] "GET /BLA/boletinlegal/ HTTP/1.1" 200 54003
49.7.21.72 - - [14/Oct/2022:20:28:49 -0500] "-" 408 -
201.245.192.253 - - [14/Oct/2022:20:29:26 -0500] "POST /kwsrmcab/Wsrmcab  HTTP/1.1" 200 43296
181.59.2.233 - - [14/Oct/2022:20:29:56 -0500] "GET /la-secretaria-de-ambiente-abre-nueva-convocatoria-para-su-programa-de-voluntariado-ambiental.html HTTP/1.1" 200 976
186.154.127.242 - - [14/Oct/2022:20:29:59 -0500] "GET /BLA/resoluciones/ HTTP/1.1" 200 13093
186.154.127.242 - - [14/Oct/2022:20:30:01 -0500] "GET /BLA/resoluciones/index.php?dir=AUTOS+2014%2F HTTP/1.1" 200 883517
35.240.26.48 - - [14/Oct/2022:20:30:35 -0500] "GET /carolina-urrutia-la-sostenibilidad-se-logra-con-el-compromiso-de-todos-los-actores.html HTTP/1.1" 200 934
173.252.107.8 - - [14/Oct/2022:20:31:52 -0500] "GET /images/caminos-cerros-orientales-7-abril.jpg HTTP/1.1" 200 80138
173.252.87.16 - - [14/Oct/2022:20:31:53 -0500] "GET /images/caminos-cerros-orientales-7-abril.jpg HTTP/1.1" 200 80138
173.252.87.16 - - [14/Oct/2022:20:31:53 -0500] "GET /images/caminos-cerros-orientales-7-abril.jpg HTTP/1.1" 200 80138
201.245.192.253 - - [14/Oct/2022:20:31:56 -0500] "POST /kwsrmcab/Wsrmcab HTTP/1.1" 200 43820
201.245.192.253 - - [14/Oct/2022:20:31:59 -0500] "POST /kwsrmcab/Wsrmcab HTTP/1.1" 200 44037
114.119.141.51 - - [14/Oct/2022:20:32:07 -0500] "GET /BLA/resoluciones/RESOLUCIONES%202010/7096.pdf HTTP/1.1" 200 267721
173.252.83.17 - - [14/Oct/2022:20:32:20 -0500] "GET /images/cuco-americano-23-noviembre.jpg HTTP/1.1" 200 34532
216.245.221.92 - - [14/Oct/2022:20:32:20 -0500] "HEAD / HTTP/1.1" 200 -
173.252.83.8 - - [14/Oct/2022:20:32:20 -0500] "GET /images/cuco-americano-23-noviembre.jpg HTTP/1.1" 200 34532
87.250.224.117 - - [14/Oct/2022:20:32:40 -0500] "-" 408 -
172.22.2.4 - - [14/Oct/2022:20:31:09 -0500] "HEAD /BLA/boletinlegal/ HTTP/1.1" 200 -
31.13.103.9 - - [14/Oct/2022:20:33:06 -0500] "GET /bogota-se-alista-para-la-feria-de-emprendimiento-verde.html HTTP/1.1" 206 862
172.22.2.4 - - [14/Oct/2022:20:31:59 -0500] "GET /BLA/boletinlegal/ HTTP/1.1" 200 59828
201.245.192.253 - - [14/Oct/2022:20:34:24 -0500] "POST /kwsrmcab/Wsrmcab  HTTP/1.1" 200 43296
207.46.13.84 - - [14/Oct/2022:20:35:12 -0500] "GET /BLA/resoluciones/ HTTP/1.1" 200 13093
172.22.2.4 - - [14/Oct/2022:20:34:18 -0500] "GET /BLA/boletinlegal/ HTTP/1.1" 200 63207
181.53.13.12 - - [14/Oct/2022:20:36:16 -0500] "GET /puntos-de-recoleccion-de-ropa-y-calzado-que-ya-no-usas-en-bogota.html HTTP/1.1" 200 773
181.53.13.12 - - [14/Oct/2022:20:36:16 -0500] "GET /images/prendas-3_optimized.jpeg HTTP/1.1" 200 47209
216.245.221.92 - - [14/Oct/2022:20:37:20 -0500] "HEAD / HTTP/1.1" 200 -
172.22.2.4 - - [14/Oct/2022:20:38:08 -0500] "GET /BLA/boletinlegal/Circulares/2019/.pdf HTTP/1.1" 404 1218
172.22.2.4 - - [14/Oct/2022:20:38:17 -0500] "GET /BLA/boletinlegal/Circulares/2012/Circular%20No.%2010%20del%2026%20de%20Enero%20de%202012.pdf HTTP/1.1" 404 1218
172.22.2.4 - - [14/Oct/2022:20:36:59 -0500] "HEAD /BLA/boletinlegal/ HTTP/1.1" 200 -
69.63.189.2 - - [14/Oct/2022:20:39:18 -0500] "GET /red-moda-circular-que-es-y-como-unirse.html HTTP/1.1" 206 762
207.46.13.40 - - [14/Oct/2022:20:39:19 -0500] "GET /BLA/resoluciones/RESOLUCIONES%202001/2001%2001-49.TIF HTTP/1.1" 200 8692410
201.245.192.253 - - [14/Oct/2022:20:39:23 -0500] "POST /kwsrmcab/Wsrmcab  HTTP/1.1" 200 43296
172.22.2.4 - - [14/Oct/2022:20:37:49 -0500] "GET /BLA/boletinlegal/ HTTP/1.1" 200 57725
213.186.1.246 - - [14/Oct/2022:20:40:30 -0500] "-" 408 -
114.119.141.53 - - [14/Oct/2022:20:41:03 -0500] "GET /BLA/resoluciones/RESOLUCIONES%202011/1832.pdf HTTP/1.1" 200 497886
201.245.192.253 - - [14/Oct/2022:20:41:57 -0500] "POST /kwsrmcab/Wsrmcab HTTP/1.1" 200 43820
201.245.192.253 - - [14/Oct/2022:20:41:59 -0500] "POST /kwsrmcab/Wsrmcab HTTP/1.1" 200 44037
216.245.221.92 - - [14/Oct/2022:20:42:20 -0500] "HEAD / HTTP/1.1" 200 -
114.119.141.42 - - [14/Oct/2022:20:42:52 -0500] "GET /BLA/resoluciones/Notificaciones/AUTOS%202017/05192.pdf HTTP/1.1" 200 979809
95.108.213.65 - - [14/Oct/2022:20:43:17 -0500] "-" 408 -
201.245.192.253 - - [14/Oct/2022:20:44:22 -0500] "POST /kwsrmcab/Wsrmcab  HTTP/1.1" 200 43296
172.22.2.4 - - [14/Oct/2022:20:42:49 -0500] "HEAD /BLA/boletinlegal/ HTTP/1.1" 200 -
114.119.141.69 - - [14/Oct/2022:20:44:42 -0500] "GET /Publicaciones/2020EE221495.pdf HTTP/1.1" 404 228
172.22.2.4 - - [14/Oct/2022:20:43:39 -0500] "GET /BLA/boletinlegal/ HTTP/1.1" 200 58163
114.119.141.71 - - [14/Oct/2022:20:46:29 -0500] "GET /BLA/resoluciones/RESOLUCIONES%202010/7600.pdf HTTP/1.1" 200 72527
216.245.221.92 - - [14/Oct/2022:20:47:20 -0500] "HEAD / HTTP/1.1" 200 -
201.245.192.253 - - [14/Oct/2022:20:49:21 -0500] "POST /kwsrmcab/Wsrmcab  HTTP/1.1" 200 43296
49.7.21.72 - - [14/Oct/2022:20:49:48 -0500] "-" 408 -
172.22.2.4 - - [14/Oct/2022:20:48:39 -0500] "HEAD /BLA/boletinlegal/ HTTP/1.1" 200 -
172.22.2.4 - - [14/Oct/2022:20:49:29 -0500] "GET /BLA/boletinlegal/ HTTP/1.1" 200 59828
114.119.141.42 - - [14/Oct/2022:20:52:16 -0500] "GET /BLA/resoluciones/RESOLUCIONES%202010/2896.pdf HTTP/1.1" 200 509319
216.245.221.92 - - [14/Oct/2022:20:52:20 -0500] "HEAD / HTTP/1.1" 200 -
157.55.39.25 - - [14/Oct/2022:20:52:33 -0500] "GET /BLA/resoluciones/AUTOS%202014/0470.pdf HTTP/1.1" 200 143233
95.108.213.41 - - [14/Oct/2022:20:53:17 -0500] "-" 408 -
152.89.196.211 - - [14/Oct/2022:20:53:21 -0500] "GET /console/ HTTP/1.1" 404 1018
207.46.13.89 - - [14/Oct/2022:20:53:34 -0500] "GET /BLA/resoluciones/2002RES147.tif HTTP/1.1" 404 1018
201.245.192.253 - - [14/Oct/2022:20:54:20 -0500] "POST /kwsrmcab/Wsrmcab  HTTP/1.1" 200 43296
17.121.114.194 - - [14/Oct/2022:20:55:15 -0500] "-" 408 -
172.22.2.4 - - [14/Oct/2022:20:54:29 -0500] "HEAD /BLA/boletinlegal/ HTTP/1.1" 200 -
179.51.119.58 - - [14/Oct/2022:20:56:18 -0500] "GET /puntos-de-recoleccion-de-ropa-y-calzado-que-ya-no-usas-en-bogota.html HTTP/1.1" 200 773
