114.119.141.51 - - [15/Oct/2022:07:29:10 -0500] "GET /BLA/resoluciones/RESOLUCIONES%202017/2318.pdf HTTP/1.1" 200 877220
114.119.141.53 - - [15/Oct/2022:07:30:59 -0500] "GET /BLA/resoluciones/RESOLUCIONES%202010/5079.pdf HTTP/1.1" 200 496829
79.110.73.136 - - [15/Oct/2022:07:31:19 -0500] "GET /BLA/resoluciones/AUTOS%202020/4575.pdf HTTP/1.1" 200 360015
201.245.192.253 - - [15/Oct/2022:07:31:55 -0500] "POST /kwsrmcab/Wsrmcab HTTP/1.1" 200 43895
172.22.2.4 - - [15/Oct/2022:07:30:17 -0500] "HEAD /BLA/boletinlegal/ HTTP/1.1" 200 -
201.245.192.253 - - [15/Oct/2022:07:31:58 -0500] "POST /kwsrmcab/Wsrmcab HTTP/1.1" 200 43309
201.245.192.253 - - [15/Oct/2022:07:32:13 -0500] "POST /kwsrmcab/Wsrmcab  HTTP/1.1" 200 43296
216.245.221.92 - - [15/Oct/2022:07:32:18 -0500] "HEAD / HTTP/1.1" 200 -
114.119.141.71 - - [15/Oct/2022:07:32:45 -0500] "GET /BLA/resoluciones/RESOLUCIONES%202017/1184.pdf HTTP/1.1" 200 443366
172.22.2.4 - - [15/Oct/2022:07:31:08 -0500] "GET /BLA/boletinlegal/ HTTP/1.1" 200 59828
85.208.98.200 - - [15/Oct/2022:07:32:50 -0500] "GET /robots.txt HTTP/1.1" 404 1018
190.24.108.16 - - [15/Oct/2022:07:33:26 -0500] "GET /si-tienes-ropa-y-calzado-que-ya-no-usas-aca-te-presentamos-seis-puntos-a-donde-los-puedes-llevar.html HTTP/1.1" 200 872
114.119.141.53 - - [15/Oct/2022:07:34:28 -0500] "GET /BLA/resoluciones/index.php?dir=RESOLUCIONES%2B1996/&sort=date&order=asc HTTP/1.1" 200 13300
207.46.13.40 - - [15/Oct/2022:07:34:50 -0500] "GET /sipse/faces/faces/autenticacion.xhtml HTTP/1.1" 200 12503
191.102.198.85 - - [15/Oct/2022:07:35:02 -0500] "GET /kwssiamovil/sm/acme/u?s=U2FsdGVkX1+hbABFTT93T8KpPs2LRzu6UcfKpNKzg+0ePH5p70Gnk4YKXMBUiIi1r30sQi8Qm4GO+Lenh/tCLyCKidZhWpAtcBILIjn3E/jb23cH2iGYo4ihJn+kY6+Eyp5UyO920LKy4MkKy6fgfg==&u=U2FsdGVkX18eUbDRwmksLc+fl4nN7gnYPIyIUE9dnVY=&y=U2FsdGVkX1/1i9WMSPs1gfzJ0vjZjXsDiloiWTG9pDY= HTTP/1.1" 200 60
191.102.198.85 - - [15/Oct/2022:07:35:42 -0500] "GET /kwssiamovil/sm/ldap/au?x=U2FsdGVkX18f8psYQBnMCXp1s5CQG4nVr75GyI9wQ6C7H02Ga7hgjjJCUNgCcNAo&y=U2FsdGVkX19+q/r/bpeXC4hJ9gXQwUaJkzZtTPc0OvI= HTTP/1.1" 200 30
191.102.198.85 - - [15/Oct/2022:07:35:43 -0500] "GET /kwssiamovil/sm/acme/s?s=U2FsdGVkX1+44vsGzg93NpiIMApUw2c1L1AUt3XOECKMphSDpBXIRK1tm8gis9DJYI7TbWzQ7ZeL3dId01BQH0xd5RFNOf81MTQG56sNWqI=&u=U2FsdGVkX1/iu5TYz2nyRN+JVlMqQtTJ9gQlhCxkm4E=&y=U2FsdGVkX19+q/r/bpeXC4hJ9gXQwUaJkzZtTPc0OvI= HTTP/1.1" 200 97
191.102.198.85 - - [15/Oct/2022:07:35:43 -0500] "GET /kwssiamovil/sm/acme/s?s=U2FsdGVkX19Z7Fy9/mfKkUyyN6ZS1Jwy+iShyiiSKP1sTI2lkTWf6GI/QAN4AV/lajfQp6gW3lFdR9p47zg3gnb3HtpKkxX6ewW22eq83oqNoLAeN9R7HuL89kfG6eghqUOO5lTIZ3kn2D7G+yNhs+QrDI7bw8yAsKiNrAW/l+XwRamgB4YTaaWwQrVVbYxIgj/fRkmbNzJNJHUfa62h5bQXdqooNhcDQOM4mgt+40BgbbdvbcMV7yhHJY+hWGKpgxKSm794d3ZJVdTiks+z1MOklNGkU4yIdWFwyGIu3daVw7pHPfSQ8AEparDelOxv6MqUFbkgOCZ6DgLgfu6X5lUNRZBNL2vym0ZmYXzwidbHLlZKu0hvYLyg31Zh73Nd30WHB2mtZZv9ZCDnl3iOMnA8KurzJ0WMgX+teao0jsyNnvN5YjQ0xt2RzXp0aTDTnUqV46dXgBC5edIVcnpfosLziQphDEghNSN5+zoKlCbX7Dxq552zlZ4tybJQszgG4jS03n04ZeoAjjXDr9FHwQ+jANwQdaYX6AGp2h51LyVuAzVXOmCjh5CaLy7whdjibzbNbHzTDLVlEKzKkxvBCU6eZUZDWWWYAHy+GRD1od6lLBJx6oODInfFX7ePHg3XSJA49BDQNwGsTELi09SYwLsIQM/AkypxvOUQxZk/QnIUK+yhZMwjxPTTZTY+ufor1cDxdeDOBnffBFgEZsQtY56QZZwF7/nLZ0+YdrUuoONvYTYX/Gkjrc0Ipo1vMxn+TphcL21LbuvagN7CUjvyyzrtGmxgkoGdP4fZlvEJuWdD4D48Ttu/Z9lIrd8GHj3S6APLvoA62MamaSEJf7/Uxaqb1PKfHCt/bahdmH9M60Of7pax7V1SKDlgnXzE5ZzvHxTz7WEnHU/U6tyVoNwqJN6okB+sDgsndYqUsQLEmc5NIHpoGgyk+UKJvD1ueH1HEbZy28Mquki64ZGDc/BFf/T6qtib/poExlUb3Dch5avcZu8rCcelZgw65MW+0YS0QtqQv27qJaYxeljQ2NEXxT8kNKTjcGwmaycwDNphiA8s+XGORC7d+ALj3XGnqpnkEvZEhOEpAEmrZoLA8FCsesRZIAqFhM3iKzq5SfEGBDaaUgTlSRBCXtVHvXC5RZEDh++0C/gZHC6CDzyjxTOtfckBixRNalM6+8/oT4kAzCpm9Lu73gCnjIzQG6iSnsI224L/SIT5zzbvkFVucSlDUb4MaHxz1Cg5uCi31i9CEHYZOEoeoQ3cBwlBkikWaR8EWDtJVv9AFO/O2T95yAYC99nxxvAgyHY4MnoINrE3a5vjGWdLSL2vxdAl2J/NRL19ZaDTnJF9dUxcpj09AVV975qwx1HIPSzhDreYYCRyLHw/rWtYWCYIHGJEa0KkblCkDxjrIdW1HQxQYVFnnYhpGtgatEpIbc9VmtydLajxqgI=&u=U2FsdGVkX1/iu5TYz2nyRN+JVlMqQtTJ9gQlhCxkm4E=&y=U2FsdGVkX19+q/r/bpeXC4hJ9gXQwUaJkzZtTPc0OvI= HTTP/1.1" 200 3784
191.102.198.85 - - [15/Oct/2022:07:35:43 -0500] "GET /kwssiamovil/sm/acme/s?s=U2FsdGVkX1+pyy78S0VjPTnxPsSN3Ex/FJ7hE92W32uspFjufaRzHOLD/OsmdeBokU0QMtiduOtaauak/rFlxKKtcX48E4tCCuJ9YbOlOxalNINLrwrmQQ7P5j5i4SP3Gutcc0C+xWWaTbsEm9GYE4w5hxTXOvJrPjV9xTKrefSFEjiHqGwknognJWsonpst85UR6TcACBH7wOULezJZ9OHnud2GEr6rQxbg4XBo59f8Vumyifd/UVPR8HM3YuN/w8vZfcW5MMG9Aq4Vn83kQAI+mdFIDeDxAWrdp/vCtec21jL8VwcnE0Pm/J6bSYoCkDmpa4qrbGejmKwNHjy8jg==&u=U2FsdGVkX1/iu5TYz2nyRN+JVlMqQtTJ9gQlhCxkm4E=&y=U2FsdGVkX19+q/r/bpeXC4hJ9gXQwUaJkzZtTPc0OvI= HTTP/1.1" 200 196
191.102.198.85 - - [15/Oct/2022:07:35:43 -0500] "GET /kwssiamovil/sm/cjson/pre?f=1&x=U2FsdGVkX18f8psYQBnMCXp1s5CQG4nVr75GyI9wQ6C7H02Ga7hgjjJCUNgCcNAo HTTP/1.1" 200 30992
114.119.141.42 - - [15/Oct/2022:07:36:14 -0500] "GET /BLA/resoluciones/AUTOS%202008/0637.pdf HTTP/1.1" 200 118097
201.245.192.253 - - [15/Oct/2022:07:37:13 -0500] "POST /kwsrmcab/Wsrmcab  HTTP/1.1" 200 43296
216.245.221.92 - - [15/Oct/2022:07:37:18 -0500] "HEAD / HTTP/1.1" 200 -
172.22.2.4 - - [15/Oct/2022:07:36:07 -0500] "HEAD /BLA/boletinlegal/ HTTP/1.1" 200 -
114.119.141.71 - - [15/Oct/2022:07:38:02 -0500] "GET /BLA/resoluciones/RESOLUCIONES%202010/4437.pdf HTTP/1.1" 200 530567
172.22.2.4 - - [15/Oct/2022:07:36:58 -0500] "GET /BLA/boletinlegal/ HTTP/1.1" 200 55630
114.119.141.52 - - [15/Oct/2022:07:39:43 -0500] "GET /BLA/resoluciones/RESOLUCIONES%202010/6372.pdf HTTP/1.1" 200 4737308
23.100.232.233 - - [15/Oct/2022:07:40:15 -0500] "GET /BLA/boletinlegal/js/jquery.scrollShow.js HTTP/1.1" 200 4586
23.100.232.233 - - [15/Oct/2022:07:40:15 -0500] "GET /galeria/galeria/jquery.fancybox.js?v=2.1.5 HTTP/1.1" 200 48706
23.100.232.233 - - [15/Oct/2022:07:40:15 -0500] "GET /galeria/galeria/jquery.fancybox.css?v=2.1.5 HTTP/1.1" 200 4895
207.46.13.177 - - [15/Oct/2022:07:40:30 -0500] "GET /portaldeninos/wp-content/uploads/2020/11/Capellan%C3%ADa-B-1024x576.jpg HTTP/1.1" 200 100158
114.119.141.42 - - [15/Oct/2022:07:41:30 -0500] "GET /BLA/resoluciones/RESOLUCIONES%202010/7506.pdf HTTP/1.1" 200 35254
201.245.192.253 - - [15/Oct/2022:07:41:55 -0500] "POST /kwsrmcab/Wsrmcab HTTP/1.1" 200 43895
201.245.192.253 - - [15/Oct/2022:07:41:58 -0500] "POST /kwsrmcab/Wsrmcab HTTP/1.1" 200 43309
201.245.192.253 - - [15/Oct/2022:07:42:13 -0500] "POST /kwsrmcab/Wsrmcab  HTTP/1.1" 200 43296
216.245.221.92 - - [15/Oct/2022:07:42:18 -0500] "HEAD / HTTP/1.1" 200 -
114.119.141.73 - - [15/Oct/2022:07:43:14 -0500] "GET /BLA/resoluciones/RESOLUCIONES%202010/6008.pdf HTTP/1.1" 200 625678
172.22.2.4 - - [15/Oct/2022:07:41:57 -0500] "HEAD /BLA/boletinlegal/ HTTP/1.1" 200 -
172.22.2.4 - - [15/Oct/2022:07:44:12 -0500] "GET /BLA/boletinlegal/actas/079-2013.pdf HTTP/1.1" 200 1500109
172.22.2.4 - - [15/Oct/2022:07:44:12 -0500] "GET /BLA/boletinlegal/favicon.ico HTTP/1.1" 404 1344
172.22.2.4 - - [15/Oct/2022:07:42:48 -0500] "GET /BLA/boletinlegal/ HTTP/1.1" 200 57725
172.22.2.4 - - [15/Oct/2022:07:44:41 -0500] "GET /BLA/boletinlegal/jurisprudencia/analisis/AnalisisT-606-15.docx HTTP/1.1" 200 26698
172.22.2.4 - - [15/Oct/2022:07:44:42 -0500] "GET /BLA/boletinlegal/apple-touch-icon-120x120-precomposed.png HTTP/1.1" 404 1140
172.22.2.4 - - [15/Oct/2022:07:44:42 -0500] "GET /BLA/boletinlegal/apple-touch-icon-120x120.png HTTP/1.1" 404 1140
172.22.2.4 - - [15/Oct/2022:07:44:42 -0500] "GET /BLA/boletinlegal/apple-touch-icon-precomposed.png HTTP/1.1" 404 1140
172.22.2.4 - - [15/Oct/2022:07:44:42 -0500] "GET /BLA/boletinlegal/apple-touch-icon.png HTTP/1.1" 404 1140
172.22.2.4 - - [15/Oct/2022:07:44:43 -0500] "GET /BLA/boletinlegal/favicon.ico HTTP/1.1" 404 1140
172.22.2.4 - - [15/Oct/2022:07:44:43 -0500] "GET /BLA/boletinlegal/apple-touch-icon-120x120-precomposed.png HTTP/1.1" 404 1140
172.22.2.4 - - [15/Oct/2022:07:44:43 -0500] "GET /BLA/boletinlegal/apple-touch-icon-120x120.png HTTP/1.1" 404 1140
172.22.2.4 - - [15/Oct/2022:07:44:43 -0500] "GET /BLA/boletinlegal/apple-touch-icon-precomposed.png HTTP/1.1" 404 1140
172.22.2.4 - - [15/Oct/2022:07:44:43 -0500] "GET /BLA/boletinlegal/apple-touch-icon.png HTTP/1.1" 404 1140
172.22.2.4 - - [15/Oct/2022:07:44:43 -0500] "GET /BLA/boletinlegal/favicon.ico HTTP/1.1" 404 1140
172.22.2.4 - - [15/Oct/2022:07:44:49 -0500] "GET /BLA/boletinlegal/Directivas/2019/Directiva%20008%20del%2001%20de%20noviembre%20de%202019.pdf HTTP/1.1" 304 -
114.119.141.42 - - [15/Oct/2022:07:45:01 -0500] "GET /BLA/resoluciones/Notificaciones/REGISTROS%202015/2292.doc HTTP/1.1" 200 203776
114.119.141.71 - - [15/Oct/2022:07:46:47 -0500] "GET /BLA/resoluciones/RESOLUCIONES%202010/2073.pdf HTTP/1.1" 200 205679
201.245.192.253 - - [15/Oct/2022:07:47:11 -0500] "POST /kwsrmcab/Wsrmcab  HTTP/1.1" 200 43296
216.245.221.92 - - [15/Oct/2022:07:47:18 -0500] "HEAD / HTTP/1.1" 200 -
157.55.39.202 - - [15/Oct/2022:07:48:21 -0500] "GET /BLA/resoluciones/00000860.tif HTTP/1.1" 404 1018
114.119.141.42 - - [15/Oct/2022:07:48:35 -0500] "GET /BLA/resoluciones/RESOLUCIONES%202010/2132.pdf HTTP/1.1" 200 681466
186.102.38.245 - - [15/Oct/2022:07:49:02 -0500] "GET /kwssiamovil/sm/ldap/au?x=U2FsdGVkX1/xL+k6nb6m9aMtCUdO5FICMUgNxBzzrYaGH84QQljz427EOzAcwTT8&y=U2FsdGVkX18igMsM1QLQEqGc7B1PIIovLzVKDJOE6eA7edqnFGgx93IUv8qmR2ZA HTTP/1.1" 200 30
186.102.38.245 - - [15/Oct/2022:07:49:02 -0500] "GET /kwssiamovil/sm/acme/s?s=U2FsdGVkX19HnCfrc7Rzfz39pYOpIQbuksOOiRgK6O70v9TxJf2AM/tR5q1bpGcE3bfyl5kUjkXo4/sFbHYEEDcCKWF++9JBYk/DkbC/2KM=&u=U2FsdGVkX181LMR1B0Uvv0Dxa0Oy0OywQOA0p0ZdRlU=&y=U2FsdGVkX18igMsM1QLQEqGc7B1PIIovLzVKDJOE6eA7edqnFGgx93IUv8qmR2ZA HTTP/1.1" 200 97
186.102.38.245 - - [15/Oct/2022:07:49:02 -0500] "GET /kwssiamovil/sm/acme/s?s=U2FsdGVkX1/REo9AEA1wggRpjxDPFiyWtLy6ZtdJUP19GQc0uyvUB4aHDs8d7Ckv6fmpq6Zyt+9THmimK19GbGeG9w1drcaqSKKlaC3Q5H7haL2P4ds4s5MY7ZFfpjhP5qv7z6x5w0h94VFH/wNND686zJI03vPni5TMbY9ySH93QBp5u/BwBNjZqMQ3IAyEi7xPUf6rQ2R4BYktVqe0Au2auVDCAUEQVCFfB8ZAPPgAHbSiPzvAdM7y71w4llKuc8RXia4hEZeEtr3kqDRPXLmfcQEQUxO8EI5SYzcFxkly2EvZppk5lAcNbIWTuwt0by5gkLismnUcil6hQOybegvmJ+fjVdAibzzszMVuQ4yhPd3B80k0kEO7WMZeRC6w0d+6QqkgtrBqLOr41xgvW8zeVOzvv9P7BY/DB+Er1PzMB1SpT8EoZ5gpqmCgTv48uwmXkmKjHLw2iMAVx1CK+T2utwUSVwsPZzuijzmZs8slFQn1dD+kdB8qQvR8zmqpK2uylhyVsfioanyezVwuDFh31qofHAtAoTzaVbNfG+OIlYY+ihHDTmDoj+GWe7uT38tC64xx7Onx0+7BZexp5I5yaEBfeQddBzixYRcMnciALE+D6iKg3Hv4H90B2T6N7HSWgsV44l7eaoe5ItJ5uCcn40CGkjdrAskY6su5hGDhyxxAk8Icl3p0kwcQ8Q2VrCEkMhBDYsMH09JKjjPs8HMLx3L0r7uSfH5CMfx4bat3T0zwjXKEZaVeaddHpWuShmPGUWnPWBc1kfMchThgK+Ahla3RcXMz3ZWsoMW02GDuhuoXP5b4WyAE14B8jQUYcOxJKN3IXf4iSnAqjm4ZSoHEz84HFZOiTiGLwjatjFvmOuM86K4HRUZcCGErBAFoghb6I0uc8dPuPSRjRxT98gAVFegqcJn1w055zrAmF+qmmegx46+chnaq3YjBgPachTJcs3Gn8opIa8LnlxQvC+vk5O1t93Zp2hQkKjHKfEx6+SCHqgqvvVDvh8LbABUh2yc6KATjwHZD6VIHx+Be4C1/rRLLpIz081iSJaserXDSRH5NgyltojT+BBg8ZM/0VurK4yWmbPxJvzG8ZRzQLfoLJ98eq7iDxGb82iQJWmowIM6Nnn4+5LfB6zbjU8M2ITOe5cf0HUJoBukvaFTUF3EUHpntmerIaTP2xWPHKbtcEZNtaCB05FAw8X5FC6lZeTw2JcX/bz5nrOH911U2yyLB2PBciGhykjLXk1ZFNXckyRQZxwglmXYEC0KVXmRkcx2dd1r3M7i0mSUFXzzpIPmhawTaUDCg0EerMdqjPNUPueGFYeXF8M/jd/2vIJ50NSb6Zl2rrFinLc1jaKTaaa3UYaIeSQ2GSr50O7TXRx/xUber3RPj/V9l5bQO5UddEWJKx0N1dLpr/5ZP3LYAkzuWLCQWbLhkBeagu5or2ng=&u=U2FsdGVkX181LMR1B0Uvv0Dxa0Oy0OywQOA0p0ZdRlU=&y=U2FsdGVkX18igMsM1QLQEqGc7B1PIIovLzVKDJOE6eA7edqnFGgx93IUv8qmR2ZA HTTP/1.1" 200 667
186.102.38.245 - - [15/Oct/2022:07:49:02 -0500] "GET /kwssiamovil/sm/acme/s?s=U2FsdGVkX19wBbRqYG6BcS9ZBHboQ2+9vplZV2zSaXzLXwGGs/QvpMVVdgwVM/h6azvXlvE4c5SIwX98Og33aDMGzrd03JoPWVAf+4U4JKxyFFSMOCCdCD8p9bW+ZzYkG7tUOtlgJgy2Sp1Btu06MnHZTaX2K9QNDWtcNpnyqN5EzNW7Viu7gZvl+yTutx5DIa+hI2aQtpXQF4bCJtHhBPjO4ycme1lKVjIAdDnnGh3510JWK4fqXC/lCdQ5TmCoERd68MAyBDR8Q3vxBrtIfHtIfx56+oW8tUpTgggLVTBPvM/VIPMujMEokVjTrj6UAqx6ZBZx6O18xt4YQqXFPA==&u=U2FsdGVkX181LMR1B0Uvv0Dxa0Oy0OywQOA0p0ZdRlU=&y=U2FsdGVkX18igMsM1QLQEqGc7B1PIIovLzVKDJOE6eA7edqnFGgx93IUv8qmR2ZA HTTP/1.1" 200 196
186.102.38.245 - - [15/Oct/2022:07:49:03 -0500] "GET /kwssiamovil/sm/cjson/pre?f=1&x=U2FsdGVkX1/xL+k6nb6m9aMtCUdO5FICMUgNxBzzrYaGH84QQljz427EOzAcwTT8 HTTP/1.1" 200 30992
172.22.2.4 - - [15/Oct/2022:07:47:47 -0500] "HEAD /BLA/boletinlegal/ HTTP/1.1" 200 -
207.46.13.84 - - [15/Oct/2022:07:49:46 -0500] "GET /BLA/resoluciones/00000023.tif HTTP/1.1" 404 1018
172.22.2.4 - - [15/Oct/2022:07:48:39 -0500] "GET /BLA/boletinlegal/ HTTP/1.1" 200 58163
114.119.141.69 - - [15/Oct/2022:07:50:24 -0500] "GET /BLA/resoluciones/RESOLUCIONES%202010/3527.pdf HTTP/1.1" 200 359078
186.102.37.250 - - [15/Oct/2022:07:51:32 -0500] "GET /kwssiamovil/sm/ldap/au?x=U2FsdGVkX19HNAjvXHw7zG9S/n7x1mZflqcnD0GHnBmH+b3uYU74V9muZaWKp7AT&y=U2FsdGVkX1/Ok/V5okISRo+ZpUlriz2vee91Bfha8qs= HTTP/1.1" 200 30
186.102.37.250 - - [15/Oct/2022:07:51:32 -0500] "GET /kwssiamovil/sm/acme/s?s=U2FsdGVkX1+JtF+Bjvi4o11Z57ZcPASX2pGXoPu7MlWrgd2PUiNGTBM7IpC6EQGtSPzToYAGJrtlyc76CSWbiwgHoXSXtcg3giMWDdlU4cc=&u=U2FsdGVkX19kjYMaaFEIopfCiQydObXscivm46wrCWA=&y=U2FsdGVkX1/Ok/V5okISRo+ZpUlriz2vee91Bfha8qs= HTTP/1.1" 200 97
186.102.37.250 - - [15/Oct/2022:07:51:32 -0500] "GET /kwssiamovil/sm/acme/s?s=U2FsdGVkX19ir+S3rbIndC5335EDIaTCgrVRAtEBbOnMiyzE58lISgapdhWB1QJ47TFGidGBAIGRqyb2sPRITDCIp2qo4gbGr0qcLXsIPljuPMN2BAS4UGMGuayYB+I7lY8Y7yWpDSkH1mr2DP4rfUbQgmXEONlDmlVSRqqjNiJPI+O4kpZDUcO5BjwuD9oeWCszCz3EQA33o8Uy6/ssnOsT6rhAtCfsrqNd3G+tGJ9VYzz6Dh8+ggyn/4BucWUNuA6ngMCRxxIcssnr39Nb4G4il4BU3LnnXKwLFePGMGaVwnUDD/z9GEdt//9ynYyNQxaP1flEf9yeCc2VyMqCSlapj3Fqvlu/rhkoI5kN17/aIO9x8F/NCqiyt0lx0+3G2mfEzmeCDLEPE/HXpGs3M3bwOk7FqUr4Mh8b3MS1GX69uKipmwLT7td3U0LwcEZjv1ydHVLdb1V8Ac++Naa0RBtjLCq4+CLGNnKLCF7E1IpW62C8HJa/oRGtZwf3VAsMG7ERzuceaiGq9hTrTvwircqCR09PKVljIRkurdbgc3zO6WNakRWiMdQJ9Gk8NgQh1vLTzYrOpfLUTaEZnp4NyzMrRjtFtVtn4/5qolny3YSMeWVYm6yeIcPMqrSPB+ZoX7L9oFyD7V6S5uk/NKwZZ4lAHfwkBU6t2jYNOn0uKys+RnE7fu772YtaHSMRUyt8EVlKEJYdTc/mdbzGS3T33zB1GQ2lRsLJ64tdAO6Iv7WazmvYFo5v0t527E4FC7btN66xJo3iWU+1qLbZYEGG/0tve7pjw7jvWeFu2GnVenPHtrtlev7ttk+4el3Va9EpIqU3w713oMwCBfiTeBbhpihmFt3ETq0BekAFXIZw7kuQXh4Po1qx4tjKpkr103fjTLbqMNUclnUAz3htK0n/AJ/CFRkDDyjTDU/HLq28CbVtaaHapfRHa18h/yoZJLzjzcElqp2rcG9EMu01GzKUTRu5O6Pyi2YKwgC8KyJuLwD1COJN3WmR/Zy+/me0DWVhPHbvveJaSYSWblaV6QFmjDmRRreGgU2116OzsChiOeHRjNlVmqzHgyqmD/Kb6bDy36EHliqsOASBWVhpXEFHnbaZDw2YASGp0pxuFwg81tNnJRLZUjK5R2ERyIcXhgVyGHmQ3crluFQYbQX/zFPIOWf4qOGv8WiC0lLIZYRGF8sRSj62zBNQZH3TJmFsSQyPAujPmH8nVIRMpaslnRZafWQ46x0UkFyNyDaH98qxvbDc52N2bS2wlMysqomHig5MtXxo0aeDOVRc4i3qwSf+8MeoTWn3O576m9KkfpLkBR0GR5Lmm5kdiYUMFA2DpkYgVA2rX4UjU9pnhRcWzH4kSbfhAd1n9jyVPTxryYBJt40qYu98nCrCs0NAQwntmbmTbUFbx4IRtdFdsq2Vmo7IKgLiH1VC0977uUT8OCq3MKk=&u=U2FsdGVkX19kjYMaaFEIopfCiQydObXscivm46wrCWA=&y=U2FsdGVkX1/Ok/V5okISRo+ZpUlriz2vee91Bfha8qs= HTTP/1.1" 200 5431
186.102.37.250 - - [15/Oct/2022:07:51:32 -0500] "GET /kwssiamovil/sm/acme/s?s=U2FsdGVkX19L5+GXnoXy8JIlpr+bb7wJ/Gmx2lVMrrNkXGnJ69rOMw8NEe+n7ONkW4k6QwnzGmOrfSt1dTElQyXFQ44+dduVVpQ+uOGqVG7hPjNU4FHQMs1vCii0d1pc95uzcTTLsWD8ev/8uKxN+0C9+VpnR3hBrJokUGiXyrYOjljeicCIFcCB0ZN6UeXOAU9tDFomNY4c5HyoBNKQEgmaHr3DOO3yAgdhNIlEcTxDy5dZIcs5uXrSGi8d21frqgbkx2R/gi5RN7RVVDc/EU8EKeR9k7ODEXkMi/C7oFAP/EIYjySvEbWvG6PazyJ0k3ztZ4O4Jfu3uAnC1yBjdg==&u=U2FsdGVkX19kjYMaaFEIopfCiQydObXscivm46wrCWA=&y=U2FsdGVkX1/Ok/V5okISRo+ZpUlriz2vee91Bfha8qs= HTTP/1.1" 200 196
186.102.37.250 - - [15/Oct/2022:07:51:33 -0500] "GET /kwssiamovil/sm/cjson/pre?f=1&x=U2FsdGVkX19HNAjvXHw7zG9S/n7x1mZflqcnD0GHnBmH+b3uYU74V9muZaWKp7AT HTTP/1.1" 200 30992
186.102.37.250 - - [15/Oct/2022:07:51:50 -0500] "GET /kwssiamovil/sm/acme/u?s=U2FsdGVkX183XcTdeayh+jg6M0RznQVOiaj65UKJ10I4pV3AarJIFQKHUPaAv4LjGutW1eQ/ZUhnptXEuPrlHQBkrxEEs5eneS2pleMDF7xn6buTtv2OnSJMH8luiv4Yhl2f1m+xj9dnYeNJb4hLJw==&u=U2FsdGVkX19kjYMaaFEIopfCiQydObXscivm46wrCWA=&y=U2FsdGVkX1/Ok/V5okISRo+ZpUlriz2vee91Bfha8qs= HTTP/1.1" 200 60
201.245.192.253 - - [15/Oct/2022:07:52:10 -0500] "POST /kwsrmcab/Wsrmcab  HTTP/1.1" 200 43296
216.245.221.92 - - [15/Oct/2022:07:52:18 -0500] "HEAD / HTTP/1.1" 200 -
186.102.37.250 - - [15/Oct/2022:07:52:21 -0500] "GET /kwssiamovil/sm/acme/u?s=U2FsdGVkX1/YbFlDicDaDwUYPaD+jELs0XigfKlAZZmNsVW5SE9aRkL6rpx7nB6oiFLeH4LYRdKnZHY5vvIgZyP4poAQPxUwTTdRy82S7f9QbVIl3Elko0YmscKIOJgJwsu4IGR6DnlLPJf/r+DliA==&u=U2FsdGVkX19kjYMaaFEIopfCiQydObXscivm46wrCWA=&y=U2FsdGVkX1/Ok/V5okISRo+ZpUlriz2vee91Bfha8qs= HTTP/1.1" 200 60
186.102.37.250 - - [15/Oct/2022:07:52:31 -0500] "GET /kwssiamovil/sm/acme/u?s=U2FsdGVkX1/Fxd6aefhhkqMGZXUQS2gTUTKmBKxJ0h4v15UcjAe1zWVB+wHoy6Gxx7U6bMl5dPE63V8bn3dXRkSP5rGNPfFC4PS9Q3zeuFborhPir6AsYVU7/ki7Q7/sRLRk+AspL20k/ezoMcfuxg==&u=U2FsdGVkX19kjYMaaFEIopfCiQydObXscivm46wrCWA=&y=U2FsdGVkX1/Ok/V5okISRo+ZpUlriz2vee91Bfha8qs= HTTP/1.1" 200 60
186.102.37.250 - - [15/Oct/2022:07:53:19 -0500] "GET /kwssiamovil/sm/acme/u?s=U2FsdGVkX195jMvX428ZSuHlHn1LCKiXFdrrayb7GuC2GegqVVQMqQolxAuZDFXh/ewczmT6kbYGKkQJIf5QiC/gPZg3taXbcpjA7pN/ZaW7lJ6hyNAR+MMvtuG+w0pzk+h+GoHXzCw/jIoXXDX6oA==&u=U2FsdGVkX19kjYMaaFEIopfCiQydObXscivm46wrCWA=&y=U2FsdGVkX1/Ok/V5okISRo+ZpUlriz2vee91Bfha8qs= HTTP/1.1" 200 60
186.102.37.250 - - [15/Oct/2022:07:53:30 -0500] "GET /kwssiamovil/sm/acme/u?s=U2FsdGVkX1/Cg+M3vbPndyzTPZRZve7t/NhgOm821bDBVfYaPmNmOYiQRzNi0p6LKzLpwiX67Mmry75he8cibWHTMgYtINXqrajdCeDsPY5VmnouhAc3pR0OuJFM6xs4M8BEwjydJtFAieLzxFJ+gQ==&u=U2FsdGVkX19kjYMaaFEIopfCiQydObXscivm46wrCWA=&y=U2FsdGVkX1/Ok/V5okISRo+ZpUlriz2vee91Bfha8qs= HTTP/1.1" 200 60
114.119.141.42 - - [15/Oct/2022:07:53:55 -0500] "GET /BLA/resoluciones/AUTOS%202015/6642.pdf HTTP/1.1" 200 549066
186.102.37.250 - - [15/Oct/2022:07:53:57 -0500] "GET /kwssiamovil/sm/acme/u?s=U2FsdGVkX18rvy7ujvnBWvUDU+7M61tTAqlmjh1KJ93bVvTv7aMWF3jjVNVcrbgrlZAhldbKKIuCHFEIR98N0kJ5fqmzhQ9QcQYfDRhngJ87wr/R/3mvRGeAjq03aZJg5VA0tzIBflLDfa4jrhV4LA==&u=U2FsdGVkX19kjYMaaFEIopfCiQydObXscivm46wrCWA=&y=U2FsdGVkX1/Ok/V5okISRo+ZpUlriz2vee91Bfha8qs= HTTP/1.1" 200 60
172.22.2.4 - - [15/Oct/2022:07:54:29 -0500] "GET /BLA/boletinlegal/images/screen_5.png HTTP/1.1" 200 368876
186.102.37.250 - - [15/Oct/2022:07:54:44 -0500] "GET /kwssiamovil/sm/acme/u?s=U2FsdGVkX1+kIcLyM8lQcaFYgMSLt53ofOu2dOTSCmKmzRc3rd+2JoUXOeUk9/t/HT/Z7lTrc8huV5+0+hwSseB7dabfL1m+WKVLg4NY7yZ1pXSe5WbgtQ1e792LqbdRzJtFWKE676AQo4huXsSBSg==&u=U2FsdGVkX19kjYMaaFEIopfCiQydObXscivm46wrCWA=&y=U2FsdGVkX1/Ok/V5okISRo+ZpUlriz2vee91Bfha8qs= HTTP/1.1" 200 60
172.22.2.4 - - [15/Oct/2022:07:53:37 -0500] "HEAD /BLA/boletinlegal/ HTTP/1.1" 200 -
114.119.141.51 - - [15/Oct/2022:07:55:48 -0500] "GET /BLA/resoluciones/RESOLUCIONES%202010/2711.pdf HTTP/1.1" 200 393465
172.22.2.4 - - [15/Oct/2022:07:54:28 -0500] "GET /BLA/boletinlegal/ HTTP/1.1" 200 58163
201.245.192.253 - - [15/Oct/2022:07:57:09 -0500] "POST /kwsrmcab/Wsrmcab  HTTP/1.1" 200 43296
216.245.221.92 - - [15/Oct/2022:07:57:18 -0500] "HEAD / HTTP/1.1" 200 -
114.119.141.52 - - [15/Oct/2022:07:57:43 -0500] "GET /BLA/resoluciones/RESOLUCIONES%202008/1767.pdf HTTP/1.1" 200 194582
157.55.39.202 - - [15/Oct/2022:07:58:31 -0500] "GET /BLA/resoluciones/00001787.tif HTTP/1.1" 404 1018
191.102.198.85 - - [15/Oct/2022:07:59:22 -0500] "OPTIONS /kwssiamovil/sm/setfile/f? HTTP/1.1" 200 13
191.102.198.85 - - [15/Oct/2022:07:59:23 -0500] "POST /kwssiamovil/sm/setfile/f? HTTP/1.1" 200 381
114.119.141.53 - - [15/Oct/2022:07:59:31 -0500] "GET /BLA/resoluciones/RESOLUCIONES%202012/0310.pdf HTTP/1.1" 200 427436
191.102.198.85 - - [15/Oct/2022:07:59:39 -0500] "GET /kwssiamovil/sm/acme/a?s=U2FsdGVkX1/wBv7kTzTH2EbmbBcwxMkcDgojLWyAHB36IBmLm6r6TVOKYPVziTAt3M6HTTgMMBuaE7riT/jEfFB9lTDXxwFEiXx+V8VQF0K796FkwSROdzzTXTFbybxqH96fgImYqz4Uzn/cplaIVrmbvmzII8q+Hmn78l9Gy223z+BZdosYBHvofQu7fyrrjPV2D5TV8AQ9imPXmT8N6is0uwoFJWhTG1gwxSzC/k2pkx90PAaiIgdK5KYJ6ccJev8Bzmmf7qP5XXqROUJltA==&u=U2FsdGVkX1/iu5TYz2nyRN+JVlMqQtTJ9gQlhCxkm4E=&y=U2FsdGVkX19+q/r/bpeXC4hJ9gXQwUaJkzZtTPc0OvI= HTTP/1.1" 200 26
191.102.198.85 - - [15/Oct/2022:07:59:39 -0500] "GET /kwssiamovil/sm/acme/a?s=U2FsdGVkX186yClSTmfdVUIej9F3qqCFswmWrfpkl9pnjuGyO9Ny8/HVBcwn31eUecZ9jNt3JK0g30qPXhUG0y40kFNFSTvEQQUNRFJ9Lvy00FfAXaX1w/PGEAhGyntACpLwa3hgaJMH+Bc1C8nMGGEO3f/b1/XA+at6dIlV7itAtDYUjA9SMrwVYpgFM6aslEaQC0Lu3mW1M3UUMFYKyZGIDFiS+YxwnNTfa7emVD/jf5LryLhxelz4LVWX2oSRxbJCkE+Oj+ZeQ2zuQMYh/Y4dHfLKXMKAcywFCZRzVhQClunarh9ch33zLSkAl8clYjPiL1fn6UUogRhRLb8hoXT5TGaBORgp76w1NlySnSTcIJxjfQSkTN65UypnG8xI5Jjgh/2dzhjK66mXBna1aEOvtO+z2gCRey4bXbFfmtTsD2hse0USUBXCowmunnQmQ98/SbyF02RJ5wdsmxztkAp0MHqWUT8RBpS3cJLThEYbOGW9uT5yxSxTMBiLYO6qwj4WKhNEd4bOcuPvGmpR3azBLa6p6PCrvCm9GyOOz0OW2SBUXvH+SPvauhybhN1kk8IK4OWZvlwN6C/w9yWjIo7xe9Z28SLYAUDCUtXNvJpCW3mMopXvPl5xLSVjuKbJs2ICUSUC50YGsQo0oAFAp7pTh4WHk+lRxf7nJWOMcc6wubm+JG2/idhMCMnxyaXQhdh1BCE85hPRUJ7968dO0SCU2i7q/kUxEH+FIli0e22/4ju+nj+TR+sACRqcKvFeyIzpcJVN3fMi1oNI7qiLd5OnZALIOBC7bcaQsdEeCJwwkZMcwi1xf9OmdilXUbSZ+CTlCn4y5TtH1YjPHGBOPWUi3doOdtNl9mEecgO705DSyfhOUXZ9169xfOGDaXo2WH1dbb5eJn/UhHzmTiCeFI2oplE2sj6WiCGy515/3SdFi6U92uqHnGi+DkAjaewD78n7PFotFDvnoABPb7EIM0m1giz4hz+RkqvKGN+5Jl3sCw8P3J989yNttcp1p2KsI1RoJaI8wWVFnaFwE8fgHywcceiQr69Ii0WB2rzt9rlbdsVkG71vHsMclim1mWzYNUyLolSkUVLs2T8YT8Gx8Xb+OkRfwZ1xQQGpBJpCkGyo1Grba4OSfPEKHLzgNaQ3XRXqFLOc9tbUYoJcjGK0/BZ0vyZAR5gfySy5zfSAsedoHKnjpOQqgWpKCkJw3zVnRjIfmPH27tqL6Agc81Vq0AiZmq44qx1dhNkPLNWbSlRRKP5hZ+xn/oJuxrViKFxzitNFuGsEM2YgB4eNUx0av3bKE7HGDwGznsl6HfkCO56F6zs0Z14G2pubKqMEooS6Tn87ZSpc5xKLjfdsSjaoYYYz+9Mp+YKM4x/TQGscv6HyDlJQM11JazF8JktCBiUH+JNC8/ig8tox5L4U7D4tZJfKvpH0Cs908C75yC6HHQvh96A2kdCxtTlcOPAo1puIeJ7F/6RW0sgnrmh8vSQ8og==&u=U2FsdGVkX1/iu5TYz2nyRN+JVlMqQtTJ9gQlhCxkm4E=&y=U2FsdGVkX19+q/r/bpeXC4hJ9gXQwUaJkzZtTPc0OvI= HTTP/1.1" 200 25
191.102.198.85 - - [15/Oct/2022:07:59:40 -0500] "GET /kwssiamovil/sm/acme/a?s=U2FsdGVkX18SttaeXPc+ZSw67xwk+neiIMYyOgJ4YDIG5vkeqE6PJoBzMd5P65TXz0z4e3YDmy3mpjoiX165Eq6+h1xLKSWLu6RR4Rtm9aOWZGX2ktfyy5ddzP3T8OIe5+to7Egb+WU1i6p4DKVIEDbf+6/67swBFdjlKmNmkyA=&u=U2FsdGVkX1/iu5TYz2nyRN+JVlMqQtTJ9gQlhCxkm4E=&y=U2FsdGVkX19+q/r/bpeXC4hJ9gXQwUaJkzZtTPc0OvI= HTTP/1.1" 200 26
191.102.198.85 - - [15/Oct/2022:07:59:40 -0500] "GET /kwssiamovil/sm/acme/a?s=U2FsdGVkX1+zn17kS4heKZUCYSKg5/LlxUygUDXMXoU7Rvlx7hj6eYbVXhWfER/96A9XD3eOahh6k84UQQ41w6ahT58vBugHIcScMfnBEjE3ftYiCfa1M4BxeNkWPDH60Nkx5Xn+eBUIl+8KiCtobdnFflw//h+LHXQwAbHxXlM=&u=U2FsdGVkX1/iu5TYz2nyRN+JVlMqQtTJ9gQlhCxkm4E=&y=U2FsdGVkX19+q/r/bpeXC4hJ9gXQwUaJkzZtTPc0OvI= HTTP/1.1" 200 25
191.102.198.85 - - [15/Oct/2022:07:59:41 -0500] "GET /kwssiamovil/sm/acme/a?s=U2FsdGVkX19ZPx7eUnyUz5MiMm5YQybki/GgAxTaUhOLDhEyd5iAuHIjkVYhTx4RHKjRQTBzNygpjY3lMapPpMR8r9o8qd3I0GdWFWxG5qDdagCwiCwDqqVUDK7jhS/BDD81bkRDkBjajzaRkxptZv7UeWohcdLmyHB1cKXsJWk=&u=U2FsdGVkX1/iu5TYz2nyRN+JVlMqQtTJ9gQlhCxkm4E=&y=U2FsdGVkX19+q/r/bpeXC4hJ9gXQwUaJkzZtTPc0OvI= HTTP/1.1" 200 25
191.102.198.85 - - [15/Oct/2022:07:59:41 -0500] "GET /kwssiamovil/sm/acme/a?s=U2FsdGVkX1+33+2tjNS+G1dsRLcSSEEYYxecJur3mFwCSBY/ksZrjwZmfjCV+odYFhutdq6T7ZKcRiGN+pb8a2aA5d7/1gmc5wHS/IQ7fnVekaGmZR2i2VJCHhFj6N7GCdiyiGwTVKRHLUgn85UDzNOBvk7BP7Vyaz3evfywLQNegUMtoRDCNLVdROhj/cyv&u=U2FsdGVkX1/iu5TYz2nyRN+JVlMqQtTJ9gQlhCxkm4E=&y=U2FsdGVkX19+q/r/bpeXC4hJ9gXQwUaJkzZtTPc0OvI= HTTP/1.1" 200 25
191.102.198.85 - - [15/Oct/2022:07:59:42 -0500] "GET /kwssiamovil/sm/acme/a?s=U2FsdGVkX1/wXammVre3h+k/LACxKZIWMYycD7c61oeYchM1EUCnc7+dulY50Btx0iXKO8pynWjKU77jqNuWqWZSmjEq9h+UwNy3bOjscWDGXqF7rx8ufZMkLETOsoCFVd7vE8sHOnMyxBk9FADZXKTotguoKFb6bULIWbLf5qIUTA+Qh0gCPayHKFDHiF2KYMYx+0w8Orj2h8XXToNOtA==&u=U2FsdGVkX1/iu5TYz2nyRN+JVlMqQtTJ9gQlhCxkm4E=&y=U2FsdGVkX19+q/r/bpeXC4hJ9gXQwUaJkzZtTPc0OvI= HTTP/1.1" 200 25
191.102.198.85 - - [15/Oct/2022:07:59:42 -0500] "GET /kwssiamovil/sm/acme/a?s=U2FsdGVkX1/wu+EHyJBMGY5pinNRuO7m6DIu9yg9HPrMiBNr3cwgO/d9UtwkGfW2uU7QXm85oM+tuaTle49coxwRA2UlwmvsuRLbe2YdCAk/abb1I7gXrG/8HS9eTEZtpeB+Df3f742t/pCqE3eJjsEobSX7heXLKyel6546pFRRWpVnMi+lVXnO7+Z530MlYLzjZ+48TBhOzMqmVE/ZQg==&u=U2FsdGVkX1/iu5TYz2nyRN+JVlMqQtTJ9gQlhCxkm4E=&y=U2FsdGVkX19+q/r/bpeXC4hJ9gXQwUaJkzZtTPc0OvI= HTTP/1.1" 200 25
191.102.198.85 - - [15/Oct/2022:07:59:52 -0500] "GET /kwssiamovil/sm/acme/u?s=U2FsdGVkX1+b88iENX8iRiozIhL91HxO6VjKQqnOJdU5ROiuuOWkmNwUiHblGhWgX3r1LVu5HalIkbEvecx7fcrPkFkHdyCyCWBpjKGYquPWzRxHhRl2REdbC7jOHRgKBxkalBTzhcG3JWdVoyI1dg==&u=U2FsdGVkX1/iu5TYz2nyRN+JVlMqQtTJ9gQlhCxkm4E=&y=U2FsdGVkX19+q/r/bpeXC4hJ9gXQwUaJkzZtTPc0OvI= HTTP/1.1" 200 60
207.46.13.190 - - [15/Oct/2022:08:00:36 -0500] "GET /BLA/resoluciones/00000036.tif HTTP/1.1" 404 1018
94.102.61.10 - - [15/Oct/2022:08:00:48 -0500] "GET /portaldeninos/ HTTP/1.1" 200 14393
172.22.2.4 - - [15/Oct/2022:07:59:27 -0500] "HEAD /BLA/boletinlegal/ HTTP/1.1" 200 -
114.119.141.42 - - [15/Oct/2022:08:01:23 -0500] "GET /Residuos/cosmeticos/cosmeticos.html HTTP/1.1" 200 1963
172.22.2.4 - - [15/Oct/2022:08:00:18 -0500] "GET /BLA/boletinlegal/ HTTP/1.1" 200 57725
201.245.192.253 - - [15/Oct/2022:08:02:08 -0500] "POST /kwsrmcab/Wsrmcab  HTTP/1.1" 200 43296
216.245.221.92 - - [15/Oct/2022:08:02:18 -0500] "HEAD / HTTP/1.1" 200 -
200.118.60.91 - - [15/Oct/2022:08:03:18 -0500] "GET /la-secretaria-de-ambiente-abre-nueva-convocatoria-para-su-programa-de-voluntariado-ambiental.html HTTP/1.1" 200 976
114.119.141.52 - - [15/Oct/2022:08:03:19 -0500] "GET /BLA/resoluciones/RESOLUCIONES%202018/1002.pdf HTTP/1.1" 200 2028667
172.22.2.4 - - [15/Oct/2022:08:05:02 -0500] "GET /BLA/boletinlegal/jurisprudencia/analisis/ANALISIST-046-99.docx HTTP/1.1" 304 -
172.22.2.4 - - [15/Oct/2022:08:05:02 -0500] "GET /BLA/boletinlegal/jurisprudencia/analisis/AnalisisT-606-15.docx HTTP/1.1" 200 26698
172.22.2.4 - - [15/Oct/2022:08:05:04 -0500] "GET /BLA/boletinlegal/apple-touch-icon-120x120-precomposed.png HTTP/1.1" 404 1140
172.22.2.4 - - [15/Oct/2022:08:05:04 -0500] "GET /BLA/boletinlegal/apple-touch-icon-120x120.png HTTP/1.1" 404 1140
172.22.2.4 - - [15/Oct/2022:08:05:04 -0500] "GET /BLA/boletinlegal/apple-touch-icon-precomposed.png HTTP/1.1" 404 1140
172.22.2.4 - - [15/Oct/2022:08:05:04 -0500] "GET /BLA/boletinlegal/apple-touch-icon.png HTTP/1.1" 404 1140
172.22.2.4 - - [15/Oct/2022:08:05:04 -0500] "GET /BLA/boletinlegal/favicon.ico HTTP/1.1" 404 1140
172.22.2.4 - - [15/Oct/2022:08:05:04 -0500] "GET /BLA/boletinlegal/apple-touch-icon-120x120-precomposed.png HTTP/1.1" 404 1140
172.22.2.4 - - [15/Oct/2022:08:05:04 -0500] "GET /BLA/boletinlegal/apple-touch-icon-120x120.png HTTP/1.1" 404 1140
114.119.141.73 - - [15/Oct/2022:08:05:04 -0500] "GET /BLA/resoluciones/AUTOS%202013/3029.pdf HTTP/1.1" 200 802823
172.22.2.4 - - [15/Oct/2022:08:05:04 -0500] "GET /BLA/boletinlegal/apple-touch-icon-precomposed.png HTTP/1.1" 404 1140
172.22.2.4 - - [15/Oct/2022:08:05:05 -0500] "GET /BLA/boletinlegal/apple-touch-icon.png HTTP/1.1" 404 1140
172.22.2.4 - - [15/Oct/2022:08:05:05 -0500] "GET /BLA/boletinlegal/favicon.ico HTTP/1.1" 404 1140
191.102.198.85 - - [15/Oct/2022:08:06:02 -0500] "GET /kwssiamovil/sm/ldap/au?x=U2FsdGVkX1+mcAoFD9dKzUNmgO8F6hH2TlXj/9aKrITKQpv4O+CLkXX4uFrcU+rK&y=U2FsdGVkX1/QzVhDFhoeg0BM+ix8Ol0h0QOyp9L8Ulo= HTTP/1.1" 200 30
191.102.198.85 - - [15/Oct/2022:08:06:02 -0500] "GET /kwssiamovil/sm/acme/s?s=U2FsdGVkX1+PsVMJ9rd15gwGoS/SzSm1FxlMmuLQAh9idlWP4g9gMbaN4P1L0F96HaCis4zR+J8LZrFY5b2L7ZPFnmin9H/2z+Ke9YuBFk8=&u=U2FsdGVkX19WrDD4a56A70IBDsGwN3jnww3WcFdTYCw=&y=U2FsdGVkX1/QzVhDFhoeg0BM+ix8Ol0h0QOyp9L8Ulo= HTTP/1.1" 200 97
191.102.198.85 - - [15/Oct/2022:08:06:03 -0500] "GET /kwssiamovil/sm/acme/s?s=U2FsdGVkX1+/tuCPU1FPL00Lxjgg4HsKmUghYKLx3Gs/oWyrNm9WLJSl8/t3/L47bejz0yKNnL2eq4bLTB6bkeXrRZIwdGXjDEssDFGjkl426IkcyqFpQ8rJPsXIoogiH6REMkJy8YexJjN4UCchWnDi3OlhVaU3feUleo6eE0b//ufSOM8NooFlI+owsx6O6AogJnh8ikU8nMJK/yD2Q43YKPZXCqgWJv3ytwbty+UJEFcsDqCuxS17r8zu/a98F3Os4iwaRzx3BNflRcG9ClwHs5PqOFVB9DsgXBywAOOsIsFnRbg5Dd6BxX6aKk+iBh8TpH8n0s9qWIgoAWAAdbU9qUx/32rGM21+pq1j849PyqDhmSQ7Rea2LKjUVPysXJnWw7/YW/FN5JQqohhTBoqSFf5ZhA60p5da0ROlNi98sTSBvfRvwE85nxz3fwYuC8IuYlc0IWcQGWibtqMdgJ5BOT6RyHiqu9B7zlMRHLCLxd3xbz4vEvrLHBqB+s5Mk2DRB5mC5I6u9/r+5Ch84suQsG6r/3XuSa3EkQvkg+Sj71SJD5uOY0Fexx1QVlNayjeVfzry+rX9upt9K+De9CdXEIw/r4hfXXdjTs7jY6XUXe5RfF6Q9W6IRWhD0oQxs/sqsO/NTDO2l0R09w73dEi7D+vLDovPeSa0pZ3600lMLYLK+0mMGynspabe8mVhS9Y5NxoAIOG1J6Zy+fH7sYMS7MWnF2IlTBO9l18WOvnHHmujg5zncguKuJl2YFDY+XsiUaw4YR7nX6tETFEtb2xY69er8AZM6QoqQJSIfGBcFz6uLiLsRts0YjlRzPcf2+Arqyq4YXQt9XtPlfhVVrJDMk1wOM5QUxRIzFQ3+8sjGxxzI/MlGsyF9pJU+hwofctvaswfKreyfAw6K6bw5hktFsMmRC9/THlQcT28pyyTDClguRuX4GlvWr5HysD+cNFCkrrlDjw3l88y4UksTpzP18GSPJdVq+wX3xvXvcw79c7oVJbe6uZnIV8B1VJJDu5IAzQnlnJGpWvmuzORj4qWkyWWno2gtYSgGZj86Sd4sUrapGpaRqRbYdeU1ix7O57H4UQrRje1IVfrZ9IosW6ctRin5fE3p1ToFPe1iAb3Uzfnk9zZkGE8oA9pfhMtygxaBLB7rLOd3dVWtp3P2eMvHbfhVfnOZS609EQfLTNauDb3g2BkCFEzmXIwI5lK3SJ1OppoKh8aiiTVrRxnepQCpeoPbXcGVZ3qS6M6/zlxWhDs5MVZljpVPfh0hgZFvR+739dsqWJpmkxL+bHjJfiIMJzFnzIIhfSGe3X7sJAdsClA3UImrmr9+5UB9eQeeXd8Yz8FNE4LYg0mc1vMbb4v2lep8r2kk31MCXLXQ6uwmdyttB4Jca9KgV+1r5CjMHNZPyQBL2atUb86D/hHYvwKQZRo8kdCOpueDfOY4yM=&u=U2FsdGVkX19WrDD4a56A70IBDsGwN3jnww3WcFdTYCw=&y=U2FsdGVkX1/QzVhDFhoeg0BM+ix8Ol0h0QOyp9L8Ulo= HTTP/1.1" 200 3567
191.102.198.85 - - [15/Oct/2022:08:06:03 -0500] "GET /kwssiamovil/sm/acme/s?s=U2FsdGVkX1/JjvMfldtfoKNATM7/VTrZgS2+ADGgxOm2vf3B8nWyS7+rirQCWtKXNO5A3KIerBdVQpCujYGUkKxlQ9bXshoHmi2yflj/awXv78IrvW6bpysXDUtgjp7P2fT9qgQuOHwAj5wy5oInFZV9uFsT3isp3ru+HMAVfNHVD9iisX/iw7v0UoWmnN7SLxj+3mmeCc2n4MZvCg0Edscnv1FtzNHTWVpIJj5Y8jlTHGee4vFhwFgyNOZw1z2sx/IciNxCvdoKEmJ5eD8EvQmR3MBBBlU7hhEMkW0/v/1gEyvZI817yydxNtotjfWuxFOOU2tAUyoxGxgSGyoABw==&u=U2FsdGVkX19WrDD4a56A70IBDsGwN3jnww3WcFdTYCw=&y=U2FsdGVkX1/QzVhDFhoeg0BM+ix8Ol0h0QOyp9L8Ulo= HTTP/1.1" 200 196
191.102.198.85 - - [15/Oct/2022:08:06:03 -0500] "GET /kwssiamovil/sm/cjson/pre?f=1&x=U2FsdGVkX1+mcAoFD9dKzUNmgO8F6hH2TlXj/9aKrITKQpv4O+CLkXX4uFrcU+rK HTTP/1.1" 200 30992
207.46.13.89 - - [15/Oct/2022:08:06:27 -0500] "GET /BLA/resoluciones/RESOLUCIONES%202021/3871.pdf HTTP/1.1" 200 3706561
172.22.2.4 - - [15/Oct/2022:08:05:17 -0500] "HEAD /BLA/boletinlegal/ HTTP/1.1" 200 -
201.245.192.253 - - [15/Oct/2022:08:07:06 -0500] "POST /kwsrmcab/Wsrmcab  HTTP/1.1" 200 43296
216.245.221.92 - - [15/Oct/2022:08:07:18 -0500] "HEAD / HTTP/1.1" 200 -
157.55.39.202 - - [15/Oct/2022:08:07:32 -0500] "GET /bla/resoluciones/resoluciones%202011/2213.pdf HTTP/1.1" 200 412652
172.22.2.4 - - [15/Oct/2022:08:06:07 -0500] "GET /BLA/boletinlegal/ HTTP/1.1" 200 58163
114.119.141.52 - - [15/Oct/2022:08:08:43 -0500] "GET /BLA/resoluciones/RESOLUCIONES%202017/1659.pdf HTTP/1.1" 200 315905
190.145.97.44 - - [15/Oct/2022:08:09:41 -0500] "GET /inventario-de-emisiones-2020-transporte-publico-sitp-redujo-emisiones-de-pm-2-5-en-un-37.html HTTP/1.1" 200 925
114.119.141.71 - - [15/Oct/2022:08:10:38 -0500] "GET /BLA/resoluciones/RESOLUCIONES%202010/6624.pdf HTTP/1.1" 200 1197819
190.25.34.243 - - [15/Oct/2022:08:11:25 -0500] "GET /si-tienes-ropa-y-calzado-que-ya-no-usas-aca-te-presentamos-seis-puntos-a-donde-los-puedes-llevar.html HTTP/1.1" 200 872
181.53.12.118 - - [15/Oct/2022:08:11:40 -0500] "GET /la-secretaria-de-ambiente-abre-nueva-convocatoria-para-su-programa-de-voluntariado-ambiental.html HTTP/1.1" 200 976
201.245.192.253 - - [15/Oct/2022:08:12:06 -0500] "POST /kwsrmcab/Wsrmcab  HTTP/1.1" 200 43296
216.245.221.92 - - [15/Oct/2022:08:12:18 -0500] "HEAD / HTTP/1.1" 200 -
190.25.34.243 - - [15/Oct/2022:08:12:19 -0500] "GET /la-secretaria-de-ambiente-abre-nueva-convocatoria-para-su-programa-de-voluntariado-ambiental.html HTTP/1.1" 200 976
172.22.2.4 - - [15/Oct/2022:08:12:21 -0500] "GET /BLA/boletinlegal/doctrina.php HTTP/1.1" 200 5604
172.22.2.4 - - [15/Oct/2022:08:12:24 -0500] "GET /BLA/boletinlegal/js/ajax_doctrina.js HTTP/1.1" 200 772
114.119.141.42 - - [15/Oct/2022:08:12:25 -0500] "GET /BLA/resoluciones/RESOLUCIONES%202010/5709.pdf HTTP/1.1" 200 77452
172.22.2.4 - - [15/Oct/2022:08:11:07 -0500] "HEAD /BLA/boletinlegal/ HTTP/1.1" 200 -
207.46.13.89 - - [15/Oct/2022:08:13:07 -0500] "GET /BLA/resoluciones/00000858.tif HTTP/1.1" 404 1018
199.59.150.182 - - [15/Oct/2022:08:13:08 -0500] "GET /images/pot-humedales-2-octubre.jpg HTTP/1.1" 200 53089
192.133.77.16 - - [15/Oct/2022:08:13:09 -0500] "GET /images/pot-humedales-2-octubre.jpg HTTP/1.1" 200 53089
172.22.2.4 - - [15/Oct/2022:08:11:58 -0500] "GET /BLA/boletinlegal/ HTTP/1.1" 200 57725
114.119.141.53 - - [15/Oct/2022:08:14:15 -0500] "GET /BLA/resoluciones/RESOLUCIONES%202010/1257.pdf HTTP/1.1" 200 114072
114.119.141.52 - - [15/Oct/2022:08:16:00 -0500] "GET /BLA/resoluciones/RESOLUCIONES%202010/0187.pdf HTTP/1.1" 200 536067
201.245.192.253 - - [15/Oct/2022:08:17:04 -0500] "POST /kwsrmcab/Wsrmcab  HTTP/1.1" 200 43296
157.55.39.159 - - [15/Oct/2022:08:17:17 -0500] "GET /rknowsys-theme/js/jquery.min.js HTTP/1.1" 404 1034
216.245.221.92 - - [15/Oct/2022:08:17:18 -0500] "HEAD / HTTP/1.1" 200 -
114.119.141.53 - - [15/Oct/2022:08:17:48 -0500] "GET /BLA/resoluciones/RESOLUCIONES%202010/3592.pdf HTTP/1.1" 200 502271
45.95.55.138 - - [15/Oct/2022:08:18:28 -0500] "-" 408 -
172.22.2.4 - - [15/Oct/2022:08:16:57 -0500] "HEAD /BLA/boletinlegal/ HTTP/1.1" 200 -
172.22.2.4 - - [15/Oct/2022:08:17:47 -0500] "GET /BLA/boletinlegal/ HTTP/1.1" 200 56732
114.119.141.52 - - [15/Oct/2022:08:19:33 -0500] "GET /Autoliquidacion/index.php HTTP/1.1" 200 6629
207.46.13.40 - - [15/Oct/2022:08:20:46 -0500] "GET /BLA/resoluciones/RESOLUCIONES%202000/2000%201550-1599.tif HTTP/1.1" 200 4511112
114.119.141.42 - - [15/Oct/2022:08:21:21 -0500] "GET /transparencia/financiera/Desagregado%20con%20modificaciones/Historico/Modificaciones%20Pptales%202018.xlsx HTTP/1.1" 200 22850
201.245.192.253 - - [15/Oct/2022:08:21:55 -0500] "POST /kwsrmcab/Wsrmcab HTTP/1.1" 200 43754
201.245.192.253 - - [15/Oct/2022:08:21:58 -0500] "POST /kwsrmcab/Wsrmcab HTTP/1.1" 200 43487
201.245.192.253 - - [15/Oct/2022:08:22:03 -0500] "POST /kwsrmcab/Wsrmcab  HTTP/1.1" 200 43296
216.245.221.92 - - [15/Oct/2022:08:22:18 -0500] "HEAD / HTTP/1.1" 200 -
114.119.141.53 - - [15/Oct/2022:08:23:03 -0500] "GET /BLA/resoluciones/RESOLUCIONES%202010/5146.pdf HTTP/1.1" 200 364542
172.22.2.4 - - [15/Oct/2022:08:22:47 -0500] "HEAD /BLA/boletinlegal/ HTTP/1.1" 200 -
114.119.141.71 - - [15/Oct/2022:08:24:49 -0500] "GET /BLA/resoluciones/RESOLUCIONES%202010/5053.pdf HTTP/1.1" 200 763261
172.22.2.4 - - [15/Oct/2022:08:23:38 -0500] "GET /BLA/boletinlegal/ HTTP/1.1" 200 59828
172.22.2.4 - - [15/Oct/2022:08:25:42 -0500] "GET /BLA/boletinlegal/favicon.ico HTTP/1.1" 404 1326
114.119.141.73 - - [15/Oct/2022:08:26:38 -0500] "GET /BLA/resoluciones/RESOLUCIONES%202010/7210.pdf HTTP/1.1" 200 1119875
201.245.192.253 - - [15/Oct/2022:08:27:02 -0500] "POST /kwsrmcab/Wsrmcab  HTTP/1.1" 200 43296
216.245.221.92 - - [15/Oct/2022:08:27:18 -0500] "HEAD / HTTP/1.1" 200 -
190.60.254.211 - - [15/Oct/2022:08:28:03 -0500] "GET /la-secretaria-de-ambiente-abre-nueva-convocatoria-para-su-programa-de-voluntariado-ambiental.html HTTP/1.1" 200 976
114.119.141.73 - - [15/Oct/2022:08:28:24 -0500] "GET /BLA/resoluciones/RESOLUCIONES%202010/2632.pdf HTTP/1.1" 200 517461
66.249.79.111 - - [15/Oct/2022:08:28:37 -0500] "-" 408 -
114.119.132.76 - - [15/Oct/2022:08:30:13 -0500] "GET /BLA/resoluciones/AUTOS%202013/3340.pdf HTTP/1.1" 200 831447
172.22.2.4 - - [15/Oct/2022:08:28:37 -0500] "HEAD /BLA/boletinlegal/ HTTP/1.1" 200 -
191.102.198.85 - - [15/Oct/2022:08:30:38 -0500] "GET /kwssiamovil/sm/acme/a?s=U2FsdGVkX19fQ7qbW0mYHQL1AEXvS0CPZWe0i8MOE2qTWHd4P97tWd2zRHxUO5+lIOggPXMV48T5gdX6HDmTD0slutzA07sz8weQGy++xPgoZLJ9nw7L1emdKg15h3RTLAr3XYfmCIhfRWWDmivmtFYopPaSw7Om/YEM7tQR6h0U8u+jcKrZKVXkQ1Hiv4zJERuIM2w3iFo2cirqbPWA9irSt5U1KE0n5KH57g45mneTy5aOBswIIXV480ux2CpeAI/2rmVvwE7ZT1K6DI9sFg==&u=U2FsdGVkX19WrDD4a56A70IBDsGwN3jnww3WcFdTYCw=&y=U2FsdGVkX1/QzVhDFhoeg0BM+ix8Ol0h0QOyp9L8Ulo= HTTP/1.1" 200 26
191.102.198.85 - - [15/Oct/2022:08:30:51 -0500] "GET /kwssiamovil/sm/acme/u?s=U2FsdGVkX1/QXpio5MOIvVxIAzoNlvjZopHJJDuruKoAfAaY5dxq6cX63jvzgA6OGwq0lr9Fii6Dt5hEnGCnMQ7IJVCaacuZ2/gFM1vN6i7HykBR9qVrUtV/H+IXlxbcgY8IGZv4DdBfWyoYJw86DA==&u=U2FsdGVkX19WrDD4a56A70IBDsGwN3jnww3WcFdTYCw=&y=U2FsdGVkX1/QzVhDFhoeg0BM+ix8Ol0h0QOyp9L8Ulo= HTTP/1.1" 200 60
172.22.2.4 - - [15/Oct/2022:08:29:27 -0500] "GET /BLA/boletinlegal/ HTTP/1.1" 200 59828
114.119.132.76 - - [15/Oct/2022:08:31:53 -0500] "GET /BLA/resoluciones/RESOLUCIONES%202010/5912.pdf HTTP/1.1" 200 745122
201.245.192.253 - - [15/Oct/2022:08:31:54 -0500] "POST /kwsrmcab/Wsrmcab HTTP/1.1" 200 43754
201.245.192.253 - - [15/Oct/2022:08:31:57 -0500] "POST /kwsrmcab/Wsrmcab HTTP/1.1" 200 43487
201.245.192.253 - - [15/Oct/2022:08:32:01 -0500] "POST /kwsrmcab/Wsrmcab  HTTP/1.1" 200 43296
157.55.39.25 - - [15/Oct/2022:08:32:08 -0500] "GET /autoliquidacion2020/index.php?dir=Calidad+del+aire+auditiva+y+visual-%2FEvaluaci%F3n+certificado+de+Intensidad+Auditiva%2F HTTP/1.1" 200 2567
216.245.221.92 - - [15/Oct/2022:08:32:18 -0500] "HEAD / HTTP/1.1" 200 -
114.119.141.73 - - [15/Oct/2022:08:33:43 -0500] "GET /BLA/resoluciones/RESOLUCIONES%202010/7668.pdf HTTP/1.1" 200 422047
207.46.13.84 - - [15/Oct/2022:08:35:20 -0500] "GET /BLA/resoluciones/RESOLUCIONES%202000/2000%202600-2649.tif HTTP/1.1" 200 4683605
192.241.200.88 - - [15/Oct/2022:08:35:20 -0500] "MGLNDD_190.27.245.106_80" 501 953
114.119.141.53 - - [15/Oct/2022:08:35:32 -0500] "GET /BLA/resoluciones/RESOLUCIONES%202010/4240.pdf HTTP/1.1" 200 752871
172.22.2.4 - - [15/Oct/2022:08:34:27 -0500] "HEAD /BLA/boletinlegal/ HTTP/1.1" 200 -
157.55.39.159 - - [15/Oct/2022:08:36:48 -0500] "GET /portaldeninos/wp-content/uploads/2021/05/pieza-dia-mundial-aves-tinguasazules-8-mayo.jpg HTTP/1.1" 200 55685
172.22.2.4 - - [15/Oct/2022:08:35:17 -0500] "GET /BLA/boletinlegal/ HTTP/1.1" 200 58163
201.245.192.253 - - [15/Oct/2022:08:36:59 -0500] "POST /kwsrmcab/Wsrmcab  HTTP/1.1" 200 43296
143.110.214.108 - - [15/Oct/2022:08:37:02 -0500] "GET /mysql/dbadmin/index.php?lang=en HTTP/1.1" 404 1018
143.110.214.108 - - [15/Oct/2022:08:37:02 -0500] "GET /sql/phpMyAdmin2/index.php?lang=en HTTP/1.1" 404 1018
143.110.214.108 - - [15/Oct/2022:08:37:02 -0500] "GET /PMA/index.php?lang=en HTTP/1.1" 404 1018
143.110.214.108 - - [15/Oct/2022:08:37:02 -0500] "GET /sql/php-myadmin/index.php?lang=en HTTP/1.1" 404 1018
143.110.214.108 - - [15/Oct/2022:08:37:02 -0500] "GET /phpMyAdmin5/index.php?lang=en HTTP/1.1" 403 1165
143.110.214.108 - - [15/Oct/2022:08:37:03 -0500] "GET /administrator/db/index.php?lang=en HTTP/1.1" 404 1018
143.110.214.108 - - [15/Oct/2022:08:37:03 -0500] "GET /phpmyadmin1/index.php?lang=en HTTP/1.1" 403 1165
143.110.214.108 - - [15/Oct/2022:08:37:03 -0500] "GET /mysql/pma/index.php?lang=en HTTP/1.1" 404 1018
143.110.214.108 - - [15/Oct/2022:08:37:03 -0500] "GET /administrator/phpmyadmin/index.php?lang=en HTTP/1.1" 404 1018
143.110.214.108 - - [15/Oct/2022:08:37:03 -0500] "GET /mysql/pMA/index.php?lang=en HTTP/1.1" 404 1018
143.110.214.108 - - [15/Oct/2022:08:37:03 -0500] "GET /db/dbadmin/index.php?lang=en HTTP/1.1" 404 1018
143.110.214.108 - - [15/Oct/2022:08:37:03 -0500] "GET /mysql/sqlmanager/index.php?lang=en HTTP/1.1" 404 1018
143.110.214.108 - - [15/Oct/2022:08:37:03 -0500] "GET /phpMyAdmin3/index.php?lang=en HTTP/1.1" 403 1165
143.110.214.108 - - [15/Oct/2022:08:37:03 -0500] "GET /database/index.php?lang=en HTTP/1.1" 404 1018
143.110.214.108 - - [15/Oct/2022:08:37:03 -0500] "GET /sql/websql/index.php?lang=en HTTP/1.1" 404 1018
143.110.214.108 - - [15/Oct/2022:08:37:04 -0500] "GET /phpmyadmin2014/index.php?lang=en HTTP/1.1" 403 1165
143.110.214.108 - - [15/Oct/2022:08:37:04 -0500] "GET /phpMyAdmin-5.1.3/index.php?lang=en HTTP/1.1" 403 1165
143.110.214.108 - - [15/Oct/2022:08:37:04 -0500] "GET /phpMyAdmin-4.9.7/index.php?lang=en HTTP/1.1" 403 1165
143.110.214.108 - - [15/Oct/2022:08:37:04 -0500] "GET /_phpMyAdmin/index.php?lang=en HTTP/1.1" 404 1018
143.110.214.108 - - [15/Oct/2022:08:37:04 -0500] "GET /phpmyadmin2015/index.php?lang=en HTTP/1.1" 403 1165
143.110.214.108 - - [15/Oct/2022:08:37:04 -0500] "GET /phpmy/index.php?lang=en HTTP/1.1" 404 1018
143.110.214.108 - - [15/Oct/2022:08:37:04 -0500] "GET /db/phpmyadmin3/index.php?lang=en HTTP/1.1" 404 1018
143.110.214.108 - - [15/Oct/2022:08:37:04 -0500] "GET /phpmyadmin2011/index.php?lang=en HTTP/1.1" 403 1165
143.110.214.108 - - [15/Oct/2022:08:37:04 -0500] "GET /php-my-admin/index.php?lang=en HTTP/1.1" 404 1018
143.110.214.108 - - [15/Oct/2022:08:37:05 -0500] "GET /dbadmin/index.php?lang=en HTTP/1.1" 404 1018
143.110.214.108 - - [15/Oct/2022:08:37:05 -0500] "GET /db/phpmyadmin4/index.php?lang=en HTTP/1.1" 404 1018
143.110.214.108 - - [15/Oct/2022:08:37:05 -0500] "GET /phpMyAdmin/index.php?lang=en HTTP/1.1" 403 1165
143.110.214.108 - - [15/Oct/2022:08:37:05 -0500] "GET /admin/db/index.php?lang=en HTTP/1.1" 404 1018
143.110.214.108 - - [15/Oct/2022:08:37:05 -0500] "GET /phpMyAdmin1/index.php?lang=en HTTP/1.1" 403 1165
143.110.214.108 - - [15/Oct/2022:08:37:05 -0500] "GET /sql/sqlweb/index.php?lang=en HTTP/1.1" 404 1018
143.110.214.108 - - [15/Oct/2022:08:37:05 -0500] "GET /admin/pma/index.php?lang=en HTTP/1.1" 404 1018
143.110.214.108 - - [15/Oct/2022:08:37:05 -0500] "GET /phpmyadmin2020/index.php?lang=en HTTP/1.1" 403 1165
143.110.214.108 - - [15/Oct/2022:08:37:05 -0500] "GET /phpmyadmin2018/index.php?lang=en HTTP/1.1" 403 1165
143.110.214.108 - - [15/Oct/2022:08:37:05 -0500] "GET /sql/phpmyadmin3/index.php?lang=en HTTP/1.1" 404 1018
143.110.214.108 - - [15/Oct/2022:08:37:06 -0500] "GET /sql/sqladmin/index.php?lang=en HTTP/1.1" 404 1018
143.110.214.108 - - [15/Oct/2022:08:37:06 -0500] "GET /phpMyAdmin2/index.php?lang=en HTTP/1.1" 403 1165
143.110.214.108 - - [15/Oct/2022:08:37:06 -0500] "GET /mysql/mysqlmanager/index.php?lang=en HTTP/1.1" 404 1018
143.110.214.108 - - [15/Oct/2022:08:37:06 -0500] "GET /myadmin/index.php?lang=en HTTP/1.1" 404 1018
143.110.214.108 - - [15/Oct/2022:08:37:06 -0500] "GET /db/phpMyAdmin/index.php?lang=en HTTP/1.1" 404 1018
143.110.214.108 - - [15/Oct/2022:08:37:06 -0500] "GET /phpmy-admin/index.php?lang=en HTTP/1.1" 404 1018
143.110.214.108 - - [15/Oct/2022:08:37:06 -0500] "GET /db/phpMyAdmin3/index.php?lang=en HTTP/1.1" 404 1018
143.110.214.108 - - [15/Oct/2022:08:37:06 -0500] "GET /phppma/index.php?lang=en HTTP/1.1" 404 1018
143.110.214.108 - - [15/Oct/2022:08:37:06 -0500] "GET /admin/phpmyadmin/index.php?lang=en HTTP/1.1" 404 1018
143.110.214.108 - - [15/Oct/2022:08:37:06 -0500] "GET /phpMyAdmin-5.1.1/index.php?lang=en HTTP/1.1" 403 1165
143.110.214.108 - - [15/Oct/2022:08:37:07 -0500] "GET /mysqladmin/index.php?lang=en HTTP/1.1" 404 1018
143.110.214.108 - - [15/Oct/2022:08:37:07 -0500] "GET /sql/webdb/index.php?lang=en HTTP/1.1" 404 1018
143.110.214.108 - - [15/Oct/2022:08:37:07 -0500] "GET /admin/sysadmin/index.php?lang=en HTTP/1.1" 404 1018
143.110.214.108 - - [15/Oct/2022:08:37:07 -0500] "GET /phpMyAdmin-5.1.2/index.php?lang=en HTTP/1.1" 403 1165
143.110.214.108 - - [15/Oct/2022:08:37:07 -0500] "GET /phpmyadmin_/index.php?lang=en HTTP/1.1" 403 1165
143.110.214.108 - - [15/Oct/2022:08:37:07 -0500] "GET /admin/phpMyAdmin/index.php?lang=en HTTP/1.1" 404 1018
143.110.214.108 - - [15/Oct/2022:08:37:07 -0500] "GET /sql/phpmanager/index.php?lang=en HTTP/1.1" 404 1018
143.110.214.108 - - [15/Oct/2022:08:37:07 -0500] "GET /db/phpmyadmin5/index.php?lang=en HTTP/1.1" 404 1018
143.110.214.108 - - [15/Oct/2022:08:37:07 -0500] "GET /phpMyAdmin-5/index.php?lang=en HTTP/1.1" 403 1165
143.110.214.108 - - [15/Oct/2022:08:37:07 -0500] "GET /2phpmyadmin/index.php?lang=en HTTP/1.1" 404 1018
143.110.214.108 - - [15/Oct/2022:08:37:08 -0500] "GET /admin/index.php?lang=en HTTP/1.1" 404 1018
143.110.214.108 - - [15/Oct/2022:08:37:08 -0500] "GET /_phpmyadmin_/index.php?lang=en HTTP/1.1" 404 1018
143.110.214.108 - - [15/Oct/2022:08:37:08 -0500] "GET /db/phpMyAdmin-4/index.php?lang=en HTTP/1.1" 404 1018
143.110.214.108 - - [15/Oct/2022:08:37:08 -0500] "GET /phpmyadmin2021/index.php?lang=en HTTP/1.1" 403 1165
143.110.214.108 - - [15/Oct/2022:08:37:08 -0500] "GET /phpmyadmin2012/index.php?lang=en HTTP/1.1" 403 1165
143.110.214.108 - - [15/Oct/2022:08:37:08 -0500] "GET /phpmyadmin/index.php?lang=en HTTP/1.1" 403 1165
143.110.214.108 - - [15/Oct/2022:08:37:08 -0500] "GET /shopdb/index.php?lang=en HTTP/1.1" 404 1018
143.110.214.108 - - [15/Oct/2022:08:37:08 -0500] "GET /db/webadmin/index.php?lang=en HTTP/1.1" 404 1018
143.110.214.108 - - [15/Oct/2022:08:37:08 -0500] "GET /db/phpMyAdmin-3/index.php?lang=en HTTP/1.1" 404 1018
143.110.214.108 - - [15/Oct/2022:08:37:09 -0500] "GET /phpMyAdmin-5.2.0/index.php?lang=en HTTP/1.1" 403 1165
143.110.214.108 - - [15/Oct/2022:08:37:09 -0500] "GET /phpMyAdmin-3/index.php?lang=en HTTP/1.1" 403 1165
143.110.214.108 - - [15/Oct/2022:08:37:09 -0500] "GET /phpmyadmin5/index.php?lang=en HTTP/1.1" 403 1165
143.110.214.108 - - [15/Oct/2022:08:37:09 -0500] "GET /pma/index.php?lang=en HTTP/1.1" 404 1018
143.110.214.108 - - [15/Oct/2022:08:37:09 -0500] "GET /phpMyAdmin_/index.php?lang=en HTTP/1.1" 403 1165
143.110.214.108 - - [15/Oct/2022:08:37:09 -0500] "GET /wp-content/plugins/portable-phpmyadmin/wp-pma-mod/index.php?lang=en HTTP/1.1" 404 1018
143.110.214.108 - - [15/Oct/2022:08:37:09 -0500] "GET /db/websql/index.php?lang=en HTTP/1.1" 404 1018
143.110.214.108 - - [15/Oct/2022:08:37:09 -0500] "GET /phpmyadmin3/index.php?lang=en HTTP/1.1" 403 1165
143.110.214.108 - - [15/Oct/2022:08:37:09 -0500] "GET /db/phpMyAdmin-5/index.php?lang=en HTTP/1.1" 404 1018
143.110.214.108 - - [15/Oct/2022:08:37:09 -0500] "GET /sql/phpmyadmin4/index.php?lang=en HTTP/1.1" 404 1018
143.110.214.108 - - [15/Oct/2022:08:37:10 -0500] "GET /mysql-admin/index.php?lang=en HTTP/1.1" 404 1018
143.110.214.108 - - [15/Oct/2022:08:37:10 -0500] "GET /sql/sql/index.php?lang=en HTTP/1.1" 404 1018
143.110.214.108 - - [15/Oct/2022:08:37:10 -0500] "GET /phpMyAdmin5.1/index.php?lang=en HTTP/1.1" 403 1165
143.110.214.108 - - [15/Oct/2022:08:37:10 -0500] "GET /mysql/index.php?lang=en HTTP/1.1" 404 1018
143.110.214.108 - - [15/Oct/2022:08:37:10 -0500] "GET /phpmyadmin2022/index.php?lang=en HTTP/1.1" 403 1165
143.110.214.108 - - [15/Oct/2022:08:37:10 -0500] "GET /sql/myadmin/index.php?lang=en HTTP/1.1" 404 1018
143.110.214.108 - - [15/Oct/2022:08:37:10 -0500] "GET /administrator/phpMyAdmin/index.php?lang=en HTTP/1.1" 404 1018
143.110.214.108 - - [15/Oct/2022:08:37:10 -0500] "GET /phpMyadmin/index.php?lang=en HTTP/1.1" 403 1165
143.110.214.108 - - [15/Oct/2022:08:37:10 -0500] "GET /phpMyAdmin-5.1.0/index.php?lang=en HTTP/1.1" 403 1165
143.110.214.108 - - [15/Oct/2022:08:37:10 -0500] "GET /administrator/admin/index.php?lang=en HTTP/1.1" 404 1018
143.110.214.108 - - [15/Oct/2022:08:37:11 -0500] "GET /phpmyadmin2016/index.php?lang=en HTTP/1.1" 403 1165
143.110.214.108 - - [15/Oct/2022:08:37:11 -0500] "GET /phpmyAdmin/index.php?lang=en HTTP/1.1" 403 1165
143.110.214.108 - - [15/Oct/2022:08:37:11 -0500] "GET /phpMyAdmin-4/index.php?lang=en HTTP/1.1" 403 1165
143.110.214.108 - - [15/Oct/2022:08:37:11 -0500] "GET /program/index.php?lang=en HTTP/1.1" 404 1018
143.110.214.108 - - [15/Oct/2022:08:37:11 -0500] "GET /phpmyadmin2019/index.php?lang=en HTTP/1.1" 403 1165
143.110.214.108 - - [15/Oct/2022:08:37:11 -0500] "GET /_phpmyadmin/index.php?lang=en HTTP/1.1" 404 1018
143.110.214.108 - - [15/Oct/2022:08:37:11 -0500] "GET /sql/webadmin/index.php?lang=en HTTP/1.1" 404 1018
143.110.214.108 - - [15/Oct/2022:08:37:11 -0500] "GET /sql/sql-admin/index.php?lang=en HTTP/1.1" 404 1018
143.110.214.108 - - [15/Oct/2022:08:37:11 -0500] "GET /phpmyadmin4/index.php?lang=en HTTP/1.1" 403 1165
143.110.214.108 - - [15/Oct/2022:08:37:12 -0500] "GET /sql/phpMyAdmin/index.php?lang=en HTTP/1.1" 404 1018
143.110.214.108 - - [15/Oct/2022:08:37:12 -0500] "GET /admin/web/index.php?lang=en HTTP/1.1" 404 1018
143.110.214.108 - - [15/Oct/2022:08:37:12 -0500] "GET /mysql/web/index.php?lang=en HTTP/1.1" 404 1018
143.110.214.108 - - [15/Oct/2022:08:37:12 -0500] "GET /db/phpmyadmin/index.php?lang=en HTTP/1.1" 404 1018
143.110.214.108 - - [15/Oct/2022:08:37:12 -0500] "GET /administrator/pma/index.php?lang=en HTTP/1.1" 404 1018
143.110.214.108 - - [15/Oct/2022:08:37:12 -0500] "GET /php-myadmin/index.php?lang=en HTTP/1.1" 404 1018
143.110.214.108 - - [15/Oct/2022:08:37:12 -0500] "GET /administrator/PMA/index.php?lang=en HTTP/1.1" 404 1018
143.110.214.108 - - [15/Oct/2022:08:37:12 -0500] "GET /phpMyAdmin4/index.php?lang=en HTTP/1.1" 403 1165
143.110.214.108 - - [15/Oct/2022:08:37:12 -0500] "GET /mysqlmanager/index.php?lang=en HTTP/1.1" 404 1018
143.110.214.108 - - [15/Oct/2022:08:37:12 -0500] "GET /phpmyadmin2013/index.php?lang=en HTTP/1.1" 403 1165
143.110.214.108 - - [15/Oct/2022:08:37:13 -0500] "GET /db/index.php?lang=en HTTP/1.1" 404 1018
143.110.214.108 - - [15/Oct/2022:08:37:13 -0500] "GET /sqlmanager/index.php?lang=en HTTP/1.1" 404 1018
143.110.214.108 - - [15/Oct/2022:08:37:13 -0500] "GET /admin/sqladmin/index.php?lang=en HTTP/1.1" 404 1018
143.110.214.108 - - [15/Oct/2022:08:37:13 -0500] "GET /mysql/db/index.php?lang=en HTTP/1.1" 404 1018
143.110.214.108 - - [15/Oct/2022:08:37:13 -0500] "GET /db/dbweb/index.php?lang=en HTTP/1.1" 404 1018
143.110.214.108 - - [15/Oct/2022:08:37:13 -0500] "GET /db/webdb/index.php?lang=en HTTP/1.1" 404 1018
143.110.214.108 - - [15/Oct/2022:08:37:13 -0500] "GET /phpmyadmin2/index.php?lang=en HTTP/1.1" 403 1165
143.110.214.108 - - [15/Oct/2022:08:37:13 -0500] "GET /administrator/web/index.php?lang=en HTTP/1.1" 404 1018
143.110.214.108 - - [15/Oct/2022:08:37:13 -0500] "GET /1phpmyadmin/index.php?lang=en HTTP/1.1" 404 1018
143.110.214.108 - - [15/Oct/2022:08:37:13 -0500] "GET /mysql/admin/index.php?lang=en HTTP/1.1" 404 1018
143.110.214.108 - - [15/Oct/2022:08:37:14 -0500] "GET /MyAdmin/index.php?lang=en HTTP/1.1" 404 1018
143.110.214.108 - - [15/Oct/2022:08:37:14 -0500] "GET /phpMyAdmin5.2/index.php?lang=en HTTP/1.1" 403 1165
143.110.214.108 - - [15/Oct/2022:08:37:14 -0500] "GET /sql/phpmyadmin5/index.php?lang=en HTTP/1.1" 404 1018
143.110.214.108 - - [15/Oct/2022:08:37:14 -0500] "GET /db/db-admin/index.php?lang=en HTTP/1.1" 404 1018
143.110.214.108 - - [15/Oct/2022:08:37:14 -0500] "GET /phpmyadmin2017/index.php?lang=en HTTP/1.1" 403 1165
143.110.214.108 - - [15/Oct/2022:08:37:14 -0500] "GET /db/myadmin/index.php?lang=en HTTP/1.1" 404 1018
143.110.214.108 - - [15/Oct/2022:08:37:14 -0500] "GET /sql/phpmy-admin/index.php?lang=en HTTP/1.1" 404 1018
114.119.141.69 - - [15/Oct/2022:08:37:17 -0500] "GET /BLA/resoluciones/RESOLUCIONES%202010/5776.pdf HTTP/1.1" 200 104542
216.245.221.92 - - [15/Oct/2022:08:37:18 -0500] "HEAD / HTTP/1.1" 200 -
45.95.55.138 - - [15/Oct/2022:08:37:31 -0500] "-" 408 -
114.119.141.73 - - [15/Oct/2022:08:39:00 -0500] "GET /BLA/resoluciones/RESOLUCIONES%202010/5904.pdf HTTP/1.1" 200 612559
173.252.107.23 - - [15/Oct/2022:08:39:09 -0500] "GET /en-esta-navidad-bogota-esta-mejorando-con-mas-espacios-verdes-para-el-disfrute-de-la-ciudadania.html HTTP/1.1" 206 1114
