114.119.141.73 - - [15/Oct/2022:17:58:00 -0500] "GET /BLA/resoluciones/RESOLUCIONES%202010/4397.pdf HTTP/1.1" 200 555917
198.235.24.148 - - [15/Oct/2022:17:58:01 -0500] "GET / HTTP/1.1" 200 4720
186.84.20.111 - - [15/Oct/2022:17:58:39 -0500] "GET /la-secretaria-de-ambiente-abre-nueva-convocatoria-para-su-programa-de-voluntariado-ambiental.html HTTP/1.1" 200 976
154.21.208.186 - - [15/Oct/2022:17:59:21 -0500] "GET / HTTP/1.1" 200 319
172.22.2.4 - - [15/Oct/2022:17:59:35 -0500] "GET /BLA/boletinlegal/jurisprudencia/analisis/Analisis%20Jurisprudencia%20Sent%202000-00005-01.doc HTTP/1.1" 304 -
114.119.141.52 - - [15/Oct/2022:17:59:50 -0500] "GET /BLA/resoluciones/RESOLUCIONES%202010/1845.pdf HTTP/1.1" 200 401106
201.245.192.253 - - [15/Oct/2022:18:00:03 -0500] "POST /kwsrmcab/Wsrmcab  HTTP/1.1" 200 43296
157.55.39.202 - - [15/Oct/2022:18:01:37 -0500] "GET /BLA/resoluciones/RESOLUCIONES%202021/1892.pdf HTTP/1.1" 200 488340
172.22.2.4 - - [15/Oct/2022:18:00:16 -0500] "HEAD /BLA/boletinlegal/ HTTP/1.1" 200 -
114.119.141.42 - - [15/Oct/2022:18:01:56 -0500] "GET /BLA/resoluciones/AUTOS%202017/4741.pdf HTTP/1.1" 200 1553187
216.245.221.92 - - [15/Oct/2022:18:02:17 -0500] "HEAD / HTTP/1.1" 200 -
172.22.2.4 - - [15/Oct/2022:18:01:06 -0500] "GET /BLA/boletinlegal/ HTTP/1.1" 200 58163
66.249.79.115 - - [15/Oct/2022:18:03:32 -0500] "-" 408 -
114.119.132.76 - - [15/Oct/2022:18:03:47 -0500] "GET /BLA/resoluciones/AUTOS%202016/0326.pdf HTTP/1.1" 200 463013
201.245.192.253 - - [15/Oct/2022:18:05:03 -0500] "POST /kwsrmcab/Wsrmcab  HTTP/1.1" 200 43296
114.119.141.69 - - [15/Oct/2022:18:05:39 -0500] "GET /BLA/resoluciones/AUTOS%202014/5545.pdf HTTP/1.1" 200 134453
207.46.13.89 - - [15/Oct/2022:18:06:01 -0500] "GET /Publicaciones/2022EE176389.pdf HTTP/1.1" 404 228
181.61.209.141 - - [15/Oct/2022:18:06:58 -0500] "GET /BLA/resoluciones/index.php?dir= HTTP/1.1" 200 13093
181.61.209.141 - - [15/Oct/2022:18:07:02 -0500] "GET /BLA/resoluciones/index.php?dir=AUTOS+2011%2F HTTP/1.1" 200 636098
181.61.209.141 - - [15/Oct/2022:18:07:16 -0500] "GET /BLA/resoluciones/AUTOS%202011/1836.pdf HTTP/1.1" 200 208276
216.245.221.92 - - [15/Oct/2022:18:07:17 -0500] "HEAD / HTTP/1.1" 200 -
114.119.141.69 - - [15/Oct/2022:18:07:25 -0500] "GET /BLA/resoluciones/RESOLUCIONES%202010/0413.pdf HTTP/1.1" 200 523881
172.22.2.4 - - [15/Oct/2022:18:06:06 -0500] "HEAD /BLA/boletinlegal/ HTTP/1.1" 200 -
172.22.2.4 - - [15/Oct/2022:18:06:56 -0500] "GET /BLA/boletinlegal/ HTTP/1.1" 200 54003
114.119.141.51 - - [15/Oct/2022:18:09:14 -0500] "GET /Publicaciones/2020EE209181.pdf HTTP/1.1" 404 228
201.245.192.253 - - [15/Oct/2022:18:10:02 -0500] "POST /kwsrmcab/Wsrmcab  HTTP/1.1" 200 43296
216.245.221.92 - - [15/Oct/2022:18:12:17 -0500] "HEAD / HTTP/1.1" 200 -
172.22.2.4 - - [15/Oct/2022:18:11:56 -0500] "HEAD /BLA/boletinlegal/ HTTP/1.1" 200 -
172.22.2.4 - - [15/Oct/2022:18:12:46 -0500] "GET /BLA/boletinlegal/ HTTP/1.1" 200 59319
201.245.192.253 - - [15/Oct/2022:18:15:01 -0500] "POST /kwsrmcab/Wsrmcab  HTTP/1.1" 200 43296
114.119.141.53 - - [15/Oct/2022:18:16:14 -0500] "GET /BLA/resoluciones/RESOLUCIONES%202010/3698.pdf HTTP/1.1" 200 764763
173.252.107.120 - - [15/Oct/2022:18:16:18 -0500] "GET /images/Junio%2002-experiencias-jardines-verticales-sda.jpeg HTTP/1.1" 200 31171
66.220.149.11 - - [15/Oct/2022:18:17:11 -0500] "GET /images/rana-1_optimized.jpeg HTTP/1.1" 200 92223
216.245.221.92 - - [15/Oct/2022:18:17:17 -0500] "HEAD / HTTP/1.1" 200 -
172.22.2.4 - - [15/Oct/2022:18:17:46 -0500] "HEAD /BLA/boletinlegal/ HTTP/1.1" 200 -
201.245.192.253 - - [15/Oct/2022:18:19:59 -0500] "POST /kwsrmcab/Wsrmcab  HTTP/1.1" 200 43296
172.22.2.4 - - [15/Oct/2022:18:18:36 -0500] "GET /BLA/boletinlegal/ HTTP/1.1" 200 54003
172.22.2.4 - - [15/Oct/2022:18:21:31 -0500] "GET /BLA/boletinlegal/style.css HTTP/1.1" 200 9406
172.22.2.4 - - [15/Oct/2022:18:21:31 -0500] "GET /BLA/boletinlegal/js/jquery.scrollTo-min.js HTTP/1.1" 200 1150
172.22.2.4 - - [15/Oct/2022:18:21:31 -0500] "GET /BLA/boletinlegal/js/jquery.js HTTP/1.1" 200 57254
172.22.2.4 - - [15/Oct/2022:18:21:31 -0500] "GET /BLA/boletinlegal/styles2.css HTTP/1.1" 200 1838
172.22.2.4 - - [15/Oct/2022:18:21:31 -0500] "GET /BLA/boletinlegal/js/jquery.scrollShow.js HTTP/1.1" 200 4586
172.22.2.4 - - [15/Oct/2022:18:21:31 -0500] "GET /BLA/boletinlegal/images/cabezote%20BLEGAL.jpg HTTP/1.1" 200 118164
172.22.2.4 - - [15/Oct/2022:18:21:31 -0500] "GET /BLA/boletinlegal/images/subscribe-icon-big.png HTTP/1.1" 200 47702
172.22.2.4 - - [15/Oct/2022:18:21:31 -0500] "GET /BLA/boletinlegal/images/arr_l.jpg HTTP/1.1" 200 1979
172.22.2.4 - - [15/Oct/2022:18:21:31 -0500] "GET /BLA/boletinlegal/images/historia.png HTTP/1.1" 200 52775
172.22.2.4 - - [15/Oct/2022:18:21:31 -0500] "GET /BLA/boletinlegal/images/registro-usuarios.png HTTP/1.1" 200 8106
172.22.2.4 - - [15/Oct/2022:18:21:31 -0500] "GET /BLA/boletinlegal/images/screen_1.png HTTP/1.1" 200 202547
172.22.2.4 - - [15/Oct/2022:18:21:31 -0500] "GET /BLA/boletinlegal/images/launch.jpg HTTP/1.1" 200 14577
172.22.2.4 - - [15/Oct/2022:18:21:31 -0500] "GET /BLA/boletinlegal/images/body_bg.jpg HTTP/1.1" 200 1601
172.22.2.4 - - [15/Oct/2022:18:21:31 -0500] "GET /BLA/boletinlegal/images/menu_lft.gif HTTP/1.1" 200 1713
172.22.2.4 - - [15/Oct/2022:18:21:31 -0500] "GET /BLA/boletinlegal/images/menu_rght.gif HTTP/1.1" 200 1627
172.22.2.4 - - [15/Oct/2022:18:21:31 -0500] "GET /BLA/boletinlegal/images/bg_top.jpg HTTP/1.1" 200 522
172.22.2.4 - - [15/Oct/2022:18:21:31 -0500] "GET /BLA/boletinlegal/images/menu_bg.jpg HTTP/1.1" 200 620
172.22.2.4 - - [15/Oct/2022:18:21:31 -0500] "GET /BLA/boletinlegal/images/hover.jpg HTTP/1.1" 200 640
172.22.2.4 - - [15/Oct/2022:18:21:31 -0500] "GET /BLA/boletinlegal/images/text.jpg HTTP/1.1" 200 568
172.22.2.4 - - [15/Oct/2022:18:21:35 -0500] "GET /BLA/boletinlegal/actos.php HTTP/1.1" 200 9566
172.22.2.4 - - [15/Oct/2022:18:21:35 -0500] "GET /BLA/boletinlegal/js/ajax_actos.js HTTP/1.1" 200 1322
172.22.2.4 - - [15/Oct/2022:18:21:35 -0500] "GET /BLA/boletinlegal/niceforms.js HTTP/1.1" 200 22876
172.22.2.4 - - [15/Oct/2022:18:21:35 -0500] "GET /BLA/boletinlegal/niceforms-default.css HTTP/1.1" 200 6694
172.22.2.4 - - [15/Oct/2022:18:21:35 -0500] "GET /BLA/boletinlegal/js/lib.js HTTP/1.1" 200 6474
172.22.2.4 - - [15/Oct/2022:18:21:35 -0500] "GET /BLA/boletinlegal/js/popup.js HTTP/1.1" 200 1270
172.22.2.4 - - [15/Oct/2022:18:21:35 -0500] "GET /BLA/boletinlegal/js/jquery1.js HTTP/1.1" 200 29846
172.22.2.4 - - [15/Oct/2022:18:21:35 -0500] "GET /BLA/boletinlegal/images/green-yellow-blue-pink-th.png HTTP/1.1" 200 7394
172.22.2.4 - - [15/Oct/2022:18:21:35 -0500] "GET /BLA/boletinlegal/images/tel.png HTTP/1.1" 200 14477
172.22.2.4 - - [15/Oct/2022:18:21:35 -0500] "GET /BLA/boletinlegal/images/icono-email.png HTTP/1.1" 200 5544
172.22.2.4 - - [15/Oct/2022:18:21:35 -0500] "GET /BLA/boletinlegal/images/footer_bg.jpg HTTP/1.1" 200 586
172.22.2.4 - - [15/Oct/2022:18:21:35 -0500] "GET /BLA/boletinlegal/images/footer_bg_l.jpg HTTP/1.1" 200 776
172.22.2.4 - - [15/Oct/2022:18:21:35 -0500] "GET /BLA/boletinlegal/img/0.png HTTP/1.1" 200 110
172.22.2.4 - - [15/Oct/2022:18:21:35 -0500] "GET /BLA/boletinlegal/img/select-right.png HTTP/1.1" 200 44019
172.22.2.4 - - [15/Oct/2022:18:21:35 -0500] "GET /BLA/boletinlegal/img/select-left.png HTTP/1.1" 200 263
172.22.2.4 - - [15/Oct/2022:18:21:35 -0500] "GET /BLA/boletinlegal/img/button.png HTTP/1.1" 200 43241
172.22.2.4 - - [15/Oct/2022:18:21:35 -0500] "GET /BLA/boletinlegal/img/button-left.png HTTP/1.1" 200 57071
172.22.2.4 - - [15/Oct/2022:18:21:35 -0500] "GET /BLA/boletinlegal/img/button-right.png HTTP/1.1" 200 57878
172.22.2.4 - - [15/Oct/2022:18:21:35 -0500] "GET /BLA/boletinlegal/favicon.ico HTTP/1.1" 404 1326
172.22.2.4 - - [15/Oct/2022:18:21:45 -0500] "GET /BLA/boletinlegal/consulta_actos.php?tipo=resoluciones&no=0383&usuario=&sector=&fecha=2016&resuelve= HTTP/1.1" 200 1091
172.22.2.4 - - [15/Oct/2022:18:20:53 -0500] "GET /BLA/boletinlegal/ HTTP/1.1" 200 36811
186.84.20.39 - - [15/Oct/2022:18:21:49 -0500] "GET /BLA/resoluciones/RESOLUCIONES%202016/0383. HTTP/1.1" 404 1120
201.245.192.253 - - [15/Oct/2022:18:21:53 -0500] "POST /kwsrmcab/Wsrmcab HTTP/1.1" 200 43730
201.245.192.253 - - [15/Oct/2022:18:21:55 -0500] "POST /kwsrmcab/Wsrmcab HTTP/1.1" 200 43757
172.22.2.4 - - [15/Oct/2022:18:21:31 -0500] "GET /BLA/boletinlegal/ HTTP/1.1" 200 24523
216.245.221.92 - - [15/Oct/2022:18:22:17 -0500] "HEAD / HTTP/1.1" 200 -
152.89.196.211 - - [15/Oct/2022:18:24:29 -0500] "-" 408 -
201.245.192.253 - - [15/Oct/2022:18:24:58 -0500] "POST /kwsrmcab/Wsrmcab  HTTP/1.1" 200 43296
172.22.2.4 - - [15/Oct/2022:18:23:36 -0500] "HEAD /BLA/boletinlegal/ HTTP/1.1" 200 -
114.119.132.76 - - [15/Oct/2022:18:25:32 -0500] "GET /BLA/resoluciones/RESOLUCIONES%202010/7307.pdf HTTP/1.1" 200 516706
172.22.2.4 - - [15/Oct/2022:18:24:26 -0500] "GET /BLA/boletinlegal/ HTTP/1.1" 200 58163
114.119.132.76 - - [15/Oct/2022:18:27:08 -0500] "GET /BLA/resoluciones/RESOLUCIONES%202010/0174.pdf HTTP/1.1" 200 627601
216.245.221.92 - - [15/Oct/2022:18:27:17 -0500] "HEAD / HTTP/1.1" 200 -
172.22.2.4 - - [15/Oct/2022:18:27:23 -0500] "GET /BLA/boletinlegal/Circulares/2018/CIRCULAR%20COJUNTA%20042%20DE%202018.pdf HTTP/1.1" 200 515008
114.119.141.53 - - [15/Oct/2022:18:28:59 -0500] "GET /BLA/resoluciones/RESOLUCIONES%202010/7515.pdf HTTP/1.1" 200 161432
157.55.39.202 - - [15/Oct/2022:18:29:40 -0500] "GET / HTTP/1.1" 200 319
201.245.192.253 - - [15/Oct/2022:18:29:57 -0500] "POST /kwsrmcab/Wsrmcab  HTTP/1.1" 200 43296
114.119.141.73 - - [15/Oct/2022:18:30:41 -0500] "GET /BLA/resoluciones/AUTOS%202015/1803.pdf HTTP/1.1" 200 555933
172.22.2.4 - - [15/Oct/2022:18:29:26 -0500] "HEAD /BLA/boletinlegal/ HTTP/1.1" 200 -
157.55.39.25 - - [15/Oct/2022:18:31:44 -0500] "GET /BLA/resoluciones/RESOLUCIONES%202019/1024.pdf HTTP/1.1" 304 -
201.245.192.253 - - [15/Oct/2022:18:31:52 -0500] "POST /kwsrmcab/Wsrmcab HTTP/1.1" 200 43730
172.22.2.4 - - [15/Oct/2022:18:30:16 -0500] "GET /BLA/boletinlegal/ HTTP/1.1" 200 54823
201.245.192.253 - - [15/Oct/2022:18:31:55 -0500] "POST /kwsrmcab/Wsrmcab HTTP/1.1" 200 43757
216.245.221.92 - - [15/Oct/2022:18:32:17 -0500] "HEAD / HTTP/1.1" 200 -
201.245.192.253 - - [15/Oct/2022:18:34:57 -0500] "POST /kwsrmcab/Wsrmcab  HTTP/1.1" 200 43296
191.156.150.99 - - [15/Oct/2022:18:35:40 -0500] "GET /sipse/faces/javax.faces.resource/theme.css?ln=primefaces-sipse HTTP/1.1" 304 -
191.156.150.99 - - [15/Oct/2022:18:35:40 -0500] "GET /sipse/faces/faces/faces/faces/autenticacion.xhtml HTTP/1.1" 200 12181
191.156.147.73 - - [15/Oct/2022:18:35:41 -0500] "GET /sipse/faces/javax.faces.resource/theme.css?ln=primefaces-sipse HTTP/1.1" 304 -
191.156.147.73 - - [15/Oct/2022:18:35:41 -0500] "GET /sipse/faces/javax.faces.resource/jquery/jquery.js?ln=primefaces&v=4.0 HTTP/1.1" 304 -
191.156.144.104 - - [15/Oct/2022:18:35:41 -0500] "GET /sipse/faces/javax.faces.resource/layout/layout.css?ln=primefaces&v=4.0 HTTP/1.1" 304 -
191.156.151.17 - - [15/Oct/2022:18:35:41 -0500] "GET /sipse/faces/javax.faces.resource/jquery/jquery-plugins.js?ln=primefaces&v=4.0 HTTP/1.1" 304 -
191.156.148.48 - - [15/Oct/2022:18:35:41 -0500] "GET /sipse/faces/javax.faces.resource/primefaces.css?ln=primefaces&v=4.0 HTTP/1.1" 304 -
191.156.149.174 - - [15/Oct/2022:18:35:41 -0500] "GET /sipse/faces/javax.faces.resource/primefaces.js?ln=primefaces&v=4.0 HTTP/1.1" 304 -
191.156.150.99 - - [15/Oct/2022:18:35:41 -0500] "GET /sipse/faces/javax.faces.resource/layout/layout.js?ln=primefaces&v=4.0 HTTP/1.1" 304 -
191.156.150.99 - - [15/Oct/2022:18:35:41 -0500] "GET /sipse/faces/javax.faces.resource/images/ui-icons_898989_256x240.png?ln=primefaces-aristo HTTP/1.1" 304 -
172.22.2.4 - - [15/Oct/2022:18:34:25 -0500] "GET /BLA/boletinlegal/ HTTP/1.1" 200 60281
172.22.2.4 - - [15/Oct/2022:18:35:16 -0500] "HEAD /BLA/boletinlegal/ HTTP/1.1" 200 -
114.119.141.51 - - [15/Oct/2022:18:37:00 -0500] "GET /BLA/resoluciones/RESOLUCIONES%202010/4776.pdf HTTP/1.1" 200 719246
157.55.39.202 - - [15/Oct/2022:18:37:11 -0500] "GET /BLA/resoluciones/RESOLUCIONES%202001/2001%20850-899.TIF HTTP/1.1" 200 9964820
216.245.221.92 - - [15/Oct/2022:18:37:17 -0500] "HEAD / HTTP/1.1" 200 -
172.22.2.4 - - [15/Oct/2022:18:36:06 -0500] "GET /BLA/boletinlegal/ HTTP/1.1" 200 55220
172.22.2.4 - - [15/Oct/2022:18:38:20 -0500] "GET /BLA/boletinlegal/Circulares/2019/.pdf HTTP/1.1" 404 1218
172.22.2.4 - - [15/Oct/2022:18:38:29 -0500] "GET /BLA/boletinlegal/Circulares/2012/Circular%20No.%2010%20del%2026%20de%20Enero%20de%202012.pdf HTTP/1.1" 404 1218
201.245.192.253 - - [15/Oct/2022:18:39:57 -0500] "POST /kwsrmcab/Wsrmcab  HTTP/1.1" 200 43296
51.15.164.30 - - [15/Oct/2022:18:40:54 -0500] "HEAD /animales-silvestres-regresaron-a-la-libertad-en-el-norte-de-bogota.html HTTP/1.1" 200 -
201.245.192.253 - - [15/Oct/2022:18:41:52 -0500] "POST /kwsrmcab/Wsrmcab HTTP/1.1" 200 43730
201.245.192.253 - - [15/Oct/2022:18:41:55 -0500] "POST /kwsrmcab/Wsrmcab HTTP/1.1" 200 43757
34.78.6.216 - - [15/Oct/2022:18:42:07 -0500] "GET / HTTP/1.1" 200 319
114.119.132.76 - - [15/Oct/2022:18:42:15 -0500] "GET /BLA/resoluciones/RESOLUCIONES%202010/7412.pdf HTTP/1.1" 200 98156
216.245.221.92 - - [15/Oct/2022:18:42:17 -0500] "HEAD / HTTP/1.1" 200 -
207.46.13.40 - - [15/Oct/2022:18:42:33 -0500] "GET /BLA/resoluciones/RESOLUCIONES%202000/2000%202400-2449.tif HTTP/1.1" 200 4536154
172.22.2.4 - - [15/Oct/2022:18:41:06 -0500] "HEAD /BLA/boletinlegal/ HTTP/1.1" 200 -
172.22.2.4 - - [15/Oct/2022:18:41:56 -0500] "GET /BLA/boletinlegal/ HTTP/1.1" 200 53640
176.65.137.6 - - [15/Oct/2022:18:44:40 -0500] "POST /boaform/admin/formLogin HTTP/1.1" 404 1186
201.245.192.253 - - [15/Oct/2022:18:44:55 -0500] "POST /kwsrmcab/Wsrmcab  HTTP/1.1" 200 43296
80.94.92.231 - - [15/Oct/2022:18:46:00 -0500] "GET / HTTP/1.1" 200 319
207.46.13.177 - - [15/Oct/2022:18:46:51 -0500] "GET /portaldeninos/aula-ambiental-artistica-itinerante-auambari/ HTTP/1.1" 200 89306
216.245.221.92 - - [15/Oct/2022:18:47:17 -0500] "HEAD / HTTP/1.1" 200 -
172.22.2.4 - - [15/Oct/2022:18:46:56 -0500] "HEAD /BLA/boletinlegal/ HTTP/1.1" 200 -
172.22.2.4 - - [15/Oct/2022:18:47:46 -0500] "GET /BLA/boletinlegal/ HTTP/1.1" 200 59828
173.252.107.15 - - [15/Oct/2022:18:49:28 -0500] "GET /en-el-ultimo-ano-fueron-recuperados-mas-de-12-mil-especimenes-silvestres-en-bogota.html HTTP/1.1" 206 1150
201.245.192.253 - - [15/Oct/2022:18:49:55 -0500] "POST /kwsrmcab/Wsrmcab  HTTP/1.1" 200 43296
173.252.107.11 - - [15/Oct/2022:18:50:55 -0500] "GET /images/pieza-voluntariado-ambiental.jpg HTTP/1.1" 200 41042
216.245.221.92 - - [15/Oct/2022:18:52:17 -0500] "HEAD / HTTP/1.1" 200 -
172.22.2.4 - - [15/Oct/2022:18:52:46 -0500] "HEAD /BLA/boletinlegal/ HTTP/1.1" 200 -
172.22.2.4 - - [15/Oct/2022:18:53:50 -0500] "GET /BLA/boletinlegal/ HTTP/1.1" 200 20427
114.119.141.71 - - [15/Oct/2022:18:54:49 -0500] "GET /BLA/resoluciones/RESOLUCIONES%202010/0644.pdf HTTP/1.1" 200 500709
201.245.192.253 - - [15/Oct/2022:18:54:54 -0500] "POST /kwsrmcab/Wsrmcab  HTTP/1.1" 200 43296
172.22.2.4 - - [15/Oct/2022:18:53:36 -0500] "GET /BLA/boletinlegal/ HTTP/1.1" 200 54003
216.245.221.92 - - [15/Oct/2022:18:57:17 -0500] "HEAD / HTTP/1.1" 200 -
66.249.79.113 - - [15/Oct/2022:18:59:07 -0500] "-" 408 -
201.245.192.253 - - [15/Oct/2022:18:59:52 -0500] "POST /kwsrmcab/Wsrmcab  HTTP/1.1" 200 43296
114.119.141.53 - - [15/Oct/2022:19:00:00 -0500] "GET /BLA/resoluciones/RESOLUCIONES%202009/2782.pdf HTTP/1.1" 200 382101
172.22.2.4 - - [15/Oct/2022:18:58:36 -0500] "HEAD /BLA/boletinlegal/ HTTP/1.1" 200 -
172.22.2.4 - - [15/Oct/2022:18:59:26 -0500] "GET /BLA/boletinlegal/ HTTP/1.1" 200 57375
216.245.221.92 - - [15/Oct/2022:19:02:17 -0500] "HEAD / HTTP/1.1" 200 -
201.245.192.253 - - [15/Oct/2022:19:04:51 -0500] "POST /kwsrmcab/Wsrmcab  HTTP/1.1" 200 43296
172.22.2.4 - - [15/Oct/2022:19:04:26 -0500] "HEAD /BLA/boletinlegal/ HTTP/1.1" 200 -
172.22.2.4 - - [15/Oct/2022:19:05:16 -0500] "GET /BLA/boletinlegal/ HTTP/1.1" 200 59828
216.245.221.92 - - [15/Oct/2022:19:07:18 -0500] "HEAD / HTTP/1.1" 200 -
191.95.164.245 - - [15/Oct/2022:19:09:47 -0500] "GET /galeria/galeria/jquery.fancybox.css?v=2.1.5 HTTP/1.1" 200 4895
191.95.164.245 - - [15/Oct/2022:19:09:47 -0500] "GET /galeria/galeria/jquery.fancybox.js?v=2.1.5 HTTP/1.1" 200 48706
191.95.164.245 - - [15/Oct/2022:19:09:47 -0500] "GET /BLA/boletinlegal/js/jquery.scrollShow.js HTTP/1.1" 200 4586
201.245.192.253 - - [15/Oct/2022:19:09:50 -0500] "POST /kwsrmcab/Wsrmcab  HTTP/1.1" 200 43296
74.82.47.16 - - [15/Oct/2022:19:11:08 -0500] "GET /favicon.ico HTTP/1.1" 200 7782
172.22.2.4 - - [15/Oct/2022:19:10:16 -0500] "HEAD /BLA/boletinlegal/ HTTP/1.1" 200 -
207.46.13.84 - - [15/Oct/2022:19:12:11 -0500] "GET /galeria/galeria/fotos/Humedal-vaca6G.jpg HTTP/1.1" 200 176858
216.245.221.92 - - [15/Oct/2022:19:12:17 -0500] "HEAD / HTTP/1.1" 200 -
172.22.2.4 - - [15/Oct/2022:19:11:06 -0500] "GET /BLA/boletinlegal/ HTTP/1.1" 200 54003
114.119.132.76 - - [15/Oct/2022:19:13:32 -0500] "GET /BLA/resoluciones/RESOLUCIONES%202010/2352.pdf HTTP/1.1" 200 480749
172.22.2.4 - - [15/Oct/2022:19:13:35 -0500] "GET /BLA/boletinlegal/images/menu_rght.gif HTTP/1.1" 200 1627
172.22.2.4 - - [15/Oct/2022:19:13:35 -0500] "GET /BLA/boletinlegal/images/bg_top.jpg HTTP/1.1" 200 522
172.22.2.4 - - [15/Oct/2022:19:13:39 -0500] "GET /BLA/boletinlegal/images/footer_bg.jpg HTTP/1.1" 200 586
172.22.2.4 - - [15/Oct/2022:19:13:39 -0500] "GET /BLA/boletinlegal/images/jurisprudencia.png HTTP/1.1" 200 66721
172.22.2.4 - - [15/Oct/2022:19:14:08 -0500] "GET /BLA/boletinlegal/favicon.ico HTTP/1.1" 404 1344
201.245.192.253 - - [15/Oct/2022:19:14:49 -0500] "POST /kwsrmcab/Wsrmcab  HTTP/1.1" 200 43296
207.46.13.40 - - [15/Oct/2022:19:15:18 -0500] "GET /BLA/resoluciones/AUTOS%202022/1894.pdf HTTP/1.1" 200 371376
216.245.221.92 - - [15/Oct/2022:19:17:17 -0500] "HEAD / HTTP/1.1" 200 -
199.16.157.182 - - [15/Oct/2022:19:17:30 -0500] "-" 408 -
172.22.2.4 - - [15/Oct/2022:19:16:06 -0500] "HEAD /BLA/boletinlegal/ HTTP/1.1" 200 -
176.65.137.6 - - [15/Oct/2022:19:18:29 -0500] "GET / HTTP/1.1" 200 319
172.22.2.4 - - [15/Oct/2022:19:16:56 -0500] "GET /BLA/boletinlegal/ HTTP/1.1" 200 60281
190.159.14.237 - - [15/Oct/2022:19:18:58 -0500] "GET /sipse/faces/index.xhtml HTTP/1.1" 200 677
190.159.14.237 - - [15/Oct/2022:19:18:58 -0500] "GET /sipse/faces/javax.faces.resource/theme.css?ln=primefaces-sipse HTTP/1.1" 304 -
190.159.14.237 - - [15/Oct/2022:19:18:59 -0500] "GET /sipse/js/disable_browser_buttons.js HTTP/1.1" 304 -
190.159.14.237 - - [15/Oct/2022:19:18:59 -0500] "GET /sipse/faces/faces/autenticacion.xhtml HTTP/1.1" 200 12181
190.159.14.237 - - [15/Oct/2022:19:18:59 -0500] "GET /sipse/css/custom_css_sg.css HTTP/1.1" 304 -
190.159.14.237 - - [15/Oct/2022:19:18:59 -0500] "GET /sipse/css/custom_css_sg_prime_login.css HTTP/1.1" 304 -
190.159.14.237 - - [15/Oct/2022:19:18:59 -0500] "GET /sipse/faces/javax.faces.resource/theme.css?ln=primefaces-sipse HTTP/1.1" 304 -
190.159.14.237 - - [15/Oct/2022:19:18:59 -0500] "GET /sipse/faces/javax.faces.resource/layout/layout.css?ln=primefaces&v=4.0 HTTP/1.1" 304 -
190.159.14.237 - - [15/Oct/2022:19:18:59 -0500] "GET /sipse/faces/javax.faces.resource/primefaces.css?ln=primefaces&v=4.0 HTTP/1.1" 304 -
190.159.14.237 - - [15/Oct/2022:19:18:59 -0500] "GET /sipse/js/funciones.js HTTP/1.1" 304 -
190.159.14.237 - - [15/Oct/2022:19:18:59 -0500] "GET /sipse/faces/javax.faces.resource/layout/layout.js?ln=primefaces&v=4.0 HTTP/1.1" 304 -
190.159.14.237 - - [15/Oct/2022:19:18:59 -0500] "GET /sipse/faces/javax.faces.resource/jquery/jquery-plugins.js?ln=primefaces&v=4.0 HTTP/1.1" 304 -
190.159.14.237 - - [15/Oct/2022:19:18:59 -0500] "GET /sipse/faces/javax.faces.resource/primefaces.js?ln=primefaces&v=4.0 HTTP/1.1" 304 -
190.159.14.237 - - [15/Oct/2022:19:18:59 -0500] "GET /sipse/faces/javax.faces.resource/jquery/jquery.js?ln=primefaces&v=4.0 HTTP/1.1" 304 -
190.159.14.237 - - [15/Oct/2022:19:18:59 -0500] "GET /sipse/css/imagen/logoSDG.png HTTP/1.1" 304 -
190.159.14.237 - - [15/Oct/2022:19:18:59 -0500] "GET /sipse/faces/javax.faces.resource/images/ui-icons_898989_256x240.png?ln=primefaces-aristo HTTP/1.1" 304 -
190.159.14.237 - - [15/Oct/2022:19:18:59 -0500] "GET /sipse/css/imagen/loginimg.png HTTP/1.1" 304 -
190.159.14.237 - - [15/Oct/2022:19:19:16 -0500] "POST /sipse/faces/autenticacion.xhtml HTTP/1.1" 200 2224
190.159.14.237 - - [15/Oct/2022:19:19:16 -0500] "GET /sipse/faces/javax.faces.resource/messages/messages.png?ln=primefaces&v=4.0 HTTP/1.1" 304 -
190.159.14.237 - - [15/Oct/2022:19:19:17 -0500] "POST /sipse/faces/autenticacion.xhtml HTTP/1.1" 200 16257
190.159.14.237 - - [15/Oct/2022:19:19:17 -0500] "GET /sipse/faces/javax.faces.resource/theme.css?ln=primefaces-sipse HTTP/1.1" 304 -
190.159.14.237 - - [15/Oct/2022:19:19:18 -0500] "GET /sipse/js/jquery.min.js HTTP/1.1" 304 -
190.159.14.237 - - [15/Oct/2022:19:19:18 -0500] "GET /sipse/faces/javax.faces.resource/primefaces.css?ln=primefaces&v=4.0 HTTP/1.1" 304 -
190.159.14.237 - - [15/Oct/2022:19:19:18 -0500] "GET /sipse/faces/javax.faces.resource/layout/layout.css?ln=primefaces&v=4.0 HTTP/1.1" 304 -
190.159.14.237 - - [15/Oct/2022:19:19:18 -0500] "GET /sipse/css/custom_css_sg_prime.css HTTP/1.1" 304 -
190.159.14.237 - - [15/Oct/2022:19:19:18 -0500] "GET /sipse/faces/javax.faces.resource/jquery/jquery.js?ln=primefaces&v=4.0 HTTP/1.1" 304 -
190.159.14.237 - - [15/Oct/2022:19:19:18 -0500] "GET /sipse/faces/javax.faces.resource/jquery/jquery-plugins.js?ln=primefaces&v=4.0 HTTP/1.1" 304 -
190.159.14.237 - - [15/Oct/2022:19:19:18 -0500] "GET /sipse/faces/javax.faces.resource/primefaces.js?ln=primefaces&v=4.0 HTTP/1.1" 304 -
190.159.14.237 - - [15/Oct/2022:19:19:18 -0500] "GET /sipse/faces/javax.faces.resource/layout/layout.js?ln=primefaces&v=4.0 HTTP/1.1" 304 -
190.159.14.237 - - [15/Oct/2022:19:19:18 -0500] "GET /sipse/imagenes/logoAplicacion.jpg HTTP/1.1" 304 -
190.159.14.237 - - [15/Oct/2022:19:19:18 -0500] "GET /sipse/imagenes/cargando.gif HTTP/1.1" 304 -
190.159.14.237 - - [15/Oct/2022:19:19:18 -0500] "GET /sipse/css/imagen/contrasena.png HTTP/1.1" 404 383
207.46.13.89 - - [15/Oct/2022:19:19:18 -0500] "GET /BLA/resoluciones/index.php?dir=AUTOS+2021%2F HTTP/1.1" 200 394957
190.159.14.237 - - [15/Oct/2022:19:19:21 -0500] "GET /sipse/faces/javax.faces.resource/images/ui-bg_flat_0_2d5972_40x100.png?ln=primefaces-aristo HTTP/1.1" 304 -
190.159.14.237 - - [15/Oct/2022:19:19:21 -0500] "POST /sipse/faces/bienvenido.xhtml HTTP/1.1" 200 2658
190.159.14.237 - - [15/Oct/2022:19:19:22 -0500] "POST /sipse/faces/bienvenido.xhtml HTTP/1.1" 200 66239
190.159.14.237 - - [15/Oct/2022:19:19:23 -0500] "GET /sipse/faces/javax.faces.resource/theme.css?ln=primefaces-sipse HTTP/1.1" 304 -
190.159.14.237 - - [15/Oct/2022:19:19:23 -0500] "GET /sipse/faces/javax.faces.resource/layout/layout.css?ln=primefaces&v=4.0 HTTP/1.1" 304 -
190.159.14.237 - - [15/Oct/2022:19:19:23 -0500] "GET /sipse/faces/javax.faces.resource/primefaces.css?ln=primefaces&v=4.0 HTTP/1.1" 304 -
190.159.14.237 - - [15/Oct/2022:19:19:23 -0500] "GET /sipse/faces/javax.faces.resource/jquery/jquery.js?ln=primefaces&v=4.0 HTTP/1.1" 304 -
190.159.14.237 - - [15/Oct/2022:19:19:23 -0500] "GET /sipse/faces/javax.faces.resource/jquery/jquery-plugins.js?ln=primefaces&v=4.0 HTTP/1.1" 304 -
190.159.14.237 - - [15/Oct/2022:19:19:24 -0500] "GET /sipse/faces/javax.faces.resource/primefaces.js?ln=primefaces&v=4.0 HTTP/1.1" 304 -
190.159.14.237 - - [15/Oct/2022:19:19:24 -0500] "GET /sipse/faces/javax.faces.resource/layout/layout.js?ln=primefaces&v=4.0 HTTP/1.1" 304 -
190.159.14.237 - - [15/Oct/2022:19:19:24 -0500] "POST /sipse/faces/presentacion/financiero/solicitudProceso/listarSolicitudProceso.xhtml HTTP/1.1" 200 1560
191.95.166.147 - - [15/Oct/2022:19:19:24 -0500] "GET /kwssiamovil/sm/ldap/au?x=U2FsdGVkX18+uxQ6OZJhKYkdHon4fvRgy+i3B9EOikAnTLNZvV/59yold2rg16mtza+YuyodURt73J2VIQmToA==&y=U2FsdGVkX18PBn4mIhYbgls6iLRtSSjlPjLAwUiUbRLf84tm1xlYnTduVPymA0RV HTTP/1.1" 200 30
191.95.166.147 - - [15/Oct/2022:19:19:24 -0500] "GET /kwssiamovil/sm/acme/s?s=U2FsdGVkX1/DAH9nT08l1pKVPLn3QiHCa1SACRBqrPOt+kkJP4ovWXqOiqGO4qzvBaAGzgFT3QkHl4hRzRTdy+XGHttQYtuE7SO5RQ8o3yg=&u=U2FsdGVkX18b48yR8xrDlJLIljv9UOEJP0fvUNlhxIg=&y=U2FsdGVkX18PBn4mIhYbgls6iLRtSSjlPjLAwUiUbRLf84tm1xlYnTduVPymA0RV HTTP/1.1" 200 97
191.95.166.147 - - [15/Oct/2022:19:19:25 -0500] "GET /kwssiamovil/sm/acme/s?s=U2FsdGVkX19ilnamP8IGrvgbEUQrCA2Aa5okH8QInuO7sJRBcomok49r/rgZ804HhYPmqXDvqbB+fgYpPBlwOTHO+uLL+E5iMrdUyOeli6cu6Uv5syWbZnHJlPA9g3MF8vGTI+33DK98lbpiH1wI1F1h6TELzn8gmmkHGt8aFEn8klYxfwZbpNkzKwh2qbiD7HwEaqxTLKS7JpEwVXvmpQ/j3zY/CQI2A2xncaxE6tKeviUVqkJwwAEU/OKvIfnTxtAsMlGELRXPRH2hivdfX4TC3wyFzWsT506r8j/uE1/n7eWMHEK0hdEZFTL7l8Ip+1Y1i6F0Caap51YqNYTzujnLT2wl21/dkOAtierOOwipGyBPgaHDgEx/Y4x3hGzOe1uW8B7mIDSHAVVbmY2slRWKNw6t3LBdsUEgM20Aktn68EuTe0HKzs9mSUhsrMVBM/rWZKtnLo7uWI+BZJg1NlKUxS/j1udPL4DYP5wrrREPesl3J9EKshJCw2ZU3gRpw8MjgM5xGCk+SY9xhQGEuOJFlAlcJ8O6XMbSligj28rjTDq1r2O+cu/9iwpsUsRmEanMf4z/UanKjD5/kSXj261LRGJ/OB2ZpQf9ibT9ATwxpQ7FLnBH4QUX4jpLEzUszMtoUoqvvrWB+BfmnSFwx/gI9TEB0J9rotehAB+JTDPbv+Fg5GX/PpDA8tFFUxYcnDxJZZ44crk9X80N4/+/FfM0eRI/Tje1HueSBcIv33QH429/fRCSS85q81FB9W9MD7XujTF3bxK7ND1j0XRGmj5nL7YsTZC3VuZig/oa31T95mtyz4ONm/fUBJTCV1ax1FFEtrmIwXMUXhSaNtOnWtNZwGQH3Yr0jvJXUa5Ls7o+2P4foKyn/1gVz1Rl24l6koMSCXkR1zVW5LpbLaTOjvETiTZbpN19PJgftoCyITly0D0iTN/B+QMCpxJ2J4oRUos+0CSOxoTJc5EuTYXETpASijNNAWAMo+o5Z/JFPVjCh6KQT+VK9l68sam6X+xt6txWVuABhr8KDVtrWwslYLFUo+DVMZRbXlwQ/DavAMq6ifeQUDLsOEl3WRHmvHrZ0ADjkg7PvMCRlrrRlwnlP44eDe45Mc9y3xHWeD52NC5frm4a8EjRcVK4X50lKFu6V95B+dRyRVOWh8ORcBGZX51hsRlMCdLqp++8whj1Bcu5b4kcE6RHMpDjaNxgaM7V0HlkozgjozRrNPdtml5teq5H3rVyRRKZZ0U3og7OZVqQ/Qt+3mV8Uq3BhBF+gRmZPhucANiX+0TU4rrLXFYQYojPSJD0gd1szHvCUKRy3WAmYe2BMTBZJ5qmTJHccQy+1ELg3abSpFhsCWYKY7XypxAM1bSjUqB2NAEquSN+ifNEp2LvPe5XGbSbklj/xP1pfadxwRZKNescdVvUFUFlbVNA0af8/xrp+99ljemug0E=&u=U2FsdGVkX18b48yR8xrDlJLIljv9UOEJP0fvUNlhxIg=&y=U2FsdGVkX18PBn4mIhYbgls6iLRtSSjlPjLAwUiUbRLf84tm1xlYnTduVPymA0RV HTTP/1.1" 200 1398
191.95.166.147 - - [15/Oct/2022:19:19:25 -0500] "GET /kwssiamovil/sm/acme/s?s=U2FsdGVkX19rGEyvxW+htguw2l1TcOrx9DVHIUKBZburrvyeJ2zQBxnAWsJsZuYzZG3UacwZ2CVV3dMBhPZgVcNG3nHLIpx8/4+P7U/8ImHZ61pNJ8pp9Mxa0I0roNXJk4DV6vANQ0+LJKydZLz2vs/QPpvCGwAIbC7XxsWf/6Hlch2hud3aDm0cRvAU2Kkzj+kVjqgzqXxH34mlOkBMfsneZfdQgB17EI/OHdkaODr9nmU5RDfQVBI+FaLXeBbKssWLB6UIw62SaMLIKfQlaxOpjJeNyfgljpEqfpF4Uj0Rs1S4nIaexfH8h982B1aY9LvMkqyFCKfRqQmSuo1EFSSqeQO+G9D1R2iKBO42nEY=&u=U2FsdGVkX18b48yR8xrDlJLIljv9UOEJP0fvUNlhxIg=&y=U2FsdGVkX18PBn4mIhYbgls6iLRtSSjlPjLAwUiUbRLf84tm1xlYnTduVPymA0RV HTTP/1.1" 200 196
191.95.166.147 - - [15/Oct/2022:19:19:25 -0500] "GET /kwssiamovil/sm/cjson/pre?f=1&x=U2FsdGVkX18+uxQ6OZJhKYkdHon4fvRgy+i3B9EOikAnTLNZvV/59yold2rg16mtza+YuyodURt73J2VIQmToA== HTTP/1.1" 200 30992
190.159.14.237 - - [15/Oct/2022:19:19:26 -0500] "POST /sipse/faces/presentacion/financiero/solicitudProceso/listarSolicitudProceso.xhtml HTTP/1.1" 200 41934
190.159.14.237 - - [15/Oct/2022:19:19:30 -0500] "POST /sipse/faces/presentacion/financiero/solicitudProceso/listarSolicitudProceso.xhtml HTTP/1.1" 200 14536
190.159.14.237 - - [15/Oct/2022:19:19:35 -0500] "POST /sipse/faces/presentacion/financiero/solicitudProceso/listarSolicitudProceso.xhtml HTTP/1.1" 200 14540
190.159.14.237 - - [15/Oct/2022:19:19:38 -0500] "POST /sipse/faces/presentacion/financiero/solicitudProceso/listarSolicitudProceso.xhtml HTTP/1.1" 200 14583
190.159.14.237 - - [15/Oct/2022:19:19:48 -0500] "POST /sipse/faces/presentacion/financiero/solicitudProceso/listarSolicitudProceso.xhtml HTTP/1.1" 200 14455
201.245.192.253 - - [15/Oct/2022:19:19:48 -0500] "POST /kwsrmcab/Wsrmcab  HTTP/1.1" 200 43296
190.159.14.237 - - [15/Oct/2022:19:20:32 -0500] "POST /sipse/faces/presentacion/financiero/solicitudProceso/listarSolicitudProceso.xhtml HTTP/1.1" 200 14447
190.159.14.237 - - [15/Oct/2022:19:20:37 -0500] "POST /sipse/faces/presentacion/financiero/solicitudProceso/listarSolicitudProceso.xhtml HTTP/1.1" 200 14525
190.159.14.237 - - [15/Oct/2022:19:20:42 -0500] "POST /sipse/faces/presentacion/financiero/solicitudProceso/listarSolicitudProceso.xhtml HTTP/1.1" 200 14501
191.95.166.147 - - [15/Oct/2022:19:20:51 -0500] "GET /kwssiamovil/sm/ldap/au?x=U2FsdGVkX1/+U5jZng++c1wl5QuQsmcgneIJ40poG7JRjjBno0Lb2ccRaEsENOTC&y=U2FsdGVkX1+3URnGhN0c2+ZkrwEQVVc/TuWtapY2i+K6PEZnDF4XZnNY7tvUEMVa HTTP/1.1" 200 31
190.159.14.237 - - [15/Oct/2022:19:20:51 -0500] "POST /sipse/faces/presentacion/financiero/solicitudProceso/listarSolicitudProceso.xhtml HTTP/1.1" 200 14505
190.159.14.237 - - [15/Oct/2022:19:20:54 -0500] "POST /sipse/faces/presentacion/financiero/solicitudProceso/listarSolicitudProceso.xhtml HTTP/1.1" 200 14501
190.159.14.237 - - [15/Oct/2022:19:20:56 -0500] "POST /sipse/faces/presentacion/financiero/solicitudProceso/listarSolicitudProceso.xhtml HTTP/1.1" 200 14444
190.159.14.237 - - [15/Oct/2022:19:21:01 -0500] "POST /sipse/faces/presentacion/financiero/solicitudProceso/listarSolicitudProceso.xhtml HTTP/1.1" 200 14440
190.159.14.237 - - [15/Oct/2022:19:21:02 -0500] "POST /sipse/faces/presentacion/financiero/solicitudProceso/listarSolicitudProceso.xhtml HTTP/1.1" 200 14444
190.159.14.237 - - [15/Oct/2022:19:21:06 -0500] "POST /sipse/faces/presentacion/financiero/solicitudProceso/listarSolicitudProceso.xhtml HTTP/1.1" 200 14539
191.95.166.147 - - [15/Oct/2022:19:21:09 -0500] "GET /kwssiamovil/sm/ldap/au?x=U2FsdGVkX1+Jth2S0BBuVdRptHhQ7OEEhDhTQRd8L3UGV4bYkrb3QT14eM6T3TjKnGXS0hE0FKD8gprHrKy8qQ==&y=U2FsdGVkX19I8u8UDHqBwEW6pGRGBsTQPr64HH7nl3y5pZLPNKnvB1ZkyXH4owjH HTTP/1.1" 200 30
191.95.166.147 - - [15/Oct/2022:19:21:09 -0500] "GET /kwssiamovil/sm/acme/s?s=U2FsdGVkX1/Nm9hOJmCs277toHPhEwndAZzwMyQtZ6tlW3+IBD+UZdDrHiW5mWbJf2crEP15frXw6VNUMlN3WWVlsKq7/xQjmKdXmipCibI=&u=U2FsdGVkX1/He147gH0kz4f1ntcnZiUJmkSKIjmaQpE=&y=U2FsdGVkX19I8u8UDHqBwEW6pGRGBsTQPr64HH7nl3y5pZLPNKnvB1ZkyXH4owjH HTTP/1.1" 200 97
191.95.166.147 - - [15/Oct/2022:19:21:09 -0500] "GET /kwssiamovil/sm/acme/s?s=U2FsdGVkX1+hL9EzBdTaYPNywyFcReTWnCRdwCpJctLPcafgba8/lRFpsxtq2nw44NbtEpkqFe6i1VyBXMeH7RoPPNO0bsfI4Ju8JWhMA3zoeNN+ozgB61m6dvqYdSoXVUhoB5oqpZmwKorYKYshnJeYzrUw2L5RxnKW7DcyDGfeO62wXldlPnNmMqQt8WXzPd7lQBB+HWf2ZKOxqPzVHcgPxctyvajzb4xCR1g51WIKnXpCiQsnbHdlyTxLfLvLb68RsAeBTAVImVNiSVTrNrohnfVFzBIeIkqxTD1WkWLfkxC/VboCpKXdZrQAVjsTB/zqXZgu9udK9s0K89F94lESxvRuT/LfF7NYL6dWPfRVarausEXI9TJzriwX5jBSlEWNQdsVel/vykEhRVsrWPv9JHs/YrvE7wke7D1P7sED5uxfchPp4Z1+Z4+JGB4ZVW0lznOHDw1gWGCfC7jw12hVEusyE1tapFfmDiYcpHoeo5ppa9/qLU/q4HhuRSMq5uf5WysqoxoIbVLvKIWlsnloyygz0xZ1cpHliAK4qAMgrXI61GDzr+eb1cHha34w5o5/LjWjJ4iPG2V1eTZOOCZXSMCLbiqAizw/UzvLI9LWRDSFzCUjcykjUMNFDnfDJvo7W3zQ6DOBT09UO8k6dJh/jAhmufGNpfQIHRHqb/mM82aM8GiCaWcquFt4ruKPHhgfW47gngNkNurCPgjU4skaiIcAXxRYVFMgSFsbdX9AmpKaUrDBYulfCCj5uhO5AquCuwTFDp90JFjDMDs0uvCdiVZrnf/lo+nr0PHqaePYECq9+aH2IK9JUdX97Wle8jEoazzX/a2KQPurmpeKM5jrsr7V6V1HVn0kghnP4nNVUSE8cxmWDmuoaFlMW0aEytS0nyH/DAJCvmFCjLItvl5yHCYMZjEAYOPZtil+7Xec9AzFxqUJp4rnQTf1EaI9b4EsTd2tmgR1KS4E6IQzQYQC45EC1/4ZqkDLC20e4eNOFMMpY5U8GWxDAYB7bHuZoX32Eh7j8DHIKfM0ilM4AMgCm2Obz3+3Jgaw3myHXNl5Ds750Ql6BGsckh0Gdst+YKHywG2B6R27JiB7X6ZdIvxIpnDi/Ib9LRKELNS3B4wSXPAhIRd4bFUG4cUD616keSR5eHsfsaAW/Icx+5xww43QP6glToX4yNtvGdhTY43fk/tI1hqcQ3UuL20EftOJTmkUwht8aVEJ35DVVs3HgmYIOTcLrVtOpFLbk1BfbpjaCoRWzbx4HYOA0PA6LjkAewH6caCYo7PRj9D6q0toV0vzF28tiYkqF0vN2T5JCmC73dYQ9qr/lPml1aH0YUYSkSF/PalFzpWUh2CvWxAFYBEpTlCJR+EZhE+HjxwwGYSK14bUOCreQVod8hyZugorPGfZXLd5J7uFZxjb0D03j+Gr9Lug9xOlHzgLC02AQYE=&u=U2FsdGVkX1/He147gH0kz4f1ntcnZiUJmkSKIjmaQpE=&y=U2FsdGVkX19I8u8UDHqBwEW6pGRGBsTQPr64HH7nl3y5pZLPNKnvB1ZkyXH4owjH HTTP/1.1" 200 1398
191.95.166.147 - - [15/Oct/2022:19:21:09 -0500] "GET /kwssiamovil/sm/acme/s?s=U2FsdGVkX1/JarcWpRECx9V7+n+WLX+GaQu9Q7DJKmFtxYGuFAuiRS+iNA1RBfg6coqckunGvgsefTjdaRGKvsAolK1yyHIqVH/Q6DTH6mdYpUALnt1fSN9xp5lI1Upl/uflEEJgyRo4P6btm/nQmIQQTJIoI2XXE3bPm4ZFSX0vIYtAh8prGPzl73T2i9bM9mRR+v/q7jMMC1ISF3XuIYOMaUERFBmzWcdPVfF36FK7fOv8gAAgF+aVDYRi8hdm+rGS4iwJAx9HTf50NerrhPydjjiY7g53qM4f55pewC2tma7b3kuS6ybmf81zGd/+0Fg9cqfZe5U/N/da3YCM/fnj9EM2QIB6ymZsl6rrVT8=&u=U2FsdGVkX1/He147gH0kz4f1ntcnZiUJmkSKIjmaQpE=&y=U2FsdGVkX19I8u8UDHqBwEW6pGRGBsTQPr64HH7nl3y5pZLPNKnvB1ZkyXH4owjH HTTP/1.1" 200 196
191.95.166.147 - - [15/Oct/2022:19:21:10 -0500] "GET /kwssiamovil/sm/cjson/pre?f=1&x=U2FsdGVkX1+Jth2S0BBuVdRptHhQ7OEEhDhTQRd8L3UGV4bYkrb3QT14eM6T3TjKnGXS0hE0FKD8gprHrKy8qQ== HTTP/1.1" 200 30992
190.159.14.237 - - [15/Oct/2022:19:21:11 -0500] "POST /sipse/faces/presentacion/financiero/solicitudProceso/listarSolicitudProceso.xhtml HTTP/1.1" 200 14543
190.159.14.237 - - [15/Oct/2022:19:21:15 -0500] "POST /sipse/faces/presentacion/financiero/solicitudProceso/listarSolicitudProceso.xhtml HTTP/1.1" 200 14505
190.159.14.237 - - [15/Oct/2022:19:21:16 -0500] "POST /sipse/faces/presentacion/financiero/solicitudProceso/listarSolicitudProceso.xhtml HTTP/1.1" 200 14509
190.159.14.237 - - [15/Oct/2022:19:21:21 -0500] "POST /sipse/faces/presentacion/financiero/solicitudProceso/listarSolicitudProceso.xhtml HTTP/1.1" 200 14487
190.159.14.237 - - [15/Oct/2022:19:21:24 -0500] "POST /sipse/faces/presentacion/financiero/solicitudProceso/listarSolicitudProceso.xhtml HTTP/1.1" 200 14491
190.159.14.237 - - [15/Oct/2022:19:21:26 -0500] "POST /sipse/faces/presentacion/financiero/solicitudProceso/listarSolicitudProceso.xhtml HTTP/1.1" 200 14471
201.245.192.253 - - [15/Oct/2022:19:21:52 -0500] "POST /kwsrmcab/Wsrmcab HTTP/1.1" 200 43538
201.245.192.253 - - [15/Oct/2022:19:21:55 -0500] "POST /kwsrmcab/Wsrmcab HTTP/1.1" 200 43591
216.245.221.92 - - [15/Oct/2022:19:22:17 -0500] "HEAD / HTTP/1.1" 200 -
157.55.39.25 - - [15/Oct/2022:19:23:18 -0500] "GET /BLA/resoluciones/RESOLUCIONES%202002/RES%202002%20301-350/00000343.tif HTTP/1.1" 200 94002
172.22.2.4 - - [15/Oct/2022:19:21:56 -0500] "HEAD /BLA/boletinlegal/ HTTP/1.1" 200 -
172.22.2.4 - - [15/Oct/2022:19:22:46 -0500] "GET /BLA/boletinlegal/ HTTP/1.1" 200 57725
201.245.192.253 - - [15/Oct/2022:19:24:47 -0500] "POST /kwsrmcab/Wsrmcab  HTTP/1.1" 200 43296
207.46.13.84 - - [15/Oct/2022:19:25:12 -0500] "GET /BLA/resoluciones/00000007.tif HTTP/1.1" 404 1018
186.30.158.84 - - [15/Oct/2022:19:25:41 -0500] "GET /la-secretaria-de-ambiente-abre-nueva-convocatoria-para-su-programa-de-voluntariado-ambiental.html HTTP/1.1" 200 976
207.46.13.213 - - [15/Oct/2022:19:25:52 -0500] "GET / HTTP/1.1" 200 4720
114.119.141.53 - - [15/Oct/2022:19:26:34 -0500] "GET /BLA/resoluciones/RESOLUCIONES%202010/4290.pdf HTTP/1.1" 200 536522
216.245.221.92 - - [15/Oct/2022:19:27:17 -0500] "HEAD / HTTP/1.1" 200 -
172.22.2.4 - - [15/Oct/2022:19:27:46 -0500] "HEAD /BLA/boletinlegal/ HTTP/1.1" 200 -
201.245.192.253 - - [15/Oct/2022:19:29:46 -0500] "POST /kwsrmcab/Wsrmcab  HTTP/1.1" 200 43296
172.22.2.4 - - [15/Oct/2022:19:28:36 -0500] "GET /BLA/boletinlegal/ HTTP/1.1" 200 59319
201.245.192.253 - - [15/Oct/2022:19:31:53 -0500] "POST /kwsrmcab/Wsrmcab HTTP/1.1" 200 43538
201.245.192.253 - - [15/Oct/2022:19:31:55 -0500] "POST /kwsrmcab/Wsrmcab HTTP/1.1" 200 43591
216.245.221.92 - - [15/Oct/2022:19:32:16 -0500] "HEAD / HTTP/1.1" 200 -
201.245.192.253 - - [15/Oct/2022:19:34:45 -0500] "POST /kwsrmcab/Wsrmcab  HTTP/1.1" 200 43296
172.22.2.4 - - [15/Oct/2022:19:33:36 -0500] "HEAD /BLA/boletinlegal/ HTTP/1.1" 200 -
172.22.2.4 - - [15/Oct/2022:19:34:26 -0500] "GET /BLA/boletinlegal/ HTTP/1.1" 200 55220
114.119.141.71 - - [15/Oct/2022:19:36:38 -0500] "GET /BLA/resoluciones/RESOLUCIONES%202010/4241.pdf HTTP/1.1" 200 4555366
216.245.221.92 - - [15/Oct/2022:19:37:16 -0500] "HEAD / HTTP/1.1" 200 -
201.245.192.253 - - [15/Oct/2022:19:39:44 -0500] "POST /kwsrmcab/Wsrmcab  HTTP/1.1" 200 43296
172.22.2.4 - - [15/Oct/2022:19:38:06 -0500] "GET /BLA/boletinlegal/ HTTP/1.1" 200 61445
172.22.2.4 - - [15/Oct/2022:19:39:26 -0500] "HEAD /BLA/boletinlegal/ HTTP/1.1" 200 -
201.245.192.253 - - [15/Oct/2022:19:41:52 -0500] "POST /kwsrmcab/Wsrmcab HTTP/1.1" 200 43538
172.22.2.4 - - [15/Oct/2022:19:41:55 -0500] "GET /BLA/boletinlegal/Circulares/2019/.pdf HTTP/1.1" 404 1218
172.22.2.4 - - [15/Oct/2022:19:40:16 -0500] "GET /BLA/boletinlegal/ HTTP/1.1" 200 57725
201.245.192.253 - - [15/Oct/2022:19:41:55 -0500] "POST /kwsrmcab/Wsrmcab HTTP/1.1" 200 43591
172.22.2.4 - - [15/Oct/2022:19:42:05 -0500] "GET /BLA/boletinlegal/Circulares/2012/Circular%20No.%2010%20del%2026%20de%20Enero%20de%202012.pdf HTTP/1.1" 404 1218
216.245.221.92 - - [15/Oct/2022:19:42:16 -0500] "HEAD / HTTP/1.1" 200 -
201.245.192.253 - - [15/Oct/2022:19:44:42 -0500] "POST /kwsrmcab/Wsrmcab  HTTP/1.1" 200 43296
172.22.2.4 - - [15/Oct/2022:19:45:16 -0500] "HEAD /BLA/boletinlegal/ HTTP/1.1" 200 -
216.245.221.92 - - [15/Oct/2022:19:47:16 -0500] "HEAD / HTTP/1.1" 200 -
172.22.2.4 - - [15/Oct/2022:19:46:06 -0500] "GET /BLA/boletinlegal/ HTTP/1.1" 200 59828
201.245.192.253 - - [15/Oct/2022:19:49:42 -0500] "POST /kwsrmcab/Wsrmcab  HTTP/1.1" 200 43296
207.46.13.40 - - [15/Oct/2022:19:51:32 -0500] "GET /BLA/resoluciones/AUTOS%202020/4497.pdf HTTP/1.1" 200 361895
142.4.218.55 - - [15/Oct/2022:19:52:14 -0500] "GET /animales-silvestres-regresaron-a-la-libertad-en-el-norte-de-bogota.html HTTP/1.1" 200 925
216.245.221.92 - - [15/Oct/2022:19:52:16 -0500] "HEAD / HTTP/1.1" 200 -
172.22.2.4 - - [15/Oct/2022:19:51:06 -0500] "HEAD /BLA/boletinlegal/ HTTP/1.1" 200 -
172.22.2.4 - - [15/Oct/2022:19:51:56 -0500] "GET /BLA/boletinlegal/ HTTP/1.1" 200 56376
201.245.192.253 - - [15/Oct/2022:19:54:41 -0500] "POST /kwsrmcab/Wsrmcab  HTTP/1.1" 200 43296
5.255.253.106 - - [15/Oct/2022:19:55:47 -0500] "-" 408 -
5.255.253.174 - - [15/Oct/2022:19:55:53 -0500] "-" 408 -
5.45.207.133 - - [15/Oct/2022:19:55:58 -0500] "-" 408 -
87.250.224.175 - - [15/Oct/2022:19:56:04 -0500] "-" 408 -
87.250.224.4 - - [15/Oct/2022:19:56:19 -0500] "-" 408 -
187.72.72.25 - - [15/Oct/2022:19:56:33 -0500] "GET /BLA/resoluciones/RESOLUCIONES%202016/1034.pdf HTTP/1.1" 200 265358
213.180.203.85 - - [15/Oct/2022:19:56:34 -0500] "-" 408 -
87.250.224.37 - - [15/Oct/2022:19:57:04 -0500] "-" 408 -
207.46.13.190 - - [15/Oct/2022:19:57:12 -0500] "GET /BLA/resoluciones/AUTOS%202022/1872.pdf HTTP/1.1" 200 383331
216.245.221.92 - - [15/Oct/2022:19:57:16 -0500] "HEAD / HTTP/1.1" 200 -
157.55.39.25 - - [15/Oct/2022:19:57:23 -0500] "GET /BLA/resoluciones/RESOLUCIONES%202011/1736.pdf HTTP/1.1" 200 512760
207.46.13.89 - - [15/Oct/2022:19:57:42 -0500] "GET /BLA/resoluciones/RESOLUCIONES%202000/2000%20850-899.tif HTTP/1.1" 200 6189794
5.255.253.166 - - [15/Oct/2022:19:58:04 -0500] "-" 408 -
172.22.2.4 - - [15/Oct/2022:19:56:56 -0500] "HEAD /BLA/boletinlegal/ HTTP/1.1" 200 -
213.180.203.3 - - [15/Oct/2022:19:59:04 -0500] "-" 408 -
172.22.2.4 - - [15/Oct/2022:19:57:46 -0500] "GET /BLA/boletinlegal/ HTTP/1.1" 200 52877
201.245.192.253 - - [15/Oct/2022:19:59:40 -0500] "POST /kwsrmcab/Wsrmcab  HTTP/1.1" 200 43296
87.250.224.195 - - [15/Oct/2022:20:01:04 -0500] "-" 408 -
216.245.221.92 - - [15/Oct/2022:20:02:16 -0500] "HEAD / HTTP/1.1" 200 -
172.22.2.4 - - [15/Oct/2022:20:02:56 -0500] "GET /BLA/boletinlegal/ HTTP/1.1" 200 32715
87.250.224.114 - - [15/Oct/2022:20:04:04 -0500] "-" 408 -
172.22.2.4 - - [15/Oct/2022:20:02:46 -0500] "HEAD /BLA/boletinlegal/ HTTP/1.1" 200 -
201.245.192.253 - - [15/Oct/2022:20:04:39 -0500] "POST /kwsrmcab/Wsrmcab  HTTP/1.1" 200 43296
207.46.13.190 - - [15/Oct/2022:20:04:43 -0500] "GET /BLA/resoluciones/AUTOS%202011/2724.pdf HTTP/1.1" 200 134093
172.22.2.4 - - [15/Oct/2022:20:03:36 -0500] "GET /BLA/boletinlegal/ HTTP/1.1" 200 57375
216.245.221.92 - - [15/Oct/2022:20:07:16 -0500] "HEAD / HTTP/1.1" 200 -
157.55.39.25 - - [15/Oct/2022:20:08:14 -0500] "GET /BLA/resoluciones/AUTOS%202021/4546.pdf HTTP/1.1" 304 -
201.245.192.253 - - [15/Oct/2022:20:09:37 -0500] "POST /kwsrmcab/Wsrmcab  HTTP/1.1" 200 43296
172.22.2.4 - - [15/Oct/2022:20:08:36 -0500] "HEAD /BLA/boletinlegal/ HTTP/1.1" 200 -
172.22.2.4 - - [15/Oct/2022:20:09:26 -0500] "GET /BLA/boletinlegal/ HTTP/1.1" 200 60281
216.245.221.92 - - [15/Oct/2022:20:12:16 -0500] "HEAD / HTTP/1.1" 200 -
172.22.2.4 - - [15/Oct/2022:20:11:39 -0500] "GET /BLA/boletinlegal/ HTTP/1.1" 200 32715
201.245.192.253 - - [15/Oct/2022:20:14:36 -0500] "POST /kwsrmcab/Wsrmcab  HTTP/1.1" 200 43296
207.46.13.40 - - [15/Oct/2022:20:15:41 -0500] "GET /BLA/resoluciones/0993.tif HTTP/1.1" 404 1018
172.22.2.4 - - [15/Oct/2022:20:14:25 -0500] "HEAD /BLA/boletinlegal/ HTTP/1.1" 200 -
172.22.2.4 - - [15/Oct/2022:20:15:16 -0500] "GET /BLA/boletinlegal/ HTTP/1.1" 200 56014
216.245.221.92 - - [15/Oct/2022:20:17:16 -0500] "HEAD / HTTP/1.1" 200 -
201.245.192.253 - - [15/Oct/2022:20:19:34 -0500] "POST /kwsrmcab/Wsrmcab  HTTP/1.1" 200 43296
207.46.13.89 - - [15/Oct/2022:20:21:14 -0500] "GET /BLA/resoluciones/RESOLUCIONES%202002/RES%202002%20101-150/2002RES148.tif HTTP/1.1" 200 245072
201.245.192.253 - - [15/Oct/2022:20:21:53 -0500] "POST /kwsrmcab/Wsrmcab HTTP/1.1" 200 43538
172.22.2.4 - - [15/Oct/2022:20:20:15 -0500] "HEAD /BLA/boletinlegal/ HTTP/1.1" 200 -
201.245.192.253 - - [15/Oct/2022:20:21:55 -0500] "POST /kwsrmcab/Wsrmcab HTTP/1.1" 200 43724
216.245.221.92 - - [15/Oct/2022:20:22:16 -0500] "HEAD / HTTP/1.1" 200 -
114.119.141.52 - - [15/Oct/2022:20:22:26 -0500] "GET /BLA/resoluciones/RESOLUCIONES%202010/2827.pdf HTTP/1.1" 200 402848
172.22.2.4 - - [15/Oct/2022:20:21:06 -0500] "GET /BLA/boletinlegal/ HTTP/1.1" 200 59828
207.46.13.190 - - [15/Oct/2022:20:24:16 -0500] "GET /sipse/faces/javax.faces.resource/jquery/jquery-plugins.js;jsessionid=8hcapt6rpz+atxqe7njkehru.undefined?ln=primefaces&v=4.0 HTTP/1.1" 200 220526
201.245.192.253 - - [15/Oct/2022:20:24:30 -0500] "POST /kwsrmcab/Wsrmcab  HTTP/1.1" 200 43296
207.46.13.40 - - [15/Oct/2022:20:25:15 -0500] "GET /sipse/faces/javax.faces.resource/jquery/jquery.js;jsessionid=8hcapt6rpz+atxqe7njkehru.undefined?ln=primefaces&v=4.0 HTTP/1.1" 200 105384
157.55.39.202 - - [15/Oct/2022:20:26:02 -0500] "GET /BLA/resoluciones/AUTOS%202022/0807.pdf HTTP/1.1" 200 418652
216.245.221.92 - - [15/Oct/2022:20:27:16 -0500] "HEAD / HTTP/1.1" 200 -
172.22.2.4 - - [15/Oct/2022:20:26:05 -0500] "HEAD /BLA/boletinlegal/ HTTP/1.1" 200 -
172.22.2.4 - - [15/Oct/2022:20:26:56 -0500] "GET /BLA/boletinlegal/ HTTP/1.1" 200 58163
66.249.79.111 - - [15/Oct/2022:20:29:08 -0500] "-" 408 -
201.245.192.253 - - [15/Oct/2022:20:29:27 -0500] "POST /kwsrmcab/Wsrmcab  HTTP/1.1" 200 43296
186.84.90.196 - - [15/Oct/2022:20:29:34 -0500] "GET /BLA/boletinlegal/js/jquery.scrollShow.js HTTP/1.1" 200 4586
186.84.90.196 - - [15/Oct/2022:20:29:34 -0500] "GET /galeria/galeria/jquery.fancybox.js?v=2.1.5 HTTP/1.1" 200 48706
186.84.90.196 - - [15/Oct/2022:20:29:34 -0500] "GET /galeria/galeria/jquery.fancybox.css?v=2.1.5 HTTP/1.1" 200 4895
207.46.13.84 - - [15/Oct/2022:20:30:28 -0500] "GET /BLA/resoluciones/ HTTP/1.1" 200 13093
172.22.2.4 - - [15/Oct/2022:20:31:21 -0500] "GET /BLA/boletinlegal/Circulares/2020/CIRCULAR%20No.%2000014%20del%2001%20de%20septiembre%20del%202020.pdf HTTP/1.1" 200 320826
173.252.87.1 - - [15/Oct/2022:20:31:24 -0500] "GET /images/negocios-verdes-mayo-2022.jpg HTTP/1.1" 200 48000
201.245.192.253 - - [15/Oct/2022:20:31:52 -0500] "POST /kwsrmcab/Wsrmcab HTTP/1.1" 200 43538
201.245.192.253 - - [15/Oct/2022:20:31:55 -0500] "POST /kwsrmcab/Wsrmcab HTTP/1.1" 200 43724
216.245.221.92 - - [15/Oct/2022:20:32:16 -0500] "HEAD / HTTP/1.1" 200 -
207.46.13.89 - - [15/Oct/2022:20:32:25 -0500] "GET /BLA/resoluciones/AUTOS%202013/1370.pdf HTTP/1.1" 200 2488522
157.55.39.25 - - [15/Oct/2022:20:33:15 -0500] "GET /BLA/resoluciones/RESOLUCIONES%202022/0576.pdf HTTP/1.1" 200 444729
172.22.2.4 - - [15/Oct/2022:20:31:55 -0500] "HEAD /BLA/boletinlegal/ HTTP/1.1" 200 -
172.22.2.4 - - [15/Oct/2022:20:32:46 -0500] "GET /BLA/boletinlegal/ HTTP/1.1" 200 57375
201.245.192.253 - - [15/Oct/2022:20:34:26 -0500] "POST /kwsrmcab/Wsrmcab  HTTP/1.1" 200 43296
172.22.2.4 - - [15/Oct/2022:20:34:33 -0500] "GET /BLA/boletinlegal/ HTTP/1.1" 200 24523
172.22.2.4 - - [15/Oct/2022:20:34:13 -0500] "GET /BLA/boletinlegal/ HTTP/1.1" 200 52877
216.245.221.92 - - [15/Oct/2022:20:37:16 -0500] "HEAD / HTTP/1.1" 200 -
192.241.208.29 - - [15/Oct/2022:20:37:32 -0500] "GET /actuator/health HTTP/1.1" 404 1018
172.22.2.4 - - [15/Oct/2022:20:38:01 -0500] "GET /BLA/boletinlegal/Circulares/2019/.pdf HTTP/1.1" 404 1218
192.241.214.172 - - [15/Oct/2022:20:39:18 -0500] "GET /portal/redlion HTTP/1.1" 404 1018
172.22.2.4 - - [15/Oct/2022:20:37:45 -0500] "HEAD /BLA/boletinlegal/ HTTP/1.1" 200 -
201.245.192.253 - - [15/Oct/2022:20:39:24 -0500] "POST /kwsrmcab/Wsrmcab  HTTP/1.1" 200 43296
172.22.2.4 - - [15/Oct/2022:20:38:36 -0500] "GET /BLA/boletinlegal/ HTTP/1.1" 200 57375
173.252.111.12 - - [15/Oct/2022:20:41:51 -0500] "GET /images/facebook-live-ivc-MAYO27.png HTTP/1.1" 200 480404
201.245.192.253 - - [15/Oct/2022:20:41:52 -0500] "POST /kwsrmcab/Wsrmcab HTTP/1.1" 200 43538
201.245.192.253 - - [15/Oct/2022:20:41:55 -0500] "POST /kwsrmcab/Wsrmcab HTTP/1.1" 200 43724
216.245.221.92 - - [15/Oct/2022:20:42:16 -0500] "HEAD / HTTP/1.1" 200 -
69.171.249.23 - - [15/Oct/2022:20:42:24 -0500] "GET /conoce-los-requisitos-ambientales-para-abrir-un-establecimiento-comercial-en-bogota.html HTTP/1.1" 206 796
201.245.192.253 - - [15/Oct/2022:20:44:24 -0500] "POST /kwsrmcab/Wsrmcab  HTTP/1.1" 200 43296
172.22.2.4 - - [15/Oct/2022:20:43:35 -0500] "HEAD /BLA/boletinlegal/ HTTP/1.1" 200 -
172.22.2.4 - - [15/Oct/2022:20:44:26 -0500] "GET /BLA/boletinlegal/ HTTP/1.1" 200 59828
216.245.221.92 - - [15/Oct/2022:20:47:16 -0500] "HEAD / HTTP/1.1" 200 -
186.86.32.176 - - [15/Oct/2022:20:47:51 -0500] "GET /galeria/galeria/jquery.fancybox.css?v=2.1.5 HTTP/1.1" 200 4895
186.86.32.176 - - [15/Oct/2022:20:47:51 -0500] "GET /BLA/boletinlegal/js/jquery.scrollShow.js HTTP/1.1" 200 4586
186.86.32.176 - - [15/Oct/2022:20:47:51 -0500] "GET /galeria/galeria/jquery.fancybox.js?v=2.1.5 HTTP/1.1" 200 48706
13.212.60.77 - - [15/Oct/2022:20:49:06 -0500] "GET / HTTP/1.1" 200 319
201.245.192.253 - - [15/Oct/2022:20:49:23 -0500] "POST /kwsrmcab/Wsrmcab  HTTP/1.1" 200 43296
34.252.106.188 - - [15/Oct/2022:20:50:47 -0500] "GET /BLA/resoluciones/RESOLUCIONES%202013/0715.pdf HTTP/1.1" 200 497969
172.22.2.4 - - [15/Oct/2022:20:49:25 -0500] "HEAD /BLA/boletinlegal/ HTTP/1.1" 200 -
172.22.2.4 - - [15/Oct/2022:20:50:16 -0500] "GET /BLA/boletinlegal/ HTTP/1.1" 200 58163
173.252.87.6 - - [15/Oct/2022:20:51:56 -0500] "GET /images/reunion-planta-termovalorizacion-11-mayo.jpg HTTP/1.1" 200 34782
207.46.13.40 - - [15/Oct/2022:20:52:15 -0500] "GET /BLA/resoluciones/RESOLUCIONES%202002/RES%202002%20101-150/2002RES130.tif HTTP/1.1" 200 72240
216.245.221.92 - - [15/Oct/2022:20:52:16 -0500] "HEAD / HTTP/1.1" 200 -
201.245.192.253 - - [15/Oct/2022:20:54:24 -0500] "POST /kwsrmcab/Wsrmcab  HTTP/1.1" 200 43296
186.84.21.96 - - [15/Oct/2022:20:56:07 -0500] "GET /la-secretaria-de-ambiente-abre-nueva-convocatoria-para-su-programa-de-voluntariado-ambiental.html HTTP/1.1" 200 976
207.46.13.84 - - [15/Oct/2022:20:56:40 -0500] "GET /BLA/resoluciones/RESOLUCIONES%202006/RES%202006%20351-400/00000369.tif HTTP/1.1" 200 87506
172.22.2.4 - - [15/Oct/2022:20:55:15 -0500] "HEAD /BLA/boletinlegal/ HTTP/1.1" 200 -
157.55.39.202 - - [15/Oct/2022:20:57:03 -0500] "GET / HTTP/1.1" 200 319
216.245.221.92 - - [15/Oct/2022:20:57:16 -0500] "HEAD / HTTP/1.1" 200 -
172.22.2.4 - - [15/Oct/2022:20:56:06 -0500] "GET /BLA/boletinlegal/ HTTP/1.1" 200 59828
114.119.141.73 - - [15/Oct/2022:20:58:13 -0500] "GET /BLA/resoluciones/AUTOS%202013/0218.pdf HTTP/1.1" 200 3180828
45.139.105.224 - - [15/Oct/2022:20:59:11 -0500] "GET / HTTP/1.1" 200 319
201.245.192.253 - - [15/Oct/2022:20:59:20 -0500] "POST /kwsrmcab/Wsrmcab  HTTP/1.1" 200 43296
201.185.138.12 - - [15/Oct/2022:21:00:44 -0500] "GET /BLA/resoluciones/RESOLUCIONES%202020/0263.pdf HTTP/1.1" 200 348676
201.185.138.12 - - [15/Oct/2022:21:00:44 -0500] "GET /BLA/resoluciones/RESOLUCIONES%202020/0263.pdf HTTP/1.1" 206 1025
216.245.221.92 - - [15/Oct/2022:21:02:16 -0500] "HEAD / HTTP/1.1" 200 -
87.250.224.117 - - [15/Oct/2022:21:02:24 -0500] "-" 408 -
172.22.2.4 - - [15/Oct/2022:21:01:05 -0500] "HEAD /BLA/boletinlegal/ HTTP/1.1" 200 -
172.22.2.4 - - [15/Oct/2022:21:01:56 -0500] "GET /BLA/boletinlegal/ HTTP/1.1" 200 56014
201.245.192.253 - - [15/Oct/2022:21:04:19 -0500] "POST /kwsrmcab/Wsrmcab  HTTP/1.1" 200 43296
114.119.141.69 - - [15/Oct/2022:21:04:32 -0500] "GET /BLA/resoluciones/RESOLUCIONES%202010/6989.pdf HTTP/1.1" 200 332009
114.119.141.51 - - [15/Oct/2022:21:06:06 -0500] "GET /BLA/resoluciones/RESOLUCIONES%202010/0230.pdf HTTP/1.1" 200 279051
186.84.89.50 - - [15/Oct/2022:21:06:28 -0500] "GET /galeria/galeria/jquery.fancybox.css?v=2.1.5 HTTP/1.1" 200 4895
186.84.89.50 - - [15/Oct/2022:21:06:29 -0500] "GET /BLA/boletinlegal/js/jquery.scrollShow.js HTTP/1.1" 200 4586
186.84.89.50 - - [15/Oct/2022:21:06:30 -0500] "GET /galeria/galeria/jquery.fancybox.js?v=2.1.5 HTTP/1.1" 200 48706
216.245.221.92 - - [15/Oct/2022:21:07:16 -0500] "HEAD / HTTP/1.1" 200 -
172.22.2.4 - - [15/Oct/2022:21:06:55 -0500] "HEAD /BLA/boletinlegal/ HTTP/1.1" 200 -
157.55.39.202 - - [15/Oct/2022:21:09:04 -0500] "GET /galeria/nivo-slider/demo/scripts/jquery-1.7.1.min.js HTTP/1.1" 200 93868
157.55.39.202 - - [15/Oct/2022:21:09:05 -0500] "GET /galeria/nivo-slider/demo/style.css HTTP/1.1" 200 2222
157.55.39.202 - - [15/Oct/2022:21:09:05 -0500] "GET /galeria/nivo-slider/themes/default/default.css HTTP/1.1" 200 1569
207.46.13.89 - - [15/Oct/2022:21:09:08 -0500] "GET /galeria/nivo-slider/jquery.nivo.slider.pack.js HTTP/1.1" 200 11561
207.46.13.40 - - [15/Oct/2022:21:09:08 -0500] "GET /galeria/nivo-slider/themes/pascal/pascal.css HTTP/1.1" 200 2258
201.245.192.253 - - [15/Oct/2022:21:09:18 -0500] "POST /kwsrmcab/Wsrmcab  HTTP/1.1" 200 43296
172.22.2.4 - - [15/Oct/2022:21:07:46 -0500] "GET /BLA/boletinlegal/ HTTP/1.1" 200 54003
216.245.221.92 - - [15/Oct/2022:21:12:16 -0500] "HEAD / HTTP/1.1" 200 -
201.245.192.253 - - [15/Oct/2022:21:14:18 -0500] "POST /kwsrmcab/Wsrmcab  HTTP/1.1" 200 43296
172.22.2.4 - - [15/Oct/2022:21:12:45 -0500] "HEAD /BLA/boletinlegal/ HTTP/1.1" 200 -
172.22.2.4 - - [15/Oct/2022:21:13:36 -0500] "GET /BLA/boletinlegal/ HTTP/1.1" 200 58163
216.245.221.92 - - [15/Oct/2022:21:17:16 -0500] "HEAD / HTTP/1.1" 200 -
201.245.192.253 - - [15/Oct/2022:21:19:17 -0500] "POST /kwsrmcab/Wsrmcab  HTTP/1.1" 200 43296
