157.100.106.76 - - [15/Oct/2022:00:50:06 -0500] "POST /sipse/faces/presentacion/financiero/solicitudProceso/listarSolicitudProceso.xhtml HTTP/1.1" 200 118396
157.100.106.76 - - [15/Oct/2022:00:50:09 -0500] "GET /sipse/faces/javax.faces.resource/layout/layout.css?ln=primefaces&v=4.0 HTTP/1.1" 304 -
157.100.106.76 - - [15/Oct/2022:00:50:09 -0500] "GET /sipse/faces/javax.faces.resource/primefaces.css?ln=primefaces&v=4.0 HTTP/1.1" 304 -
157.100.106.76 - - [15/Oct/2022:00:50:09 -0500] "GET /sipse/faces/javax.faces.resource/theme.css?ln=primefaces-sipse HTTP/1.1" 304 -
157.100.106.76 - - [15/Oct/2022:00:50:09 -0500] "GET /sipse/faces/javax.faces.resource/jquery/jquery.js?ln=primefaces&v=4.0 HTTP/1.1" 304 -
157.100.106.76 - - [15/Oct/2022:00:50:09 -0500] "GET /sipse/faces/javax.faces.resource/jquery/jquery-plugins.js?ln=primefaces&v=4.0 HTTP/1.1" 304 -
157.100.106.76 - - [15/Oct/2022:00:50:09 -0500] "GET /sipse/faces/javax.faces.resource/primefaces.js?ln=primefaces&v=4.0 HTTP/1.1" 304 -
157.100.106.76 - - [15/Oct/2022:00:50:09 -0500] "GET /sipse/faces/javax.faces.resource/layout/layout.js?ln=primefaces&v=4.0 HTTP/1.1" 304 -
114.119.141.73 - - [15/Oct/2022:00:50:12 -0500] "GET /BLA/resoluciones/AUTOS%202013/1385.pdf HTTP/1.1" 200 796898
157.100.106.76 - - [15/Oct/2022:00:50:12 -0500] "POST /sipse/faces/presentacion/financiero/solicitudProceso/consultarSolicitudProceso.xhtml HTTP/1.1" 200 62622
157.100.106.76 - - [15/Oct/2022:00:50:15 -0500] "GET /sipse/faces/javax.faces.resource/theme.css?ln=primefaces-sipse HTTP/1.1" 304 -
157.100.106.76 - - [15/Oct/2022:00:50:15 -0500] "GET /sipse/faces/javax.faces.resource/layout/layout.css?ln=primefaces&v=4.0 HTTP/1.1" 304 -
157.100.106.76 - - [15/Oct/2022:00:50:15 -0500] "GET /sipse/faces/javax.faces.resource/primefaces.css?ln=primefaces&v=4.0 HTTP/1.1" 304 -
157.100.106.76 - - [15/Oct/2022:00:50:15 -0500] "GET /sipse/faces/javax.faces.resource/jquery/jquery.js?ln=primefaces&v=4.0 HTTP/1.1" 304 -
157.100.106.76 - - [15/Oct/2022:00:50:15 -0500] "GET /sipse/faces/javax.faces.resource/jquery/jquery-plugins.js?ln=primefaces&v=4.0 HTTP/1.1" 304 -
157.100.106.76 - - [15/Oct/2022:00:50:16 -0500] "GET /sipse/faces/javax.faces.resource/primefaces.js?ln=primefaces&v=4.0 HTTP/1.1" 304 -
157.100.106.76 - - [15/Oct/2022:00:50:16 -0500] "GET /sipse/faces/javax.faces.resource/layout/layout.js?ln=primefaces&v=4.0 HTTP/1.1" 304 -
157.100.106.76 - - [15/Oct/2022:00:50:17 -0500] "POST /sipse/faces/presentacion/financiero/solicitudProceso/listarSolicitudProceso.xhtml HTTP/1.1" 200 1560
172.22.2.4 - - [15/Oct/2022:00:48:39 -0500] "GET /BLA/boletinlegal/ HTTP/1.1" 200 60281
157.100.106.76 - - [15/Oct/2022:00:50:21 -0500] "POST /sipse/faces/presentacion/financiero/solicitudProceso/listarSolicitudProceso.xhtml HTTP/1.1" 200 115132
157.100.106.76 - - [15/Oct/2022:00:50:23 -0500] "GET /sipse/faces/javax.faces.resource/theme.css?ln=primefaces-sipse HTTP/1.1" 304 -
157.100.106.76 - - [15/Oct/2022:00:50:23 -0500] "GET /sipse/faces/javax.faces.resource/layout/layout.css?ln=primefaces&v=4.0 HTTP/1.1" 304 -
157.100.106.76 - - [15/Oct/2022:00:50:23 -0500] "GET /sipse/faces/javax.faces.resource/primefaces.css?ln=primefaces&v=4.0 HTTP/1.1" 304 -
157.100.106.76 - - [15/Oct/2022:00:50:23 -0500] "GET /sipse/faces/javax.faces.resource/jquery/jquery.js?ln=primefaces&v=4.0 HTTP/1.1" 304 -
157.100.106.76 - - [15/Oct/2022:00:50:23 -0500] "GET /sipse/faces/javax.faces.resource/jquery/jquery-plugins.js?ln=primefaces&v=4.0 HTTP/1.1" 304 -
157.100.106.76 - - [15/Oct/2022:00:50:23 -0500] "GET /sipse/faces/javax.faces.resource/primefaces.js?ln=primefaces&v=4.0 HTTP/1.1" 304 -
157.100.106.76 - - [15/Oct/2022:00:50:23 -0500] "GET /sipse/faces/javax.faces.resource/layout/layout.js?ln=primefaces&v=4.0 HTTP/1.1" 304 -
157.100.106.76 - - [15/Oct/2022:00:50:26 -0500] "POST /sipse/faces/presentacion/financiero/solicitudProceso/consultarSolicitudProceso.xhtml HTTP/1.1" 200 62625
157.100.106.76 - - [15/Oct/2022:00:50:29 -0500] "GET /sipse/faces/javax.faces.resource/layout/layout.css?ln=primefaces&v=4.0 HTTP/1.1" 304 -
157.100.106.76 - - [15/Oct/2022:00:50:29 -0500] "GET /sipse/faces/javax.faces.resource/primefaces.css?ln=primefaces&v=4.0 HTTP/1.1" 304 -
157.100.106.76 - - [15/Oct/2022:00:50:29 -0500] "GET /sipse/faces/javax.faces.resource/theme.css?ln=primefaces-sipse HTTP/1.1" 304 -
157.100.106.76 - - [15/Oct/2022:00:50:29 -0500] "GET /sipse/faces/javax.faces.resource/jquery/jquery.js?ln=primefaces&v=4.0 HTTP/1.1" 304 -
157.100.106.76 - - [15/Oct/2022:00:50:29 -0500] "GET /sipse/faces/javax.faces.resource/jquery/jquery-plugins.js?ln=primefaces&v=4.0 HTTP/1.1" 304 -
157.100.106.76 - - [15/Oct/2022:00:50:29 -0500] "GET /sipse/faces/javax.faces.resource/primefaces.js?ln=primefaces&v=4.0 HTTP/1.1" 304 -
157.100.106.76 - - [15/Oct/2022:00:50:30 -0500] "GET /sipse/faces/javax.faces.resource/layout/layout.js?ln=primefaces&v=4.0 HTTP/1.1" 304 -
157.100.106.76 - - [15/Oct/2022:00:50:30 -0500] "POST /sipse/faces/presentacion/financiero/solicitudProceso/listarSolicitudProceso.xhtml HTTP/1.1" 200 1560
157.100.106.76 - - [15/Oct/2022:00:50:35 -0500] "POST /sipse/faces/presentacion/financiero/solicitudProceso/listarSolicitudProceso.xhtml HTTP/1.1" 200 116860
157.100.106.76 - - [15/Oct/2022:00:50:36 -0500] "GET /sipse/faces/javax.faces.resource/theme.css?ln=primefaces-sipse HTTP/1.1" 304 -
157.100.106.76 - - [15/Oct/2022:00:50:36 -0500] "GET /sipse/faces/javax.faces.resource/primefaces.css?ln=primefaces&v=4.0 HTTP/1.1" 304 -
157.100.106.76 - - [15/Oct/2022:00:50:36 -0500] "GET /sipse/faces/javax.faces.resource/layout/layout.css?ln=primefaces&v=4.0 HTTP/1.1" 304 -
157.100.106.76 - - [15/Oct/2022:00:50:36 -0500] "GET /sipse/faces/javax.faces.resource/jquery/jquery.js?ln=primefaces&v=4.0 HTTP/1.1" 304 -
157.100.106.76 - - [15/Oct/2022:00:50:37 -0500] "GET /sipse/faces/javax.faces.resource/jquery/jquery-plugins.js?ln=primefaces&v=4.0 HTTP/1.1" 304 -
157.100.106.76 - - [15/Oct/2022:00:50:37 -0500] "GET /sipse/faces/javax.faces.resource/primefaces.js?ln=primefaces&v=4.0 HTTP/1.1" 304 -
157.100.106.76 - - [15/Oct/2022:00:50:37 -0500] "GET /sipse/faces/javax.faces.resource/layout/layout.js?ln=primefaces&v=4.0 HTTP/1.1" 304 -
157.100.106.76 - - [15/Oct/2022:00:50:41 -0500] "POST /sipse/faces/presentacion/financiero/solicitudProceso/consultarSolicitudProceso.xhtml HTTP/1.1" 200 62576
157.100.106.76 - - [15/Oct/2022:00:50:44 -0500] "GET /sipse/faces/javax.faces.resource/primefaces.css?ln=primefaces&v=4.0 HTTP/1.1" 304 -
157.100.106.76 - - [15/Oct/2022:00:50:44 -0500] "GET /sipse/faces/javax.faces.resource/jquery/jquery.js?ln=primefaces&v=4.0 HTTP/1.1" 304 -
157.100.106.76 - - [15/Oct/2022:00:50:44 -0500] "GET /sipse/faces/javax.faces.resource/theme.css?ln=primefaces-sipse HTTP/1.1" 304 -
157.100.106.76 - - [15/Oct/2022:00:50:44 -0500] "GET /sipse/faces/javax.faces.resource/jquery/jquery-plugins.js?ln=primefaces&v=4.0 HTTP/1.1" 304 -
157.100.106.76 - - [15/Oct/2022:00:50:44 -0500] "GET /sipse/faces/javax.faces.resource/primefaces.js?ln=primefaces&v=4.0 HTTP/1.1" 304 -
157.100.106.76 - - [15/Oct/2022:00:50:44 -0500] "GET /sipse/faces/javax.faces.resource/layout/layout.css?ln=primefaces&v=4.0 HTTP/1.1" 304 -
157.100.106.76 - - [15/Oct/2022:00:50:44 -0500] "GET /sipse/faces/javax.faces.resource/layout/layout.js?ln=primefaces&v=4.0 HTTP/1.1" 304 -
157.100.106.76 - - [15/Oct/2022:00:50:44 -0500] "POST /sipse/faces/presentacion/financiero/solicitudProceso/listarSolicitudProceso.xhtml HTTP/1.1" 200 1560
157.100.106.76 - - [15/Oct/2022:00:50:52 -0500] "POST /sipse/faces/presentacion/financiero/solicitudProceso/listarSolicitudProceso.xhtml HTTP/1.1" 200 115140
157.100.106.76 - - [15/Oct/2022:00:50:58 -0500] "GET /sipse/faces/javax.faces.resource/layout/layout.css?ln=primefaces&v=4.0 HTTP/1.1" 304 -
157.100.106.76 - - [15/Oct/2022:00:50:58 -0500] "GET /sipse/faces/javax.faces.resource/primefaces.css?ln=primefaces&v=4.0 HTTP/1.1" 304 -
157.100.106.76 - - [15/Oct/2022:00:50:58 -0500] "GET /sipse/faces/javax.faces.resource/theme.css?ln=primefaces-sipse HTTP/1.1" 304 -
157.100.106.76 - - [15/Oct/2022:00:50:58 -0500] "GET /sipse/faces/javax.faces.resource/jquery/jquery.js?ln=primefaces&v=4.0 HTTP/1.1" 304 -
157.100.106.76 - - [15/Oct/2022:00:50:58 -0500] "GET /sipse/faces/javax.faces.resource/jquery/jquery-plugins.js?ln=primefaces&v=4.0 HTTP/1.1" 304 -
157.100.106.76 - - [15/Oct/2022:00:50:58 -0500] "GET /sipse/faces/javax.faces.resource/primefaces.js?ln=primefaces&v=4.0 HTTP/1.1" 304 -
157.100.106.76 - - [15/Oct/2022:00:50:58 -0500] "GET /sipse/faces/javax.faces.resource/layout/layout.js?ln=primefaces&v=4.0 HTTP/1.1" 304 -
157.100.106.76 - - [15/Oct/2022:00:51:01 -0500] "POST /sipse/faces/presentacion/financiero/solicitudProceso/consultarSolicitudProceso.xhtml HTTP/1.1" 200 62608
157.100.106.76 - - [15/Oct/2022:00:51:04 -0500] "GET /sipse/faces/javax.faces.resource/theme.css?ln=primefaces-sipse HTTP/1.1" 304 -
157.100.106.76 - - [15/Oct/2022:00:51:04 -0500] "GET /sipse/faces/javax.faces.resource/primefaces.css?ln=primefaces&v=4.0 HTTP/1.1" 304 -
157.100.106.76 - - [15/Oct/2022:00:51:04 -0500] "GET /sipse/faces/javax.faces.resource/layout/layout.css?ln=primefaces&v=4.0 HTTP/1.1" 304 -
157.100.106.76 - - [15/Oct/2022:00:51:04 -0500] "GET /sipse/faces/javax.faces.resource/jquery/jquery.js?ln=primefaces&v=4.0 HTTP/1.1" 304 -
157.100.106.76 - - [15/Oct/2022:00:51:04 -0500] "GET /sipse/faces/javax.faces.resource/jquery/jquery-plugins.js?ln=primefaces&v=4.0 HTTP/1.1" 304 -
157.100.106.76 - - [15/Oct/2022:00:51:04 -0500] "GET /sipse/faces/javax.faces.resource/primefaces.js?ln=primefaces&v=4.0 HTTP/1.1" 304 -
157.100.106.76 - - [15/Oct/2022:00:51:05 -0500] "GET /sipse/faces/javax.faces.resource/layout/layout.js?ln=primefaces&v=4.0 HTTP/1.1" 304 -
157.100.106.76 - - [15/Oct/2022:00:51:05 -0500] "POST /sipse/faces/presentacion/financiero/solicitudProceso/listarSolicitudProceso.xhtml HTTP/1.1" 200 1560
157.100.106.76 - - [15/Oct/2022:00:51:08 -0500] "POST /sipse/faces/presentacion/financiero/solicitudProceso/listarSolicitudProceso.xhtml HTTP/1.1" 200 118549
157.100.106.76 - - [15/Oct/2022:00:51:09 -0500] "GET /sipse/faces/javax.faces.resource/theme.css?ln=primefaces-sipse HTTP/1.1" 304 -
157.100.106.76 - - [15/Oct/2022:00:51:09 -0500] "GET /sipse/faces/javax.faces.resource/layout/layout.css?ln=primefaces&v=4.0 HTTP/1.1" 304 -
157.100.106.76 - - [15/Oct/2022:00:51:09 -0500] "GET /sipse/faces/javax.faces.resource/primefaces.css?ln=primefaces&v=4.0 HTTP/1.1" 304 -
157.100.106.76 - - [15/Oct/2022:00:51:09 -0500] "GET /sipse/faces/javax.faces.resource/jquery/jquery.js?ln=primefaces&v=4.0 HTTP/1.1" 304 -
157.100.106.76 - - [15/Oct/2022:00:51:09 -0500] "GET /sipse/faces/javax.faces.resource/jquery/jquery-plugins.js?ln=primefaces&v=4.0 HTTP/1.1" 304 -
157.100.106.76 - - [15/Oct/2022:00:51:10 -0500] "GET /sipse/faces/javax.faces.resource/primefaces.js?ln=primefaces&v=4.0 HTTP/1.1" 304 -
157.100.106.76 - - [15/Oct/2022:00:51:10 -0500] "GET /sipse/faces/javax.faces.resource/layout/layout.js?ln=primefaces&v=4.0 HTTP/1.1" 304 -
157.100.106.76 - - [15/Oct/2022:00:51:14 -0500] "POST /sipse/faces/presentacion/financiero/solicitudProceso/consultarSolicitudProceso.xhtml HTTP/1.1" 200 62560
157.100.106.76 - - [15/Oct/2022:00:51:29 -0500] "GET /sipse/faces/javax.faces.resource/primefaces.css?ln=primefaces&v=4.0 HTTP/1.1" 304 -
157.100.106.76 - - [15/Oct/2022:00:51:29 -0500] "GET /sipse/faces/javax.faces.resource/layout/layout.css?ln=primefaces&v=4.0 HTTP/1.1" 304 -
157.100.106.76 - - [15/Oct/2022:00:51:29 -0500] "GET /sipse/faces/javax.faces.resource/theme.css?ln=primefaces-sipse HTTP/1.1" 304 -
157.100.106.76 - - [15/Oct/2022:00:51:29 -0500] "GET /sipse/faces/javax.faces.resource/jquery/jquery.js?ln=primefaces&v=4.0 HTTP/1.1" 304 -
157.100.106.76 - - [15/Oct/2022:00:51:30 -0500] "GET /sipse/faces/javax.faces.resource/jquery/jquery-plugins.js?ln=primefaces&v=4.0 HTTP/1.1" 304 -
157.100.106.76 - - [15/Oct/2022:00:51:30 -0500] "GET /sipse/faces/javax.faces.resource/primefaces.js?ln=primefaces&v=4.0 HTTP/1.1" 304 -
157.100.106.76 - - [15/Oct/2022:00:51:30 -0500] "GET /sipse/faces/javax.faces.resource/layout/layout.js?ln=primefaces&v=4.0 HTTP/1.1" 304 -
157.100.106.76 - - [15/Oct/2022:00:51:30 -0500] "POST /sipse/faces/presentacion/financiero/solicitudProceso/listarSolicitudProceso.xhtml HTTP/1.1" 200 1560
157.100.106.76 - - [15/Oct/2022:00:51:36 -0500] "POST /sipse/faces/presentacion/financiero/solicitudProceso/listarSolicitudProceso.xhtml HTTP/1.1" 200 117215
157.100.106.76 - - [15/Oct/2022:00:51:37 -0500] "GET /sipse/faces/javax.faces.resource/primefaces.css?ln=primefaces&v=4.0 HTTP/1.1" 304 -
157.100.106.76 - - [15/Oct/2022:00:51:37 -0500] "GET /sipse/faces/javax.faces.resource/theme.css?ln=primefaces-sipse HTTP/1.1" 304 -
157.100.106.76 - - [15/Oct/2022:00:51:37 -0500] "GET /sipse/faces/javax.faces.resource/layout/layout.css?ln=primefaces&v=4.0 HTTP/1.1" 304 -
157.100.106.76 - - [15/Oct/2022:00:51:37 -0500] "GET /sipse/faces/javax.faces.resource/jquery/jquery.js?ln=primefaces&v=4.0 HTTP/1.1" 304 -
157.100.106.76 - - [15/Oct/2022:00:51:37 -0500] "GET /sipse/faces/javax.faces.resource/jquery/jquery-plugins.js?ln=primefaces&v=4.0 HTTP/1.1" 304 -
157.100.106.76 - - [15/Oct/2022:00:51:38 -0500] "GET /sipse/faces/javax.faces.resource/primefaces.js?ln=primefaces&v=4.0 HTTP/1.1" 304 -
157.100.106.76 - - [15/Oct/2022:00:51:38 -0500] "GET /sipse/faces/javax.faces.resource/layout/layout.js?ln=primefaces&v=4.0 HTTP/1.1" 304 -
157.100.106.76 - - [15/Oct/2022:00:51:41 -0500] "POST /sipse/faces/presentacion/financiero/solicitudProceso/consultarSolicitudProceso.xhtml HTTP/1.1" 200 62563
157.100.106.76 - - [15/Oct/2022:00:51:44 -0500] "GET /sipse/faces/javax.faces.resource/theme.css?ln=primefaces-sipse HTTP/1.1" 304 -
157.100.106.76 - - [15/Oct/2022:00:51:44 -0500] "GET /sipse/faces/javax.faces.resource/primefaces.css?ln=primefaces&v=4.0 HTTP/1.1" 304 -
157.100.106.76 - - [15/Oct/2022:00:51:44 -0500] "GET /sipse/faces/javax.faces.resource/layout/layout.css?ln=primefaces&v=4.0 HTTP/1.1" 304 -
157.100.106.76 - - [15/Oct/2022:00:51:44 -0500] "GET /sipse/faces/javax.faces.resource/jquery/jquery.js?ln=primefaces&v=4.0 HTTP/1.1" 304 -
157.100.106.76 - - [15/Oct/2022:00:51:44 -0500] "GET /sipse/faces/javax.faces.resource/jquery/jquery-plugins.js?ln=primefaces&v=4.0 HTTP/1.1" 304 -
157.100.106.76 - - [15/Oct/2022:00:51:44 -0500] "GET /sipse/faces/javax.faces.resource/primefaces.js?ln=primefaces&v=4.0 HTTP/1.1" 304 -
157.100.106.76 - - [15/Oct/2022:00:51:44 -0500] "GET /sipse/faces/javax.faces.resource/layout/layout.js?ln=primefaces&v=4.0 HTTP/1.1" 304 -
157.100.106.76 - - [15/Oct/2022:00:51:44 -0500] "POST /sipse/faces/presentacion/financiero/solicitudProceso/listarSolicitudProceso.xhtml HTTP/1.1" 200 1560
114.119.141.53 - - [15/Oct/2022:00:51:48 -0500] "GET /BLA/resoluciones/RESOLUCIONES%202010/1180.pdf HTTP/1.1" 200 106856
157.100.106.76 - - [15/Oct/2022:00:51:47 -0500] "POST /sipse/faces/presentacion/financiero/solicitudProceso/listarSolicitudProceso.xhtml HTTP/1.1" 200 118718
157.100.106.76 - - [15/Oct/2022:00:51:49 -0500] "GET /sipse/faces/javax.faces.resource/theme.css?ln=primefaces-sipse HTTP/1.1" 304 -
157.100.106.76 - - [15/Oct/2022:00:51:49 -0500] "GET /sipse/faces/javax.faces.resource/primefaces.css?ln=primefaces&v=4.0 HTTP/1.1" 304 -
157.100.106.76 - - [15/Oct/2022:00:51:49 -0500] "GET /sipse/faces/javax.faces.resource/layout/layout.css?ln=primefaces&v=4.0 HTTP/1.1" 304 -
157.100.106.76 - - [15/Oct/2022:00:51:49 -0500] "GET /sipse/faces/javax.faces.resource/jquery/jquery.js?ln=primefaces&v=4.0 HTTP/1.1" 304 -
157.100.106.76 - - [15/Oct/2022:00:51:49 -0500] "GET /sipse/faces/javax.faces.resource/jquery/jquery-plugins.js?ln=primefaces&v=4.0 HTTP/1.1" 304 -
157.100.106.76 - - [15/Oct/2022:00:51:49 -0500] "GET /sipse/faces/javax.faces.resource/primefaces.js?ln=primefaces&v=4.0 HTTP/1.1" 304 -
157.100.106.76 - - [15/Oct/2022:00:51:49 -0500] "GET /sipse/faces/javax.faces.resource/layout/layout.js?ln=primefaces&v=4.0 HTTP/1.1" 304 -
157.100.106.76 - - [15/Oct/2022:00:51:52 -0500] "POST /sipse/faces/presentacion/financiero/solicitudProceso/consultarSolicitudProceso.xhtml HTTP/1.1" 200 62571
157.100.106.76 - - [15/Oct/2022:00:51:55 -0500] "GET /sipse/faces/javax.faces.resource/layout/layout.css?ln=primefaces&v=4.0 HTTP/1.1" 304 -
157.100.106.76 - - [15/Oct/2022:00:51:55 -0500] "GET /sipse/faces/javax.faces.resource/primefaces.css?ln=primefaces&v=4.0 HTTP/1.1" 304 -
157.100.106.76 - - [15/Oct/2022:00:51:55 -0500] "GET /sipse/faces/javax.faces.resource/theme.css?ln=primefaces-sipse HTTP/1.1" 304 -
157.100.106.76 - - [15/Oct/2022:00:51:55 -0500] "GET /sipse/faces/javax.faces.resource/jquery/jquery.js?ln=primefaces&v=4.0 HTTP/1.1" 304 -
157.100.106.76 - - [15/Oct/2022:00:51:55 -0500] "GET /sipse/faces/javax.faces.resource/jquery/jquery-plugins.js?ln=primefaces&v=4.0 HTTP/1.1" 304 -
157.100.106.76 - - [15/Oct/2022:00:51:55 -0500] "GET /sipse/faces/javax.faces.resource/primefaces.js?ln=primefaces&v=4.0 HTTP/1.1" 304 -
157.100.106.76 - - [15/Oct/2022:00:51:55 -0500] "GET /sipse/faces/javax.faces.resource/layout/layout.js?ln=primefaces&v=4.0 HTTP/1.1" 304 -
157.100.106.76 - - [15/Oct/2022:00:51:56 -0500] "POST /sipse/faces/presentacion/financiero/solicitudProceso/listarSolicitudProceso.xhtml HTTP/1.1" 200 1560
157.100.106.76 - - [15/Oct/2022:00:51:59 -0500] "POST /sipse/faces/presentacion/financiero/solicitudProceso/listarSolicitudProceso.xhtml HTTP/1.1" 200 119462
157.100.106.76 - - [15/Oct/2022:00:52:00 -0500] "GET /sipse/faces/javax.faces.resource/primefaces.css?ln=primefaces&v=4.0 HTTP/1.1" 304 -
157.100.106.76 - - [15/Oct/2022:00:52:00 -0500] "GET /sipse/faces/javax.faces.resource/layout/layout.css?ln=primefaces&v=4.0 HTTP/1.1" 304 -
157.100.106.76 - - [15/Oct/2022:00:52:00 -0500] "GET /sipse/faces/javax.faces.resource/theme.css?ln=primefaces-sipse HTTP/1.1" 304 -
157.100.106.76 - - [15/Oct/2022:00:52:00 -0500] "GET /sipse/faces/javax.faces.resource/jquery/jquery.js?ln=primefaces&v=4.0 HTTP/1.1" 304 -
157.100.106.76 - - [15/Oct/2022:00:52:00 -0500] "GET /sipse/faces/javax.faces.resource/jquery/jquery-plugins.js?ln=primefaces&v=4.0 HTTP/1.1" 304 -
157.100.106.76 - - [15/Oct/2022:00:52:00 -0500] "GET /sipse/faces/javax.faces.resource/primefaces.js?ln=primefaces&v=4.0 HTTP/1.1" 304 -
157.100.106.76 - - [15/Oct/2022:00:52:00 -0500] "GET /sipse/faces/javax.faces.resource/layout/layout.js?ln=primefaces&v=4.0 HTTP/1.1" 304 -
157.100.106.76 - - [15/Oct/2022:00:52:03 -0500] "POST /sipse/faces/presentacion/financiero/solicitudProceso/consultarSolicitudProceso.xhtml HTTP/1.1" 200 62533
157.100.106.76 - - [15/Oct/2022:00:52:06 -0500] "GET /sipse/faces/javax.faces.resource/layout/layout.css?ln=primefaces&v=4.0 HTTP/1.1" 304 -
157.100.106.76 - - [15/Oct/2022:00:52:06 -0500] "GET /sipse/faces/javax.faces.resource/theme.css?ln=primefaces-sipse HTTP/1.1" 304 -
157.100.106.76 - - [15/Oct/2022:00:52:06 -0500] "GET /sipse/faces/javax.faces.resource/primefaces.css?ln=primefaces&v=4.0 HTTP/1.1" 304 -
157.100.106.76 - - [15/Oct/2022:00:52:06 -0500] "GET /sipse/faces/javax.faces.resource/jquery/jquery.js?ln=primefaces&v=4.0 HTTP/1.1" 304 -
157.100.106.76 - - [15/Oct/2022:00:52:06 -0500] "GET /sipse/faces/javax.faces.resource/jquery/jquery-plugins.js?ln=primefaces&v=4.0 HTTP/1.1" 304 -
157.100.106.76 - - [15/Oct/2022:00:52:06 -0500] "GET /sipse/faces/javax.faces.resource/primefaces.js?ln=primefaces&v=4.0 HTTP/1.1" 304 -
157.100.106.76 - - [15/Oct/2022:00:52:07 -0500] "GET /sipse/faces/javax.faces.resource/layout/layout.js?ln=primefaces&v=4.0 HTTP/1.1" 304 -
157.100.106.76 - - [15/Oct/2022:00:52:07 -0500] "POST /sipse/faces/presentacion/financiero/solicitudProceso/listarSolicitudProceso.xhtml HTTP/1.1" 200 1560
157.100.106.76 - - [15/Oct/2022:00:52:11 -0500] "POST /sipse/faces/presentacion/financiero/solicitudProceso/listarSolicitudProceso.xhtml HTTP/1.1" 200 117949
157.100.106.76 - - [15/Oct/2022:00:52:12 -0500] "GET /sipse/faces/javax.faces.resource/layout/layout.css?ln=primefaces&v=4.0 HTTP/1.1" 304 -
157.100.106.76 - - [15/Oct/2022:00:52:12 -0500] "GET /sipse/faces/javax.faces.resource/theme.css?ln=primefaces-sipse HTTP/1.1" 304 -
157.100.106.76 - - [15/Oct/2022:00:52:12 -0500] "GET /sipse/faces/javax.faces.resource/primefaces.css?ln=primefaces&v=4.0 HTTP/1.1" 304 -
157.100.106.76 - - [15/Oct/2022:00:52:12 -0500] "GET /sipse/faces/javax.faces.resource/jquery/jquery.js?ln=primefaces&v=4.0 HTTP/1.1" 304 -
157.100.106.76 - - [15/Oct/2022:00:52:13 -0500] "GET /sipse/faces/javax.faces.resource/jquery/jquery-plugins.js?ln=primefaces&v=4.0 HTTP/1.1" 304 -
157.100.106.76 - - [15/Oct/2022:00:52:13 -0500] "GET /sipse/faces/javax.faces.resource/primefaces.js?ln=primefaces&v=4.0 HTTP/1.1" 304 -
157.100.106.76 - - [15/Oct/2022:00:52:13 -0500] "GET /sipse/faces/javax.faces.resource/layout/layout.js?ln=primefaces&v=4.0 HTTP/1.1" 304 -
207.46.13.190 - - [15/Oct/2022:00:52:16 -0500] "GET /BLA/resoluciones/Notificaciones/REGISTROS%202020/01765.pdf HTTP/1.1" 304 -
157.100.106.76 - - [15/Oct/2022:00:52:16 -0500] "POST /sipse/faces/presentacion/financiero/solicitudProceso/consultarSolicitudProceso.xhtml HTTP/1.1" 200 62490
157.100.106.76 - - [15/Oct/2022:00:52:19 -0500] "GET /sipse/faces/javax.faces.resource/primefaces.css?ln=primefaces&v=4.0 HTTP/1.1" 304 -
157.100.106.76 - - [15/Oct/2022:00:52:19 -0500] "GET /sipse/faces/javax.faces.resource/theme.css?ln=primefaces-sipse HTTP/1.1" 304 -
157.100.106.76 - - [15/Oct/2022:00:52:19 -0500] "GET /sipse/faces/javax.faces.resource/layout/layout.css?ln=primefaces&v=4.0 HTTP/1.1" 304 -
157.100.106.76 - - [15/Oct/2022:00:52:19 -0500] "GET /sipse/faces/javax.faces.resource/jquery/jquery.js?ln=primefaces&v=4.0 HTTP/1.1" 304 -
157.100.106.76 - - [15/Oct/2022:00:52:19 -0500] "GET /sipse/faces/javax.faces.resource/jquery/jquery-plugins.js?ln=primefaces&v=4.0 HTTP/1.1" 304 -
216.245.221.92 - - [15/Oct/2022:00:52:19 -0500] "HEAD / HTTP/1.1" 200 -
157.100.106.76 - - [15/Oct/2022:00:52:19 -0500] "GET /sipse/faces/javax.faces.resource/primefaces.js?ln=primefaces&v=4.0 HTTP/1.1" 304 -
157.100.106.76 - - [15/Oct/2022:00:52:19 -0500] "GET /sipse/faces/javax.faces.resource/layout/layout.js?ln=primefaces&v=4.0 HTTP/1.1" 304 -
157.100.106.76 - - [15/Oct/2022:00:52:20 -0500] "POST /sipse/faces/presentacion/financiero/solicitudProceso/listarSolicitudProceso.xhtml HTTP/1.1" 200 1560
157.100.106.76 - - [15/Oct/2022:00:52:24 -0500] "POST /sipse/faces/presentacion/financiero/solicitudProceso/listarSolicitudProceso.xhtml HTTP/1.1" 200 119470
157.100.106.76 - - [15/Oct/2022:00:52:25 -0500] "GET /sipse/faces/javax.faces.resource/theme.css?ln=primefaces-sipse HTTP/1.1" 304 -
157.100.106.76 - - [15/Oct/2022:00:52:25 -0500] "GET /sipse/faces/javax.faces.resource/layout/layout.css?ln=primefaces&v=4.0 HTTP/1.1" 304 -
157.100.106.76 - - [15/Oct/2022:00:52:25 -0500] "GET /sipse/faces/javax.faces.resource/primefaces.css?ln=primefaces&v=4.0 HTTP/1.1" 304 -
157.100.106.76 - - [15/Oct/2022:00:52:25 -0500] "GET /sipse/faces/javax.faces.resource/jquery/jquery.js?ln=primefaces&v=4.0 HTTP/1.1" 304 -
157.100.106.76 - - [15/Oct/2022:00:52:25 -0500] "GET /sipse/faces/javax.faces.resource/jquery/jquery-plugins.js?ln=primefaces&v=4.0 HTTP/1.1" 304 -
157.100.106.76 - - [15/Oct/2022:00:52:25 -0500] "GET /sipse/faces/javax.faces.resource/primefaces.js?ln=primefaces&v=4.0 HTTP/1.1" 304 -
157.100.106.76 - - [15/Oct/2022:00:52:26 -0500] "GET /sipse/faces/javax.faces.resource/layout/layout.js?ln=primefaces&v=4.0 HTTP/1.1" 304 -
157.100.106.76 - - [15/Oct/2022:00:52:29 -0500] "POST /sipse/faces/presentacion/financiero/solicitudProceso/consultarSolicitudProceso.xhtml HTTP/1.1" 200 62313
157.100.106.76 - - [15/Oct/2022:00:52:32 -0500] "GET /sipse/faces/javax.faces.resource/layout/layout.css?ln=primefaces&v=4.0 HTTP/1.1" 304 -
157.100.106.76 - - [15/Oct/2022:00:52:32 -0500] "GET /sipse/faces/javax.faces.resource/primefaces.css?ln=primefaces&v=4.0 HTTP/1.1" 304 -
157.100.106.76 - - [15/Oct/2022:00:52:32 -0500] "GET /sipse/faces/javax.faces.resource/theme.css?ln=primefaces-sipse HTTP/1.1" 304 -
157.100.106.76 - - [15/Oct/2022:00:52:32 -0500] "GET /sipse/faces/javax.faces.resource/jquery/jquery.js?ln=primefaces&v=4.0 HTTP/1.1" 304 -
157.100.106.76 - - [15/Oct/2022:00:52:32 -0500] "GET /sipse/faces/javax.faces.resource/jquery/jquery-plugins.js?ln=primefaces&v=4.0 HTTP/1.1" 304 -
157.100.106.76 - - [15/Oct/2022:00:52:32 -0500] "GET /sipse/faces/javax.faces.resource/primefaces.js?ln=primefaces&v=4.0 HTTP/1.1" 304 -
157.100.106.76 - - [15/Oct/2022:00:52:32 -0500] "GET /sipse/faces/javax.faces.resource/layout/layout.js?ln=primefaces&v=4.0 HTTP/1.1" 304 -
157.100.106.76 - - [15/Oct/2022:00:52:33 -0500] "POST /sipse/faces/presentacion/financiero/solicitudProceso/listarSolicitudProceso.xhtml HTTP/1.1" 200 1560
157.100.106.76 - - [15/Oct/2022:00:52:37 -0500] "POST /sipse/faces/presentacion/financiero/solicitudProceso/listarSolicitudProceso.xhtml HTTP/1.1" 200 118726
157.100.106.76 - - [15/Oct/2022:00:52:39 -0500] "GET /sipse/faces/javax.faces.resource/primefaces.css?ln=primefaces&v=4.0 HTTP/1.1" 304 -
157.100.106.76 - - [15/Oct/2022:00:52:39 -0500] "GET /sipse/faces/javax.faces.resource/layout/layout.css?ln=primefaces&v=4.0 HTTP/1.1" 304 -
157.100.106.76 - - [15/Oct/2022:00:52:39 -0500] "GET /sipse/faces/javax.faces.resource/theme.css?ln=primefaces-sipse HTTP/1.1" 304 -
157.100.106.76 - - [15/Oct/2022:00:52:39 -0500] "GET /sipse/faces/javax.faces.resource/jquery/jquery.js?ln=primefaces&v=4.0 HTTP/1.1" 304 -
157.100.106.76 - - [15/Oct/2022:00:52:39 -0500] "GET /sipse/faces/javax.faces.resource/jquery/jquery-plugins.js?ln=primefaces&v=4.0 HTTP/1.1" 304 -
157.100.106.76 - - [15/Oct/2022:00:52:39 -0500] "GET /sipse/faces/javax.faces.resource/primefaces.js?ln=primefaces&v=4.0 HTTP/1.1" 304 -
157.100.106.76 - - [15/Oct/2022:00:52:40 -0500] "GET /sipse/faces/javax.faces.resource/layout/layout.js?ln=primefaces&v=4.0 HTTP/1.1" 304 -
157.100.106.76 - - [15/Oct/2022:00:52:44 -0500] "POST /sipse/faces/presentacion/financiero/solicitudProceso/consultarSolicitudProceso.xhtml HTTP/1.1" 200 62161
157.100.106.76 - - [15/Oct/2022:00:52:47 -0500] "GET /sipse/faces/javax.faces.resource/layout/layout.css?ln=primefaces&v=4.0 HTTP/1.1" 304 -
157.100.106.76 - - [15/Oct/2022:00:52:47 -0500] "GET /sipse/faces/javax.faces.resource/theme.css?ln=primefaces-sipse HTTP/1.1" 304 -
157.100.106.76 - - [15/Oct/2022:00:52:47 -0500] "GET /sipse/faces/javax.faces.resource/primefaces.css?ln=primefaces&v=4.0 HTTP/1.1" 304 -
157.100.106.76 - - [15/Oct/2022:00:52:47 -0500] "GET /sipse/faces/javax.faces.resource/jquery/jquery.js?ln=primefaces&v=4.0 HTTP/1.1" 304 -
157.100.106.76 - - [15/Oct/2022:00:52:47 -0500] "GET /sipse/faces/javax.faces.resource/jquery/jquery-plugins.js?ln=primefaces&v=4.0 HTTP/1.1" 304 -
157.100.106.76 - - [15/Oct/2022:00:52:47 -0500] "GET /sipse/faces/javax.faces.resource/primefaces.js?ln=primefaces&v=4.0 HTTP/1.1" 304 -
157.100.106.76 - - [15/Oct/2022:00:52:47 -0500] "GET /sipse/faces/javax.faces.resource/layout/layout.js?ln=primefaces&v=4.0 HTTP/1.1" 304 -
157.100.106.76 - - [15/Oct/2022:00:52:47 -0500] "POST /sipse/faces/presentacion/financiero/solicitudProceso/listarSolicitudProceso.xhtml HTTP/1.1" 200 1560
157.100.106.76 - - [15/Oct/2022:00:52:54 -0500] "POST /sipse/faces/presentacion/financiero/solicitudProceso/listarSolicitudProceso.xhtml HTTP/1.1" 200 117223
157.100.106.76 - - [15/Oct/2022:00:52:55 -0500] "GET /sipse/faces/javax.faces.resource/theme.css?ln=primefaces-sipse HTTP/1.1" 304 -
157.100.106.76 - - [15/Oct/2022:00:52:55 -0500] "GET /sipse/faces/javax.faces.resource/layout/layout.css?ln=primefaces&v=4.0 HTTP/1.1" 304 -
157.100.106.76 - - [15/Oct/2022:00:52:55 -0500] "GET /sipse/faces/javax.faces.resource/primefaces.css?ln=primefaces&v=4.0 HTTP/1.1" 304 -
157.100.106.76 - - [15/Oct/2022:00:52:55 -0500] "GET /sipse/faces/javax.faces.resource/jquery/jquery.js?ln=primefaces&v=4.0 HTTP/1.1" 304 -
157.100.106.76 - - [15/Oct/2022:00:52:55 -0500] "GET /sipse/faces/javax.faces.resource/jquery/jquery-plugins.js?ln=primefaces&v=4.0 HTTP/1.1" 304 -
157.100.106.76 - - [15/Oct/2022:00:52:55 -0500] "GET /sipse/faces/javax.faces.resource/primefaces.js?ln=primefaces&v=4.0 HTTP/1.1" 304 -
157.100.106.76 - - [15/Oct/2022:00:52:55 -0500] "GET /sipse/faces/javax.faces.resource/layout/layout.js?ln=primefaces&v=4.0 HTTP/1.1" 304 -
157.100.106.76 - - [15/Oct/2022:00:53:00 -0500] "POST /sipse/faces/presentacion/financiero/solicitudProceso/consultarSolicitudProceso.xhtml HTTP/1.1" 200 62123
157.100.106.76 - - [15/Oct/2022:00:53:02 -0500] "GET /sipse/faces/javax.faces.resource/layout/layout.css?ln=primefaces&v=4.0 HTTP/1.1" 304 -
157.100.106.76 - - [15/Oct/2022:00:53:02 -0500] "GET /sipse/faces/javax.faces.resource/primefaces.css?ln=primefaces&v=4.0 HTTP/1.1" 304 -
157.100.106.76 - - [15/Oct/2022:00:53:02 -0500] "GET /sipse/faces/javax.faces.resource/theme.css?ln=primefaces-sipse HTTP/1.1" 304 -
157.100.106.76 - - [15/Oct/2022:00:53:02 -0500] "GET /sipse/faces/javax.faces.resource/jquery/jquery.js?ln=primefaces&v=4.0 HTTP/1.1" 304 -
157.100.106.76 - - [15/Oct/2022:00:53:03 -0500] "GET /sipse/faces/javax.faces.resource/jquery/jquery-plugins.js?ln=primefaces&v=4.0 HTTP/1.1" 304 -
157.100.106.76 - - [15/Oct/2022:00:53:03 -0500] "GET /sipse/faces/javax.faces.resource/primefaces.js?ln=primefaces&v=4.0 HTTP/1.1" 304 -
157.100.106.76 - - [15/Oct/2022:00:53:03 -0500] "GET /sipse/faces/javax.faces.resource/layout/layout.js?ln=primefaces&v=4.0 HTTP/1.1" 304 -
157.100.106.76 - - [15/Oct/2022:00:53:03 -0500] "POST /sipse/faces/presentacion/financiero/solicitudProceso/listarSolicitudProceso.xhtml HTTP/1.1" 200 1560
157.100.106.76 - - [15/Oct/2022:00:53:10 -0500] "POST /sipse/faces/presentacion/financiero/solicitudProceso/listarSolicitudProceso.xhtml HTTP/1.1" 200 118675
157.100.106.76 - - [15/Oct/2022:00:53:11 -0500] "GET /sipse/faces/javax.faces.resource/layout/layout.css?ln=primefaces&v=4.0 HTTP/1.1" 304 -
157.100.106.76 - - [15/Oct/2022:00:53:11 -0500] "GET /sipse/faces/javax.faces.resource/theme.css?ln=primefaces-sipse HTTP/1.1" 304 -
157.100.106.76 - - [15/Oct/2022:00:53:11 -0500] "GET /sipse/faces/javax.faces.resource/primefaces.css?ln=primefaces&v=4.0 HTTP/1.1" 304 -
157.100.106.76 - - [15/Oct/2022:00:53:11 -0500] "GET /sipse/faces/javax.faces.resource/jquery/jquery.js?ln=primefaces&v=4.0 HTTP/1.1" 304 -
157.100.106.76 - - [15/Oct/2022:00:53:12 -0500] "GET /sipse/faces/javax.faces.resource/jquery/jquery-plugins.js?ln=primefaces&v=4.0 HTTP/1.1" 304 -
157.100.106.76 - - [15/Oct/2022:00:53:12 -0500] "GET /sipse/faces/javax.faces.resource/primefaces.js?ln=primefaces&v=4.0 HTTP/1.1" 304 -
157.100.106.76 - - [15/Oct/2022:00:53:12 -0500] "GET /sipse/faces/javax.faces.resource/layout/layout.js?ln=primefaces&v=4.0 HTTP/1.1" 304 -
157.100.106.76 - - [15/Oct/2022:00:53:15 -0500] "POST /sipse/faces/presentacion/financiero/solicitudProceso/consultarSolicitudProceso.xhtml HTTP/1.1" 200 62194
157.100.106.76 - - [15/Oct/2022:00:53:18 -0500] "GET /sipse/faces/javax.faces.resource/theme.css?ln=primefaces-sipse HTTP/1.1" 304 -
157.100.106.76 - - [15/Oct/2022:00:53:18 -0500] "GET /sipse/faces/javax.faces.resource/primefaces.css?ln=primefaces&v=4.0 HTTP/1.1" 304 -
157.100.106.76 - - [15/Oct/2022:00:53:18 -0500] "GET /sipse/faces/javax.faces.resource/layout/layout.css?ln=primefaces&v=4.0 HTTP/1.1" 304 -
157.100.106.76 - - [15/Oct/2022:00:53:18 -0500] "GET /sipse/faces/javax.faces.resource/jquery/jquery.js?ln=primefaces&v=4.0 HTTP/1.1" 304 -
157.100.106.76 - - [15/Oct/2022:00:53:19 -0500] "GET /sipse/faces/javax.faces.resource/jquery/jquery-plugins.js?ln=primefaces&v=4.0 HTTP/1.1" 304 -
157.100.106.76 - - [15/Oct/2022:00:53:19 -0500] "GET /sipse/faces/javax.faces.resource/primefaces.js?ln=primefaces&v=4.0 HTTP/1.1" 304 -
157.100.106.76 - - [15/Oct/2022:00:53:19 -0500] "GET /sipse/faces/javax.faces.resource/layout/layout.js?ln=primefaces&v=4.0 HTTP/1.1" 304 -
157.100.106.76 - - [15/Oct/2022:00:53:19 -0500] "POST /sipse/faces/presentacion/financiero/solicitudProceso/listarSolicitudProceso.xhtml HTTP/1.1" 200 1560
157.100.106.76 - - [15/Oct/2022:00:53:28 -0500] "POST /sipse/faces/presentacion/financiero/solicitudProceso/listarSolicitudProceso.xhtml HTTP/1.1" 200 25548
114.119.141.53 - - [15/Oct/2022:00:53:30 -0500] "GET /BLA/resoluciones/RESOLUCIONES%202010/3869.pdf HTTP/1.1" 200 1037619
201.245.192.253 - - [15/Oct/2022:00:53:30 -0500] "POST /kwsrmcab/Wsrmcab  HTTP/1.1" 200 43296
157.100.106.76 - - [15/Oct/2022:00:53:33 -0500] "POST /sipse/faces/presentacion/financiero/solicitudProceso/listarSolicitudProceso.xhtml HTTP/1.1" 200 32005
157.100.106.76 - - [15/Oct/2022:00:53:38 -0500] "POST /sipse/faces/presentacion/financiero/solicitudProceso/listarSolicitudProceso.xhtml HTTP/1.1" 200 31695
114.119.141.53 - - [15/Oct/2022:00:55:03 -0500] "GET /siipev/Diseno%20de%20Elementos%20de%20Mobiliario%20Urbano/Diseno%20pertenecientes%20al%20mobiliario%20urbano%20M10-M160/Infografia/Parte1?C=M%3BO%3DA HTTP/1.1" 301 380
114.119.141.53 - - [15/Oct/2022:00:55:03 -0500] "GET /siipev/Diseno%20de%20Elementos%20de%20Mobiliario%20Urbano/Diseno%20pertenecientes%20al%20mobiliario%20urbano%20M10-M160/Infografia/Parte1/?C=M%3BO%3DA HTTP/1.1" 200 715
172.22.2.4 - - [15/Oct/2022:00:53:38 -0500] "HEAD /BLA/boletinlegal/ HTTP/1.1" 200 -
87.250.224.43 - - [15/Oct/2022:00:55:39 -0500] "-" 408 -
172.22.2.4 - - [15/Oct/2022:00:54:29 -0500] "GET /BLA/boletinlegal/ HTTP/1.1" 200 59828
114.119.141.51 - - [15/Oct/2022:00:56:49 -0500] "GET /BLA/resoluciones/RESOLUCIONES%202009/1393.pdf HTTP/1.1" 200 626393
172.22.2.4 - - [15/Oct/2022:00:56:58 -0500] "GET /BLA/boletinlegal/images/screen_3.png HTTP/1.1" 304 -
216.245.221.92 - - [15/Oct/2022:00:57:19 -0500] "HEAD / HTTP/1.1" 200 -
114.119.141.51 - - [15/Oct/2022:00:58:17 -0500] "GET /BLA/resoluciones/RESOLUCIONES%202017/1242.pdf HTTP/1.1" 200 5423629
201.245.192.253 - - [15/Oct/2022:00:58:29 -0500] "POST /kwsrmcab/Wsrmcab  HTTP/1.1" 200 43296
172.22.2.4 - - [15/Oct/2022:00:59:33 -0500] "GET /BLA/boletinlegal/Circulares/2015/Circular%20No.%201%20del%2010%20de%20Febrero%20de%202015.pdf HTTP/1.1" 200 660637
152.61.192.232 - - [15/Oct/2022:00:59:41 -0500] "GET /arcgis/services/Calidad_del_Agua_WQI/MapServer/WMSServer?request=GetCapabilities&service=WMS HTTP/1.1" 503 1020
152.61.192.232 - - [15/Oct/2022:00:59:43 -0500] "GET /arcgis/services/Calidad_del_Agua_WQI/MapServer/WMSServer?SERVICE=WMS&REQUEST=GetCapabilities HTTP/1.1" 503 1020
152.61.192.232 - - [15/Oct/2022:00:59:43 -0500] "GET /arcgis/services/Calidad_del_Agua_WQI/MapServer/WMSServer?WMTVER=1.0.0&REQUEST=capabilities HTTP/1.1" 503 1020
114.119.141.69 - - [15/Oct/2022:00:59:55 -0500] "GET /BLA/resoluciones/RESOLUCIONES%202010/4837.pdf HTTP/1.1" 200 746391
172.22.2.4 - - [15/Oct/2022:00:59:28 -0500] "HEAD /BLA/boletinlegal/ HTTP/1.1" 200 -
114.119.141.42 - - [15/Oct/2022:01:01:26 -0500] "GET /BLA/resoluciones/RESOLUCIONES%202010/2890.pdf HTTP/1.1" 200 492581
172.22.2.4 - - [15/Oct/2022:01:00:19 -0500] "GET /BLA/boletinlegal/ HTTP/1.1" 200 57725
216.245.221.92 - - [15/Oct/2022:01:02:19 -0500] "HEAD / HTTP/1.1" 200 -
114.119.141.53 - - [15/Oct/2022:01:03:01 -0500] "GET /BLA/resoluciones/RESOLUCIONES%202010/2476.pdf HTTP/1.1" 200 497543
201.245.192.253 - - [15/Oct/2022:01:03:28 -0500] "POST /kwsrmcab/Wsrmcab  HTTP/1.1" 200 43296
114.119.141.51 - - [15/Oct/2022:01:04:38 -0500] "GET /BLA/resoluciones/RESOLUCIONES%202010/7643.pdf HTTP/1.1" 200 68446
5.255.231.131 - - [15/Oct/2022:01:05:39 -0500] "-" 408 -
114.119.141.51 - - [15/Oct/2022:01:06:18 -0500] "GET /BLA/resoluciones/RESOLUCIONES%202010/1662.pdf HTTP/1.1" 200 440341
172.22.2.4 - - [15/Oct/2022:01:05:18 -0500] "HEAD /BLA/boletinlegal/ HTTP/1.1" 200 -
216.245.221.92 - - [15/Oct/2022:01:07:19 -0500] "HEAD / HTTP/1.1" 200 -
172.22.2.4 - - [15/Oct/2022:01:06:09 -0500] "GET /BLA/boletinlegal/ HTTP/1.1" 200 56376
114.119.141.51 - - [15/Oct/2022:01:07:51 -0500] "GET /siipev/Diseno%20de%20Elementos%20de%20Mobiliario%20Urbano/Diseno%20pertenecientes%20al%20mobiliario%20urbano%20M10-M160/PARTE%20A/Dise%C3%B1o%20de%20Elementos%20M-144.pdf HTTP/1.1" 200 3438987
152.61.128.50 - - [15/Oct/2022:01:08:02 -0500] "GET /arcgis/services/Calidad_del_Agua_WQI/MapServer/WMSServer?request=GetCapabilities&service=WMS HTTP/1.1" 503 1020
152.61.128.50 - - [15/Oct/2022:01:08:03 -0500] "GET /arcgis/services/Calidad_del_Agua_WQI/MapServer/WMSServer?SERVICE=WMS&REQUEST=GetCapabilities HTTP/1.1" 503 1020
152.61.128.50 - - [15/Oct/2022:01:08:04 -0500] "GET /arcgis/services/Calidad_del_Agua_WQI/MapServer/WMSServer?WMTVER=1.0.0&REQUEST=capabilities HTTP/1.1" 503 1020
201.245.192.253 - - [15/Oct/2022:01:08:27 -0500] "POST /kwsrmcab/Wsrmcab  HTTP/1.1" 200 43296
114.119.141.42 - - [15/Oct/2022:01:09:39 -0500] "GET /BLA/resoluciones/RESOLUCIONES%202010/6071.pdf HTTP/1.1" 200 2281483
114.119.141.69 - - [15/Oct/2022:01:11:15 -0500] "GET /BLA/resoluciones/RESOLUCIONES%202010/2694.pdf HTTP/1.1" 200 381716
216.245.221.92 - - [15/Oct/2022:01:12:19 -0500] "HEAD / HTTP/1.1" 200 -
172.22.2.4 - - [15/Oct/2022:01:11:08 -0500] "HEAD /BLA/boletinlegal/ HTTP/1.1" 200 -
114.119.141.69 - - [15/Oct/2022:01:12:49 -0500] "GET /BLA/resoluciones/RESOLUCIONES%202009/1227.pdf HTTP/1.1" 200 452559
201.245.192.253 - - [15/Oct/2022:01:13:26 -0500] "POST /kwsrmcab/Wsrmcab  HTTP/1.1" 200 43296
172.22.2.4 - - [15/Oct/2022:01:11:59 -0500] "GET /BLA/boletinlegal/ HTTP/1.1" 200 58163
114.119.141.53 - - [15/Oct/2022:01:14:25 -0500] "GET /siipev/Diseno%20de%20Elementos%20de%20Mobiliario%20Urbano/Diseno%20pertenecientes%20al%20mobiliario%20urbano%20M10-M160/PARTE%20A/Dise%C3%B1o%20de%20Elementos%20M-110.pdf HTTP/1.1" 200 243014
95.108.213.65 - - [15/Oct/2022:01:15:39 -0500] "-" 408 -
173.252.107.22 - - [15/Oct/2022:01:15:41 -0500] "GET /images/acuerdos-enero-19.jpg HTTP/1.1" 200 56694
173.252.107.9 - - [15/Oct/2022:01:15:59 -0500] "GET /images/nueva-jornada-reciclaton-ambiente-cajas-12-noviembre.jpg HTTP/1.1" 200 479427
114.119.141.53 - - [15/Oct/2022:01:16:06 -0500] "GET /BLA/resoluciones/RESOLUCIONES%202009/0739.pdf HTTP/1.1" 200 235879
216.245.221.92 - - [15/Oct/2022:01:17:19 -0500] "HEAD / HTTP/1.1" 200 -
114.119.141.42 - - [15/Oct/2022:01:17:42 -0500] "GET /BLA/resoluciones/RESOLUCIONES%202010/2028.pdf HTTP/1.1" 200 340994
201.245.192.253 - - [15/Oct/2022:01:18:25 -0500] "POST /kwsrmcab/Wsrmcab  HTTP/1.1" 200 43296
172.22.2.4 - - [15/Oct/2022:01:16:58 -0500] "HEAD /BLA/boletinlegal/ HTTP/1.1" 200 -
114.119.141.42 - - [15/Oct/2022:01:19:16 -0500] "GET /BLA/resoluciones/AUTOS%202013/2118.pdf HTTP/1.1" 200 3014543
172.22.2.4 - - [15/Oct/2022:01:17:49 -0500] "GET /BLA/boletinlegal/ HTTP/1.1" 200 59828
114.119.141.71 - - [15/Oct/2022:01:20:56 -0500] "GET /BLA/resoluciones/index.php?dir=RESOLUCIONES%2B1992/&sort=size&order=asc HTTP/1.1" 200 13300
207.46.13.181 - - [15/Oct/2022:01:21:35 -0500] "GET /images/Mirla%20Com%C3%BAn%20SDA%20(1)%20(1).jpeg HTTP/1.1" 404 1034
201.245.192.253 - - [15/Oct/2022:01:21:56 -0500] "POST /kwsrmcab/Wsrmcab HTTP/1.1" 200 43541
201.245.192.253 - - [15/Oct/2022:01:21:59 -0500] "POST /kwsrmcab/Wsrmcab HTTP/1.1" 200 43778
216.245.221.92 - - [15/Oct/2022:01:22:19 -0500] "HEAD / HTTP/1.1" 200 -
114.119.141.53 - - [15/Oct/2022:01:22:37 -0500] "GET /BLA/resoluciones/RESOLUCIONES%202010/0572.pdf HTTP/1.1" 200 134452
201.245.192.253 - - [15/Oct/2022:01:23:23 -0500] "POST /kwsrmcab/Wsrmcab  HTTP/1.1" 200 43296
114.119.141.71 - - [15/Oct/2022:01:24:10 -0500] "GET /Publicaciones/2020EE214683.pdf HTTP/1.1" 404 228
172.22.2.4 - - [15/Oct/2022:01:22:48 -0500] "HEAD /BLA/boletinlegal/ HTTP/1.1" 200 -
191.156.63.127 - - [15/Oct/2022:01:24:42 -0500] "GET /la-secretaria-de-ambiente-abre-nueva-convocatoria-para-su-programa-de-voluntariado-ambiental.html HTTP/1.1" 200 976
172.22.2.4 - - [15/Oct/2022:01:23:39 -0500] "GET /BLA/boletinlegal/ HTTP/1.1" 200 59828
95.108.213.41 - - [15/Oct/2022:01:25:39 -0500] "-" 408 -
216.245.221.92 - - [15/Oct/2022:01:27:19 -0500] "HEAD / HTTP/1.1" 200 -
201.245.192.253 - - [15/Oct/2022:01:28:23 -0500] "POST /kwsrmcab/Wsrmcab  HTTP/1.1" 200 43296
172.22.2.4 - - [15/Oct/2022:01:28:38 -0500] "HEAD /BLA/boletinlegal/ HTTP/1.1" 200 -
172.22.2.4 - - [15/Oct/2022:01:29:29 -0500] "GET /BLA/boletinlegal/ HTTP/1.1" 200 58163
207.46.13.84 - - [15/Oct/2022:01:31:51 -0500] "GET /BLA/resoluciones/AUTOS%202020/2586.pdf HTTP/1.1" 200 327700
201.245.192.253 - - [15/Oct/2022:01:31:56 -0500] "POST /kwsrmcab/Wsrmcab HTTP/1.1" 200 43541
201.245.192.253 - - [15/Oct/2022:01:31:59 -0500] "POST /kwsrmcab/Wsrmcab HTTP/1.1" 200 43778
216.245.221.92 - - [15/Oct/2022:01:32:19 -0500] "HEAD / HTTP/1.1" 200 -
201.245.192.253 - - [15/Oct/2022:01:33:22 -0500] "POST /kwsrmcab/Wsrmcab  HTTP/1.1" 200 43296
172.22.2.4 - - [15/Oct/2022:01:34:28 -0500] "HEAD /BLA/boletinlegal/ HTTP/1.1" 200 -
87.250.224.69 - - [15/Oct/2022:01:36:16 -0500] "-" 408 -
172.22.2.4 - - [15/Oct/2022:01:35:19 -0500] "GET /BLA/boletinlegal/ HTTP/1.1" 200 57725
216.245.221.92 - - [15/Oct/2022:01:37:19 -0500] "HEAD / HTTP/1.1" 200 -
201.245.192.253 - - [15/Oct/2022:01:38:21 -0500] "POST /kwsrmcab/Wsrmcab  HTTP/1.1" 200 43296
201.245.192.253 - - [15/Oct/2022:01:41:56 -0500] "POST /kwsrmcab/Wsrmcab HTTP/1.1" 200 43541
172.22.2.4 - - [15/Oct/2022:01:40:18 -0500] "HEAD /BLA/boletinlegal/ HTTP/1.1" 200 -
201.245.192.253 - - [15/Oct/2022:01:41:58 -0500] "POST /kwsrmcab/Wsrmcab HTTP/1.1" 200 43778
216.245.221.92 - - [15/Oct/2022:01:42:19 -0500] "HEAD / HTTP/1.1" 200 -
172.22.2.4 - - [15/Oct/2022:01:41:08 -0500] "GET /BLA/boletinlegal/ HTTP/1.1" 200 59828
201.245.192.253 - - [15/Oct/2022:01:43:20 -0500] "POST /kwsrmcab/Wsrmcab  HTTP/1.1" 200 43296
5.45.207.152 - - [15/Oct/2022:01:46:16 -0500] "-" 408 -
216.245.221.92 - - [15/Oct/2022:01:47:19 -0500] "HEAD / HTTP/1.1" 200 -
172.22.2.4 - - [15/Oct/2022:01:46:08 -0500] "HEAD /BLA/boletinlegal/ HTTP/1.1" 200 -
201.245.192.253 - - [15/Oct/2022:01:48:20 -0500] "POST /kwsrmcab/Wsrmcab  HTTP/1.1" 200 43296
172.22.2.4 - - [15/Oct/2022:01:46:58 -0500] "GET /BLA/boletinlegal/ HTTP/1.1" 200 59828
207.46.13.40 - - [15/Oct/2022:01:48:39 -0500] "GET /sipse/faces/faces/autenticacion.xhtml HTTP/1.1" 200 12503
108.174.5.112 - - [15/Oct/2022:01:49:01 -0500] "GET /acuerdos-de-conservacion-firmados-en-la-reserva-van-der-hammen-empieza-a-dar-frutos.html HTTP/1.1" 206 843
207.46.13.40 - - [15/Oct/2022:01:49:38 -0500] "GET /BLA/resoluciones/AUTOS%202013/3313.pdf HTTP/1.1" 200 377898
172.22.2.4 - - [15/Oct/2022:01:52:08 -0500] "GET /BLA/boletinlegal/jurisprudencia/analisis/AnalisisT-606-15.docx HTTP/1.1" 200 26698
172.22.2.4 - - [15/Oct/2022:01:52:09 -0500] "GET /BLA/boletinlegal/apple-touch-icon-120x120-precomposed.png HTTP/1.1" 404 1140
172.22.2.4 - - [15/Oct/2022:01:52:09 -0500] "GET /BLA/boletinlegal/apple-touch-icon-120x120.png HTTP/1.1" 404 1140
172.22.2.4 - - [15/Oct/2022:01:52:09 -0500] "GET /BLA/boletinlegal/apple-touch-icon-precomposed.png HTTP/1.1" 404 1140
172.22.2.4 - - [15/Oct/2022:01:52:09 -0500] "GET /BLA/boletinlegal/apple-touch-icon.png HTTP/1.1" 404 1140
172.22.2.4 - - [15/Oct/2022:01:52:09 -0500] "GET /BLA/boletinlegal/favicon.ico HTTP/1.1" 404 1140
172.22.2.4 - - [15/Oct/2022:01:52:10 -0500] "GET /BLA/boletinlegal/apple-touch-icon-120x120-precomposed.png HTTP/1.1" 404 1140
172.22.2.4 - - [15/Oct/2022:01:52:10 -0500] "GET /BLA/boletinlegal/apple-touch-icon-120x120.png HTTP/1.1" 404 1140
172.22.2.4 - - [15/Oct/2022:01:52:10 -0500] "GET /BLA/boletinlegal/apple-touch-icon-precomposed.png HTTP/1.1" 404 1140
172.22.2.4 - - [15/Oct/2022:01:52:10 -0500] "GET /BLA/boletinlegal/apple-touch-icon.png HTTP/1.1" 404 1140
172.22.2.4 - - [15/Oct/2022:01:52:10 -0500] "GET /BLA/boletinlegal/favicon.ico HTTP/1.1" 404 1140
216.245.221.92 - - [15/Oct/2022:01:52:19 -0500] "HEAD / HTTP/1.1" 200 -
201.245.192.253 - - [15/Oct/2022:01:53:18 -0500] "POST /kwsrmcab/Wsrmcab  HTTP/1.1" 200 43296
207.46.13.40 - - [15/Oct/2022:01:53:30 -0500] "GET /BLA/resoluciones/AUTOS%202017/0171.pdf HTTP/1.1" 200 284636
172.22.2.4 - - [15/Oct/2022:01:51:58 -0500] "HEAD /BLA/boletinlegal/ HTTP/1.1" 200 -
172.22.2.4 - - [15/Oct/2022:01:52:48 -0500] "GET /BLA/boletinlegal/ HTTP/1.1" 200 55630
87.250.224.81 - - [15/Oct/2022:01:56:15 -0500] "-" 408 -
207.46.13.40 - - [15/Oct/2022:01:56:39 -0500] "GET /BLA/resoluciones/0201.tif HTTP/1.1" 404 1018
216.245.221.92 - - [15/Oct/2022:01:57:19 -0500] "HEAD / HTTP/1.1" 200 -
201.245.192.253 - - [15/Oct/2022:01:58:17 -0500] "POST /kwsrmcab/Wsrmcab  HTTP/1.1" 200 43296
172.22.2.4 - - [15/Oct/2022:01:57:48 -0500] "HEAD /BLA/boletinlegal/ HTTP/1.1" 200 -
68.183.184.51 - - [15/Oct/2022:01:59:51 -0500] "\xc5\\" 501 953
68.183.184.51 - - [15/Oct/2022:01:59:52 -0500] "\x16\x03\x01" 400 226
68.183.184.51 - - [15/Oct/2022:01:59:52 -0500] "\x16\x03\x01" 400 226
68.183.184.51 - - [15/Oct/2022:01:59:53 -0500] "\x16\x03\x01" 400 226
172.22.2.4 - - [15/Oct/2022:01:58:38 -0500] "GET /BLA/boletinlegal/ HTTP/1.1" 200 56014
216.245.221.92 - - [15/Oct/2022:02:02:19 -0500] "HEAD / HTTP/1.1" 200 -
207.46.13.84 - - [15/Oct/2022:02:02:43 -0500] "GET /BLA/resoluciones/00000031.tif HTTP/1.1" 404 1018
201.245.192.253 - - [15/Oct/2022:02:03:16 -0500] "POST /kwsrmcab/Wsrmcab  HTTP/1.1" 200 43296
207.46.13.89 - - [15/Oct/2022:02:04:23 -0500] "GET /BLA/resoluciones/RESOLUCIONES%202005/RES%202005%201751-1800/00001786.tif HTTP/1.1" 200 174974
172.22.2.4 - - [15/Oct/2022:02:03:38 -0500] "HEAD /BLA/boletinlegal/ HTTP/1.1" 200 -
172.22.2.4 - - [15/Oct/2022:02:04:28 -0500] "GET /BLA/boletinlegal/ HTTP/1.1" 200 56376
5.255.253.138 - - [15/Oct/2022:02:06:15 -0500] "-" 408 -
172.22.2.4 - - [15/Oct/2022:02:06:23 -0500] "GET /BLA/boletinlegal/Circulares/2022/CIRCULAR%20No.%2000005%20DEL%2030%20DE%20JUNIO%20DEL%202022.pdf HTTP/1.1" 304 -
207.46.13.40 - - [15/Oct/2022:02:07:05 -0500] "GET /BLA/resoluciones/AUTOS%202022/3012.pdf HTTP/1.1" 200 415535
216.245.221.92 - - [15/Oct/2022:02:07:19 -0500] "HEAD / HTTP/1.1" 200 -
201.245.192.253 - - [15/Oct/2022:02:08:15 -0500] "POST /kwsrmcab/Wsrmcab  HTTP/1.1" 200 43296
207.46.13.89 - - [15/Oct/2022:02:10:23 -0500] "GET /sipse/faces/autenticacion.xhtml HTTP/1.1" 200 12503
207.46.13.190 - - [15/Oct/2022:02:10:28 -0500] "GET /forest/ HTTP/1.1" 200 12041
192.241.218.229 - - [15/Oct/2022:02:10:34 -0500] "GET / HTTP/1.1" 200 319
172.22.2.4 - - [15/Oct/2022:02:09:28 -0500] "HEAD /BLA/boletinlegal/ HTTP/1.1" 200 -
207.46.13.40 - - [15/Oct/2022:02:11:40 -0500] "GET /appsia/controlador HTTP/1.1" 200 4799
207.46.13.84 - - [15/Oct/2022:02:11:54 -0500] "GET /appsia/scripts/validarIngreso.js HTTP/1.1" 200 851
172.22.2.4 - - [15/Oct/2022:02:10:18 -0500] "GET /BLA/boletinlegal/ HTTP/1.1" 200 54003
157.55.39.202 - - [15/Oct/2022:02:12:00 -0500] "GET /appsia/css/estilos.css HTTP/1.1" 200 4804
216.245.221.92 - - [15/Oct/2022:02:12:19 -0500] "HEAD / HTTP/1.1" 200 -
201.245.192.253 - - [15/Oct/2022:02:13:15 -0500] "POST /kwsrmcab/Wsrmcab  HTTP/1.1" 200 43296
172.22.2.4 - - [15/Oct/2022:02:13:33 -0500] "GET /BLA/boletinlegal/jurisprudencia/analisis/AnalisisT-095-16.docx HTTP/1.1" 304 -
5.45.207.136 - - [15/Oct/2022:02:16:15 -0500] "-" 408 -
172.22.2.4 - - [15/Oct/2022:02:15:18 -0500] "HEAD /BLA/boletinlegal/ HTTP/1.1" 200 -
216.245.221.92 - - [15/Oct/2022:02:17:19 -0500] "HEAD / HTTP/1.1" 200 -
172.22.2.4 - - [15/Oct/2022:02:16:08 -0500] "GET /BLA/boletinlegal/ HTTP/1.1" 200 57725
201.245.192.253 - - [15/Oct/2022:02:18:13 -0500] "POST /kwsrmcab/Wsrmcab  HTTP/1.1" 200 43296
172.22.2.4 - - [15/Oct/2022:02:19:36 -0500] "GET /BLA/boletinlegal/robots.txt HTTP/1.1" 404 1038
172.22.2.4 - - [15/Oct/2022:02:19:38 -0500] "GET /BLA/boletinlegal/conceptos.php HTTP/1.1" 200 7450
157.55.39.25 - - [15/Oct/2022:02:21:06 -0500] "GET /BLA/resoluciones/RESOLUCIONES%202021/2544.pdf HTTP/1.1" 304 -
54.39.177.48 - - [15/Oct/2022:02:21:23 -0500] "GET /carolina-urrutia-la-sostenibilidad-se-logra-con-el-compromiso-de-todos-los-actores.html HTTP/1.1" 200 934
201.245.192.253 - - [15/Oct/2022:02:21:56 -0500] "POST /kwsrmcab/Wsrmcab HTTP/1.1" 200 43411
201.245.192.253 - - [15/Oct/2022:02:21:58 -0500] "POST /kwsrmcab/Wsrmcab HTTP/1.1" 200 43767
216.245.221.92 - - [15/Oct/2022:02:22:19 -0500] "HEAD / HTTP/1.1" 200 -
172.22.2.4 - - [15/Oct/2022:02:21:08 -0500] "HEAD /BLA/boletinlegal/ HTTP/1.1" 200 -
201.245.192.253 - - [15/Oct/2022:02:23:12 -0500] "POST /kwsrmcab/Wsrmcab  HTTP/1.1" 200 43296
172.22.2.4 - - [15/Oct/2022:02:21:58 -0500] "GET /BLA/boletinlegal/ HTTP/1.1" 200 59828
157.55.39.25 - - [15/Oct/2022:02:24:34 -0500] "GET /BLA/resoluciones/RESOLUCIONES%202001/2001%201000-1049.TIF HTTP/1.1" 200 6575946
172.22.2.4 - - [15/Oct/2022:02:25:09 -0500] "GET /BLA/boletinlegal/ HTTP/1.1" 200 20427
87.250.224.91 - - [15/Oct/2022:02:26:15 -0500] "-" 408 -
172.22.2.4 - - [15/Oct/2022:02:26:44 -0500] "GET /BLA/boletinlegal/nmaplowercheck1665818684 HTTP/1.1" 404 1018
172.22.2.4 - - [15/Oct/2022:02:26:45 -0500] "GET /BLA/boletinlegal/evox/about HTTP/1.1" 404 1018
172.22.2.4 - - [15/Oct/2022:02:26:47 -0500] "GET /BLA/boletinlegal/HNAP1 HTTP/1.1" 404 1018
172.22.2.4 - - [15/Oct/2022:02:26:47 -0500] "POST /BLA/boletinlegal/sdk HTTP/1.1" 404 1018
64.62.243.165 - - [15/Oct/2022:02:26:51 -0500] "GET / HTTP/1.1" 200 319
216.245.221.92 - - [15/Oct/2022:02:27:19 -0500] "HEAD / HTTP/1.1" 200 -
172.22.2.4 - - [15/Oct/2022:02:26:44 -0500] "GET /BLA/boletinlegal/ HTTP/1.1" 200 20427
172.22.2.4 - - [15/Oct/2022:02:26:45 -0500] "GET /BLA/boletinlegal/ HTTP/1.1" 200 20427
172.22.2.4 - - [15/Oct/2022:02:26:52 -0500] "GET /BLA/boletinlegal/ HTTP/1.1" 200 20427
201.245.192.253 - - [15/Oct/2022:02:28:11 -0500] "POST /kwsrmcab/Wsrmcab  HTTP/1.1" 200 43296
172.22.2.4 - - [15/Oct/2022:02:26:44 -0500] "HEAD /BLA/boletinlegal/ HTTP/1.1" 200 -
172.22.2.4 - - [15/Oct/2022:02:26:58 -0500] "HEAD /BLA/boletinlegal/ HTTP/1.1" 200 -
172.22.2.4 - - [15/Oct/2022:02:27:48 -0500] "GET /BLA/boletinlegal/ HTTP/1.1" 200 53640
207.46.13.190 - - [15/Oct/2022:02:30:16 -0500] "GET /BLA/resoluciones/00001794.tif HTTP/1.1" 404 1018
201.245.192.253 - - [15/Oct/2022:02:31:55 -0500] "POST /kwsrmcab/Wsrmcab HTTP/1.1" 200 43411
