172.22.2.4 - - [16/Oct/2022:16:39:23 -0500] "HEAD /BLA/boletinlegal/ HTTP/1.1" 200 -
201.245.192.253 - - [16/Oct/2022:16:41:48 -0500] "POST /kwsrmcab/Wsrmcab HTTP/1.1" 200 43087
201.245.192.253 - - [16/Oct/2022:16:41:51 -0500] "POST /kwsrmcab/Wsrmcab HTTP/1.1" 200 43775
172.22.2.4 - - [16/Oct/2022:16:40:14 -0500] "GET /BLA/boletinlegal/ HTTP/1.1" 200 58955
216.245.221.92 - - [16/Oct/2022:16:42:13 -0500] "HEAD / HTTP/1.1" 200 -
172.22.2.4 - - [16/Oct/2022:16:43:02 -0500] "GET /BLA/boletinlegal/robots.txt HTTP/1.1" 404 1038
172.22.2.4 - - [16/Oct/2022:16:43:06 -0500] "GET /BLA/boletinlegal/Directivas/2017/Directiva%20No.%2005%20del%2013%20de%20Junio%20de%202017.pdf HTTP/1.1" 200 853105
201.245.192.253 - - [16/Oct/2022:16:45:13 -0500] "POST /kwsrmcab/Wsrmcab  HTTP/1.1" 200 43296
201.245.224.123 - - [16/Oct/2022:16:46:13 -0500] "GET / HTTP/1.1" 200 4720
201.245.224.123 - - [16/Oct/2022:16:46:13 -0500] "GET /js/url.js HTTP/1.1" 404 1294
201.245.224.123 - - [16/Oct/2022:16:46:14 -0500] "GET /favicon.ico HTTP/1.1" 404 1294
114.119.141.53 - - [16/Oct/2022:16:46:30 -0500] "GET /BLA/resoluciones/index.php?dir=RESOLUCIONES%2B1992/&sort=name&order=asc HTTP/1.1" 200 13300
172.22.2.4 - - [16/Oct/2022:16:45:13 -0500] "HEAD /BLA/boletinlegal/ HTTP/1.1" 200 -
216.245.221.92 - - [16/Oct/2022:16:47:13 -0500] "HEAD / HTTP/1.1" 200 -
172.22.2.4 - - [16/Oct/2022:16:46:04 -0500] "GET /BLA/boletinlegal/ HTTP/1.1" 200 57725
201.244.169.178 - - [16/Oct/2022:16:48:05 -0500] "GET /si-tienes-ropa-y-calzado-que-ya-no-usas-aca-te-presentamos-seis-puntos-a-donde-los-puedes-llevar.html HTTP/1.1" 200 872
80.94.92.231 - - [16/Oct/2022:16:48:16 -0500] "GET / HTTP/1.1" 200 319
34.86.177.154 - - [16/Oct/2022:16:50:11 -0500] "-" 408 -
201.245.192.253 - - [16/Oct/2022:16:50:12 -0500] "POST /kwsrmcab/Wsrmcab  HTTP/1.1" 200 43296
186.102.41.75 - - [16/Oct/2022:16:51:00 -0500] "OPTIONS /kwssiamovil/sm/setfile/f? HTTP/1.1" 200 13
186.102.41.75 - - [16/Oct/2022:16:51:00 -0500] "POST /kwssiamovil/sm/setfile/f? HTTP/1.1" 200 381
186.102.41.75 - - [16/Oct/2022:16:51:06 -0500] "OPTIONS /kwssiamovil/sm/setfile/f? HTTP/1.1" 200 13
186.102.41.75 - - [16/Oct/2022:16:51:06 -0500] "POST /kwssiamovil/sm/setfile/f? HTTP/1.1" 200 381
186.102.41.75 - - [16/Oct/2022:16:51:11 -0500] "OPTIONS /kwssiamovil/sm/setfile/f? HTTP/1.1" 200 13
186.102.41.75 - - [16/Oct/2022:16:51:11 -0500] "POST /kwssiamovil/sm/setfile/f? HTTP/1.1" 200 381
186.102.41.75 - - [16/Oct/2022:16:51:16 -0500] "OPTIONS /kwssiamovil/sm/setfile/f? HTTP/1.1" 200 13
186.102.41.75 - - [16/Oct/2022:16:51:16 -0500] "POST /kwssiamovil/sm/setfile/f? HTTP/1.1" 200 381
186.102.41.75 - - [16/Oct/2022:16:51:23 -0500] "OPTIONS /kwssiamovil/sm/setfile/f? HTTP/1.1" 200 13
186.102.41.75 - - [16/Oct/2022:16:51:23 -0500] "POST /kwssiamovil/sm/setfile/f? HTTP/1.1" 200 381
186.102.41.75 - - [16/Oct/2022:16:51:29 -0500] "OPTIONS /kwssiamovil/sm/setfile/f? HTTP/1.1" 200 13
186.102.41.75 - - [16/Oct/2022:16:51:29 -0500] "POST /kwssiamovil/sm/setfile/f? HTTP/1.1" 200 381
186.102.41.75 - - [16/Oct/2022:16:51:35 -0500] "OPTIONS /kwssiamovil/sm/setfile/f? HTTP/1.1" 200 13
186.102.41.75 - - [16/Oct/2022:16:51:35 -0500] "POST /kwssiamovil/sm/setfile/f? HTTP/1.1" 200 381
186.102.41.75 - - [16/Oct/2022:16:51:41 -0500] "OPTIONS /kwssiamovil/sm/setfile/f? HTTP/1.1" 200 13
186.102.41.75 - - [16/Oct/2022:16:51:41 -0500] "POST /kwssiamovil/sm/setfile/f? HTTP/1.1" 200 381
186.102.41.75 - - [16/Oct/2022:16:51:49 -0500] "GET /kwssiamovil/sm/acme/a?s=U2FsdGVkX18kgrXW+bKEJkC0UHz5+OIxi22GiQzqmyLt/L5UwuLx5NUKXUKpElI4XV7vD09LR+res9pdFAKgR+8tH5JL7QwpdTH4+pGRmLjGlMCLY+jIS2YZgJceD8l+PzXapjz68xCeHBu36suvlnR/a09AVWZTFYD6OWzhejvlH/bE4EkITCe606VxBBtSQe4JPc+GDxenCtuPDQRJDmYIIYnsuMKXBy2aHr5Su/2zEKkAYdNI9n+GQ9MImU6vJuYXG5pYtcOP6lz/xwFbOg==&u=U2FsdGVkX1/wZxRMtWEsXGmtdmA1qn65ksz6Oo6gYfJ4QsVJKun5212KFnMyQbjj&y=U2FsdGVkX18JNViHJ1n3qJkepH61s5XyBW6frEn3c8E4gSeapRZ8xl0W6dS6HG9I HTTP/1.1" 200 26
186.102.41.75 - - [16/Oct/2022:16:51:49 -0500] "GET /kwssiamovil/sm/acme/a?s=U2FsdGVkX1+ZHNmXrizEqJNLxO0wRCxyDfAvMZViutiR5x8vjcISqtezeFke1spqBNKm+xTQQjxzGy3w7QLVtyiYfliKhTyrI762oNEZf4qNDKDBNrW94IYBLVzO+pN/oqDKkFwq6StufJBX2xtyYfBFmUN+BpVrvE3yxOZ8+HSAc2xRtaGAqhVVleH3w/dr91KKaFPPwKNieJ24N86/OX4CL4Ynwy/lvsYXtt/nSMAD/tihytHnGSCNAcVbQmzi4xZqgcW/OdqpUv5q0cUT6wZZW9Wr0SbJEVTS6qMzgnXWPJVkzv81ic7ycrfId3NvEnm/RD2zvvsDiPTJBdcpOqwPg22T27t+SOnLdXU2AK2dI1wgbwlM44IjcCULjBaA+2jKUkI9WeosBHkj8Naq5W8pURJKyMXPgKRuBaVwf7KHikWQ2dB6WAugvu7Zm5hCzUqUg82S5eXPWTrndJwXYty56EJM2jLAxlJbP+hmKLJu3k6qCc/SeHOYl2O3OOBUSsQB7hsXPypP3K6cBKbIocpB0iSC/B1iWgD0vN+HqlhgQHY5LRiivGUEdt/BHWyqRPUe/ms8ZMO6xTpkuY8w85nchmhSZmzXV9wPfNLvidb9skGA4e9xY0hwPoHmobfZdf1f1k/XNOXhpRlnxYTjueH7/JEjwblmkQKYqPDLwt4I9ITKj9Q84xHFtz1cGSOMqSSWbSp/Mnn7OqJA9rdYwdedLWaETR1q93rdoNdzVPT8EsyvIV3QkobNPZbI72T/QAx8xOYexwcCovgdn0r0LIkf6rDp02FtFDDgMqrcZrYGpKzIweYg9HrlMmmzqw/DaYFdMQw4+Wv5bWs0c+oxhjinWAJLjfB5ThzuPE0XxZg50wtEATOmzjHOeXVedTHXMg5dary8nbghN0sj30zNbtNUr6d8pZZ1lkDULsfEnujTppNyrGaHFjRydW6crbMkvjA4dBzgSwui6EkKnzVvMvINFyUpz3ZTiU3ab7rB4tbtDAdjhsKuRTvv+o+bliiquYTYfvR6j1oCHci/dJqilNgXLM9p10D7muo2RK8FOO+CG1rk4CYhg3Ob5Yunr1WVEii52FCA5hUxow+oZPHKqahltk/KG1IOfSJdQX9/wWx/RcGKCJ0gnYfPIS2LauEZu9NgnpTJ4EPSGZ4VcIjtMyHnpsvBah9GdVIy+M2yrMmvJ4QFTl6guRM2sz8aY9yk/+usONNr26v0LQsxhzFUanh/hYUXlYl94t45JEuhmKPJXgvMlCG4mA5ezo1mXEWcyQoSg6Q6EGaBFmY7Dnb8QHS5+0ZzQKlpxg719pdhbqxyQI06IpaJjirQyBzGzBVLyzSFr08AU2aNXfa4cM2Ggug3DQRPUYWwtrkAX0lRHd8GeYbc7EWptlu3KyqL8yj02X7dH7Nr87Gsjk68QT7sMULNdwD1I2X5Al1D9MQHnSsHATNHE81sLeE7cOpJqw2/hRwzkTXG/CSsApY9fYeIxwN2H7+Z2uD99+02Klg/Lj+OfNqRi8BaH11aGv8xpwBgM8hIsGIRN/xW7GfYOZ9tNhN6RSWokHpAxt3NF7gXqqzh5s2H02t8gDj5HmlkU4jzL05OjZXDsGOrCIwfsNGwk0SWRdVd63lZixn00EApnuLLdGSbtiCSk+w3JizXOHFuhJk4bYonUk0GCnT2N0rFVY5K+8jte1GD+82HRvVjlZBXxcqvSrwPkDLGeHZMhulTLfJ9kKjtvzWyq94hxEYXhpgyf8tdnpJesb0o+x4FxP9qgENRu8fxA2fZdnSAzqBnwYH7l3zzH9sLuE4KBtqQg7087ztgmNCb8SDPORmXATgeIY2V4rXKNWujOoAPDz2+hLca0kifMg73tKlSnUMl0teYIr8VowUP/7u/Cx4kJIvqMQS4WSzjnEvGKyYrdv4w2DatvGfNaMbwe2vsAZ+fc6W72qosA9L3ZgyG2mc+QhqjtqTuECOp/qfyD0KXUOdeNB8jzrHqmWl2mdbjKrM2BcvmvxvQmlD6ud3plVN9oj3n6oOD0vXP/fP5InQ8yhdH&u=U2FsdGVkX1/wZxRMtWEsXGmtdmA1qn65ksz6Oo6gYfJ4QsVJKun5212KFnMyQbjj&y=U2FsdGVkX18JNViHJ1n3qJkepH61s5XyBW6frEn3c8E4gSeapRZ8xl0W6dS6HG9I HTTP/1.1" 200 25
186.102.41.75 - - [16/Oct/2022:16:51:49 -0500] "GET /kwssiamovil/sm/acme/a?s=U2FsdGVkX1/fR47Qxwt4/ns1wpqRNxO7dg7KMOLcH3rwMOAqZg8RALraPtuTLBushhp9XJLhxww/6NucGtPf/Lar5chERXPj6+l7ZYJyyDy4IdJzpNnV35rrjLpGsweMdd6EQqXJigcvSesjwPOKkjPot7/8XARzWITp7Bg3eHM=&u=U2FsdGVkX1/wZxRMtWEsXGmtdmA1qn65ksz6Oo6gYfJ4QsVJKun5212KFnMyQbjj&y=U2FsdGVkX18JNViHJ1n3qJkepH61s5XyBW6frEn3c8E4gSeapRZ8xl0W6dS6HG9I HTTP/1.1" 200 26
186.102.41.75 - - [16/Oct/2022:16:51:50 -0500] "GET /kwssiamovil/sm/acme/a?s=U2FsdGVkX1+J6aRXx+1cvLDxwDJw5XY+Ea1oC0ZujHCQC7kGvi4lU3zpd3LraGlpuDlIHq0IxksbtioYH2S97efzvZ3A09UenJzLQsqmmAZUASnFrF/YGCosey+Sni0lZw0knKizxYSpr6wfk/elMvaBDPRsVfQWwpyY84yoThU=&u=U2FsdGVkX1/wZxRMtWEsXGmtdmA1qn65ksz6Oo6gYfJ4QsVJKun5212KFnMyQbjj&y=U2FsdGVkX18JNViHJ1n3qJkepH61s5XyBW6frEn3c8E4gSeapRZ8xl0W6dS6HG9I HTTP/1.1" 200 25
186.102.41.75 - - [16/Oct/2022:16:51:50 -0500] "GET /kwssiamovil/sm/acme/a?s=U2FsdGVkX18ScbCDVQ/B4lMrwyzLY8XPJEYQ0oU6aTR40PIvseKw9jZYEFZE89ZgZQWL0ZZLag91JtgkyYel7/XACdCsvI11/jjgSGXMDQhqDmHhTohMfOpJH/yClIiKe+r4hJb4n92ZQmrStBth/51VBr4TSKgAtLPMTD9O62Y=&u=U2FsdGVkX1/wZxRMtWEsXGmtdmA1qn65ksz6Oo6gYfJ4QsVJKun5212KFnMyQbjj&y=U2FsdGVkX18JNViHJ1n3qJkepH61s5XyBW6frEn3c8E4gSeapRZ8xl0W6dS6HG9I HTTP/1.1" 200 25
186.102.41.75 - - [16/Oct/2022:16:51:50 -0500] "GET /kwssiamovil/sm/acme/a?s=U2FsdGVkX19xWnsmKYgkEg1sIqWk+MeMgbG+8cqctmYJEnMFxwtKPIUFoFIsWbKOfctNfERAQC35yVtAp+hcipqaSmdkwtdauXpEd9MmxoOV3HM9gnfIi4Q75+wvYzqiE7GPgiySam3ERbccEQLd5Y23LxEVHqOdWOdZJcKFrm5IOsnU1KLaKHcjSqCwZUMD0ebuiYAgXdNq3iGMJTSB5w==&u=U2FsdGVkX1/wZxRMtWEsXGmtdmA1qn65ksz6Oo6gYfJ4QsVJKun5212KFnMyQbjj&y=U2FsdGVkX18JNViHJ1n3qJkepH61s5XyBW6frEn3c8E4gSeapRZ8xl0W6dS6HG9I HTTP/1.1" 200 25
186.102.41.75 - - [16/Oct/2022:16:51:50 -0500] "GET /kwssiamovil/sm/acme/a?s=U2FsdGVkX1+In2hGtpMtzaQhoyniFJThfcWPr2zyDohgp3Wg6AJ/NcFl6CLu7Ok35TLOCujyRIJnyxW9O9uravyznnohbeHgtOQdiC35ztiXdt+cuStSHqwVDF4ms/8J6fYTYDvuOFYdAb+xQBrw4KBnW2BSNXMwGwQMmLZx4+b8qqypMF1kngIEhQqebWW6Gca1aNwle8ShyXKRkoUfYVE239esH6+b1ItWIbqUOv0=&u=U2FsdGVkX1/wZxRMtWEsXGmtdmA1qn65ksz6Oo6gYfJ4QsVJKun5212KFnMyQbjj&y=U2FsdGVkX18JNViHJ1n3qJkepH61s5XyBW6frEn3c8E4gSeapRZ8xl0W6dS6HG9I HTTP/1.1" 200 25
186.102.41.75 - - [16/Oct/2022:16:51:51 -0500] "GET /kwssiamovil/sm/acme/a?s=U2FsdGVkX19LjZT57cFmTlyotDJ8wOLbhveMrNJcJWwwTzG4BODebMMvx+ruDsFXfcTmxmHKftkvvV2jLBScujeo3e8auk3Xj59U3MkUO9w3qU3cZ3Praai5wbS6tTEA3UWu5giW5F2U2q+FfpWXUmcEguQ+bIHAGej3P3guE7xOaRRTxxjDatTH3OHBxPAPY7iaZ10Fuz0d1cZxi4fiaw==&u=U2FsdGVkX1/wZxRMtWEsXGmtdmA1qn65ksz6Oo6gYfJ4QsVJKun5212KFnMyQbjj&y=U2FsdGVkX18JNViHJ1n3qJkepH61s5XyBW6frEn3c8E4gSeapRZ8xl0W6dS6HG9I HTTP/1.1" 200 25
186.102.41.75 - - [16/Oct/2022:16:51:51 -0500] "GET /kwssiamovil/sm/acme/a?s=U2FsdGVkX1+H66REZC/9kl4b3B6hhhDWDml5cqnEJm/SE9O+8MMeswvoSL5XNkJwiaGtjJtoKC+yYjZDRozpa9C3S5RSE3ggELnvy//3C8D+3c6kVPjLEU5IcntEtMoZWEd72VlpptO2SAz6Z5F2GI28aHfxCsUfKvalTt9dCgwx+YFjKYYe7GDLtviZAsX+N+xycr6NbsQ1WMkc4CbE4lnP89wMPgis4Tw1t4mr6x8=&u=U2FsdGVkX1/wZxRMtWEsXGmtdmA1qn65ksz6Oo6gYfJ4QsVJKun5212KFnMyQbjj&y=U2FsdGVkX18JNViHJ1n3qJkepH61s5XyBW6frEn3c8E4gSeapRZ8xl0W6dS6HG9I HTTP/1.1" 200 25
186.102.41.75 - - [16/Oct/2022:16:51:51 -0500] "GET /kwssiamovil/sm/acme/a?s=U2FsdGVkX1/HYapwaR6WG2jaKR3vgR/RGWYl7XRc4TJ36zBg3y6zIGBZLX3tpfFsX704TagaN83M9gJhaHCMh+gcTgGEhadz5mCNbctQzskBnh7/0m9yFoAR5RrB7fVprWAecn0ftsGZMCg2Y9e6D6mtp+nBtmGhugZ6AQfOdVTpoA7/Csnsn7c+7rTqurSMtYaJY2WoDYEke4Y1A03EMw==&u=U2FsdGVkX1/wZxRMtWEsXGmtdmA1qn65ksz6Oo6gYfJ4QsVJKun5212KFnMyQbjj&y=U2FsdGVkX18JNViHJ1n3qJkepH61s5XyBW6frEn3c8E4gSeapRZ8xl0W6dS6HG9I HTTP/1.1" 200 25
186.102.41.75 - - [16/Oct/2022:16:51:51 -0500] "GET /kwssiamovil/sm/acme/a?s=U2FsdGVkX1/1qXAfYW5IUxGcnwRYR5fGS81rGjKx3aqVYqLewrh5oo83ME+j2EWeVyuByfuWm02VYsv86/LJYvlkvbFuS/ixe0h0BBlj6oD4i0ZcRAt+YLxtOxTOcuNLlZofUuYkbiECnS7NgZ5bdzNN/4UakvfBjEHO/2ZNVb3oPgW3QXC6+0I+pQIpHjd7gDez2DndN5KQEUeHsX7abmzprVmW8boMO71aRgDeT9c=&u=U2FsdGVkX1/wZxRMtWEsXGmtdmA1qn65ksz6Oo6gYfJ4QsVJKun5212KFnMyQbjj&y=U2FsdGVkX18JNViHJ1n3qJkepH61s5XyBW6frEn3c8E4gSeapRZ8xl0W6dS6HG9I HTTP/1.1" 200 25
186.102.41.75 - - [16/Oct/2022:16:51:51 -0500] "GET /kwssiamovil/sm/acme/a?s=U2FsdGVkX19FAeaWdB7JUwoxuoI1L0cP1kvT/FqbAFJquInLWdkCECgcwSz6/+nQQ2I/Lcf5VuiyH96FWpiqhdfGarIb1QygtkMptzWjMF7BiPa8oqqENOeyfVRDJc+LKWrcdsb4V4wJdRbKSbWt4fhvEyFlEr4/i5Nwg4yNLC+00808gB9XZNVvp/jD3isCyiD9d7+HDngKtZbHaXyc6w==&u=U2FsdGVkX1/wZxRMtWEsXGmtdmA1qn65ksz6Oo6gYfJ4QsVJKun5212KFnMyQbjj&y=U2FsdGVkX18JNViHJ1n3qJkepH61s5XyBW6frEn3c8E4gSeapRZ8xl0W6dS6HG9I HTTP/1.1" 200 25
186.102.41.75 - - [16/Oct/2022:16:51:52 -0500] "GET /kwssiamovil/sm/acme/a?s=U2FsdGVkX18nglM9kYJu3YAbzgRMp7zAv6cWTBs2YseVNmh/D1NuZoFAVTeACYZiNX5DcETt2WqP5/DJEjLolfmiT/e8nxBbG3FudOPH+uPznCNl1IE2s6cYvxjvRlpMcHfqTqPZ24snxM7AAZLKh7Q6amBg02THXWucRBXyQ1E5fwNsOPI11uijnN4LmTERNgFn15NmVniy23x6ZXE1RtuOPfBPn1aaySbLLsLxLkA=&u=U2FsdGVkX1/wZxRMtWEsXGmtdmA1qn65ksz6Oo6gYfJ4QsVJKun5212KFnMyQbjj&y=U2FsdGVkX18JNViHJ1n3qJkepH61s5XyBW6frEn3c8E4gSeapRZ8xl0W6dS6HG9I HTTP/1.1" 200 25
186.102.41.75 - - [16/Oct/2022:16:51:52 -0500] "GET /kwssiamovil/sm/acme/a?s=U2FsdGVkX1/STwrhbe+jyMy4kX3M7pwViPbz/qK1EAe6l4kyTx8EpBP/Z8rqIt2oHATGuecWwN4rHqxWSaLQymTzflr+WuXeJTvNZ2v5P3I56sW/uLoZ71zI6zX4042TmAME7943nNyRsR+7v8uhSkxQJqjIYWbx0NMtB44UwTAXSfICFoJvOGyyRnjv+ZUkvj2dwbNWWEVTcH2IvhO0XQ==&u=U2FsdGVkX1/wZxRMtWEsXGmtdmA1qn65ksz6Oo6gYfJ4QsVJKun5212KFnMyQbjj&y=U2FsdGVkX18JNViHJ1n3qJkepH61s5XyBW6frEn3c8E4gSeapRZ8xl0W6dS6HG9I HTTP/1.1" 200 25
186.102.41.75 - - [16/Oct/2022:16:51:52 -0500] "GET /kwssiamovil/sm/acme/a?s=U2FsdGVkX19a5HoxigZHOSo48TXmEz+vE7Lxx4TMbadQxCisOu0QfXeC4xZajFjQWXm3y0maghNBGJH8J1vMXahkDjFBKcFiQMi+4AiieFTicThnRGtiTbtRAnflkH2od4WCnNDjsBPfXjPkOzlfiAjh78KzqVAP9x0QhQhLH0Omu7iFctHd4Pxc6IU8Xjx5OoxsKiiYHT9ZiPoVoHrbA6Cc1duBVzYIrY8m4FDkruQ=&u=U2FsdGVkX1/wZxRMtWEsXGmtdmA1qn65ksz6Oo6gYfJ4QsVJKun5212KFnMyQbjj&y=U2FsdGVkX18JNViHJ1n3qJkepH61s5XyBW6frEn3c8E4gSeapRZ8xl0W6dS6HG9I HTTP/1.1" 200 25
186.102.41.75 - - [16/Oct/2022:16:51:52 -0500] "GET /kwssiamovil/sm/acme/a?s=U2FsdGVkX19WszO2DYlYY2zUc9AbegupNLPoYeTw5Oc1OOQFyq4FulPMl/PenwCjYU4skTigSZhfqTwJwZ/pvEzE1DnS+y3t4GpMKJp6g7r9qttpYeG8J95eLv90862GnWD6IFD+RjJJZZ3ajXG5AmNA7zLeApImUSzYcecZXlkgvzoVixDxWwJj9IOYq3LsBfRktkrdiuK+hN+k0u3flQ==&u=U2FsdGVkX1/wZxRMtWEsXGmtdmA1qn65ksz6Oo6gYfJ4QsVJKun5212KFnMyQbjj&y=U2FsdGVkX18JNViHJ1n3qJkepH61s5XyBW6frEn3c8E4gSeapRZ8xl0W6dS6HG9I HTTP/1.1" 200 25
186.102.41.75 - - [16/Oct/2022:16:51:52 -0500] "GET /kwssiamovil/sm/acme/a?s=U2FsdGVkX1/8Rx31pqx0KHPWrE/WHW4AozkuMmGOOiWFDkweZTzsq0LJI+RDvukuI4df2HBJ3UGD0BqVyrzBztW1YMcQR9SeQElwzdHOTgsSFAuWvMbcsEjMo7KC2et4brInMB7j8t/AAbTh+DfNKTAeG8Yl/PrmoJZxnEQwtED0/JOHqggNCPhzGH9GCbeQv8w9/bU2G7V6ra6WccFbGw==&u=U2FsdGVkX1/wZxRMtWEsXGmtdmA1qn65ksz6Oo6gYfJ4QsVJKun5212KFnMyQbjj&y=U2FsdGVkX18JNViHJ1n3qJkepH61s5XyBW6frEn3c8E4gSeapRZ8xl0W6dS6HG9I HTTP/1.1" 200 25
186.102.41.75 - - [16/Oct/2022:16:51:53 -0500] "GET /kwssiamovil/sm/acme/a?s=U2FsdGVkX1+nhPtmlgaMlD/4uu5YZyV4OnJwvY6NkH2hlN1/xT2wFAaoxCxh07aRImQz4RWtSYOlRBl0JBwLU2a5DY3l7lFKuwfH/un6qy8ubx26MRiWekedZ9SbFWgFOQUv6+hJ5J8y2fCWp6wPoqwmXNTAvI9CkkTs7KpJNqFieK0LLunDKbrRAgAceR2r&u=U2FsdGVkX1/wZxRMtWEsXGmtdmA1qn65ksz6Oo6gYfJ4QsVJKun5212KFnMyQbjj&y=U2FsdGVkX18JNViHJ1n3qJkepH61s5XyBW6frEn3c8E4gSeapRZ8xl0W6dS6HG9I HTTP/1.1" 200 25
186.102.41.75 - - [16/Oct/2022:16:51:53 -0500] "GET /kwssiamovil/sm/acme/a?s=U2FsdGVkX18iDYKKPQh4eYnjMOOavi4g9PsYT8fZLoBM16aa9TnY7c+VM9UYQ+kvj3wBW/cZQaS5YA9bP2sa7p2VITMMRJTYPz2QpzEIOvz/orDwKMAzxeTqjPYTOs/1ZPgOfg1qKscPDf2Xi2npiYlh1eAJU/UdlhlSqxxxTVyhFpqQufk6pXXBh6nyLLSOOSuM2075yT1xmJu+hZaESQ==&u=U2FsdGVkX1/wZxRMtWEsXGmtdmA1qn65ksz6Oo6gYfJ4QsVJKun5212KFnMyQbjj&y=U2FsdGVkX18JNViHJ1n3qJkepH61s5XyBW6frEn3c8E4gSeapRZ8xl0W6dS6HG9I HTTP/1.1" 200 25
186.102.41.75 - - [16/Oct/2022:16:51:53 -0500] "GET /kwssiamovil/sm/acme/a?s=U2FsdGVkX18CZKdPjmt+WKkkt4J+Scay+546bSrA9nQRH3hTt7GCHyQpAPLTism0C/3i93gseeoeEwI1ssr6DBWOYHHoXl1ug2jMgVhtemZl0h4+KuqV5Fgf9p1dlstN4MGt2+wCZvrZ0FKzKbTknS398wJeEeGVQgaSW+V07YGfLMGxA7e3VhyQoyMXKOi4&u=U2FsdGVkX1/wZxRMtWEsXGmtdmA1qn65ksz6Oo6gYfJ4QsVJKun5212KFnMyQbjj&y=U2FsdGVkX18JNViHJ1n3qJkepH61s5XyBW6frEn3c8E4gSeapRZ8xl0W6dS6HG9I HTTP/1.1" 200 25
186.102.41.75 - - [16/Oct/2022:16:51:54 -0500] "GET /kwssiamovil/sm/acme/a?s=U2FsdGVkX1++T8RzIzKos15BxUm9p95xGJhPaqaLlSwKE7Yex4c0r0cnBh0Geo7uCoBBuoi2uMHJMeSSIB7h0lV1p/r87NDQR00G357exHlBtCyOxKd7IF8ruurYudBjoqALzUUhwfIHbnPr8ZiRU4HT5G6jsydE8CoTo+0UwOMZtEB+hMLvgP2/dW8aZmbhZMR3QLy4qK/qTodCF/YYbw==&u=U2FsdGVkX1/wZxRMtWEsXGmtdmA1qn65ksz6Oo6gYfJ4QsVJKun5212KFnMyQbjj&y=U2FsdGVkX18JNViHJ1n3qJkepH61s5XyBW6frEn3c8E4gSeapRZ8xl0W6dS6HG9I HTTP/1.1" 200 25
186.102.41.75 - - [16/Oct/2022:16:51:54 -0500] "GET /kwssiamovil/sm/acme/a?s=U2FsdGVkX1864/uEe0VnjLYdXs5F6VZLjMap+HTWuU9A5oPFP07AMYEp1Ex6nfDDvOfX2H6jIHH48OoIx4C7umXb9hglrK3waez5/A+MsW8be7BrwtCjuCQLcBRRh12KdaCroY8YEuy7z3Jdxqw//ISM/G37zyb4/lfguLHrldoKw37HrmWEhrNsJGHKU+ePwjM3bhz/GiEQ6UTDL5Pdag==&u=U2FsdGVkX1/wZxRMtWEsXGmtdmA1qn65ksz6Oo6gYfJ4QsVJKun5212KFnMyQbjj&y=U2FsdGVkX18JNViHJ1n3qJkepH61s5XyBW6frEn3c8E4gSeapRZ8xl0W6dS6HG9I HTTP/1.1" 200 25
216.245.221.92 - - [16/Oct/2022:16:52:13 -0500] "HEAD / HTTP/1.1" 200 -
157.55.39.25 - - [16/Oct/2022:16:52:18 -0500] "GET /BLA/resoluciones/00001761.tif HTTP/1.1" 404 1018
172.22.2.4 - - [16/Oct/2022:16:51:04 -0500] "HEAD /BLA/boletinlegal/ HTTP/1.1" 200 -
66.249.73.97 - - [16/Oct/2022:16:53:18 -0500] "-" 408 -
172.22.2.4 - - [16/Oct/2022:16:51:54 -0500] "GET /BLA/boletinlegal/ HTTP/1.1" 200 57725
54.39.16.124 - - [16/Oct/2022:16:53:48 -0500] "GET /si-tienes-ropa-y-calzado-que-ya-no-usas-aca-te-presentamos-seis-puntos-a-donde-los-puedes-llevar.html HTTP/1.1" 200 872
144.217.67.28 - - [16/Oct/2022:16:53:49 -0500] "GET /si-tienes-ropa-y-calzado-que-ya-no-usas-aca-te-presentamos-seis-puntos-a-donde-los-puedes-llevar.html HTTP/1.1" 200 872
142.4.218.55 - - [16/Oct/2022:16:53:49 -0500] "GET /si-tienes-ropa-y-calzado-que-ya-no-usas-aca-te-presentamos-seis-puntos-a-donde-los-puedes-llevar.html HTTP/1.1" 200 872
167.114.101.27 - - [16/Oct/2022:16:53:49 -0500] "GET /si-tienes-ropa-y-calzado-que-ya-no-usas-aca-te-presentamos-seis-puntos-a-donde-los-puedes-llevar.html HTTP/1.1" 200 872
167.114.1.197 - - [16/Oct/2022:16:53:50 -0500] "GET /si-tienes-ropa-y-calzado-que-ya-no-usas-aca-te-presentamos-seis-puntos-a-donde-los-puedes-llevar.html HTTP/1.1" 200 872
51.161.84.126 - - [16/Oct/2022:16:53:52 -0500] "GET /si-tienes-ropa-y-calzado-que-ya-no-usas-aca-te-presentamos-seis-puntos-a-donde-los-puedes-llevar.html HTTP/1.1" 200 872
54.39.103.203 - - [16/Oct/2022:16:53:53 -0500] "GET /si-tienes-ropa-y-calzado-que-ya-no-usas-aca-te-presentamos-seis-puntos-a-donde-los-puedes-llevar.html HTTP/1.1" 200 872
201.245.192.253 - - [16/Oct/2022:16:55:12 -0500] "POST /kwsrmcab/Wsrmcab  HTTP/1.1" 200 43296
207.46.13.190 - - [16/Oct/2022:16:57:09 -0500] "GET /BLA/resoluciones/00000012.tif HTTP/1.1" 404 1018
216.245.221.92 - - [16/Oct/2022:16:57:13 -0500] "HEAD / HTTP/1.1" 200 -
172.22.2.4 - - [16/Oct/2022:16:56:53 -0500] "HEAD /BLA/boletinlegal/ HTTP/1.1" 200 -
157.55.39.202 - - [16/Oct/2022:16:58:56 -0500] "GET / HTTP/1.1" 200 319
172.22.2.4 - - [16/Oct/2022:16:57:44 -0500] "GET /BLA/boletinlegal/ HTTP/1.1" 200 57725
201.245.192.253 - - [16/Oct/2022:17:00:11 -0500] "POST /kwsrmcab/Wsrmcab  HTTP/1.1" 200 43296
190.145.240.68 - - [16/Oct/2022:17:00:55 -0500] "OPTIONS /kwssiamovil/sm/setfile/f? HTTP/1.1" 200 13
190.145.240.68 - - [16/Oct/2022:17:00:55 -0500] "POST /kwssiamovil/sm/setfile/f? HTTP/1.1" 200 381
190.145.240.68 - - [16/Oct/2022:17:01:04 -0500] "GET /kwssiamovil/sm/acme/a?s=U2FsdGVkX19nYf1+CyQBCeUB3wfjJAKWw569RpCrJzvYaTGhyNCmpRwwcXnJMhI3SbdIH1jGqgRvTNXtc0Ii2kgwqtJtQESSnmVaCyDEYpdCJC05xqak0IWNV7WkYkA+a5Y/iYk7ZK7pcJt2SB4/XcjzZ+Mat6uPamn0B6xY9T+b0axbyP8w4TQMJxbgaeUapXEsKxXhtytMKWoxTOs7GZYigspIUXKek8/F0RhaKSWnb3cy5ISw1AkyQt1fX44lnZxDPUHtG7EtDHHfwIxKSg==&u=U2FsdGVkX1+S6Uamp3BLt+riOlf57Cu24rdujQh6Ft4=&y=U2FsdGVkX1/HtplhK8ngblaLDnEhMCqeHuRjt54B6f3kP+6VWf306boEqV9yqRi4 HTTP/1.1" 200 26
190.145.240.68 - - [16/Oct/2022:17:01:04 -0500] "GET /kwssiamovil/sm/acme/a?s=U2FsdGVkX18wSbNC6L24Tm+SSvGZDHYeuLZKC0I/CQaZgTY24hsnGh0djRB20B7Fk5kW1eNwJcuThKPVl2JXwCoiDCOX4ZJ0CYNEfWR0nsfeZD+ZdCeOLPtJKDJOiy//C82uPZ4Evt8tP3zkyYfBdkB7jlX4MPLJj52IaUAi+J0pU/sTEXBo930rxeiMpb+x4nl4CEf0YMfp2F+eLNZjV061ovJe7G79GZz7Ga/bxC8/JCQTCVrQUlw1+wDXvbrir3Bsmd0NgQ+N5+Z7LLNwFkm3GbkH+RzeC7NpAnb3PIR7Kp8laiR6JMbgetCGm3iB5bHnWe+YkbhaT54bErPf0r2fyI6N6ACFKso/RV2WiDmCG/5oJym98PvPwWpWLf8rycrE/LY0gd5JR05XIB2zdFVSYWNWadXuBZb9xeLxcWqp7B1u0u7G5QroqhZC3F1vdVI6IJRTJMvezrk/h+O9yxpYFZlNMTb2l1+3xeMSIe8axPusRPk4RFomAlTUafqI02gKbCMgWodnhtsb0YhKB07ZX8VZZNUYD/pdyirLsk6CAOcSqUcXrniGMpT2ZVSW0IPX451joMshj0Vv7PQnTYJ9gGhbvqs+Q9pNXJkISWvu4TVywnj7lM6Si11HGzpem0VdivpgKdc8DvuZXcRDULTmgrzpnOPbs1tmBcMc20jEsoXVfleFTyQUuopWGKTk8izdL6iPVHLM5ARZl+Uzu8lpBkvWOXQ3XTw8c3ZZK+P7t428JDksBpi91iGWgVhsF4mhvkdD7hupri7jm81+tj0ghC0RB7fmWUlbB8qs/IEnt2s2nMjNpxLkfy4QIraApwXgJwEDxqQY2dIVQgIKD2b0wGl2bP+6nf7OM2aTRcu5Jsl5voDJsU868ytCv19Ix7tQ4oc/yfRIu+xfIksk7/6OZKuimuTCmfVT2aVMEc0wEy2XFSzn04gZjqxXAY4YFGMpk0tiM2BhD9AD67mfFjxLXmE1kBiKWzbd8/FE3OrGx3je6tTa440XT57DPHxswu4Ek+6HA9Ci53y9Fq/Kcgo1GmkusdNfU9lBzpK+pa7Leh/fAYSDy4Z8iQfKSuj/JODE3zqX4NRGMxIkThbl0itCqml0dEX4CkYFLm7uMfsHj7KJtQid/m14kQZ3MRLgI69+G48TrdGwn+KyTOxuzOx9zR0vxgCm1+jVgL4X72mN+VpiIH6PaMrLP/hijDme/BVfQntHXRs8iEcM73Np/FGtSC21PrBL6+tBrtt92cKPpi/MUb+T9Kt+tV81xkYdUlzwFQw+oAbsWIlVEKazF/iVjyf32aTiUB+/CFeSQlR4lLaRDDtmTtp4XQM30tzzc61czFQifdw6AlqwJAe7WOyn6o2ABlVbsqgz7kFWjeTjPUYqzM+Z+lESoHcOhRei4HMC3f9eazul5FmR7PT6/xXTcokpf1cAn06TX1zlx6xtuqmMp92OOE9oILjSdVhB+HmqBbHFx+27wjQZNuof4+NPcwdn4BA/1sxlc3wNbKhkZ0OrnYh64qaGVgfleQQ9J8cnCrPwx5x6mbjW8b98OG0aSNRo+t9cTfGlshzozkp9svRaO5QOhCR4Ya0bAMx+XZRi84vUCE2Xvfaf/P9uPkG9irDE4HU6hvEztwEZVqvu7jp9mRbW6u8FtD6Q/HUJCDGPUq4Q4JDhmCecgNyBiNuExcq6uBJCy0u6GbW1QEQ1xD45GM/lUnPPhiFeGct4xpGTvi8FIHlPB/Xj4ieXVlCitrl6volSQCxx1itfacbFkN8MxkHZQwZqrjTPE/hHb2EIxtF+rTE9+D7vmV+anfe7OKXCF3xLw16N2IdQ/dP9ubV41qezrc+fcIMnmqlNuITTxx2psq6kK0tq65i4CvESG+Q9bzlPW71sxhZWkJ1AW5+0jGaWJhCjIwadIMBm&u=U2FsdGVkX1+S6Uamp3BLt+riOlf57Cu24rdujQh6Ft4=&y=U2FsdGVkX1/HtplhK8ngblaLDnEhMCqeHuRjt54B6f3kP+6VWf306boEqV9yqRi4 HTTP/1.1" 200 25
190.145.240.68 - - [16/Oct/2022:17:01:04 -0500] "GET /kwssiamovil/sm/acme/a?s=U2FsdGVkX18wdOewvHQuamR4Uux9dldxRffIxSjibM+olsmjiIZ+pIrFy9lLm9dxc2S+qQJejA/xwGHhw0TGtrWxn4JggiFNHTQLch13rS9VSrUW5swvVtoYNEd1cDE7M3nRbJAWjpFRYobJMzvuq/w7OBG6kYM1odo4tlWkcFo=&u=U2FsdGVkX1+S6Uamp3BLt+riOlf57Cu24rdujQh6Ft4=&y=U2FsdGVkX1/HtplhK8ngblaLDnEhMCqeHuRjt54B6f3kP+6VWf306boEqV9yqRi4 HTTP/1.1" 200 26
190.145.240.68 - - [16/Oct/2022:17:01:04 -0500] "GET /kwssiamovil/sm/acme/a?s=U2FsdGVkX19PB+4HRhmwvnOTAaSCEKjvnLVcZaPEPEVQFeH8qdoPrY29/oGQuXpanwGrzFRmp66o5UyrvMqEeHMHETqJ36rWfS4tT7swKGGWrZJStN0od9+YMKV5ch485N4QeaeeRp4oBwb/Wyl+5+tYxWcT3eG0/VRLbOGt3nw=&u=U2FsdGVkX1+S6Uamp3BLt+riOlf57Cu24rdujQh6Ft4=&y=U2FsdGVkX1/HtplhK8ngblaLDnEhMCqeHuRjt54B6f3kP+6VWf306boEqV9yqRi4 HTTP/1.1" 200 25
190.145.240.68 - - [16/Oct/2022:17:01:05 -0500] "GET /kwssiamovil/sm/acme/a?s=U2FsdGVkX18ptmvNSlXDhT3KgCnHkMGOZuChBWvk5jdIH5zfhAoWxMMQBiYmGItDtp/fPN/PV3XWK/prYmlGvJSXlIx4TeOmZEISlCQwXcDoqLWRWyCNKomTvhH6HlyFweAOsiM7uvXu0K4lgvlMXNcZYWFK3ZyXykZeIgF6Y38=&u=U2FsdGVkX1+S6Uamp3BLt+riOlf57Cu24rdujQh6Ft4=&y=U2FsdGVkX1/HtplhK8ngblaLDnEhMCqeHuRjt54B6f3kP+6VWf306boEqV9yqRi4 HTTP/1.1" 200 25
190.145.240.68 - - [16/Oct/2022:17:01:05 -0500] "GET /kwssiamovil/sm/acme/a?s=U2FsdGVkX19b39QiwL6lmBK3c1DFpy4Cw0MhgEvMBOUZmTMTV6Np6CZRwLcayAXMk8q5lExK1haekTkdhTxBuYgFl3UrQRroI+xiy33IwQ56O98ElWkQ1YNKbSsQui0ekfXa3bfV5ptMi80hcVXrZ0Ksg/IjnvNfSB+avRAMf9K8ChzkaOKY4DoaCKfI9Lql&u=U2FsdGVkX1+S6Uamp3BLt+riOlf57Cu24rdujQh6Ft4=&y=U2FsdGVkX1/HtplhK8ngblaLDnEhMCqeHuRjt54B6f3kP+6VWf306boEqV9yqRi4 HTTP/1.1" 200 25
190.145.240.68 - - [16/Oct/2022:17:01:05 -0500] "GET /kwssiamovil/sm/acme/a?s=U2FsdGVkX19bix0PP+gohI0afhFGaMcnMfyX9tFzj228gi5l/p7Xd/GQ+wgHMSVSD0Obfi+IQQpPl2uvU/b0yQABkdodbKkKtr+sT548WE30OzfaKCN/g835uIlgmGqIslQIFjIReYj1BfyKMycoB/I8zzB1615q8ABK0tV5nN5ZO7+5KWkn/dSCoVxIMnb0FLuVxHyTW/dkL7b+B8kv1Pij2+GJD5OfGJNo5SaM8zOnpTh2yejwojVo+g3DbfyKGiEOMPywj97egZkctqhxuPMTSQJA/nqFL5MKdn5lIWMMu/Tbaye/EJOVyJDUMyIZXHIQPpQjkEK4sqcAnlWlKx26T0AfXHqtHWN0WWaJFGXURpPB0Dory+GDzEYoaZg2ebMG8H4QJIEBI/Uf5AzsGqlj+Mbu92GsTYc04d3Rz9I=&u=U2FsdGVkX1+S6Uamp3BLt+riOlf57Cu24rdujQh6Ft4=&y=U2FsdGVkX1/HtplhK8ngblaLDnEhMCqeHuRjt54B6f3kP+6VWf306boEqV9yqRi4 HTTP/1.1" 200 25
190.145.240.68 - - [16/Oct/2022:17:01:05 -0500] "GET /kwssiamovil/sm/acme/a?s=U2FsdGVkX19mpZpCVuOVRJgjSiOsXMLW7lsNKhaLMVxJhIJ/IJZlJ+H4qmDt79V/GEt4gOeDl8Z8etlfFJ1iDH32Y2oK6NDAOZBUAvBQtVMgsbgheZttpVWQv2ovIHeUesn+q6Wu3g3VBA6TponlwVu9yGUik10nb5BKgziOFH4gRVmReiKUR7rwkkK6MewCYGZPNeYbA04qwd4O0O8eORL8xHyd8roDKCXaveACz7KbZ+f239QZV2twIEv5hblyBwrSH4Q321SWIxdT/Okn9Ki5WdIzDcE1ZK5pPI+apaxNLn0zXAGYZJFJWbPXJntu4ciVObRnrXiTI6f8A7kAcbw7eBNQ/RlCVmdMv4A/jd1FE2CbnBuKe9bZZrSz69UkJxboz+BXZhmOxtm1sPlNoQ==&u=U2FsdGVkX1+S6Uamp3BLt+riOlf57Cu24rdujQh6Ft4=&y=U2FsdGVkX1/HtplhK8ngblaLDnEhMCqeHuRjt54B6f3kP+6VWf306boEqV9yqRi4 HTTP/1.1" 200 25
114.119.141.42 - - [16/Oct/2022:17:01:45 -0500] "GET /BLA/resoluciones/Notificaciones/REGISTROS%202015/1172.doc HTTP/1.1" 200 204800
45.139.105.208 - - [16/Oct/2022:17:01:46 -0500] "POST /boaform/admin/formLogin HTTP/1.1" 404 1186
216.245.221.92 - - [16/Oct/2022:17:02:13 -0500] "HEAD / HTTP/1.1" 200 -
181.55.68.44 - - [16/Oct/2022:17:03:55 -0500] "GET /BLA/resoluciones/index.php HTTP/1.1" 200 13093
181.55.68.44 - - [16/Oct/2022:17:03:57 -0500] "GET /BLA/resoluciones/index.php?dir=AUTOS+2020%2F HTTP/1.1" 200 326492
172.22.2.4 - - [16/Oct/2022:17:02:43 -0500] "HEAD /BLA/boletinlegal/ HTTP/1.1" 200 -
201.245.192.253 - - [16/Oct/2022:17:05:09 -0500] "POST /kwsrmcab/Wsrmcab  HTTP/1.1" 200 43296
172.22.2.4 - - [16/Oct/2022:17:03:34 -0500] "GET /BLA/boletinlegal/ HTTP/1.1" 200 59828
207.46.13.190 - - [16/Oct/2022:17:05:29 -0500] "GET /galeria/mapa/humedal2017.jpg HTTP/1.1" 200 644667
207.46.13.84 - - [16/Oct/2022:17:06:16 -0500] "GET /sipse/faces/javax.faces.resource/jquery/jquery.js;jsessionid=gy5m5tvo7ha8p8ytgaqmi7vy.undefined?ln=primefaces&v=4.0 HTTP/1.1" 200 105384
207.46.13.211 - - [16/Oct/2022:17:06:36 -0500] "GET /portaldeninos/wp-content/uploads/2021/06/titulo-humedales-ni%C3%B1os.png HTTP/1.1" 200 13361
216.245.221.92 - - [16/Oct/2022:17:07:13 -0500] "HEAD / HTTP/1.1" 200 -
186.87.32.51 - - [16/Oct/2022:17:07:37 -0500] "GET /BLA/boletinlegal/js/jquery.scrollShow.js HTTP/1.1" 200 4586
186.87.32.51 - - [16/Oct/2022:17:07:37 -0500] "GET /galeria/galeria/jquery.fancybox.css?v=2.1.5 HTTP/1.1" 200 4895
186.87.32.51 - - [16/Oct/2022:17:07:37 -0500] "GET /galeria/galeria/jquery.fancybox.js?v=2.1.5 HTTP/1.1" 200 48706
207.46.13.190 - - [16/Oct/2022:17:08:50 -0500] "GET /BLA/resoluciones/00000017.tif HTTP/1.1" 404 1018
201.245.192.253 - - [16/Oct/2022:17:10:08 -0500] "POST /kwsrmcab/Wsrmcab  HTTP/1.1" 200 43296
172.22.2.4 - - [16/Oct/2022:17:08:33 -0500] "HEAD /BLA/boletinlegal/ HTTP/1.1" 200 -
172.22.2.4 - - [16/Oct/2022:17:09:24 -0500] "GET /BLA/boletinlegal/ HTTP/1.1" 200 59828
216.245.221.92 - - [16/Oct/2022:17:12:13 -0500] "HEAD / HTTP/1.1" 200 -
207.46.13.40 - - [16/Oct/2022:17:13:41 -0500] "GET /Publicaciones/2022EE19413.pdf HTTP/1.1" 404 227
201.245.192.253 - - [16/Oct/2022:17:15:07 -0500] "POST /kwsrmcab/Wsrmcab  HTTP/1.1" 200 43296
114.119.141.73 - - [16/Oct/2022:17:15:40 -0500] "GET /BLA/resoluciones/RESOLUCIONES%202016/1361.pdf HTTP/1.1" 200 486149
172.22.2.4 - - [16/Oct/2022:17:14:23 -0500] "HEAD /BLA/boletinlegal/ HTTP/1.1" 200 -
157.55.39.202 - - [16/Oct/2022:17:16:26 -0500] "GET /BLA/resoluciones/AUTOS%202022/5006.pdf HTTP/1.1" 200 425777
172.22.2.4 - - [16/Oct/2022:17:15:14 -0500] "GET /BLA/boletinlegal/ HTTP/1.1" 200 57375
216.245.221.92 - - [16/Oct/2022:17:17:13 -0500] "HEAD / HTTP/1.1" 200 -
43.158.217.180 - - [16/Oct/2022:17:18:01 -0500] "GET / HTTP/1.1" 200 319
201.245.192.253 - - [16/Oct/2022:17:20:06 -0500] "POST /kwsrmcab/Wsrmcab  HTTP/1.1" 200 43296
207.46.13.190 - - [16/Oct/2022:17:20:22 -0500] "GET /BLA/resoluciones/RESOLUCIONES%202021/0824.pdf HTTP/1.1" 304 -
201.245.192.253 - - [16/Oct/2022:17:21:48 -0500] "POST /kwsrmcab/Wsrmcab HTTP/1.1" 200 43743
201.245.192.253 - - [16/Oct/2022:17:21:50 -0500] "POST /kwsrmcab/Wsrmcab HTTP/1.1" 200 43756
172.22.2.4 - - [16/Oct/2022:17:20:13 -0500] "HEAD /BLA/boletinlegal/ HTTP/1.1" 200 -
216.245.221.92 - - [16/Oct/2022:17:22:13 -0500] "HEAD / HTTP/1.1" 200 -
172.22.2.4 - - [16/Oct/2022:17:21:04 -0500] "GET /BLA/boletinlegal/ HTTP/1.1" 200 59828
201.245.192.253 - - [16/Oct/2022:17:25:05 -0500] "POST /kwsrmcab/Wsrmcab  HTTP/1.1" 200 43296
216.245.221.92 - - [16/Oct/2022:17:27:13 -0500] "HEAD / HTTP/1.1" 200 -
172.22.2.4 - - [16/Oct/2022:17:26:03 -0500] "HEAD /BLA/boletinlegal/ HTTP/1.1" 200 -
45.139.105.208 - - [16/Oct/2022:17:27:42 -0500] "POST /boaform/admin/formLogin HTTP/1.1" 404 1186
172.22.2.4 - - [16/Oct/2022:17:26:54 -0500] "GET /BLA/boletinlegal/ HTTP/1.1" 200 59828
201.245.192.253 - - [16/Oct/2022:17:30:04 -0500] "POST /kwsrmcab/Wsrmcab  HTTP/1.1" 200 43296
201.245.192.253 - - [16/Oct/2022:17:31:48 -0500] "POST /kwsrmcab/Wsrmcab HTTP/1.1" 200 43743
201.245.192.253 - - [16/Oct/2022:17:31:50 -0500] "POST /kwsrmcab/Wsrmcab HTTP/1.1" 200 43756
216.245.221.92 - - [16/Oct/2022:17:32:13 -0500] "HEAD / HTTP/1.1" 200 -
172.22.2.4 - - [16/Oct/2022:17:31:53 -0500] "HEAD /BLA/boletinlegal/ HTTP/1.1" 200 -
172.22.2.4 - - [16/Oct/2022:17:32:44 -0500] "GET /BLA/boletinlegal/ HTTP/1.1" 200 57375
201.245.192.253 - - [16/Oct/2022:17:35:03 -0500] "POST /kwsrmcab/Wsrmcab  HTTP/1.1" 200 43296
172.22.2.4 - - [16/Oct/2022:17:34:14 -0500] "GET /BLA/boletinlegal/ HTTP/1.1" 200 62380
172.22.2.4 - - [16/Oct/2022:17:36:33 -0500] "GET /BLA/boletinlegal/Directivas/2014/Directiva%20No.%205%20del%2026%20de%20Diciembre%20de%202014.pdf HTTP/1.1" 200 3424865
216.245.221.92 - - [16/Oct/2022:17:37:13 -0500] "HEAD / HTTP/1.1" 200 -
172.22.2.4 - - [16/Oct/2022:17:38:03 -0500] "GET /BLA/boletinlegal/Circulares/2019/.pdf HTTP/1.1" 404 1218
172.22.2.4 - - [16/Oct/2022:17:38:13 -0500] "GET /BLA/boletinlegal/Circulares/2012/Circular%20No.%2010%20del%2026%20de%20Enero%20de%202012.pdf HTTP/1.1" 404 1218
172.22.2.4 - - [16/Oct/2022:17:37:43 -0500] "HEAD /BLA/boletinlegal/ HTTP/1.1" 200 -
201.245.192.253 - - [16/Oct/2022:17:40:02 -0500] "POST /kwsrmcab/Wsrmcab  HTTP/1.1" 200 43296
172.22.2.4 - - [16/Oct/2022:17:38:34 -0500] "GET /BLA/boletinlegal/ HTTP/1.1" 200 58575
172.22.2.4 - - [16/Oct/2022:17:40:26 -0500] "GET /BLA/boletinlegal/jurisprudencia/analisis/AnalisisT-095-16.docx HTTP/1.1" 200 20284
172.22.2.4 - - [16/Oct/2022:17:40:27 -0500] "GET /BLA/boletinlegal/jurisprudencia/analisis/AnalisisT-095-16.docx HTTP/1.1" 200 20284
114.119.141.69 - - [16/Oct/2022:17:41:13 -0500] "GET /BLA/resoluciones/RESOLUCIONES%202008/1185.pdf HTTP/1.1" 200 1185914
201.245.192.253 - - [16/Oct/2022:17:41:47 -0500] "POST /kwsrmcab/Wsrmcab HTTP/1.1" 200 43743
201.245.192.253 - - [16/Oct/2022:17:41:50 -0500] "POST /kwsrmcab/Wsrmcab HTTP/1.1" 200 43756
216.245.221.92 - - [16/Oct/2022:17:42:13 -0500] "HEAD / HTTP/1.1" 200 -
114.119.141.51 - - [16/Oct/2022:17:43:18 -0500] "GET /autoliquidacion/index.php?dir=TR%C3%AF%C2%BF%C2%BDMITES%2BMINER%C3%AF%C2%BF%C2%BDA/&sort=size&order=asc HTTP/1.1" 200 6862
173.252.79.6 - - [16/Oct/2022:17:44:04 -0500] "GET /images/reunion-planta-termovalorizacion-11-mayo.jpg HTTP/1.1" 200 34782
114.119.141.52 - - [16/Oct/2022:17:44:54 -0500] "GET /BLA/resoluciones/AUTOS%202013/0096.pdf HTTP/1.1" 200 2176834
201.245.192.253 - - [16/Oct/2022:17:45:01 -0500] "POST /kwsrmcab/Wsrmcab  HTTP/1.1" 200 43296
172.22.2.4 - - [16/Oct/2022:17:43:33 -0500] "HEAD /BLA/boletinlegal/ HTTP/1.1" 200 -
172.22.2.4 - - [16/Oct/2022:17:44:24 -0500] "GET /BLA/boletinlegal/ HTTP/1.1" 200 57725
216.245.221.92 - - [16/Oct/2022:17:47:13 -0500] "HEAD / HTTP/1.1" 200 -
207.46.13.84 - - [16/Oct/2022:17:49:29 -0500] "GET /BLA/resoluciones/RESOLUCIONES%202006/RES%202006%20351-400/00000381.tif HTTP/1.1" 200 167488
201.245.192.253 - - [16/Oct/2022:17:50:01 -0500] "POST /kwsrmcab/Wsrmcab  HTTP/1.1" 200 43296
173.252.107.23 - - [16/Oct/2022:17:50:16 -0500] "GET /secretaria-de-ambiente-y-sena-abren-curso-de-jardines-verticales.html HTTP/1.1" 206 734
173.252.79.119 - - [16/Oct/2022:17:50:17 -0500] "GET /images/jardines-verticales-plantas-24-mayo.jpg HTTP/1.1" 200 148288
114.119.141.71 - - [16/Oct/2022:17:50:36 -0500] "GET /BLA/resoluciones/RESOLUCIONES%202010/1500.pdf HTTP/1.1" 200 436943
172.22.2.4 - - [16/Oct/2022:17:49:23 -0500] "HEAD /BLA/boletinlegal/ HTTP/1.1" 200 -
172.22.2.4 - - [16/Oct/2022:17:50:14 -0500] "GET /BLA/boletinlegal/ HTTP/1.1" 200 55630
216.245.221.92 - - [16/Oct/2022:17:52:13 -0500] "HEAD / HTTP/1.1" 200 -
114.119.141.71 - - [16/Oct/2022:17:52:24 -0500] "GET /BLA/resoluciones/RESOLUCIONES%202010/4314.pdf HTTP/1.1" 200 413505
207.46.13.190 - - [16/Oct/2022:17:53:44 -0500] "GET /BLA/resoluciones/00000024.tif HTTP/1.1" 404 1018
172.22.2.4 - - [16/Oct/2022:17:54:01 -0500] "GET /BLA/boletinlegal/ HTTP/1.1" 200 32715
201.245.192.253 - - [16/Oct/2022:17:54:59 -0500] "POST /kwsrmcab/Wsrmcab  HTTP/1.1" 200 43296
157.55.39.202 - - [16/Oct/2022:17:55:20 -0500] "GET /BLA/resoluciones/RESOLUCIONES%202021/1892.pdf HTTP/1.1" 200 488340
172.22.2.4 - - [16/Oct/2022:17:55:13 -0500] "HEAD /BLA/boletinlegal/ HTTP/1.1" 200 -
216.245.221.92 - - [16/Oct/2022:17:57:13 -0500] "HEAD / HTTP/1.1" 200 -
172.22.2.4 - - [16/Oct/2022:17:56:04 -0500] "GET /BLA/boletinlegal/ HTTP/1.1" 200 56732
172.22.2.4 - - [16/Oct/2022:17:58:05 -0500] "GET /BLA/boletinlegal/ HTTP/1.1" 200 40907
201.245.192.253 - - [16/Oct/2022:17:59:59 -0500] "POST /kwsrmcab/Wsrmcab  HTTP/1.1" 200 43296
207.46.13.89 - - [16/Oct/2022:18:00:24 -0500] "GET /BLA/resoluciones/AUTOS%202016/2509.pdf HTTP/1.1" 200 560368
216.245.221.92 - - [16/Oct/2022:18:02:13 -0500] "HEAD / HTTP/1.1" 200 -
172.22.2.4 - - [16/Oct/2022:18:01:03 -0500] "HEAD /BLA/boletinlegal/ HTTP/1.1" 200 -
190.145.240.68 - - [16/Oct/2022:18:03:32 -0500] "GET /kwssiamovil/sm/ldap/au?x=U2FsdGVkX1+ZqGy/vptsjKzPyQ3oFFVivZRGlzNNfvE/uEYnYcLuW3aBsQjFFA0+&y=U2FsdGVkX19BXvmhLAtHVOONhNmzl8OcurW+0mP/jCzKHLxKfTgA4Pu/qLDhxvac HTTP/1.1" 200 30
190.145.240.68 - - [16/Oct/2022:18:03:32 -0500] "GET /kwssiamovil/sm/acme/s?s=U2FsdGVkX1+Uv9RkS4aEF+sSBz1gQT8OjPxYyDxwbeH4sjylyNmHXNU/fAXkHvTWViYQY0BprFvtugt/ZrGMJMBoYZyNsmuZOwDtctq275A=&u=U2FsdGVkX1+GipkeegCtrcp7rDB1Zj4y7vmemXd7fGY=&y=U2FsdGVkX19BXvmhLAtHVOONhNmzl8OcurW+0mP/jCzKHLxKfTgA4Pu/qLDhxvac HTTP/1.1" 200 97
190.145.240.68 - - [16/Oct/2022:18:03:32 -0500] "GET /kwssiamovil/sm/acme/s?s=U2FsdGVkX19fIEpocUfb1RIie2Ks0o/zBqJnACFEWmDYpSLzvB+0UKamckrueaaqtTFIIcVo/UNdTV6XDDIw/8PwMcluTLk4yMFL53vhzQkN0xsbh/Yw0K82wpqQ1xP6W2a+YhU0Q7nIQC9kuyQxw9pgHDzps7CvYyjinIIfREQlx+6NCCy9s7fYVtS9i3j74mr/wp9gZ2Jw1yf3XHKOKghP97MDy7her/2bB1W9Nc/IEqk3r9ZHvNiD7SYr8L2paRzEuIbmfs+OXtHonrqZaXXoMMBMV3Uk2ZHDBwP11wsfKLWqc2DrIkq+qKfo3WLFSX4YSyWu+ulhwc2KyCzVEeIPkDqRvp+brl8h8ARfaSiZD1m9Usy1jHiJq38u3djP48B7tOD8h5R62+yGQhm6/z5zhxsO/NO+Yt+lGyTczV22/GUrkGlNWk/CiCuI6RzzTfe4X8XsmhkVieVTApwkNRkPbpnMAuV+/yLh5DShkr1SkZCUXOZz9pgD+S929TMLCHaJOZyBbOSm57mzfKWT7MIVV8dJJKFhXrTqoMRQE0UiJdbMtny8FRxXkTHUPuOVQGQcO13hiTUmw0D/MKHLd47O7A0pIGEOvNDUCg4X+zEAfu12FaqpLpEQrOn7RMYE7SJsoTo7gBSIweICpE+XLyCWVVO1nKveRa9LzKxoyRtaUiCLY9yQyfypNJqGnCg9GeIu2c8GSQm1I62gDV1gTU/bUndqogWP3HOmrhk+lDLQu0qDsVFyDTTaHyoGLHI+/FYX7I+UPO3swZHOA9yZzUTLZEFr1iVLs5bAm7dx5zQFYnB2OrsP2WDsxEO1FSul/enXRVw+pEk6Y1mb/XPfAc9NNspCt3ocvgTQXLiSmBTq1wcl+LYp8GgqJJEeSQO0434A5xECbFGrLoKmyWgaNHXy3ku1yG2bVStLCTK9eJwMMxgWhWLs6qnBLZIMh9Uidtzd5fcUW1Y2G36JosozF22qRdFELJyggNsULCYNZfYAZLxza9A5DOuf6RqSmhoSNPSF9nQC8AVYKWbZqNpx5zW0DuF+mY8sTVysYKfpgBATe6QgpfR/v+qlnbNRgEwBIHQdGkvo8b40nIdKdOnR3upof+lxoz/QhDVUFtSTzLTo3xARJxYvIR+T1mzRg0XTPXFJmnHwubYrD9zbgEil/87hKu0gH0etY3PTgLCej36rKMW0F34xmIRyW2Zqzdm0y0O+4K98vHzRLwjAmQEfUa4Ho10Xr16x+c4ua45pbDd56+JNCPw3i9swanBw7luAlVRo72/rNwQIaJv2eSoG5iHLMnJrdAOxXgLaWrnrUsssNcplduC3NgkG+KP8OhXXU/VmdqZlTGmjHjTzIOu5kbWoCy9ja8MoHCyTyR+WRhJtsGOWsTv555hpoQFQa9+AFa7Y1Prq1iBsL5dvLFkg9ZgWJ3PLODHI01O3Juu0kBU=&u=U2FsdGVkX1+GipkeegCtrcp7rDB1Zj4y7vmemXd7fGY=&y=U2FsdGVkX19BXvmhLAtHVOONhNmzl8OcurW+0mP/jCzKHLxKfTgA4Pu/qLDhxvac HTTP/1.1" 200 3216
190.145.240.68 - - [16/Oct/2022:18:03:32 -0500] "GET /kwssiamovil/sm/acme/s?s=U2FsdGVkX1/Y/ndSH3agOEmkgIeZeZHcBz2sEmgUIqTJ8rWU/YR7QyisbaIOz0qnMwg0zF+1cX5ijxjCgACLTMVqlhONc/IzSCMhgLjbTKVBn9ZS0hXCBCucm+H/GypCn4BlpIBkSRIx9AK9bZXzMN/zp3JLlftz/CJfJq0muxOHtfRKleawO6jWCaTI/2sCG8YdUOX72UzzwO7Kl6egQes2IJE+tG0AWHeFiSU9UsTziMn3X/cc29FmwJvZy7Y4wsBcADeCZB0hutD0Ywt33q2Da/Y1Mqe0Zm+sEYEJtIuly2zgkwJbFjCdCeF8oHPLuw26Qz5NWKoYpUyz5S9PLQ==&u=U2FsdGVkX1+GipkeegCtrcp7rDB1Zj4y7vmemXd7fGY=&y=U2FsdGVkX19BXvmhLAtHVOONhNmzl8OcurW+0mP/jCzKHLxKfTgA4Pu/qLDhxvac HTTP/1.1" 200 196
190.145.240.68 - - [16/Oct/2022:18:03:32 -0500] "GET /kwssiamovil/sm/cjson/pre?f=1&x=U2FsdGVkX1+ZqGy/vptsjKzPyQ3oFFVivZRGlzNNfvE/uEYnYcLuW3aBsQjFFA0+ HTTP/1.1" 200 30992
172.22.2.4 - - [16/Oct/2022:18:01:54 -0500] "GET /BLA/boletinlegal/ HTTP/1.1" 200 55630
201.245.192.253 - - [16/Oct/2022:18:04:58 -0500] "POST /kwsrmcab/Wsrmcab  HTTP/1.1" 200 43296
207.46.13.190 - - [16/Oct/2022:18:05:45 -0500] "GET /BLA/resoluciones/00000033.tif HTTP/1.1" 404 1018
172.22.2.4 - - [16/Oct/2022:18:05:00 -0500] "GET /BLA/boletinlegal/ HTTP/1.1" 200 36811
216.245.221.92 - - [16/Oct/2022:18:07:13 -0500] "HEAD / HTTP/1.1" 200 -
172.22.2.4 - - [16/Oct/2022:18:06:53 -0500] "HEAD /BLA/boletinlegal/ HTTP/1.1" 200 -
172.22.2.4 - - [16/Oct/2022:18:07:43 -0500] "GET /BLA/boletinlegal/ HTTP/1.1" 200 57375
201.245.192.253 - - [16/Oct/2022:18:09:57 -0500] "POST /kwsrmcab/Wsrmcab  HTTP/1.1" 200 43296
216.245.221.92 - - [16/Oct/2022:18:12:13 -0500] "HEAD / HTTP/1.1" 200 -
173.252.107.16 - - [16/Oct/2022:18:12:39 -0500] "GET /secretaria-de-ambiente-realizo-jornada-de-sensibilizacion-para-el-cuidado-de-las-aves.html HTTP/1.1" 206 820
173.252.83.9 - - [16/Oct/2022:18:12:41 -0500] "GET /images/actividades-dia-aves-16-mayo.jpg HTTP/1.1" 200 147089
173.252.107.15 - - [16/Oct/2022:18:12:43 -0500] "GET /images/actividades-dia-aves-16-mayo.jpg HTTP/1.1" 200 147089
114.119.141.71 - - [16/Oct/2022:18:13:14 -0500] "GET /BLA/resoluciones/index.php?dir=AUTOS%2B2002/&sort=date&order=asc HTTP/1.1" 200 13279
172.22.2.4 - - [16/Oct/2022:18:12:43 -0500] "HEAD /BLA/boletinlegal/ HTTP/1.1" 200 -
114.119.141.51 - - [16/Oct/2022:18:14:48 -0500] "GET /BLA/resoluciones/RESOLUCIONES%202010/1607.pdf HTTP/1.1" 200 1011881
201.245.192.253 - - [16/Oct/2022:18:14:56 -0500] "POST /kwsrmcab/Wsrmcab  HTTP/1.1" 200 43296
185.191.171.40 - - [16/Oct/2022:18:15:06 -0500] "-" 408 -
172.22.2.4 - - [16/Oct/2022:18:13:33 -0500] "GET /BLA/boletinlegal/ HTTP/1.1" 200 54356
185.191.171.40 - - [16/Oct/2022:18:15:21 -0500] "-" 408 -
216.245.221.92 - - [16/Oct/2022:18:17:13 -0500] "HEAD / HTTP/1.1" 200 -
172.22.2.4 - - [16/Oct/2022:18:15:55 -0500] "GET /BLA/boletinlegal/index.php HTTP/1.1" 200 62772
186.84.21.173 - - [16/Oct/2022:18:18:07 -0500] "GET /galeria/galeria/jquery.fancybox.js?v=2.1.5 HTTP/1.1" 200 48706
186.84.21.173 - - [16/Oct/2022:18:18:07 -0500] "GET /BLA/boletinlegal/js/jquery.scrollShow.js HTTP/1.1" 200 4586
186.84.21.173 - - [16/Oct/2022:18:18:07 -0500] "GET /galeria/galeria/jquery.fancybox.css?v=2.1.5 HTTP/1.1" 200 4895
207.46.13.84 - - [16/Oct/2022:18:19:22 -0500] "GET /BLA/resoluciones/RESOLUCIONES%202022/0466.pdf HTTP/1.1" 200 331944
201.245.192.253 - - [16/Oct/2022:18:19:55 -0500] "POST /kwsrmcab/Wsrmcab  HTTP/1.1" 200 43296
172.22.2.4 - - [16/Oct/2022:18:18:33 -0500] "HEAD /BLA/boletinlegal/ HTTP/1.1" 200 -
172.22.2.4 - - [16/Oct/2022:18:19:23 -0500] "GET /BLA/boletinlegal/ HTTP/1.1" 200 58163
201.245.192.253 - - [16/Oct/2022:18:21:47 -0500] "POST /kwsrmcab/Wsrmcab HTTP/1.1" 200 43572
201.245.192.253 - - [16/Oct/2022:18:21:50 -0500] "POST /kwsrmcab/Wsrmcab HTTP/1.1" 200 43602
216.245.221.92 - - [16/Oct/2022:18:22:13 -0500] "HEAD / HTTP/1.1" 200 -
69.171.249.116 - - [16/Oct/2022:18:22:40 -0500] "GET /secretaria-de-ambiente-abre-convocatoria-para-que-empresas-de-bogota-sean-mas-sostenibles.html HTTP/1.1" 206 907
69.171.249.117 - - [16/Oct/2022:18:22:44 -0500] "GET /juntos-cuidamos-bogota-mas-de-65-kilogramos-de-residuos-especiales-y-peligrosos-fueron-recolectados-en-engativa.html HTTP/1.1" 206 994
69.171.249.12 - - [16/Oct/2022:18:22:46 -0500] "GET /negocios-verdes-verificados-por-la-secretaria-de-ambiente-participaran-en-bioexpo-2021.html HTTP/1.1" 206 978
114.119.132.76 - - [16/Oct/2022:18:23:34 -0500] "GET /BLA/resoluciones/AUTOS%202014/0761.pdf HTTP/1.1" 200 716056
69.171.249.8 - - [16/Oct/2022:18:24:13 -0500] "GET /en-2021-aumentaron-en-un-45-los-negocios-verdes-verificados-por-la-secretaria-de-ambiente-frente-a-2020.html HTTP/1.1" 206 1042
201.245.192.253 - - [16/Oct/2022:18:24:54 -0500] "POST /kwsrmcab/Wsrmcab  HTTP/1.1" 200 43296
157.55.39.159 - - [16/Oct/2022:18:25:15 -0500] "GET /unidos-por-un-nuevo-aire-un-ano-de-pacto-del-compromiso-por-bogota.html HTTP/1.1" 304 -
114.119.141.69 - - [16/Oct/2022:18:25:18 -0500] "GET /BLA/resoluciones/RESOLUCIONES%202010/1929.pdf HTTP/1.1" 200 792352
207.46.13.89 - - [16/Oct/2022:18:25:46 -0500] "GET /BLA/resoluciones/00000011.tif HTTP/1.1" 404 1018
172.22.2.4 - - [16/Oct/2022:18:24:23 -0500] "HEAD /BLA/boletinlegal/ HTTP/1.1" 200 -
157.55.39.25 - - [16/Oct/2022:18:26:17 -0500] "GET /BLA/resoluciones/AUTOS%202022/2986.pdf HTTP/1.1" 200 556916
200.118.63.43 - - [16/Oct/2022:18:26:38 -0500] "GET /kwssiamovil/sm/ldap/au?x=U2FsdGVkX18c3qriK7Qk5hPzukhKJq/mMniCdYR40aoJaCsQqwKeWrGJR0fB5ANJ&y=U2FsdGVkX1/xVUM/z6vYtX40LT1K8JAo12GaHccf1blumiQ24fZzS7oWcHJNzNyg HTTP/1.1" 200 30
200.118.63.43 - - [16/Oct/2022:18:26:38 -0500] "GET /kwssiamovil/sm/acme/s?s=U2FsdGVkX19AcTMwGkzYTW0FqBszvocllX6+aPeHHrJ9c3WzL/YMNYXetsGRLC8juF7EiotQLRi1mIwSV6/3Pn1YiFs80OpPeDHXMWvhGEI=&u=U2FsdGVkX1+NJTK/ysT4ReaVBc8w/e+TzRgq9w83uD6cxudCvSa0bVKxJCpgwubR&y=U2FsdGVkX1/xVUM/z6vYtX40LT1K8JAo12GaHccf1blumiQ24fZzS7oWcHJNzNyg HTTP/1.1" 200 97
200.118.63.43 - - [16/Oct/2022:18:26:38 -0500] "GET /kwssiamovil/sm/acme/s?s=U2FsdGVkX19oi+HSv5N555GZ3g0FlpAIi385B0oyEoqzKB8ayRPzhgzPEzA6CD6pn1wemPQjHArnn2hCOhaoisq+zrusqC6SFz3MhxxSinwNPusjnIFfVpv5/4h9FhbYfUq/LxW02sp945ZybYruUwNZ9j71DLBSUu5d4CAGVYqXzbrKL7v26RoteLcRKW+flDdy456zWpBm7z+rUgIa54eioNZfXJiDXITyDyTJ8H7bvGlcVilcSrVgXzJjHIlI594piQEV+q4coGIvqz6SpCiRwr3PKfrVQkNSluG402EJrh22C/YdJ4+UzvC1Rrm/NOB5HTXYe8CI0tcSXjhGHWsmALKTtrx1QhqW4VTJuc9MpwewdgQezx29c7iQLcmhaDnf5esUt+Jdvfbk21E+lQBdEXm6EmfJYROUUO/fpadY71CIfd7BmSZtme/JjMpXS3QZyeHqwLqn/ACzdZQ4Q+Edn9DGUSVaElvhVeP0d3aHYWOwZRznp6VGOTP6Enr0FwBhyzchS21WAwbN4Ea6ihJI46563by2jYIm354bImuj7XYQaZ0AhSQH7JgHOWbDgLiH2CGote232Wz+8cNvWE8MSWmHiJk3yP1/JLqy1sUp9GRdSFl4XZesmEWP8vcdK6Ben7nhSGNrq51vV50DYRpgd5AFVTgAYDkHtkXY3qOYkoPxZpUUg6m14qmAenwPz3ZTof3mFBD0oviIeIj/CgIASUNWiyvofpv36NAgFVGjGF+Nvh5NHKgF4JeCr1Ms0AJX4QPI8kL3NTUBqk89IAzaMYeBjuzTjJheORoM+nyFtlj6vViBz88jvPkyOzyg0scF/pdi8to8efU9tfTPGF+mmgq3HZn+Mh4wxFJYpfUzKebmHwY2xnR8EFaY2fmdoI6rlnfgOh84beSSp7itF9mORSM6vARinUrJhRo0fOyGW+JquDE26Cban4rWq5U6izICG2kM3rVr5BFx9//3gFaNFEAbTTWIT8cIRuiyB6NCv0Rw2Y/utQqYaZeNFljJiGK34XfeECcRCpL7g3q9EU7r2QC0EtZKjxndyyDlEZglYns5Ya1HAPFVUwtLhhHgT3SQSfPm8Qa9v1j91xBYXIGK/6spisKz7NWHlj14hdxvASiACI+NcLc6wg/DoL9pGVhSsiIQbZx5ztUKasXzZCPPEbkm0xbZTQvPSthji5+lgKFmgWPKSsq8lSMxsFYPYccEDMd1bsYCgem/3MryojFNlYB9FdqYvnK8/i7hplt6ByW5LgP9tuQCRekpS63jNR8/FbV/Z7YHuK8xnbGd2Km0T7yXUG19WcN62SyR+i7d7wBXlpbCU5NDGJYOrN2XDgq3ey3EmKM7ZmyY6YoGows44D5vfpoZzu28eEbKrvwA2l8K3cMhtNKXGIsM/6lbphDzyaK6W7xOVxITjdSeWCDVEk6TKra2tMLkbH3Rxxg=&u=U2FsdGVkX1+NJTK/ysT4ReaVBc8w/e+TzRgq9w83uD6cxudCvSa0bVKxJCpgwubR&y=U2FsdGVkX1/xVUM/z6vYtX40LT1K8JAo12GaHccf1blumiQ24fZzS7oWcHJNzNyg HTTP/1.1" 200 1498
200.118.63.43 - - [16/Oct/2022:18:26:38 -0500] "GET /kwssiamovil/sm/acme/s?s=U2FsdGVkX1+gPB6cQj4iJgi1cqtqExMG2fDDD5jkrU608W57NkrFcZvuKIhh6MDlE4OyP9KtzSF7pvKqm/ATqrNawQwm1d2vZSDTgEu6kKgn08yVaDAhk+aMkxlr+XPhn13uHGOiULjD3CFzR1N3v7D3m0gTw8SlFgwSVhCx1blNIOdSWa8/mLErXELJu0f3jePoxFpyVSrmDQPE6n9yefi4WWYgtyPaIwXP9mFeSJHiu4BHxlXiIj1em3oLq7x+EMRP39se76JreoNKhQP+OHQOfzPKKCrsPoyxbNuNQ4BlGN8/zOZsGZHoVswmBYs0We+xt3L3aC2XBKfBvjPcwlTwB+V7SbJt9frKW+a4/YE=&u=U2FsdGVkX1+NJTK/ysT4ReaVBc8w/e+TzRgq9w83uD6cxudCvSa0bVKxJCpgwubR&y=U2FsdGVkX1/xVUM/z6vYtX40LT1K8JAo12GaHccf1blumiQ24fZzS7oWcHJNzNyg HTTP/1.1" 200 196
200.118.63.43 - - [16/Oct/2022:18:26:38 -0500] "GET /kwssiamovil/sm/cjson/pre?f=1&x=U2FsdGVkX18c3qriK7Qk5hPzukhKJq/mMniCdYR40aoJaCsQqwKeWrGJR0fB5ANJ HTTP/1.1" 200 30992
114.119.141.53 - - [16/Oct/2022:18:26:52 -0500] "GET /BLA/resoluciones/RESOLUCIONES%202010/4155.pdf HTTP/1.1" 200 754267
172.22.2.4 - - [16/Oct/2022:18:25:13 -0500] "GET /BLA/boletinlegal/ HTTP/1.1" 200 58575
216.245.221.92 - - [16/Oct/2022:18:27:13 -0500] "HEAD / HTTP/1.1" 200 -
172.22.2.4 - - [16/Oct/2022:18:27:08 -0500] "GET /BLA/boletinlegal/ HTTP/1.1" 200 36811
114.119.141.69 - - [16/Oct/2022:18:28:31 -0500] "GET /BLA/resoluciones/RESOLUCIONES%202011/2617.pdf HTTP/1.1" 200 747443
35.233.62.116 - - [16/Oct/2022:18:29:01 -0500] "GET / HTTP/1.1" 200 319
201.245.192.253 - - [16/Oct/2022:18:29:53 -0500] "POST /kwsrmcab/Wsrmcab  HTTP/1.1" 200 43296
114.119.141.69 - - [16/Oct/2022:18:30:11 -0500] "GET /BLA/resoluciones/RESOLUCIONES%202010/4488.pdf HTTP/1.1" 200 1062021
201.245.192.253 - - [16/Oct/2022:18:31:48 -0500] "POST /kwsrmcab/Wsrmcab HTTP/1.1" 200 43572
201.245.192.253 - - [16/Oct/2022:18:31:51 -0500] "POST /kwsrmcab/Wsrmcab HTTP/1.1" 200 43602
172.22.2.4 - - [16/Oct/2022:18:30:13 -0500] "HEAD /BLA/boletinlegal/ HTTP/1.1" 200 -
216.245.221.92 - - [16/Oct/2022:18:32:13 -0500] "HEAD / HTTP/1.1" 200 -
172.22.2.4 - - [16/Oct/2022:18:31:04 -0500] "GET /BLA/boletinlegal/ HTTP/1.1" 200 58163
201.245.192.253 - - [16/Oct/2022:18:34:52 -0500] "POST /kwsrmcab/Wsrmcab  HTTP/1.1" 200 43296
114.119.141.51 - - [16/Oct/2022:18:35:10 -0500] "GET /BLA/resoluciones/RESOLUCIONES%202010/5055.pdf HTTP/1.1" 200 763139
172.22.2.4 - - [16/Oct/2022:18:33:58 -0500] "GET /BLA/boletinlegal/ HTTP/1.1" 200 62772
114.119.141.42 - - [16/Oct/2022:18:37:02 -0500] "GET /BLA/resoluciones/RESOLUCIONES%202011/1007.pdf HTTP/1.1" 200 69161
216.245.221.92 - - [16/Oct/2022:18:37:13 -0500] "HEAD / HTTP/1.1" 200 -
172.22.2.4 - - [16/Oct/2022:18:36:03 -0500] "HEAD /BLA/boletinlegal/ HTTP/1.1" 200 -
172.22.2.4 - - [16/Oct/2022:18:37:48 -0500] "GET /BLA/boletinlegal/Circulares/2019/.pdf HTTP/1.1" 404 1218
172.22.2.4 - - [16/Oct/2022:18:37:58 -0500] "GET /BLA/boletinlegal/Circulares/2012/Circular%20No.%2010%20del%2026%20de%20Enero%20de%202012.pdf HTTP/1.1" 404 1218
172.22.2.4 - - [16/Oct/2022:18:36:47 -0500] "GET /BLA/boletinlegal/index.php HTTP/1.1" 200 49689
172.22.2.4 - - [16/Oct/2022:18:36:53 -0500] "GET /BLA/boletinlegal/ HTTP/1.1" 200 51183
172.22.2.4 - - [16/Oct/2022:18:38:38 -0500] "GET /BLA/boletinlegal/Directivas/2017/Directiva%20No.%2003%20del%2024%20de%20Febrero%20de%202017.pdf HTTP/1.1" 304 -
114.119.141.52 - - [16/Oct/2022:18:38:50 -0500] "GET /BLA/resoluciones/RESOLUCIONES%202010/1919.pdf HTTP/1.1" 200 790966
207.46.13.40 - - [16/Oct/2022:18:38:57 -0500] "GET /BLA/resoluciones/00000034.tif HTTP/1.1" 404 1018
201.245.192.253 - - [16/Oct/2022:18:39:51 -0500] "POST /kwsrmcab/Wsrmcab  HTTP/1.1" 200 43296
114.119.141.52 - - [16/Oct/2022:18:40:29 -0500] "GET /BLA/resoluciones/RESOLUCIONES%202010/1394.pdf HTTP/1.1" 200 513077
201.245.192.253 - - [16/Oct/2022:18:41:48 -0500] "POST /kwsrmcab/Wsrmcab HTTP/1.1" 200 43572
201.245.192.253 - - [16/Oct/2022:18:41:50 -0500] "POST /kwsrmcab/Wsrmcab HTTP/1.1" 200 43602
216.245.221.92 - - [16/Oct/2022:18:42:13 -0500] "HEAD / HTTP/1.1" 200 -
172.22.2.4 - - [16/Oct/2022:18:41:54 -0500] "GET /BLA/boletinlegal/ HTTP/1.1" 200 20427
172.22.2.4 - - [16/Oct/2022:18:41:53 -0500] "HEAD /BLA/boletinlegal/ HTTP/1.1" 200 -
207.46.13.181 - - [16/Oct/2022:18:43:35 -0500] "GET /portaldeninos/ HTTP/1.1" 200 110197
172.22.2.4 - - [16/Oct/2022:18:42:43 -0500] "GET /BLA/boletinlegal/ HTTP/1.1" 200 57725
172.22.2.4 - - [16/Oct/2022:18:44:31 -0500] "GET /BLA/boletinlegal/actuator/gateway/routes HTTP/1.1" 404 1018
201.245.192.253 - - [16/Oct/2022:18:44:50 -0500] "POST /kwsrmcab/Wsrmcab  HTTP/1.1" 200 43296
114.119.141.69 - - [16/Oct/2022:18:45:40 -0500] "GET /BLA/resoluciones/AUTOS%202017/1373.pdf HTTP/1.1" 200 381192
207.46.13.84 - - [16/Oct/2022:18:46:24 -0500] "GET /BLA/resoluciones/AUTOS%202022/2082.pdf HTTP/1.1" 200 367015
216.245.221.92 - - [16/Oct/2022:18:47:13 -0500] "HEAD / HTTP/1.1" 200 -
157.55.39.202 - - [16/Oct/2022:18:47:44 -0500] "GET /BLA/resoluciones/00000002.tif HTTP/1.1" 404 1018
173.252.111.9 - - [16/Oct/2022:18:47:44 -0500] "GET /images/secretaria-participantes.14-octubre.jpg HTTP/1.1" 200 102021
172.22.2.4 - - [16/Oct/2022:18:48:55 -0500] "GET /BLA/boletinlegal/.env HTTP/1.1" 404 1018
172.22.2.4 - - [16/Oct/2022:18:47:43 -0500] "HEAD /BLA/boletinlegal/ HTTP/1.1" 200 -
172.22.2.4 - - [16/Oct/2022:18:48:56 -0500] "POST /BLA/boletinlegal/ HTTP/1.1" 200 24523
201.245.192.253 - - [16/Oct/2022:18:49:50 -0500] "POST /kwsrmcab/Wsrmcab  HTTP/1.1" 200 43296
172.22.2.4 - - [16/Oct/2022:18:48:33 -0500] "GET /BLA/boletinlegal/ HTTP/1.1" 200 56376
173.252.83.9 - - [16/Oct/2022:18:50:41 -0500] "GET /images/reunion-planta-termovalorizacion-11-mayo.jpg HTTP/1.1" 200 34782
173.252.107.5 - - [16/Oct/2022:18:51:53 -0500] "GET /images/Junio%2002-experiencias-jardines-verticales-sda.jpeg HTTP/1.1" 200 31171
216.245.221.92 - - [16/Oct/2022:18:52:13 -0500] "HEAD / HTTP/1.1" 200 -
114.119.141.52 - - [16/Oct/2022:18:52:23 -0500] "GET /BLA/resoluciones/RESOLUCIONES%202010/4206.pdf HTTP/1.1" 200 1188177
186.155.18.81 - - [16/Oct/2022:18:52:26 -0500] "GET /BLA/boletinlegal/js/jquery.scrollShow.js HTTP/1.1" 200 4586
186.155.18.81 - - [16/Oct/2022:18:52:26 -0500] "GET /galeria/galeria/jquery.fancybox.css?v=2.1.5 HTTP/1.1" 200 4895
186.155.18.81 - - [16/Oct/2022:18:52:26 -0500] "GET /galeria/galeria/jquery.fancybox.js?v=2.1.5 HTTP/1.1" 200 48706
114.119.141.53 - - [16/Oct/2022:18:54:12 -0500] "GET /BLA/resoluciones/index.php?dir=Notificaciones/RESOLUCIONES%2B2021/ HTTP/1.1" 200 13362
201.245.192.253 - - [16/Oct/2022:18:54:49 -0500] "POST /kwsrmcab/Wsrmcab  HTTP/1.1" 200 43296
172.22.2.4 - - [16/Oct/2022:18:53:33 -0500] "HEAD /BLA/boletinlegal/ HTTP/1.1" 200 -
114.119.141.73 - - [16/Oct/2022:18:55:49 -0500] "GET /BLA/resoluciones/RESOLUCIONES%202010/4196.pdf HTTP/1.1" 200 381611
172.22.2.4 - - [16/Oct/2022:18:54:23 -0500] "GET /BLA/boletinlegal/ HTTP/1.1" 200 59828
190.157.242.76 - - [16/Oct/2022:18:57:06 -0500] "GET /BLA/resoluciones/index.php?dir=AUTOS+2016%2F HTTP/1.1" 200 326080
216.245.221.92 - - [16/Oct/2022:18:57:13 -0500] "HEAD / HTTP/1.1" 200 -
114.119.141.71 - - [16/Oct/2022:18:57:19 -0500] "GET /BLA/resoluciones/RESOLUCIONES%202017/0691.pdf HTTP/1.1" 200 536549
207.46.13.40 - - [16/Oct/2022:18:57:29 -0500] "GET /BLA/resoluciones/RESOLUCIONES%202018/1471.pdf HTTP/1.1" 304 -
114.119.141.69 - - [16/Oct/2022:18:59:03 -0500] "GET /BLA/resoluciones/AUTOS%202009/0920.pdf HTTP/1.1" 200 122083
201.245.192.253 - - [16/Oct/2022:18:59:47 -0500] "POST /kwsrmcab/Wsrmcab  HTTP/1.1" 200 43296
172.22.2.4 - - [16/Oct/2022:18:59:23 -0500] "HEAD /BLA/boletinlegal/ HTTP/1.1" 200 -
207.46.13.84 - - [16/Oct/2022:19:01:37 -0500] "GET /BLA/resoluciones/AUTOS%202022/3039.pdf HTTP/1.1" 200 501127
172.22.2.4 - - [16/Oct/2022:19:00:13 -0500] "GET /BLA/boletinlegal/ HTTP/1.1" 200 59828
216.245.221.92 - - [16/Oct/2022:19:02:13 -0500] "HEAD / HTTP/1.1" 200 -
186.28.26.164 - - [16/Oct/2022:19:02:29 -0500] "GET /sipse/faces/index.xhtml HTTP/1.1" 200 677
186.28.26.164 - - [16/Oct/2022:19:02:30 -0500] "GET /sipse/faces/javax.faces.resource/theme.css?ln=primefaces-sipse HTTP/1.1" 304 -
186.28.26.164 - - [16/Oct/2022:19:02:30 -0500] "GET /sipse/faces/faces/autenticacion.xhtml HTTP/1.1" 200 12181
186.28.26.164 - - [16/Oct/2022:19:02:30 -0500] "GET /sipse/js/disable_browser_buttons.js HTTP/1.1" 304 -
186.28.26.164 - - [16/Oct/2022:19:02:30 -0500] "GET /sipse/css/custom_css_sg_prime_login.css HTTP/1.1" 304 -
186.28.26.164 - - [16/Oct/2022:19:02:30 -0500] "GET /sipse/faces/javax.faces.resource/theme.css?ln=primefaces-sipse HTTP/1.1" 304 -
186.28.26.164 - - [16/Oct/2022:19:02:30 -0500] "GET /sipse/faces/javax.faces.resource/primefaces.css?ln=primefaces&v=4.0 HTTP/1.1" 304 -
186.28.26.164 - - [16/Oct/2022:19:02:30 -0500] "GET /sipse/css/custom_css_sg.css HTTP/1.1" 304 -
