201.184.82.154 - - [16/Oct/2022:12:36:06 -0500] "GET /kwssiamovil/sm/acme/a?s=U2FsdGVkX183gKZO56frG00PBx+wRwEGEwCRl6jOLMABe7S/iTsJ+oLPfn5yYGD8EVRXRJDe8m841XmmCEiojY7sZkv4/5yKJbSMnKadGKL3WlSeu+e7E+JqHSJ9BpRXbSlQLMU0nx6q3lIOVsUt46G7T02CTIivy10XU4lvjcisOSqCUdf/EOHNAlXt9BTk0UQzZ9lezKKXosrc5+24r5JTEUCYzodqaDHBKawdB3yXJhX/vyl9ppvI+Pnt2JK9eDWA7E9UuqvuJiHTrYKUJqUbNs0yBZzOHWw8cQlmI3yjjjoRr9tUY+bAGB3HYOAdhAcKeFE+cIYgDv+XQi4wr3xWEri/Sp7vzsXOraFD1J3m9ozqQC3mnbz7fvT68DS49URomd/WfpYwZ6Vt30Ujk1UoFIZUwzqKPitZ10Reg9GNXhNUYj3quFEJxKzlpsnXSHUoVkkXNe9iGti9kZur60XjPpEtaGYBmazpIn0gvcLdGb89/txOe5+VI88y2vtBL1Ox0hdTr38qAjGWmY1A7CgxyrK+DgbnDMpQFmKzi22qsXbNl6RaQ4i1sDpJG9wa0WLuSRWg/eCT6fFQV2vKoIlYriZP5ey+ibK1Kfzzz1UK7xv/AAR7t59E7T1fUoP6PkSp3P0qZAg7fuXXBNUymP/SpgGCr5lQq2aJqJZo6uySlaM8LBAWuNlkRRU8P2QTD68PVIYxsZfE9qUMlIBp6QJCiKYJY/8GdQ6Smp4UA5JGvZqihSg8QTrbrK2fXN27lWY7nBsC7Ur3W6Qqo32LNchEtIEhezViPFDHGT0lkIwNqKdrGxCEvKZjkMhoDqOZwLCyXPz9XJWJVALWS4C5uElcBJSODnin4JL9zaYdrztXmUTZOnlty8UiBxCXwXXcpE2hGgp+hE7MKw936eb0PA3FmAZScAi/51oKLIk43waIZtk67wQRDcKlgK6TrM1wsuSfAKlnonRJ6St6yY9UgIrVh8iyJXSeuZQz4W78WpQ6f1fJRXYyDfzOmZ5CWbow/qeToy5r1wGez3C5KH6WQ0sxekI6oX9VsNjT4007sMUxusRkjIeBC8dfckLhSl0mA4jAJmcrBj+XLLir4wj71Ge9zfxirChStIFNVcIjhQ2pIP1TY0pIpo1iFcapnY5ZKU80OfE//iAuH+j44VDaRjHGX3foBCBVIxxClYCSsrQsk+iAoByo5qXAWMVGOv8MIqfaCPHfAfo1YyaDmJdrV1bFmdymF1FJfgmDraHvH/eYVqdWnA+9TupFrRYC60dyWJsCiDs4CE9WjwLBlb2rpwh7hfAYaBAt4FHH1mABBOw=&u=U2FsdGVkX1+KWnRoyFmPcyVP4h9Gf3BOoFB27ZEA3zo=&y=U2FsdGVkX1+PVi+weol/KXYkipqx52Sa4yVc+mUgLSeVRkR4/GJcYPBDzIQt9sDn HTTP/1.1" 200 25
201.245.192.253 - - [16/Oct/2022:12:36:06 -0500] "POST /kwsrmcab/Wsrmcab  HTTP/1.1" 200 43296
201.184.82.154 - - [16/Oct/2022:12:36:10 -0500] "GET /kwssiamovil/sm/acme/a?s=U2FsdGVkX18f+8Q96RhxJtx5gLCgfheS86w4dJF31FgoSw96eqWo5Io8eTqmgwDPPwFHJfJ0+FfGOcjKeUalDLzImZv1zmS+G8zDQlnNQJ+yZjXDFGyeQkLjYyvf9i/Vi7QyFOdx/+z8PPu+NZjoNgojle/VqsFXPMzA0s5Gx0k=&u=U2FsdGVkX1+KWnRoyFmPcyVP4h9Gf3BOoFB27ZEA3zo=&y=U2FsdGVkX1+PVi+weol/KXYkipqx52Sa4yVc+mUgLSeVRkR4/GJcYPBDzIQt9sDn HTTP/1.1" 200 26
201.184.82.154 - - [16/Oct/2022:12:36:11 -0500] "GET /kwssiamovil/sm/acme/a?s=U2FsdGVkX1/B6tFvOB9R7LRJrmgQBnbVe2s5ORzr7peuVK9hE9HwAVNg6XHCXPqnDUYQNDjy1h01abtAQ8R6wHEpMflX49DMamtK+dhhH5344TzQ1GmrpSu+ub8QNI6xkqwH24+znm3a+F+5OZZnFyyERxNjtozLY9Iu16FHjFQ=&u=U2FsdGVkX1+KWnRoyFmPcyVP4h9Gf3BOoFB27ZEA3zo=&y=U2FsdGVkX1+PVi+weol/KXYkipqx52Sa4yVc+mUgLSeVRkR4/GJcYPBDzIQt9sDn HTTP/1.1" 200 25
201.184.82.154 - - [16/Oct/2022:12:36:11 -0500] "GET /kwssiamovil/sm/acme/a?s=U2FsdGVkX18yb7+MkUVYH3bw6szm3x1LTtR97Ce5oAYXPU8P+Z/pCMt3wa05N/ljy4XHz/J5vvLWk4z/bOjhjYE2Xag03HakJCJ9NII6jnwCwUS5fZbH4rpQVDfYAAXL/b/5dF0Wtjf0BHXLi/1Xo37n9Uhf3oY8DbGpFicpg4Y=&u=U2FsdGVkX1+KWnRoyFmPcyVP4h9Gf3BOoFB27ZEA3zo=&y=U2FsdGVkX1+PVi+weol/KXYkipqx52Sa4yVc+mUgLSeVRkR4/GJcYPBDzIQt9sDn HTTP/1.1" 200 25
201.184.82.154 - - [16/Oct/2022:12:36:14 -0500] "GET /kwssiamovil/sm/acme/a?s=U2FsdGVkX1/Q0sbOMfV6aqcGKV9nFdiHSPEYZERTf5JxoGigsuWn6HmC/VHnE+y36d58e8hdZP+d7Gfrxcw1qNMDRlEGxwh7p8WVBs28giIpQVd3uETJh+43YAxhyGxNrhOnkOemLGsy5FJAG+ONauSMIuAHNNx1JAsE+VJtAk+HiMfHoCICgt4LbeuBWCiH&u=U2FsdGVkX1+KWnRoyFmPcyVP4h9Gf3BOoFB27ZEA3zo=&y=U2FsdGVkX1+PVi+weol/KXYkipqx52Sa4yVc+mUgLSeVRkR4/GJcYPBDzIQt9sDn HTTP/1.1" 200 25
114.119.141.42 - - [16/Oct/2022:12:36:44 -0500] "GET /BLA/resoluciones/AUTOS%202015/3585.pdf HTTP/1.1" 200 602096
172.22.2.4 - - [16/Oct/2022:12:35:14 -0500] "GET /BLA/boletinlegal/ HTTP/1.1" 200 59828
216.245.221.92 - - [16/Oct/2022:12:37:14 -0500] "HEAD / HTTP/1.1" 200 -
114.119.132.76 - - [16/Oct/2022:12:38:20 -0500] "GET /BLA/resoluciones/RESOLUCIONES%202010/6851.pdf HTTP/1.1" 200 149563
201.184.82.154 - - [16/Oct/2022:12:38:21 -0500] "GET /kwssiamovil/sm/acme/u?s=U2FsdGVkX1/0BhW4Ys8i93wyy3+hGsl+dq31fvD4dJKmmBraPD533cYohsqsHV8BkmpvITTa1C5K1BX3BZQdrFAU8Knui1D3nbQuDCD06Hxtxev32g2+4YIgYZ2m6uJ14i1e7R0JBw+ozfoTXcT9zg==&u=U2FsdGVkX1+KWnRoyFmPcyVP4h9Gf3BOoFB27ZEA3zo=&y=U2FsdGVkX1+PVi+weol/KXYkipqx52Sa4yVc+mUgLSeVRkR4/GJcYPBDzIQt9sDn HTTP/1.1" 200 60
114.119.141.71 - - [16/Oct/2022:12:40:11 -0500] "GET /BLA/resoluciones/RESOLUCIONES%202013/0551.pdf HTTP/1.1" 200 740080
201.245.192.253 - - [16/Oct/2022:12:41:05 -0500] "POST /kwsrmcab/Wsrmcab  HTTP/1.1" 200 43296
114.119.141.73 - - [16/Oct/2022:12:41:50 -0500] "GET /BLA/resoluciones/RESOLUCIONES%202010/2522.pdf HTTP/1.1" 200 298415
201.245.192.253 - - [16/Oct/2022:12:41:49 -0500] "POST /kwsrmcab/Wsrmcab HTTP/1.1" 200 41839
201.245.192.253 - - [16/Oct/2022:12:41:52 -0500] "POST /kwsrmcab/Wsrmcab HTTP/1.1" 200 43579
172.22.2.4 - - [16/Oct/2022:12:40:14 -0500] "HEAD /BLA/boletinlegal/ HTTP/1.1" 200 -
216.245.221.92 - - [16/Oct/2022:12:42:14 -0500] "HEAD / HTTP/1.1" 200 -
172.22.2.4 - - [16/Oct/2022:12:41:04 -0500] "GET /BLA/boletinlegal/ HTTP/1.1" 200 58163
114.119.141.69 - - [16/Oct/2022:12:43:21 -0500] "GET /BLA/resoluciones/RESOLUCIONES%202007/RES%202007%20501%20AL%20600/RESOLUCION%200508%20DE%202007.pdf HTTP/1.1" 200 439494
207.46.13.40 - - [16/Oct/2022:12:44:13 -0500] "GET /BLA/resoluciones/RESOLUCIONES%202022/0455.pdf HTTP/1.1" 200 351353
114.119.141.52 - - [16/Oct/2022:12:45:03 -0500] "GET /BLA/resoluciones/RESOLUCIONES%202017/2982.pdf HTTP/1.1" 200 431020
179.32.141.152 - - [16/Oct/2022:12:45:36 -0500] "GET /BLA/resoluciones/index.php?dir= HTTP/1.1" 200 13093
179.32.141.152 - - [16/Oct/2022:12:45:39 -0500] "GET /BLA/resoluciones/index.php?dir=RESOLUCIONES+2020%2F HTTP/1.1" 200 165994
179.32.141.152 - - [16/Oct/2022:12:45:45 -0500] "GET /BLA/resoluciones/RESOLUCIONES%202020/1777.pdf HTTP/1.1" 200 365494
201.245.192.253 - - [16/Oct/2022:12:46:04 -0500] "POST /kwsrmcab/Wsrmcab  HTTP/1.1" 200 43296
114.119.141.71 - - [16/Oct/2022:12:46:42 -0500] "GET /BLA/resoluciones/RESOLUCIONES%202010/1833.pdf HTTP/1.1" 200 526207
216.245.221.92 - - [16/Oct/2022:12:47:14 -0500] "HEAD / HTTP/1.1" 200 -
172.22.2.4 - - [16/Oct/2022:12:46:04 -0500] "HEAD /BLA/boletinlegal/ HTTP/1.1" 200 -
114.119.141.51 - - [16/Oct/2022:12:48:20 -0500] "GET /BLA/resoluciones/RESOLUCIONES%202011/0811.pdf HTTP/1.1" 200 443918
172.22.2.4 - - [16/Oct/2022:12:46:54 -0500] "GET /BLA/boletinlegal/ HTTP/1.1" 200 57725
173.247.227.70 - - [16/Oct/2022:12:49:47 -0500] "GET / HTTP/1.1" 200 319
114.119.141.73 - - [16/Oct/2022:12:50:00 -0500] "GET /BLA/resoluciones/index.php?dir=Notificaciones/AUTOS%2B2021/ HTTP/1.1" 200 13341
201.245.192.253 - - [16/Oct/2022:12:51:03 -0500] "POST /kwsrmcab/Wsrmcab  HTTP/1.1" 200 43296
161.18.182.65 - - [16/Oct/2022:12:51:09 -0500] "GET /la-secretaria-de-ambiente-abre-nueva-convocatoria-para-su-programa-de-voluntariado-ambiental.html HTTP/1.1" 200 976
114.119.132.76 - - [16/Oct/2022:12:51:42 -0500] "GET /BLA/resoluciones/RESOLUCIONES%202010/7545.pdf HTTP/1.1" 200 293746
216.245.221.92 - - [16/Oct/2022:12:52:14 -0500] "HEAD / HTTP/1.1" 200 -
186.82.181.25 - - [16/Oct/2022:12:52:49 -0500] "GET /la-secretaria-de-ambiente-abre-nueva-convocatoria-para-su-programa-de-voluntariado-ambiental.html HTTP/1.1" 200 976
186.82.181.25 - - [16/Oct/2022:12:52:49 -0500] "GET /la-secretaria-de-ambiente-abre-nueva-convocatoria-para-su-programa-de-voluntariado-ambiental.html HTTP/1.1" 200 976
114.119.141.42 - - [16/Oct/2022:12:53:29 -0500] "GET /BLA/resoluciones/RESOLUCIONES%202010/5601.pdf HTTP/1.1" 200 223236
172.22.2.4 - - [16/Oct/2022:12:51:54 -0500] "HEAD /BLA/boletinlegal/ HTTP/1.1" 200 -
172.22.2.4 - - [16/Oct/2022:12:52:44 -0500] "GET /BLA/boletinlegal/ HTTP/1.1" 200 53640
114.119.141.52 - - [16/Oct/2022:12:55:14 -0500] "GET /BLA/resoluciones/RESOLUCIONES%202010/1339.pdf HTTP/1.1" 200 392428
201.245.192.253 - - [16/Oct/2022:12:56:02 -0500] "POST /kwsrmcab/Wsrmcab  HTTP/1.1" 200 43296
114.119.141.51 - - [16/Oct/2022:12:57:07 -0500] "GET /BLA/resoluciones/RESOLUCIONES%202007/RES%202007%201801%20AL%201900/RESOLUCION%201876%20DE%202007.pdf HTTP/1.1" 200 245000
216.245.221.92 - - [16/Oct/2022:12:57:14 -0500] "HEAD / HTTP/1.1" 200 -
114.119.141.51 - - [16/Oct/2022:12:58:47 -0500] "GET /BLA/resoluciones/AUTOS%202011/6374.pdf HTTP/1.1" 200 231387
172.22.2.4 - - [16/Oct/2022:12:57:44 -0500] "HEAD /BLA/boletinlegal/ HTTP/1.1" 200 -
172.22.2.4 - - [16/Oct/2022:12:58:34 -0500] "GET /BLA/boletinlegal/ HTTP/1.1" 200 59828
114.119.132.76 - - [16/Oct/2022:13:00:30 -0500] "GET /BLA/resoluciones/RESOLUCIONES%202010/0601.pdf HTTP/1.1" 200 119022
201.245.192.253 - - [16/Oct/2022:13:01:01 -0500] "POST /kwsrmcab/Wsrmcab  HTTP/1.1" 200 43296
114.119.132.76 - - [16/Oct/2022:13:02:11 -0500] "GET /BLA/resoluciones/RESOLUCIONES%202010/2048.pdf HTTP/1.1" 200 205625
216.245.221.92 - - [16/Oct/2022:13:02:14 -0500] "HEAD / HTTP/1.1" 200 -
23.100.232.233 - - [16/Oct/2022:13:02:40 -0500] "GET /portaldeninos/wp-content/plugins/gallery-videos/CSS/totalsoft.css?ver=4.9.8 HTTP/1.1" 200 40622
23.100.232.233 - - [16/Oct/2022:13:02:40 -0500] "GET /portaldeninos/wp-content/plugins/gallery-videos/CSS/Total-Soft-Gallery-Video-Widget.css?ver=4.9.8 HTTP/1.1" 200 51554
23.100.232.233 - - [16/Oct/2022:13:02:40 -0500] "GET /portaldeninos/wp-content/uploads/useanyfont/uaf.css?ver=1589905315 HTTP/1.1" 200 408
23.100.232.233 - - [16/Oct/2022:13:02:40 -0500] "GET /portaldeninos/wp-content/themes/betheme/style.css?ver=20.9.6 HTTP/1.1" 200 287
23.100.232.233 - - [16/Oct/2022:13:02:40 -0500] "GET /portaldeninos/wp-content/themes/betheme/css/shortcodes.css?ver=20.9.6 HTTP/1.1" 200 138889
23.100.232.233 - - [16/Oct/2022:13:02:41 -0500] "GET /portaldeninos/wp-content/themes/betheme/assets/ui/jquery.ui.all.css?ver=20.9.6 HTTP/1.1" 200 18765
23.100.232.233 - - [16/Oct/2022:13:02:41 -0500] "GET /portaldeninos/wp-content/themes/betheme/assets/jplayer/css/jplayer.blue.monday.css?ver=20.9.6 HTTP/1.1" 200 9834
23.100.232.233 - - [16/Oct/2022:13:02:40 -0500] "GET /portaldeninos/wp-content/themes/betheme/css/layout.css?ver=20.9.6 HTTP/1.1" 200 116639
23.100.232.233 - - [16/Oct/2022:13:02:41 -0500] "GET /portaldeninos/wp-content/plugins/google-analytics-for-wordpress/assets/js/frontend-gtag.min.js?ver=8.5.0 HTTP/1.1" 200 11801
23.100.232.233 - - [16/Oct/2022:13:02:41 -0500] "GET /portaldeninos/wp-content/themes/betheme/css/responsive.css?ver=20.9.6 HTTP/1.1" 200 55740
23.100.232.233 - - [16/Oct/2022:13:02:41 -0500] "GET /portaldeninos/wp-includes/js/jquery/jquery-migrate.min.js?ver=1.4.1 HTTP/1.1" 200 10056
23.100.232.233 - - [16/Oct/2022:13:02:42 -0500] "GET /portaldeninos/wp-includes/js/jquery/ui/core.min.js?ver=1.11.4 HTTP/1.1" 200 4000
23.100.232.233 - - [16/Oct/2022:13:02:41 -0500] "GET /portaldeninos/wp-includes/js/jquery/jquery.js?ver=1.12.4 HTTP/1.1" 200 97184
23.100.232.233 - - [16/Oct/2022:13:02:42 -0500] "GET /portaldeninos/wp-content/plugins/gallery-videos/JS/modernizr.custom.js?ver=4.9.8 HTTP/1.1" 200 9019
23.100.232.233 - - [16/Oct/2022:13:02:42 -0500] "GET /portaldeninos/wp-includes/js/wp-emoji-release.min.js?ver=4.9.8 HTTP/1.1" 200 12026
23.100.232.233 - - [16/Oct/2022:13:02:42 -0500] "GET /portaldeninos/wp-content/plugins/gallery-videos/JS/Total-Soft-Gallery-Video-Widget.js?ver=4.9.8 HTTP/1.1" 200 80264
23.100.232.233 - - [16/Oct/2022:13:02:42 -0500] "GET /portaldeninos/wp-content/themes/betheme/assets/animations/animations.min.css?ver=20.9.6 HTTP/1.1" 200 58508
23.100.232.233 - - [16/Oct/2022:13:02:42 -0500] "GET /portaldeninos/wp-content/themes/betheme/css/base.css?ver=20.9.6 HTTP/1.1" 200 57283
23.100.232.233 - - [16/Oct/2022:13:02:42 -0500] "GET /portaldeninos/wp-includes/js/jquery/ui/mouse.min.js?ver=1.11.4 HTTP/1.1" 200 3148
23.100.232.233 - - [16/Oct/2022:13:02:42 -0500] "GET /portaldeninos/wp-includes/js/jquery/ui/widget.min.js?ver=1.11.4 HTTP/1.1" 200 6908
23.100.232.233 - - [16/Oct/2022:13:02:43 -0500] "GET /portaldeninos/wp-includes/js/jquery/ui/tabs.min.js?ver=1.11.4 HTTP/1.1" 200 12110
23.100.232.233 - - [16/Oct/2022:13:02:43 -0500] "GET /portaldeninos/wp-includes/js/jquery/ui/sortable.min.js?ver=1.11.4 HTTP/1.1" 200 24899
23.100.232.233 - - [16/Oct/2022:13:02:43 -0500] "GET /portaldeninos/wp-content/themes/betheme/js/menu.js?ver=20.9.6 HTTP/1.1" 200 2449
23.100.232.233 - - [16/Oct/2022:13:02:43 -0500] "GET /portaldeninos/wp-content/themes/betheme/assets/animations/animations.min.js?ver=20.9.6 HTTP/1.1" 200 1896
23.100.232.233 - - [16/Oct/2022:13:02:43 -0500] "GET /portaldeninos/wp-content/themes/betheme/js/plugins.js?ver=20.9.6 HTTP/1.1" 200 197151
23.100.232.233 - - [16/Oct/2022:13:02:43 -0500] "GET /portaldeninos/wp-content/themes/betheme/js/scripts.js?ver=20.9.6 HTTP/1.1" 200 77162
23.100.232.233 - - [16/Oct/2022:13:02:43 -0500] "GET /portaldeninos/wp-content/themes/betheme/assets/jplayer/jplayer.min.js?ver=20.9.6 HTTP/1.1" 200 52702
23.100.232.233 - - [16/Oct/2022:13:02:44 -0500] "GET /portaldeninos/wp-includes/js/wp-embed.min.js?ver=4.9.8 HTTP/1.1" 200 1398
23.100.232.233 - - [16/Oct/2022:13:02:44 -0500] "GET /portaldeninos/wp-includes/js/jquery/ui/accordion.min.js?ver=1.11.4 HTTP/1.1" 200 8584
114.119.141.42 - - [16/Oct/2022:13:04:04 -0500] "GET /BLA/resoluciones/AUTOS%202017/2796.pdf HTTP/1.1" 200 381290
207.46.13.40 - - [16/Oct/2022:13:04:49 -0500] "GET /Publicaciones/2022EE23677.pdf HTTP/1.1" 404 227
186.84.20.161 - - [16/Oct/2022:13:05:07 -0500] "GET /galeria/galeria/jquery.fancybox.css?v=2.1.5 HTTP/1.1" 200 4895
186.84.20.161 - - [16/Oct/2022:13:05:07 -0500] "GET /BLA/boletinlegal/js/jquery.scrollShow.js HTTP/1.1" 200 4586
186.84.20.161 - - [16/Oct/2022:13:05:08 -0500] "GET /galeria/galeria/jquery.fancybox.js?v=2.1.5 HTTP/1.1" 200 48706
172.22.2.4 - - [16/Oct/2022:13:03:34 -0500] "HEAD /BLA/boletinlegal/ HTTP/1.1" 200 -
207.46.13.40 - - [16/Oct/2022:13:05:26 -0500] "GET /BLA/resoluciones/AUTOS%202014/0918.pdf HTTP/1.1" 200 660827
114.119.141.53 - - [16/Oct/2022:13:05:53 -0500] "GET /BLA/resoluciones/RESOLUCIONES%20CONJUNTAS/Resolucion%20conjunta%20CAR%2002%20de%202019.pdf HTTP/1.1" 200 196172
201.245.192.253 - - [16/Oct/2022:13:06:00 -0500] "POST /kwsrmcab/Wsrmcab  HTTP/1.1" 200 43296
172.22.2.4 - - [16/Oct/2022:13:04:24 -0500] "GET /BLA/boletinlegal/ HTTP/1.1" 200 58163
157.55.39.25 - - [16/Oct/2022:13:06:57 -0500] "GET /BLA/resoluciones/RESOLUCIONES%202001/2001%201300-1349.tif HTTP/1.1" 200 4561457
216.245.221.92 - - [16/Oct/2022:13:07:14 -0500] "HEAD / HTTP/1.1" 200 -
114.119.141.51 - - [16/Oct/2022:13:07:39 -0500] "GET /BLA/resoluciones/AUTOS%202010/4580.pdf HTTP/1.1" 200 2143230
114.119.141.42 - - [16/Oct/2022:13:09:28 -0500] "GET /BLA/resoluciones/RESOLUCIONES%202010/3939.pdf HTTP/1.1" 200 503765
201.245.192.253 - - [16/Oct/2022:13:10:59 -0500] "POST /kwsrmcab/Wsrmcab  HTTP/1.1" 200 43296
172.22.2.4 - - [16/Oct/2022:13:09:24 -0500] "HEAD /BLA/boletinlegal/ HTTP/1.1" 200 -
114.119.141.42 - - [16/Oct/2022:13:11:20 -0500] "GET /BLA/resoluciones/RESOLUCIONES%202012/1090.pdf HTTP/1.1" 200 325623
157.55.39.25 - - [16/Oct/2022:13:11:37 -0500] "GET /BLA/resoluciones/00000046.tif HTTP/1.1" 404 1018
172.22.2.4 - - [16/Oct/2022:13:10:14 -0500] "GET /BLA/boletinlegal/ HTTP/1.1" 200 59828
216.245.221.92 - - [16/Oct/2022:13:12:14 -0500] "HEAD / HTTP/1.1" 200 -
207.46.13.190 - - [16/Oct/2022:13:12:18 -0500] "GET /forest/ HTTP/1.1" 200 12041
114.119.141.52 - - [16/Oct/2022:13:13:10 -0500] "GET /BLA/resoluciones/RESOLUCIONES%202010/3644.pdf HTTP/1.1" 200 639778
114.119.141.73 - - [16/Oct/2022:13:15:06 -0500] "GET /BLA/resoluciones/RESOLUCIONES%202010/1496.pdf HTTP/1.1" 200 466365
201.245.192.253 - - [16/Oct/2022:13:15:59 -0500] "POST /kwsrmcab/Wsrmcab  HTTP/1.1" 200 43296
114.119.141.53 - - [16/Oct/2022:13:16:45 -0500] "GET /BLA/resoluciones/RESOLUCIONES%202010/7570.pdf HTTP/1.1" 200 66638
172.22.2.4 - - [16/Oct/2022:13:15:14 -0500] "HEAD /BLA/boletinlegal/ HTTP/1.1" 200 -
216.245.221.92 - - [16/Oct/2022:13:17:14 -0500] "HEAD / HTTP/1.1" 200 -
172.22.2.4 - - [16/Oct/2022:13:16:04 -0500] "GET /BLA/boletinlegal/ HTTP/1.1" 200 59828
114.119.141.53 - - [16/Oct/2022:13:18:34 -0500] "GET /BLA/resoluciones/index.php?dir=Notificaciones/RESOLUCIONES%2B2012/ HTTP/1.1" 200 13362
45.61.185.76 - - [16/Oct/2022:13:19:15 -0500] "POST /boaform/admin/formLogin HTTP/1.1" 404 1186
114.119.132.76 - - [16/Oct/2022:13:20:18 -0500] "GET /BLA/resoluciones/RESOLUCIONES%202010/7488.pdf HTTP/1.1" 200 36860
186.85.50.94 - - [16/Oct/2022:13:20:45 -0500] "GET /la-secretaria-de-ambiente-abre-nueva-convocatoria-para-su-programa-de-voluntariado-ambiental.html HTTP/1.1" 200 976
201.245.192.253 - - [16/Oct/2022:13:20:58 -0500] "POST /kwsrmcab/Wsrmcab  HTTP/1.1" 200 43296
201.245.192.253 - - [16/Oct/2022:13:21:49 -0500] "POST /kwsrmcab/Wsrmcab HTTP/1.1" 200 43264
201.245.192.253 - - [16/Oct/2022:13:21:52 -0500] "POST /kwsrmcab/Wsrmcab HTTP/1.1" 200 43436
207.46.13.84 - - [16/Oct/2022:13:21:55 -0500] "GET /Publicaciones/2022EE28590.pdf HTTP/1.1" 404 227
114.119.132.76 - - [16/Oct/2022:13:21:56 -0500] "GET /BLA/resoluciones/RESOLUCIONES%202010/0822.pdf HTTP/1.1" 200 109032
207.46.13.190 - - [16/Oct/2022:13:22:09 -0500] "GET /BLA/resoluciones/RESOLUCIONES%202000/2000%201000-1049.tif HTTP/1.1" 200 3859139
216.245.221.92 - - [16/Oct/2022:13:22:14 -0500] "HEAD / HTTP/1.1" 200 -
172.22.2.4 - - [16/Oct/2022:13:21:04 -0500] "HEAD /BLA/boletinlegal/ HTTP/1.1" 200 -
45.61.185.198 - - [16/Oct/2022:13:23:04 -0500] "GET /config/getuser?index=0 HTTP/1.1" 404 1018
172.22.2.4 - - [16/Oct/2022:13:21:54 -0500] "GET /BLA/boletinlegal/ HTTP/1.1" 200 59828
114.119.141.69 - - [16/Oct/2022:13:23:38 -0500] "GET /BLA/resoluciones/RESOLUCIONES%202007/RES%202007%201401%20AL%201500/RESOLUCION%201467%20DE%202007.pdf HTTP/1.1" 200 531819
207.46.13.84 - - [16/Oct/2022:13:23:54 -0500] "GET /BLA/resoluciones/00001070.tif HTTP/1.1" 404 1018
172.22.2.4 - - [16/Oct/2022:13:25:04 -0500] "GET /BLA/boletinlegal/style.css HTTP/1.1" 200 9406
172.22.2.4 - - [16/Oct/2022:13:25:04 -0500] "GET /BLA/boletinlegal/js/jquery.scrollTo-min.js HTTP/1.1" 200 1150
172.22.2.4 - - [16/Oct/2022:13:25:04 -0500] "GET /BLA/boletinlegal/js/jquery.js HTTP/1.1" 200 57254
172.22.2.4 - - [16/Oct/2022:13:25:04 -0500] "GET /BLA/boletinlegal/styles2.css HTTP/1.1" 200 1838
172.22.2.4 - - [16/Oct/2022:13:25:04 -0500] "GET /BLA/boletinlegal/js/jquery.scrollShow.js HTTP/1.1" 200 4586
172.22.2.4 - - [16/Oct/2022:13:25:04 -0500] "GET /BLA/boletinlegal/images/cabezote%20BLEGAL.jpg HTTP/1.1" 200 118164
172.22.2.4 - - [16/Oct/2022:13:25:04 -0500] "GET /BLA/boletinlegal/images/subscribe-icon-big.png HTTP/1.1" 200 47702
172.22.2.4 - - [16/Oct/2022:13:25:04 -0500] "GET /BLA/boletinlegal/images/historia.png HTTP/1.1" 200 52775
172.22.2.4 - - [16/Oct/2022:13:25:04 -0500] "GET /BLA/boletinlegal/images/registro-usuarios.png HTTP/1.1" 200 8106
172.22.2.4 - - [16/Oct/2022:13:25:04 -0500] "GET /BLA/boletinlegal/images/arr_l.jpg HTTP/1.1" 200 1979
172.22.2.4 - - [16/Oct/2022:13:25:04 -0500] "GET /BLA/boletinlegal/images/screen_1.png HTTP/1.1" 200 202547
172.22.2.4 - - [16/Oct/2022:13:25:04 -0500] "GET /BLA/boletinlegal/images/launch.jpg HTTP/1.1" 200 14577
172.22.2.4 - - [16/Oct/2022:13:25:04 -0500] "GET /BLA/boletinlegal/images/body_bg.jpg HTTP/1.1" 200 1601
172.22.2.4 - - [16/Oct/2022:13:25:04 -0500] "GET /BLA/boletinlegal/images/menu_lft.gif HTTP/1.1" 200 1713
172.22.2.4 - - [16/Oct/2022:13:25:04 -0500] "GET /BLA/boletinlegal/images/menu_rght.gif HTTP/1.1" 200 1627
172.22.2.4 - - [16/Oct/2022:13:25:04 -0500] "GET /BLA/boletinlegal/images/bg_top.jpg HTTP/1.1" 200 522
172.22.2.4 - - [16/Oct/2022:13:25:04 -0500] "GET /BLA/boletinlegal/images/menu_bg.jpg HTTP/1.1" 200 620
172.22.2.4 - - [16/Oct/2022:13:25:04 -0500] "GET /BLA/boletinlegal/images/hover.jpg HTTP/1.1" 200 640
172.22.2.4 - - [16/Oct/2022:13:25:04 -0500] "GET /BLA/boletinlegal/images/text.jpg HTTP/1.1" 200 568
172.22.2.4 - - [16/Oct/2022:13:25:11 -0500] "GET /BLA/boletinlegal/images/screen_2.png HTTP/1.1" 200 362502
172.22.2.4 - - [16/Oct/2022:13:25:11 -0500] "GET /BLA/boletinlegal/images/screen_3.png HTTP/1.1" 200 210620
172.22.2.4 - - [16/Oct/2022:13:25:11 -0500] "GET /BLA/boletinlegal/images/arr_r.jpg HTTP/1.1" 200 1998
172.22.2.4 - - [16/Oct/2022:13:25:11 -0500] "GET /BLA/boletinlegal/images/screen_5.png HTTP/1.1" 200 368876
172.22.2.4 - - [16/Oct/2022:13:25:11 -0500] "GET /BLA/boletinlegal/images/footer_bg.jpg HTTP/1.1" 200 586
179.32.141.152 - - [16/Oct/2022:13:25:11 -0500] "GET /BLA/resoluciones/index.php?dir=AUTOS+2012%2F HTTP/1.1" 200 274196
172.22.2.4 - - [16/Oct/2022:13:25:19 -0500] "GET /BLA/boletinlegal/images/pdf.gif HTTP/1.1" 200 567
114.119.141.69 - - [16/Oct/2022:13:25:21 -0500] "GET /BLA/resoluciones/RESOLUCIONES%202010/1251.pdf HTTP/1.1" 200 95769
172.22.2.4 - - [16/Oct/2022:13:25:56 -0500] "GET /BLA/boletinlegal/actos.php HTTP/1.1" 200 9566
172.22.2.4 - - [16/Oct/2022:13:25:57 -0500] "GET /BLA/boletinlegal/js/ajax_actos.js HTTP/1.1" 200 1322
172.22.2.4 - - [16/Oct/2022:13:25:57 -0500] "GET /BLA/boletinlegal/niceforms-default.css HTTP/1.1" 200 6694
172.22.2.4 - - [16/Oct/2022:13:25:57 -0500] "GET /BLA/boletinlegal/js/lib.js HTTP/1.1" 200 6474
172.22.2.4 - - [16/Oct/2022:13:25:57 -0500] "GET /BLA/boletinlegal/js/popup.js HTTP/1.1" 200 1270
172.22.2.4 - - [16/Oct/2022:13:25:57 -0500] "GET /BLA/boletinlegal/niceforms.js HTTP/1.1" 200 22876
172.22.2.4 - - [16/Oct/2022:13:25:57 -0500] "GET /BLA/boletinlegal/js/jquery1.js HTTP/1.1" 200 29846
172.22.2.4 - - [16/Oct/2022:13:25:57 -0500] "GET /BLA/boletinlegal/images/green-yellow-blue-pink-th.png HTTP/1.1" 200 7394
172.22.2.4 - - [16/Oct/2022:13:25:57 -0500] "GET /BLA/boletinlegal/images/tel.png HTTP/1.1" 200 14477
172.22.2.4 - - [16/Oct/2022:13:25:57 -0500] "GET /BLA/boletinlegal/images/icono-email.png HTTP/1.1" 200 5544
172.22.2.4 - - [16/Oct/2022:13:25:57 -0500] "GET /BLA/boletinlegal/images/footer_bg_l.jpg HTTP/1.1" 200 776
172.22.2.4 - - [16/Oct/2022:13:25:57 -0500] "GET /BLA/boletinlegal/img/0.png HTTP/1.1" 200 110
172.22.2.4 - - [16/Oct/2022:13:25:57 -0500] "GET /BLA/boletinlegal/img/select-left.png HTTP/1.1" 200 263
172.22.2.4 - - [16/Oct/2022:13:25:57 -0500] "GET /BLA/boletinlegal/img/select-right.png HTTP/1.1" 200 44019
172.22.2.4 - - [16/Oct/2022:13:25:57 -0500] "GET /BLA/boletinlegal/img/button.png HTTP/1.1" 200 43241
172.22.2.4 - - [16/Oct/2022:13:25:57 -0500] "GET /BLA/boletinlegal/img/button-right.png HTTP/1.1" 200 57878
172.22.2.4 - - [16/Oct/2022:13:25:57 -0500] "GET /BLA/boletinlegal/img/button-left.png HTTP/1.1" 200 57071
172.22.2.4 - - [16/Oct/2022:13:25:57 -0500] "GET /BLA/boletinlegal/favicon.ico HTTP/1.1" 404 1326
201.245.192.253 - - [16/Oct/2022:13:25:57 -0500] "POST /kwsrmcab/Wsrmcab  HTTP/1.1" 200 43296
172.22.2.4 - - [16/Oct/2022:13:25:04 -0500] "GET /BLA/boletinlegal/ HTTP/1.1" 200 53195
114.119.141.52 - - [16/Oct/2022:13:26:58 -0500] "GET /BLA/resoluciones/AUTOS%202012/0403.pdf HTTP/1.1" 200 290311
216.245.221.92 - - [16/Oct/2022:13:27:14 -0500] "HEAD / HTTP/1.1" 200 -
172.22.2.4 - - [16/Oct/2022:13:26:54 -0500] "HEAD /BLA/boletinlegal/ HTTP/1.1" 200 -
114.119.141.69 - - [16/Oct/2022:13:28:43 -0500] "GET /BLA/resoluciones/RESOLUCIONES%202010/4126.pdf HTTP/1.1" 200 761271
172.22.2.4 - - [16/Oct/2022:13:27:44 -0500] "GET /BLA/boletinlegal/ HTTP/1.1" 200 58163
190.27.79.204 - - [16/Oct/2022:13:29:30 -0500] "GET /BLA/resoluciones/ HTTP/1.1" 200 13093
190.27.79.204 - - [16/Oct/2022:13:29:31 -0500] "GET /BLA/resoluciones/dlf/folder.png HTTP/1.1" 200 410
190.27.79.204 - - [16/Oct/2022:13:29:35 -0500] "GET /BLA/resoluciones/index.php?dir=RESOLUCIONES+2011%2F HTTP/1.1" 200 746823
114.119.141.53 - - [16/Oct/2022:13:30:28 -0500] "GET /BLA/resoluciones/RESOLUCIONES%202010/1003.pdf HTTP/1.1" 200 113138
23.100.232.233 - - [16/Oct/2022:13:30:34 -0500] "GET /galeria/galeria/jquery.fancybox.css?v=2.1.5 HTTP/1.1" 200 4895
23.100.232.233 - - [16/Oct/2022:13:30:34 -0500] "GET /galeria/galeria/jquery.fancybox.js?v=2.1.5 HTTP/1.1" 200 48706
172.22.2.4 - - [16/Oct/2022:13:30:50 -0500] "GET /BLA/boletinlegal/images/registro-usuarios.png HTTP/1.1" 304 -
172.22.2.4 - - [16/Oct/2022:13:30:51 -0500] "GET /BLA/boletinlegal/actos.php HTTP/1.1" 200 9566
172.22.2.4 - - [16/Oct/2022:13:30:51 -0500] "GET /BLA/boletinlegal/images/tel.png HTTP/1.1" 304 -
172.22.2.4 - - [16/Oct/2022:13:30:51 -0500] "GET /BLA/boletinlegal/images/icono-email.png HTTP/1.1" 304 -
172.22.2.4 - - [16/Oct/2022:13:30:51 -0500] "GET /BLA/boletinlegal/favicon.ico HTTP/1.1" 404 1230
161.18.172.237 - - [16/Oct/2022:13:30:54 -0500] "GET /BLA/resoluciones/ HTTP/1.1" 200 13093
161.18.172.237 - - [16/Oct/2022:13:30:54 -0500] "GET /favicon.ico HTTP/1.1" 200 7782
190.27.79.204 - - [16/Oct/2022:13:30:55 -0500] "GET /BLA/resoluciones/RESOLUCIONES%202011/2239.pdf HTTP/1.1" 200 760266
201.245.192.253 - - [16/Oct/2022:13:30:55 -0500] "POST /kwsrmcab/Wsrmcab  HTTP/1.1" 200 43296
172.22.2.4 - - [16/Oct/2022:13:30:50 -0500] "GET /BLA/boletinlegal/ HTTP/1.1" 200 24523
201.245.192.253 - - [16/Oct/2022:13:31:49 -0500] "POST /kwsrmcab/Wsrmcab HTTP/1.1" 200 43264
201.245.192.253 - - [16/Oct/2022:13:31:51 -0500] "POST /kwsrmcab/Wsrmcab HTTP/1.1" 200 43436
114.119.141.71 - - [16/Oct/2022:13:32:11 -0500] "GET /BLA/resoluciones/RESOLUCIONES%202007/RES%202007%202701%20AL%202800/RESOLUCION%202766%20%20DE%202007.pdf HTTP/1.1" 200 582060
216.245.221.92 - - [16/Oct/2022:13:32:14 -0500] "HEAD / HTTP/1.1" 200 -
179.32.141.152 - - [16/Oct/2022:13:32:20 -0500] "GET /BLA/resoluciones/index.php?dir=AUTOS+2013%2F HTTP/1.1" 200 406613
161.18.172.237 - - [16/Oct/2022:13:33:38 -0500] "GET /BLA/resoluciones/index.php?dir=RESOLUCIONES+2018%2F HTTP/1.1" 200 271266
114.119.141.52 - - [16/Oct/2022:13:33:45 -0500] "GET /BLA/resoluciones/RESOLUCIONES%202008/0924.pdf HTTP/1.1" 200 243614
185.233.116.183 - - [16/Oct/2022:13:34:15 -0500] "GET /appsia/controlador HTTP/1.1" 200 4799
172.22.2.4 - - [16/Oct/2022:13:32:44 -0500] "HEAD /BLA/boletinlegal/ HTTP/1.1" 200 -
172.22.2.4 - - [16/Oct/2022:13:33:34 -0500] "GET /BLA/boletinlegal/ HTTP/1.1" 200 59828
114.119.141.73 - - [16/Oct/2022:13:35:27 -0500] "GET /BLA/resoluciones/index.php?dir=Notificaciones/RESOLUCIONES%2B2016/ HTTP/1.1" 200 13362
201.245.192.253 - - [16/Oct/2022:13:35:54 -0500] "POST /kwsrmcab/Wsrmcab  HTTP/1.1" 200 43296
114.119.132.76 - - [16/Oct/2022:13:37:08 -0500] "GET /BLA/resoluciones/RESOLUCIONES%202010/6055.pdf HTTP/1.1" 200 623067
216.245.221.92 - - [16/Oct/2022:13:37:14 -0500] "HEAD / HTTP/1.1" 200 -
181.62.197.121 - - [16/Oct/2022:13:37:43 -0500] "GET /galeria/galeria/jquery.fancybox.css?v=2.1.5 HTTP/1.1" 200 4895
181.62.197.121 - - [16/Oct/2022:13:37:43 -0500] "GET /BLA/boletinlegal/js/jquery.scrollShow.js HTTP/1.1" 200 4586
181.62.197.121 - - [16/Oct/2022:13:37:43 -0500] "GET /galeria/galeria/jquery.fancybox.js?v=2.1.5 HTTP/1.1" 200 48706
114.119.141.51 - - [16/Oct/2022:13:38:45 -0500] "GET /BLA/resoluciones/RESOLUCIONES%202013/0175.pdf HTTP/1.1" 200 1481132
172.22.2.4 - - [16/Oct/2022:13:38:34 -0500] "HEAD /BLA/boletinlegal/ HTTP/1.1" 200 -
114.119.141.71 - - [16/Oct/2022:13:40:25 -0500] "GET /BLA/resoluciones/AUTOS%202013/1103.pdf HTTP/1.1" 200 1710497
201.245.192.253 - - [16/Oct/2022:13:40:54 -0500] "POST /kwsrmcab/Wsrmcab  HTTP/1.1" 200 43296
172.22.2.4 - - [16/Oct/2022:13:39:24 -0500] "GET /BLA/boletinlegal/ HTTP/1.1" 200 59828
201.245.192.253 - - [16/Oct/2022:13:41:49 -0500] "POST /kwsrmcab/Wsrmcab HTTP/1.1" 200 43264
201.245.192.253 - - [16/Oct/2022:13:41:51 -0500] "POST /kwsrmcab/Wsrmcab HTTP/1.1" 200 43436
114.119.141.53 - - [16/Oct/2022:13:42:05 -0500] "GET /BLA/resoluciones/RESOLUCIONES%202016/1584.pdf HTTP/1.1" 200 729125
216.245.221.92 - - [16/Oct/2022:13:42:14 -0500] "HEAD / HTTP/1.1" 200 -
207.46.13.190 - - [16/Oct/2022:13:42:42 -0500] "GET /Publicaciones/2022EE244086.pdf HTTP/1.1" 404 228
114.119.141.73 - - [16/Oct/2022:13:43:46 -0500] "GET /BLA/resoluciones/RESOLUCIONES%202018/0065.pdf HTTP/1.1" 200 648506
157.55.39.154 - - [16/Oct/2022:13:44:08 -0500] "GET /portaldeninos/wp-content/uploads/2018/10/oso.jpg HTTP/1.1" 200 305180
191.102.224.199 - - [16/Oct/2022:13:44:27 -0500] "GET /BLA/resoluciones/index.php?dir=AUTOS+2011%2F HTTP/1.1" 200 636098
191.102.224.199 - - [16/Oct/2022:13:44:29 -0500] "GET /BLA/resoluciones/dlf/dirup.png HTTP/1.1" 200 644
191.102.224.199 - - [16/Oct/2022:13:44:30 -0500] "GET /BLA/resoluciones/dlf/pdf.gif HTTP/1.1" 200 272
191.102.224.199 - - [16/Oct/2022:13:44:31 -0500] "GET /BLA/resoluciones/dlf/styles.css HTTP/1.1" 200 3049
191.102.224.199 - - [16/Oct/2022:13:44:32 -0500] "GET /BLA/resoluciones/dlf/bg.gif HTTP/1.1" 200 54
181.61.209.141 - - [16/Oct/2022:13:44:43 -0500] "GET /BLA/resoluciones/index.php?dir= HTTP/1.1" 200 13093
181.61.209.141 - - [16/Oct/2022:13:44:46 -0500] "GET /BLA/resoluciones/index.php?dir=AUTOS+2014%2F HTTP/1.1" 200 883517
181.61.209.141 - - [16/Oct/2022:13:44:48 -0500] "GET /BLA/resoluciones/dlf/unknown.png HTTP/1.1" 200 266
181.61.209.141 - - [16/Oct/2022:13:45:10 -0500] "GET /BLA/resoluciones/AUTOS%202014/3761.pdf HTTP/1.1" 200 288834
114.119.141.73 - - [16/Oct/2022:13:45:23 -0500] "GET /BLA/resoluciones/RESOLUCIONES%202015/0819.pdf HTTP/1.1" 200 6424033
201.245.192.253 - - [16/Oct/2022:13:45:54 -0500] "POST /kwsrmcab/Wsrmcab  HTTP/1.1" 200 43296
172.22.2.4 - - [16/Oct/2022:13:44:24 -0500] "HEAD /BLA/boletinlegal/ HTTP/1.1" 200 -
172.22.2.4 - - [16/Oct/2022:13:45:14 -0500] "GET /BLA/boletinlegal/ HTTP/1.1" 200 58163
114.119.141.42 - - [16/Oct/2022:13:46:59 -0500] "GET /BLA/resoluciones/RESOLUCIONES%202010/2488.pdf HTTP/1.1" 200 440554
216.245.221.92 - - [16/Oct/2022:13:47:14 -0500] "HEAD / HTTP/1.1" 200 -
201.245.192.253 - - [16/Oct/2022:13:48:25 -0500] "GET /appsia/controlador HTTP/1.1" 200 4799
201.245.192.253 - - [16/Oct/2022:13:48:25 -0500] "GET /appsia/scripts/validarIngreso.js HTTP/1.1" 200 851
201.245.192.253 - - [16/Oct/2022:13:48:25 -0500] "GET /appsia/css/estilos.css HTTP/1.1" 200 4804
201.245.192.253 - - [16/Oct/2022:13:48:25 -0500] "GET /appsia/images/cabezoteHojaVida.png HTTP/1.1" 200 32493
201.245.192.253 - - [16/Oct/2022:13:48:25 -0500] "GET /appsia/images/logo_bogota_p.png HTTP/1.1" 200 14951
201.245.192.253 - - [16/Oct/2022:13:48:25 -0500] "GET /favicon.ico HTTP/1.1" 200 7782
114.119.141.42 - - [16/Oct/2022:13:48:40 -0500] "GET /BLA/resoluciones/RESOLUCIONES%202010/0158.pdf HTTP/1.1" 200 654478
201.245.192.253 - - [16/Oct/2022:13:48:55 -0500] "POST /appsia/controlador HTTP/1.1" 200 4621
201.245.192.253 - - [16/Oct/2022:13:48:57 -0500] "POST /appsia/controlador HTTP/1.1" 200 7726
201.245.192.253 - - [16/Oct/2022:13:48:57 -0500] "GET /appsia/images/logo_escudo.png HTTP/1.1" 200 36965
207.46.13.190 - - [16/Oct/2022:13:49:42 -0500] "GET /BLA/resoluciones/AUTOS%202022/4516.pdf HTTP/1.1" 200 365703
201.245.192.253 - - [16/Oct/2022:13:49:58 -0500] "POST /appsia/controlador HTTP/1.1" 200 4621
201.245.192.253 - - [16/Oct/2022:13:49:59 -0500] "POST /appsia/controlador HTTP/1.1" 200 4799
114.119.141.52 - - [16/Oct/2022:13:50:16 -0500] "GET /BLA/resoluciones/RESOLUCIONES%202010/6316.pdf HTTP/1.1" 200 2547969
201.245.192.253 - - [16/Oct/2022:13:50:52 -0500] "POST /kwsrmcab/Wsrmcab  HTTP/1.1" 200 43296
207.46.13.84 - - [16/Oct/2022:13:51:47 -0500] "GET /BLA/resoluciones/00000044.tif HTTP/1.1" 404 1018
172.22.2.4 - - [16/Oct/2022:13:50:14 -0500] "HEAD /BLA/boletinlegal/ HTTP/1.1" 200 -
114.119.141.71 - - [16/Oct/2022:13:51:57 -0500] "GET /BLA/resoluciones/RESOLUCIONES%202010/4447.pdf HTTP/1.1" 200 518982
216.245.221.92 - - [16/Oct/2022:13:52:14 -0500] "HEAD / HTTP/1.1" 200 -
172.22.2.4 - - [16/Oct/2022:13:51:04 -0500] "GET /BLA/boletinlegal/ HTTP/1.1" 200 59828
114.119.141.42 - - [16/Oct/2022:13:53:32 -0500] "GET /BLA/resoluciones/RESOLUCIONES%202010/5899.pdf HTTP/1.1" 200 313906
186.155.16.148 - - [16/Oct/2022:13:53:48 -0500] "GET /galeria/galeria/jquery.fancybox.css?v=2.1.5 HTTP/1.1" 200 4895
186.155.16.148 - - [16/Oct/2022:13:53:48 -0500] "GET /BLA/boletinlegal/js/jquery.scrollShow.js HTTP/1.1" 200 4586
186.155.16.148 - - [16/Oct/2022:13:53:48 -0500] "GET /galeria/galeria/jquery.fancybox.js?v=2.1.5 HTTP/1.1" 200 48706
186.155.16.148 - - [16/Oct/2022:13:53:49 -0500] "GET /galeria/carrusel/Carrusel/jquery.thumbnailScroller.css HTTP/1.1" 200 2066
186.155.16.148 - - [16/Oct/2022:13:53:49 -0500] "GET /galeria/carrusel/Carrusel/jquery-ui-1.8.13.custom.min.js HTTP/1.1" 200 10800
186.155.16.148 - - [16/Oct/2022:13:53:49 -0500] "GET /galeria/carrusel/Carrusel/jquery.thumbnailScroller.js HTTP/1.1" 200 8157
186.155.16.148 - - [16/Oct/2022:13:53:50 -0500] "GET /galeria/nivo-slider/demo/banner.html HTTP/1.1" 200 5446
186.155.16.148 - - [16/Oct/2022:13:53:50 -0500] "GET /galeria/nivo-slider/themes/default/default.css HTTP/1.1" 200 1569
186.155.16.148 - - [16/Oct/2022:13:53:50 -0500] "GET /galeria/nivo-slider/themes/pascal/pascal.css HTTP/1.1" 200 2258
186.155.16.148 - - [16/Oct/2022:13:53:50 -0500] "GET /galeria/nivo-slider/themes/orman/orman.css HTTP/1.1" 200 2152
186.155.16.148 - - [16/Oct/2022:13:53:50 -0500] "GET /galeria/nivo-slider/nivo-slider.css HTTP/1.1" 200 1507
186.155.16.148 - - [16/Oct/2022:13:53:50 -0500] "GET /galeria/nivo-slider/demo/style.css HTTP/1.1" 200 2222
186.155.16.148 - - [16/Oct/2022:13:53:50 -0500] "GET /galeria/nivo-slider/demo/scripts/jquery-1.7.1.min.js HTTP/1.1" 200 93868
186.155.16.148 - - [16/Oct/2022:13:53:50 -0500] "GET /galeria/nivo-slider/demo/images/bannerclases2021.jpg HTTP/1.1" 200 68230
186.155.16.148 - - [16/Oct/2022:13:53:50 -0500] "GET /galeria/nivo-slider/demo/images/Bannersedeelectronica.jpg HTTP/1.1" 200 40383
186.155.16.148 - - [16/Oct/2022:13:53:50 -0500] "GET /galeria/nivo-slider/demo/images/bannerrutaesperanza.jpg HTTP/1.1" 200 55560
173.252.95.118 - - [16/Oct/2022:13:53:50 -0500] "GET /actividades-para-celebrar-el-dia-del-rio-bogota.html HTTP/1.1" 206 805
186.155.16.148 - - [16/Oct/2022:13:53:50 -0500] "GET /galeria/nivo-slider/demo/images/bannercapacitacionesbogota.jpg HTTP/1.1" 200 42416
186.155.16.148 - - [16/Oct/2022:13:53:51 -0500] "GET /galeria/nivo-slider/demo/images/Bannermujeresquereverdecen.jpg HTTP/1.1" 200 46558
186.155.16.148 - - [16/Oct/2022:13:53:51 -0500] "GET /galeria/nivo-slider/demo/images/bannertrafico_optimized.jpg HTTP/1.1" 200 42578
186.155.16.148 - - [16/Oct/2022:13:53:53 -0500] "GET /galeria/nivo-slider/demo/images/banneraccionpopular.jpeg HTTP/1.1" 200 41707
186.155.16.148 - - [16/Oct/2022:13:53:53 -0500] "GET /galeria/nivo-slider/demo/images/banneraire2021.jpg HTTP/1.1" 200 265101
186.155.16.148 - - [16/Oct/2022:13:53:53 -0500] "GET /galeria/nivo-slider/demo/images/Bannerplasticosseptiembre.jpg HTTP/1.1" 200 45633
186.155.16.148 - - [16/Oct/2022:13:53:54 -0500] "GET /galeria/nivo-slider/demo/images/Bannervirtualescanales.jpg HTTP/1.1" 200 174544
186.155.16.148 - - [16/Oct/2022:13:53:55 -0500] "GET /galeria/nivo-slider/demo/images/banneraccionpopularcrr68.jpg HTTP/1.1" 200 51887
186.155.16.148 - - [16/Oct/2022:13:53:57 -0500] "GET /galeria/nivo-slider/demo/images/Bannerenvases.jpg HTTP/1.1" 200 37316
186.155.16.148 - - [16/Oct/2022:13:53:57 -0500] "GET /galeria/nivo-slider/demo/images/bannerresiduoshospitalariosagosto.jpg HTTP/1.1" 200 36499
186.155.16.148 - - [16/Oct/2022:13:53:57 -0500] "GET /galeria/nivo-slider/themes/default/loading.gif HTTP/1.1" 200 1737
186.155.16.148 - - [16/Oct/2022:13:53:57 -0500] "GET /galeria/nivo-slider/demo/images/4Simple_Slider.png HTTP/1.1" 200 11722
186.155.16.148 - - [16/Oct/2022:13:53:57 -0500] "GET /galeria/nivo-slider/demo/images/bannertortuga_optimized.jpg HTTP/1.1" 200 39066
186.155.16.148 - - [16/Oct/2022:13:53:57 -0500] "GET /galeria/nivo-slider/jquery.nivo.slider.pack.js HTTP/1.1" 200 11561
186.155.16.148 - - [16/Oct/2022:13:54:02 -0500] "GET /galeria/nivo-slider/themes/default/arrows.png HTTP/1.1" 200 824
186.155.16.148 - - [16/Oct/2022:13:54:02 -0500] "GET /galeria/nivo-slider/themes/default/bullets.png HTTP/1.1" 200 1281
114.119.141.42 - - [16/Oct/2022:13:55:13 -0500] "GET /BLA/resoluciones/RESOLUCIONES%202010/7208.pdf HTTP/1.1" 200 111024
201.245.192.253 - - [16/Oct/2022:13:55:50 -0500] "POST /kwsrmcab/Wsrmcab  HTTP/1.1" 200 43296
114.119.132.76 - - [16/Oct/2022:13:56:47 -0500] "GET /BLA/resoluciones/RESOLUCIONES%202010/6696.pdf HTTP/1.1" 200 767222
216.245.221.92 - - [16/Oct/2022:13:57:14 -0500] "HEAD / HTTP/1.1" 200 -
172.22.2.4 - - [16/Oct/2022:13:56:04 -0500] "HEAD /BLA/boletinlegal/ HTTP/1.1" 200 -
114.119.141.51 - - [16/Oct/2022:13:58:25 -0500] "GET /BLA/resoluciones/RESOLUCIONES%202010/0066.pdf HTTP/1.1" 200 494897
172.22.2.4 - - [16/Oct/2022:13:56:54 -0500] "GET /BLA/boletinlegal/ HTTP/1.1" 200 59828
114.119.132.76 - - [16/Oct/2022:14:00:03 -0500] "GET /BLA/resoluciones/RESOLUCIONES%202010/6017.pdf HTTP/1.1" 200 686580
201.245.192.253 - - [16/Oct/2022:14:00:50 -0500] "POST /kwsrmcab/Wsrmcab  HTTP/1.1" 200 43296
114.119.141.52 - - [16/Oct/2022:14:01:42 -0500] "GET /BLA/resoluciones/RESOLUCIONES%202010/1018.pdf HTTP/1.1" 200 113972
66.249.73.97 - - [16/Oct/2022:14:02:08 -0500] "-" 408 -
216.245.221.92 - - [16/Oct/2022:14:02:14 -0500] "HEAD / HTTP/1.1" 200 -
186.102.15.75 - - [16/Oct/2022:14:02:52 -0500] "GET /kwssiamovil/sm/ldap/au?x=U2FsdGVkX1+TwYvbKgwhk0BUMQpd5D+BcYaIVuTypoS7+rB4dE36FWqxOq58aA/0uRadT8LoK4MdkmBjLEdYzg==&y=U2FsdGVkX19WDdJGr3fl3zyQRe+Wy3MWSV5GhJg5j9tjkFhz+94ybRbmlLPQLLa8 HTTP/1.1" 200 31
186.102.15.75 - - [16/Oct/2022:14:02:58 -0500] "GET /kwssiamovil/sm/ldap/au?x=U2FsdGVkX18RZ51rPF7t3VYleG7/233nsYTk8uxxbsL2E+3IsF1OHsf0p5Ak9gns/KG2qTk6HFGkSVnJj2btbw==&y=U2FsdGVkX18JNViHJ1n3qJkepH61s5XyBW6frEn3c8E4gSeapRZ8xl0W6dS6HG9I HTTP/1.1" 200 30
186.102.15.75 - - [16/Oct/2022:14:02:59 -0500] "GET /kwssiamovil/sm/acme/s?s=U2FsdGVkX1+s2IqfSxNlajV2l4OwNuAtrZE3Pk1uxmlpvNsgP93jD68q54kFumKytveeAu/Kp+V/lHf6MAQiv569l2diiZzI57Cvxdz2n7Q=&u=U2FsdGVkX1/wZxRMtWEsXGmtdmA1qn65ksz6Oo6gYfJ4QsVJKun5212KFnMyQbjj&y=U2FsdGVkX18JNViHJ1n3qJkepH61s5XyBW6frEn3c8E4gSeapRZ8xl0W6dS6HG9I HTTP/1.1" 200 97
186.102.15.75 - - [16/Oct/2022:14:02:59 -0500] "GET /kwssiamovil/sm/acme/s?s=U2FsdGVkX1+IyvxnS4fKT2sSodKqakVM9dIv7+tse00p9slgaUJ4dX6F2yz0lY09EQDShP6b7cVh4UPGzt9Hl9cdpcxr2EN/Q60IhSclQzz91FWE5dw/TPMcsruT5XsW2eVVzrglrdF/Cv5yLWRa4+SZ9W1V2RplzrrTsP+SsdhIrl8RJwtaILOUdPgbv3z80JAfZYFZRlqADB1Z6PKcMuFNqgRfYp1t/xqEdCXo4JZEpsylyTLOAeKsEqN9WhKgqpaK5FC9i34rEkhSHUPnRbMP8dJpIa+5qKdgdXskWAMm7KWXtP2qSo4C+DTgPOsAElEQsWL03hM4Wji9yibxKReSHyR54ajnzIxh/IXJICM1pqerbZLGrvwi8FaI6gOLSDCXPZBsYHCHUUEDgLjPBcweN/m12RxVGyBzwzAh5ySfIHueBM/RVe/gmIB4XmwYppWifv/V/6AIvJWadHFQPl78CL7Si/r1O0wCicXBb0p5NzaW2jxf0UiE4pFsMTzdj/9dGdRazHkg9w7taaSV8HpE7brOaRveqtSH4GeGRiRz4170uSCB0eZwPeAmYx19+laU/aVArZlsoHmOS414rgaqgAV8Xwx600KoriXZfTJ4XdpFfU5MHchezpJ0Na/BB072BeA9uBXNRB6AfWcE/8fKsmgFdD8rF8r+6pO3xwBDTHEmMo/rD5KTuTByj4Ntm+0JizAwEmSgOVQJGqUZ35YU7C+J9msAyyiHtLZIQV8bSV+M6sUMaHkYMYUX6ixkeqL6AgrnLKs5sBgrhMZTLKsWNhgtyzTv1DjWWLjO9/t2hpJw2HqE3tujdD9PtAaK1ICUIrOutg4DeKZpcuHEprgiJI5GJ3hsXZP9glD1u8U3B9vyRBvB4COZlC7Dmh24ah5uESlbz9wRVsp9OWn/2g1lYAUA1Z77UywPLQWMDqK/iWW5B3fGjdsCTQDq2AaUmM0DiT7utHrhvLdpCA4XgMl6nO2eRvJGXoFS2hi1AFcz/Ig1ykkkBnFK4ZGuonXRH3pNtpeFRYBsvFuqd3NQH1rhWvLUbTmM7YWXiYZSKijPAkioeBuSeTRp5FSIWoqcU3cHptm2Nl7OeIve2ivresp/gXHQb45QHQqLVtay5km9Z0cYyP26Z9TT7bAof/uWZ9pcHzngkYfOLXvdhYu+G+0Dm/TwdrS49EFSuVmOxsRJmY5SR5YC9pTCtcirVsPSuLqN7+Zl70BcRWfQ4s4NaaAZsGKxNElq+BzR47mwoQUerUvmRykZS0APlckaUZr8//td01uZFji8asP9SkdCcW1en03e3KVcmlCJWxoqse1/mV/YquBHrjJZ06gtoEBZc3MmgWVUkI42wlztVCRYjBzAqZ2peS6yyuM+fBtdPx+6VJX7MQPIXjEMPi2Texg6m6NmOjLQ6YF/oNkIY05XMBcm9p3Tp6DT47cVAvOdsL8=&u=U2FsdGVkX1/wZxRMtWEsXGmtdmA1qn65ksz6Oo6gYfJ4QsVJKun5212KFnMyQbjj&y=U2FsdGVkX18JNViHJ1n3qJkepH61s5XyBW6frEn3c8E4gSeapRZ8xl0W6dS6HG9I HTTP/1.1" 200 4296
186.102.15.75 - - [16/Oct/2022:14:02:59 -0500] "GET /kwssiamovil/sm/acme/s?s=U2FsdGVkX18qgwiEC2RSpHMqp+B5jBGxl/Ttr0Bb2zRlPpnU5YI9l1buBBCYnxoIZqY0QbrE5/Ab7G/f4WJg57YymgRiSZSD9uraDhYhJBcm/8n9H9YiQ4f9UVR9htaNETNtkuUj66cSWdtCDWb+++Jeojuz7YNQaVXcfZadZfuDhxEomytwUNg3IzorfbMiwKqm0e1hEfLg3dPOxNaCsG9zmbawEXSWN+gHi6WuQbJ2WfptvO5Eb655APf+xNOgyazO8m8e7uOEUW69VP5wBvyIj1TjPgoRAjtzy6TqvJa0DW51FBHHNNiaQ8OeZmRoJvhR5Y38TxxlVm1ZxwX6/0Am/owOvTu0gKMngrK+nLo=&u=U2FsdGVkX1/wZxRMtWEsXGmtdmA1qn65ksz6Oo6gYfJ4QsVJKun5212KFnMyQbjj&y=U2FsdGVkX18JNViHJ1n3qJkepH61s5XyBW6frEn3c8E4gSeapRZ8xl0W6dS6HG9I HTTP/1.1" 200 196
186.102.15.75 - - [16/Oct/2022:14:02:59 -0500] "GET /kwssiamovil/sm/cjson/pre?f=1&x=U2FsdGVkX18RZ51rPF7t3VYleG7/233nsYTk8uxxbsL2E+3IsF1OHsf0p5Ak9gns/KG2qTk6HFGkSVnJj2btbw== HTTP/1.1" 200 30992
114.119.141.42 - - [16/Oct/2022:14:03:15 -0500] "GET /BLA/resoluciones/RESOLUCIONES%202010/2812.pdf HTTP/1.1" 200 893628
172.22.2.4 - - [16/Oct/2022:14:01:54 -0500] "HEAD /BLA/boletinlegal/ HTTP/1.1" 200 -
27.32.246.71 - - [16/Oct/2022:14:03:44 -0500] "GET / HTTP/1.1" 200 319
186.102.15.75 - - [16/Oct/2022:14:03:44 -0500] "GET /kwssiamovil/sm/acme/u?s=U2FsdGVkX19RuJmBFWSDRmw6NXGM3dnUbklu7m5K/h7xAu2OuhkH6bLeV7/u8+rL3LeN4h8zR8yvxv/V1GWNZw4mM9mBwEWTj9AFKiai5yPnxKwFL2YoB/5hF3arEszxS+HcS+CpZ057sVRFWujqog==&u=U2FsdGVkX1/wZxRMtWEsXGmtdmA1qn65ksz6Oo6gYfJ4QsVJKun5212KFnMyQbjj&y=U2FsdGVkX18JNViHJ1n3qJkepH61s5XyBW6frEn3c8E4gSeapRZ8xl0W6dS6HG9I HTTP/1.1" 200 60
172.22.2.4 - - [16/Oct/2022:14:02:44 -0500] "GET /BLA/boletinlegal/ HTTP/1.1" 200 59828
114.119.141.52 - - [16/Oct/2022:14:04:51 -0500] "GET /BLA/resoluciones/RESOLUCIONES%202011/6177.pdf HTTP/1.1" 200 3315589
201.245.192.253 - - [16/Oct/2022:14:05:48 -0500] "POST /kwsrmcab/Wsrmcab  HTTP/1.1" 200 43296
114.119.141.42 - - [16/Oct/2022:14:06:36 -0500] "GET /BLA/resoluciones/RESOLUCIONES%202017/2786.pdf HTTP/1.1" 200 305538
181.61.209.141 - - [16/Oct/2022:14:06:42 -0500] "GET /BLA/resoluciones/index.php?dir= HTTP/1.1" 200 13093
181.61.209.141 - - [16/Oct/2022:14:06:43 -0500] "GET /BLA/resoluciones/index.php?dir=AUTOS+2011%2F HTTP/1.1" 200 636098
181.61.209.141 - - [16/Oct/2022:14:07:00 -0500] "GET /BLA/resoluciones/AUTOS%202011/7433.pdf HTTP/1.1" 200 201303
216.245.221.92 - - [16/Oct/2022:14:07:14 -0500] "HEAD / HTTP/1.1" 200 -
172.22.2.4 - - [16/Oct/2022:14:07:44 -0500] "HEAD /BLA/boletinlegal/ HTTP/1.1" 200 -
186.154.187.8 - - [16/Oct/2022:14:09:36 -0500] "GET /appsia/controlador HTTP/1.1" 200 4799
186.154.187.8 - - [16/Oct/2022:14:09:36 -0500] "GET /appsia/css/estilos.css HTTP/1.1" 200 4804
186.154.187.8 - - [16/Oct/2022:14:09:36 -0500] "GET /appsia/scripts/validarIngreso.js HTTP/1.1" 200 851
186.154.187.8 - - [16/Oct/2022:14:09:36 -0500] "GET /appsia/images/cabezoteHojaVida.png HTTP/1.1" 200 32493
186.154.187.8 - - [16/Oct/2022:14:09:36 -0500] "GET /appsia/images/logo_bogota_p.png HTTP/1.1" 200 14951
186.154.187.8 - - [16/Oct/2022:14:09:36 -0500] "GET /favicon.ico HTTP/1.1" 200 7782
186.154.187.8 - - [16/Oct/2022:14:09:39 -0500] "POST /appsia/controlador HTTP/1.1" 200 4621
186.154.187.8 - - [16/Oct/2022:14:09:43 -0500] "POST /appsia/controlador HTTP/1.1" 200 13465
186.154.187.8 - - [16/Oct/2022:14:09:43 -0500] "GET /appsia/images/logo_escudo.png HTTP/1.1" 200 36965
186.154.187.8 - - [16/Oct/2022:14:09:51 -0500] "POST /appsia/controlador HTTP/1.1" 200 4621
186.154.187.8 - - [16/Oct/2022:14:09:54 -0500] "POST /appsia/controlador HTTP/1.1" 200 13465
186.154.187.8 - - [16/Oct/2022:14:09:56 -0500] "POST /appsia/controlador HTTP/1.1" 200 4621
172.22.2.4 - - [16/Oct/2022:14:08:34 -0500] "GET /BLA/boletinlegal/ HTTP/1.1" 200 58163
207.46.13.84 - - [16/Oct/2022:14:10:27 -0500] "GET /BLA/resoluciones/RESOLUCIONES%202006/RES%202006%201-50/00000007.tif HTTP/1.1" 200 40930
201.245.192.253 - - [16/Oct/2022:14:10:48 -0500] "POST /kwsrmcab/Wsrmcab  HTTP/1.1" 200 43296
216.245.221.92 - - [16/Oct/2022:14:12:14 -0500] "HEAD / HTTP/1.1" 200 -
62.231.95.189 - - [16/Oct/2022:14:13:14 -0500] "GET /portaldeninos/ HTTP/1.0" 200 110197
186.102.15.75 - - [16/Oct/2022:14:13:50 -0500] "OPTIONS /kwssiamovil/sm/setfile/f? HTTP/1.1" 200 13
186.102.15.75 - - [16/Oct/2022:14:13:51 -0500] "POST /kwssiamovil/sm/setfile/f? HTTP/1.1" 200 381
186.102.15.75 - - [16/Oct/2022:14:13:55 -0500] "OPTIONS /kwssiamovil/sm/setfile/f? HTTP/1.1" 200 13
186.102.15.75 - - [16/Oct/2022:14:13:55 -0500] "POST /kwssiamovil/sm/setfile/f? HTTP/1.1" 200 381
186.102.15.75 - - [16/Oct/2022:14:14:01 -0500] "OPTIONS /kwssiamovil/sm/setfile/f? HTTP/1.1" 200 13
186.102.15.75 - - [16/Oct/2022:14:14:01 -0500] "POST /kwssiamovil/sm/setfile/f? HTTP/1.1" 200 381
186.102.15.75 - - [16/Oct/2022:14:14:06 -0500] "OPTIONS /kwssiamovil/sm/setfile/f? HTTP/1.1" 200 13
186.102.15.75 - - [16/Oct/2022:14:14:07 -0500] "POST /kwssiamovil/sm/setfile/f? HTTP/1.1" 200 381
186.102.15.75 - - [16/Oct/2022:14:14:12 -0500] "OPTIONS /kwssiamovil/sm/setfile/f? HTTP/1.1" 200 13
186.102.15.75 - - [16/Oct/2022:14:14:12 -0500] "POST /kwssiamovil/sm/setfile/f? HTTP/1.1" 200 381
186.102.15.75 - - [16/Oct/2022:14:14:17 -0500] "OPTIONS /kwssiamovil/sm/setfile/f? HTTP/1.1" 200 13
186.102.15.75 - - [16/Oct/2022:14:14:17 -0500] "POST /kwssiamovil/sm/setfile/f? HTTP/1.1" 200 381
186.102.15.75 - - [16/Oct/2022:14:14:29 -0500] "OPTIONS /kwssiamovil/sm/setfile/f? HTTP/1.1" 200 13
186.102.15.75 - - [16/Oct/2022:14:14:35 -0500] "POST /kwssiamovil/sm/setfile/f? HTTP/1.1" 200 381
186.102.15.75 - - [16/Oct/2022:14:14:51 -0500] "OPTIONS /kwssiamovil/sm/setfile/f? HTTP/1.1" 200 13
172.22.2.4 - - [16/Oct/2022:14:14:05 -0500] "GET /BLA/boletinlegal/ HTTP/1.1" 200 24523
186.102.15.75 - - [16/Oct/2022:14:14:51 -0500] "POST /kwssiamovil/sm/setfile/f? HTTP/1.1" 200 381
186.102.15.75 - - [16/Oct/2022:14:14:57 -0500] "OPTIONS /kwssiamovil/sm/setfile/f? HTTP/1.1" 200 13
186.102.15.75 - - [16/Oct/2022:14:14:57 -0500] "POST /kwssiamovil/sm/setfile/f? HTTP/1.1" 200 381
186.102.15.75 - - [16/Oct/2022:14:15:03 -0500] "OPTIONS /kwssiamovil/sm/setfile/f? HTTP/1.1" 200 13
186.102.15.75 - - [16/Oct/2022:14:15:03 -0500] "POST /kwssiamovil/sm/setfile/f? HTTP/1.1" 200 381
186.102.15.75 - - [16/Oct/2022:14:15:08 -0500] "OPTIONS /kwssiamovil/sm/setfile/f? HTTP/1.1" 200 13
186.102.15.75 - - [16/Oct/2022:14:15:09 -0500] "POST /kwssiamovil/sm/setfile/f? HTTP/1.1" 200 381
172.22.2.4 - - [16/Oct/2022:14:13:34 -0500] "HEAD /BLA/boletinlegal/ HTTP/1.1" 200 -
186.102.15.75 - - [16/Oct/2022:14:15:15 -0500] "OPTIONS /kwssiamovil/sm/setfile/f? HTTP/1.1" 200 13
186.102.15.75 - - [16/Oct/2022:14:15:15 -0500] "POST /kwssiamovil/sm/setfile/f? HTTP/1.1" 200 381
186.102.15.75 - - [16/Oct/2022:14:15:19 -0500] "OPTIONS /kwssiamovil/sm/setfile/f? HTTP/1.1" 200 13
186.102.15.75 - - [16/Oct/2022:14:15:19 -0500] "POST /kwssiamovil/sm/setfile/f? HTTP/1.1" 200 381
201.245.192.253 - - [16/Oct/2022:14:15:47 -0500] "POST /kwsrmcab/Wsrmcab  HTTP/1.1" 200 43296
172.22.2.4 - - [16/Oct/2022:14:14:24 -0500] "GET /BLA/boletinlegal/ HTTP/1.1" 200 56014
216.245.221.92 - - [16/Oct/2022:14:17:14 -0500] "HEAD / HTTP/1.1" 200 -
186.102.15.75 - - [16/Oct/2022:14:19:40 -0500] "GET /kwssiamovil/sm/acme/a?s=U2FsdGVkX1/G0cKXeNcPeQ7V4TNj62KVSzCawKjgaQRZxRWExMG8xEfAPndRXYNJrN4qOASXsuzNQpmS0IjdlFLKoWBAzBm5LbzoRtTQq4PHF1PAm4dfZQvRJ/Cb1jt6s3kNRKzRhZSxJJ9zaljKROdZb5mtFkp7S47ldDb9DWFzpHU/NkLGidiz/9m/q66AoMZtiQHTl/SVEHLdg13V0Ya5Tft4bcAONckATPrHjuCwR0FcEW6o/C9vSXzvCT4OVAZ9FOi/revOSxUBKDHlZQ==&u=U2FsdGVkX1/wZxRMtWEsXGmtdmA1qn65ksz6Oo6gYfJ4QsVJKun5212KFnMyQbjj&y=U2FsdGVkX18JNViHJ1n3qJkepH61s5XyBW6frEn3c8E4gSeapRZ8xl0W6dS6HG9I HTTP/1.1" 200 26
186.102.15.75 - - [16/Oct/2022:14:19:41 -0500] "GET /kwssiamovil/sm/acme/a?s=U2FsdGVkX19nTcaJdQXUSfBqlYpMAooPZaeLdlL8k6eLZ439S4XXqqWOVI4QOlxJzWa1GcbR3FPbsgUPu9vC82eyoD15uXY/Hla32+srnpBfPwR2cW3YY7MaJ8C+XkDjhlAXoXN+on4O6S4NK4csWTPzrmEfy71O2rO2yGH6PE8F+quWf2EAEKBOModkoZXUaezwmv+F7p9WBA46cEtBfSBlu3BzGzhtlu6+4cObl5Lh7ViwFgnlmIOx0yZJsIlgqufZWoKIhHbAd+rgqtUwXcDX5ck7JGpZxxxmRGbHWf9wFgMZH4z5N79X6f/DqKVsQsIp6JuYJZi5dlStVu7GWQhLdVSBgyWL4QVfq6W96xZLzbuM7usYfmZVuJENEAIJryn8WLWYE5SE/NRhSGsCpJ7Y/WNg5W7nixSBiM1IKJtu6u7vJbSk7zyDehaznCyRmFrvzLljCAfzQdqg9Av1MqwcStnjOFkeFoNsU90M6/cPlySENbOibeHiUp2RX/M1iWJ8yjmV6K+752vTqG0okxQrfl/VJ1snLBRqja9Ccfx5AUo44PL01rYR117KT1rnhdv3hk4QpFXjAbyUOaI82YI4KjOgaJKESTRgIm06b1EJB3QhD99bFVazIkc9av1iPPhjDy1Al1jxL1OoiDydvPkJ2WEBS78DWPOEh1ljWgBc3cCOALBk84UUTKkj4yoAnafUc8Fxp3H+Zn+kN4hIL4Y2XcmnVrf96fmFs6Esqga6ytzNde35W7V1/vDPgzlGCIjl0yqS+c8P4U4FXLGA4/Be6785hkRP7NqS2IFDtxL+ZlXSMF0YH4qYfdxAcr8rPASQHF2LiXxeDJE8cSbv8WuQTc/GJ5FlmApE6QNHaIV54J5yVYTsXTG525gMxi5ExdnYx/rx8KeB5axFNmArljAqGepcGsiroyrT8AB86ARRvPl1xX06qPQNktJXxUkIXXM+VXW1m+2x8RJp5qcY4NLwbeDp/Sr9pNSYg71e4qKmZs2yUh2YYp6gQy6xPc25yXDx/F2AlpIxAV8EZlh2aWton/9nLYM3AJpNTAkKvFnZg0FSjqWfqNN3Qik+OO49zshI1KtJFwuMTUxNE3mkqLZMR25IAWxHBsk0Bm3fC+ILsDJP9ym1QEqkCRahi23XP0D3tsqfHI24X7amAjy9bIsBk6PzG4AvKXYbyAXgDx60i9rTWXyEjHRHzAc6mFB86JjLufZv9Buoz88Aagmagnt3O3lyIN/aVqCrIn2BNHXdEISE06OaDsCHBLHEcRtaYhHvKnZIl3zTNCZwyz3T604pYfK76c9Y2dGhSKMzStDuaQ2p0yBMnogDRBBuQ0AEvC8mIkbEkmtP9fahc8/Xi1iFQddHapJkCH3f9FA49tZtnt7nXJoCG/3niYKfh0Aeaa7aLG3oW7JPWwQ8T6XNn8z9WV8oQh7KUFdUjc3W1OAZF/W7k3+R4zhMiO4D44iI&u=U2FsdGVkX1/wZxRMtWEsXGmtdmA1qn65ksz6Oo6gYfJ4QsVJKun5212KFnMyQbjj&y=U2FsdGVkX18JNViHJ1n3qJkepH61s5XyBW6frEn3c8E4gSeapRZ8xl0W6dS6HG9I HTTP/1.1" 200 25
186.102.15.75 - - [16/Oct/2022:14:19:41 -0500] "GET /kwssiamovil/sm/acme/a?s=U2FsdGVkX1+lPKamI5MshCz+aYLVL2Fb1X22vI/BoSiLyIl/OrwiLGuzmMZ1OojulXnRZHVfo7sLml56ukNqyLQ9hPeP+yHawPWqp5uJZan3NWsRwYML7Defr8TPq/FtvwQEBst3BEwzaLHUkFiUXiy9uaMjcBbiVKL81LACGZ0=&u=U2FsdGVkX1/wZxRMtWEsXGmtdmA1qn65ksz6Oo6gYfJ4QsVJKun5212KFnMyQbjj&y=U2FsdGVkX18JNViHJ1n3qJkepH61s5XyBW6frEn3c8E4gSeapRZ8xl0W6dS6HG9I HTTP/1.1" 200 26
186.102.15.75 - - [16/Oct/2022:14:19:42 -0500] "GET /kwssiamovil/sm/acme/a?s=U2FsdGVkX188GySjX1hpEgWXSBYz1w3L1g26eIN9mi4OpLEERrL24i1JoH2ErkZOz5hs+QL8RZhTSZ/+Hy4xjmEqlOsMogFhPNbRPrNsiLTzNDxvznGqFB90XNE4EV+rCi1WXFgLs2m3mOwLj7HF5etV5oRVPKlF7H51lqYgVBI=&u=U2FsdGVkX1/wZxRMtWEsXGmtdmA1qn65ksz6Oo6gYfJ4QsVJKun5212KFnMyQbjj&y=U2FsdGVkX18JNViHJ1n3qJkepH61s5XyBW6frEn3c8E4gSeapRZ8xl0W6dS6HG9I HTTP/1.1" 200 25
186.102.15.75 - - [16/Oct/2022:14:19:42 -0500] "GET /kwssiamovil/sm/acme/a?s=U2FsdGVkX1/rtQrY4kULmFs5ua9/BTVfHWUIK5emrZGyaubJPx8Qhup2SI8JM3EgoT/ROeQGB6HzqSAf2aWGmAWZiKRLrrzALVPLTwVgyjGe5oMeuy/YM7PPZ/038CIlnaIw983ldfluFVEeq8hxyzhj3mwu4lQNFR2vXwtRvK4=&u=U2FsdGVkX1/wZxRMtWEsXGmtdmA1qn65ksz6Oo6gYfJ4QsVJKun5212KFnMyQbjj&y=U2FsdGVkX18JNViHJ1n3qJkepH61s5XyBW6frEn3c8E4gSeapRZ8xl0W6dS6HG9I HTTP/1.1" 200 25
186.102.15.75 - - [16/Oct/2022:14:19:42 -0500] "GET /kwssiamovil/sm/acme/a?s=U2FsdGVkX18atMvRCVRv4nqyfhle1+YfQjQ6Tza7ScQRYCfSZtC0Zx0kdkE5mYo4JGNA2crMdc4NEGfUMSQ4bjSLJtoLreHgoT/xckrFn3BIh+GpVikxYGidwcDloG3E1Kh+ZXRH7flK24Dv3pcknYe0V3aguz4c3QvDRwQKk3xLEJJpwdvYJq2LbdXq7HdnKzfGoGnymGyob7vQXvVM5w==&u=U2FsdGVkX1/wZxRMtWEsXGmtdmA1qn65ksz6Oo6gYfJ4QsVJKun5212KFnMyQbjj&y=U2FsdGVkX18JNViHJ1n3qJkepH61s5XyBW6frEn3c8E4gSeapRZ8xl0W6dS6HG9I HTTP/1.1" 200 25
