186.102.15.75 - - [16/Oct/2022:14:19:42 -0500] "GET /kwssiamovil/sm/acme/a?s=U2FsdGVkX1+pXZABlUMOcTL7zIiY0yanGO9rbR3lNSlWWIFGkSFGBZt/bgJhnweq771pIyZUI+AS7Ny2Vjyd/93s8CnqUDXwHoFuJT5pOQpawHPaGjSkCzj3/q3SL9Y1SL4RFDYTddvJH5/NHLvD5C3CmRpZBdfNjZBqyRXoZvWqgD+eXgA8zwwBn/Dwj/xGWBpiNaJuycQwqaUqW3kjDQ==&u=U2FsdGVkX1/wZxRMtWEsXGmtdmA1qn65ksz6Oo6gYfJ4QsVJKun5212KFnMyQbjj&y=U2FsdGVkX18JNViHJ1n3qJkepH61s5XyBW6frEn3c8E4gSeapRZ8xl0W6dS6HG9I HTTP/1.1" 200 25
186.102.15.75 - - [16/Oct/2022:14:19:43 -0500] "GET /kwssiamovil/sm/acme/a?s=U2FsdGVkX1/Pgk+2cnnJmZbuRkHfPZsgpnH2xtRI6m235+0B1Dyu7KuMPxbX2/Fa3xEsivct7CW3h0i0uDVNU9QzRfJrCahv1smSNYy4On3dB9rgv2BllM/VM/iHddw2SE9XKK69gSnMCHCvW1CAIWFm23sM4bkvSXZKCLlfwhBJ9CIjSqZaNFw+nJEZVptp4fXFZ9GKqJ8r3T1rDgyT0C/5dqy2D6EPrQHfkCkM0lla+LkSfVTM51yuHXeub5d0FZqxWq0cDrXucatrr60SGj6JWfw/ZJcgaqECE3zAtrNr2K9F3hakSdHlnkVTpMWICpd61Crihko6rHsEEKQvSmZbCz6mpYESSH47DRBoo8KbvqHVsXUBRL6r2LMzKCD8UMDHvDSX3nJX/vtlzH8JzA==&u=U2FsdGVkX1/wZxRMtWEsXGmtdmA1qn65ksz6Oo6gYfJ4QsVJKun5212KFnMyQbjj&y=U2FsdGVkX18JNViHJ1n3qJkepH61s5XyBW6frEn3c8E4gSeapRZ8xl0W6dS6HG9I HTTP/1.1" 200 25
186.102.15.75 - - [16/Oct/2022:14:19:43 -0500] "GET /kwssiamovil/sm/acme/a?s=U2FsdGVkX1/OiIZP1YhjZZIqhJUN/Xmo8KJzqkp6xKo7wYPONckCu7XyA1BFOdQFtfW0diclwEvpt4fvPbSBNbEPgo7c8SQFAB4SbzgXZ2Y2XM+rJslpNzLKmVT+v57wDCOohkt6HL8je7iNi2ClrEJKpYSKxcBBE/WLpmP3cEoALQr6pbqApdsWdvoWM08amLDzdoogY4GQKBPwSMTVQQ==&u=U2FsdGVkX1/wZxRMtWEsXGmtdmA1qn65ksz6Oo6gYfJ4QsVJKun5212KFnMyQbjj&y=U2FsdGVkX18JNViHJ1n3qJkepH61s5XyBW6frEn3c8E4gSeapRZ8xl0W6dS6HG9I HTTP/1.1" 200 25
186.102.15.75 - - [16/Oct/2022:14:19:43 -0500] "GET /kwssiamovil/sm/acme/a?s=U2FsdGVkX19YbL8dIeJou0ekDlVAHEln7ej0g1euXHHD+nHWBQ6VwPGF+0v0QdEt2lHBltZ1MfRJJlRIRmnP/xLfzuYLUnNgJw64A7HRf8lgmxdLkfFBwmHA6IJBztPdKqtyBCOkiXdYE7v4Mfeo9d9TDE9Lwy5pHVZCx2CdkbDN5MSs6VYJ1edkPIYoSTzVf1o1cIO8Dsp9VXN/RXLBDAfKNZmeCT4Wo+Y2J22OqWb+76HrL3T8zwVG2KTMFEazbUdj3Vf9EZ3z19VGTLa5HlOVawZ4LR9M+1PeyCxnviXMKm7/a2jlWmSJ6iCn5yxoCggvop3eeXiSC7U3a6FNqHYakNfOJsfO0kzENZSY1lY=&u=U2FsdGVkX1/wZxRMtWEsXGmtdmA1qn65ksz6Oo6gYfJ4QsVJKun5212KFnMyQbjj&y=U2FsdGVkX18JNViHJ1n3qJkepH61s5XyBW6frEn3c8E4gSeapRZ8xl0W6dS6HG9I HTTP/1.1" 200 25
186.102.15.75 - - [16/Oct/2022:14:19:43 -0500] "GET /kwssiamovil/sm/acme/a?s=U2FsdGVkX1/T1FUXHQwDoIygubFoBHAWyHTYQCEkPuspW6nBwhNN2oH0fYr1xLY3CASojRUt+l8O5Nk+pUHvurS2F3X2d5h8ngBPREXbpGwcP05N6ud79ExCOG3iiwTyu42J2K8t7esj5UoCJ56iA/UZe3BHnMGqHoq4K0ydiI8O3dartUvKub1AQHWETaBaSzamyRinaDtLuKk+2/4tLA==&u=U2FsdGVkX1/wZxRMtWEsXGmtdmA1qn65ksz6Oo6gYfJ4QsVJKun5212KFnMyQbjj&y=U2FsdGVkX18JNViHJ1n3qJkepH61s5XyBW6frEn3c8E4gSeapRZ8xl0W6dS6HG9I HTTP/1.1" 200 25
186.102.15.75 - - [16/Oct/2022:14:19:44 -0500] "GET /kwssiamovil/sm/acme/a?s=U2FsdGVkX19H7S0QWqEJX35FFyDQkpD0mJGVDhed+EJ1aSLoVQrKAhcd9lIEJ79vxO9OWHVGfhY8km1RW/XxQQHHCwHZRKcDjBcWdUMS3r5MS/gAgp+yrT7q5QB2dTfFivZfPtKP9EOn9phhVb/KLw5ayw6TvNmR5miQIX12p9bUqoBfwvabNGHizIYN9+9G/zFlMfSrLl+tDjgiLuzN2A==&u=U2FsdGVkX1/wZxRMtWEsXGmtdmA1qn65ksz6Oo6gYfJ4QsVJKun5212KFnMyQbjj&y=U2FsdGVkX18JNViHJ1n3qJkepH61s5XyBW6frEn3c8E4gSeapRZ8xl0W6dS6HG9I HTTP/1.1" 200 25
186.102.15.75 - - [16/Oct/2022:14:19:44 -0500] "GET /kwssiamovil/sm/acme/a?s=U2FsdGVkX1+F43R+2WLvxoGKuld+dV6bA+SijsHmUNnX8mA4KR492oeM6S3FViAqxX2ZpQ/bsEL15YO5ibRYizD8flb0ltzN7AoqWTiKsb/OG1oMICYFd4bwmE4xmYQHr7G2KZw74Q8CS3oUc3Qdp8u2k3eIqYrkIcTaqgropw0rQf0orKSMi+mspF0VIU4v7x6n5Qrbbx8q7Nf0WC9P9A==&u=U2FsdGVkX1/wZxRMtWEsXGmtdmA1qn65ksz6Oo6gYfJ4QsVJKun5212KFnMyQbjj&y=U2FsdGVkX18JNViHJ1n3qJkepH61s5XyBW6frEn3c8E4gSeapRZ8xl0W6dS6HG9I HTTP/1.1" 200 25
186.102.15.75 - - [16/Oct/2022:14:19:44 -0500] "GET /kwssiamovil/sm/acme/a?s=U2FsdGVkX19/X/Z1m7CU63IXt9025p4ZLOSCV/a0DQxj5cvB4b9P2VIvT7I5qb9ktcyCU597B7RFqY3oAAWDpcCJ0dxNlp3yR4qjjKq7GMmAWT7AxhorBue5DkOZ0037G1RILY0y5BJfX2ei6iq6mwdPBhTI3jKB8zN3J2hCs0oMbT/qXCwB/6FRSAHghqjMo4rzx3VwF1YiZcQO5T4UVg==&u=U2FsdGVkX1/wZxRMtWEsXGmtdmA1qn65ksz6Oo6gYfJ4QsVJKun5212KFnMyQbjj&y=U2FsdGVkX18JNViHJ1n3qJkepH61s5XyBW6frEn3c8E4gSeapRZ8xl0W6dS6HG9I HTTP/1.1" 200 25
186.102.15.75 - - [16/Oct/2022:14:19:44 -0500] "GET /kwssiamovil/sm/acme/a?s=U2FsdGVkX18BZ85A4PlTfd+H+dTjJcodCWe47c/OveyuVsSL/QU/BClfMlLwlKKQe1a88erUqnm/+ZLi3JEQIGT6AhYTrJZJw9JDexvB+TV/c2UfuaRKce/lz8p8vChlwNkrBGY6pQP1XVVOV6LbQ7EE1kv+0Gsk7ncgMnNAcqBsGfMzili2SIdsm+PV8K5wmpkU0CxYLxuhTQCRs70CnMaUVR+PfJacyEdbSM09Fw8=&u=U2FsdGVkX1/wZxRMtWEsXGmtdmA1qn65ksz6Oo6gYfJ4QsVJKun5212KFnMyQbjj&y=U2FsdGVkX18JNViHJ1n3qJkepH61s5XyBW6frEn3c8E4gSeapRZ8xl0W6dS6HG9I HTTP/1.1" 200 25
186.102.15.75 - - [16/Oct/2022:14:19:45 -0500] "GET /kwssiamovil/sm/acme/a?s=U2FsdGVkX1/Rg0yna1n63d9XNy0wRJrZadbn3UPWZ3e4oqyIiVT0rakBmB7VUwGyRRiigcJUZUyUzR8KxtJtSWDjsBMZZI0KFVALXQakE3WnO8kdoU5sdbYnuBGucyLm+cuTEqutmNK0h27suHms6Hm0Nd6/CD3VXGAlGD52SRTwoB6qjPhvjPfGwmb2u+WP9VWxIRoPgDv2sWiScsljIw==&u=U2FsdGVkX1/wZxRMtWEsXGmtdmA1qn65ksz6Oo6gYfJ4QsVJKun5212KFnMyQbjj&y=U2FsdGVkX18JNViHJ1n3qJkepH61s5XyBW6frEn3c8E4gSeapRZ8xl0W6dS6HG9I HTTP/1.1" 200 25
186.102.15.75 - - [16/Oct/2022:14:19:45 -0500] "GET /kwssiamovil/sm/acme/a?s=U2FsdGVkX1/bokDULlIUQE5/axRoZxXLGJenC5zvKcP4HQPqjUQ/k04MikaIzEFUuvwT2L3fG8XSq+JTHeL0NvPbNZ0Nfo75NbXVYuccvaQtGM+0Nsk7Vg8Gziljd1CgW9ah0wV29HAcaKGW7wQQv2wJ92mvBBkO8INKwgQjKAlZJXV9yC3lG/3y2me+M4VIHD6YUQCsj1mVEN2BR6btVM97PKEK+zO5xdnMWyIHdBs=&u=U2FsdGVkX1/wZxRMtWEsXGmtdmA1qn65ksz6Oo6gYfJ4QsVJKun5212KFnMyQbjj&y=U2FsdGVkX18JNViHJ1n3qJkepH61s5XyBW6frEn3c8E4gSeapRZ8xl0W6dS6HG9I HTTP/1.1" 200 25
186.102.15.75 - - [16/Oct/2022:14:19:45 -0500] "GET /kwssiamovil/sm/acme/a?s=U2FsdGVkX1/YzNDSks6rgcibHVd/197VwOb1XcfOe9xWzFDQ+Lq3gF8ANGZEvJY5MzA0/CBPDuudrDNI9DVIDpnqkoHi0oz0/kGFhFM6QJEqxHlHbQBfuFpbSvkCQ4h09AObjKTlChb+qpviKiKjB2rrcF348l5es8xbHUtsObMvsEmv7yG/qVHHbzYLChAtFXRCoShTMZJOTDQxbE49cA==&u=U2FsdGVkX1/wZxRMtWEsXGmtdmA1qn65ksz6Oo6gYfJ4QsVJKun5212KFnMyQbjj&y=U2FsdGVkX18JNViHJ1n3qJkepH61s5XyBW6frEn3c8E4gSeapRZ8xl0W6dS6HG9I HTTP/1.1" 200 25
186.102.15.75 - - [16/Oct/2022:14:19:45 -0500] "GET /kwssiamovil/sm/acme/a?s=U2FsdGVkX19c+2WGHKEE0bgPncZotLVDM39pAzWAGDfEta9egoN/sBh1K4EK/G6solE7WlwGQopbWqsMOXjUrlsZyZ3igv7w+7J4saiyZse35iYCiPfeRO0K4pswmlLo4HpgXfcO2BAE7MLbhs0iO+ElpzX8d0YSDVtFJleVOs9XSdMMvWpouNLrY7qYxdQBmOmVjpQFw0bO5p/Oz8lJxghET7Tl/w0kV4grkyB3Hdw=&u=U2FsdGVkX1/wZxRMtWEsXGmtdmA1qn65ksz6Oo6gYfJ4QsVJKun5212KFnMyQbjj&y=U2FsdGVkX18JNViHJ1n3qJkepH61s5XyBW6frEn3c8E4gSeapRZ8xl0W6dS6HG9I HTTP/1.1" 200 25
186.102.15.75 - - [16/Oct/2022:14:19:46 -0500] "GET /kwssiamovil/sm/acme/a?s=U2FsdGVkX18MougTOopPt384VUJkroApVsIAqlfYBt336KoAlCToSUA1SELEHhqXZA7uhj5ATEj37g0BXGGWWCCnN/48zMyybbRfy9DQc0tBAZkh+7KJzPxdmLDI/TBCOvLQMTbu3eAzd5PKDGunXLoP1SVsymFukrXChgdICflfgeFZkLoiZimlFyLXAwdunLDQaBQRk5Ee0lEUMj26zw==&u=U2FsdGVkX1/wZxRMtWEsXGmtdmA1qn65ksz6Oo6gYfJ4QsVJKun5212KFnMyQbjj&y=U2FsdGVkX18JNViHJ1n3qJkepH61s5XyBW6frEn3c8E4gSeapRZ8xl0W6dS6HG9I HTTP/1.1" 200 25
186.102.15.75 - - [16/Oct/2022:14:19:46 -0500] "GET /kwssiamovil/sm/acme/a?s=U2FsdGVkX1+rOObdffita7vVyxjF7ohPS7YzE4WmQGX40c7U9PKpEgdXQOGiK+szSL4blOX98rMEXVoU2aI72aqXDryj0pPHXdv9okwpR+OZcRSUb6RIODASThFewlHeQ5ItcfGXIcQaIpUkRcrmldtX+93WelaK6KRDGiztSm7LPcVzOHKnFyhxQgvOcPZxkzSCYOVp/w2Rcw+ui1pjiA==&u=U2FsdGVkX1/wZxRMtWEsXGmtdmA1qn65ksz6Oo6gYfJ4QsVJKun5212KFnMyQbjj&y=U2FsdGVkX18JNViHJ1n3qJkepH61s5XyBW6frEn3c8E4gSeapRZ8xl0W6dS6HG9I HTTP/1.1" 200 25
186.102.15.75 - - [16/Oct/2022:14:19:46 -0500] "GET /kwssiamovil/sm/acme/a?s=U2FsdGVkX1/rwv7jqpf3Qinvhc29sC8cZo7UEBmKUVE6h6n0vBCI+HJpxlBHs6x32RBbHiP7wjCspXHC7zJJzwnaDXc2XKsPB58/ofAKxp8Ec2n2fC9SJGiDNAeBigSBTaLOFweFfiFH5TEG0Z8mlGwnf312dzvNwViO4mGXc4A3q8L2jKN62m+vAOxSsNPw&u=U2FsdGVkX1/wZxRMtWEsXGmtdmA1qn65ksz6Oo6gYfJ4QsVJKun5212KFnMyQbjj&y=U2FsdGVkX18JNViHJ1n3qJkepH61s5XyBW6frEn3c8E4gSeapRZ8xl0W6dS6HG9I HTTP/1.1" 200 25
186.102.15.75 - - [16/Oct/2022:14:19:46 -0500] "GET /kwssiamovil/sm/acme/a?s=U2FsdGVkX1+L6VcJ7UoXZPwzrh1lfujloXwszae+U+q1zNG+y1i/o9Bys34zpWD4mjQFja1FpQfn/f2ynKNkLHdNctlwOgRmP4HAsgGW2blBN9CpmI1pyM+q20XDi7k2m8MNXyDsiGJK6KqrGEo0LRaQ0hWvJItFuDKoMnMuF1AFjPo6aK6JL+rQrqM3vHbDQniAIcqvORtftrozYZ6O/g==&u=U2FsdGVkX1/wZxRMtWEsXGmtdmA1qn65ksz6Oo6gYfJ4QsVJKun5212KFnMyQbjj&y=U2FsdGVkX18JNViHJ1n3qJkepH61s5XyBW6frEn3c8E4gSeapRZ8xl0W6dS6HG9I HTTP/1.1" 200 25
186.102.15.75 - - [16/Oct/2022:14:19:46 -0500] "GET /kwssiamovil/sm/acme/a?s=U2FsdGVkX1884xrDV1vHerpiMMC+3unrJ5w2DG6z5ZMwyCykN1Cr4QPV8oy6a3vKkFaumUIHcdM8U8k42/imod8K8oJJ+XAx+tzrssI5YbiENTexZXlXl8LNRRju/VWjkU4qDbfvqClx8+U2MU8yN3qvwvi5Cbi8Tn8o54y7hcWdOLNwWGFbIanb618M98vs&u=U2FsdGVkX1/wZxRMtWEsXGmtdmA1qn65ksz6Oo6gYfJ4QsVJKun5212KFnMyQbjj&y=U2FsdGVkX18JNViHJ1n3qJkepH61s5XyBW6frEn3c8E4gSeapRZ8xl0W6dS6HG9I HTTP/1.1" 200 25
186.102.15.75 - - [16/Oct/2022:14:19:47 -0500] "GET /kwssiamovil/sm/acme/a?s=U2FsdGVkX18ZTuvYVlrs7KVhpPJvhp8RkN9SaKKwYW74JzumCECKxDYY9t02kbqAqwgwch6SEMpOX3xVxZjv+ifW0sYuifECq6zdKUY75Vz3OXHtNDnDGVTQzbQiNjqtlqBU9cqzxarW/LYwLEkzkZ3pOvnBLMkHLRcO4VzUt/Kljl9PROV4PFUyQP1YPZt7MUnvdDY5zAZReNoKZQZatw==&u=U2FsdGVkX1/wZxRMtWEsXGmtdmA1qn65ksz6Oo6gYfJ4QsVJKun5212KFnMyQbjj&y=U2FsdGVkX18JNViHJ1n3qJkepH61s5XyBW6frEn3c8E4gSeapRZ8xl0W6dS6HG9I HTTP/1.1" 200 25
186.102.15.75 - - [16/Oct/2022:14:19:47 -0500] "GET /kwssiamovil/sm/acme/a?s=U2FsdGVkX1/qYHECnHiLKvSBuFwlVC1hLGcUPQ8olZKnWXpRl24UaIuWyXpCuIFPiNiB0861Hw4ULPVHyddg0m2vG9Fc2yBif0BPplcRpoFrx4QvkgKwBJnxHpCRiInrzUgK8XUAggCGfjjcJZ4sX3KlOmT2YmljE2GWJ5QcNd/smHsedKC/+1Fi/V+Fmqbqr2FjfMoGHQ7lUGA5fX2A2A==&u=U2FsdGVkX1/wZxRMtWEsXGmtdmA1qn65ksz6Oo6gYfJ4QsVJKun5212KFnMyQbjj&y=U2FsdGVkX18JNViHJ1n3qJkepH61s5XyBW6frEn3c8E4gSeapRZ8xl0W6dS6HG9I HTTP/1.1" 200 25
186.102.15.75 - - [16/Oct/2022:14:19:47 -0500] "GET /kwssiamovil/sm/acme/a?s=U2FsdGVkX19BUqVw27F9hAZeZ15Out7ji7qtOFSk3PQP+ZqbSBhkxNTDFKRYY9JeG/QKTMfH9e1ie1TsGMyFvDZajtV+mShMagRs4eD8D4bVXyJtqEH8Ed/O75KwMsIVSc4NSxvnj/um9nGh400uMnVNU3YufB57B9nQBiv+eXlyFkofs/gu+MEKj9fbI2WUt5M/XaygM8gPH6OHU1x8MQ==&u=U2FsdGVkX1/wZxRMtWEsXGmtdmA1qn65ksz6Oo6gYfJ4QsVJKun5212KFnMyQbjj&y=U2FsdGVkX18JNViHJ1n3qJkepH61s5XyBW6frEn3c8E4gSeapRZ8xl0W6dS6HG9I HTTP/1.1" 200 25
186.102.15.75 - - [16/Oct/2022:14:19:47 -0500] "GET /kwssiamovil/sm/acme/a?s=U2FsdGVkX1/IebevnDmMezdpeHF87Iv0N1jpNuzLTeRAHcTP1WtKydByNsdGhn/XJAMHkszaf0KRYS1y4+fVvwzUvmCdzyjccrd43r15wOujoi4eW5TbSidU24udSoUK+aPgjLbeQZhQ0nSS+DJgMx9HTm2JKLqK7nnt23iLmLtw+duv586tSh2qf20EGvKg&u=U2FsdGVkX1/wZxRMtWEsXGmtdmA1qn65ksz6Oo6gYfJ4QsVJKun5212KFnMyQbjj&y=U2FsdGVkX18JNViHJ1n3qJkepH61s5XyBW6frEn3c8E4gSeapRZ8xl0W6dS6HG9I HTTP/1.1" 200 25
186.102.15.75 - - [16/Oct/2022:14:19:47 -0500] "GET /kwssiamovil/sm/acme/a?s=U2FsdGVkX1/sAHwFEC0YcLmp6EDYk5Nh1sDVXvQ4b4PIf57Le4yoxBfdpCTJA/Z7RGXpgOU9ttyPLZInzue6QMltrrBH52VYc3E0qjqwClAp/aUFIE5Vo1tAaMLnKUCxSGI1UuZxrLnZf+Gc1gEMUcHiirKpZcBa4NVGUObUAY70XlwLx0r2v/GEx232P7lVhxZrxt+wd/IAwwUWUIGtaQ==&u=U2FsdGVkX1/wZxRMtWEsXGmtdmA1qn65ksz6Oo6gYfJ4QsVJKun5212KFnMyQbjj&y=U2FsdGVkX18JNViHJ1n3qJkepH61s5XyBW6frEn3c8E4gSeapRZ8xl0W6dS6HG9I HTTP/1.1" 200 25
186.102.15.75 - - [16/Oct/2022:14:19:48 -0500] "GET /kwssiamovil/sm/acme/a?s=U2FsdGVkX194jyxTRG5W7raTQOQD5H6nf4a/ZP8B/Uiu17lLWmwgtWauUvy/YeSwJVTFRN69p7KaD2Sa89ffWdmvrNdIBg4vfUjh8gbkHYbpSYFFOo3fQtnv6aYVY99spUNm7EJDd0SwFAXE6JZYWTHNDbfvsxnAc1339r7nr7QtW48TXVrBwgi6VMTViiA4&u=U2FsdGVkX1/wZxRMtWEsXGmtdmA1qn65ksz6Oo6gYfJ4QsVJKun5212KFnMyQbjj&y=U2FsdGVkX18JNViHJ1n3qJkepH61s5XyBW6frEn3c8E4gSeapRZ8xl0W6dS6HG9I HTTP/1.1" 200 25
186.102.15.75 - - [16/Oct/2022:14:19:48 -0500] "GET /kwssiamovil/sm/acme/a?s=U2FsdGVkX1/tqILWDO/pVKII0fLqDoCkwdsTctinfFEdvKpf9tto90auK1MG5ExUiYRJRoyVPSLBqeaGNZUPXJk3I7T12qcDuslTMgf7lekxqG87Yw+DUCtTyafDwfxV9w9TsILL6tM6s/ymngOL55jzrY/FSPkJaLSOjII0pUQHeLQh/qCZBlZFQhwrFwWbsx7Tdo6ZdoCL2mRIkfoRwQ==&u=U2FsdGVkX1/wZxRMtWEsXGmtdmA1qn65ksz6Oo6gYfJ4QsVJKun5212KFnMyQbjj&y=U2FsdGVkX18JNViHJ1n3qJkepH61s5XyBW6frEn3c8E4gSeapRZ8xl0W6dS6HG9I HTTP/1.1" 200 25
186.102.15.75 - - [16/Oct/2022:14:19:48 -0500] "GET /kwssiamovil/sm/acme/a?s=U2FsdGVkX1+iBi+t0Uk75mxda90wdbyxurzACcStICcntnNmpa46TgJtogPeHh7GfupYtNp4lDn+VKT0RAYwBhQs5knUisc7BkoUkU90pL9QS7lF0GtFnjkLXGA50BjaNcnw6xGs6BQxhCSEwwLTpfELi5a8j8kpVKJeKNZNmX4WciuM8W0Nnl/8kJFc7rUB&u=U2FsdGVkX1/wZxRMtWEsXGmtdmA1qn65ksz6Oo6gYfJ4QsVJKun5212KFnMyQbjj&y=U2FsdGVkX18JNViHJ1n3qJkepH61s5XyBW6frEn3c8E4gSeapRZ8xl0W6dS6HG9I HTTP/1.1" 200 25
201.245.192.253 - - [16/Oct/2022:14:20:46 -0500] "POST /kwsrmcab/Wsrmcab  HTTP/1.1" 200 43296
152.89.196.211 - - [16/Oct/2022:14:20:57 -0500] "GET /?XDEBUG_SESSION_START=phpstorm HTTP/1.1" 200 319
172.22.2.4 - - [16/Oct/2022:14:19:24 -0500] "HEAD /BLA/boletinlegal/ HTTP/1.1" 200 -
207.46.13.190 - - [16/Oct/2022:14:21:34 -0500] "GET /BLA/resoluciones/RESOLUCIONES%202006/RES%202006%201-50/00000036.tif HTTP/1.1" 200 163428
201.245.192.253 - - [16/Oct/2022:14:21:49 -0500] "POST /kwsrmcab/Wsrmcab HTTP/1.1" 200 43266
201.245.192.253 - - [16/Oct/2022:14:21:51 -0500] "POST /kwsrmcab/Wsrmcab HTTP/1.1" 200 43443
172.22.2.4 - - [16/Oct/2022:14:20:14 -0500] "GET /BLA/boletinlegal/ HTTP/1.1" 200 59828
216.245.221.92 - - [16/Oct/2022:14:22:14 -0500] "HEAD / HTTP/1.1" 200 -
198.167.196.250 - - [16/Oct/2022:14:23:51 -0500] "GET /appsia/controlador HTTP/1.1" 200 4799
201.245.192.253 - - [16/Oct/2022:14:25:45 -0500] "POST /kwsrmcab/Wsrmcab  HTTP/1.1" 200 43296
172.22.2.4 - - [16/Oct/2022:14:25:14 -0500] "HEAD /BLA/boletinlegal/ HTTP/1.1" 200 -
216.245.221.92 - - [16/Oct/2022:14:27:14 -0500] "HEAD / HTTP/1.1" 200 -
157.55.39.25 - - [16/Oct/2022:14:27:26 -0500] "GET /sipse/faces/javax.faces.resource/jquery/jquery-plugins.js;jsessionid=gy5m5tvo7ha8p8ytgaqmi7vy.undefined?ln=primefaces&v=4.0 HTTP/1.1" 200 220526
172.22.2.4 - - [16/Oct/2022:14:26:04 -0500] "GET /BLA/boletinlegal/ HTTP/1.1" 200 59828
69.171.230.120 - - [16/Oct/2022:14:28:10 -0500] "GET /mujeres-que-reverdecen-bogota-intercambian-saberes-y-semillas.html HTTP/1.1" 206 880
201.245.192.253 - - [16/Oct/2022:14:30:43 -0500] "POST /kwsrmcab/Wsrmcab  HTTP/1.1" 200 43296
201.245.192.253 - - [16/Oct/2022:14:31:48 -0500] "POST /kwsrmcab/Wsrmcab HTTP/1.1" 200 43266
201.245.192.253 - - [16/Oct/2022:14:31:51 -0500] "POST /kwsrmcab/Wsrmcab HTTP/1.1" 200 43443
216.245.221.92 - - [16/Oct/2022:14:32:14 -0500] "HEAD / HTTP/1.1" 200 -
207.46.13.89 - - [16/Oct/2022:14:32:25 -0500] "GET /BLA/resoluciones/AUTOS%202022/2935.pdf HTTP/1.1" 200 415003
172.22.2.4 - - [16/Oct/2022:14:31:04 -0500] "HEAD /BLA/boletinlegal/ HTTP/1.1" 200 -
172.22.2.4 - - [16/Oct/2022:14:31:54 -0500] "GET /BLA/boletinlegal/ HTTP/1.1" 200 58163
207.46.13.84 - - [16/Oct/2022:14:34:20 -0500] "GET /BLA/resoluciones/00000047.tif HTTP/1.1" 404 1018
207.46.13.177 - - [16/Oct/2022:14:34:20 -0500] "GET /portaldeninos/wp-content/uploads/2018/11/tigrillo.jpg HTTP/1.1" 200 402961
190.26.164.133 - - [16/Oct/2022:14:35:14 -0500] "GET /BLA/resoluciones/ HTTP/1.1" 200 13093
190.26.164.133 - - [16/Oct/2022:14:35:18 -0500] "GET /BLA/resoluciones/index.php?dir=AUTOS+2020%2F HTTP/1.1" 200 326492
95.108.213.34 - - [16/Oct/2022:14:35:38 -0500] "-" 408 -
87.250.224.145 - - [16/Oct/2022:14:35:43 -0500] "-" 408 -
201.245.192.253 - - [16/Oct/2022:14:35:42 -0500] "POST /kwsrmcab/Wsrmcab  HTTP/1.1" 200 43296
5.255.253.151 - - [16/Oct/2022:14:35:48 -0500] "-" 408 -
87.250.224.117 - - [16/Oct/2022:14:35:53 -0500] "-" 408 -
87.250.224.37 - - [16/Oct/2022:14:36:09 -0500] "-" 408 -
95.108.213.42 - - [16/Oct/2022:14:36:24 -0500] "-" 408 -
190.145.240.78 - - [16/Oct/2022:14:36:45 -0500] "GET /si-tienes-ropa-y-calzado-que-ya-no-usas-aca-te-presentamos-seis-puntos-a-donde-los-puedes-llevar.html HTTP/1.1" 200 872
87.250.224.69 - - [16/Oct/2022:14:36:54 -0500] "-" 408 -
216.245.221.92 - - [16/Oct/2022:14:37:14 -0500] "HEAD / HTTP/1.1" 200 -
87.250.224.123 - - [16/Oct/2022:14:37:54 -0500] "-" 408 -
31.40.137.4 - - [16/Oct/2022:14:38:21 -0500] "GET / HTTP/1.1" 200 319
172.22.2.4 - - [16/Oct/2022:14:36:54 -0500] "HEAD /BLA/boletinlegal/ HTTP/1.1" 200 -
5.255.253.154 - - [16/Oct/2022:14:38:54 -0500] "-" 408 -
172.22.2.4 - - [16/Oct/2022:14:37:44 -0500] "GET /BLA/boletinlegal/ HTTP/1.1" 200 57375
201.245.192.253 - - [16/Oct/2022:14:40:41 -0500] "POST /kwsrmcab/Wsrmcab  HTTP/1.1" 200 43296
95.108.213.60 - - [16/Oct/2022:14:40:54 -0500] "-" 408 -
201.245.192.253 - - [16/Oct/2022:14:41:48 -0500] "POST /kwsrmcab/Wsrmcab HTTP/1.1" 200 43266
201.245.192.253 - - [16/Oct/2022:14:41:50 -0500] "POST /kwsrmcab/Wsrmcab HTTP/1.1" 200 43443
216.245.221.92 - - [16/Oct/2022:14:42:14 -0500] "HEAD / HTTP/1.1" 200 -
207.46.13.40 - - [16/Oct/2022:14:43:38 -0500] "GET /sipse/faces/javax.faces.resource/primefaces.js;jsessionid=gy5m5tvo7ha8p8ytgaqmi7vy.undefined?ln=primefaces&v=4.0 HTTP/1.1" 200 276924
5.255.253.165 - - [16/Oct/2022:14:43:53 -0500] "-" 408 -
207.46.13.190 - - [16/Oct/2022:14:44:17 -0500] "GET /BLA/resoluciones/AUTOS%202022/1586.pdf HTTP/1.1" 200 395470
172.22.2.4 - - [16/Oct/2022:14:42:44 -0500] "HEAD /BLA/boletinlegal/ HTTP/1.1" 200 -
172.22.2.4 - - [16/Oct/2022:14:43:34 -0500] "GET /BLA/boletinlegal/ HTTP/1.1" 200 56376
186.155.72.176 - - [16/Oct/2022:14:45:39 -0500] "GET /la-secretaria-de-ambiente-abre-nueva-convocatoria-para-su-programa-de-voluntariado-ambiental.html HTTP/1.1" 200 976
201.245.192.253 - - [16/Oct/2022:14:45:40 -0500] "POST /kwsrmcab/Wsrmcab  HTTP/1.1" 200 43296
216.245.221.92 - - [16/Oct/2022:14:47:14 -0500] "HEAD / HTTP/1.1" 200 -
201.184.82.154 - - [16/Oct/2022:14:47:14 -0500] "GET /kwssiamovil/sm/acme/a?s=U2FsdGVkX1/iD+Id5Tpas2YtKMNmu8MrMdz9CJDUixC1XJZQCaNhQsD+Rw7EwU/ajLVXq7pA9LDDyapttlEoDCm41rM2hJrxcSCJhHzIZwVGXDvFfKgcvzeNp+CZ6yzOwf8rClfuixcDGSQeuEKgjFH3YCLNKeITyKy/yMqk+SqEBS4Ms5Oqv0s+V6GaJ7UAVm3gQI/HM7R2qjwsQx4TjdfZV5XU1QGEEsjXJkTzay+QCgLMAnwkq9gjYyxfYOJPKquJK2visxkY8JITzTzTAQ==&u=U2FsdGVkX1+KWnRoyFmPcyVP4h9Gf3BOoFB27ZEA3zo=&y=U2FsdGVkX1+PVi+weol/KXYkipqx52Sa4yVc+mUgLSeVRkR4/GJcYPBDzIQt9sDn HTTP/1.1" 200 26
201.184.82.154 - - [16/Oct/2022:14:47:15 -0500] "GET /kwssiamovil/sm/acme/a?s=U2FsdGVkX1+AuQv2hu3Zx+0FEk5oD2QEyGXjMLX49pmLbvoTfKw1L8mIjMgUZL84FZt4pwsummWcHI76NRZQIYNVL1kNLx771RbzouTaIPzE+h0dDR9bIFijbv0UNBBkWkStnPjdg2xyBhPuC7Tj6iW1Ept5Fu3iaFfMd/73KZwGNsBtkuOEnfvUY1CwhUJ1pd1Lr+Owmx4iAj/b/3K1ILXOi8rEreetDsg1S9PG6cGG1q0NaFwgjHW7kuvpGlgFNKPbY6cFWEf/Q5x63rftfYfZb/tFU0715JwF1SXe1GaIc5YgNOkg+zxB22v446jVMFzo7fB2BRdX1+gF1+5whnz3IE9LMor9ZCUBbZcWxJpU6Y3GNlA+dbHMPo8h1RmpxfuZ2gQTPh5xAaF56cHghDU4QtIsQs6xfn2E/QYRFjQdChZ7rgTii5lpYjrLgn4/z9Wqt59ElW4skJHvMl6NHTx3QIZxIkyURm/GhBBF0sksT42IYFyxtWH8eVT/fXkwjc01P3maWM4ISRXmASDQ2DuoDz11bMuq8v7r9/Kqq10YyUF+zc+lxHhAlOV59pFhgsi+QbE/eBIAUTHOVaFkhqlTzl93RwRds/7Sqk3bjOxt0wAC9f8yzOOlf92u+w9Tth1evUlC69fW7LaSW5hzlKVH8e8QW0JH810z0bbiLuhYDeJt8GTvFDV5ejBvL2GUKRIvhIbd9a3AEllaLQfII8qL8/UnLcvlRsZZ3Qa1oHN/P9uEs/SNpQirYqvaBqvmEgBiXOS+da1bo4l7P2PAnQ+qxX4saMwc6pzOTJizFkVA2DzF4mEXBdZmGOguSItPC0etQu1eQeyi2LDsYpHDtwlFp3sH9l7BFiiN7UGD5DSxsbx22NWE05Kuk6E37X3aW9AJf3uBSWJjKdsNJoHzHCWrexVCOzkTJSgZQYlj+7ov+zkhYuBKhBYtBSuCmfdt/1CD7K7QUuFmE0sI6Jbw49PFwpPHq/+NH6jfthayzQrT5JaBZn/ljv6eTWuVuQdmUsWDSbUk0lPGXv+0B7TswLYrtx6/zi0BcRMF4Um29bIWk0ad+oYcI05xsl2V20KmYtMcfBozQXsVx/XiFK1yA0GDJ2soi7gN4KIGW2rzmYBvpC7ldlkShsjCViF9qHUoxFoBxb1ytToikky8xVm70rs+SSd4vnOQEizpgo86DrqkLx3yrN1KBOtEJOF41uG3NWyQk4gpDxcNek9KsOmOYkfIziBICBOGraLK9+f439id4cxaBLn8zpBvHvIEjzy/gQ7x3RtZ0E0nBpH7JKq0vm8jXfu1/towelswtXt/dw9gJc6IijYJhviMGQNjRMvzZV9CqOHENuWLlXee9jQTTQ==&u=U2FsdGVkX1+KWnRoyFmPcyVP4h9Gf3BOoFB27ZEA3zo=&y=U2FsdGVkX1+PVi+weol/KXYkipqx52Sa4yVc+mUgLSeVRkR4/GJcYPBDzIQt9sDn HTTP/1.1" 200 25
201.184.82.154 - - [16/Oct/2022:14:47:15 -0500] "GET /kwssiamovil/sm/acme/a?s=U2FsdGVkX19+ByAQx+Wn13I9m6ELDtgn3liy70ICs/OmrAk2Xc0MllTkdsC433be0kfUrDAEQR38qyzDxg/JGRmZodihtEVxeJe+PTdFxuiEVIEEldbQt3MQ/kuwBIvplBDNuXXSneA1Ah/ekY3xEX8h4VEehfUzJACqsXGgZVc=&u=U2FsdGVkX1+KWnRoyFmPcyVP4h9Gf3BOoFB27ZEA3zo=&y=U2FsdGVkX1+PVi+weol/KXYkipqx52Sa4yVc+mUgLSeVRkR4/GJcYPBDzIQt9sDn HTTP/1.1" 200 26
201.184.82.154 - - [16/Oct/2022:14:47:15 -0500] "GET /kwssiamovil/sm/acme/a?s=U2FsdGVkX18yI1Qtz8Nl4pxMSn+zdcOcbwzp8i1a+y99ZLkq7HjLcfbZUEAX0u5it0C5RKCi0o45MeZ9qNj+tkjdLWkxV07w2JRt6LIEKN9cSU2PK4SWnOMev0fboNq8pEUibQVVAwT3fsfgqAoBtgxDZI/ulxhqHIDfs4a+Wqk=&u=U2FsdGVkX1+KWnRoyFmPcyVP4h9Gf3BOoFB27ZEA3zo=&y=U2FsdGVkX1+PVi+weol/KXYkipqx52Sa4yVc+mUgLSeVRkR4/GJcYPBDzIQt9sDn HTTP/1.1" 200 25
201.184.82.154 - - [16/Oct/2022:14:47:15 -0500] "GET /kwssiamovil/sm/acme/a?s=U2FsdGVkX1+yEwxgliI84zHrUAg9YiYPI1HE0g35ApGYUGJmsBsu3dLhudwYAGgPOcNL29ypQV66UEythXqL7fE96m8+CBNmHRhyrWpcJVL+ajKmL7/1MTLSZLHgj5BBZ745cVJuASOpDiMx9rLlotiDuHLuXVZHa36UCNKH0EU=&u=U2FsdGVkX1+KWnRoyFmPcyVP4h9Gf3BOoFB27ZEA3zo=&y=U2FsdGVkX1+PVi+weol/KXYkipqx52Sa4yVc+mUgLSeVRkR4/GJcYPBDzIQt9sDn HTTP/1.1" 200 25
201.184.82.154 - - [16/Oct/2022:14:47:16 -0500] "GET /kwssiamovil/sm/acme/a?s=U2FsdGVkX184gK7Dqjqo5JFEdIlkIV4krozZS0bxMq2oikSI11gzUbFWaZ80SDXLbwFgyXvQ2ZPgsWUmetruS0ytPIrppXT+4Zdm52CubCm9y8PKAARJ4T+dlhmKvpO1skIrNEdeAch9f7z+TBSc2lcADpDJYR2Li9oQcPH0WUKszYoeJ8yO1kpLzkgf0dyw&u=U2FsdGVkX1+KWnRoyFmPcyVP4h9Gf3BOoFB27ZEA3zo=&y=U2FsdGVkX1+PVi+weol/KXYkipqx52Sa4yVc+mUgLSeVRkR4/GJcYPBDzIQt9sDn HTTP/1.1" 200 25
207.46.13.84 - - [16/Oct/2022:14:48:14 -0500] "GET /BLA/resoluciones/RESOLUCIONES%202022/1606.pdf HTTP/1.1" 200 346560
201.184.82.154 - - [16/Oct/2022:14:49:05 -0500] "GET /kwssiamovil/sm/acme/u?s=U2FsdGVkX19JZJoKIZlEFU43kjVRpeFYgHq/sbiu9FTQmEFRkJaUi5jZKnunwCv7KOZxRuZKrmIlzaTyZwKaPIZ8f5UP28lL1NrO4lNO98xeyIMhtmNyT3+TYxX/ECOm+x+teiAx5HLMG7GCyvvGiQ==&u=U2FsdGVkX1+KWnRoyFmPcyVP4h9Gf3BOoFB27ZEA3zo=&y=U2FsdGVkX1+PVi+weol/KXYkipqx52Sa4yVc+mUgLSeVRkR4/GJcYPBDzIQt9sDn HTTP/1.1" 200 60
172.22.2.4 - - [16/Oct/2022:14:49:55 -0500] "GET /BLA/boletinlegal/actos.php HTTP/1.1" 200 9566
172.22.2.4 - - [16/Oct/2022:14:49:56 -0500] "GET /BLA/boletinlegal/js/ajax_actos.js HTTP/1.1" 200 1322
172.22.2.4 - - [16/Oct/2022:14:49:56 -0500] "GET /BLA/boletinlegal/niceforms-default.css HTTP/1.1" 200 6694
172.22.2.4 - - [16/Oct/2022:14:49:56 -0500] "GET /BLA/boletinlegal/styles2.css HTTP/1.1" 200 1838
172.22.2.4 - - [16/Oct/2022:14:49:56 -0500] "GET /BLA/boletinlegal/niceforms.js HTTP/1.1" 200 22876
172.22.2.4 - - [16/Oct/2022:14:49:56 -0500] "GET /BLA/boletinlegal/style.css HTTP/1.1" 200 9406
172.22.2.4 - - [16/Oct/2022:14:49:56 -0500] "GET /BLA/boletinlegal/js/popup.js HTTP/1.1" 200 1270
172.22.2.4 - - [16/Oct/2022:14:49:56 -0500] "GET /BLA/boletinlegal/js/jquery1.js HTTP/1.1" 200 29846
172.22.2.4 - - [16/Oct/2022:14:49:56 -0500] "GET /BLA/boletinlegal/js/lib.js HTTP/1.1" 200 6474
172.22.2.4 - - [16/Oct/2022:14:49:56 -0500] "GET /BLA/boletinlegal/images/cabezote%20BLEGAL.jpg HTTP/1.1" 200 118164
172.22.2.4 - - [16/Oct/2022:14:49:56 -0500] "GET /BLA/boletinlegal/images/subscribe-icon-big.png HTTP/1.1" 200 47702
172.22.2.4 - - [16/Oct/2022:14:49:56 -0500] "GET /BLA/boletinlegal/images/historia.png HTTP/1.1" 200 52775
172.22.2.4 - - [16/Oct/2022:14:49:56 -0500] "GET /BLA/boletinlegal/images/registro-usuarios.png HTTP/1.1" 200 8106
172.22.2.4 - - [16/Oct/2022:14:49:56 -0500] "GET /BLA/boletinlegal/images/green-yellow-blue-pink-th.png HTTP/1.1" 200 7394
172.22.2.4 - - [16/Oct/2022:14:49:56 -0500] "GET /BLA/boletinlegal/images/tel.png HTTP/1.1" 200 14477
172.22.2.4 - - [16/Oct/2022:14:49:56 -0500] "GET /BLA/boletinlegal/images/text.jpg HTTP/1.1" 200 568
172.22.2.4 - - [16/Oct/2022:14:49:56 -0500] "GET /BLA/boletinlegal/images/icono-email.png HTTP/1.1" 200 5544
172.22.2.4 - - [16/Oct/2022:14:49:56 -0500] "GET /BLA/boletinlegal/images/footer_bg.jpg HTTP/1.1" 200 586
172.22.2.4 - - [16/Oct/2022:14:49:56 -0500] "GET /BLA/boletinlegal/images/body_bg.jpg HTTP/1.1" 200 1601
172.22.2.4 - - [16/Oct/2022:14:49:56 -0500] "GET /BLA/boletinlegal/images/menu_rght.gif HTTP/1.1" 200 1627
172.22.2.4 - - [16/Oct/2022:14:49:56 -0500] "GET /BLA/boletinlegal/images/menu_lft.gif HTTP/1.1" 200 1713
172.22.2.4 - - [16/Oct/2022:14:49:56 -0500] "GET /BLA/boletinlegal/images/bg_top.jpg HTTP/1.1" 200 522
172.22.2.4 - - [16/Oct/2022:14:49:56 -0500] "GET /BLA/boletinlegal/images/menu_bg.jpg HTTP/1.1" 200 620
172.22.2.4 - - [16/Oct/2022:14:49:56 -0500] "GET /BLA/boletinlegal/images/footer_bg_l.jpg HTTP/1.1" 200 776
172.22.2.4 - - [16/Oct/2022:14:49:56 -0500] "GET /BLA/boletinlegal/images/hover.jpg HTTP/1.1" 200 640
172.22.2.4 - - [16/Oct/2022:14:49:56 -0500] "GET /BLA/boletinlegal/img/0.png HTTP/1.1" 200 110
172.22.2.4 - - [16/Oct/2022:14:49:56 -0500] "GET /BLA/boletinlegal/img/select-left.png HTTP/1.1" 200 263
172.22.2.4 - - [16/Oct/2022:14:49:56 -0500] "GET /BLA/boletinlegal/img/select-right.png HTTP/1.1" 200 44019
172.22.2.4 - - [16/Oct/2022:14:49:56 -0500] "GET /BLA/boletinlegal/img/button.png HTTP/1.1" 200 43241
172.22.2.4 - - [16/Oct/2022:14:49:56 -0500] "GET /BLA/boletinlegal/img/button-left.png HTTP/1.1" 200 57071
172.22.2.4 - - [16/Oct/2022:14:49:56 -0500] "GET /BLA/boletinlegal/img/button-right.png HTTP/1.1" 200 57878
172.22.2.4 - - [16/Oct/2022:14:49:56 -0500] "GET /BLA/boletinlegal/favicon.ico HTTP/1.1" 404 1326
172.22.2.4 - - [16/Oct/2022:14:50:01 -0500] "GET /BLA/boletinlegal/js/jquery.js HTTP/1.1" 200 57254
172.22.2.4 - - [16/Oct/2022:14:50:02 -0500] "GET /BLA/boletinlegal/js/jquery.scrollTo-min.js HTTP/1.1" 200 1150
172.22.2.4 - - [16/Oct/2022:14:50:02 -0500] "GET /BLA/boletinlegal/js/jquery.scrollShow.js HTTP/1.1" 200 4586
172.22.2.4 - - [16/Oct/2022:14:50:02 -0500] "GET /BLA/boletinlegal/images/arr_l.jpg HTTP/1.1" 200 1979
172.22.2.4 - - [16/Oct/2022:14:50:02 -0500] "GET /BLA/boletinlegal/images/launch.jpg HTTP/1.1" 200 14577
172.22.2.4 - - [16/Oct/2022:14:50:02 -0500] "GET /BLA/boletinlegal/images/screen_1.png HTTP/1.1" 200 202547
172.22.2.4 - - [16/Oct/2022:14:50:03 -0500] "GET /BLA/boletinlegal/normativa.php HTTP/1.1" 200 8333
172.22.2.4 - - [16/Oct/2022:14:50:03 -0500] "GET /BLA/boletinlegal/js/ajax_normativa.js HTTP/1.1" 200 1154
172.22.2.4 - - [16/Oct/2022:14:50:04 -0500] "GET /BLA/boletinlegal/actos.php HTTP/1.1" 200 9566
172.22.2.4 - - [16/Oct/2022:14:50:06 -0500] "GET /BLA/boletinlegal/doctrina.php HTTP/1.1" 200 5604
172.22.2.4 - - [16/Oct/2022:14:50:06 -0500] "GET /BLA/boletinlegal/js/ajax_doctrina.js HTTP/1.1" 200 772
172.22.2.4 - - [16/Oct/2022:14:50:06 -0500] "GET /BLA/boletinlegal/images/sub_ul_li.gif HTTP/1.1" 200 343
172.22.2.4 - - [16/Oct/2022:14:48:34 -0500] "HEAD /BLA/boletinlegal/ HTTP/1.1" 200 -
201.245.192.253 - - [16/Oct/2022:14:50:39 -0500] "POST /kwsrmcab/Wsrmcab  HTTP/1.1" 200 43296
172.22.2.4 - - [16/Oct/2022:14:50:01 -0500] "GET /BLA/boletinlegal/index.php HTTP/1.1" 200 24523
172.22.2.4 - - [16/Oct/2022:14:49:24 -0500] "GET /BLA/boletinlegal/ HTTP/1.1" 200 56376
69.171.231.9 - - [16/Oct/2022:14:52:06 -0500] "GET /images/Junio%2002-experiencias-jardines-verticales-sda.jpeg HTTP/1.1" 200 31171
216.245.221.92 - - [16/Oct/2022:14:52:14 -0500] "HEAD / HTTP/1.1" 200 -
186.86.32.59 - - [16/Oct/2022:14:52:47 -0500] "GET /la-secretaria-de-ambiente-abre-nueva-convocatoria-para-su-programa-de-voluntariado-ambiental.html HTTP/1.1" 200 976
157.55.39.25 - - [16/Oct/2022:14:53:09 -0500] "GET /catalogoisis/ HTTP/1.1" 200 8575
157.55.39.202 - - [16/Oct/2022:14:53:53 -0500] "GET / HTTP/1.1" 200 319
173.252.83.12 - - [16/Oct/2022:14:54:19 -0500] "GET /images/POT%20ciudad%20bol\xc3\xadvar-6%20octubre.jpg HTTP/1.1" 404 1034
201.245.192.253 - - [16/Oct/2022:14:55:38 -0500] "POST /kwsrmcab/Wsrmcab  HTTP/1.1" 200 43296
172.22.2.4 - - [16/Oct/2022:14:54:24 -0500] "HEAD /BLA/boletinlegal/ HTTP/1.1" 200 -
114.119.141.71 - - [16/Oct/2022:14:56:30 -0500] "GET /BLA/resoluciones/RESOLUCIONES%202010/2514.pdf HTTP/1.1" 200 392066
172.22.2.4 - - [16/Oct/2022:14:55:14 -0500] "GET /BLA/boletinlegal/ HTTP/1.1" 200 57725
216.245.221.92 - - [16/Oct/2022:14:57:14 -0500] "HEAD / HTTP/1.1" 200 -
186.84.89.31 - - [16/Oct/2022:14:58:30 -0500] "GET /catalogoisis/ HTTP/1.1" 200 8575
186.84.89.31 - - [16/Oct/2022:14:58:30 -0500] "GET /catalogoisis/Css/Busqueda.css HTTP/1.1" 200 1995
186.84.89.31 - - [16/Oct/2022:14:58:30 -0500] "GET /catalogoisis/Js/AceptarLimpiar.js HTTP/1.1" 200 331
186.84.89.31 - - [16/Oct/2022:14:58:30 -0500] "GET /catalogoisis/Js/Remote.js HTTP/1.1" 200 436
186.84.89.31 - - [16/Oct/2022:14:58:30 -0500] "GET /catalogoisis/Js/LimpiarCombinada.js HTTP/1.1" 200 207
186.84.89.31 - - [16/Oct/2022:14:58:30 -0500] "GET /catalogoisis/Js/Cookies.js HTTP/1.1" 200 1369
186.84.89.31 - - [16/Oct/2022:14:58:30 -0500] "GET /catalogoisis/Js/Go.js HTTP/1.1" 200 364
186.84.89.31 - - [16/Oct/2022:14:58:30 -0500] "GET /catalogoisis/Js/CriterioCombinada.js HTTP/1.1" 200 1843
186.84.89.31 - - [16/Oct/2022:14:58:30 -0500] "GET /catalogoisis/Js/Numero.js HTTP/1.1" 200 398
186.84.89.31 - - [16/Oct/2022:14:58:30 -0500] "GET /catalogoisis/Js/Enter.js HTTP/1.1" 200 1208
186.84.89.31 - - [16/Oct/2022:14:58:30 -0500] "GET /catalogoisis/imagenes/br1c1.gif HTTP/1.1" 200 172
186.84.89.31 - - [16/Oct/2022:14:58:30 -0500] "GET /catalogoisis/imagenes/br1c3.gif HTTP/1.1" 200 302
186.84.89.31 - - [16/Oct/2022:14:58:30 -0500] "GET /catalogoisis/imagenes/Turnbo1.gif HTTP/1.1" 200 227
186.84.89.31 - - [16/Oct/2022:14:58:30 -0500] "GET /catalogoisis/imagenes/limpiar1.gif HTTP/1.1" 200 606
186.84.89.31 - - [16/Oct/2022:14:58:30 -0500] "GET /catalogoisis/imagenes/aceptar1.gif HTTP/1.1" 200 604
186.84.89.31 - - [16/Oct/2022:14:58:30 -0500] "GET /catalogoisis/imagenes/br3c1.gif HTTP/1.1" 200 177
186.84.89.31 - - [16/Oct/2022:14:58:30 -0500] "GET /catalogoisis/imagenes/br3c3.gif HTTP/1.1" 200 186
186.84.89.31 - - [16/Oct/2022:14:58:30 -0500] "GET /catalogoisis/imagenes/br3c2.gif HTTP/1.1" 200 285
186.84.89.31 - - [16/Oct/2022:14:58:30 -0500] "GET /catalogoisis/imagenes/br1c2.gif HTTP/1.1" 200 297
186.84.89.31 - - [16/Oct/2022:14:58:30 -0500] "GET /catalogoisis/imagenes/br2c1.gif HTTP/1.1" 200 297
186.84.89.31 - - [16/Oct/2022:14:58:30 -0500] "GET /catalogoisis/imagenes/br2c2.gif HTTP/1.1" 200 302
186.84.89.31 - - [16/Oct/2022:14:58:30 -0500] "GET /catalogoisis/imagenes/br2c3.gif HTTP/1.1" 200 416
186.84.89.31 - - [16/Oct/2022:14:58:30 -0500] "GET /catalogoisis/imagenes/Header.gif HTTP/1.1" 200 30313
186.84.89.31 - - [16/Oct/2022:14:58:30 -0500] "GET /favicon.ico HTTP/1.1" 200 7782
186.84.89.31 - - [16/Oct/2022:14:58:34 -0500] "GET /catalogoisis/imagenes/aceptar2.gif HTTP/1.1" 200 586
186.84.89.31 - - [16/Oct/2022:14:58:35 -0500] "GET /catalogoisis/imagenes/limpiar2.gif HTTP/1.1" 200 589
190.26.164.133 - - [16/Oct/2022:15:00:22 -0500] "GET /BLA/resoluciones/index.php?dir=RESOLUCIONES+2017%2F HTTP/1.1" 200 284276
201.245.192.253 - - [16/Oct/2022:15:00:37 -0500] "POST /kwsrmcab/Wsrmcab  HTTP/1.1" 200 43296
152.89.196.211 - - [16/Oct/2022:15:00:52 -0500] "-" 408 -
157.55.39.202 - - [16/Oct/2022:15:01:44 -0500] "GET /galeria/galeria/fotos/Entrenube3G.jpg HTTP/1.1" 200 138221
172.22.2.4 - - [16/Oct/2022:15:00:14 -0500] "HEAD /BLA/boletinlegal/ HTTP/1.1" 200 -
216.245.221.92 - - [16/Oct/2022:15:02:14 -0500] "HEAD / HTTP/1.1" 200 -
172.22.2.4 - - [16/Oct/2022:15:01:04 -0500] "GET /BLA/boletinlegal/ HTTP/1.1" 200 57725
201.245.192.253 - - [16/Oct/2022:15:05:36 -0500] "POST /kwsrmcab/Wsrmcab  HTTP/1.1" 200 43296
216.245.221.92 - - [16/Oct/2022:15:07:14 -0500] "HEAD / HTTP/1.1" 200 -
172.22.2.4 - - [16/Oct/2022:15:06:04 -0500] "HEAD /BLA/boletinlegal/ HTTP/1.1" 200 -
172.22.2.4 - - [16/Oct/2022:15:06:54 -0500] "GET /BLA/boletinlegal/ HTTP/1.1" 200 57375
181.32.64.228 - - [16/Oct/2022:15:10:10 -0500] "GET /asi-las-mujeres-que-reverdecen-cuidan-los-arboles-para-la-restauracion-ecologica-de-bogota.html?fbclid=IwAR3ygGcYJsRK36IpY-5N384ItlHJENIQ0-O-fUXy21pn7tKzFcHDumYwG_A HTTP/1.1" 200 911
34.86.177.154 - - [16/Oct/2022:15:10:15 -0500] "GET /asi-las-mujeres-que-reverdecen-cuidan-los-arboles-para-la-restauracion-ecologica-de-bogota.html HTTP/1.1" 200 911
54.242.55.107 - - [16/Oct/2022:15:10:15 -0500] "GET /asi-las-mujeres-que-reverdecen-cuidan-los-arboles-para-la-restauracion-ecologica-de-bogota.html HTTP/1.1" 200 911
54.242.55.107 - - [16/Oct/2022:15:10:16 -0500] "GET /asi-las-mujeres-que-reverdecen-cuidan-los-arboles-para-la-restauracion-ecologica-de-bogota.html HTTP/1.1" 200 911
201.245.192.253 - - [16/Oct/2022:15:10:35 -0500] "POST /kwsrmcab/Wsrmcab  HTTP/1.1" 200 43296
172.22.2.4 - - [16/Oct/2022:15:11:28 -0500] "GET /BLA/boletinlegal/robots.txt HTTP/1.1" 404 1140
207.46.13.213 - - [16/Oct/2022:15:12:02 -0500] "GET /portaldeninos/aulas-ambientales/aula-ambiental-sorotama/ HTTP/1.1" 200 89596
216.245.221.92 - - [16/Oct/2022:15:12:14 -0500] "HEAD / HTTP/1.1" 200 -
172.22.2.4 - - [16/Oct/2022:15:11:54 -0500] "HEAD /BLA/boletinlegal/ HTTP/1.1" 200 -
172.22.2.4 - - [16/Oct/2022:15:12:44 -0500] "GET /BLA/boletinlegal/ HTTP/1.1" 200 58163
207.46.13.89 - - [16/Oct/2022:15:14:49 -0500] "GET /BLA/resoluciones/RESOLUCIONES%202001/2001%20700-749.TIF HTTP/1.1" 200 8147392
201.245.192.253 - - [16/Oct/2022:15:15:33 -0500] "POST /kwsrmcab/Wsrmcab  HTTP/1.1" 200 43296
216.245.221.92 - - [16/Oct/2022:15:17:14 -0500] "HEAD / HTTP/1.1" 200 -
172.22.2.4 - - [16/Oct/2022:15:17:44 -0500] "HEAD /BLA/boletinlegal/ HTTP/1.1" 200 -
190.26.164.133 - - [16/Oct/2022:15:19:49 -0500] "GET /BLA/resoluciones/index.php?dir=AUTOS+2013%2F HTTP/1.1" 200 406613
172.22.2.4 - - [16/Oct/2022:15:18:34 -0500] "GET /BLA/boletinlegal/ HTTP/1.1" 200 58163
201.245.192.253 - - [16/Oct/2022:15:20:32 -0500] "POST /kwsrmcab/Wsrmcab  HTTP/1.1" 200 43296
201.245.192.253 - - [16/Oct/2022:15:21:48 -0500] "POST /kwsrmcab/Wsrmcab HTTP/1.1" 200 43561
201.245.192.253 - - [16/Oct/2022:15:21:51 -0500] "POST /kwsrmcab/Wsrmcab HTTP/1.1" 200 43602
216.245.221.92 - - [16/Oct/2022:15:22:14 -0500] "HEAD / HTTP/1.1" 200 -
207.46.13.89 - - [16/Oct/2022:15:23:40 -0500] "GET /Publicaciones/2022EE236714.pdf HTTP/1.1" 404 228
157.55.39.25 - - [16/Oct/2022:15:24:12 -0500] "GET /BLA/resoluciones/AUTOS%202021/3805.pdf HTTP/1.1" 304 -
207.46.13.190 - - [16/Oct/2022:15:24:20 -0500] "GET /BLA/resoluciones/AUTOS%202022/3060.pdf HTTP/1.1" 200 356569
207.46.13.40 - - [16/Oct/2022:15:24:51 -0500] "GET /BLA/resoluciones/RESOLUCIONES%202022/0493.pdf HTTP/1.1" 200 644563
172.22.2.4 - - [16/Oct/2022:15:23:34 -0500] "HEAD /BLA/boletinlegal/ HTTP/1.1" 200 -
181.61.209.141 - - [16/Oct/2022:15:25:17 -0500] "GET /BLA/resoluciones/index.php?dir= HTTP/1.1" 200 13093
181.61.209.141 - - [16/Oct/2022:15:25:20 -0500] "GET /BLA/resoluciones/index.php?dir=AUTOS+2012%2F HTTP/1.1" 200 274196
201.245.192.253 - - [16/Oct/2022:15:25:31 -0500] "POST /kwsrmcab/Wsrmcab  HTTP/1.1" 200 43296
181.61.209.141 - - [16/Oct/2022:15:25:41 -0500] "GET /BLA/resoluciones/AUTOS%202012/2808.pdf HTTP/1.1" 200 381590
172.22.2.4 - - [16/Oct/2022:15:24:24 -0500] "GET /BLA/boletinlegal/ HTTP/1.1" 200 59828
216.245.221.92 - - [16/Oct/2022:15:27:14 -0500] "HEAD / HTTP/1.1" 200 -
193.142.146.35 - - [16/Oct/2022:15:28:03 -0500] "GET / HTTP/1.1" 200 319
193.142.146.35 - - [16/Oct/2022:15:28:03 -0500] "POST /HNAP1/ HTTP/1.1" 404 1018
190.24.59.165 - - [16/Oct/2022:15:28:32 -0500] "GET /galeria/galeria/jquery.fancybox.css?v=2.1.5 HTTP/1.1" 200 4895
190.24.59.165 - - [16/Oct/2022:15:28:34 -0500] "GET /galeria/galeria/jquery.fancybox.js?v=2.1.5 HTTP/1.1" 200 48706
190.24.59.165 - - [16/Oct/2022:15:28:38 -0500] "GET /galeria/galeria/fotos/juan-amarillo1P.jpg HTTP/1.1" 200 30845
190.24.59.165 - - [16/Oct/2022:15:29:09 -0500] "GET /galeria/galeria/fotos/juan-amarillo3P.jpg HTTP/1.1" 200 28033
190.24.59.165 - - [16/Oct/2022:15:29:09 -0500] "GET /galeria/galeria/fotos/juan-amarillo2P.jpg HTTP/1.1" 200 32696
190.24.59.165 - - [16/Oct/2022:15:29:09 -0500] "GET /galeria/galeria/fotos/juan-amarillo4P.jpg HTTP/1.1" 200 23811
152.89.196.211 - - [16/Oct/2022:15:29:51 -0500] "GET /actuator/gateway/routes HTTP/1.1" 404 1018
172.22.2.4 - - [16/Oct/2022:15:29:32 -0500] "GET /BLA/boletinlegal/ HTTP/1.1" 200 24523
191.91.56.243 - - [16/Oct/2022:15:30:26 -0500] "GET /la-secretaria-de-ambiente-abre-nueva-convocatoria-para-su-programa-de-voluntariado-ambiental.html HTTP/1.1" 200 976
201.245.192.253 - - [16/Oct/2022:15:30:31 -0500] "POST /kwsrmcab/Wsrmcab  HTTP/1.1" 200 43296
207.46.13.40 - - [16/Oct/2022:15:30:44 -0500] "GET /BLA/resoluciones/RESOLUCIONES%202013/0698.pdf HTTP/1.1" 304 -
172.22.2.4 - - [16/Oct/2022:15:29:24 -0500] "HEAD /BLA/boletinlegal/ HTTP/1.1" 200 -
201.245.192.253 - - [16/Oct/2022:15:31:48 -0500] "POST /kwsrmcab/Wsrmcab HTTP/1.1" 200 43561
201.245.192.253 - - [16/Oct/2022:15:31:51 -0500] "POST /kwsrmcab/Wsrmcab HTTP/1.1" 200 43602
172.22.2.4 - - [16/Oct/2022:15:30:14 -0500] "GET /BLA/boletinlegal/ HTTP/1.1" 200 54003
216.245.221.92 - - [16/Oct/2022:15:32:14 -0500] "HEAD / HTTP/1.1" 200 -
201.245.192.253 - - [16/Oct/2022:15:35:30 -0500] "POST /kwsrmcab/Wsrmcab  HTTP/1.1" 200 43296
172.22.2.4 - - [16/Oct/2022:15:34:02 -0500] "GET /BLA/boletinlegal/ HTTP/1.1" 200 58575
207.46.13.190 - - [16/Oct/2022:15:36:41 -0500] "GET /BLA/resoluciones/0666.tif HTTP/1.1" 404 1018
172.22.2.4 - - [16/Oct/2022:15:35:14 -0500] "HEAD /BLA/boletinlegal/ HTTP/1.1" 200 -
216.245.221.92 - - [16/Oct/2022:15:37:14 -0500] "HEAD / HTTP/1.1" 200 -
172.22.2.4 - - [16/Oct/2022:15:36:04 -0500] "GET /BLA/boletinlegal/ HTTP/1.1" 200 59828
172.22.2.4 - - [16/Oct/2022:15:37:51 -0500] "GET /BLA/boletinlegal/Circulares/2019/.pdf HTTP/1.1" 404 1218
172.22.2.4 - - [16/Oct/2022:15:38:00 -0500] "GET /BLA/boletinlegal/Circulares/2012/Circular%20No.%2010%20del%2026%20de%20Enero%20de%202012.pdf HTTP/1.1" 404 1218
201.245.192.253 - - [16/Oct/2022:15:40:29 -0500] "POST /kwsrmcab/Wsrmcab  HTTP/1.1" 200 43296
45.139.105.214 - - [16/Oct/2022:15:41:01 -0500] "POST /boaform/admin/formLogin HTTP/1.1" 404 1186
201.245.192.253 - - [16/Oct/2022:15:41:48 -0500] "POST /kwsrmcab/Wsrmcab HTTP/1.1" 200 43561
201.245.192.253 - - [16/Oct/2022:15:41:51 -0500] "POST /kwsrmcab/Wsrmcab HTTP/1.1" 200 43602
216.245.221.92 - - [16/Oct/2022:15:42:13 -0500] "HEAD / HTTP/1.1" 200 -
172.22.2.4 - - [16/Oct/2022:15:41:04 -0500] "HEAD /BLA/boletinlegal/ HTTP/1.1" 200 -
172.22.2.4 - - [16/Oct/2022:15:41:54 -0500] "GET /BLA/boletinlegal/ HTTP/1.1" 200 59828
23.100.232.233 - - [16/Oct/2022:15:44:36 -0500] "GET /BLA/boletinlegal/js/jquery.scrollShow.js HTTP/1.1" 200 4586
23.100.232.233 - - [16/Oct/2022:15:44:36 -0500] "GET /galeria/galeria/jquery.fancybox.js?v=2.1.5 HTTP/1.1" 200 48706
23.100.232.233 - - [16/Oct/2022:15:44:36 -0500] "GET /galeria/galeria/jquery.fancybox.css?v=2.1.5 HTTP/1.1" 200 4895
201.245.192.253 - - [16/Oct/2022:15:45:27 -0500] "POST /kwsrmcab/Wsrmcab  HTTP/1.1" 200 43296
216.245.221.92 - - [16/Oct/2022:15:47:13 -0500] "HEAD / HTTP/1.1" 200 -
190.145.240.68 - - [16/Oct/2022:15:48:24 -0500] "GET /kwssiamovil/sm/ldap/au?x=U2FsdGVkX184V85lT8w25anr3XGw8bEhHX9LQW8NNH7lhEt6IJ8ANbOKpcss3bdm&y=U2FsdGVkX1/HtplhK8ngblaLDnEhMCqeHuRjt54B6f3kP+6VWf306boEqV9yqRi4 HTTP/1.1" 200 30
190.145.240.68 - - [16/Oct/2022:15:48:24 -0500] "GET /kwssiamovil/sm/acme/s?s=U2FsdGVkX1/W9Ebyhtfee2Q7KkDUKUIeC+oute1NICTAZEfkaDcjqF36DjuXO+ARJzsmR5tmjmFNLNAkjNteYRsgor4VedA7XOK0pH1qbtA=&u=U2FsdGVkX1+S6Uamp3BLt+riOlf57Cu24rdujQh6Ft4=&y=U2FsdGVkX1/HtplhK8ngblaLDnEhMCqeHuRjt54B6f3kP+6VWf306boEqV9yqRi4 HTTP/1.1" 200 97
190.145.240.68 - - [16/Oct/2022:15:48:24 -0500] "GET /kwssiamovil/sm/acme/s?s=U2FsdGVkX18ttsQYBy5Tc78djGduAIuqaJc8qzCo82txqZ5Nv8Gua6uHTwV0HDB2a4Qknr6wCBd6HO3ddlScNxzxbnhE7rPsZTCMFHZATUKnknN8BjcVjzWyvQpo3XvU4HFtb/lfSmaz5NY395JKP9VKQgKRaJPZrzIWTAy0WHyiQciRyH88vmulHnxslXGk6+0hucVIhV14c1Ta+Tmk+Bz0u7MdWnD+FMtH+L7Rqu6GKakGx3++sRQnl6/T5803VO3VoRKaSyXEFlvWL9WTH13wCgZ3FcDTIO5GMiwcxRrO4Fzgi7zSI4Is2KEA3jTY/HvPzNgvEgzC9rtafqGVIxg0UvPkLUltDeTC2SQehCeLzFvMBvyLfDXWprkPOdEhTDND6iby0Fm5jvkGA0MiAW3hB5FZyXjBqCHD2rRIyJtERMD+uV7dXQlLh11oflIcjYbSGt1sm2uSB/+jj2j6kxwqmdc7loFGNYA/HQBv17yHgjlmFNIdY2OlaB/BiDjrMdRvHVXb3Ijgv6ye8Lc6a/PHfgQA5xodS/gM/nj4ejQUzvQ9foIUR4zfCCi10WPPZulCo7Ketk322PcAyg+nFzAqqnD/o1NcYTP0p6BisE43YMaDrS1v+3ecDeXw6WIUcdHAGJKbnbvtmkEkij1vxduVEwyPX5CyUYpuCrgBfkZSlBXbZfXTuGlc3zipy8P/aZJyiBt8ysQCJtetgv2JSoiwfwIEi2E3N29xmjuz8CngQW2tecGRr+2diCTbPDtc0/W7mEaWdogwuMKMaeTMCd36WJECHanjQdcgtdeoaUmGecfRr+U2InBzAWDlY1L1d6fyy6FAyNqFnFqNNcFjZrHhO3WbryDFEIuv/9iVPWrRvcgtBTeSF7XgUWu1FvksM7jLzZA9HPeuhlAJdCi0qmN/Uww0u3PLI08Aw8OJXlOtlYcEhmXA1JIfDgGJoDRgxrVVBY7j8qcJzITtjJjEQRl335zs67TD6pbRcGpywqkE0FNx186JS//g5Dx3LxpQoaA82ymiN3WvHr3jRSqyAuPKLxFjwsHhNtEPtSWCO5c/ieWJwzMoxpu9ROQc5ajgSorrg62gbB6oL49zrPcv8l48+9u1IZRr/4kbRQrssjmNqn60l2+UxoMeh+vEdVV1eQsvhTybjNCHVS7jVFHuj0HOnA6EyJUEJHDpd704L1Zus4eEpM8lQP01wqEkcr1WLT2wR3kkiHW1yQi1o2+on1SmFFxcvpIQQF7kUwM78HVN844rLvTN4ztP4IlBWkKOoek0QWmAkoewUFbbQ8pVPNZoCZFI2CW93S/GZ8NUdFpg3GxifKQFWBq3iu9Q/2oGE3eBo4O2pZejCCTxs8gcIEKn/Hs1g08Osja9tJ5gu/Tjj9o0BeV+XwagupYRSeTJ+WL2gTLcKS2JeTLQtN4O5RPsLtnMeuWmLS1VGEbpCWM=&u=U2FsdGVkX1+S6Uamp3BLt+riOlf57Cu24rdujQh6Ft4=&y=U2FsdGVkX1/HtplhK8ngblaLDnEhMCqeHuRjt54B6f3kP+6VWf306boEqV9yqRi4 HTTP/1.1" 200 3216
190.145.240.68 - - [16/Oct/2022:15:48:24 -0500] "GET /kwssiamovil/sm/acme/s?s=U2FsdGVkX1/mLAkL5sOT8TQBXyyYH1Ydv6lMfRzf30E/YoluKlpshgp6pOqzRBZDVgYEkPzxJORvbSAKVmolBI4qR5T98bWi8c96UrdJmHiiF9agGGfg0YorYwIAwengIh2+/+NNo+2MzVK+rFWIJNDLHfBNENFeZaYONa5Dob0AzPCMuPkNOSjgp4L1LtBARKKhbRuCfDAEVpvPTWmOdviK0BD9/nW6HjOExWrzA7MG7euWqoBtilEV5lQll24X9BTNMuk6SPtA5E74y9nYUlwhcT8ozkSmck8n7mUvztH11r4dP7kFsFYnDyS/fDJbwLap4JACzewbjv+WwArsRw==&u=U2FsdGVkX1+S6Uamp3BLt+riOlf57Cu24rdujQh6Ft4=&y=U2FsdGVkX1/HtplhK8ngblaLDnEhMCqeHuRjt54B6f3kP+6VWf306boEqV9yqRi4 HTTP/1.1" 200 196
190.145.240.68 - - [16/Oct/2022:15:48:24 -0500] "GET /kwssiamovil/sm/cjson/pre?f=1&x=U2FsdGVkX184V85lT8w25anr3XGw8bEhHX9LQW8NNH7lhEt6IJ8ANbOKpcss3bdm HTTP/1.1" 200 30992
172.22.2.4 - - [16/Oct/2022:15:46:54 -0500] "HEAD /BLA/boletinlegal/ HTTP/1.1" 200 -
172.22.2.4 - - [16/Oct/2022:15:47:44 -0500] "GET /BLA/boletinlegal/ HTTP/1.1" 200 59828
201.245.192.253 - - [16/Oct/2022:15:50:26 -0500] "POST /kwsrmcab/Wsrmcab  HTTP/1.1" 200 43296
216.245.221.92 - - [16/Oct/2022:15:52:14 -0500] "HEAD / HTTP/1.1" 200 -
62.231.95.189 - - [16/Oct/2022:15:52:39 -0500] "-" 408 -
172.22.2.4 - - [16/Oct/2022:15:52:44 -0500] "HEAD /BLA/boletinlegal/ HTTP/1.1" 200 -
172.22.2.4 - - [16/Oct/2022:15:53:34 -0500] "GET /BLA/boletinlegal/ HTTP/1.1" 200 57725
201.245.192.253 - - [16/Oct/2022:15:55:25 -0500] "POST /kwsrmcab/Wsrmcab  HTTP/1.1" 200 43296
23.100.232.233 - - [16/Oct/2022:15:56:09 -0500] "GET /bla/resoluciones/autos%202019/2029.pdf HTTP/1.1" 200 332147
216.245.221.92 - - [16/Oct/2022:15:57:13 -0500] "HEAD / HTTP/1.1" 200 -
172.22.2.4 - - [16/Oct/2022:15:57:20 -0500] "GET /BLA/boletinlegal/actos.php HTTP/1.1" 200 9566
161.18.172.237 - - [16/Oct/2022:15:57:22 -0500] "GET /BLA/resoluciones/ HTTP/1.1" 200 13093
161.18.172.237 - - [16/Oct/2022:15:57:25 -0500] "GET /BLA/resoluciones/index.php?dir=RESOLUCIONES+2021%2F HTTP/1.1" 200 426713
161.18.172.237 - - [16/Oct/2022:15:57:50 -0500] "GET /BLA/resoluciones/RESOLUCIONES%202021/3389.pdf HTTP/1.1" 200 382728
172.22.2.4 - - [16/Oct/2022:15:57:19 -0500] "GET /BLA/boletinlegal/ HTTP/1.1" 200 24523
172.22.2.4 - - [16/Oct/2022:15:58:28 -0500] "GET /BLA/boletinlegal/robots.txt HTTP/1.1" 404 1038
172.22.2.4 - - [16/Oct/2022:15:58:32 -0500] "GET /BLA/boletinlegal/jurisprudencia/analisis/analisis%20C-595-2010.doc HTTP/1.1" 200 39424
172.22.2.4 - - [16/Oct/2022:15:58:55 -0500] "GET /BLA/boletinlegal/images/screen_3.png HTTP/1.1" 304 -
172.22.2.4 - - [16/Oct/2022:15:58:34 -0500] "HEAD /BLA/boletinlegal/ HTTP/1.1" 200 -
201.245.192.253 - - [16/Oct/2022:16:00:24 -0500] "POST /kwsrmcab/Wsrmcab  HTTP/1.1" 200 43296
172.22.2.4 - - [16/Oct/2022:16:00:27 -0500] "GET /BLA/boletinlegal/ HTTP/1.1" 200 20427
172.22.2.4 - - [16/Oct/2022:15:59:24 -0500] "GET /BLA/boletinlegal/ HTTP/1.1" 200 51183
216.245.221.92 - - [16/Oct/2022:16:02:13 -0500] "HEAD / HTTP/1.1" 200 -
172.22.2.4 - - [16/Oct/2022:16:02:08 -0500] "GET /BLA/boletinlegal/ HTTP/1.1" 200 36811
69.63.189.119 - - [16/Oct/2022:16:03:38 -0500] "GET /con-el-pot-bogota-tendra-30-mas-de-areas-verdes-protegidas.html HTTP/1.1" 206 940
201.245.192.253 - - [16/Oct/2022:16:05:23 -0500] "POST /kwsrmcab/Wsrmcab  HTTP/1.1" 200 43296
172.22.2.4 - - [16/Oct/2022:16:04:24 -0500] "HEAD /BLA/boletinlegal/ HTTP/1.1" 200 -
172.22.2.4 - - [16/Oct/2022:16:05:14 -0500] "GET /BLA/boletinlegal/ HTTP/1.1" 200 54356
216.245.221.92 - - [16/Oct/2022:16:07:13 -0500] "HEAD / HTTP/1.1" 200 -
23.100.232.233 - - [16/Oct/2022:16:07:37 -0500] "GET /galeria/galeria/jquery.fancybox.js?v=2.1.5 HTTP/1.1" 200 48706
23.100.232.233 - - [16/Oct/2022:16:07:37 -0500] "GET /BLA/boletinlegal/js/jquery.scrollShow.js HTTP/1.1" 200 4586
23.100.232.233 - - [16/Oct/2022:16:07:37 -0500] "GET /galeria/galeria/jquery.fancybox.css?v=2.1.5 HTTP/1.1" 200 4895
207.46.13.181 - - [16/Oct/2022:16:08:10 -0500] "GET /portaldeninos/parque-mirador-de-los-nevados/ HTTP/1.1" 200 89855
181.61.209.141 - - [16/Oct/2022:16:08:35 -0500] "GET /BLA/resoluciones/AUTOS%202012/2762.pdf HTTP/1.1" 200 389288
80.94.92.239 - - [16/Oct/2022:16:09:37 -0500] "GET / HTTP/1.1" 200 319
201.245.192.253 - - [16/Oct/2022:16:10:21 -0500] "POST /kwsrmcab/Wsrmcab  HTTP/1.1" 200 43296
172.22.2.4 - - [16/Oct/2022:16:10:14 -0500] "HEAD /BLA/boletinlegal/ HTTP/1.1" 200 -
216.245.221.92 - - [16/Oct/2022:16:12:13 -0500] "HEAD / HTTP/1.1" 200 -
172.22.2.4 - - [16/Oct/2022:16:11:04 -0500] "GET /BLA/boletinlegal/ HTTP/1.1" 200 59828
114.119.141.53 - - [16/Oct/2022:16:13:27 -0500] "GET /BLA/resoluciones/Notificaciones/REGISTROS%202014/3677.doc HTTP/1.1" 200 207360
207.46.13.177 - - [16/Oct/2022:16:14:00 -0500] "GET /portaldeninos/wp-content/uploads/2021/06/titulo-miambiente-ni%C3%B1os.png HTTP/1.1" 200 11944
172.22.2.4 - - [16/Oct/2022:16:14:20 -0500] "GET /BLA/boletinlegal/jurisprudencia/analisis/SENTENCIA%20C-703%20DE%202010.xls HTTP/1.1" 304 -
201.245.192.253 - - [16/Oct/2022:16:15:21 -0500] "POST /kwsrmcab/Wsrmcab  HTTP/1.1" 200 43296
216.245.221.92 - - [16/Oct/2022:16:17:13 -0500] "HEAD / HTTP/1.1" 200 -
114.119.141.51 - - [16/Oct/2022:16:17:25 -0500] "GET /BLA/resoluciones/RESOLUCIONES%202009/6965.pdf HTTP/1.1" 200 536931
172.22.2.4 - - [16/Oct/2022:16:16:04 -0500] "HEAD /BLA/boletinlegal/ HTTP/1.1" 200 -
172.22.2.4 - - [16/Oct/2022:16:16:54 -0500] "GET /BLA/boletinlegal/ HTTP/1.1" 200 59828
20.72.242.93 - - [16/Oct/2022:16:18:50 -0500] "GET /galeria/galeria/fotos/Entrenube2G.jpg HTTP/1.1" 200 111422
23.100.232.233 - - [16/Oct/2022:16:19:07 -0500] "GET /bla/resoluciones/resoluciones%202014/3447.pdf HTTP/1.1" 200 712314
207.46.13.40 - - [16/Oct/2022:16:20:06 -0500] "GET /BLA/resoluciones/00000025.tif HTTP/1.1" 404 1018
201.245.192.253 - - [16/Oct/2022:16:20:19 -0500] "POST /kwsrmcab/Wsrmcab  HTTP/1.1" 200 43296
207.46.13.89 - - [16/Oct/2022:16:20:45 -0500] "GET /BLA/resoluciones/AUTOS%202016/1028.pdf HTTP/1.1" 200 447084
172.22.2.4 - - [16/Oct/2022:16:20:41 -0500] "GET /BLA/boletinlegal/index.php?s=/Index/\\think\\app/invokefunction&function=call_user_func_array&vars[0]=md5&vars[1][]=HelloThinkPHP21 HTTP/1.1" 200 36811
201.245.192.253 - - [16/Oct/2022:16:21:48 -0500] "POST /kwsrmcab/Wsrmcab HTTP/1.1" 200 43087
201.245.192.253 - - [16/Oct/2022:16:21:51 -0500] "POST /kwsrmcab/Wsrmcab HTTP/1.1" 200 43775
216.245.221.92 - - [16/Oct/2022:16:22:13 -0500] "HEAD / HTTP/1.1" 200 -
114.119.141.73 - - [16/Oct/2022:16:23:03 -0500] "GET /BLA/resoluciones/RESOLUCIONES%202010/1061.pdf HTTP/1.1" 200 102906
172.22.2.4 - - [16/Oct/2022:16:21:53 -0500] "HEAD /BLA/boletinlegal/ HTTP/1.1" 200 -
186.84.90.177 - - [16/Oct/2022:16:23:51 -0500] "GET /la-secretaria-de-ambiente-abre-nueva-convocatoria-para-su-programa-de-voluntariado-ambiental.html HTTP/1.1" 200 976
172.22.2.4 - - [16/Oct/2022:16:22:44 -0500] "GET /BLA/boletinlegal/ HTTP/1.1" 200 57725
114.119.141.52 - - [16/Oct/2022:16:24:48 -0500] "GET /BLA/resoluciones/RESOLUCIONES%202010/0444.pdf HTTP/1.1" 200 116328
201.245.192.253 - - [16/Oct/2022:16:25:18 -0500] "POST /kwsrmcab/Wsrmcab  HTTP/1.1" 200 43296
172.22.2.4 - - [16/Oct/2022:16:27:07 -0500] "GET /BLA/boletinlegal/favicon.ico HTTP/1.1" 404 1018
216.245.221.92 - - [16/Oct/2022:16:27:13 -0500] "HEAD / HTTP/1.1" 200 -
172.22.2.4 - - [16/Oct/2022:16:26:52 -0500] "GET /BLA/boletinlegal/ HTTP/1.1" 200 20427
172.22.2.4 - - [16/Oct/2022:16:26:52 -0500] "GET /BLA/boletinlegal/ HTTP/1.1" 200 32715
181.154.121.143 - - [16/Oct/2022:16:29:00 -0500] "GET /BLA/resoluciones/RESOLUCIONES%202021/5262.pdf HTTP/1.1" 200 370932
181.154.121.143 - - [16/Oct/2022:16:29:00 -0500] "GET /BLA/resoluciones/RESOLUCIONES%202021/5262.pdf HTTP/1.1" 206 16384
181.154.121.143 - - [16/Oct/2022:16:29:07 -0500] "GET /favicon.ico HTTP/1.1" 200 7782
172.22.2.4 - - [16/Oct/2022:16:27:44 -0500] "HEAD /BLA/boletinlegal/ HTTP/1.1" 200 -
172.22.2.4 - - [16/Oct/2022:16:28:34 -0500] "GET /BLA/boletinlegal/ HTTP/1.1" 200 52877
201.245.192.253 - - [16/Oct/2022:16:30:17 -0500] "POST /kwsrmcab/Wsrmcab  HTTP/1.1" 200 43296
201.245.192.253 - - [16/Oct/2022:16:31:48 -0500] "POST /kwsrmcab/Wsrmcab HTTP/1.1" 200 43087
201.245.192.253 - - [16/Oct/2022:16:31:51 -0500] "POST /kwsrmcab/Wsrmcab HTTP/1.1" 200 43775
216.245.221.92 - - [16/Oct/2022:16:32:13 -0500] "HEAD / HTTP/1.1" 200 -
172.22.2.4 - - [16/Oct/2022:16:33:34 -0500] "HEAD /BLA/boletinlegal/ HTTP/1.1" 200 -
201.245.192.253 - - [16/Oct/2022:16:35:15 -0500] "POST /kwsrmcab/Wsrmcab  HTTP/1.1" 200 43296
172.22.2.4 - - [16/Oct/2022:16:34:09 -0500] "GET /BLA/boletinlegal/ HTTP/1.1" 200 45693
172.22.2.4 - - [16/Oct/2022:16:34:24 -0500] "GET /BLA/boletinlegal/ HTTP/1.1" 200 47823
216.245.221.92 - - [16/Oct/2022:16:37:13 -0500] "HEAD / HTTP/1.1" 200 -
172.22.2.4 - - [16/Oct/2022:16:37:55 -0500] "GET /BLA/boletinlegal/Circulares/2019/.pdf HTTP/1.1" 404 1218
172.22.2.4 - - [16/Oct/2022:16:37:58 -0500] "GET /BLA/boletinlegal/?XDEBUG_SESSION_START=phpstorm HTTP/1.1" 200 36811
173.252.79.116 - - [16/Oct/2022:16:38:48 -0500] "GET /images/SECRETARIA-AMBIENTE-FACHADA-5-NOV.jpg HTTP/1.1" 200 250889
173.252.83.116 - - [16/Oct/2022:16:38:48 -0500] "GET /images/tik-tok-red-social%20secretaria-ambiente-30-octubre.jpg HTTP/1.1" 200 23521
66.220.149.21 - - [16/Oct/2022:16:38:48 -0500] "GET /images/imagen-comunicado-podcast.jpg HTTP/1.1" 200 39765
173.252.79.15 - - [16/Oct/2022:16:39:06 -0500] "GET /images/POT%20ciudad%20bol\xc3\xadvar-6%20octubre.jpg HTTP/1.1" 404 1034
172.22.2.4 - - [16/Oct/2022:16:40:16 -0500] "GET /BLA/boletinlegal/actos.php HTTP/1.1" 200 9566
186.102.41.75 - - [16/Oct/2022:16:40:17 -0500] "GET /kwssiamovil/sm/acme/u?s=U2FsdGVkX1+F2Cg/LQzcoq5Bb2+e8mFNQ9VWWdMfdyIhLlpVhyAwVCmiePPr53RxZNl5xYTc+LqpvWvybYA1TjcKt1QtCyKTcs+TMNrnaHRjQCoSNjUx1gSn1nE8vph22BuplbOJzNN70hJ7QW7dHQ==&u=U2FsdGVkX1/wZxRMtWEsXGmtdmA1qn65ksz6Oo6gYfJ4QsVJKun5212KFnMyQbjj&y=U2FsdGVkX18JNViHJ1n3qJkepH61s5XyBW6frEn3c8E4gSeapRZ8xl0W6dS6HG9I HTTP/1.1" 200 60
201.245.192.253 - - [16/Oct/2022:16:40:15 -0500] "POST /kwsrmcab/Wsrmcab  HTTP/1.1" 200 43296
172.22.2.4 - - [16/Oct/2022:16:40:18 -0500] "GET /BLA/boletinlegal/js/ajax_actos.js HTTP/1.1" 200 1322
