186.102.10.56 - - [17/Oct/2022:22:09:35 -0500] "GET /kwssiamovil/sm/acme/s?s=U2FsdGVkX19djIlwxwhVaiUEvw85t/XbwhqFNDJarVvCdpCQkfdzXpEcP2Y/Hg712S0oVl8TKFbFJ18957r3HPXuzbXEGF6rj4A8ABR8q93ag+2Xno/u/Aq7EcjlyDR+yRHN4xMRJEa6EdbsWihsptTibI8IFIICQrWgWsxif7U0XNZJsjJe8uFNa9aOedsXZDQ6IZgOV+jnVdCdlb5BZColJ3kYk4p4QlbycmVbgn9R6JhtdVFRIY6weSVttyjou034LsM99Q9oSsHYVfmugf3TLwSGPVI9rWmE1nxlpM/pQGuOyuFy52koWmF9lBtOUToPwukUqdQ3Yi3hcLKSNgNKxt1NVEFkQB2J2PYYUW2LgPzc9Qlv07Dj1izpl5csXf38FruhgUUtpFW7Y9QO4g8TPqSd0HHz12mQG2Pi9KnnbeIxkRKeqrucQoTofV9PDWGwwmojZcIAo3oX/6lnUdGDnDtKy+QdduLSxQXLwuQ5OC5DOyyybYdoPvfHxK/BNzmM5HyLFfjFsDmJwq6e53rqpXxKJaVIHoNoSgNabON6SK5fg1RhREd6yPEuRCzLxQmEaJew7laccRN6DW3pvJy4LebCvKjgeQoI+Ij+AMc1/dK1RoFRZKN06UYEBFwHfzYCoR+BPwlfR9D2/ucPYu2aOg1MMp4yWbpkW/W1GBJqNYoTSPYdv4zjDHvTv9UwQe4xOXyZGmwIA8iyqGspnf0EAkkSZK8VnYb4b1ereXEzszqLQnyz3ZrrHgw9J3kppMLMmv9B9/l4993nuE/2IxFIQi+DLo5s1lyWMuJ2YVlxFidjBVBv2aKeqy5sE2HgX8DoWLg6WpsJJon+DJF01fNEomd4l93YJW1B5Ak1aZq8C2nLOsZBcCIf/D/KLirklWSOUlA2O73ezSsh7BpZ5y2rSWK3d8KSQceqNOzTyaW5wjtTipRYcrdYVPgzzjPXFI3gMOfzi+xHrs3bYp06d5u1AiKc9cv4spKSq+XD0h4P9eFC2bdhRnA7nlR0B6o/aIIX3vw+X1KjDx80RVa9CBHzFkBc7BriAiTd4Gdq+pfq/VcGWKcbMvFuTV2Ok1NfXWo5sQLVrelO+3H9x1MTgJDgNqer1KBX//5+t1+DgKfwpUZHTLrfPU9Ts8B6NdgQDkMkGAdB4A3IGZpmWU4AEIGLxvlFX1Gu4Cw9bZ7MFsrTz6sQ9PRGMvlWSvOqID5V91KdIfTEGHa66a7oU26KdZJvk8xIzzbweruAAJR7y4eW4R/MSHIoemR5zbznoPBuIpasSOL1dA9D4UciP6+Vs77JcShBwSzwpMV6ozmUcqMU10tcThUZ6o/1CPq9LwSZw1WkGYtlSxoCc50daFPxs0w6NX52ejhxAxA+R7U7MeCt+7rBOG/hZBix6McSaFpZx7kafeERCMnxAxFXhfqi4zQ2zl/fLoMUEWlCSxqaNDs=&u=U2FsdGVkX19HfyNrserZHD3Bf8jOx5d7ptre/5lZDLk=&y=U2FsdGVkX18jc/hC9ZWrSBOm84FsDoFC6EziyiYV+qoYy1sMxBtX+MdboZx1LwUj HTTP/1.1" 200 2827
186.102.10.56 - - [17/Oct/2022:22:09:35 -0500] "GET /kwssiamovil/sm/acme/s?s=U2FsdGVkX1/LVLv9+WwK+WvxHW6BkMiTL1DQ2MD/B7ca/oh0GnBIA+sFY4iX4rL4HN/hfnQhDcHV5VFObeHuRLo8TaOFv23j3NZKqviGlrX6EepPS5GSAIs6FMlSKAlrI93Qz27vUqJI8lJi7pERaW3KQfvnl3osthSVS8urA4D0FCGXY0b20lskyuZl4TtFrtgSqN58gxzmuJugFHuoWiC1fRcR+aDNmGrktMToYr7p7ANQG/+FqYKocC3mY9p7dQfhN7CACp/6aPqHD4t1FSLC/6Qk6TQSplXC77Dj3cFh16GJXiFA6G4Qwp6+lx4N0utWn8hGF7SL+CIp1FQYjw==&u=U2FsdGVkX19HfyNrserZHD3Bf8jOx5d7ptre/5lZDLk=&y=U2FsdGVkX18jc/hC9ZWrSBOm84FsDoFC6EziyiYV+qoYy1sMxBtX+MdboZx1LwUj HTTP/1.1" 200 327
186.102.10.56 - - [17/Oct/2022:22:09:35 -0500] "GET /kwssiamovil/sm/cjson/pre?f=9&x=U2FsdGVkX193F05+AcGjK26ywrjEC0pY01vaYgMPVlZnNQ5KGn97/TwuWJslYEma HTTP/1.1" 200 25142
186.102.10.56 - - [17/Oct/2022:22:09:35 -0500] "GET /kwssiamovil/sm/cjson/pre?f=18&x=U2FsdGVkX193F05+AcGjK26ywrjEC0pY01vaYgMPVlZnNQ5KGn97/TwuWJslYEma HTTP/1.1" 200 32849
114.119.141.42 - - [17/Oct/2022:22:09:43 -0500] "GET /BLA/resoluciones/RESOLUCIONES%202010/5552.pdf HTTP/1.1" 200 339753
200.118.64.109 - - [17/Oct/2022:22:10:49 -0500] "POST /forms/lservlet;jsessionid=ac16012b30d680cc8c19abb04605b544d0651a413f9f.e3iSbxaKaheRe34Qa3aKah8Rby1ynknvrkLOlQzNp65In0 HTTP/1.1" 200 2
114.119.141.51 - - [17/Oct/2022:22:11:22 -0500] "GET /BLA/resoluciones/AUTOS%202009/4037.pdf HTTP/1.1" 200 2090465
201.245.192.253 - - [17/Oct/2022:22:11:28 -0500] "POST /kwsrmcab/Wsrmcab  HTTP/1.1" 200 43296
157.55.39.25 - - [17/Oct/2022:22:11:42 -0500] "GET /BLA/resoluciones/00000045.tif HTTP/1.1" 404 1018
216.245.221.92 - - [17/Oct/2022:22:12:08 -0500] "HEAD / HTTP/1.1" 200 -
207.46.13.213 - - [17/Oct/2022:22:12:28 -0500] "GET /portaldeninos/aulas-ambientales/aula-ambiental-sorotama/ HTTP/1.1" 200 89596
207.46.13.213 - - [17/Oct/2022:22:12:38 -0500] "GET /portaldeninos/aulas-ambientales/aula-ambiental-sorotama/ HTTP/1.1" 200 89596
200.118.64.109 - - [17/Oct/2022:22:12:49 -0500] "POST /forms/lservlet;jsessionid=ac16012b30d680cc8c19abb04605b544d0651a413f9f.e3iSbxaKaheRe34Qa3aKah8Rby1ynknvrkLOlQzNp65In0 HTTP/1.1" 200 2
173.252.107.17 - - [17/Oct/2022:22:13:57 -0500] "GET /la-musica-como-bandera-para-el-cuidado-del-planeta.html HTTP/1.1" 206 855
157.55.39.48 - - [17/Oct/2022:22:14:19 -0500] "GET /BLA/boletinlegal/images/historia.png HTTP/1.1" 200 52775
172.22.2.4 - - [17/Oct/2022:22:12:39 -0500] "HEAD /BLA/boletinlegal/ HTTP/1.1" 200 -
200.118.64.109 - - [17/Oct/2022:22:14:50 -0500] "POST /forms/lservlet;jsessionid=ac16012b30d680cc8c19abb04605b544d0651a413f9f.e3iSbxaKaheRe34Qa3aKah8Rby1ynknvrkLOlQzNp65In0 HTTP/1.1" 200 2
200.118.64.109 - - [17/Oct/2022:22:14:51 -0500] "POST /forms/lservlet;jsessionid=ac16012b30d680cc8c19abb04605b544d0651a413f9f.e3iSbxaKaheRe34Qa3aKah8Rby1ynknvrkLOlQzNp65In0 HTTP/1.1" 200 2027
200.118.64.109 - - [17/Oct/2022:22:14:52 -0500] "POST /forms/lservlet;jsessionid=ac16012b30d680cc8c19abb04605b544d0651a413f9f.e3iSbxaKaheRe34Qa3aKah8Rby1ynknvrkLOlQzNp65In0 HTTP/1.1" 200 78
200.118.64.109 - - [17/Oct/2022:22:14:53 -0500] "POST /forms/lservlet;jsessionid=ac16012b30d680cc8c19abb04605b544d0651a413f9f.e3iSbxaKaheRe34Qa3aKah8Rby1ynknvrkLOlQzNp65In0 HTTP/1.1" 200 2
200.118.64.109 - - [17/Oct/2022:22:15:02 -0500] "POST /forms/lservlet;jsessionid=ac16012b30d680cc8c19abb04605b544d0651a413f9f.e3iSbxaKaheRe34Qa3aKah8Rby1ynknvrkLOlQzNp65In0 HTTP/1.1" 200 86
200.118.64.109 - - [17/Oct/2022:22:15:02 -0500] "POST /forms/lservlet;jsessionid=ac16012b30d680cc8c19abb04605b544d0651a413f9f.e3iSbxaKaheRe34Qa3aKah8Rby1ynknvrkLOlQzNp65In0 HTTP/1.1" 200 -
172.22.2.4 - - [17/Oct/2022:22:13:29 -0500] "GET /BLA/boletinlegal/ HTTP/1.1" 200 59828
191.156.227.210 - - [17/Oct/2022:22:15:39 -0500] "GET /Autoliquidacion/ HTTP/1.1" 200 6629
191.156.227.210 - - [17/Oct/2022:22:15:39 -0500] "GET /Autoliquidacion/dlf/styles.css HTTP/1.1" 200 3045
191.156.227.210 - - [17/Oct/2022:22:15:39 -0500] "GET /Autoliquidacion/dlf/folder.png HTTP/1.1" 200 410
191.156.227.210 - - [17/Oct/2022:22:15:39 -0500] "GET /Autoliquidacion/dlf/bg.gif HTTP/1.1" 200 54
191.156.227.210 - - [17/Oct/2022:22:15:40 -0500] "GET /favicon.ico HTTP/1.1" 200 7782
201.245.192.253 - - [17/Oct/2022:22:16:27 -0500] "POST /kwsrmcab/Wsrmcab  HTTP/1.1" 200 43296
191.156.227.210 - - [17/Oct/2022:22:16:41 -0500] "GET /Autoliquidacion/index.php?dir=Solicitud+de+Clasificaci%F3n+de+Impacto+Ambiental%2F HTTP/1.1" 200 2858
191.156.227.210 - - [17/Oct/2022:22:16:42 -0500] "GET /Autoliquidacion/dlf/dirup.png HTTP/1.1" 200 644
191.156.227.210 - - [17/Oct/2022:22:16:42 -0500] "GET /Autoliquidacion/dlf/html.gif HTTP/1.1" 200 632
191.156.227.210 - - [17/Oct/2022:22:16:42 -0500] "GET /Autoliquidacion/dlf/xls.gif HTTP/1.1" 200 636
191.156.227.210 - - [17/Oct/2022:22:16:42 -0500] "GET /Autoliquidacion/dlf/pdf.gif HTTP/1.1" 200 272
191.156.227.210 - - [17/Oct/2022:22:16:45 -0500] "GET /Autoliquidacion/index.php?dir=Solicitud+de+Clasificaci%F3n+de+Impacto+Ambiental%2F HTTP/1.1" 200 2858
191.156.227.210 - - [17/Oct/2022:22:17:02 -0500] "GET /Autoliquidacion/Solicitud%20de%20Clasificaci%C3%B3n%20de%20Impacto%20Ambiental/Solicitud%20clasificacion%20impacto%20ambiental%20lista%20de%20chequeo.pdf HTTP/1.1" 200 47225
216.245.221.92 - - [17/Oct/2022:22:17:08 -0500] "HEAD / HTTP/1.1" 200 -
172.22.2.4 - - [17/Oct/2022:22:18:29 -0500] "HEAD /BLA/boletinlegal/ HTTP/1.1" 200 -
172.22.2.4 - - [17/Oct/2022:22:19:19 -0500] "GET /BLA/boletinlegal/ HTTP/1.1" 200 57725
201.245.192.253 - - [17/Oct/2022:22:21:27 -0500] "POST /kwsrmcab/Wsrmcab  HTTP/1.1" 200 43296
201.245.192.253 - - [17/Oct/2022:22:21:42 -0500] "POST /kwsrmcab/Wsrmcab HTTP/1.1" 200 43384
201.245.192.253 - - [17/Oct/2022:22:21:45 -0500] "POST /kwsrmcab/Wsrmcab HTTP/1.1" 200 43591
114.119.141.69 - - [17/Oct/2022:22:21:59 -0500] "GET /BLA/resoluciones/RESOLUCIONES%202014/0880.pdf HTTP/1.1" 200 523535
216.245.221.92 - - [17/Oct/2022:22:22:08 -0500] "HEAD / HTTP/1.1" 200 -
114.119.141.69 - - [17/Oct/2022:22:23:37 -0500] "GET /BLA/resoluciones/RESOLUCIONES%202010/7083.pdf HTTP/1.1" 200 66023
207.46.13.84 - - [17/Oct/2022:22:24:12 -0500] "GET /BLA/resoluciones/RESOLUCIONES%202006/RES%202006%20351-400/00000369.tif HTTP/1.1" 200 87506
114.119.141.53 - - [17/Oct/2022:22:25:19 -0500] "GET /BLA/resoluciones/RESOLUCIONES%202010/5779.pdf HTTP/1.1" 200 384855
172.22.2.4 - - [17/Oct/2022:22:24:19 -0500] "HEAD /BLA/boletinlegal/ HTTP/1.1" 200 -
201.245.192.253 - - [17/Oct/2022:22:26:27 -0500] "POST /kwsrmcab/Wsrmcab  HTTP/1.1" 200 43296
172.22.2.4 - - [17/Oct/2022:22:25:09 -0500] "GET /BLA/boletinlegal/ HTTP/1.1" 200 57725
216.245.221.92 - - [17/Oct/2022:22:27:08 -0500] "HEAD / HTTP/1.1" 200 -
114.119.141.53 - - [17/Oct/2022:22:30:32 -0500] "GET /BLA/resoluciones/RESOLUCIONES%202007/RES%202007%202601%20AL%202700/RESOLUCION%202644%20DE%202007.pdf HTTP/1.1" 200 654033
201.245.192.253 - - [17/Oct/2022:22:31:25 -0500] "POST /kwsrmcab/Wsrmcab  HTTP/1.1" 200 43296
201.245.192.253 - - [17/Oct/2022:22:31:42 -0500] "POST /kwsrmcab/Wsrmcab HTTP/1.1" 200 43384
201.245.192.253 - - [17/Oct/2022:22:31:45 -0500] "POST /kwsrmcab/Wsrmcab HTTP/1.1" 200 43591
172.22.2.4 - - [17/Oct/2022:22:30:09 -0500] "HEAD /BLA/boletinlegal/ HTTP/1.1" 200 -
216.245.221.92 - - [17/Oct/2022:22:32:08 -0500] "HEAD / HTTP/1.1" 200 -
172.22.2.4 - - [17/Oct/2022:22:30:59 -0500] "GET /BLA/boletinlegal/ HTTP/1.1" 200 56014
157.55.39.25 - - [17/Oct/2022:22:34:45 -0500] "GET /sipse/faces/javax.faces.resource/primefaces.js;jsessionid=jx67x2jpisgjtljcwwooxoam.undefined?ln=primefaces&v=4.0 HTTP/1.1" 200 276924
172.22.2.4 - - [17/Oct/2022:22:34:05 -0500] "GET /BLA/boletinlegal/ HTTP/1.1" 200 62772
201.245.192.253 - - [17/Oct/2022:22:36:24 -0500] "POST /kwsrmcab/Wsrmcab  HTTP/1.1" 200 43296
114.119.141.69 - - [17/Oct/2022:22:36:48 -0500] "GET /BLA/resoluciones/RESOLUCIONES%202010/3195.pdf HTTP/1.1" 200 368830
173.252.107.4 - - [17/Oct/2022:22:36:55 -0500] "GET /raton-de-campo-o-arrocero-nuevo-registro-en-el-humedal-torca-guaymaral.html HTTP/1.1" 206 727
216.245.221.92 - - [17/Oct/2022:22:37:08 -0500] "HEAD / HTTP/1.1" 200 -
181.55.146.228 - - [17/Oct/2022:22:37:24 -0500] "GET /BLA/resoluciones/ HTTP/1.1" 200 13093
181.55.146.228 - - [17/Oct/2022:22:37:26 -0500] "GET /BLA/resoluciones/index.php?dir=AUTOS+2022%2F HTTP/1.1" 200 297904
172.22.2.4 - - [17/Oct/2022:22:35:59 -0500] "HEAD /BLA/boletinlegal/ HTTP/1.1" 200 -
172.22.2.4 - - [17/Oct/2022:22:37:56 -0500] "GET /BLA/boletinlegal/Circulares/2019/.pdf HTTP/1.1" 404 1218
172.22.2.4 - - [17/Oct/2022:22:38:05 -0500] "GET /BLA/boletinlegal/Circulares/2012/Circular%20No.%2010%20del%2026%20de%20Enero%20de%202012.pdf HTTP/1.1" 404 1218
172.22.2.4 - - [17/Oct/2022:22:36:49 -0500] "GET /BLA/boletinlegal/ HTTP/1.1" 200 59828
114.119.141.71 - - [17/Oct/2022:22:39:04 -0500] "GET /BLA/resoluciones/RESOLUCIONES%202017/0139.pdf HTTP/1.1" 200 888187
114.119.141.53 - - [17/Oct/2022:22:40:42 -0500] "GET /BLA/resoluciones/RESOLUCIONES%202010/3130.pdf HTTP/1.1" 200 759943
186.102.3.71 - - [17/Oct/2022:22:41:04 -0500] "GET /kwssiamovil/sm/acme/u?s=U2FsdGVkX1+tKwuRxV24g+cyRjRyzbU7G2RrQt1BSdmL+0lBGAZxOkshquBLcjH5qXKZWYJRv4yDrxDpyEQLRVorzrZfsCRxnnttjcML9m/ootD8t4WUZ1zE00rpSaOdtKeeQT+A6GyWOzZO9SO7/w==&u=U2FsdGVkX1/qlKPbzMByGCUhSjsTouj6FGLo3ZlViRw=&y=U2FsdGVkX184L0XzSmt9Ld02yH6encrEkL1tmA6ftOA= HTTP/1.1" 200 60
186.102.3.71 - - [17/Oct/2022:22:41:24 -0500] "GET /kwssiamovil/sm/ldap/au?x=U2FsdGVkX18210QwYGmdUQuknz9OQqrcctMgGpmHg4updrPX6zTQ8/zfBmT4O7Jd&y=U2FsdGVkX1/6U1Gj40YQviQAyZ/zh2v7gjkDaL8/mxM= HTTP/1.1" 200 30
186.102.3.71 - - [17/Oct/2022:22:41:24 -0500] "GET /kwssiamovil/sm/acme/s?s=U2FsdGVkX1/FtM1R6FRDAwZrK0UcwYBJBxQbw2benSVtmdPMHuY27+Ga1ns2SmD6DE3bVj4Exq2DTUqTAy1QWhawCio1C+hbDTwREr9Mx4o=&u=U2FsdGVkX19qAEhtuPQ12bRNFRJX3vq1xpmiguJ59WI=&y=U2FsdGVkX1/6U1Gj40YQviQAyZ/zh2v7gjkDaL8/mxM= HTTP/1.1" 200 97
186.102.3.71 - - [17/Oct/2022:22:41:24 -0500] "GET /kwssiamovil/sm/acme/s?s=U2FsdGVkX19iaRQQO+DAkqhm84c3tFgX2lj7fUuofimUMKB2h7DJaHFM2pODFMaWoMgDwyay5QsyxHDCNmSUiC7e+42sGpXnqZ8brua9MMO7WvX8D5aJYsPDvFQxlBPSGFvjcvois+EbKOUEuvDZmDW4pM3WaPbW+6g6m4eqWaUu6eUMu6TnVcLlv1k8SKR0Ssub9kqndHFdyOpvrY4WVtl9MZPMBJYHfJAfY+l/RNMS8lv7OwoiMyCJQeCg5xN4Xg5ujv5YgeCR41RBElyB6f0EUyT34ZKhk+Ib8rZOA9S+YmS7yLvtdSm9L+0v09oRlx9RCwICfoySdsQFHVi8E34xqt9Rb0ovuKiV6gtnDP7yCkxF+/t8jb4jc8Bca8LkiYpn8Z2rLC1N6RkTojWqsmFcGVkSvsAHEpR1SMK+ABhNHi84gF59xIGGc/6zdORe6wzTQ9JViebepz9ZJOqeFyFsT3O1VOteflB70RF9tXmwCL+ENIRoU8ijBFDXDdqU4gIRnBLEFI0k8JYdIhbCotGSzeNtdPzPzRZvagcm8TFmfAvG928mHVMmbp85Nj3O+w6qoFLap8jIMjoypFU0KUAXmW3ZBDND9xAdkWsUjVkrInVjU85baroOqqmJcwChjPMz81XPuGJVA+CptiCjr5msP6JzglNIIVXcMTlPJz3nCquUevuihQGmXDTEm2usjK4bAFlCQCEynsshzWfpV2SUm2dKZihbmUBg+dRkojnJlJwmqab6dYh7LNd/kGUW2DqpVQvy0oOL76JcM6kaqf8ZkyY+trWGqBDlHndSme5ojmAhULJjzr+ZfpA4KdkJhLaIbjMS91Rdo2NILEEq5pqmPG4dFmjGv3LJmIfUhbgXf4Gg5HazgKyxHMpRYTWd/oJBj7Sfpp9MCUNRXqerQZin+QIbmdOTaVHbbiKTmyCF3bVs2u4qS9+l7Zh9elFKv5IQRPPCYYZgmiGnrMdWo+h/erVgThmZwpUmfJzmu5aULGyoKKBqXh/iRb0Jj7LSR3ZsJn1UeeXoliArAPb6V7KQ7x8XY24xh1p3v5fmgJ6jHV+PflA6hXFNfouDzhU1nGhH99kC4uqCWemkK/wbYCZkvmLOV7S5+q5Z6INZ5AVQddlTMwC0Y5YURgvOW5GTFDzTVlaWfgBeNWb89Cmd3BTnxwvxB3NzUx2odtNQvspyxSLEhE7cUY9XeHwN9g1gkzNvxuLa1KMQCKTkK7EA3QIg3SfK4HaiZ+5w/p/w63Us/nC0/26dpBVnGL1ZgJa5qFTXUeJ49Hx5lgWpJ92TlG8hZothA0sD3hN1IYiIy/farkJzfbk0IWDueAaCB5MAKly7nZte3dfD7kJRCcfrf602NIOAY+dcdOk00i0vpHE7VhS3VBgYXMmdlylXeQqNVmWcKg8zJbhNjiueuPjtFXLUHeVQ8eQJQdYXBxxNgl4=&u=U2FsdGVkX19qAEhtuPQ12bRNFRJX3vq1xpmiguJ59WI=&y=U2FsdGVkX1/6U1Gj40YQviQAyZ/zh2v7gjkDaL8/mxM= HTTP/1.1" 200 394
186.102.3.71 - - [17/Oct/2022:22:41:24 -0500] "GET /kwssiamovil/sm/acme/s?s=U2FsdGVkX19hj4uuc3hlx0+R2nkt3/+L8cM/yUBAz1Un6V9teq5yHjdgXTrotFL4hAxefBMZSnsHbw80A3Jvr1v9sw12pXtaUavIv6XQpWwtua/f2vEj3NUWTuxnbC2liLs/CbcCdgfTg1EEnSeqv3JmpRzq4iej3O/AUfCoMGdNi3rhKDaN471Jd/p5TCohmfuGdB/SKv+960bFWWgtPuWX2J21dCti1W9E14TlYh1BWw3hOdOMNyPI+D24P1mAyCQSQFtBbl4vQ2sOGywzZbs5+GjDnHwHjhEtfTp2reNL+1FLTkM+HdvL1DBKLa/vov+llki15OJ2DlgixrqEyA==&u=U2FsdGVkX19qAEhtuPQ12bRNFRJX3vq1xpmiguJ59WI=&y=U2FsdGVkX1/6U1Gj40YQviQAyZ/zh2v7gjkDaL8/mxM= HTTP/1.1" 200 196
201.245.192.253 - - [17/Oct/2022:22:41:23 -0500] "POST /kwsrmcab/Wsrmcab  HTTP/1.1" 200 43296
186.102.3.71 - - [17/Oct/2022:22:41:24 -0500] "GET /kwssiamovil/sm/cjson/pre?f=1&x=U2FsdGVkX18210QwYGmdUQuknz9OQqrcctMgGpmHg4updrPX6zTQ8/zfBmT4O7Jd HTTP/1.1" 200 30992
172.22.2.4 - - [17/Oct/2022:22:40:02 -0500] "GET /BLA/boletinlegal/index.php HTTP/1.1" 200 62772
201.245.192.253 - - [17/Oct/2022:22:41:42 -0500] "POST /kwsrmcab/Wsrmcab HTTP/1.1" 200 43384
201.245.192.253 - - [17/Oct/2022:22:41:45 -0500] "POST /kwsrmcab/Wsrmcab HTTP/1.1" 200 43591
216.245.221.92 - - [17/Oct/2022:22:42:08 -0500] "HEAD / HTTP/1.1" 200 -
66.249.73.97 - - [17/Oct/2022:22:42:46 -0500] "-" 408 -
172.22.2.4 - - [17/Oct/2022:22:41:49 -0500] "HEAD /BLA/boletinlegal/ HTTP/1.1" 200 -
186.102.3.75 - - [17/Oct/2022:22:43:33 -0500] "-" 408 -
45.61.185.76 - - [17/Oct/2022:22:43:55 -0500] "POST /boaform/admin/formLogin HTTP/1.1" 404 1186
172.22.2.4 - - [17/Oct/2022:22:42:39 -0500] "GET /BLA/boletinlegal/ HTTP/1.1" 200 59319
114.119.141.42 - - [17/Oct/2022:22:44:44 -0500] "GET /BLA/resoluciones/RESOLUCIONES%202007/RES%202007%202901%20AL%203000/RESOLUCION%202906%20DE%202007.pdf HTTP/1.1" 200 591615
157.55.39.202 - - [17/Oct/2022:22:45:29 -0500] "GET /BLA/resoluciones/00001795.tif HTTP/1.1" 404 1018
172.22.2.4 - - [17/Oct/2022:22:45:57 -0500] "GET /BLA/boletinlegal/jurisprudencia/analisis/AnalisisT-095-16.docx HTTP/1.1" 200 20284
201.245.192.253 - - [17/Oct/2022:22:46:22 -0500] "POST /kwsrmcab/Wsrmcab  HTTP/1.1" 200 43296
114.119.141.42 - - [17/Oct/2022:22:46:24 -0500] "GET /BLA/resoluciones/RESOLUCIONES%202010/1076.pdf HTTP/1.1" 200 113734
216.245.221.92 - - [17/Oct/2022:22:47:08 -0500] "HEAD / HTTP/1.1" 200 -
114.119.132.76 - - [17/Oct/2022:22:48:05 -0500] "GET /BLA/resoluciones/AUTOS%202015/0688.pdf HTTP/1.1" 200 614091
186.102.3.71 - - [17/Oct/2022:22:48:25 -0500] "GET /kwssiamovil/sm/acme/a?s=U2FsdGVkX1+AuXpflz+GsvWwbFgrJps1I/CkukeePGdK+iYfLcjEdbhFXzejpiHR+6+nnR5+4uEEZiJwKzcg3w6V7EkF4UxbpE8Vi2gOOzDv1UWg5YO4lkn/vHQ1vAgngkV4apmcB2LdPXc39b/bpPwBWLi8r4+Kfzxe0klUGed2tWuRkC5og2YWCnLi0kN7num59jNWOHh0z8l2yx7UNgLKF1ofwtKRj7c+zJAs3yok17inndeze+JVkeKJQVOqLPAJ/oqtaDWJMmCmRhVibA==&u=U2FsdGVkX19qAEhtuPQ12bRNFRJX3vq1xpmiguJ59WI=&y=U2FsdGVkX1/6U1Gj40YQviQAyZ/zh2v7gjkDaL8/mxM= HTTP/1.1" 200 26
186.102.3.71 - - [17/Oct/2022:22:48:25 -0500] "GET /kwssiamovil/sm/acme/a?s=U2FsdGVkX1/Q1MuxRzSYkGs7VwdzAvlHBoi6l0EjWJMENIsfz5TSJ5t9bHnoDHlP685BwAM4f7ZFcMvVJeTh8Ufu9B6Z5QFwZM6c2AuvIGMoj28lZpOmGu22/DIZNKBJwwuqXUw/+R/5y4ZZ6fa8M8XBK2aZtmuazjH5NjAaJDufuf6yI/m3GSn65lGRiG6kT7K5G4qYzCNqoRxEQNyajISWPeIUZYkGqc4INb/nnoiSHXQ/9sYJB8KfoZDOD6PSp+Fh30gxUGZ/ob+9vnnaISqwxjePFofan9R3rOE+YHZ+qXdKzM+n1FR7zaW2+nq1/g80Uyj4aoKeFZOjKbrvOJ70joVkjawrXVvahuLVKt48hLxEwCkiw0W6tFeOsWqYI9yw2ZpMKymEsrZsI6voUoxqCoMiKJ7DOvqhXq4AvBHyeLpOjPT3cTm3ST/DuAVRQaDyKq51pauJZJ6VvuLdBvbC4/I1+1SwbVJDHRDwsrU7uiIRpPTpcq2Def4NJ+1NT6H0rY4g8TiPYEvI0U3eNYvvM0ok+irDaMf0NzdxriheNze7wwKwxpDKovxSUWbkOcG3ToSUKulGmXoEzqnRYZd4f3wop0lhE/140dtxAOMBJFAXDFYAp7kOh4ndwCDMOOdlimpsy7AtG+U4m0hFE0zhIAHDp0cNgW0buX0rntYNg9RRlRpSU56rkpLfLadUYLNtc/IgoGT0vpMQWG4l0aOaIp5V76F+eBJQWeDI3ouWAyBXIdahRFZREjFItir33AqF1waNjZSy/X34DgJ7KIh7BvXqLidcjr54246xZ9jWP8K9lZ5i3jiPdwN4kpDgEPkoGJ+IYvzlNOmMAl8PEkgpYNKT9TzTwIsHHrAAZvS5wX+RO6z9PALudx8encd22C1iEQ/2SYsVOiyKsxsIsa4RjX4i6WG/hB26pudYS9E1jhcQbaHr7sPgXZ42GYclcP57B+Rz/5FZKMKFgsNUxIQ1FetVAL3Kt1eHzClL5broIdSX874Q5zoqVBn0eWhpVBdviKUv2JBhvi0B93BkVksD9lK69XzQ9iaOubKUxQleJxIV+j9ia82TsI/e3ENJCVuEVTCG5bfIiYhLA+fV5LbRI78MtZ169QAKPmr5Tq1dfmIZy6RPUlxs9SXH84QC8RgjBEztK8hbefuDn8AXRY3wmst7IABO3KCSF51w9Zy1CgyntIOxEXpmsS3iaik5bAWFGWAebihFTBoFtX6HwE8aoJ+21IUnhp4cxEmc6/HDnKgHRT0UhQGoMQrvY1igm2DhpegmSPrN2JJ+fzHBShUoCbeskocJSmX00kZ6NTAuM1N/5+FKWTDlVtL9oCHf2wu7kftL7sX/lKmj2hIIKurU7FaJU5FpUb+mJAc0N79e85abrYRaqxTpMIkXMY3gOKAQiNCkoFVYRUWfgiWzJJdYnOxoA7HXtqp65Joajguokj96yzRdYhpkvFFauS/dDwESO76um1S/rjcBrtAcTVIAxnqgvgTXMA8R/BqUFcWme+anTiTV3u711m/mQsWkpyXnebUPAiUnzxoJ/uwYvxenQjBXvnJG9DB4gUahScwIesLMUgzaCb7MCDkVBG17CIgEfd5uNSgQfHvM+u+VXc/5xYeJWHs9rIaH5lZv1Vvcc8Ytde47tVqrjGFOKIhUNvPBl6v9R6FPmObt+rlPy/EVIsmkGMaV/zdM96Yt84XbUlKYt8nwLr526su5RM1xGzhj6bbBU6IJKtjH7Gy7DRb5XL6TWvWcVwGjUhXFKzZlmh0TFQMTFbFbZZytIxod6gMe70mfvba3HE408sFXOXRtW7XvyBbGvIDC6ZokN1dek88aLewbwWthS59QpqV45xsBuTfOSwtzcr45+DkEcbf0gHyWtKubGOXlegVEhTBe68+kxNM9EVyAYTo4LuvleVJAMUdUu21xDCA4Yi1xfn9O3Jn29Qtx55pI5bPoDb2MMbKTsmvH7ScHelWmJ2daOdFJrdJL7py8+zYGzQ0T9OvsDhexQhrXDpNeD17S7sc=&u=U2FsdGVkX19qAEhtuPQ12bRNFRJX3vq1xpmiguJ59WI=&y=U2FsdGVkX1/6U1Gj40YQviQAyZ/zh2v7gjkDaL8/mxM= HTTP/1.1" 200 25
186.102.3.71 - - [17/Oct/2022:22:48:25 -0500] "GET /kwssiamovil/sm/acme/a?s=U2FsdGVkX19LvmZs3OH6wjspLVzEKGLjp3tSnBCkeNPH7Ow284m2tErEqznn5q8e2HPQNTOTPObbAhsMNsEBl7YsoOYnjalHJWObT0bvT92IFD1EGfalquynSvkKEZZH2b9YqiWBGu3jTFABuKTyqVAc1XOcUridyoYAjjgumFs=&u=U2FsdGVkX19qAEhtuPQ12bRNFRJX3vq1xpmiguJ59WI=&y=U2FsdGVkX1/6U1Gj40YQviQAyZ/zh2v7gjkDaL8/mxM= HTTP/1.1" 200 26
186.102.3.71 - - [17/Oct/2022:22:48:25 -0500] "GET /kwssiamovil/sm/acme/a?s=U2FsdGVkX18nXsLC1Qi6dcK+ZMgEIzhIjZpJB69eEpRKlyKpMf8cbzJXQQENWtk8zREad7zUiLbx8CjP+u3DvTyTR8VxMp5nPlyET4wlOmRTWMpnxc58OuZe+EsQTVRaZzmlyxXx2Ccdw/yE5ixmcAuXSjtbIgmdTYPRao2L2yg=&u=U2FsdGVkX19qAEhtuPQ12bRNFRJX3vq1xpmiguJ59WI=&y=U2FsdGVkX1/6U1Gj40YQviQAyZ/zh2v7gjkDaL8/mxM= HTTP/1.1" 200 25
186.102.3.71 - - [17/Oct/2022:22:48:26 -0500] "GET /kwssiamovil/sm/acme/a?s=U2FsdGVkX199AngiX2vipjY/Wown3dEvENOuGQMomWroLKlPi5ycJEVJhzrP2YiqlbphpUfj1CEWpQBjyFUKY9UjC3/l7/3VBrkMExfJ/lw7Hb0HqzWsz1auGkvKIi7M2YJxdzF6wG7umoqM4MTSE1zTzINogP56UnleUETR0os=&u=U2FsdGVkX19qAEhtuPQ12bRNFRJX3vq1xpmiguJ59WI=&y=U2FsdGVkX1/6U1Gj40YQviQAyZ/zh2v7gjkDaL8/mxM= HTTP/1.1" 200 25
186.102.3.71 - - [17/Oct/2022:22:48:26 -0500] "GET /kwssiamovil/sm/acme/a?s=U2FsdGVkX196XOA3ex8BKeIpDOwBkAQhSWtY02QTsL2S1PgvRsI+XMyjQcDl7BQvUMqjl8XBV81deNzbRxnX4LzUJF/lYAqqf9JT2LEF5kkHEPcysB4n6Pdy6XLjCe7ac3WKEWsP+TSjMNXnb5a2jmXVOYkT1P/J3qonc5qahZ7Wz+VkjBPWRqX03Xre4Q9n&u=U2FsdGVkX19qAEhtuPQ12bRNFRJX3vq1xpmiguJ59WI=&y=U2FsdGVkX1/6U1Gj40YQviQAyZ/zh2v7gjkDaL8/mxM= HTTP/1.1" 200 25
66.249.73.127 - - [17/Oct/2022:22:48:37 -0500] "-" 408 -
172.22.2.4 - - [17/Oct/2022:22:47:39 -0500] "HEAD /BLA/boletinlegal/ HTTP/1.1" 200 -
207.46.13.230 - - [17/Oct/2022:22:50:05 -0500] "-" 408 -
172.22.2.4 - - [17/Oct/2022:22:48:29 -0500] "GET /BLA/boletinlegal/ HTTP/1.1" 200 57725
114.119.132.76 - - [17/Oct/2022:22:50:58 -0500] "GET /BLA/resoluciones/RESOLUCIONES%202013/0812.pdf HTTP/1.1" 200 628268
201.245.192.253 - - [17/Oct/2022:22:51:21 -0500] "POST /kwsrmcab/Wsrmcab  HTTP/1.1" 200 43296
216.245.221.92 - - [17/Oct/2022:22:52:08 -0500] "HEAD / HTTP/1.1" 200 -
186.84.21.177 - - [17/Oct/2022:22:53:36 -0500] "GET /la-secretaria-de-ambiente-abre-nueva-convocatoria-para-su-programa-de-voluntariado-ambiental.html HTTP/1.1" 304 -
186.102.3.75 - - [17/Oct/2022:22:53:50 -0500] "-" 408 -
173.252.111.19 - - [17/Oct/2022:22:54:27 -0500] "GET /images/negocios-verdes-emprendimientos-24-marzo.jpg HTTP/1.1" 200 54522
173.252.95.11 - - [17/Oct/2022:22:55:02 -0500] "GET /images/negocios-verdes-emprendimientos-24-marzo.jpg HTTP/1.1" 200 54522
172.22.2.4 - - [17/Oct/2022:22:53:29 -0500] "HEAD /BLA/boletinlegal/ HTTP/1.1" 200 -
45.61.185.198 - - [17/Oct/2022:22:55:52 -0500] "GET /config/getuser?index=0 HTTP/1.1" 404 1018
172.22.2.4 - - [17/Oct/2022:22:54:19 -0500] "GET /BLA/boletinlegal/ HTTP/1.1" 200 59828
201.245.192.253 - - [17/Oct/2022:22:56:20 -0500] "POST /kwsrmcab/Wsrmcab  HTTP/1.1" 200 43296
216.245.221.92 - - [17/Oct/2022:22:57:08 -0500] "HEAD / HTTP/1.1" 200 -
114.119.141.71 - - [17/Oct/2022:22:57:21 -0500] "GET /BLA/resoluciones/AUTOS%202015/0182.pdf HTTP/1.1" 200 504490
66.249.73.127 - - [17/Oct/2022:22:58:16 -0500] "-" 408 -
114.119.141.53 - - [17/Oct/2022:22:58:48 -0500] "GET /BLA/resoluciones/RESOLUCIONES%202010/5266.pdf HTTP/1.1" 200 675354
172.22.2.4 - - [17/Oct/2022:22:58:57 -0500] "GET /BLA/boletinlegal/jurisprudencia/analisis/AnalisisT-606-15.docx HTTP/1.1" 200 26698
114.119.141.42 - - [17/Oct/2022:23:00:24 -0500] "GET /BLA/resoluciones/RESOLUCIONES%202010/2893.pdf HTTP/1.1" 200 499379
172.22.2.4 - - [17/Oct/2022:22:59:19 -0500] "HEAD /BLA/boletinlegal/ HTTP/1.1" 200 -
201.245.192.253 - - [17/Oct/2022:23:01:20 -0500] "POST /kwsrmcab/Wsrmcab  HTTP/1.1" 200 43296
172.22.2.4 - - [17/Oct/2022:23:00:09 -0500] "GET /BLA/boletinlegal/ HTTP/1.1" 200 54823
216.245.221.92 - - [17/Oct/2022:23:02:08 -0500] "HEAD / HTTP/1.1" 200 -
114.119.141.71 - - [17/Oct/2022:23:02:12 -0500] "GET /BLA/resoluciones/AUTOS%202018/3312.pdf HTTP/1.1" 200 358777
157.55.39.25 - - [17/Oct/2022:23:02:47 -0500] "GET /BLA/boletinlegal/actos.php HTTP/1.1" 200 9566
157.55.39.202 - - [17/Oct/2022:23:03:01 -0500] "GET /BLA/boletinlegal/js/ajax_actos.js HTTP/1.1" 200 1322
207.46.13.84 - - [17/Oct/2022:23:03:05 -0500] "GET /BLA/boletinlegal/niceforms-default.css HTTP/1.1" 200 6694
207.46.13.40 - - [17/Oct/2022:23:03:06 -0500] "GET /BLA/boletinlegal/js/jquery1.js HTTP/1.1" 200 29846
207.46.13.89 - - [17/Oct/2022:23:03:06 -0500] "GET /BLA/boletinlegal/js/lib.js HTTP/1.1" 200 6474
207.46.13.40 - - [17/Oct/2022:23:03:06 -0500] "GET /BLA/boletinlegal/js/popup.js HTTP/1.1" 200 1270
181.55.146.228 - - [17/Oct/2022:23:03:14 -0500] "GET /BLA/resoluciones/ HTTP/1.1" 200 13093
181.55.146.228 - - [17/Oct/2022:23:03:21 -0500] "GET /BLA/resoluciones/index.php?dir=RESOLUCIONES+2021%2F HTTP/1.1" 200 427054
181.55.146.228 - - [17/Oct/2022:23:03:23 -0500] "GET /BLA/resoluciones/RESOLUCIONES%202021/0008.pdf HTTP/1.1" 200 330241
181.55.146.228 - - [17/Oct/2022:23:03:29 -0500] "GET /BLA/resoluciones/RESOLUCIONES%202021/0010.pdf HTTP/1.1" 200 334861
181.55.146.228 - - [17/Oct/2022:23:03:33 -0500] "GET /BLA/resoluciones/RESOLUCIONES%202021/0028.pdf HTTP/1.1" 200 560669
181.55.146.228 - - [17/Oct/2022:23:03:37 -0500] "GET /BLA/resoluciones/RESOLUCIONES%202021/0038.pdf HTTP/1.1" 200 397669
181.55.146.228 - - [17/Oct/2022:23:03:41 -0500] "GET /BLA/resoluciones/RESOLUCIONES%202021/0023.pdf HTTP/1.1" 200 340897
181.55.146.228 - - [17/Oct/2022:23:03:44 -0500] "GET /BLA/resoluciones/RESOLUCIONES%202021/0001.pdf HTTP/1.1" 200 490426
114.119.141.52 - - [17/Oct/2022:23:03:49 -0500] "GET /BLA/resoluciones/AUTOS%202016/2981.pdf HTTP/1.1" 200 441678
66.249.73.127 - - [17/Oct/2022:23:04:15 -0500] "-" 408 -
114.119.141.73 - - [17/Oct/2022:23:05:22 -0500] "GET /BLA/resoluciones/RESOLUCIONES%202010/7092.pdf HTTP/1.1" 200 65903
201.245.192.253 - - [17/Oct/2022:23:06:18 -0500] "POST /kwsrmcab/Wsrmcab  HTTP/1.1" 200 43296
172.22.2.4 - - [17/Oct/2022:23:05:09 -0500] "HEAD /BLA/boletinlegal/ HTTP/1.1" 200 -
216.245.221.92 - - [17/Oct/2022:23:07:08 -0500] "HEAD / HTTP/1.1" 200 -
114.119.141.52 - - [17/Oct/2022:23:07:32 -0500] "GET /BLA/resoluciones/RESOLUCIONES%202019/0046.pdf HTTP/1.1" 200 725858
172.22.2.4 - - [17/Oct/2022:23:05:59 -0500] "GET /BLA/boletinlegal/ HTTP/1.1" 200 58163
201.245.192.253 - - [17/Oct/2022:23:11:17 -0500] "POST /kwsrmcab/Wsrmcab  HTTP/1.1" 200 43296
198.40.238.34 - - [17/Oct/2022:23:11:43 -0500] "GET / HTTP/1.1" 200 319
216.245.221.92 - - [17/Oct/2022:23:12:08 -0500] "HEAD / HTTP/1.1" 200 -
172.22.2.4 - - [17/Oct/2022:23:10:59 -0500] "HEAD /BLA/boletinlegal/ HTTP/1.1" 200 -
114.119.141.52 - - [17/Oct/2022:23:13:16 -0500] "GET /BLA/resoluciones/RESOLUCIONES%202010/0098.pdf HTTP/1.1" 200 501393
172.22.2.4 - - [17/Oct/2022:23:11:49 -0500] "GET /BLA/boletinlegal/ HTTP/1.1" 200 58575
114.119.141.42 - - [17/Oct/2022:23:14:55 -0500] "GET /BLA/resoluciones/RESOLUCIONES%202010/2379.pdf HTTP/1.1" 200 448046
186.84.91.6 - - [17/Oct/2022:23:15:58 -0500] "GET /galeria/galeria/jquery.fancybox.js?v=2.1.5 HTTP/1.1" 200 48706
186.84.91.6 - - [17/Oct/2022:23:15:58 -0500] "GET /BLA/boletinlegal/js/jquery.scrollShow.js HTTP/1.1" 200 4586
186.84.91.6 - - [17/Oct/2022:23:15:59 -0500] "GET /galeria/galeria/jquery.fancybox.css?v=2.1.5 HTTP/1.1" 200 4895
186.84.91.6 - - [17/Oct/2022:23:15:59 -0500] "GET /galeria/carrusel/Carrusel/jquery.thumbnailScroller.css HTTP/1.1" 200 2066
186.84.91.6 - - [17/Oct/2022:23:15:59 -0500] "GET /galeria/carrusel/Carrusel/jquery-ui-1.8.13.custom.min.js HTTP/1.1" 200 10800
186.84.91.6 - - [17/Oct/2022:23:15:59 -0500] "GET /galeria/carrusel/Carrusel/jquery.thumbnailScroller.js HTTP/1.1" 200 8157
186.84.91.6 - - [17/Oct/2022:23:16:00 -0500] "GET /galeria/nivo-slider/demo/banner.html HTTP/1.1" 200 5446
186.84.91.6 - - [17/Oct/2022:23:16:01 -0500] "GET /galeria/nivo-slider/themes/orman/orman.css HTTP/1.1" 200 2152
186.84.91.6 - - [17/Oct/2022:23:16:01 -0500] "GET /galeria/nivo-slider/themes/pascal/pascal.css HTTP/1.1" 200 2258
186.84.91.6 - - [17/Oct/2022:23:16:01 -0500] "GET /galeria/nivo-slider/themes/default/default.css HTTP/1.1" 200 1569
186.84.91.6 - - [17/Oct/2022:23:16:01 -0500] "GET /galeria/nivo-slider/nivo-slider.css HTTP/1.1" 200 1507
186.84.91.6 - - [17/Oct/2022:23:16:01 -0500] "GET /galeria/nivo-slider/demo/style.css HTTP/1.1" 200 2222
186.84.91.6 - - [17/Oct/2022:23:16:01 -0500] "GET /galeria/nivo-slider/demo/scripts/jquery-1.7.1.min.js HTTP/1.1" 200 93868
186.84.91.6 - - [17/Oct/2022:23:16:02 -0500] "GET /galeria/nivo-slider/demo/images/bannertortuga_optimized.jpg HTTP/1.1" 200 39066
186.84.91.6 - - [17/Oct/2022:23:16:02 -0500] "GET /galeria/nivo-slider/demo/images/Bannermujeresquereverdecen.jpg HTTP/1.1" 200 46558
186.84.91.6 - - [17/Oct/2022:23:16:02 -0500] "GET /galeria/nivo-slider/demo/images/Bannersedeelectronica.jpg HTTP/1.1" 200 40383
186.84.91.6 - - [17/Oct/2022:23:16:02 -0500] "GET /galeria/nivo-slider/demo/images/bannerclases2021.jpg HTTP/1.1" 200 68230
186.84.91.6 - - [17/Oct/2022:23:16:02 -0500] "GET /galeria/nivo-slider/demo/images/bannerrutaesperanza.jpg HTTP/1.1" 200 55560
186.84.91.6 - - [17/Oct/2022:23:16:02 -0500] "GET /galeria/nivo-slider/demo/images/bannercapacitacionesbogota.jpg HTTP/1.1" 200 42416
186.84.91.6 - - [17/Oct/2022:23:16:02 -0500] "GET /galeria/nivo-slider/demo/images/bannertrafico_optimized.jpg HTTP/1.1" 200 42578
186.84.91.6 - - [17/Oct/2022:23:16:02 -0500] "GET /galeria/nivo-slider/demo/images/Bannerplasticosseptiembre.jpg HTTP/1.1" 200 45633
186.84.91.6 - - [17/Oct/2022:23:16:02 -0500] "GET /galeria/nivo-slider/demo/images/banneraccionpopular.jpeg HTTP/1.1" 200 41707
186.84.91.6 - - [17/Oct/2022:23:16:02 -0500] "GET /galeria/nivo-slider/demo/images/banneraire2021.jpg HTTP/1.1" 200 265101
186.84.91.6 - - [17/Oct/2022:23:16:02 -0500] "GET /galeria/nivo-slider/demo/images/Bannervirtualescanales.jpg HTTP/1.1" 200 174544
186.84.91.6 - - [17/Oct/2022:23:16:02 -0500] "GET /galeria/nivo-slider/demo/images/banneraccionpopularcrr68.jpg HTTP/1.1" 200 51887
186.84.91.6 - - [17/Oct/2022:23:16:02 -0500] "GET /galeria/nivo-slider/demo/images/Bannerenvases.jpg HTTP/1.1" 200 37316
186.84.91.6 - - [17/Oct/2022:23:16:02 -0500] "GET /galeria/nivo-slider/demo/images/bannerresiduoshospitalariosagosto.jpg HTTP/1.1" 200 36499
186.84.91.6 - - [17/Oct/2022:23:16:03 -0500] "GET /galeria/nivo-slider/jquery.nivo.slider.pack.js HTTP/1.1" 200 11561
186.84.91.6 - - [17/Oct/2022:23:16:10 -0500] "GET /galeria/nivo-slider/themes/default/loading.gif HTTP/1.1" 200 1737
186.84.91.6 - - [17/Oct/2022:23:16:10 -0500] "GET /galeria/nivo-slider/demo/images/4Simple_Slider.png HTTP/1.1" 200 11722
66.249.73.127 - - [17/Oct/2022:23:16:12 -0500] "-" 408 -
186.84.91.6 - - [17/Oct/2022:23:16:14 -0500] "GET /galeria/nivo-slider/themes/default/bullets.png HTTP/1.1" 200 1281
186.84.91.6 - - [17/Oct/2022:23:16:14 -0500] "GET /galeria/nivo-slider/themes/default/arrows.png HTTP/1.1" 200 824
201.245.192.253 - - [17/Oct/2022:23:16:16 -0500] "POST /kwsrmcab/Wsrmcab  HTTP/1.1" 200 43296
114.119.141.51 - - [17/Oct/2022:23:16:32 -0500] "GET /BLA/resoluciones/AUTOS%202017/0810.pdf HTTP/1.1" 200 538512
216.245.221.92 - - [17/Oct/2022:23:17:08 -0500] "HEAD / HTTP/1.1" 200 -
114.119.141.69 - - [17/Oct/2022:23:18:08 -0500] "GET /Autoliquidacion/index.php?dir=Cobro%2BClasificacion%2BUso%2BDe%2BVivenda%2BEn%2BSuelo%2BRestringido/ HTTP/1.1" 200 6949
172.22.2.4 - - [17/Oct/2022:23:16:49 -0500] "HEAD /BLA/boletinlegal/ HTTP/1.1" 200 -
172.22.2.4 - - [17/Oct/2022:23:17:39 -0500] "GET /BLA/boletinlegal/ HTTP/1.1" 200 57725
114.119.141.51 - - [17/Oct/2022:23:19:54 -0500] "GET /BLA/resoluciones/RESOLUCIONES%202010/4395.pdf HTTP/1.1" 200 503841
157.55.39.25 - - [17/Oct/2022:23:20:39 -0500] "GET /BLA/resoluciones/RESOLUCIONES%202005/RES%202005%201751-1800/00001768.tif HTTP/1.1" 200 148140
201.245.192.253 - - [17/Oct/2022:23:21:16 -0500] "POST /kwsrmcab/Wsrmcab  HTTP/1.1" 200 43296
201.245.192.253 - - [17/Oct/2022:23:21:42 -0500] "POST /kwsrmcab/Wsrmcab HTTP/1.1" 200 43219
201.245.192.253 - - [17/Oct/2022:23:21:45 -0500] "POST /kwsrmcab/Wsrmcab HTTP/1.1" 200 43879
114.119.141.73 - - [17/Oct/2022:23:21:57 -0500] "GET /BLA/resoluciones/RESOLUCIONES%202010/6477.pdf HTTP/1.1" 200 1292275
216.245.221.92 - - [17/Oct/2022:23:22:08 -0500] "HEAD / HTTP/1.1" 200 -
114.119.141.52 - - [17/Oct/2022:23:23:22 -0500] "GET /BLA/resoluciones/RESOLUCIONES%202010/5959.pdf HTTP/1.1" 200 80098
172.22.2.4 - - [17/Oct/2022:23:22:39 -0500] "HEAD /BLA/boletinlegal/ HTTP/1.1" 200 -
157.55.39.202 - - [17/Oct/2022:23:24:23 -0500] "GET /BLA/resoluciones/00000037.tif HTTP/1.1" 404 1018
172.22.2.4 - - [17/Oct/2022:23:23:29 -0500] "GET /BLA/boletinlegal/ HTTP/1.1" 200 57725
45.61.185.76 - - [17/Oct/2022:23:25:51 -0500] "POST /boaform/admin/formLogin HTTP/1.1" 404 1186
201.245.192.253 - - [17/Oct/2022:23:26:15 -0500] "POST /kwsrmcab/Wsrmcab  HTTP/1.1" 200 43296
66.249.73.127 - - [17/Oct/2022:23:26:38 -0500] "-" 408 -
216.245.221.92 - - [17/Oct/2022:23:27:08 -0500] "HEAD / HTTP/1.1" 200 -
114.119.141.53 - - [17/Oct/2022:23:27:35 -0500] "GET /BLA/resoluciones/RESOLUCIONES%202010/1506.pdf HTTP/1.1" 200 502509
172.22.2.4 - - [17/Oct/2022:23:28:29 -0500] "HEAD /BLA/boletinlegal/ HTTP/1.1" 200 -
172.22.2.4 - - [17/Oct/2022:23:29:19 -0500] "GET /BLA/boletinlegal/ HTTP/1.1" 200 56376
201.245.192.253 - - [17/Oct/2022:23:31:13 -0500] "POST /kwsrmcab/Wsrmcab  HTTP/1.1" 200 43296
201.245.192.253 - - [17/Oct/2022:23:31:42 -0500] "POST /kwsrmcab/Wsrmcab HTTP/1.1" 200 43219
201.245.192.253 - - [17/Oct/2022:23:31:45 -0500] "POST /kwsrmcab/Wsrmcab HTTP/1.1" 200 43879
216.245.221.92 - - [17/Oct/2022:23:32:08 -0500] "HEAD / HTTP/1.1" 200 -
66.249.73.127 - - [17/Oct/2022:23:33:21 -0500] "-" 408 -
20.197.16.183 - - [17/Oct/2022:23:34:36 -0500] "-" 408 -
114.119.132.76 - - [17/Oct/2022:23:34:51 -0500] "GET /BLA/resoluciones/RESOLUCIONES%202010/5835.pdf HTTP/1.1" 200 422213
157.55.39.142 - - [17/Oct/2022:23:34:55 -0500] "GET / HTTP/1.1" 200 319
157.55.39.25 - - [17/Oct/2022:23:35:10 -0500] "GET /BLA/resoluciones/00000870.tif HTTP/1.1" 404 1018
207.46.13.84 - - [17/Oct/2022:23:35:48 -0500] "GET /BLA/resoluciones/RESOLUCIONES%202005/0201.tif HTTP/1.1" 200 290606
172.22.2.4 - - [17/Oct/2022:23:34:19 -0500] "HEAD /BLA/boletinlegal/ HTTP/1.1" 200 -
191.95.24.74 - - [17/Oct/2022:23:36:07 -0500] "GET /galeria/galeria/jquery.fancybox.css?v=2.1.5 HTTP/1.1" 200 4895
191.95.24.74 - - [17/Oct/2022:23:36:07 -0500] "GET /BLA/boletinlegal/js/jquery.scrollShow.js HTTP/1.1" 200 4586
191.95.24.74 - - [17/Oct/2022:23:36:07 -0500] "GET /galeria/galeria/jquery.fancybox.js?v=2.1.5 HTTP/1.1" 200 48706
172.22.2.4 - - [17/Oct/2022:23:34:30 -0500] "GET /BLA/boletinlegal/ HTTP/1.1" 200 49689
201.245.192.253 - - [17/Oct/2022:23:36:12 -0500] "POST /kwsrmcab/Wsrmcab  HTTP/1.1" 200 43296
172.22.2.4 - - [17/Oct/2022:23:36:30 -0500] "GET /BLA/boletinlegal/Circulares/2010/Circular%2006%20de%208%20de%20septiembre%20de%202010.pdf HTTP/1.1" 200 4657752
172.22.2.4 - - [17/Oct/2022:23:35:10 -0500] "GET /BLA/boletinlegal/ HTTP/1.1" 200 53290
216.245.221.92 - - [17/Oct/2022:23:37:08 -0500] "HEAD / HTTP/1.1" 200 -
172.22.2.4 - - [17/Oct/2022:23:38:18 -0500] "GET /BLA/boletinlegal/Circulares/2019/.pdf HTTP/1.1" 404 1218
66.249.73.127 - - [17/Oct/2022:23:39:12 -0500] "-" 408 -
114.119.141.69 - - [17/Oct/2022:23:39:26 -0500] "GET /BLA/resoluciones/RESOLUCIONES%202010/6070.pdf HTTP/1.1" 200 7732733
172.22.2.4 - - [17/Oct/2022:23:40:04 -0500] "GET /BLA/boletinlegal/jurisprudencia/analisis/AnalisisC-746-12.docx HTTP/1.1" 200 22637
114.119.132.76 - - [17/Oct/2022:23:41:05 -0500] "GET /BLA/resoluciones/RESOLUCIONES%202010/5914.pdf HTTP/1.1" 200 70257
201.245.192.253 - - [17/Oct/2022:23:41:11 -0500] "POST /kwsrmcab/Wsrmcab  HTTP/1.1" 200 43296
201.245.192.253 - - [17/Oct/2022:23:41:42 -0500] "POST /kwsrmcab/Wsrmcab HTTP/1.1" 200 43219
201.245.192.253 - - [17/Oct/2022:23:41:44 -0500] "POST /kwsrmcab/Wsrmcab HTTP/1.1" 200 43879
172.22.2.4 - - [17/Oct/2022:23:40:09 -0500] "HEAD /BLA/boletinlegal/ HTTP/1.1" 200 -
216.245.221.92 - - [17/Oct/2022:23:42:08 -0500] "HEAD / HTTP/1.1" 200 -
172.22.2.4 - - [17/Oct/2022:23:40:59 -0500] "GET /BLA/boletinlegal/ HTTP/1.1" 200 58163
114.119.132.76 - - [17/Oct/2022:23:42:42 -0500] "GET /BLA/resoluciones/RESOLUCIONES%202009/3048.pdf HTTP/1.1" 200 427734
157.55.39.202 - - [17/Oct/2022:23:42:45 -0500] "GET /BLA/resoluciones/00001769.tif HTTP/1.1" 404 1018
114.119.141.42 - - [17/Oct/2022:23:44:27 -0500] "GET /BLA/resoluciones/RESOLUCIONES%202017/1676.pdf HTTP/1.1" 200 1082042
66.249.73.127 - - [17/Oct/2022:23:45:20 -0500] "-" 408 -
114.119.141.52 - - [17/Oct/2022:23:46:08 -0500] "GET /BLA/resoluciones/RESOLUCIONES%202010/7005.pdf HTTP/1.1" 200 68023
201.245.192.253 - - [17/Oct/2022:23:46:10 -0500] "POST /kwsrmcab/Wsrmcab  HTTP/1.1" 200 43296
216.245.221.92 - - [17/Oct/2022:23:47:08 -0500] "HEAD / HTTP/1.1" 200 -
172.22.2.4 - - [17/Oct/2022:23:45:59 -0500] "HEAD /BLA/boletinlegal/ HTTP/1.1" 200 -
172.22.2.4 - - [17/Oct/2022:23:46:49 -0500] "GET /BLA/boletinlegal/ HTTP/1.1" 200 58163
157.55.39.154 - - [17/Oct/2022:23:49:18 -0500] "GET / HTTP/1.1" 200 319
201.245.192.253 - - [17/Oct/2022:23:51:08 -0500] "POST /kwsrmcab/Wsrmcab  HTTP/1.1" 200 43296
114.119.141.71 - - [17/Oct/2022:23:51:57 -0500] "GET /BLA/resoluciones/RESOLUCIONES%202010/3354.pdf HTTP/1.1" 200 508241
216.245.221.92 - - [17/Oct/2022:23:52:08 -0500] "HEAD / HTTP/1.1" 200 -
66.249.73.127 - - [17/Oct/2022:23:52:17 -0500] "-" 408 -
172.22.2.4 - - [17/Oct/2022:23:51:49 -0500] "HEAD /BLA/boletinlegal/ HTTP/1.1" 200 -
114.119.141.52 - - [17/Oct/2022:23:53:33 -0500] "GET /BLA/resoluciones/AUTOS%202014/1229.pdf HTTP/1.1" 200 182365
207.46.13.237 - - [17/Oct/2022:23:54:00 -0500] "-" 408 -
172.22.2.4 - - [17/Oct/2022:23:52:39 -0500] "GET /BLA/boletinlegal/ HTTP/1.1" 200 57725
172.22.2.4 - - [17/Oct/2022:23:55:12 -0500] "GET /BLA/boletinlegal/jurisprudencia/analisis/AnalisisT-606-15.docx HTTP/1.1" 200 26698
114.119.141.69 - - [17/Oct/2022:23:55:52 -0500] "GET /BLA/resoluciones/RESOLUCIONES%202010/0851.pdf HTTP/1.1" 200 107054
201.245.192.253 - - [17/Oct/2022:23:56:08 -0500] "POST /kwsrmcab/Wsrmcab  HTTP/1.1" 200 43296
216.245.221.92 - - [17/Oct/2022:23:57:08 -0500] "HEAD / HTTP/1.1" 200 -
114.119.141.51 - - [17/Oct/2022:23:57:37 -0500] "GET /BLA/resoluciones/AUTOS%202014/1939.pdf HTTP/1.1" 200 736375
173.252.83.117 - - [17/Oct/2022:23:58:39 -0500] "GET /images/energia-eficiencia-26-mayo.jpg HTTP/1.1" 200 46417
172.22.2.4 - - [17/Oct/2022:23:56:59 -0500] "GET /BLA/boletinlegal/ HTTP/1.1" 200 54003
114.119.141.51 - - [17/Oct/2022:23:59:14 -0500] "GET /BLA/resoluciones/RESOLUCIONES%202010/7438.pdf HTTP/1.1" 200 356368
172.22.2.4 - - [17/Oct/2022:23:57:39 -0500] "HEAD /BLA/boletinlegal/ HTTP/1.1" 200 -

:: Command execute ::

Enter:
 
Select:
 

:: Search ::
regexp 

:: Upload ::
 
[ ok ]

:: Make Dir ::
 
[ ok ]
:: Make File ::
 
[ ok ]

:: Go Dir ::
 
:: Go File ::
 

--[ c99shell v. 1.0 pre-release build #13 powered by Captain Crunch Security Team | http://ccteam.ru | Generation time: 0.078 ]--