216.245.221.92 - - [17/Oct/2022:07:12:10 -0500] "HEAD / HTTP/1.1" 200 -
114.119.141.52 - - [17/Oct/2022:07:12:45 -0500] "GET /BLA/resoluciones/RESOLUCIONES%202010/5609.pdf HTTP/1.1" 200 1299601
114.119.141.73 - - [17/Oct/2022:07:14:12 -0500] "GET /BLA/resoluciones/RESOLUCIONES%202010/2156.pdf HTTP/1.1" 200 485267
201.245.192.253 - - [17/Oct/2022:07:14:30 -0500] "POST /kwsrmcab/Wsrmcab  HTTP/1.1" 200 43296
114.119.141.42 - - [17/Oct/2022:07:15:39 -0500] "GET /BLA/resoluciones/AUTOS%202014/0285.pdf HTTP/1.1" 200 826278
172.22.2.4 - - [17/Oct/2022:07:14:21 -0500] "HEAD /BLA/boletinlegal/ HTTP/1.1" 200 -
172.22.2.4 - - [17/Oct/2022:07:15:11 -0500] "GET /BLA/boletinlegal/ HTTP/1.1" 200 58163
114.119.141.42 - - [17/Oct/2022:07:17:07 -0500] "GET /BLA/resoluciones/RESOLUCIONES%202014/2220.pdf HTTP/1.1" 200 3826517
216.245.221.92 - - [17/Oct/2022:07:17:10 -0500] "HEAD / HTTP/1.1" 200 -
114.119.141.73 - - [17/Oct/2022:07:18:37 -0500] "GET /BLA/resoluciones/RESOLUCIONES%202010/7484.pdf HTTP/1.1" 200 286402
207.46.13.84 - - [17/Oct/2022:07:19:16 -0500] "GET /BLA/resoluciones/AUTOS%202017/1357.pdf HTTP/1.1" 200 333899
201.245.192.253 - - [17/Oct/2022:07:19:29 -0500] "POST /kwsrmcab/Wsrmcab  HTTP/1.1" 200 43296
114.119.141.51 - - [17/Oct/2022:07:20:04 -0500] "GET /BLA/resoluciones/RESOLUCIONES%202010/1154.pdf HTTP/1.1" 200 105526
114.119.141.71 - - [17/Oct/2022:07:21:31 -0500] "GET /BLA/resoluciones/RESOLUCIONES%202008/2244.pdf HTTP/1.1" 200 195582
201.245.192.253 - - [17/Oct/2022:07:21:45 -0500] "POST /kwsrmcab/Wsrmcab HTTP/1.1" 200 43605
201.245.192.253 - - [17/Oct/2022:07:21:48 -0500] "POST /kwsrmcab/Wsrmcab HTTP/1.1" 200 43488
172.22.2.4 - - [17/Oct/2022:07:20:11 -0500] "HEAD /BLA/boletinlegal/ HTTP/1.1" 200 -
172.22.2.4 - - [17/Oct/2022:07:22:06 -0500] "GET /BLA/boletinlegal/Directivas/2018/Directiva%20No.%2023%20del%2026%20de%20diciembre%20de%202018.pdf HTTP/1.1" 304 -
216.245.221.92 - - [17/Oct/2022:07:22:10 -0500] "HEAD / HTTP/1.1" 200 -
172.22.2.4 - - [17/Oct/2022:07:21:02 -0500] "GET /BLA/boletinlegal/ HTTP/1.1" 200 54356
114.119.141.52 - - [17/Oct/2022:07:23:00 -0500] "GET /BLA/resoluciones/AUTOS%202014/3375.pdf HTTP/1.1" 200 558096
172.22.2.4 - - [17/Oct/2022:07:22:49 -0500] "GET /BLA/boletinlegal/ HTTP/1.1" 200 20427
201.245.192.253 - - [17/Oct/2022:07:24:27 -0500] "POST /kwsrmcab/Wsrmcab  HTTP/1.1" 200 43296
114.119.141.69 - - [17/Oct/2022:07:24:31 -0500] "GET /BLA/resoluciones/RESOLUCIONES%202010/6166.pdf HTTP/1.1" 200 1387513
207.46.13.40 - - [17/Oct/2022:07:25:27 -0500] "GET /BLA/resoluciones/RESOLUCIONES%202022/0455.pdf HTTP/1.1" 200 351353
184.105.247.236 - - [17/Oct/2022:07:25:55 -0500] "GET /favicon.ico HTTP/1.1" 200 7782
114.119.141.73 - - [17/Oct/2022:07:25:58 -0500] "GET /BLA/resoluciones/index.php?dir=RESOLUCIONES%2B2007/RES%2B2007%2B2701%2BAL%2B2800/&sort=name&order=desc HTTP/1.1" 200 13387
173.252.95.116 - - [17/Oct/2022:07:26:48 -0500] "GET /images/cuco-americano-23-noviembre.jpg HTTP/1.1" 200 34532
216.245.221.92 - - [17/Oct/2022:07:27:10 -0500] "HEAD / HTTP/1.1" 200 -
114.119.141.51 - - [17/Oct/2022:07:27:25 -0500] "GET /BLA/resoluciones/RESOLUCIONES%202010/1260.pdf HTTP/1.1" 200 101256
172.22.2.4 - - [17/Oct/2022:07:26:01 -0500] "HEAD /BLA/boletinlegal/ HTTP/1.1" 200 -
207.46.13.89 - - [17/Oct/2022:07:28:01 -0500] "GET /BLA/boletinlegal/documentos-importantes.php HTTP/1.1" 200 4829
108.174.5.112 - - [17/Oct/2022:07:28:02 -0500] "GET /que-orgullo-bogota-obtiene-reconocimiento-por-sus-planes-y-acciones-para-enfrentar-el-cambio-climatico.html HTTP/1.1" 206 773
207.46.13.84 - - [17/Oct/2022:07:28:15 -0500] "GET /BLA/boletinlegal/niceforms-default.css HTTP/1.1" 200 6694
207.46.13.84 - - [17/Oct/2022:07:28:15 -0500] "GET /BLA/boletinlegal/styles2.css HTTP/1.1" 200 1838
207.46.13.40 - - [17/Oct/2022:07:28:20 -0500] "GET /BLA/boletinlegal/style.css HTTP/1.1" 200 9406
157.55.39.25 - - [17/Oct/2022:07:28:24 -0500] "GET /BLA/boletinlegal/js/ajax_documentos.js HTTP/1.1" 200 1155
172.22.2.4 - - [17/Oct/2022:07:26:52 -0500] "GET /BLA/boletinlegal/ HTTP/1.1" 200 58163
114.119.141.71 - - [17/Oct/2022:07:28:57 -0500] "GET /autoliquidacion/index.php?dir=Solicitudes%2Brelacionadas%2Bcon%2Bcalidad%2Bdel%2Baire%2Bauditiva%2By%2Bvisual/ HTTP/1.1" 200 6973
201.245.192.253 - - [17/Oct/2022:07:29:27 -0500] "POST /kwsrmcab/Wsrmcab  HTTP/1.1" 200 43296
114.119.141.71 - - [17/Oct/2022:07:30:33 -0500] "GET /BLA/resoluciones/RESOLUCIONES%202010/6963.pdf HTTP/1.1" 200 447371
201.245.192.253 - - [17/Oct/2022:07:31:45 -0500] "POST /kwsrmcab/Wsrmcab HTTP/1.1" 200 43605
201.245.192.253 - - [17/Oct/2022:07:31:47 -0500] "POST /kwsrmcab/Wsrmcab HTTP/1.1" 200 43488
114.119.141.51 - - [17/Oct/2022:07:31:52 -0500] "GET /BLA/resoluciones/RESOLUCIONES%202010/1840.pdf HTTP/1.1" 200 89815
216.245.221.92 - - [17/Oct/2022:07:32:10 -0500] "HEAD / HTTP/1.1" 200 -
207.46.13.40 - - [17/Oct/2022:07:33:18 -0500] "GET /BLA/resoluciones/RESOLUCIONES%202006/RES%202006%201-50/00000050.tif HTTP/1.1" 200 39256
114.119.141.73 - - [17/Oct/2022:07:33:24 -0500] "GET /BLA/resoluciones/RESOLUCIONES%202010/6058.pdf HTTP/1.1" 200 1228419
172.22.2.4 - - [17/Oct/2022:07:31:51 -0500] "HEAD /BLA/boletinlegal/ HTTP/1.1" 200 -
172.22.2.4 - - [17/Oct/2022:07:32:42 -0500] "GET /BLA/boletinlegal/ HTTP/1.1" 200 59319
201.245.192.253 - - [17/Oct/2022:07:34:26 -0500] "POST /kwsrmcab/Wsrmcab  HTTP/1.1" 200 43296
114.119.132.76 - - [17/Oct/2022:07:34:53 -0500] "GET /BLA/resoluciones/AUTOS%202015/1051.pdf HTTP/1.1" 200 587949
114.119.141.53 - - [17/Oct/2022:07:36:20 -0500] "GET /BLA/resoluciones/RESOLUCIONES%202007/RES%202007%20801%20AL%20900/RESOLUCION%200842%20DE%202007.pdf HTTP/1.1" 200 219793
216.245.221.92 - - [17/Oct/2022:07:37:10 -0500] "HEAD / HTTP/1.1" 200 -
114.119.132.76 - - [17/Oct/2022:07:37:45 -0500] "GET /BLA/resoluciones/index.php?dir=AUTOS%2B2011/ HTTP/1.1" 200 13279
172.22.2.4 - - [17/Oct/2022:07:38:25 -0500] "GET /BLA/boletinlegal/Circulares/2018/Circular%20No.%2010%20del%2021%20de%20Septiembre%20de%202018.pdf HTTP/1.1" 200 163426
114.119.141.69 - - [17/Oct/2022:07:39:17 -0500] "GET /BLA/resoluciones/RESOLUCIONES%202009/0002.pdf HTTP/1.1" 200 234079
172.22.2.4 - - [17/Oct/2022:07:37:41 -0500] "HEAD /BLA/boletinlegal/ HTTP/1.1" 200 -
201.245.192.253 - - [17/Oct/2022:07:39:24 -0500] "POST /kwsrmcab/Wsrmcab  HTTP/1.1" 200 43296
172.22.2.4 - - [17/Oct/2022:07:38:32 -0500] "GET /BLA/boletinlegal/ HTTP/1.1" 200 54003
114.119.141.71 - - [17/Oct/2022:07:40:46 -0500] "GET /BLA/resoluciones/RESOLUCIONES%202010/4130.pdf HTTP/1.1" 200 757789
201.245.192.253 - - [17/Oct/2022:07:41:45 -0500] "POST /kwsrmcab/Wsrmcab HTTP/1.1" 200 43605
201.245.192.253 - - [17/Oct/2022:07:41:48 -0500] "POST /kwsrmcab/Wsrmcab HTTP/1.1" 200 43488
216.245.221.92 - - [17/Oct/2022:07:42:10 -0500] "HEAD / HTTP/1.1" 200 -
114.119.132.76 - - [17/Oct/2022:07:42:14 -0500] "GET /BLA/resoluciones/RESOLUCIONES%202010/6140.pdf HTTP/1.1" 200 569572
172.104.138.223 - - [17/Oct/2022:07:42:43 -0500] "GET /fuN3 HTTP/1.0" 404 1019
114.119.141.73 - - [17/Oct/2022:07:43:43 -0500] "GET /BLA/resoluciones/RESOLUCIONES%202015/2924.pdf HTTP/1.1" 200 590196
40.77.190.162 - - [17/Oct/2022:07:44:10 -0500] "GET /BLA/boletinlegal/niceforms.js HTTP/1.1" 200 22876
40.77.189.33 - - [17/Oct/2022:07:44:10 -0500] "GET /BLA/boletinlegal/ajax.js HTTP/1.1" 200 577
201.245.192.253 - - [17/Oct/2022:07:44:24 -0500] "POST /kwsrmcab/Wsrmcab  HTTP/1.1" 200 43296
207.46.13.181 - - [17/Oct/2022:07:44:38 -0500] "GET /portaldeninos/ HTTP/1.1" 200 110197
172.22.2.4 - - [17/Oct/2022:07:43:31 -0500] "HEAD /BLA/boletinlegal/ HTTP/1.1" 200 -
114.119.141.42 - - [17/Oct/2022:07:45:13 -0500] "GET /BLA/resoluciones/RESOLUCIONES%202010/1492.pdf HTTP/1.1" 200 512179
172.22.2.4 - - [17/Oct/2022:07:44:22 -0500] "GET /BLA/boletinlegal/ HTTP/1.1" 200 57725
114.119.141.51 - - [17/Oct/2022:07:46:43 -0500] "GET /BLA/resoluciones/RESOLUCIONES%202010/7688.pdf HTTP/1.1" 200 411386
207.46.13.84 - - [17/Oct/2022:07:46:57 -0500] "GET /BLA/resoluciones/RESOLUCIONES%202005/00001087.tif HTTP/1.1" 200 144358
216.245.221.92 - - [17/Oct/2022:07:47:10 -0500] "HEAD / HTTP/1.1" 200 -
114.119.141.69 - - [17/Oct/2022:07:48:08 -0500] "GET /BLA/resoluciones/RESOLUCIONES%202010/2243.pdf HTTP/1.1" 200 492391
201.245.192.253 - - [17/Oct/2022:07:49:23 -0500] "POST /kwsrmcab/Wsrmcab  HTTP/1.1" 200 43296
193.142.146.35 - - [17/Oct/2022:07:49:27 -0500] "GET / HTTP/1.1" 200 319
193.142.146.35 - - [17/Oct/2022:07:49:28 -0500] "POST /HNAP1/ HTTP/1.1" 404 1018
114.119.132.76 - - [17/Oct/2022:07:49:39 -0500] "GET /BLA/resoluciones/RESOLUCIONES%202010/2387.pdf HTTP/1.1" 200 495759
207.46.13.190 - - [17/Oct/2022:07:49:52 -0500] "GET /forest/ HTTP/1.1" 200 12041
172.22.2.4 - - [17/Oct/2022:07:49:21 -0500] "HEAD /BLA/boletinlegal/ HTTP/1.1" 200 -
114.119.141.69 - - [17/Oct/2022:07:51:10 -0500] "GET /BLA/resoluciones/RESOLUCIONES%202010/7772.pdf HTTP/1.1" 200 3272062
157.55.39.202 - - [17/Oct/2022:07:51:39 -0500] "GET / HTTP/1.1" 200 319
172.22.2.4 - - [17/Oct/2022:07:50:12 -0500] "GET /BLA/boletinlegal/ HTTP/1.1" 200 57725
216.245.221.92 - - [17/Oct/2022:07:52:10 -0500] "HEAD / HTTP/1.1" 200 -
114.119.141.52 - - [17/Oct/2022:07:52:39 -0500] "GET /BLA/resoluciones/RESOLUCIONES%202017/1448.pdf HTTP/1.1" 200 638685
186.84.20.111 - - [17/Oct/2022:07:53:59 -0500] "GET /galeria/galeria/jquery.fancybox.css?v=2.1.5 HTTP/1.1" 200 4895
186.84.20.111 - - [17/Oct/2022:07:53:59 -0500] "GET /BLA/boletinlegal/js/jquery.scrollShow.js HTTP/1.1" 200 4586
186.84.20.111 - - [17/Oct/2022:07:53:59 -0500] "GET /galeria/galeria/jquery.fancybox.js?v=2.1.5 HTTP/1.1" 200 48706
114.119.141.52 - - [17/Oct/2022:07:54:03 -0500] "GET /BLA/resoluciones/RESOLUCIONES%202010/7653.pdf HTTP/1.1" 200 321821
201.245.192.253 - - [17/Oct/2022:07:54:22 -0500] "POST /kwsrmcab/Wsrmcab  HTTP/1.1" 200 43296
114.119.141.71 - - [17/Oct/2022:07:55:35 -0500] "GET /BLA/resoluciones/RESOLUCIONES%202010/2931.pdf HTTP/1.1" 200 368376
207.46.13.89 - - [17/Oct/2022:07:56:01 -0500] "GET /BLA/resoluciones/RESOLUCIONES%202021/3871.pdf HTTP/1.1" 200 3706561
172.22.2.4 - - [17/Oct/2022:07:55:11 -0500] "HEAD /BLA/boletinlegal/ HTTP/1.1" 200 -
114.119.141.52 - - [17/Oct/2022:07:57:06 -0500] "GET /BLA/resoluciones/RESOLUCIONES%202015/2180.pdf HTTP/1.1" 200 551940
216.245.221.92 - - [17/Oct/2022:07:57:10 -0500] "HEAD / HTTP/1.1" 200 -
172.22.2.4 - - [17/Oct/2022:07:56:01 -0500] "GET /BLA/boletinlegal/ HTTP/1.1" 200 57725
114.119.141.73 - - [17/Oct/2022:07:58:32 -0500] "GET /Autoliquidacion/index.php?dir=Solicitud%2Bde%2Bexpedici%EF%BF%BDn%2Bde%2Bcertificados%2Bde%2Bestado%2Bde%2Bconservaci%EF%BF%BDn%2Bambiental%2B(CECA)/ HTTP/1.1" 200 7042
157.55.39.202 - - [17/Oct/2022:07:58:57 -0500] "GET /BLA/resoluciones/RESOLUCIONES%202005/00001099.tif HTTP/1.1" 200 362358
201.245.192.253 - - [17/Oct/2022:07:59:20 -0500] "POST /kwsrmcab/Wsrmcab  HTTP/1.1" 200 43296
114.119.141.42 - - [17/Oct/2022:08:00:00 -0500] "GET /BLA/resoluciones/RESOLUCIONES%202010/3284.pdf HTTP/1.1" 200 494299
157.55.39.25 - - [17/Oct/2022:08:01:13 -0500] "GET /BLA/resoluciones/AUTOS%202021/4486.pdf HTTP/1.1" 304 -
114.119.132.76 - - [17/Oct/2022:08:01:34 -0500] "GET /BLA/resoluciones/RESOLUCIONES%202013/1089.pdf HTTP/1.1" 200 800440
216.245.221.92 - - [17/Oct/2022:08:02:10 -0500] "HEAD / HTTP/1.1" 200 -
94.102.61.10 - - [17/Oct/2022:08:02:36 -0500] "GET / HTTP/1.1" 200 319
172.22.2.4 - - [17/Oct/2022:08:01:01 -0500] "HEAD /BLA/boletinlegal/ HTTP/1.1" 200 -
114.119.141.71 - - [17/Oct/2022:08:03:04 -0500] "GET /webdav/x32.php HTTP/1.1" 404 1226
45.139.105.214 - - [17/Oct/2022:08:03:05 -0500] "POST /boaform/admin/formLogin HTTP/1.1" 404 1186
172.22.2.4 - - [17/Oct/2022:08:01:52 -0500] "GET /BLA/boletinlegal/ HTTP/1.1" 200 57725
172.22.2.4 - - [17/Oct/2022:08:04:08 -0500] "GET /BLA/boletinlegal/Circulares/2022/CIRCULAR%20No.%2000007%20DEL%2025%20DE%20JULIO%20DEL%202022.pdf HTTP/1.1" 304 -
201.245.192.253 - - [17/Oct/2022:08:04:20 -0500] "POST /kwsrmcab/Wsrmcab  HTTP/1.1" 200 43296
114.119.141.51 - - [17/Oct/2022:08:04:31 -0500] "GET /BLA/resoluciones/RESOLUCIONES%202010/2994.pdf HTTP/1.1" 200 1068364
114.119.141.69 - - [17/Oct/2022:08:06:01 -0500] "GET /BLA/resoluciones/RESOLUCIONES%202010/1358.pdf HTTP/1.1" 200 351636
207.46.13.190 - - [17/Oct/2022:08:06:53 -0500] "GET /BLA/resoluciones/00000043.tif HTTP/1.1" 404 1018
216.245.221.92 - - [17/Oct/2022:08:07:10 -0500] "HEAD / HTTP/1.1" 200 -
114.119.141.52 - - [17/Oct/2022:08:07:32 -0500] "GET /BLA/resoluciones/RESOLUCIONES%202010/2547.pdf HTTP/1.1" 200 81901
172.22.2.4 - - [17/Oct/2022:08:06:51 -0500] "HEAD /BLA/boletinlegal/ HTTP/1.1" 200 -
114.119.141.71 - - [17/Oct/2022:08:09:00 -0500] "GET /BLA/resoluciones/RESOLUCIONES%202015/0232.pdf HTTP/1.1" 200 792157
201.245.192.253 - - [17/Oct/2022:08:09:18 -0500] "POST /kwsrmcab/Wsrmcab  HTTP/1.1" 200 43296
172.22.2.4 - - [17/Oct/2022:08:07:41 -0500] "GET /BLA/boletinlegal/ HTTP/1.1" 200 58163
114.119.132.76 - - [17/Oct/2022:08:10:28 -0500] "GET /BLA/resoluciones/index.php?dir=Notificaciones/AUTOS%2B2012/&sort=date&order=asc HTTP/1.1" 200 13341
152.89.196.211 - - [17/Oct/2022:08:10:43 -0500] "GET /?XDEBUG_SESSION_START=phpstorm HTTP/1.1" 200 319
114.119.141.73 - - [17/Oct/2022:08:11:59 -0500] "GET /BLA/resoluciones/RESOLUCIONES%202010/5524.pdf HTTP/1.1" 200 2865276
216.245.221.92 - - [17/Oct/2022:08:12:10 -0500] "HEAD / HTTP/1.1" 200 -
51.254.59.113 - - [17/Oct/2022:08:12:39 -0500] "GET / HTTP/1.1" 200 319
114.119.141.73 - - [17/Oct/2022:08:13:27 -0500] "GET /BLA/resoluciones/RESOLUCIONES%202011/6195.pdf HTTP/1.1" 200 493771
172.22.2.4 - - [17/Oct/2022:08:13:58 -0500] "GET /BLA/boletinlegal/conceptos.php HTTP/1.1" 200 7450
190.26.164.133 - - [17/Oct/2022:08:14:01 -0500] "GET /BLA/resoluciones/ HTTP/1.1" 200 13093
190.26.164.133 - - [17/Oct/2022:08:14:14 -0500] "GET /BLA/resoluciones/index.php?dir=RESOLUCIONES+2007%2F HTTP/1.1" 200 35450
201.245.192.253 - - [17/Oct/2022:08:14:18 -0500] "POST /kwsrmcab/Wsrmcab  HTTP/1.1" 200 43296
190.26.164.133 - - [17/Oct/2022:08:14:20 -0500] "GET /BLA/resoluciones/index.php?dir=RESOLUCIONES+2007%2FRES+2007+1301+AL+1400%2F HTTP/1.1" 200 26817
172.22.2.4 - - [17/Oct/2022:08:12:41 -0500] "HEAD /BLA/boletinlegal/ HTTP/1.1" 200 -
190.26.164.133 - - [17/Oct/2022:08:14:26 -0500] "GET /BLA/resoluciones/RESOLUCIONES%202007/RES%202007%201301%20AL%201400/RESOLUCION%201363%20DE%202007.pdf HTTP/1.1" 200 258672
114.119.141.69 - - [17/Oct/2022:08:14:54 -0500] "GET /Autoliquidacion/index.php?dir=Cobro%2BEvaluacion%2BCertificaci%C3%83%C2%83%C3%82%C2%AF%C3%83%C2%82%C3%82%C2%BF%C3%83%C2%82%C3%82%C2%BDn%2BPara%2BLa%2BDeducci%C3%83%C2%83%C3%82%C2%AF%C3%83%C2%82%C3%82%C2%BF%C3%83%C2%82%C3%82%C2%BDn%2BPor%2BInversi%C3%83%C2%83%C3%82%C2%AF%C3%83%C2%82%C3%82%C2%BF%C3%83%C2%82%C3%82%C2%BDn%2BEn%2BMedio%2BAmbiente/&sort=name&order=desc HTTP/1.1" 200 7230
172.22.2.4 - - [17/Oct/2022:08:13:31 -0500] "GET /BLA/boletinlegal/ HTTP/1.1" 200 57725
190.26.32.70 - - [17/Oct/2022:08:15:29 -0500] "GET /BLA/boletinlegal/js/jquery.scrollShow.js HTTP/1.1" 200 4586
190.26.32.70 - - [17/Oct/2022:08:15:29 -0500] "GET /galeria/galeria/jquery.fancybox.js?v=2.1.5 HTTP/1.1" 200 48706
190.26.32.70 - - [17/Oct/2022:08:15:29 -0500] "GET /galeria/galeria/jquery.fancybox.css?v=2.1.5 HTTP/1.1" 200 4895
216.245.221.92 - - [17/Oct/2022:08:17:10 -0500] "HEAD / HTTP/1.1" 200 -
207.46.13.89 - - [17/Oct/2022:08:17:33 -0500] "GET /BLA/resoluciones/RESOLUCIONES%202003/RES%202003%20851-900/892.tif HTTP/1.1" 200 271800
114.119.141.73 - - [17/Oct/2022:08:17:57 -0500] "GET /Autoliquidacion/index.php?dir&sort=name&order=desc HTTP/1.1" 200 6628
201.245.192.253 - - [17/Oct/2022:08:19:18 -0500] "POST /kwsrmcab/Wsrmcab  HTTP/1.1" 200 43296
114.119.141.71 - - [17/Oct/2022:08:19:24 -0500] "GET /BLA/resoluciones/RESOLUCIONES%202010/2301.pdf HTTP/1.1" 200 474789
172.22.2.4 - - [17/Oct/2022:08:18:31 -0500] "HEAD /BLA/boletinlegal/ HTTP/1.1" 200 -
114.119.141.53 - - [17/Oct/2022:08:20:52 -0500] "GET /BLA/resoluciones/AUTOS%202017/2955.pdf HTTP/1.1" 200 220584
172.22.2.4 - - [17/Oct/2022:08:19:21 -0500] "GET /BLA/boletinlegal/ HTTP/1.1" 200 58163
201.245.192.253 - - [17/Oct/2022:08:21:44 -0500] "POST /kwsrmcab/Wsrmcab HTTP/1.1" 200 43306
201.245.192.253 - - [17/Oct/2022:08:21:47 -0500] "POST /kwsrmcab/Wsrmcab HTTP/1.1" 200 43484
45.139.105.208 - - [17/Oct/2022:08:21:49 -0500] "POST /boaform/admin/formLogin HTTP/1.1" 404 1186
216.245.221.92 - - [17/Oct/2022:08:22:10 -0500] "HEAD / HTTP/1.1" 200 -
114.119.141.52 - - [17/Oct/2022:08:22:25 -0500] "GET /BLA/resoluciones/RESOLUCIONES%202011/0095.pdf HTTP/1.1" 200 648470
114.119.141.73 - - [17/Oct/2022:08:23:53 -0500] "GET /BLA/resoluciones/RESOLUCIONES%202010/0376.pdf HTTP/1.1" 200 117158
201.245.192.253 - - [17/Oct/2022:08:24:16 -0500] "POST /kwsrmcab/Wsrmcab  HTTP/1.1" 200 43296
64.85.173.196 - - [17/Oct/2022:08:24:43 -0500] "GET /.env HTTP/1.1" 404 1018
64.85.173.196 - - [17/Oct/2022:08:24:43 -0500] "POST / HTTP/1.1" 200 319
172.22.2.4 - - [17/Oct/2022:08:25:23 -0500] "PUT /BLA/boletinlegal/vendor/phpunit/phpunit/src/Util/PHP/eval-stdin.php HTTP/1.1" 405 938
114.119.141.71 - - [17/Oct/2022:08:25:23 -0500] "GET /BLA/resoluciones/RESOLUCIONES%202010/6405.pdf HTTP/1.1" 200 74196
172.22.2.4 - - [17/Oct/2022:08:25:24 -0500] "GET /BLA/boletinlegal/.DS_Store HTTP/1.1" 404 1018
172.22.2.4 - - [17/Oct/2022:08:25:25 -0500] "GET /BLA/boletinlegal/favicon.ico HTTP/1.1" 404 1018
172.22.2.4 - - [17/Oct/2022:08:25:25 -0500] "GET /BLA/boletinlegal/frontend_dev.php/$ HTTP/1.1" 404 1018
172.22.2.4 - - [17/Oct/2022:08:25:25 -0500] "GET /BLA/boletinlegal/v2/_catalog HTTP/1.1" 404 1018
172.22.2.4 - - [17/Oct/2022:08:25:18 -0500] "GET /BLA/boletinlegal/ HTTP/1.1" 200 20427
172.22.2.4 - - [17/Oct/2022:08:25:52 -0500] "GET /BLA/boletinlegal/robots.txt HTTP/1.1" 404 1037
172.22.2.4 - - [17/Oct/2022:08:25:53 -0500] "GET /BLA/boletinlegal/robots.txt HTTP/1.1" 404 1037
172.22.2.4 - - [17/Oct/2022:08:24:21 -0500] "HEAD /BLA/boletinlegal/ HTTP/1.1" 200 -
114.119.132.76 - - [17/Oct/2022:08:26:50 -0500] "GET /BLA/resoluciones/RESOLUCIONES%202010/2863.pdf HTTP/1.1" 200 298155
172.22.2.4 - - [17/Oct/2022:08:25:11 -0500] "GET /BLA/boletinlegal/ HTTP/1.1" 200 48733
172.22.2.4 - - [17/Oct/2022:08:26:14 -0500] "GET /BLA/boletinlegal/ HTTP/1.1" 200 24523
216.245.221.92 - - [17/Oct/2022:08:27:10 -0500] "HEAD / HTTP/1.1" 200 -
172.22.2.4 - - [17/Oct/2022:08:26:01 -0500] "GET /BLA/boletinlegal/ HTTP/1.1" 200 51183
114.119.141.42 - - [17/Oct/2022:08:28:23 -0500] "GET /BLA/resoluciones/RESOLUCIONES%202016/0416.pdf HTTP/1.1" 200 1129362
207.46.13.89 - - [17/Oct/2022:08:28:24 -0500] "GET /BLA/resoluciones/AUTOS%202014/0871.pdf HTTP/1.1" 200 311364
201.245.192.253 - - [17/Oct/2022:08:29:15 -0500] "POST /kwsrmcab/Wsrmcab  HTTP/1.1" 200 43296
114.119.141.51 - - [17/Oct/2022:08:29:56 -0500] "GET /BLA/resoluciones/RESOLUCIONES%202010/0725.pdf HTTP/1.1" 200 64051
200.118.16.20 - - [17/Oct/2022:08:30:56 -0500] "GET /BLA/boletinlegal/js/jquery.scrollShow.js HTTP/1.1" 200 4586
200.118.16.20 - - [17/Oct/2022:08:30:56 -0500] "GET /galeria/galeria/jquery.fancybox.js?v=2.1.5 HTTP/1.1" 200 48706
200.118.16.20 - - [17/Oct/2022:08:30:56 -0500] "GET /galeria/galeria/jquery.fancybox.css?v=2.1.5 HTTP/1.1" 200 4895
114.119.141.42 - - [17/Oct/2022:08:31:19 -0500] "GET /BLA/resoluciones/RESOLUCIONES%202017/1799.pdf HTTP/1.1" 200 496444
201.245.192.253 - - [17/Oct/2022:08:31:45 -0500] "POST /kwsrmcab/Wsrmcab HTTP/1.1" 200 43306
201.245.192.253 - - [17/Oct/2022:08:31:47 -0500] "POST /kwsrmcab/Wsrmcab HTTP/1.1" 200 43484
172.22.2.4 - - [17/Oct/2022:08:30:11 -0500] "HEAD /BLA/boletinlegal/ HTTP/1.1" 200 -
216.245.221.92 - - [17/Oct/2022:08:32:10 -0500] "HEAD / HTTP/1.1" 200 -
172.22.2.4 - - [17/Oct/2022:08:31:01 -0500] "GET /BLA/boletinlegal/ HTTP/1.1" 200 59828
114.119.141.42 - - [17/Oct/2022:08:32:50 -0500] "GET /BLA/resoluciones/RESOLUCIONES%202010/6691.pdf HTTP/1.1" 200 859819
201.245.192.253 - - [17/Oct/2022:08:34:14 -0500] "POST /kwsrmcab/Wsrmcab  HTTP/1.1" 200 43296
114.119.141.73 - - [17/Oct/2022:08:34:25 -0500] "GET /BLA/resoluciones/AUTOS%202012/2530.pdf HTTP/1.1" 200 2095463
43.131.66.209 - - [17/Oct/2022:08:34:57 -0500] "GET / HTTP/1.1" 200 319
49.7.20.122 - - [17/Oct/2022:08:35:37 -0500] "GET / HTTP/1.1" 200 319
114.119.141.52 - - [17/Oct/2022:08:35:52 -0500] "GET /BLA/resoluciones/RESOLUCIONES%202010/4671.pdf HTTP/1.1" 200 759735
216.245.221.92 - - [17/Oct/2022:08:37:10 -0500] "HEAD / HTTP/1.1" 200 -
173.252.83.24 - - [17/Oct/2022:08:37:16 -0500] "GET /images/Senderos1.jpeg HTTP/1.1" 200 172777
114.119.141.53 - - [17/Oct/2022:08:37:21 -0500] "GET /BLA/resoluciones/RESOLUCIONES%202010/0353.pdf HTTP/1.1" 200 491940
172.22.2.4 - - [17/Oct/2022:08:36:01 -0500] "HEAD /BLA/boletinlegal/ HTTP/1.1" 200 -
172.22.2.4 - - [17/Oct/2022:08:36:52 -0500] "GET /BLA/boletinlegal/ HTTP/1.1" 200 57375
114.119.141.53 - - [17/Oct/2022:08:39:03 -0500] "GET /Publicaciones/2020EE209622.pdf HTTP/1.1" 404 228
201.245.192.253 - - [17/Oct/2022:08:39:13 -0500] "POST /kwsrmcab/Wsrmcab  HTTP/1.1" 200 43296
114.119.141.71 - - [17/Oct/2022:08:40:26 -0500] "GET /BLA/resoluciones/RESOLUCIONES%202016/0357.pdf HTTP/1.1" 200 1067689
207.46.13.40 - - [17/Oct/2022:08:40:27 -0500] "GET /BLA/resoluciones/AUTOS%202022/1875.pdf HTTP/1.1" 200 515500
64.62.243.165 - - [17/Oct/2022:08:41:22 -0500] "GET / HTTP/1.1" 200 319
201.245.192.253 - - [17/Oct/2022:08:41:45 -0500] "POST /kwsrmcab/Wsrmcab HTTP/1.1" 200 43306
201.245.192.253 - - [17/Oct/2022:08:41:47 -0500] "POST /kwsrmcab/Wsrmcab HTTP/1.1" 200 43484
114.119.141.53 - - [17/Oct/2022:08:41:52 -0500] "GET /BLA/resoluciones/AUTOS%202015/3972.pdf HTTP/1.1" 200 694486
216.245.221.92 - - [17/Oct/2022:08:42:10 -0500] "HEAD / HTTP/1.1" 200 -
114.119.141.73 - - [17/Oct/2022:08:43:22 -0500] "GET /BLA/resoluciones/RESOLUCIONES%202010/1156.pdf HTTP/1.1" 200 98335
172.22.2.4 - - [17/Oct/2022:08:41:51 -0500] "HEAD /BLA/boletinlegal/ HTTP/1.1" 200 -
201.245.192.253 - - [17/Oct/2022:08:44:12 -0500] "POST /kwsrmcab/Wsrmcab  HTTP/1.1" 200 43296
172.22.2.4 - - [17/Oct/2022:08:42:41 -0500] "GET /BLA/boletinlegal/ HTTP/1.1" 200 56014
172.22.2.4 - - [17/Oct/2022:08:44:24 -0500] "GET /BLA/boletinlegal/doctrina.php HTTP/1.1" 200 5604
216.245.221.92 - - [17/Oct/2022:08:47:10 -0500] "HEAD / HTTP/1.1" 200 -
201.245.192.253 - - [17/Oct/2022:08:49:11 -0500] "POST /kwsrmcab/Wsrmcab  HTTP/1.1" 200 43296
172.22.2.4 - - [17/Oct/2022:08:47:41 -0500] "HEAD /BLA/boletinlegal/ HTTP/1.1" 200 -
172.22.2.4 - - [17/Oct/2022:08:48:31 -0500] "GET /BLA/boletinlegal/ HTTP/1.1" 200 57725
193.142.146.35 - - [17/Oct/2022:08:51:04 -0500] "GET / HTTP/1.1" 200 319
157.55.39.159 - - [17/Oct/2022:08:51:24 -0500] "GET /portaldeninos/wp-content/uploads/2021/11/Pieza-concurso-corresponsal-ambiental-16-mayo-1200x480.jpg HTTP/1.1" 200 82333
216.245.221.92 - - [17/Oct/2022:08:52:10 -0500] "HEAD / HTTP/1.1" 200 -
201.245.192.253 - - [17/Oct/2022:08:54:10 -0500] "POST /kwsrmcab/Wsrmcab  HTTP/1.1" 200 43296
172.22.2.4 - - [17/Oct/2022:08:53:31 -0500] "HEAD /BLA/boletinlegal/ HTTP/1.1" 200 -
172.22.2.4 - - [17/Oct/2022:08:54:21 -0500] "GET /BLA/boletinlegal/ HTTP/1.1" 200 59828
157.55.39.202 - - [17/Oct/2022:08:56:13 -0500] "GET /BLA/resoluciones/AUTOS%202022/4241.pdf HTTP/1.1" 200 351572
216.245.221.92 - - [17/Oct/2022:08:57:10 -0500] "HEAD / HTTP/1.1" 200 -
172.22.2.4 - - [17/Oct/2022:08:57:17 -0500] "GET /BLA/boletinlegal/robots.txt HTTP/1.1" 404 1038
172.22.2.4 - - [17/Oct/2022:08:57:22 -0500] "GET /BLA/boletinlegal/jurisprudencia.php HTTP/1.1" 200 17573
201.245.192.253 - - [17/Oct/2022:08:59:09 -0500] "POST /kwsrmcab/Wsrmcab  HTTP/1.1" 200 43296
207.46.13.40 - - [17/Oct/2022:09:00:27 -0500] "GET /BLA/resoluciones/AUTOS%202022/2712.pdf HTTP/1.1" 200 380447
157.55.39.25 - - [17/Oct/2022:09:00:31 -0500] "GET /BLA/resoluciones/AUTOS%202014/0995.pdf HTTP/1.1" 200 373720
172.22.2.4 - - [17/Oct/2022:08:59:21 -0500] "HEAD /BLA/boletinlegal/ HTTP/1.1" 200 -
172.22.2.4 - - [17/Oct/2022:09:00:11 -0500] "GET /BLA/boletinlegal/ HTTP/1.1" 200 59828
216.245.221.92 - - [17/Oct/2022:09:02:10 -0500] "HEAD / HTTP/1.1" 200 -
45.61.185.198 - - [17/Oct/2022:09:03:37 -0500] "GET /config/getuser?index=0 HTTP/1.1" 404 1018
201.245.192.253 - - [17/Oct/2022:09:04:08 -0500] "POST /kwsrmcab/Wsrmcab  HTTP/1.1" 200 43296
172.22.2.4 - - [17/Oct/2022:09:05:03 -0500] "GET /BLA/boletinlegal/Circulares/2011/Circular%20No.%204%20del%2012%20de%20Agosto%20de%202011.pdf HTTP/1.1" 304 -
186.102.24.116 - - [17/Oct/2022:09:05:37 -0500] "GET /kwssiamovil/sm/ldap/au?x=U2FsdGVkX1+H54THZvHBMuuxUZ/U1h8kowS9Y57eJvgoNoy18FnLc1ITTB/9PPGE&y=U2FsdGVkX199jD/wT6/lyO2nTtJkMjmO11vnEkKHS4lmUAG0CbI0CAToEuwR+OuS HTTP/1.1" 200 30
186.102.24.116 - - [17/Oct/2022:09:05:37 -0500] "GET /kwssiamovil/sm/acme/s?s=U2FsdGVkX1+l4xbhQnV1+QMHaQSWALi7KJSe2ctcMb0ANSC03F1g/BcgzvrEUTfUtyMclfpC7MXZjhBvBKqrgCsmAHsUiK0wY2VRwKOMEn0=&u=U2FsdGVkX1/K1kfPoq0m5yWtSCGszei/Lffy/WhjE6w=&y=U2FsdGVkX199jD/wT6/lyO2nTtJkMjmO11vnEkKHS4lmUAG0CbI0CAToEuwR+OuS HTTP/1.1" 200 97
186.102.24.116 - - [17/Oct/2022:09:05:37 -0500] "GET /kwssiamovil/sm/acme/s?s=U2FsdGVkX1/v9tSeMETnPO4oumkLwULNUBm5bA6DLLLPjZHPKqF/HiqtYSsV+MZoM3c0pyeioNLAw6joHu38vVGbch1TnCZJtt/c40RYe+dse7xJDNw+HMWs4u+UrWDI/Qhx16ibWARkEYmxNHduc2lLwA2Rn6Y8EM1yW1rCYUTkmiKKgLtvxOX4gvdKGVbnEGPIg0BCe9Njz1vwgWwrhZIUOtwuCmtJnAYaTDQ8V1pyqVdr5O4KSPnSwBDF1HYEwO247pwPsByfZO1sAINwJck4Z0AflXKYOtLFxV2wTf7rqGtYm+9a/Q9+Th3kflE+QhwoBH5jiPRpoZsHYwdJXlUX1oLDeCAJj1OEz9OicTSXnsqTNUZ98ujC+bcFq+XOdAXZGYZkqtzuGD5/uz1DxhaHVGbmg13AQYACrTiGIM1SANs03G/YqdLJGiYtKdV/3Z3Hi/OG7iUQsmJ0axZsvwCwzlRkdFSGI9SwoVW9EwSIEhkhmtvg91BP+TidJH67kA+Xo7VC8dbOv6OLcq4dpSvxS0UsYsEaYF6XQbum0/ja9hWh7ZyJSLgd/avKgYW14W5RrvHGObmsHG6u27BfJP14FrMgSex3jpEXhGydx4+6FzPiaJfouDGKrzgB9SBKvRK7gnU94xVkcb+gT903Ftzxwd0UTMywx3bJFlMSoIo/4oy9JFrXNYiDgyS5bKWAqtsp0letRPGsuG809RsYrKY+mLxoLbEiG2iDgr9cLYv/Hwwv+5iqNc2/YEZs/I1ERg1NpIyAuXNwTujRYuP5W9ewxhRRNRrC4KrufhcoeOI3eTlKkS9V2/6OsKnanINRifap3gicZX/U505VhcWsKspjTs/sB3T1O42jGOBoTcJC4WsVoMwPz5Yj0kcTsyJX588yxOOnjU5+BCZ0UpVlSYPl8VQcmjM/IJ97kOTTP9TI2AUTqbJX6gVXscW2hZ8YlnsvqFnJ9/HPxCiq+U+3L2bg5Sn88mMkdJ4YbQvxvO58VW5lOo/+61GivDR96tDuZbHYVzwsjLjz6xk25IxmotnPSXwRvh0OUZOEWyPHnTCmn1LwBW7xCLXbyj+sPAOTzgIqAfi3yh8zUbUFxhSlBfLpHD8xyXCOXSLrcX1p3IJmm1lV9Q/drcBK7XIaSOLcjCL/WsaaOvRAGUhxULhUIVuTlWx3J5Im/rrt24FV5XSLlgSweJwO+CkkmgZUfnL96VXi/n3cj2O/B/CvTdTof2sKMP6uf+RqoL2+R8DM77Ws1ao3Q4HDkB0UjdU9HR5AQmm0xmnaxZm5lqoqOTTOwex8DKdDnR7qKtqVKgAhl3BzeVhi5fqXqLRB59JSdCArVYldlh+YI/9N1wNA8iqAYj49DY6v1JnYpov4p2Dv9ZSP9NlKs/kjGch00P3Wudbyg3GO+N+uAGNgf6AHnJx716wn0iic3SQKwj2VnRV9NBU=&u=U2FsdGVkX1/K1kfPoq0m5yWtSCGszei/Lffy/WhjE6w=&y=U2FsdGVkX199jD/wT6/lyO2nTtJkMjmO11vnEkKHS4lmUAG0CbI0CAToEuwR+OuS HTTP/1.1" 200 965
186.102.24.116 - - [17/Oct/2022:09:05:38 -0500] "GET /kwssiamovil/sm/acme/s?s=U2FsdGVkX1+DsbKGoB+NXJPBrteGsEL6uLhpqDKTUE3eUCj9gsC9b5JyovvUhVcJ6aY5MUXwwxd1Ln/LacsGkPqZqjkoYFn5WAI5MNk23wOmQDLQ0uget4h7d/p7sBwvxEBS14TqziUgYCagoifF1zW02ozH/aZSF83hZ6jtmRtfn/FKW4lDlAOwRufhYIGJnUk7HpRdJs3Bgu0So4HY/aOo0OT/eUwiAd/3h/a1bmiUMSvT9kuqbBfgd7uyH03IVsQND+ISrkpnQvby7OUOf4eaW/HiJBcfr10YdgeIdI2MX6VjaIR0z4pDcWePnlLtWbFebOvKndT98UaL8bjv7g==&u=U2FsdGVkX1/K1kfPoq0m5yWtSCGszei/Lffy/WhjE6w=&y=U2FsdGVkX199jD/wT6/lyO2nTtJkMjmO11vnEkKHS4lmUAG0CbI0CAToEuwR+OuS HTTP/1.1" 200 196
186.102.24.116 - - [17/Oct/2022:09:05:38 -0500] "GET /kwssiamovil/sm/cjson/pre?f=1&x=U2FsdGVkX1+H54THZvHBMuuxUZ/U1h8kowS9Y57eJvgoNoy18FnLc1ITTB/9PPGE HTTP/1.1" 200 30992
172.22.2.4 - - [17/Oct/2022:09:05:11 -0500] "HEAD /BLA/boletinlegal/ HTTP/1.1" 200 -
216.245.221.92 - - [17/Oct/2022:09:07:10 -0500] "HEAD / HTTP/1.1" 200 -
172.22.2.4 - - [17/Oct/2022:09:06:01 -0500] "GET /BLA/boletinlegal/ HTTP/1.1" 200 58163
201.245.192.253 - - [17/Oct/2022:09:09:08 -0500] "POST /kwsrmcab/Wsrmcab  HTTP/1.1" 200 43296
152.89.196.211 - - [17/Oct/2022:09:10:28 -0500] "-" 408 -
216.245.221.92 - - [17/Oct/2022:09:12:10 -0500] "HEAD / HTTP/1.1" 200 -
172.22.2.4 - - [17/Oct/2022:09:11:01 -0500] "HEAD /BLA/boletinlegal/ HTTP/1.1" 200 -
31.220.1.83 - - [17/Oct/2022:09:13:03 -0500] "GET / HTTP/1.1" 200 319
172.22.2.4 - - [17/Oct/2022:09:11:51 -0500] "GET /BLA/boletinlegal/ HTTP/1.1" 200 56732
201.245.192.253 - - [17/Oct/2022:09:14:07 -0500] "POST /kwsrmcab/Wsrmcab  HTTP/1.1" 200 43296
172.22.2.4 - - [17/Oct/2022:09:13:16 -0500] "GET /BLA/boletinlegal/ HTTP/1.1" 200 61445
207.46.13.230 - - [17/Oct/2022:09:16:23 -0500] "-" 408 -
216.245.221.92 - - [17/Oct/2022:09:17:10 -0500] "HEAD / HTTP/1.1" 200 -
172.22.2.4 - - [17/Oct/2022:09:16:51 -0500] "HEAD /BLA/boletinlegal/ HTTP/1.1" 200 -
201.245.192.253 - - [17/Oct/2022:09:19:06 -0500] "POST /kwsrmcab/Wsrmcab  HTTP/1.1" 200 43296
172.22.2.4 - - [17/Oct/2022:09:17:41 -0500] "GET /BLA/boletinlegal/ HTTP/1.1" 200 59828
172.22.2.4 - - [17/Oct/2022:09:21:39 -0500] "GET /BLA/boletinlegal/jurisprudencia/analisis/AnalisisC-746-12.docx HTTP/1.1" 200 22637
201.245.192.253 - - [17/Oct/2022:09:21:45 -0500] "POST /kwsrmcab/Wsrmcab HTTP/1.1" 200 43313
201.245.192.253 - - [17/Oct/2022:09:21:47 -0500] "POST /kwsrmcab/Wsrmcab HTTP/1.1" 200 43312
216.245.221.92 - - [17/Oct/2022:09:22:10 -0500] "HEAD / HTTP/1.1" 200 -
207.46.13.84 - - [17/Oct/2022:09:23:26 -0500] "GET /BLA/resoluciones/RESOLUCIONES%202006/RES%202006%201-50/00000023.tif HTTP/1.1" 200 214924
201.245.192.253 - - [17/Oct/2022:09:24:04 -0500] "POST /kwsrmcab/Wsrmcab  HTTP/1.1" 200 43296
172.22.2.4 - - [17/Oct/2022:09:22:41 -0500] "HEAD /BLA/boletinlegal/ HTTP/1.1" 200 -
172.22.2.4 - - [17/Oct/2022:09:23:31 -0500] "GET /BLA/boletinlegal/ HTTP/1.1" 200 59319
37.44.238.184 - - [17/Oct/2022:09:25:34 -0500] "POST /boaform/admin/formLogin HTTP/1.1" 404 1186
172.22.2.4 - - [17/Oct/2022:09:26:07 -0500] "GET /BLA/boletinlegal/ab2g HTTP/1.1" 404 1018
172.22.2.4 - - [17/Oct/2022:09:26:08 -0500] "GET /BLA/boletinlegal/ab2h HTTP/1.1" 404 1018
207.46.13.40 - - [17/Oct/2022:09:26:39 -0500] "GET /BLA/resoluciones/RESOLUCIONES%202003/RES%202003%20851-900/884.tif HTTP/1.1" 200 178912
172.22.2.4 - - [17/Oct/2022:09:26:16 -0500] "GET /BLA/boletinlegal/ HTTP/1.1" 200 24523
216.245.221.92 - - [17/Oct/2022:09:27:10 -0500] "HEAD / HTTP/1.1" 200 -
157.55.39.154 - - [17/Oct/2022:09:28:28 -0500] "GET /portaldeninos/wp-content/uploads/2021/11/pieza-dia-mundial-general-tinguas-8-mayo-1200x480.jpg HTTP/1.1" 200 87528
190.157.242.76 - - [17/Oct/2022:09:28:38 -0500] "GET /BLA/resoluciones/index.php?dir=AUTOS+2014%2F HTTP/1.1" 200 883517
201.245.192.253 - - [17/Oct/2022:09:29:04 -0500] "POST /kwsrmcab/Wsrmcab  HTTP/1.1" 200 43296
172.22.2.4 - - [17/Oct/2022:09:28:31 -0500] "HEAD /BLA/boletinlegal/ HTTP/1.1" 200 -
172.22.2.4 - - [17/Oct/2022:09:29:21 -0500] "GET /BLA/boletinlegal/ HTTP/1.1" 200 57725
201.245.192.253 - - [17/Oct/2022:09:31:44 -0500] "POST /kwsrmcab/Wsrmcab HTTP/1.1" 200 43313
184.105.247.203 - - [17/Oct/2022:09:31:49 -0500] "GET / HTTP/1.1" 200 319
201.245.192.253 - - [17/Oct/2022:09:31:47 -0500] "POST /kwsrmcab/Wsrmcab HTTP/1.1" 200 43312
172.22.2.4 - - [17/Oct/2022:09:32:10 -0500] "GET /BLA/boletinlegal/robots.txt HTTP/1.1" 404 1140
216.245.221.92 - - [17/Oct/2022:09:32:10 -0500] "HEAD / HTTP/1.1" 200 -
157.55.39.202 - - [17/Oct/2022:09:32:47 -0500] "GET /BLA/resoluciones/RESOLUCIONES%202005/00001069.tif HTTP/1.1" 200 134412
201.245.192.253 - - [17/Oct/2022:09:34:03 -0500] "POST /kwsrmcab/Wsrmcab  HTTP/1.1" 200 43296
207.46.13.89 - - [17/Oct/2022:09:36:01 -0500] "GET /BLA/resoluciones/RESOLUCIONES%202021/2903.pdf HTTP/1.1" 304 -
172.22.2.4 - - [17/Oct/2022:09:34:21 -0500] "HEAD /BLA/boletinlegal/ HTTP/1.1" 200 -
190.24.62.50 - - [17/Oct/2022:09:36:12 -0500] "GET /galeria/galeria/jquery.fancybox.js?v=2.1.5 HTTP/1.1" 200 48706
190.24.62.50 - - [17/Oct/2022:09:36:12 -0500] "GET /BLA/boletinlegal/js/jquery.scrollShow.js HTTP/1.1" 200 4586
190.24.62.50 - - [17/Oct/2022:09:36:12 -0500] "GET /galeria/galeria/jquery.fancybox.css?v=2.1.5 HTTP/1.1" 200 4895
172.22.2.4 - - [17/Oct/2022:09:35:12 -0500] "GET /BLA/boletinlegal/ HTTP/1.1" 200 57375
172.22.2.4 - - [17/Oct/2022:09:37:06 -0500] "GET /BLA/boletinlegal/jurisprudencia/analisis/ANALISIST-046-99.docx HTTP/1.1" 304 -
216.245.221.92 - - [17/Oct/2022:09:37:10 -0500] "HEAD / HTTP/1.1" 200 -
152.89.196.211 - - [17/Oct/2022:09:38:18 -0500] "GET /actuator/gateway/routes HTTP/1.1" 404 1018
207.46.13.40 - - [17/Oct/2022:09:39:00 -0500] "GET /BLA/resoluciones/RESOLUCIONES%202022/0455.pdf HTTP/1.1" 200 351353
201.245.192.253 - - [17/Oct/2022:09:39:02 -0500] "POST /kwsrmcab/Wsrmcab  HTTP/1.1" 200 43296
184.105.247.243 - - [17/Oct/2022:09:39:17 -0500] "GET /favicon.ico HTTP/1.1" 200 7782
108.174.5.112 - - [17/Oct/2022:09:40:37 -0500] "GET /acuerdos-de-conservacion-firmados-en-la-reserva-van-der-hammen-empieza-a-dar-frutos.html HTTP/1.1" 206 843
201.245.192.253 - - [17/Oct/2022:09:41:44 -0500] "POST /kwsrmcab/Wsrmcab HTTP/1.1" 200 43313
201.245.192.253 - - [17/Oct/2022:09:41:47 -0500] "POST /kwsrmcab/Wsrmcab HTTP/1.1" 200 43312
172.22.2.4 - - [17/Oct/2022:09:40:11 -0500] "HEAD /BLA/boletinlegal/ HTTP/1.1" 200 -
216.245.221.92 - - [17/Oct/2022:09:42:10 -0500] "HEAD / HTTP/1.1" 200 -
172.22.2.4 - - [17/Oct/2022:09:41:01 -0500] "GET /BLA/boletinlegal/ HTTP/1.1" 200 56376
201.245.192.253 - - [17/Oct/2022:09:44:01 -0500] "POST /kwsrmcab/Wsrmcab  HTTP/1.1" 200 43296
66.249.73.100 - - [17/Oct/2022:09:46:15 -0500] "-" 408 -
216.245.221.92 - - [17/Oct/2022:09:47:10 -0500] "HEAD / HTTP/1.1" 200 -
173.252.127.116 - - [17/Oct/2022:09:47:35 -0500] "GET /images/facebook-live-ivc-MAYO27.png HTTP/1.1" 200 480404
172.22.2.4 - - [17/Oct/2022:09:46:01 -0500] "HEAD /BLA/boletinlegal/ HTTP/1.1" 200 -
207.46.13.84 - - [17/Oct/2022:09:48:14 -0500] "GET /siipev/Diseno%20de%20Elementos%20de%20Mobiliario%20Urbano/Parte1.html HTTP/1.1" 200 3594
172.22.2.4 - - [17/Oct/2022:09:46:51 -0500] "GET /BLA/boletinlegal/ HTTP/1.1" 200 57725
201.245.192.253 - - [17/Oct/2022:09:48:59 -0500] "POST /kwsrmcab/Wsrmcab  HTTP/1.1" 200 43296
172.105.131.104 - - [17/Oct/2022:09:49:44 -0500] "GET / HTTP/1.0" 200 319
157.55.39.25 - - [17/Oct/2022:09:50:23 -0500] "GET /BLA/resoluciones/RESOLUCIONES%202005/00001067.tif HTTP/1.1" 200 212792
172.105.131.104 - - [17/Oct/2022:09:50:42 -0500] "GET / HTTP/1.0" 200 319
172.105.131.104 - - [17/Oct/2022:09:50:42 -0500] "GET /?=PHPE9568F36-D428-11d2-A769-00AA001ACF42 HTTP/1.1" 200 319
172.105.131.104 - - [17/Oct/2022:09:50:42 -0500] "GET /.git/HEAD HTTP/1.1" 404 1043
172.105.131.104 - - [17/Oct/2022:09:50:43 -0500] "\x16\x03\x01\x02" 400 226
172.105.131.104 - - [17/Oct/2022:09:50:46 -0500] "GET /server-status HTTP/1.1" 403 1190
172.105.131.104 - - [17/Oct/2022:09:50:48 -0500] "POST /sdk HTTP/1.1" 404 1043
172.105.131.104 - - [17/Oct/2022:09:50:49 -0500] "GET /CSS/Miniweb.css HTTP/1.1" 404 1043
172.105.131.104 - - [17/Oct/2022:09:50:50 -0500] "\x16\x03\x01\x02" 400 226
172.105.131.104 - - [17/Oct/2022:09:50:52 -0500] "\x16\x03\x01\x02" 400 226
207.46.13.84 - - [17/Oct/2022:09:51:34 -0500] "GET /BLA/resoluciones/AUTOS%202016/3199.pdf HTTP/1.1" 200 358869
66.249.73.127 - - [17/Oct/2022:09:51:57 -0500] "-" 408 -
216.245.221.92 - - [17/Oct/2022:09:52:10 -0500] "HEAD / HTTP/1.1" 200 -
207.46.13.40 - - [17/Oct/2022:09:53:02 -0500] "GET /BLA/resoluciones/AUTOS%202022/2934.pdf HTTP/1.1" 200 393340
31.13.115.112 - - [17/Oct/2022:09:53:20 -0500] "GET /images/caminos-cerros-orientales-7-abril.jpg HTTP/1.1" 200 80138
31.13.127.119 - - [17/Oct/2022:09:53:29 -0500] "GET /caminos-de-los-cerros-habilitados-en-esta-semana-santa-2022.html HTTP/1.1" 206 832
172.22.2.4 - - [17/Oct/2022:09:51:51 -0500] "HEAD /BLA/boletinlegal/ HTTP/1.1" 200 -
201.245.192.253 - - [17/Oct/2022:09:53:59 -0500] "POST /kwsrmcab/Wsrmcab  HTTP/1.1" 200 43296
172.22.2.4 - - [17/Oct/2022:09:52:41 -0500] "GET /BLA/boletinlegal/ HTTP/1.1" 200 52493
69.171.251.6 - - [17/Oct/2022:09:55:59 -0500] "GET /reporte-calidad-del-aire-jueves.html HTTP/1.1" 206 750
60.217.75.70 - - [17/Oct/2022:09:56:38 -0500] "\x16\x03\x01" 400 226
216.245.221.92 - - [17/Oct/2022:09:57:10 -0500] "HEAD / HTTP/1.1" 200 -
34.94.238.209 - - [17/Oct/2022:09:57:20 -0500] "\x16\x03\x01" 400 226
34.94.238.209 - - [17/Oct/2022:09:57:23 -0500] "OPTIONS / HTTP/1.0" 200 -
201.245.192.253 - - [17/Oct/2022:09:58:59 -0500] "POST /kwsrmcab/Wsrmcab  HTTP/1.1" 200 43296
172.22.2.4 - - [17/Oct/2022:09:57:41 -0500] "HEAD /BLA/boletinlegal/ HTTP/1.1" 200 -
172.22.2.4 - - [17/Oct/2022:09:58:31 -0500] "GET /BLA/boletinlegal/ HTTP/1.1" 200 59828
216.245.221.92 - - [17/Oct/2022:10:02:10 -0500] "HEAD / HTTP/1.1" 200 -
66.249.73.127 - - [17/Oct/2022:10:03:07 -0500] "-" 408 -
192.168.171.73 - - [17/Oct/2022:10:03:51 -0500] "GET /BLA/boletinlegal/actos.php HTTP/1.1" 200 9566
201.245.192.253 - - [17/Oct/2022:10:03:59 -0500] "POST /kwsrmcab/Wsrmcab  HTTP/1.1" 200 43296
172.22.2.4 - - [17/Oct/2022:10:03:15 -0500] "GET /BLA/boletinlegal/ HTTP/1.1" 200 36811
45.139.105.208 - - [17/Oct/2022:10:04:48 -0500] "POST /boaform/admin/formLogin HTTP/1.1" 404 1186
190.130.76.12 - - [17/Oct/2022:10:05:00 -0500] "GET /la-secretaria-de-ambiente-abre-nueva-convocatoria-para-su-programa-de-voluntariado-ambiental.html HTTP/1.1" 200 976
172.22.2.4 - - [17/Oct/2022:10:03:31 -0500] "HEAD /BLA/boletinlegal/ HTTP/1.1" 200 -
157.55.39.202 - - [17/Oct/2022:10:05:20 -0500] "GET /BLA/resoluciones/AUTOS%202013/0309.pdf HTTP/1.1" 200 1168660
185.233.116.183 - - [17/Oct/2022:10:05:22 -0500] "GET /appsia/controlador HTTP/1.1" 200 4799
172.22.2.4 - - [17/Oct/2022:10:04:21 -0500] "GET /BLA/boletinlegal/ HTTP/1.1" 200 59828
46.161.27.155 - - [17/Oct/2022:10:07:07 -0500] "GET /wp-login.php HTTP/1.1" 404 1018
216.245.221.92 - - [17/Oct/2022:10:07:10 -0500] "HEAD / HTTP/1.1" 200 -
157.55.39.202 - - [17/Oct/2022:10:08:19 -0500] "GET /galeria/galeria/fotos/Humedal-la-Isla1G.jpg HTTP/1.1" 200 216243
201.245.192.253 - - [17/Oct/2022:10:08:58 -0500] "POST /kwsrmcab/Wsrmcab  HTTP/1.1" 200 43296
190.145.240.68 - - [17/Oct/2022:10:10:15 -0500] "GET /kwssiamovil/sm/ldap/au?x=U2FsdGVkX1/DQbrJ6T2YC3GqXJMcEC3QO2PzX3yz1MGPwUGIX7IMvWxWBzrAUCVB&y=U2FsdGVkX1/nhrxfEp1nUf6CFjyvsP2WoDkuLGmgxuKOdkLHNJBWVbKhE8J/fTPK HTTP/1.1" 200 30
190.145.240.68 - - [17/Oct/2022:10:10:15 -0500] "GET /kwssiamovil/sm/acme/s?s=U2FsdGVkX193/0fbWVs7Mx2QXPF+YpIQJTOw2n3dT9NZO5Qv2A7wsCZC2y/3PHUHtXME0WuzLlXlvc3gucR4s/AjZsRKWLlJae5EewJjScc=&u=U2FsdGVkX18LSG3Jp7xmBkmzxGA4QBzmzfeRvvfYNMQ=&y=U2FsdGVkX1/nhrxfEp1nUf6CFjyvsP2WoDkuLGmgxuKOdkLHNJBWVbKhE8J/fTPK HTTP/1.1" 200 97
190.145.240.68 - - [17/Oct/2022:10:10:15 -0500] "GET /kwssiamovil/sm/acme/s?s=U2FsdGVkX19l5k+0l/81Y7GKliuEb+VOVfAnde0bUbT4hHg+zY1RPOZo9hnQIH8kSMb8k4bU0S4tOLPRC3K2a8iWL1mN8vEiOf8Dt66XnYQOefag5rHWKKEiriEkRvUdKVg89k2Mcy9Wb/L/MJU2/TjEKFkQeQdV+iDv429AuWJLs9dUTp2eAwgeSNPpa7WOz8kh41NmNxYRLuCG2dxkxnZlDko2KNEhrbB5c+HojPEiH5UC4JN1rukX5wZfu1NAQNu5fzn0nkcy1TWNVIheSfzsfmqjivlQqo48mkAFjP5t8xl8znOKrwZbI0ZX1Ymch9+yhTi8Fu4zy2TE5YDgXDy/bg+Xu7brseJ2zmoaafLfkEIc41NOsJel+3hfdnT/3By/W/E+oLYXDB1Fy0uqjrs5odJAXftwDXPN0oRTJpaYXa//XCr+2oDohZNgeMfM1sGn+ntZDYufCYpAvSEG91l0RZrnvJzKEP9JAgHGTRE2uRertYp91SzU6x2Wfr5wELhxsjcrDMRWOV33ItMhjHPNlJuecO1JnC3pSDLbH+IkCyUvNAnkBnOW644qtuiCQN143XtzTghHL8afUnAm3T2q3pJmdtzv3N8AijxgB2WIhEWtptVYRAXfkaViGSlLScb2nnP63vne19uCw4TTQWiVWEwygSYGxehoRebiV8SL/OO5YiduRaD09SCjlOvxEkk6MIdQe7fP8nJk2ftRdA3IMk/2bqDNSiBvlEm+BCGEoyqYzrE6Q5HqsxAVyvIHbZsRYbSFkzXnmLcxgdGuLTFICOasDcq85RAtJYHJMnACvHh1PFKa9HBvyAiNPX5yXtQ+hWrbFslaCDT7jqiSU7rdWPuOs9Q3v2mxgOQ6oMFJUxwy97gF6TftlBbC58LWLNgbWa4ydcO5CopYA4iIsfQNi3C1GCRSwCUu5sK4AzSG2cFmC7Bt1Ut/gz8chqy31FB2AcnkZD93zbgnfJFoGTMtZvkXO5v2BorGhf6wTzQwoOz7DyhcXCUlTSBEle4c/BcMeyFi7VvFetpJ1NNT81YhevyiMTsBCF+oH4fvjkU+3d0wr9fv3IizX80hNWbvlFL+zGYROV8UDtv9GKqCdEQfFYPvu7V4+IgmPSeDh41goXD/Hyj8mmE1mMV+kj9zmmXVp+HsfXF5bduK/5MGoCByH7oKiYpH5r9Gr+2FZMXP1aRTYVta+RmBKjqAdHUFwoNpJj+vDWtzst5POXZUprpwg5zV7T8BFTspwiXNxsVSAF8za3TSf62QAjA1f7P5U8D3xxsW4ht0lpCpVX3E6keiIuiDcn1ThFEfMyJdsHc6/hHXbqqNf8wZ9MQZz2KMoR62S/wEk1Pp+UK+tsn2bf+r4vSW9ILEoGCcV+499BFUPjp0qQM0NARMmPX7Y25yAohkW60DPKRRGDMk1QzpOkZSczOt7Ha1Mo5FhmUlFkU=&u=U2FsdGVkX18LSG3Jp7xmBkmzxGA4QBzmzfeRvvfYNMQ=&y=U2FsdGVkX1/nhrxfEp1nUf6CFjyvsP2WoDkuLGmgxuKOdkLHNJBWVbKhE8J/fTPK HTTP/1.1" 200 2649
190.145.240.68 - - [17/Oct/2022:10:10:16 -0500] "GET /kwssiamovil/sm/acme/s?s=U2FsdGVkX19ZBrD7xJ/mIy8JcPvAA/Y0RuXxMUYTX5tfl++GUUsSqhTmZoigL9f8l22ba3E8J0ymO+gMI8P7EAxi/oo8gZ51q+U+EC8evsB9IiSQyv5l9YpyCVWEd7BQdLE/huHRWvU8uVM7BwMUAawsK+V2fvdH6hb6+EZNHLuUVTgDGNitwT5xtyB5JIb7JqHXcr8kVXchwfWvbvKqhq3wuRH29pJvqEHWrzPKVKJlLC+fkWxyL4Az7D3DtADvHNRo0Ioo5o+uX33Uo9qd5UsRbaqHqSuPcJ5KoRu5jZ35T9oBH4cMu1V9LPFh7BuZRTzJdL85Cam1/1RGYRIYkA==&u=U2FsdGVkX18LSG3Jp7xmBkmzxGA4QBzmzfeRvvfYNMQ=&y=U2FsdGVkX1/nhrxfEp1nUf6CFjyvsP2WoDkuLGmgxuKOdkLHNJBWVbKhE8J/fTPK HTTP/1.1" 200 196
190.145.240.68 - - [17/Oct/2022:10:10:16 -0500] "GET /kwssiamovil/sm/cjson/pre?f=1&x=U2FsdGVkX1/DQbrJ6T2YC3GqXJMcEC3QO2PzX3yz1MGPwUGIX7IMvWxWBzrAUCVB HTTP/1.1" 200 30992
190.145.240.68 - - [17/Oct/2022:10:10:30 -0500] "GET /kwssiamovil/sm/ldap/au?x=U2FsdGVkX19hV0VNWsZaJd3YgrgoI+qmnretkd/teRD+V6Ev7ma6+TG5T3c7b+ZF&y=U2FsdGVkX18YN3hT3mFvODHsTVcT6CNlebEeNcoSLHDnWkrMS3OcrfvDLi2rMyxD HTTP/1.1" 200 30
190.145.240.68 - - [17/Oct/2022:10:10:30 -0500] "GET /kwssiamovil/sm/acme/s?s=U2FsdGVkX19HjIpM5oDelrcBd32rKWg87v1MN53sPDpHNgmAr/seKypmR0vftIWZXSXXq8nPwYvP+R0YKURrCeHSC4YhZSbgVk4rn8Qo0Ys=&u=U2FsdGVkX1+ph1+92PR5D2GJAhsS+jr5DrNwbU95clg=&y=U2FsdGVkX18YN3hT3mFvODHsTVcT6CNlebEeNcoSLHDnWkrMS3OcrfvDLi2rMyxD HTTP/1.1" 200 97
190.145.240.68 - - [17/Oct/2022:10:10:30 -0500] "GET /kwssiamovil/sm/acme/s?s=U2FsdGVkX186L/7Truz5Fnhts8v2nPlgkfVrjZWn3TgSYYhGl258ecVY0/MbcK21PxcgjQn6sR78N8nSYNXKRn8KZJaBmmILZTWn4Obzr3PlG4U67NHCoD4FRoeCP5Sq7s+5jPzG1ae52R+e90fnpk+nTwhhKOn6dDtN582XZpkzGWm9X2//zXVv1p2IH/Yxf8WCkjInTXSGkgX+3bxsFOHWmOP9+3wBQ+pRw2o6ocp5HPUxWcgvC+6xIMt0tqOkfgSIVjDGocn4/dkl2RBh69xlw4gfU4Pw0C6rmWxoOApYfgfVB9z7nY7NKEeOZyG7b/t6sVQXglJ62oMq5JdmG3GsKgb4pKO2VSwcvxuwna+Hlr47yDe/HL1P0n/Bo8+H9bveVo0OW+8tYvkmUa0MhKZnxkZ7lW6YeW+LXGgbUr9uyc9vGwnKQ4Z3u5db1sjCD5KINlZLpiLffmPkG4Y9FJdSmzL4J5kB8A1PAA2q9qygzNgHidZj+sqQgzbuJ58aFPMAkViPlt+bCho2nqqukHpNu3heuTK9tnQEcanFAxuk0yOC0F6wVfROtUwL+OdEEIaLIMG6WY+nqf8mSFZzMCruiF5d9pCSNqAquE/DZ1dWnBMte0G08h2rvHItQ//r6pxGMqNw0dcqIQLkB8pkE6vl/3Q9xOvL9ZIWJmMuWRx47YU/yN+hLxjRWSfVSd/G8jm7MG9BwVBpN1P95ZyvOppvD2gTiPISeoBe+VzAUQdi74LP/7ALMFp/hhHJxikjONgE7583v+yEGEFhvs88tO5QFB2irew44NLz1C/aQEeQ1LwrTn5fjA0eIaxvdwQ4dmL0ng6swAZEncRt71FdKrPRfZqZunczeInPj6w1WqDsmU8Aq3dexGciqiNa5rT7P/jm0yB2/yu3CPJwL1q7sZTgS1bNGv+6MvSmLtDjnVvAfZalBn2Ruk+M09bsLAFJ9xPy8dl83qQJQCBxtVLNwf6tISL7faLIm5KQJv3mb80+bkmWUlK/mTqk+UXSy/OloKM+gngBiuhxo8pxGcaNOsc/5dpMxR2Moadr5TzJgHEwLQBRE5KIJK8GhE6DqaUMdPehdQ/YZNPMQ5LXlbQ32UJpQAd8kMtgK6cdOsoIGhIshIcCxtRNYMUZ4fHiHB1EdH92JEZnFNmMNvUomuZFag/qD9zsJT/JcxNgkHuG+9aidxCFRm8UXYIswVcrOKNL8vaZyyNbGR2NlN4vw+ogKi5B0ZuA4mQAC+oLTRDGd2tHR1TBnmOhRZsz/8guPZglGzOsxLp80oKy6QemaUejCBgDRJxjgJQgulDD/YlOlSe9B3CARZQXDMjuMXq5dYYbQgJMDWYPnoOjZcZ6G1jl4mmaQj7davmlTkOGn+9Uze6s5wTrSrqrD1WsyvgkmWKMDC0k+1FAE5VZqJ16LUx5TeoU2r/28L/GRt6492SR/e4=&u=U2FsdGVkX1+ph1+92PR5D2GJAhsS+jr5DrNwbU95clg=&y=U2FsdGVkX18YN3hT3mFvODHsTVcT6CNlebEeNcoSLHDnWkrMS3OcrfvDLi2rMyxD HTTP/1.1" 200 2649
190.145.240.68 - - [17/Oct/2022:10:10:30 -0500] "GET /kwssiamovil/sm/acme/s?s=U2FsdGVkX1+ev5oBLuEsfLm2wPtOxFmuFQu4t7550wvceuiy/RXr/aK2+Qy4SlTCvC5ByyJlpWxyu87SXeHBnGEKTQ0HsYCInPGZKQEJtMXgYWV8gtRLcUEnypgJZY47Wr2W0jXdM+9BKpTpuFU32ikKtov5VZnnEfTlbSuHkZEAmAxIfy4rV/Tym3ZlAx5/KTT6zSNxWkstg3jbcdrsJiIkwDfwRzgycLihmAsbhj7KdUhtnjFekhsk+GUJJRj4apvtSWomVorekKjWr79q6l1Gm4rAxP9/MwH9bFpWny0l0mqTxC3iFvhcH7tZl7iFeJTLaNzSECLpGtUZNWVxUA==&u=U2FsdGVkX1+ph1+92PR5D2GJAhsS+jr5DrNwbU95clg=&y=U2FsdGVkX18YN3hT3mFvODHsTVcT6CNlebEeNcoSLHDnWkrMS3OcrfvDLi2rMyxD HTTP/1.1" 200 196
190.145.240.68 - - [17/Oct/2022:10:10:30 -0500] "GET /kwssiamovil/sm/cjson/pre?f=1&x=U2FsdGVkX19hV0VNWsZaJd3YgrgoI+qmnretkd/teRD+V6Ev7ma6+TG5T3c7b+ZF HTTP/1.1" 200 30992
172.22.2.4 - - [17/Oct/2022:10:09:21 -0500] "HEAD /BLA/boletinlegal/ HTTP/1.1" 200 -
172.22.2.4 - - [17/Oct/2022:10:10:11 -0500] "GET /BLA/boletinlegal/ HTTP/1.1" 200 59828
216.245.221.92 - - [17/Oct/2022:10:12:10 -0500] "HEAD / HTTP/1.1" 200 -
201.245.192.253 - - [17/Oct/2022:10:13:57 -0500] "POST /kwsrmcab/Wsrmcab  HTTP/1.1" 200 43296
172.22.2.4 - - [17/Oct/2022:10:15:56 -0500] "GET /BLA/boletinlegal/actos.php HTTP/1.1" 200 9566
172.22.2.4 - - [17/Oct/2022:10:15:56 -0500] "GET /BLA/boletinlegal/favicon.ico HTTP/1.1" 404 1326
186.29.148.110 - - [17/Oct/2022:10:15:57 -0500] "GET /BLA/resoluciones/ HTTP/1.1" 200 13093
186.29.148.110 - - [17/Oct/2022:10:15:59 -0500] "GET /BLA/resoluciones/index.php?dir=AUTOS+2014%2F HTTP/1.1" 200 883517
186.29.148.110 - - [17/Oct/2022:10:16:01 -0500] "GET /BLA/resoluciones/dlf/unknown.png HTTP/1.1" 200 266
186.29.148.110 - - [17/Oct/2022:10:16:06 -0500] "GET /BLA/resoluciones/AUTOS%202014/2862.pdf HTTP/1.1" 200 651406
186.29.148.110 - - [17/Oct/2022:10:16:29 -0500] "GET /BLA/resoluciones/AUTOS%202014/2863.pdf HTTP/1.1" 200 655349
190.157.242.76 - - [17/Oct/2022:10:16:49 -0500] "GET /BLA/resoluciones/index.php?dir=AUTOS+2014%2F HTTP/1.1" 200 883517
172.22.2.4 - - [17/Oct/2022:10:15:11 -0500] "HEAD /BLA/boletinlegal/ HTTP/1.1" 200 -
216.245.221.92 - - [17/Oct/2022:10:17:10 -0500] "HEAD / HTTP/1.1" 200 -
172.22.2.4 - - [17/Oct/2022:10:15:55 -0500] "GET /BLA/boletinlegal/ HTTP/1.1" 200 50395
172.22.2.4 - - [17/Oct/2022:10:16:01 -0500] "GET /BLA/boletinlegal/ HTTP/1.1" 200 51183
201.245.192.253 - - [17/Oct/2022:10:18:55 -0500] "POST /kwsrmcab/Wsrmcab  HTTP/1.1" 200 43296
66.249.73.97 - - [17/Oct/2022:10:20:08 -0500] "-" 408 -
190.27.8.60 - - [17/Oct/2022:10:20:32 -0500] "GET /BLA/resoluciones/index.php?dir=AUTOS+2014%2F HTTP/1.1" 200 883517
201.245.192.253 - - [17/Oct/2022:10:21:44 -0500] "POST /kwsrmcab/Wsrmcab HTTP/1.1" 200 40627
201.245.192.253 - - [17/Oct/2022:10:21:47 -0500] "POST /kwsrmcab/Wsrmcab HTTP/1.1" 200 43585
172.22.2.4 - - [17/Oct/2022:10:22:05 -0500] "GET /BLA/boletinlegal/Directivas/2019/Directiva%20008%20del%2001%20de%20noviembre%20de%202019.pdf HTTP/1.1" 304 -
216.245.221.92 - - [17/Oct/2022:10:22:10 -0500] "HEAD / HTTP/1.1" 200 -
172.22.2.4 - - [17/Oct/2022:10:21:01 -0500] "HEAD /BLA/boletinlegal/ HTTP/1.1" 200 -
172.22.2.4 - - [17/Oct/2022:10:21:51 -0500] "GET /BLA/boletinlegal/ HTTP/1.1" 200 57725
201.245.192.253 - - [17/Oct/2022:10:23:55 -0500] "POST /kwsrmcab/Wsrmcab  HTTP/1.1" 200 43296
186.30.69.220 - - [17/Oct/2022:10:25:38 -0500] "GET /si-tienes-ropa-y-calzado-que-ya-no-usas-aca-te-presentamos-seis-puntos-a-donde-los-puedes-llevar.html HTTP/1.1" 200 872
66.249.73.127 - - [17/Oct/2022:10:26:01 -0500] "-" 408 -
94.102.61.10 - - [17/Oct/2022:10:26:10 -0500] "GET /portaldeninos/ HTTP/1.1" 200 110197
172.22.2.4 - - [17/Oct/2022:10:27:05 -0500] "GET /BLA/boletinlegal/actos.php HTTP/1.1" 200 9566
172.22.2.4 - - [17/Oct/2022:10:27:05 -0500] "GET /BLA/boletinlegal/styles2.css HTTP/1.1" 200 1838
161.18.124.48 - - [17/Oct/2022:10:27:09 -0500] "GET /BLA/resoluciones/ HTTP/1.1" 200 13093
161.18.124.48 - - [17/Oct/2022:10:27:09 -0500] "GET /BLA/resoluciones/dlf/styles.css HTTP/1.1" 200 3049
172.22.2.4 - - [17/Oct/2022:10:26:17 -0500] "GET /BLA/boletinlegal/index.php?s=/Index/\\think\\app/invokefunction&function=call_user_func_array&vars[0]=md5&vars[1][]=HelloThinkPHP21 HTTP/1.1" 200 36811
216.245.221.92 - - [17/Oct/2022:10:27:10 -0500] "HEAD / HTTP/1.1" 200 -
161.18.124.48 - - [17/Oct/2022:10:27:11 -0500] "GET /BLA/resoluciones/index.php?dir=AUTOS+2016%2F HTTP/1.1" 200 326080
161.18.124.48 - - [17/Oct/2022:10:27:12 -0500] "GET /favicon.ico HTTP/1.1" 200 7782
172.22.2.4 - - [17/Oct/2022:10:28:07 -0500] "GET /BLA/boletinlegal/actos.php HTTP/1.1" 200 9566
172.22.2.4 - - [17/Oct/2022:10:28:08 -0500] "GET /BLA/boletinlegal/styles2.css HTTP/1.1" 200 1838
172.22.2.4 - - [17/Oct/2022:10:28:08 -0500] "GET /BLA/boletinlegal/js/ajax_actos.js HTTP/1.1" 200 1322
172.22.2.4 - - [17/Oct/2022:10:28:09 -0500] "GET /BLA/boletinlegal/niceforms-default.css HTTP/1.1" 200 6694
172.22.2.4 - - [17/Oct/2022:10:28:09 -0500] "GET /BLA/boletinlegal/style.css HTTP/1.1" 200 9406
172.22.2.4 - - [17/Oct/2022:10:28:09 -0500] "GET /BLA/boletinlegal/niceforms.js HTTP/1.1" 200 22876
172.22.2.4 - - [17/Oct/2022:10:28:09 -0500] "GET /BLA/boletinlegal/js/popup.js HTTP/1.1" 200 1270
172.22.2.4 - - [17/Oct/2022:10:28:09 -0500] "GET /BLA/boletinlegal/js/lib.js HTTP/1.1" 200 6474
172.22.2.4 - - [17/Oct/2022:10:28:09 -0500] "GET /BLA/boletinlegal/js/jquery1.js HTTP/1.1" 200 29846
172.22.2.4 - - [17/Oct/2022:10:28:09 -0500] "GET /BLA/boletinlegal/images/cabezote%20BLEGAL.jpg HTTP/1.1" 200 118164
172.22.2.4 - - [17/Oct/2022:10:28:09 -0500] "GET /BLA/boletinlegal/images/subscribe-icon-big.png HTTP/1.1" 200 47702
172.22.2.4 - - [17/Oct/2022:10:28:10 -0500] "GET /BLA/boletinlegal/images/historia.png HTTP/1.1" 200 52775
172.22.2.4 - - [17/Oct/2022:10:28:10 -0500] "GET /BLA/boletinlegal/images/registro-usuarios.png HTTP/1.1" 200 8106
172.22.2.4 - - [17/Oct/2022:10:28:10 -0500] "GET /BLA/boletinlegal/images/icono-email.png HTTP/1.1" 200 5544
172.22.2.4 - - [17/Oct/2022:10:28:10 -0500] "GET /BLA/boletinlegal/images/green-yellow-blue-pink-th.png HTTP/1.1" 200 7394
172.22.2.4 - - [17/Oct/2022:10:28:10 -0500] "GET /BLA/boletinlegal/images/tel.png HTTP/1.1" 200 14477
172.22.2.4 - - [17/Oct/2022:10:28:10 -0500] "GET /BLA/boletinlegal/images/body_bg.jpg HTTP/1.1" 200 1601
172.22.2.4 - - [17/Oct/2022:10:28:10 -0500] "GET /BLA/boletinlegal/images/menu_lft.gif HTTP/1.1" 200 1713
172.22.2.4 - - [17/Oct/2022:10:28:10 -0500] "GET /BLA/boletinlegal/images/bg_top.jpg HTTP/1.1" 200 522
172.22.2.4 - - [17/Oct/2022:10:28:10 -0500] "GET /BLA/boletinlegal/images/menu_rght.gif HTTP/1.1" 200 1627
172.22.2.4 - - [17/Oct/2022:10:28:10 -0500] "GET /BLA/boletinlegal/images/menu_bg.jpg HTTP/1.1" 200 620
172.22.2.4 - - [17/Oct/2022:10:28:10 -0500] "GET /BLA/boletinlegal/images/hover.jpg HTTP/1.1" 200 640
172.22.2.4 - - [17/Oct/2022:10:28:10 -0500] "GET /BLA/boletinlegal/images/text.jpg HTTP/1.1" 200 568
172.22.2.4 - - [17/Oct/2022:10:28:10 -0500] "GET /BLA/boletinlegal/images/footer_bg.jpg HTTP/1.1" 200 586
172.22.2.4 - - [17/Oct/2022:10:28:11 -0500] "GET /BLA/boletinlegal/images/footer_bg_l.jpg HTTP/1.1" 200 776
172.22.2.4 - - [17/Oct/2022:10:28:11 -0500] "GET /BLA/boletinlegal/img/0.png HTTP/1.1" 200 110
172.22.2.4 - - [17/Oct/2022:10:28:11 -0500] "GET /BLA/boletinlegal/img/select-left.png HTTP/1.1" 200 263
