200.118.64.109 - - [17/Oct/2022:15:31:33 -0500] "POST /forms/lservlet;jsessionid=ac16012b30d6fa10bf5564c347bebf8f92dd389e65e0.e3iSbxaKaheRe34Qa3aKah8Rby1ynknvrkLOlQzNp65In0 HTTP/1.1" 200 14
172.22.2.4 - - [17/Oct/2022:15:31:36 -0500] "GET /BLA/boletinlegal/ab2g HTTP/1.1" 404 1018
200.118.64.109 - - [17/Oct/2022:15:31:35 -0500] "POST /forms/lservlet;jsessionid=ac16012b30d6fa10bf5564c347bebf8f92dd389e65e0.e3iSbxaKaheRe34Qa3aKah8Rby1ynknvrkLOlQzNp65In0 HTTP/1.1" 200 15
172.22.2.4 - - [17/Oct/2022:15:31:37 -0500] "GET /BLA/boletinlegal/ab2h HTTP/1.1" 404 1018
200.118.64.109 - - [17/Oct/2022:15:31:38 -0500] "POST /forms/lservlet;jsessionid=ac16012b30d6fa10bf5564c347bebf8f92dd389e65e0.e3iSbxaKaheRe34Qa3aKah8Rby1ynknvrkLOlQzNp65In0 HTTP/1.1" 200 15
200.118.64.109 - - [17/Oct/2022:15:31:42 -0500] "POST /forms/lservlet;jsessionid=ac16012b30d6fa10bf5564c347bebf8f92dd389e65e0.e3iSbxaKaheRe34Qa3aKah8Rby1ynknvrkLOlQzNp65In0 HTTP/1.1" 200 103
200.118.64.109 - - [17/Oct/2022:15:31:42 -0500] "POST /forms/lservlet;jsessionid=ac16012b30d6fa10bf5564c347bebf8f92dd389e65e0.e3iSbxaKaheRe34Qa3aKah8Rby1ynknvrkLOlQzNp65In0 HTTP/1.1" 200 11
200.118.64.109 - - [17/Oct/2022:15:31:43 -0500] "POST /forms/lservlet;jsessionid=ac16012b30d6fa10bf5564c347bebf8f92dd389e65e0.e3iSbxaKaheRe34Qa3aKah8Rby1ynknvrkLOlQzNp65In0 HTTP/1.1" 200 109
200.118.64.109 - - [17/Oct/2022:15:31:42 -0500] "GET /reports/rwservlet/getjobid80569?server=repnomi HTTP/1.1" 200 48076
201.245.192.253 - - [17/Oct/2022:15:31:44 -0500] "POST /kwsrmcab/Wsrmcab HTTP/1.1" 200 43283
201.245.192.253 - - [17/Oct/2022:15:31:46 -0500] "POST /kwsrmcab/Wsrmcab HTTP/1.1" 200 43613
172.22.2.4 - - [17/Oct/2022:15:30:10 -0500] "HEAD /BLA/boletinlegal/ HTTP/1.1" 200 -
216.245.221.92 - - [17/Oct/2022:15:32:09 -0500] "HEAD / HTTP/1.1" 200 -
172.22.2.4 - - [17/Oct/2022:15:31:45 -0500] "GET /BLA/boletinlegal/ HTTP/1.1" 200 32715
172.22.2.4 - - [17/Oct/2022:15:31:00 -0500] "GET /BLA/boletinlegal/ HTTP/1.1" 200 54823
114.119.141.71 - - [17/Oct/2022:15:32:47 -0500] "GET /BLA/resoluciones/RESOLUCIONES%202011/5255.pdf HTTP/1.1" 200 563354
201.245.192.253 - - [17/Oct/2022:15:32:49 -0500] "POST /kwsrmcab/Wsrmcab  HTTP/1.1" 200 43296
200.118.64.109 - - [17/Oct/2022:15:32:56 -0500] "POST /forms/lservlet;jsessionid=ac16012b30d6fa10bf5564c347bebf8f92dd389e65e0.e3iSbxaKaheRe34Qa3aKah8Rby1ynknvrkLOlQzNp65In0 HTTP/1.1" 200 2
200.118.64.109 - - [17/Oct/2022:15:33:32 -0500] "POST /forms/lservlet;jsessionid=ac16012b30d6fa10bf5564c347bebf8f92dd389e65e0.e3iSbxaKaheRe34Qa3aKah8Rby1ynknvrkLOlQzNp65In0 HTTP/1.1" 200 2
200.118.64.109 - - [17/Oct/2022:15:33:32 -0500] "POST /forms/lservlet;jsessionid=ac16012b30d6fa10bf5564c347bebf8f92dd389e65e0.e3iSbxaKaheRe34Qa3aKah8Rby1ynknvrkLOlQzNp65In0 HTTP/1.1" 200 14
200.118.64.109 - - [17/Oct/2022:15:33:34 -0500] "POST /forms/lservlet;jsessionid=ac16012b30d6fa10bf5564c347bebf8f92dd389e65e0.e3iSbxaKaheRe34Qa3aKah8Rby1ynknvrkLOlQzNp65In0 HTTP/1.1" 200 14
200.118.64.109 - - [17/Oct/2022:15:33:35 -0500] "POST /forms/lservlet;jsessionid=ac16012b30d6fa10bf5564c347bebf8f92dd389e65e0.e3iSbxaKaheRe34Qa3aKah8Rby1ynknvrkLOlQzNp65In0 HTTP/1.1" 200 14
200.118.64.109 - - [17/Oct/2022:15:33:36 -0500] "POST /forms/lservlet;jsessionid=ac16012b30d6fa10bf5564c347bebf8f92dd389e65e0.e3iSbxaKaheRe34Qa3aKah8Rby1ynknvrkLOlQzNp65In0 HTTP/1.1" 200 103
200.118.64.109 - - [17/Oct/2022:15:33:37 -0500] "POST /forms/lservlet;jsessionid=ac16012b30d6fa10bf5564c347bebf8f92dd389e65e0.e3iSbxaKaheRe34Qa3aKah8Rby1ynknvrkLOlQzNp65In0 HTTP/1.1" 200 12
200.118.64.109 - - [17/Oct/2022:15:33:37 -0500] "GET /reports/rwservlet/getjobid80570?server=repnomi HTTP/1.1" 200 47721
114.119.132.76 - - [17/Oct/2022:15:34:24 -0500] "GET /BLA/resoluciones/RESOLUCIONES%202010/5718.pdf HTTP/1.1" 200 91624
172.22.2.1 - - [17/Oct/2022:15:34:28 -0500] "GET /reportes_sipse/sdg/ServletFirma?solicitud=18684 HTTP/1.1" 200 -
200.118.64.109 - - [17/Oct/2022:15:34:56 -0500] "POST /forms/lservlet;jsessionid=ac16012b30d6fa10bf5564c347bebf8f92dd389e65e0.e3iSbxaKaheRe34Qa3aKah8Rby1ynknvrkLOlQzNp65In0 HTTP/1.1" 200 2
172.22.2.1 - - [17/Oct/2022:15:35:08 -0500] "GET /reportes_sipse/sdg/ServletFirma?solicitud=18604 HTTP/1.1" 200 -
172.22.2.4 - - [17/Oct/2022:15:33:54 -0500] "GET /BLA/boletinlegal/ HTTP/1.1" 200 62772
114.119.141.73 - - [17/Oct/2022:15:36:04 -0500] "GET /BLA/resoluciones/RESOLUCIONES%202010/2160.pdf HTTP/1.1" 200 504468
207.46.13.84 - - [17/Oct/2022:15:36:24 -0500] "GET /BLA/resoluciones/AUTOS%202022/3217.pdf HTTP/1.1" 200 1513389
207.46.13.84 - - [17/Oct/2022:15:36:27 -0500] "GET /SIIPEV/Diseno%20de%20Elementos%20de%20Mobiliario%20Urbano/Registros/RegistrosNegados.html? HTTP/1.1" 200 18569
66.249.73.127 - - [17/Oct/2022:15:36:42 -0500] "-" 408 -
200.118.64.109 - - [17/Oct/2022:15:36:56 -0500] "POST /forms/lservlet;jsessionid=ac16012b30d6fa10bf5564c347bebf8f92dd389e65e0.e3iSbxaKaheRe34Qa3aKah8Rby1ynknvrkLOlQzNp65In0 HTTP/1.1" 200 2
216.245.221.92 - - [17/Oct/2022:15:37:09 -0500] "HEAD / HTTP/1.1" 200 -
114.119.141.53 - - [17/Oct/2022:15:37:39 -0500] "GET /BLA/resoluciones/AUTOS%202014/6419.pdf HTTP/1.1" 200 513881
172.22.2.4 - - [17/Oct/2022:15:36:00 -0500] "HEAD /BLA/boletinlegal/ HTTP/1.1" 200 -
172.22.2.4 - - [17/Oct/2022:15:37:43 -0500] "GET /BLA/boletinlegal/Circulares/2019/.pdf HTTP/1.1" 404 1218
201.245.192.253 - - [17/Oct/2022:15:37:48 -0500] "POST /kwsrmcab/Wsrmcab  HTTP/1.1" 200 43296
172.22.2.4 - - [17/Oct/2022:15:37:53 -0500] "GET /BLA/boletinlegal/Circulares/2012/Circular%20No.%2010%20del%2026%20de%20Enero%20de%202012.pdf HTTP/1.1" 404 1218
172.22.2.4 - - [17/Oct/2022:15:36:50 -0500] "GET /BLA/boletinlegal/ HTTP/1.1" 200 53290
200.118.64.109 - - [17/Oct/2022:15:38:57 -0500] "POST /forms/lservlet;jsessionid=ac16012b30d6fa10bf5564c347bebf8f92dd389e65e0.e3iSbxaKaheRe34Qa3aKah8Rby1ynknvrkLOlQzNp65In0 HTTP/1.1" 200 2
157.55.39.25 - - [17/Oct/2022:15:39:09 -0500] "GET /BLA/resoluciones/AUTOS%202022/1923.pdf HTTP/1.1" 200 348390
172.22.2.4 - - [17/Oct/2022:15:37:33 -0500] "GET /BLA/boletinlegal/ HTTP/1.1" 200 56732
157.55.39.202 - - [17/Oct/2022:15:39:13 -0500] "GET /BLA/resoluciones/1009.tif HTTP/1.1" 404 1018
114.119.141.69 - - [17/Oct/2022:15:39:14 -0500] "GET /BLA/resoluciones/AUTOS%202013/0447.pdf HTTP/1.1" 200 2224061
172.22.2.4 - - [17/Oct/2022:15:39:32 -0500] "GET /BLA/boletinlegal/styles2.css HTTP/1.1" 200 1838
114.119.141.42 - - [17/Oct/2022:15:40:52 -0500] "GET /BLA/resoluciones/RESOLUCIONES%202010/7141.pdf HTTP/1.1" 200 72441
200.118.64.109 - - [17/Oct/2022:15:40:57 -0500] "POST /forms/lservlet;jsessionid=ac16012b30d6fa10bf5564c347bebf8f92dd389e65e0.e3iSbxaKaheRe34Qa3aKah8Rby1ynknvrkLOlQzNp65In0 HTTP/1.1" 200 2
207.46.13.40 - - [17/Oct/2022:15:41:34 -0500] "GET /sipse/faces/faces/autenticacion.xhtml HTTP/1.1" 200 12501
40.77.202.62 - - [17/Oct/2022:15:41:37 -0500] "GET /sipse/js/disable_browser_buttons.js HTTP/1.1" 200 3230
40.77.202.151 - - [17/Oct/2022:15:41:37 -0500] "GET /sipse/js/funciones.js HTTP/1.1" 200 12592
40.77.202.148 - - [17/Oct/2022:15:41:38 -0500] "GET /sipse/css/custom_css_sg.css HTTP/1.1" 200 9694
40.77.202.55 - - [17/Oct/2022:15:41:39 -0500] "GET /sipse/css/custom_css_sg_prime_login.css HTTP/1.1" 200 443
40.77.202.30 - - [17/Oct/2022:15:41:39 -0500] "GET /sipse/faces/javax.faces.resource/theme.css?ln=primefaces-sipse HTTP/1.1" 200 50058
40.77.202.24 - - [17/Oct/2022:15:41:41 -0500] "GET /sipse/faces/javax.faces.resource/jquery/jquery.js;jsessionid=eFOF32otnoPDsh+pO2wPThW+.undefined?ln=primefaces&v=4.0 HTTP/1.1" 200 105384
201.245.192.253 - - [17/Oct/2022:15:41:43 -0500] "POST /kwsrmcab/Wsrmcab HTTP/1.1" 200 43283
201.245.192.253 - - [17/Oct/2022:15:41:46 -0500] "POST /kwsrmcab/Wsrmcab HTTP/1.1" 200 43613
40.77.202.124 - - [17/Oct/2022:15:42:03 -0500] "GET /sipse/faces/javax.faces.resource/jquery/jquery-plugins.js;jsessionid=eFOF32otnoPDsh+pO2wPThW+.undefined?ln=primefaces&v=4.0 HTTP/1.1" 200 220526
216.245.221.92 - - [17/Oct/2022:15:42:09 -0500] "HEAD / HTTP/1.1" 200 -
114.119.141.73 - - [17/Oct/2022:15:42:32 -0500] "GET /BLA/resoluciones/RESOLUCIONES%202010/5540.pdf HTTP/1.1" 200 155837
201.245.192.253 - - [17/Oct/2022:15:42:47 -0500] "POST /kwsrmcab/Wsrmcab  HTTP/1.1" 200 43296
157.55.39.25 - - [17/Oct/2022:15:42:49 -0500] "GET /catalogoisis/ HTTP/1.1" 200 8575
200.118.64.109 - - [17/Oct/2022:15:42:57 -0500] "POST /forms/lservlet;jsessionid=ac16012b30d6fa10bf5564c347bebf8f92dd389e65e0.e3iSbxaKaheRe34Qa3aKah8Rby1ynknvrkLOlQzNp65In0 HTTP/1.1" 200 2
172.22.2.4 - - [17/Oct/2022:15:43:27 -0500] "GET /BLA/boletinlegal/actos.php HTTP/1.1" 200 9566
172.22.2.4 - - [17/Oct/2022:15:43:28 -0500] "GET /BLA/boletinlegal/favicon.ico HTTP/1.1" 404 1326
172.22.2.4 - - [17/Oct/2022:15:41:50 -0500] "HEAD /BLA/boletinlegal/ HTTP/1.1" 200 -
181.237.249.61 - - [17/Oct/2022:15:43:30 -0500] "GET /BLA/resoluciones/ HTTP/1.1" 200 13093
181.237.249.61 - - [17/Oct/2022:15:43:32 -0500] "GET /BLA/resoluciones/index.php?dir=AUTOS+2014%2F HTTP/1.1" 200 883517
114.119.141.51 - - [17/Oct/2022:15:44:04 -0500] "GET /BLA/resoluciones/RESOLUCIONES%202010/5395.pdf HTTP/1.1" 200 340009
173.252.95.18 - - [17/Oct/2022:15:44:10 -0500] "GET /del-22-al-26-de-noviembre-se-realizara-la-semana-ecoempresarial-en-bogota.html HTTP/1.1" 206 860
66.249.73.127 - - [17/Oct/2022:15:44:12 -0500] "-" 408 -
172.22.2.4 - - [17/Oct/2022:15:42:40 -0500] "GET /BLA/boletinlegal/ HTTP/1.1" 200 47823
172.22.2.4 - - [17/Oct/2022:15:43:26 -0500] "GET /BLA/boletinlegal/ HTTP/1.1" 200 24523
200.118.64.109 - - [17/Oct/2022:15:44:57 -0500] "POST /forms/lservlet;jsessionid=ac16012b30d6fa10bf5564c347bebf8f92dd389e65e0.e3iSbxaKaheRe34Qa3aKah8Rby1ynknvrkLOlQzNp65In0 HTTP/1.1" 200 2
114.119.141.53 - - [17/Oct/2022:15:45:44 -0500] "GET /BLA/resoluciones/RESOLUCIONES%202010/5166.pdf HTTP/1.1" 200 1064674
172.22.2.4 - - [17/Oct/2022:15:46:14 -0500] "GET /BLA/boletinlegal/styles2.css HTTP/1.1" 200 1838
172.22.2.4 - - [17/Oct/2022:15:46:14 -0500] "GET /BLA/boletinlegal/style.css HTTP/1.1" 200 9406
172.22.2.4 - - [17/Oct/2022:15:46:14 -0500] "GET /BLA/boletinlegal/js/jquery.scrollShow.js HTTP/1.1" 200 4586
172.22.2.4 - - [17/Oct/2022:15:46:14 -0500] "GET /BLA/boletinlegal/js/jquery.scrollTo-min.js HTTP/1.1" 200 1150
172.22.2.4 - - [17/Oct/2022:15:46:14 -0500] "GET /BLA/boletinlegal/js/jquery.js HTTP/1.1" 200 57254
172.22.2.4 - - [17/Oct/2022:15:46:15 -0500] "GET /BLA/boletinlegal/images/cabezote%20BLEGAL.jpg HTTP/1.1" 200 118164
172.22.2.4 - - [17/Oct/2022:15:46:15 -0500] "GET /BLA/boletinlegal/images/subscribe-icon-big.png HTTP/1.1" 200 47702
172.22.2.4 - - [17/Oct/2022:15:46:15 -0500] "GET /BLA/boletinlegal/images/historia.png HTTP/1.1" 200 52775
172.22.2.4 - - [17/Oct/2022:15:46:15 -0500] "GET /BLA/boletinlegal/images/registro-usuarios.png HTTP/1.1" 200 8106
172.22.2.4 - - [17/Oct/2022:15:46:15 -0500] "GET /BLA/boletinlegal/images/screen_1.png HTTP/1.1" 200 202547
172.22.2.4 - - [17/Oct/2022:15:46:15 -0500] "GET /BLA/boletinlegal/images/arr_l.jpg HTTP/1.1" 200 1979
172.22.2.4 - - [17/Oct/2022:15:46:14 -0500] "GET /BLA/boletinlegal/ HTTP/1.1" 200 24523
200.118.64.109 - - [17/Oct/2022:15:46:57 -0500] "POST /forms/lservlet;jsessionid=ac16012b30d6fa10bf5564c347bebf8f92dd389e65e0.e3iSbxaKaheRe34Qa3aKah8Rby1ynknvrkLOlQzNp65In0 HTTP/1.1" 200 2
216.245.221.92 - - [17/Oct/2022:15:47:09 -0500] "HEAD / HTTP/1.1" 200 -
114.119.141.51 - - [17/Oct/2022:15:47:33 -0500] "GET /BLA/resoluciones/RESOLUCIONES%202016/1509.pdf HTTP/1.1" 200 602603
201.245.192.253 - - [17/Oct/2022:15:47:46 -0500] "POST /kwsrmcab/Wsrmcab  HTTP/1.1" 200 43296
172.22.2.4 - - [17/Oct/2022:15:47:49 -0500] "PUT /BLA/boletinlegal/vendor/phpunit/phpunit/src/Util/PHP/eval-stdin.php HTTP/1.1" 405 938
172.22.2.4 - - [17/Oct/2022:15:47:51 -0500] "GET /BLA/boletinlegal/.DS_Store HTTP/1.1" 404 1018
172.22.2.4 - - [17/Oct/2022:15:47:51 -0500] "GET /BLA/boletinlegal/.json HTTP/1.1" 404 1018
172.22.2.4 - - [17/Oct/2022:15:47:51 -0500] "GET /BLA/boletinlegal/ecp/Current/exporttool/microsoft.exchange.ediscovery.exporttool.application HTTP/1.1" 404 1018
172.22.2.4 - - [17/Oct/2022:15:47:52 -0500] "GET /BLA/boletinlegal/login.action HTTP/1.1" 404 1018
172.22.2.4 - - [17/Oct/2022:15:47:52 -0500] "GET /BLA/boletinlegal/debug/default/view?panel=config HTTP/1.1" 404 1018
172.22.2.4 - - [17/Oct/2022:15:47:44 -0500] "GET /BLA/boletinlegal/ HTTP/1.1" 200 20427
152.200.169.86 - - [17/Oct/2022:15:48:24 -0500] "GET /forest/ HTTP/1.1" 200 12041
152.200.169.86 - - [17/Oct/2022:15:48:29 -0500] "POST /forest/index.php HTTP/1.1" 200 12268
200.118.64.109 - - [17/Oct/2022:15:48:58 -0500] "POST /forms/lservlet;jsessionid=ac16012b30d6fa10bf5564c347bebf8f92dd389e65e0.e3iSbxaKaheRe34Qa3aKah8Rby1ynknvrkLOlQzNp65In0 HTTP/1.1" 200 2
114.119.141.53 - - [17/Oct/2022:15:49:06 -0500] "GET /BLA/resoluciones/RESOLUCIONES%202010/1677.pdf HTTP/1.1" 200 281931
172.22.2.4 - - [17/Oct/2022:15:47:40 -0500] "HEAD /BLA/boletinlegal/ HTTP/1.1" 200 -
172.22.2.4 - - [17/Oct/2022:15:49:45 -0500] "GET /BLA/boletinlegal/WuEL HTTP/1.1" 404 1018
172.22.2.4 - - [17/Oct/2022:15:49:51 -0500] "GET /BLA/boletinlegal/a HTTP/1.1" 404 1018
172.22.2.4 - - [17/Oct/2022:15:49:53 -0500] "GET /BLA/boletinlegal/download/file.ext HTTP/1.1" 404 1018
172.22.2.4 - - [17/Oct/2022:15:49:54 -0500] "GET /BLA/boletinlegal/SiteLoader HTTP/1.1" 404 1018
172.22.2.4 - - [17/Oct/2022:15:49:55 -0500] "GET /BLA/boletinlegal/mPlayer HTTP/1.1" 404 1018
172.22.2.4 - - [17/Oct/2022:15:49:11 -0500] "GET /BLA/boletinlegal/ HTTP/1.1" 200 24523
172.22.2.4 - - [17/Oct/2022:15:48:30 -0500] "GET /BLA/boletinlegal/ HTTP/1.1" 200 42134
172.22.2.4 - - [17/Oct/2022:15:49:23 -0500] "POST /BLA/boletinlegal/ HTTP/1.1" 200 24523
172.22.2.4 - - [17/Oct/2022:15:49:34 -0500] "POST /BLA/boletinlegal/ HTTP/1.1" 200 24523
207.46.13.190 - - [17/Oct/2022:15:50:27 -0500] "GET /BLA/resoluciones/AUTOS%202022/1427.pdf HTTP/1.1" 200 634156
114.119.141.71 - - [17/Oct/2022:15:50:36 -0500] "GET /BLA/resoluciones/AUTOS%202011/3642.pdf HTTP/1.1" 200 241239
200.118.64.109 - - [17/Oct/2022:15:50:58 -0500] "POST /forms/lservlet;jsessionid=ac16012b30d6fa10bf5564c347bebf8f92dd389e65e0.e3iSbxaKaheRe34Qa3aKah8Rby1ynknvrkLOlQzNp65In0 HTTP/1.1" 200 2
66.249.73.127 - - [17/Oct/2022:15:51:42 -0500] "-" 408 -
216.245.221.92 - - [17/Oct/2022:15:52:09 -0500] "HEAD / HTTP/1.1" 200 -
114.119.141.71 - - [17/Oct/2022:15:52:20 -0500] "GET /BLA/resoluciones/RESOLUCIONES%202010/0978.pdf HTTP/1.1" 200 126124
40.77.189.217 - - [17/Oct/2022:15:52:20 -0500] "GET /SIIPEV/Diseno%20de%20Elementos%20de%20Mobiliario%20Urbano/Registros/js/jquery.min.js HTTP/1.1" 200 95786
40.77.189.217 - - [17/Oct/2022:15:52:20 -0500] "GET /SIIPEV/Diseno%20de%20Elementos%20de%20Mobiliario%20Urbano/Registros/js/bootstrap.min.js HTTP/1.1" 200 35601
40.77.189.217 - - [17/Oct/2022:15:52:21 -0500] "GET /SIIPEV/Diseno%20de%20Elementos%20de%20Mobiliario%20Urbano/Registros/js/jquery.dataTables.min.js HTTP/1.1" 200 78766
40.77.189.217 - - [17/Oct/2022:15:52:21 -0500] "GET /SIIPEV/Diseno%20de%20Elementos%20de%20Mobiliario%20Urbano/Registros/js/dataTables.bootstrap.js HTTP/1.1" 200 4287
201.245.192.253 - - [17/Oct/2022:15:52:45 -0500] "POST /kwsrmcab/Wsrmcab  HTTP/1.1" 200 43296
200.118.64.109 - - [17/Oct/2022:15:52:58 -0500] "POST /forms/lservlet;jsessionid=ac16012b30d6fa10bf5564c347bebf8f92dd389e65e0.e3iSbxaKaheRe34Qa3aKah8Rby1ynknvrkLOlQzNp65In0 HTTP/1.1" 200 2
157.55.39.25 - - [17/Oct/2022:15:53:46 -0500] "GET /BLA/resoluciones/AUTOS%202021/6150.pdf HTTP/1.1" 200 446434
114.119.141.69 - - [17/Oct/2022:15:54:02 -0500] "GET /BLA/resoluciones/RESOLUCIONES%202010/0433.pdf HTTP/1.1" 200 733752
200.118.64.109 - - [17/Oct/2022:15:54:58 -0500] "POST /forms/lservlet;jsessionid=ac16012b30d6fa10bf5564c347bebf8f92dd389e65e0.e3iSbxaKaheRe34Qa3aKah8Rby1ynknvrkLOlQzNp65In0 HTTP/1.1" 200 2
172.22.2.4 - - [17/Oct/2022:15:55:02 -0500] "GET /BLA/boletinlegal/jurisprudencia.php HTTP/1.1" 200 17573
207.46.13.84 - - [17/Oct/2022:15:55:07 -0500] "GET /BLA/resoluciones/AUTOS%202013/2127.pdf HTTP/1.1" 200 532119
172.22.2.4 - - [17/Oct/2022:15:53:30 -0500] "HEAD /BLA/boletinlegal/ HTTP/1.1" 200 -
114.119.141.53 - - [17/Oct/2022:15:55:42 -0500] "GET /Autoliquidacion/index.php?dir=TR%EF%BF%BDMITES%2BACEITES-RESIDUOS-ESTACIONES/ HTTP/1.1" 200 6898
172.22.2.4 - - [17/Oct/2022:15:54:20 -0500] "GET /BLA/boletinlegal/ HTTP/1.1" 200 59828
200.118.64.109 - - [17/Oct/2022:15:56:59 -0500] "POST /forms/lservlet;jsessionid=ac16012b30d6fa10bf5564c347bebf8f92dd389e65e0.e3iSbxaKaheRe34Qa3aKah8Rby1ynknvrkLOlQzNp65In0 HTTP/1.1" 200 2
216.245.221.92 - - [17/Oct/2022:15:57:09 -0500] "HEAD / HTTP/1.1" 200 -
114.119.141.52 - - [17/Oct/2022:15:57:19 -0500] "GET /BLA/resoluciones/RESOLUCIONES%202010/3249.pdf HTTP/1.1" 200 757121
157.55.39.48 - - [17/Oct/2022:15:57:23 -0500] "GET /BLA/boletinlegal/images/arr_l.jpg HTTP/1.1" 200 1979
201.245.192.253 - - [17/Oct/2022:15:57:43 -0500] "POST /kwsrmcab/Wsrmcab  HTTP/1.1" 200 43296
200.118.64.109 - - [17/Oct/2022:15:58:59 -0500] "POST /forms/lservlet;jsessionid=ac16012b30d6fa10bf5564c347bebf8f92dd389e65e0.e3iSbxaKaheRe34Qa3aKah8Rby1ynknvrkLOlQzNp65In0 HTTP/1.1" 200 2
114.119.141.51 - - [17/Oct/2022:15:59:04 -0500] "GET /BLA/resoluciones/AUTOS%202015/4298.pdf HTTP/1.1" 200 689447
66.249.73.127 - - [17/Oct/2022:15:59:12 -0500] "-" 408 -
186.155.49.150 - - [17/Oct/2022:16:00:20 -0500] "GET /BLA/resoluciones/ HTTP/1.1" 200 13093
186.155.49.150 - - [17/Oct/2022:16:00:21 -0500] "GET /BLA/resoluciones/dlf/styles.css HTTP/1.1" 200 3049
186.155.49.150 - - [17/Oct/2022:16:00:21 -0500] "GET /BLA/resoluciones/dlf/bg.gif HTTP/1.1" 200 54
186.155.49.150 - - [17/Oct/2022:16:00:21 -0500] "GET /BLA/resoluciones/dlf/folder.png HTTP/1.1" 200 410
186.155.49.150 - - [17/Oct/2022:16:00:26 -0500] "GET /BLA/resoluciones/dlf/dirup.png HTTP/1.1" 200 644
186.155.49.150 - - [17/Oct/2022:16:00:26 -0500] "GET /BLA/resoluciones/dlf/pdf.gif HTTP/1.1" 200 272
186.155.49.150 - - [17/Oct/2022:16:00:25 -0500] "GET /BLA/resoluciones/index.php?dir=RESOLUCIONES+2017%2F HTTP/1.1" 200 284276
114.119.141.71 - - [17/Oct/2022:16:00:45 -0500] "GET /BLA/resoluciones/RESOLUCIONES%202010/4486.pdf HTTP/1.1" 200 1119870
200.118.64.109 - - [17/Oct/2022:16:00:59 -0500] "POST /forms/lservlet;jsessionid=ac16012b30d6fa10bf5564c347bebf8f92dd389e65e0.e3iSbxaKaheRe34Qa3aKah8Rby1ynknvrkLOlQzNp65In0 HTTP/1.1" 200 2
172.22.2.4 - - [17/Oct/2022:15:59:20 -0500] "HEAD /BLA/boletinlegal/ HTTP/1.1" 200 -
35.236.215.231 - - [17/Oct/2022:16:01:39 -0500] "GET /animales-silvestres-regresaron-a-la-libertad-en-el-norte-de-bogota.html HTTP/1.1" 200 925
35.236.215.231 - - [17/Oct/2022:16:01:39 -0500] "GET /animales-silvestres-regresaron-a-la-libertad-en-el-norte-de-bogota.html HTTP/1.1" 200 925
172.22.2.4 - - [17/Oct/2022:16:00:10 -0500] "GET /BLA/boletinlegal/ HTTP/1.1" 200 56732
216.245.221.92 - - [17/Oct/2022:16:02:09 -0500] "HEAD / HTTP/1.1" 200 -
114.119.141.53 - - [17/Oct/2022:16:02:21 -0500] "GET /BLA/resoluciones/RESOLUCIONES%202013/2352.pdf HTTP/1.1" 200 516926
201.245.192.253 - - [17/Oct/2022:16:02:42 -0500] "POST /kwsrmcab/Wsrmcab  HTTP/1.1" 200 43296
200.118.64.109 - - [17/Oct/2022:16:02:59 -0500] "POST /forms/lservlet;jsessionid=ac16012b30d6fa10bf5564c347bebf8f92dd389e65e0.e3iSbxaKaheRe34Qa3aKah8Rby1ynknvrkLOlQzNp65In0 HTTP/1.1" 200 2
114.119.141.73 - - [17/Oct/2022:16:04:04 -0500] "GET /BLA/resoluciones/RESOLUCIONES%202010/1340.pdf HTTP/1.1" 200 549364
179.49.161.242 - - [17/Oct/2022:16:04:40 -0500] "GET /galeria/galeria/jquery.fancybox.css?v=2.1.5 HTTP/1.1" 200 4895
179.49.161.242 - - [17/Oct/2022:16:04:40 -0500] "GET /BLA/boletinlegal/js/jquery.scrollShow.js HTTP/1.1" 200 4586
179.49.161.242 - - [17/Oct/2022:16:04:40 -0500] "GET /galeria/galeria/jquery.fancybox.js?v=2.1.5 HTTP/1.1" 200 48706
200.118.64.109 - - [17/Oct/2022:16:04:59 -0500] "POST /forms/lservlet;jsessionid=ac16012b30d6fa10bf5564c347bebf8f92dd389e65e0.e3iSbxaKaheRe34Qa3aKah8Rby1ynknvrkLOlQzNp65In0 HTTP/1.1" 200 2
114.119.141.71 - - [17/Oct/2022:16:05:43 -0500] "GET /Autoliquidacion/index.php?dir=Solicitud%20de%20Clasificaci%C3%83%C2%83%C3%82%C2%AF%C3%83%C2%82%C3%82%C2%BF%C3%83%C2%82%C3%82%C2%BDn%20de%20Impacto%20Ambiental/&sort=date&order=asc HTTP/1.1" 200 6994
66.249.73.127 - - [17/Oct/2022:16:06:42 -0500] "-" 408 -
172.22.2.4 - - [17/Oct/2022:16:05:10 -0500] "HEAD /BLA/boletinlegal/ HTTP/1.1" 200 -
200.118.64.109 - - [17/Oct/2022:16:07:00 -0500] "POST /forms/lservlet;jsessionid=ac16012b30d6fa10bf5564c347bebf8f92dd389e65e0.e3iSbxaKaheRe34Qa3aKah8Rby1ynknvrkLOlQzNp65In0 HTTP/1.1" 200 2
216.245.221.92 - - [17/Oct/2022:16:07:09 -0500] "HEAD / HTTP/1.1" 200 -
114.119.132.76 - - [17/Oct/2022:16:07:25 -0500] "GET /BLA/resoluciones/RESOLUCIONES%202010/1687.pdf HTTP/1.1" 200 288133
172.22.2.4 - - [17/Oct/2022:16:06:00 -0500] "GET /BLA/boletinlegal/ HTTP/1.1" 200 55220
201.245.192.253 - - [17/Oct/2022:16:07:40 -0500] "POST /kwsrmcab/Wsrmcab  HTTP/1.1" 200 43296
173.252.107.5 - - [17/Oct/2022:16:08:21 -0500] "GET /secretaria-de-ambiente-y-sena-abren-curso-de-jardines-verticales.html HTTP/1.1" 206 734
173.252.79.16 - - [17/Oct/2022:16:08:26 -0500] "GET /images/jardines-verticales-plantas-24-mayo.jpg HTTP/1.1" 200 148288
114.119.141.51 - - [17/Oct/2022:16:08:57 -0500] "GET /BLA/resoluciones/AUTOS%202014/0838.pdf HTTP/1.1" 200 275032
200.118.64.109 - - [17/Oct/2022:16:09:00 -0500] "POST /forms/lservlet;jsessionid=ac16012b30d6fa10bf5564c347bebf8f92dd389e65e0.e3iSbxaKaheRe34Qa3aKah8Rby1ynknvrkLOlQzNp65In0 HTTP/1.1" 200 2
114.119.141.42 - - [17/Oct/2022:16:10:37 -0500] "GET /BLA/resoluciones/RESOLUCIONES%202010/7240.pdf HTTP/1.1" 200 403879
200.118.64.109 - - [17/Oct/2022:16:11:00 -0500] "POST /forms/lservlet;jsessionid=ac16012b30d6fa10bf5564c347bebf8f92dd389e65e0.e3iSbxaKaheRe34Qa3aKah8Rby1ynknvrkLOlQzNp65In0 HTTP/1.1" 200 2
216.245.221.92 - - [17/Oct/2022:16:12:09 -0500] "HEAD / HTTP/1.1" 200 -
114.119.141.69 - - [17/Oct/2022:16:12:18 -0500] "GET /BLA/resoluciones/AUTOS%202011/7328.pdf HTTP/1.1" 200 525680
172.22.2.4 - - [17/Oct/2022:16:12:24 -0500] "GET /BLA/boletinlegal/jurisprudencia/analisis/AnalisisT-606-15.docx HTTP/1.1" 304 -
172.22.2.4 - - [17/Oct/2022:16:11:00 -0500] "HEAD /BLA/boletinlegal/ HTTP/1.1" 200 -
201.245.192.253 - - [17/Oct/2022:16:12:40 -0500] "POST /kwsrmcab/Wsrmcab  HTTP/1.1" 200 43296
200.118.64.109 - - [17/Oct/2022:16:13:00 -0500] "POST /forms/lservlet;jsessionid=ac16012b30d6fa10bf5564c347bebf8f92dd389e65e0.e3iSbxaKaheRe34Qa3aKah8Rby1ynknvrkLOlQzNp65In0 HTTP/1.1" 200 2
66.249.73.127 - - [17/Oct/2022:16:13:05 -0500] "-" 408 -
172.22.2.4 - - [17/Oct/2022:16:11:50 -0500] "GET /BLA/boletinlegal/ HTTP/1.1" 200 56376
114.119.132.76 - - [17/Oct/2022:16:13:53 -0500] "GET /autoliquidacion/index.php?dir=TR%C3%83%C2%83%C3%82%C2%AF%C3%83%C2%82%C3%82%C2%BF%C3%83%C2%82%C3%82%C2%BDMITES%2BACEITES-RESIDUOS-ESTACIONES/REGISTRO%2BACEITE%2BVEGETAL%2BUSADO/&sort=name&order=asc HTTP/1.1" 200 7163
200.118.64.109 - - [17/Oct/2022:16:15:01 -0500] "POST /forms/lservlet;jsessionid=ac16012b30d6fa10bf5564c347bebf8f92dd389e65e0.e3iSbxaKaheRe34Qa3aKah8Rby1ynknvrkLOlQzNp65In0 HTTP/1.1" 200 2
114.119.141.52 - - [17/Oct/2022:16:15:33 -0500] "GET /BLA/resoluciones/RESOLUCIONES%202010/2945.pdf HTTP/1.1" 200 50580
200.118.64.109 - - [17/Oct/2022:16:17:01 -0500] "POST /forms/lservlet;jsessionid=ac16012b30d6fa10bf5564c347bebf8f92dd389e65e0.e3iSbxaKaheRe34Qa3aKah8Rby1ynknvrkLOlQzNp65In0 HTTP/1.1" 200 2
216.245.221.92 - - [17/Oct/2022:16:17:09 -0500] "HEAD / HTTP/1.1" 200 -
114.119.141.69 - - [17/Oct/2022:16:17:11 -0500] "GET /BLA/resoluciones/RESOLUCIONES%202010/6177.pdf HTTP/1.1" 200 331650
201.245.192.253 - - [17/Oct/2022:16:17:39 -0500] "POST /kwsrmcab/Wsrmcab  HTTP/1.1" 200 43296
172.22.2.4 - - [17/Oct/2022:16:16:50 -0500] "HEAD /BLA/boletinlegal/ HTTP/1.1" 200 -
114.119.141.42 - - [17/Oct/2022:16:18:48 -0500] "GET /BLA/resoluciones/RESOLUCIONES%202017/2521.pdf HTTP/1.1" 200 346481
66.249.73.127 - - [17/Oct/2022:16:18:58 -0500] "-" 408 -
200.118.64.109 - - [17/Oct/2022:16:19:01 -0500] "POST /forms/lservlet;jsessionid=ac16012b30d6fa10bf5564c347bebf8f92dd389e65e0.e3iSbxaKaheRe34Qa3aKah8Rby1ynknvrkLOlQzNp65In0 HTTP/1.1" 200 2
172.22.2.4 - - [17/Oct/2022:16:17:40 -0500] "GET /BLA/boletinlegal/ HTTP/1.1" 200 55630
114.119.132.76 - - [17/Oct/2022:16:20:21 -0500] "GET /BLA/resoluciones/RESOLUCIONES%202010/1535.pdf HTTP/1.1" 200 502943
200.118.64.109 - - [17/Oct/2022:16:20:34 -0500] "POST /forms/lservlet;jsessionid=ac16012b30d6fa10bf5564c347bebf8f92dd389e65e0.e3iSbxaKaheRe34Qa3aKah8Rby1ynknvrkLOlQzNp65In0 HTTP/1.1" 200 139
200.118.64.109 - - [17/Oct/2022:16:20:36 -0500] "POST /forms/lservlet;jsessionid=ac16012b30d6fa10bf5564c347bebf8f92dd389e65e0.e3iSbxaKaheRe34Qa3aKah8Rby1ynknvrkLOlQzNp65In0 HTTP/1.1" 200 2015
200.118.64.109 - - [17/Oct/2022:16:20:36 -0500] "POST /forms/lservlet;jsessionid=ac16012b30d6fa10bf5564c347bebf8f92dd389e65e0.e3iSbxaKaheRe34Qa3aKah8Rby1ynknvrkLOlQzNp65In0 HTTP/1.1" 200 78
200.118.64.109 - - [17/Oct/2022:16:20:38 -0500] "POST /forms/lservlet;jsessionid=ac16012b30d6fa10bf5564c347bebf8f92dd389e65e0.e3iSbxaKaheRe34Qa3aKah8Rby1ynknvrkLOlQzNp65In0 HTTP/1.1" 200 86
200.118.64.109 - - [17/Oct/2022:16:20:38 -0500] "POST /forms/lservlet;jsessionid=ac16012b30d6fa10bf5564c347bebf8f92dd389e65e0.e3iSbxaKaheRe34Qa3aKah8Rby1ynknvrkLOlQzNp65In0 HTTP/1.1" 200 -
201.245.192.253 - - [17/Oct/2022:16:21:43 -0500] "POST /kwsrmcab/Wsrmcab HTTP/1.1" 200 43262
201.245.192.253 - - [17/Oct/2022:16:21:46 -0500] "POST /kwsrmcab/Wsrmcab HTTP/1.1" 200 43749
114.119.141.73 - - [17/Oct/2022:16:22:05 -0500] "GET /BLA/resoluciones/RESOLUCIONES%202010/6458.pdf HTTP/1.1" 200 102349
216.245.221.92 - - [17/Oct/2022:16:22:09 -0500] "HEAD / HTTP/1.1" 200 -
201.245.192.253 - - [17/Oct/2022:16:22:38 -0500] "POST /kwsrmcab/Wsrmcab  HTTP/1.1" 200 43296
114.119.141.53 - - [17/Oct/2022:16:23:42 -0500] "GET /BLA/resoluciones/AUTOS%202017/2983.pdf HTTP/1.1" 200 2893635
186.80.65.48 - - [17/Oct/2022:16:24:09 -0500] "GET /BLA/boletinlegal/js/jquery.scrollShow.js HTTP/1.1" 200 4586
186.80.65.48 - - [17/Oct/2022:16:24:09 -0500] "GET /galeria/galeria/jquery.fancybox.css?v=2.1.5 HTTP/1.1" 200 4895
186.80.65.48 - - [17/Oct/2022:16:24:09 -0500] "GET /galeria/galeria/jquery.fancybox.js?v=2.1.5 HTTP/1.1" 200 48706
172.22.2.4 - - [17/Oct/2022:16:22:40 -0500] "HEAD /BLA/boletinlegal/ HTTP/1.1" 200 -
172.22.2.4 - - [17/Oct/2022:16:23:30 -0500] "GET /BLA/boletinlegal/ HTTP/1.1" 200 56732
114.119.141.71 - - [17/Oct/2022:16:25:13 -0500] "GET /Publicaciones/2020EE213596.pdf HTTP/1.1" 404 228
66.249.73.127 - - [17/Oct/2022:16:26:30 -0500] "-" 408 -
114.119.141.69 - - [17/Oct/2022:16:26:49 -0500] "GET /BLA/resoluciones/RESOLUCIONES%202008/0607.pdf HTTP/1.1" 200 275382
216.245.221.92 - - [17/Oct/2022:16:27:09 -0500] "HEAD / HTTP/1.1" 200 -
201.245.192.253 - - [17/Oct/2022:16:27:37 -0500] "POST /kwsrmcab/Wsrmcab  HTTP/1.1" 200 43296
114.119.141.42 - - [17/Oct/2022:16:28:29 -0500] "GET /BLA/resoluciones/RESOLUCIONES%202010/5317.pdf HTTP/1.1" 200 333171
181.54.110.245 - - [17/Oct/2022:16:28:47 -0500] "GET /mesa/contrasena.pdf HTTP/1.1" 200 443199
181.54.110.245 - - [17/Oct/2022:16:28:48 -0500] "GET /mesa/contrasena.pdf HTTP/1.1" 206 1
181.54.110.245 - - [17/Oct/2022:16:28:48 -0500] "GET /mesa/contrasena.pdf HTTP/1.1" 206 1091
181.237.249.61 - - [17/Oct/2022:16:29:35 -0500] "GET /BLA/resoluciones/index.php?dir=AUTOS+2014%2F HTTP/1.1" 200 883517
167.248.133.118 - - [17/Oct/2022:16:29:58 -0500] "GET / HTTP/1.1" 200 319
167.248.133.118 - - [17/Oct/2022:16:29:59 -0500] "GET / HTTP/1.1" 200 319
167.248.133.118 - - [17/Oct/2022:16:29:59 -0500] "PRI * HTTP/2.0" 400 946
167.248.133.118 - - [17/Oct/2022:16:29:59 -0500] "GET /favicon.ico HTTP/1.1" 200 7782
114.119.132.76 - - [17/Oct/2022:16:30:03 -0500] "GET /BLA/resoluciones/AUTOS%202014/1561.pdf HTTP/1.1" 200 793741
172.22.2.4 - - [17/Oct/2022:16:28:30 -0500] "HEAD /BLA/boletinlegal/ HTTP/1.1" 200 -
173.252.107.119 - - [17/Oct/2022:16:30:40 -0500] "GET /dia-sin-carro-22-de-septiembre-2022-impacto-en-el-medioambiente.html HTTP/1.1" 206 823
172.22.2.4 - - [17/Oct/2022:16:29:20 -0500] "GET /BLA/boletinlegal/ HTTP/1.1" 200 57375
114.119.141.71 - - [17/Oct/2022:16:31:37 -0500] "GET /BLA/resoluciones/RESOLUCIONES%202007/RES%202007%201301%20AL%201400/RESOLUCION%201331%20DE%202007.pdf HTTP/1.1" 200 462236
201.245.192.253 - - [17/Oct/2022:16:31:43 -0500] "POST /kwsrmcab/Wsrmcab HTTP/1.1" 200 43262
201.245.192.253 - - [17/Oct/2022:16:31:46 -0500] "POST /kwsrmcab/Wsrmcab HTTP/1.1" 200 43749
216.245.221.92 - - [17/Oct/2022:16:32:09 -0500] "HEAD / HTTP/1.1" 200 -
201.245.192.253 - - [17/Oct/2022:16:32:36 -0500] "POST /kwsrmcab/Wsrmcab  HTTP/1.1" 200 43296
114.119.141.73 - - [17/Oct/2022:16:33:16 -0500] "GET /BLA/resoluciones/RESOLUCIONES%202010/3395.pdf HTTP/1.1" 200 315258
45.33.80.237 - - [17/Oct/2022:16:34:43 -0500] "GET /galeria/galeria/jquery.fancybox.css?v=2.1.5 HTTP/1.1" 200 4895
45.33.80.237 - - [17/Oct/2022:16:34:43 -0500] "GET /galeria/galeria/jquery.fancybox.js?v=2.1.5 HTTP/1.1" 200 48706
45.33.80.237 - - [17/Oct/2022:16:34:43 -0500] "GET /BLA/boletinlegal/js/jquery.scrollShow.js HTTP/1.1" 200 4586
114.119.141.69 - - [17/Oct/2022:16:34:52 -0500] "GET /BLA/resoluciones/RESOLUCIONES%202018/1775.pdf HTTP/1.1" 200 443618
172.22.2.4 - - [17/Oct/2022:16:33:56 -0500] "GET /BLA/boletinlegal/ HTTP/1.1" 200 54003
172.22.2.4 - - [17/Oct/2022:16:35:46 -0500] "GET /BLA/boletinlegal/jurisprudencia/analisis/AnalisisT-606-15.docx HTTP/1.1" 200 26698
172.22.2.4 - - [17/Oct/2022:16:35:47 -0500] "GET /BLA/boletinlegal/apple-touch-icon-120x120-precomposed.png HTTP/1.1" 404 1140
172.22.2.4 - - [17/Oct/2022:16:35:47 -0500] "GET /BLA/boletinlegal/apple-touch-icon-120x120.png HTTP/1.1" 404 1140
172.22.2.4 - - [17/Oct/2022:16:35:47 -0500] "GET /BLA/boletinlegal/apple-touch-icon-precomposed.png HTTP/1.1" 404 1140
172.22.2.4 - - [17/Oct/2022:16:35:47 -0500] "GET /BLA/boletinlegal/apple-touch-icon.png HTTP/1.1" 404 1140
172.22.2.4 - - [17/Oct/2022:16:35:48 -0500] "GET /BLA/boletinlegal/favicon.ico HTTP/1.1" 404 1140
172.22.2.4 - - [17/Oct/2022:16:35:48 -0500] "GET /BLA/boletinlegal/apple-touch-icon-120x120-precomposed.png HTTP/1.1" 404 1140
172.22.2.4 - - [17/Oct/2022:16:35:48 -0500] "GET /BLA/boletinlegal/apple-touch-icon-120x120.png HTTP/1.1" 404 1140
172.22.2.4 - - [17/Oct/2022:16:35:48 -0500] "GET /BLA/boletinlegal/apple-touch-icon-precomposed.png HTTP/1.1" 404 1140
172.22.2.4 - - [17/Oct/2022:16:35:48 -0500] "GET /BLA/boletinlegal/apple-touch-icon.png HTTP/1.1" 404 1140
172.22.2.4 - - [17/Oct/2022:16:35:48 -0500] "GET /BLA/boletinlegal/favicon.ico HTTP/1.1" 404 1140
172.22.2.4 - - [17/Oct/2022:16:34:20 -0500] "HEAD /BLA/boletinlegal/ HTTP/1.1" 200 -
114.119.141.42 - - [17/Oct/2022:16:36:25 -0500] "GET /BLA/resoluciones/RESOLUCIONES%202010/0758.pdf HTTP/1.1" 200 98901
172.22.2.4 - - [17/Oct/2022:16:35:10 -0500] "GET /BLA/boletinlegal/ HTTP/1.1" 200 56014
216.245.221.92 - - [17/Oct/2022:16:37:09 -0500] "HEAD / HTTP/1.1" 200 -
201.245.192.253 - - [17/Oct/2022:16:37:35 -0500] "POST /kwsrmcab/Wsrmcab  HTTP/1.1" 200 43296
172.22.2.4 - - [17/Oct/2022:16:37:43 -0500] "GET /BLA/boletinlegal/Circulares/2019/.pdf HTTP/1.1" 404 1218
114.119.141.53 - - [17/Oct/2022:16:37:59 -0500] "GET /BLA/resoluciones/RESOLUCIONES%202010/0389.pdf HTTP/1.1" 200 63688
114.119.141.53 - - [17/Oct/2022:16:39:40 -0500] "GET /BLA/resoluciones/RESOLUCIONES%202013/0820.pdf HTTP/1.1" 200 499265
5.161.121.196 - - [17/Oct/2022:16:40:53 -0500] "GET /portaldeninos/humedal-el-burro-2/ HTTP/1.1" 200 87926
114.119.141.71 - - [17/Oct/2022:16:41:16 -0500] "GET /BLA/resoluciones/RESOLUCIONES%202010/1228.pdf HTTP/1.1" 200 105660
201.245.192.253 - - [17/Oct/2022:16:41:43 -0500] "POST /kwsrmcab/Wsrmcab HTTP/1.1" 200 43262
201.245.192.253 - - [17/Oct/2022:16:41:45 -0500] "POST /kwsrmcab/Wsrmcab HTTP/1.1" 200 43749
172.22.2.4 - - [17/Oct/2022:16:40:10 -0500] "HEAD /BLA/boletinlegal/ HTTP/1.1" 200 -
216.245.221.92 - - [17/Oct/2022:16:42:09 -0500] "HEAD / HTTP/1.1" 200 -
201.245.192.253 - - [17/Oct/2022:16:42:34 -0500] "POST /kwsrmcab/Wsrmcab  HTTP/1.1" 200 43296
157.55.39.202 - - [17/Oct/2022:16:42:37 -0500] "GET /sipse/faces/javax.faces.resource/jquery/jquery-plugins.js;jsessionid=jx67x2jpisgjtljcwwooxoam.undefined?ln=primefaces&v=4.0 HTTP/1.1" 200 220526
172.22.2.4 - - [17/Oct/2022:16:41:00 -0500] "GET /BLA/boletinlegal/ HTTP/1.1" 200 59828
114.119.141.42 - - [17/Oct/2022:16:42:49 -0500] "GET /BLA/resoluciones/RESOLUCIONES%202010/6252.pdf HTTP/1.1" 200 595477
114.119.141.69 - - [17/Oct/2022:16:44:25 -0500] "GET /BLA/resoluciones/RESOLUCIONES%202010/4956.pdf HTTP/1.1" 200 528665
193.142.146.35 - - [17/Oct/2022:16:44:51 -0500] "GET / HTTP/1.1" 200 319
193.142.146.35 - - [17/Oct/2022:16:44:52 -0500] "POST /HNAP1/ HTTP/1.1" 404 1018
207.46.13.213 - - [17/Oct/2022:16:45:27 -0500] "GET / HTTP/1.1" 200 4720
114.119.141.53 - - [17/Oct/2022:16:46:06 -0500] "GET /BLA/resoluciones/AUTOS%202017/3909.pdf HTTP/1.1" 200 1438743
216.245.221.92 - - [17/Oct/2022:16:47:09 -0500] "HEAD / HTTP/1.1" 200 -
172.22.2.4 - - [17/Oct/2022:16:47:20 -0500] "GET /BLA/boletinlegal/robots.txt HTTP/1.1" 404 1038
172.22.2.4 - - [17/Oct/2022:16:47:29 -0500] "GET /BLA/boletinlegal/conceptos.php HTTP/1.1" 200 7450
172.22.2.4 - - [17/Oct/2022:16:47:33 -0500] "GET /BLA/boletinlegal/jurisprudencia.php HTTP/1.1" 200 17573
201.245.192.253 - - [17/Oct/2022:16:47:33 -0500] "POST /kwsrmcab/Wsrmcab  HTTP/1.1" 200 43296
172.22.2.4 - - [17/Oct/2022:16:46:00 -0500] "HEAD /BLA/boletinlegal/ HTTP/1.1" 200 -
114.119.141.73 - - [17/Oct/2022:16:47:43 -0500] "GET /BLA/resoluciones/AUTOS%202014/0968.pdf HTTP/1.1" 200 479364
172.22.2.4 - - [17/Oct/2022:16:46:50 -0500] "GET /BLA/boletinlegal/ HTTP/1.1" 200 59828
207.46.13.213 - - [17/Oct/2022:16:49:08 -0500] "GET /portaldeninos/wp-content/uploads/2020/11/Humedal-octubre-6-1024x512.jpg HTTP/1.1" 200 110569
114.119.132.76 - - [17/Oct/2022:16:51:12 -0500] "GET /BLA/resoluciones/AUTOS%202014/6143.pdf HTTP/1.1" 200 139187
172.22.2.4 - - [17/Oct/2022:16:51:43 -0500] "GET /BLA/boletinlegal/jurisprudencia/analisis/AnalisisT-606-15.docx HTTP/1.1" 200 26698
172.22.2.4 - - [17/Oct/2022:16:51:44 -0500] "GET /BLA/boletinlegal/apple-touch-icon-120x120-precomposed.png HTTP/1.1" 404 1140
172.22.2.4 - - [17/Oct/2022:16:51:44 -0500] "GET /BLA/boletinlegal/apple-touch-icon-120x120.png HTTP/1.1" 404 1140
172.22.2.4 - - [17/Oct/2022:16:51:45 -0500] "GET /BLA/boletinlegal/apple-touch-icon-precomposed.png HTTP/1.1" 404 1140
172.22.2.4 - - [17/Oct/2022:16:51:45 -0500] "GET /BLA/boletinlegal/apple-touch-icon.png HTTP/1.1" 404 1140
172.22.2.4 - - [17/Oct/2022:16:51:45 -0500] "GET /BLA/boletinlegal/favicon.ico HTTP/1.1" 404 1140
172.22.2.4 - - [17/Oct/2022:16:51:45 -0500] "GET /BLA/boletinlegal/apple-touch-icon-120x120-precomposed.png HTTP/1.1" 404 1140
172.22.2.4 - - [17/Oct/2022:16:51:45 -0500] "GET /BLA/boletinlegal/apple-touch-icon-120x120.png HTTP/1.1" 404 1140
172.22.2.4 - - [17/Oct/2022:16:51:45 -0500] "GET /BLA/boletinlegal/apple-touch-icon-precomposed.png HTTP/1.1" 404 1140
172.22.2.4 - - [17/Oct/2022:16:51:45 -0500] "GET /BLA/boletinlegal/apple-touch-icon.png HTTP/1.1" 404 1140
172.22.2.4 - - [17/Oct/2022:16:51:45 -0500] "GET /BLA/boletinlegal/favicon.ico HTTP/1.1" 404 1140
216.245.221.92 - - [17/Oct/2022:16:52:09 -0500] "HEAD / HTTP/1.1" 200 -
173.252.79.22 - - [17/Oct/2022:16:52:11 -0500] "GET /images/llantaton-jornada.jpg HTTP/1.1" 200 356045
201.245.192.253 - - [17/Oct/2022:16:52:32 -0500] "POST /kwsrmcab/Wsrmcab  HTTP/1.1" 200 43296
181.58.38.83 - - [17/Oct/2022:16:52:56 -0500] "GET /BLA/resoluciones/ HTTP/1.1" 200 13093
114.119.141.69 - - [17/Oct/2022:16:52:57 -0500] "GET /BLA/resoluciones/RESOLUCIONES%202014/2620.pdf HTTP/1.1" 200 984039
181.58.38.83 - - [17/Oct/2022:16:52:59 -0500] "GET /BLA/resoluciones/index.php?dir=RESOLUCIONES+2018%2F HTTP/1.1" 200 271266
172.22.2.4 - - [17/Oct/2022:16:51:50 -0500] "HEAD /BLA/boletinlegal/ HTTP/1.1" 200 -
172.22.2.4 - - [17/Oct/2022:16:52:40 -0500] "GET /BLA/boletinlegal/ HTTP/1.1" 200 59828
157.55.39.159 - - [17/Oct/2022:16:54:28 -0500] "GET /portaldeninos/wp-content/uploads/2021/11/pieza-dia-mundial-general-tinguas-8-mayo-1024x576.jpg HTTP/1.1" 200 84713
172.22.2.4 - - [17/Oct/2022:16:55:14 -0500] "GET /BLA/boletinlegal/jurisprudencia/analisis/AnalisisT-606-15.docx HTTP/1.1" 200 26698
172.22.2.4 - - [17/Oct/2022:16:55:15 -0500] "GET /BLA/boletinlegal/apple-touch-icon-120x120-precomposed.png HTTP/1.1" 404 1140
172.22.2.4 - - [17/Oct/2022:16:55:15 -0500] "GET /BLA/boletinlegal/apple-touch-icon-120x120.png HTTP/1.1" 404 1140
172.22.2.4 - - [17/Oct/2022:16:55:15 -0500] "GET /BLA/boletinlegal/apple-touch-icon-precomposed.png HTTP/1.1" 404 1140
172.22.2.4 - - [17/Oct/2022:16:55:16 -0500] "GET /BLA/boletinlegal/apple-touch-icon.png HTTP/1.1" 404 1140
172.22.2.4 - - [17/Oct/2022:16:55:16 -0500] "GET /BLA/boletinlegal/favicon.ico HTTP/1.1" 404 1140
172.22.2.4 - - [17/Oct/2022:16:55:16 -0500] "GET /BLA/boletinlegal/apple-touch-icon-120x120-precomposed.png HTTP/1.1" 404 1140
172.22.2.4 - - [17/Oct/2022:16:55:17 -0500] "GET /BLA/boletinlegal/apple-touch-icon-120x120.png HTTP/1.1" 404 1140
172.22.2.4 - - [17/Oct/2022:16:55:17 -0500] "GET /BLA/boletinlegal/apple-touch-icon-precomposed.png HTTP/1.1" 404 1140
172.22.2.4 - - [17/Oct/2022:16:55:18 -0500] "GET /BLA/boletinlegal/apple-touch-icon.png HTTP/1.1" 404 1140
172.22.2.4 - - [17/Oct/2022:16:55:18 -0500] "GET /BLA/boletinlegal/favicon.ico HTTP/1.1" 404 1140
157.55.39.154 - - [17/Oct/2022:16:55:40 -0500] "GET /portaldeninos/wp-content/uploads/2020/05/fb.jpg HTTP/1.1" 200 9893
216.245.221.92 - - [17/Oct/2022:16:57:09 -0500] "HEAD / HTTP/1.1" 200 -
201.245.192.253 - - [17/Oct/2022:16:57:32 -0500] "POST /kwsrmcab/Wsrmcab  HTTP/1.1" 200 43296
114.119.130.167 - - [17/Oct/2022:16:57:42 -0500] "-" 408 -
157.55.39.202 - - [17/Oct/2022:16:59:17 -0500] "GET /BLA/resoluciones/00000338.tif HTTP/1.1" 404 1018
172.22.2.4 - - [17/Oct/2022:16:57:40 -0500] "HEAD /BLA/boletinlegal/ HTTP/1.1" 200 -
172.22.2.4 - - [17/Oct/2022:16:58:30 -0500] "GET /BLA/boletinlegal/ HTTP/1.1" 200 54823
172.22.2.4 - - [17/Oct/2022:16:59:53 -0500] "GET /BLA/boletinlegal/ HTTP/1.1" 200 24523
172.22.2.4 - - [17/Oct/2022:17:01:28 -0500] "GET /BLA/boletinlegal/Circulares/2013/Circular%20No.%204%20del%2005%20de%20junio%20de%202013.pdf HTTP/1.1" 304 -
216.245.221.92 - - [17/Oct/2022:17:02:09 -0500] "HEAD / HTTP/1.1" 200 -
201.245.192.253 - - [17/Oct/2022:17:02:31 -0500] "POST /kwsrmcab/Wsrmcab  HTTP/1.1" 200 43296
66.249.73.97 - - [17/Oct/2022:17:03:48 -0500] "-" 408 -
181.59.2.110 - - [17/Oct/2022:17:03:56 -0500] "GET /appsia/controlador HTTP/1.1" 200 4799
181.59.2.110 - - [17/Oct/2022:17:03:56 -0500] "GET /appsia/css/estilos.css HTTP/1.1" 200 4804
181.59.2.110 - - [17/Oct/2022:17:03:58 -0500] "GET /appsia/scripts/validarIngreso.js HTTP/1.1" 200 851
181.59.2.110 - - [17/Oct/2022:17:03:58 -0500] "GET /appsia/images/cabezoteHojaVida.png HTTP/1.1" 200 32493
181.59.2.110 - - [17/Oct/2022:17:03:58 -0500] "GET /appsia/images/logo_bogota_p.png HTTP/1.1" 200 14462
108.174.8.21 - - [17/Oct/2022:17:04:40 -0500] "GET /images/acuerdos-c1_optimized.jpg HTTP/1.1" 200 228032
172.22.2.4 - - [17/Oct/2022:17:03:30 -0500] "HEAD /BLA/boletinlegal/ HTTP/1.1" 200 -
172.22.2.4 - - [17/Oct/2022:17:04:20 -0500] "GET /BLA/boletinlegal/ HTTP/1.1" 200 60281
216.245.221.92 - - [17/Oct/2022:17:07:09 -0500] "HEAD / HTTP/1.1" 200 -
152.89.196.211 - - [17/Oct/2022:17:07:23 -0500] "GET /?XDEBUG_SESSION_START=phpstorm HTTP/1.1" 200 319
201.245.192.253 - - [17/Oct/2022:17:07:30 -0500] "POST /kwsrmcab/Wsrmcab  HTTP/1.1" 200 43296
181.58.38.83 - - [17/Oct/2022:17:07:54 -0500] "GET /BLA/resoluciones/index.php?dir=RESOLUCIONES+2019%2F HTTP/1.1" 200 247621
66.249.73.127 - - [17/Oct/2022:17:10:34 -0500] "-" 408 -
172.22.2.4 - - [17/Oct/2022:17:09:20 -0500] "HEAD /BLA/boletinlegal/ HTTP/1.1" 200 -
207.46.13.40 - - [17/Oct/2022:17:11:23 -0500] "GET /BLA/resoluciones/00000041.tif HTTP/1.1" 404 1018
172.22.2.4 - - [17/Oct/2022:17:10:10 -0500] "GET /BLA/boletinlegal/ HTTP/1.1" 200 58163
216.245.221.92 - - [17/Oct/2022:17:12:09 -0500] "HEAD / HTTP/1.1" 200 -
201.245.192.253 - - [17/Oct/2022:17:12:28 -0500] "POST /kwsrmcab/Wsrmcab  HTTP/1.1" 200 43296
157.55.39.202 - - [17/Oct/2022:17:12:49 -0500] "GET / HTTP/1.1" 200 319
172.22.2.4 - - [17/Oct/2022:17:13:43 -0500] "GET /BLA/boletinlegal/owa/auth/logon.aspx?url=https%3a%2f%2f1%2fecp%2f HTTP/1.1" 404 1018
190.145.240.68 - - [17/Oct/2022:17:15:04 -0500] "GET /kwssiamovil/sm/acme/a?s=U2FsdGVkX1+ICOSXod6wC1H7/NldvgFqYuhA0U+RaRyQVRU4r3NNj5imzO558B7bCyYIxEAKkfoxHPRtvxyX7y7uXfL9Il3xPOBhZ0sF6QsA/A1/aMHZEM+4EvzMcozFTMJPmrxRWmnkceEJ3nmegxIRhMrgF+THkGxmILsprpgRo4biz1N9Lh116EtHxY1Ry/juVTcWKg93dKPR0xpbtji3wSOIT8c4T6evG/baBE4HpPr/6BMdWPqMImC5hmwvM6TfR3tZvS73Y00JNSMNGw==&u=U2FsdGVkX193B/uxtC3dBOIsuSkfDBLUvs3vs8iliZ8=&y=U2FsdGVkX1/FcPU2Xd3H6kq98MoTbRFE9DDKL/YQ4hJ8jnNI7WhzFkK7vt3/CZPq HTTP/1.1" 200 26
190.145.240.68 - - [17/Oct/2022:17:15:05 -0500] "GET /kwssiamovil/sm/acme/a?s=U2FsdGVkX19cr8wnzr16swBFYozidWLa/ZCb5LvApWFaOzFcBRdmMj3bRyvbYATD/I9LeJaLtlaIWtctWMByJFL27e/GHEfwbopBr3LPj4E/ss5eYHTnS8xyiPg2MnNIN3MYIm+g+WaFcwnsmjpnw99kiujt27I/WD23BMFl+hWtXMSF8vGxOmSeq55QB1uni90zEzrytkSg04CcAbYugcmfeiz32FnQfBvDCoh2wkNOTfIJbeLYDy+PltVQImz3u/dOXtFZHK4osMaCU71iPikEdecb3Gr6ZpYratVpJulxGWphgwq19Kq2I2vYbCAf6dfcq3LISNGJnvuiYU5rHxhnS8mM0BLu6cYExsgy1PwRBOkEuHNdy0/PElIFzhR7E8PdmbkZ2BOUsYFCzoBJs1/oaeB6NMUMIU9GE2gYu1/dxp+LGMTGKUfjaaXX+opUEXKcme2YV3t+9sX4RbVdEK23/mjuz8Lz4ikLplW6UY3nhYOY41MNRgFs5A8NdhmW6rtF4CBEuAGgLwEfDOdXLBPP4cYlG7oXgUU+LgsXabemm5GuYKlGEIIJbS5zcOGA4pOlKMqi/ff7fvBJg57yCOnWWZusLhOpN7Ce5I8zw0T8fzEu6rBXvdXIZghjnLDM6rm+znYfe+VCko5vLzwyb1avByWKHQn3lerf6vlXgpCPjuc21POJXq1kaVaxDRlLoL91WgQn6TRuh1E4cCyKwmqVdnb74FiYpfCHLEn6ASOfodrUdOrCN26HWAeVgUMLgonRO85xqIDpVboZf2PhM7t2SkTaXF9jkwWxkXe7b8jGEMK5NoGNORAiJ0nLln6MxCrgZjm/2i9i91Qqw60MIQSHeRepIQ14q3VQIQ50+snA0JZvnUwLho9JKoMhT5Pd3mwS7RADXkzYrgNwuE4OBZhg3DxZmrnc2i3ZXEPNDi9O410PlaHvcxeJ6yF6FW+4m8xI+TiQPCgsRPD0TtL7OiKbR4Yg+W85y1NUWPov3ExaV1Pp243lGZIr0FVJjEqftD5g/WWYqhejkn//c3nUz3O8aUgrvWu2HiIJfRraxgiAWfaWX0W529Shy7a2Axbr0sthNyJWqcy6cRdpqIj6hfn+KMSIrd7+hTnDA7lbcEkE1AciE5Lar9Khj0Mpn/zhlFliZijExP5XPig4Tw4oQhTIhOhubfYYcJ4F16iMsjquS5hJ5P0uFiYh8F+kVfDOZJCVktJZCoG+0+CfbR3tDYbIXQVtxTh5mSNs4muYhmRkpH9xNrHLAHVwfMIqtMkxjemWwFRWYRljwlIMtXJFqYDX+WkRlJAt3zQnRo0rAXd/ynecLDDOJylr9+wgq5opNf+EiwWkZ/HBU2Kr8LHyPQ==&u=U2FsdGVkX193B/uxtC3dBOIsuSkfDBLUvs3vs8iliZ8=&y=U2FsdGVkX1/FcPU2Xd3H6kq98MoTbRFE9DDKL/YQ4hJ8jnNI7WhzFkK7vt3/CZPq HTTP/1.1" 200 25
190.145.240.68 - - [17/Oct/2022:17:15:05 -0500] "GET /kwssiamovil/sm/acme/a?s=U2FsdGVkX19I75NXVI5k+FAQL2YfsuycRzovCoWpzMCt1euKT6vm7+JEdblQeUjqLo4WAi2LaQZYVf7N1xBYdW7kQ5xe6qx/YyFTz/VTqasmMcjGZUt3Tp2aS2OZGRFevK5c2FmOxZogIIagkwGh1zBPXaGB9Qsefe9FZtVXyqM=&u=U2FsdGVkX193B/uxtC3dBOIsuSkfDBLUvs3vs8iliZ8=&y=U2FsdGVkX1/FcPU2Xd3H6kq98MoTbRFE9DDKL/YQ4hJ8jnNI7WhzFkK7vt3/CZPq HTTP/1.1" 200 26
190.145.240.68 - - [17/Oct/2022:17:15:05 -0500] "GET /kwssiamovil/sm/acme/a?s=U2FsdGVkX19fcWbZmFou4IZlWEfX+uQTqLBPbaWD2USG0UyHSAA7QzCiqVWP6smDiW2hvMH53pepuZJYcuuihp3J8fnYsq817swUCe0a8UyiC7oZ2OTD4yH+ilbXRLoCr0HXaaDZsFd/3kLP6BEAMlXOAooojix5/30ysGgvEi4=&u=U2FsdGVkX193B/uxtC3dBOIsuSkfDBLUvs3vs8iliZ8=&y=U2FsdGVkX1/FcPU2Xd3H6kq98MoTbRFE9DDKL/YQ4hJ8jnNI7WhzFkK7vt3/CZPq HTTP/1.1" 200 25
190.145.240.68 - - [17/Oct/2022:17:15:05 -0500] "GET /kwssiamovil/sm/acme/a?s=U2FsdGVkX18TyDGwq+DTzkOawhlBnh8m7fC105XPAIci+RgpTA4b0Zv0acpG5b2AZvJxh3XyEYS8CPxHZ+gJvvozsZu461Ep8jdpXupVHBlV+PjACV7lZkM1JFTWYFadbwWu0Gn9O3t9YoJtbe/qK6fmLn/ok1D+fwB0kLpLKdU=&u=U2FsdGVkX193B/uxtC3dBOIsuSkfDBLUvs3vs8iliZ8=&y=U2FsdGVkX1/FcPU2Xd3H6kq98MoTbRFE9DDKL/YQ4hJ8jnNI7WhzFkK7vt3/CZPq HTTP/1.1" 200 25
190.145.240.68 - - [17/Oct/2022:17:15:05 -0500] "GET /kwssiamovil/sm/acme/a?s=U2FsdGVkX1/rmEu99UiebAch2wumW5rUgpA3UOZbEU2/b9YEcBlaGw2X3MU6gU7YNh/CuNE6CK27TY0ISNdRnX9MuL1GSMHoF65iUr1INOFtBqzWF6iMmNxNwsJkReFKL1GuolPR6j8a5D433Fb2CJqKbz58DBP9CImP4iUVmGr9Izdjp4PQ2mm11zheYyCX&u=U2FsdGVkX193B/uxtC3dBOIsuSkfDBLUvs3vs8iliZ8=&y=U2FsdGVkX1/FcPU2Xd3H6kq98MoTbRFE9DDKL/YQ4hJ8jnNI7WhzFkK7vt3/CZPq HTTP/1.1" 200 25
172.22.2.4 - - [17/Oct/2022:17:16:28 -0500] "GET /BLA/boletinlegal/Directivas/2011/Directiva%20No.%202%20del%2017%20de%20Mayo%20de%202011.pdf HTTP/1.1" 304 -
114.119.141.52 - - [17/Oct/2022:17:16:32 -0500] "GET /BLA/resoluciones/RESOLUCIONES%202009/1388.pdf HTTP/1.1" 200 1034709
172.22.2.4 - - [17/Oct/2022:17:15:10 -0500] "HEAD /BLA/boletinlegal/ HTTP/1.1" 200 -
216.245.221.92 - - [17/Oct/2022:17:17:09 -0500] "HEAD / HTTP/1.1" 200 -
201.245.192.253 - - [17/Oct/2022:17:17:26 -0500] "POST /kwsrmcab/Wsrmcab  HTTP/1.1" 200 43296
172.22.2.4 - - [17/Oct/2022:17:16:00 -0500] "GET /BLA/boletinlegal/ HTTP/1.1" 200 58163
172.22.2.4 - - [17/Oct/2022:17:19:33 -0500] "GET /BLA/boletinlegal/consulta_actos.php?tipo=resoluciones&no=0560&usuario=&sector=&fecha=2020&resuelve= HTTP/1.1" 200 626
66.249.73.127 - - [17/Oct/2022:17:20:46 -0500] "-" 408 -
201.245.192.253 - - [17/Oct/2022:17:21:43 -0500] "POST /kwsrmcab/Wsrmcab HTTP/1.1" 200 42946
201.245.192.253 - - [17/Oct/2022:17:21:46 -0500] "POST /kwsrmcab/Wsrmcab HTTP/1.1" 200 43759
157.90.245.36 - - [17/Oct/2022:17:21:58 -0500] "GET /atencion-mujeres-que-reverdecen-ya-inicia-la-segunda-fase.html HTTP/1.1" 200 857
216.245.221.92 - - [17/Oct/2022:17:22:09 -0500] "HEAD / HTTP/1.1" 200 -
201.245.192.253 - - [17/Oct/2022:17:22:26 -0500] "POST /kwsrmcab/Wsrmcab  HTTP/1.1" 200 43296
172.22.2.4 - - [17/Oct/2022:17:21:00 -0500] "HEAD /BLA/boletinlegal/ HTTP/1.1" 200 -
172.22.2.4 - - [17/Oct/2022:17:21:50 -0500] "GET /BLA/boletinlegal/ HTTP/1.1" 200 58163
172.22.2.4 - - [17/Oct/2022:17:24:25 -0500] "GET /BLA/boletinlegal/jurisprudencia/analisis/ANALISIST-672-14.docx HTTP/1.1" 200 22530
114.119.141.52 - - [17/Oct/2022:17:25:38 -0500] "GET /BLA/resoluciones/RESOLUCIONES%202010/6504.pdf HTTP/1.1" 200 176888
190.24.59.156 - - [17/Oct/2022:17:26:38 -0500] "GET /BLA/boletinlegal/admin/ HTTP/1.1" 200 7242
190.24.59.156 - - [17/Oct/2022:17:26:56 -0500] "GET /BLA/boletinlegal/admin/index_files/style.css HTTP/1.1" 200 6223
190.24.59.156 - - [17/Oct/2022:17:26:57 -0500] "GET /BLA/boletinlegal/admin/index_files/index_files/tback.gif HTTP/1.1" 404 1334
190.24.59.156 - - [17/Oct/2022:17:26:58 -0500] "GET /favicon.ico HTTP/1.1" 200 7782
190.24.59.156 - - [17/Oct/2022:17:27:01 -0500] "GET /BLA/boletinlegal/admin/actos/ingresar.php HTTP/1.1" 200 7143
190.24.59.156 - - [17/Oct/2022:17:27:02 -0500] "GET /BLA/boletinlegal/admin/css/default.css HTTP/1.1" 200 4379
190.24.59.156 - - [17/Oct/2022:17:27:03 -0500] "GET /BLA/boletinlegal/images/favicon.ico HTTP/1.1" 404 1328
216.245.221.92 - - [17/Oct/2022:17:27:09 -0500] "HEAD / HTTP/1.1" 200 -
66.249.73.127 - - [17/Oct/2022:17:27:10 -0500] "-" 408 -
200.118.16.180 - - [17/Oct/2022:17:27:20 -0500] "GET /galeria/galeria/jquery.fancybox.css?v=2.1.5 HTTP/1.1" 200 4895
200.118.16.180 - - [17/Oct/2022:17:27:22 -0500] "GET /BLA/boletinlegal/js/jquery.scrollShow.js HTTP/1.1" 200 4586
200.118.16.180 - - [17/Oct/2022:17:27:23 -0500] "GET /galeria/galeria/jquery.fancybox.js?v=2.1.5 HTTP/1.1" 200 48706
201.245.192.253 - - [17/Oct/2022:17:27:25 -0500] "POST /kwsrmcab/Wsrmcab  HTTP/1.1" 200 43296
104.194.199.19 - - [17/Oct/2022:17:28:18 -0500] "-" 408 -
172.22.2.4 - - [17/Oct/2022:17:26:50 -0500] "HEAD /BLA/boletinlegal/ HTTP/1.1" 200 -
190.24.59.156 - - [17/Oct/2022:17:28:44 -0500] "POST /BLA/boletinlegal/admin/actos/ingresar.php HTTP/1.1" 200 2102
190.24.59.156 - - [17/Oct/2022:17:28:46 -0500] "GET /BLA/boletinlegal/images/favicon.ico HTTP/1.1" 404 1328
190.24.59.156 - - [17/Oct/2022:17:28:48 -0500] "GET /BLA/boletinlegal/admin/actos/ingresar.php HTTP/1.1" 200 7143
190.24.59.156 - - [17/Oct/2022:17:28:48 -0500] "GET /BLA/boletinlegal/images/favicon.ico HTTP/1.1" 404 1328
172.22.2.4 - - [17/Oct/2022:17:27:40 -0500] "GET /BLA/boletinlegal/ HTTP/1.1" 200 55220
190.24.59.156 - - [17/Oct/2022:17:29:38 -0500] "POST /BLA/boletinlegal/admin/actos/ingresar.php HTTP/1.1" 200 2102
190.24.59.156 - - [17/Oct/2022:17:29:40 -0500] "GET /BLA/boletinlegal/images/favicon.ico HTTP/1.1" 404 1328
190.24.59.156 - - [17/Oct/2022:17:29:41 -0500] "GET /BLA/boletinlegal/admin/actos/ingresar.php HTTP/1.1" 200 7143
186.86.33.187 - - [17/Oct/2022:17:30:58 -0500] "GET /transparencia/General%20Asignado/? HTTP/1.1" 200 43125
172.22.2.4 - - [17/Oct/2022:17:31:02 -0500] "GET /BLA/boletinlegal/Circulares/2013/Circular%20No.%202%20del%2022%20de%20enero%20de%202013.pdf HTTP/1.1" 304 -
186.86.33.187 - - [17/Oct/2022:17:31:10 -0500] "GET /transparencia/General%20Asignado/Historico/Apropiacion%20Inicial%202021.pdf HTTP/1.1" 200 313864
186.86.33.187 - - [17/Oct/2022:17:31:11 -0500] "GET /transparencia/General%20Asignado/Historico/Apropiacion%20Inicial%202021.pdf HTTP/1.1" 200 313864
190.24.59.156 - - [17/Oct/2022:17:31:16 -0500] "POST /BLA/boletinlegal/admin/actos/ingresar.php HTTP/1.1" 200 2102
190.24.59.156 - - [17/Oct/2022:17:31:18 -0500] "GET /BLA/boletinlegal/images/favicon.ico HTTP/1.1" 404 1328
190.24.59.156 - - [17/Oct/2022:17:31:19 -0500] "GET /BLA/boletinlegal/admin/actos/ingresar.php HTTP/1.1" 200 7143
172.22.2.4 - - [17/Oct/2022:17:31:28 -0500] "GET /BLA/boletinlegal/jurisprudencia/analisis/analisis%20sentencia%20C%20401%20de%202010.doc HTTP/1.1" 304 -
201.245.192.253 - - [17/Oct/2022:17:31:43 -0500] "POST /kwsrmcab/Wsrmcab HTTP/1.1" 200 42946
201.245.192.253 - - [17/Oct/2022:17:31:46 -0500] "POST /kwsrmcab/Wsrmcab HTTP/1.1" 200 43759
186.86.33.187 - - [17/Oct/2022:17:31:52 -0500] "GET /transparencia/General%20Asignado/Vigencia%20actual/APROPIACION%20INICIAL%202022.pdf HTTP/1.1" 200 365308
190.24.59.156 - - [17/Oct/2022:17:32:04 -0500] "POST /BLA/boletinlegal/admin/actos/ingresar.php HTTP/1.1" 200 7236
190.24.59.156 - - [17/Oct/2022:17:32:06 -0500] "GET /BLA/boletinlegal/images/favicon.ico HTTP/1.1" 404 1328
216.245.221.92 - - [17/Oct/2022:17:32:09 -0500] "HEAD / HTTP/1.1" 200 -
172.22.2.4 - - [17/Oct/2022:17:32:18 -0500] "GET /BLA/boletinlegal/consulta_actos.php?tipo=autos&no=0560&usuario=&sector=&fecha=2018&resuelve= HTTP/1.1" 200 1455
172.22.2.4 - - [17/Oct/2022:17:32:18 -0500] "GET /BLA/boletinlegal/images/pdf.gif HTTP/1.1" 200 567
190.24.59.156 - - [17/Oct/2022:17:32:24 -0500] "GET /BLA/boletinlegal/admin/actos/ingresar.php HTTP/1.1" 200 7143
