!C99Shell v. 1.0 pre-release build #13!

Software: Apache. PHP/5.5.15 

uname -a: Windows NT SVR-DMZ 6.1 build 7600 (Windows Server 2008 R2 Enterprise Edition) i586 

SYSTEM 

Safe-mode: OFF (not secure)

E:\nuevo\apache\logs\   drwxrwxrwx
Free 8.02 GB of 239.26 GB (3.35%)
Detected drives: [ a ] [ c ] [ d ] [ e ] [ f ]
Home    Back    Forward    UPDIR    Refresh    Search    Buffer    Encoder    Tools    Proc.    FTP brute    Sec.    SQL    PHP-code    Update    Feedback    Self remove    Logout    


Viewing file:     access.2022.10.18.log (3.01 MB)      -rw-rw-rw-
Select action/file-type:
(+) | (+) | (+) | Code (+) | Session (+) | (+) | SDB (+) | (+) | (+) | (+) | (+) | (+) |
172.22.2.4 - - [17/Oct/2022:23:58:29 -0500] "GET /BLA/boletinlegal/ HTTP/1.1" 200 57375
114.119.132.76 - - [18/Oct/2022:00:00:52 -0500] "GET /BLA/resoluciones/AUTOS%202013/3091.pdf HTTP/1.1" 200 389266
201.245.192.253 - - [18/Oct/2022:00:01:07 -0500] "POST /kwsrmcab/Wsrmcab  HTTP/1.1" 200 43296
157.55.39.142 - - [18/Oct/2022:00:01:27 -0500] "GET /BLA/boletinlegal/images/screen_1.png HTTP/1.1" 200 202547
186.86.32.249 - - [18/Oct/2022:00:01:52 -0500] "GET /galeria/galeria/jquery.fancybox.css?v=2.1.5 HTTP/1.1" 200 4895
186.86.32.249 - - [18/Oct/2022:00:01:52 -0500] "GET /BLA/boletinlegal/js/jquery.scrollShow.js HTTP/1.1" 200 4586
186.86.32.249 - - [18/Oct/2022:00:01:52 -0500] "GET /galeria/galeria/jquery.fancybox.js?v=2.1.5 HTTP/1.1" 200 48706
216.245.221.92 - - [18/Oct/2022:00:02:08 -0500] "HEAD / HTTP/1.1" 200 -
172.22.2.4 - - [18/Oct/2022:00:03:59 -0500] "GET /BLA/boletinlegal/actos.php HTTP/1.1" 200 9566
172.22.2.4 - - [18/Oct/2022:00:03:59 -0500] "GET /BLA/boletinlegal/styles2.css HTTP/1.1" 200 1838
172.22.2.4 - - [18/Oct/2022:00:03:59 -0500] "GET /BLA/boletinlegal/js/ajax_actos.js HTTP/1.1" 200 1322
172.22.2.4 - - [18/Oct/2022:00:03:59 -0500] "GET /BLA/boletinlegal/niceforms-default.css HTTP/1.1" 200 6694
172.22.2.4 - - [18/Oct/2022:00:03:59 -0500] "GET /BLA/boletinlegal/style.css HTTP/1.1" 200 9406
172.22.2.4 - - [18/Oct/2022:00:03:59 -0500] "GET /BLA/boletinlegal/niceforms.js HTTP/1.1" 200 22876
172.22.2.4 - - [18/Oct/2022:00:03:59 -0500] "GET /BLA/boletinlegal/js/lib.js HTTP/1.1" 200 6474
172.22.2.4 - - [18/Oct/2022:00:03:59 -0500] "GET /BLA/boletinlegal/js/jquery1.js HTTP/1.1" 200 29846
172.22.2.4 - - [18/Oct/2022:00:03:59 -0500] "GET /BLA/boletinlegal/js/popup.js HTTP/1.1" 200 1270
172.22.2.4 - - [18/Oct/2022:00:03:59 -0500] "GET /BLA/boletinlegal/images/cabezote%20BLEGAL.jpg HTTP/1.1" 200 118164
172.22.2.4 - - [18/Oct/2022:00:03:59 -0500] "GET /BLA/boletinlegal/images/subscribe-icon-big.png HTTP/1.1" 200 47702
172.22.2.4 - - [18/Oct/2022:00:03:59 -0500] "GET /BLA/boletinlegal/images/historia.png HTTP/1.1" 200 52775
172.22.2.4 - - [18/Oct/2022:00:03:59 -0500] "GET /BLA/boletinlegal/images/registro-usuarios.png HTTP/1.1" 200 8106
172.22.2.4 - - [18/Oct/2022:00:03:59 -0500] "GET /BLA/boletinlegal/images/green-yellow-blue-pink-th.png HTTP/1.1" 200 7394
172.22.2.4 - - [18/Oct/2022:00:03:59 -0500] "GET /BLA/boletinlegal/images/tel.png HTTP/1.1" 200 14477
172.22.2.4 - - [18/Oct/2022:00:03:59 -0500] "GET /BLA/boletinlegal/images/icono-email.png HTTP/1.1" 200 5544
172.22.2.4 - - [18/Oct/2022:00:03:59 -0500] "GET /BLA/boletinlegal/images/body_bg.jpg HTTP/1.1" 200 1601
172.22.2.4 - - [18/Oct/2022:00:03:59 -0500] "GET /BLA/boletinlegal/images/menu_lft.gif HTTP/1.1" 200 1713
172.22.2.4 - - [18/Oct/2022:00:03:59 -0500] "GET /BLA/boletinlegal/images/menu_rght.gif HTTP/1.1" 200 1627
172.22.2.4 - - [18/Oct/2022:00:03:59 -0500] "GET /BLA/boletinlegal/images/bg_top.jpg HTTP/1.1" 200 522
172.22.2.4 - - [18/Oct/2022:00:03:59 -0500] "GET /BLA/boletinlegal/images/footer_bg.jpg HTTP/1.1" 200 586
172.22.2.4 - - [18/Oct/2022:00:03:59 -0500] "GET /BLA/boletinlegal/images/menu_bg.jpg HTTP/1.1" 200 620
172.22.2.4 - - [18/Oct/2022:00:03:59 -0500] "GET /BLA/boletinlegal/images/hover.jpg HTTP/1.1" 200 640
172.22.2.4 - - [18/Oct/2022:00:03:59 -0500] "GET /BLA/boletinlegal/images/text.jpg HTTP/1.1" 200 568
172.22.2.4 - - [18/Oct/2022:00:03:59 -0500] "GET /BLA/boletinlegal/images/footer_bg_l.jpg HTTP/1.1" 200 776
172.22.2.4 - - [18/Oct/2022:00:04:00 -0500] "GET /BLA/boletinlegal/img/0.png HTTP/1.1" 200 110
172.22.2.4 - - [18/Oct/2022:00:04:00 -0500] "GET /BLA/boletinlegal/img/button-left.png HTTP/1.1" 200 57071
172.22.2.4 - - [18/Oct/2022:00:04:00 -0500] "GET /BLA/boletinlegal/img/select-left.png HTTP/1.1" 200 263
172.22.2.4 - - [18/Oct/2022:00:04:00 -0500] "GET /BLA/boletinlegal/img/select-right.png HTTP/1.1" 200 44019
172.22.2.4 - - [18/Oct/2022:00:04:00 -0500] "GET /BLA/boletinlegal/img/button-right.png HTTP/1.1" 200 57878
172.22.2.4 - - [18/Oct/2022:00:04:00 -0500] "GET /BLA/boletinlegal/img/button.png HTTP/1.1" 200 43241
172.22.2.4 - - [18/Oct/2022:00:04:00 -0500] "GET /BLA/boletinlegal/favicon.ico HTTP/1.1" 404 1326
172.22.2.4 - - [18/Oct/2022:00:04:01 -0500] "GET /BLA/boletinlegal/consulta_actos.php?tipo=autos&no=&usuario=&sector=&fecha=2022&resuelve= HTTP/1.1" 200 1136586
172.22.2.4 - - [18/Oct/2022:00:04:03 -0500] "GET /BLA/boletinlegal/images/pdf.gif HTTP/1.1" 200 567
172.22.2.4 - - [18/Oct/2022:00:04:03 -0500] "GET /BLA/boletinlegal/images/background.gif HTTP/1.1" 200 -
172.22.2.4 - - [18/Oct/2022:00:04:17 -0500] "GET /BLA/boletinlegal/xmlrpc.php HTTP/1.1" 404 1038
172.22.2.4 - - [18/Oct/2022:00:04:51 -0500] "GET /BLA/boletinlegal/consulta_actos.php?tipo=resoluciones&no=&usuario=&sector=&fecha=2022&resuelve= HTTP/1.1" 200 2621398
172.22.2.4 - - [18/Oct/2022:00:03:29 -0500] "HEAD /BLA/boletinlegal/ HTTP/1.1" 200 -
181.53.12.233 - - [18/Oct/2022:00:05:10 -0500] "GET /BLA/resoluciones/RESOLUCIONES%202022/4268.pdf HTTP/1.1" 200 400486
181.53.12.233 - - [18/Oct/2022:00:05:10 -0500] "GET /favicon.ico HTTP/1.1" 200 7782
172.22.2.4 - - [18/Oct/2022:00:04:19 -0500] "GET /BLA/boletinlegal/ HTTP/1.1" 200 56014
201.245.192.253 - - [18/Oct/2022:00:06:06 -0500] "POST /kwsrmcab/Wsrmcab  HTTP/1.1" 200 43296
114.119.141.53 - - [18/Oct/2022:00:06:40 -0500] "GET /Autoliquidacion/index.php?dir=Solicitud%20de%20Clasificaci%C3%83%C2%83%C3%82%C2%83%C3%83%C2%82%C3%82%C2%83%C3%83%C2%83%C3%82%C2%82%C3%83%C2%82%C3%82%C2%83%C3%83%C2%83%C3%82%C2%83%C3%83%C2%82%C3%82%C2%82%C3%83%C2%83%C3%82%C2%82%C3%83%C2%82%C3%82%C2%AF%C3%83%C2%83%C3%82%C2%83%C3%83%C2%82%C3%82%C2%83%C3%83%C2%83%C3%82%C2%82%C3%83%C2%82%C3%82%C2%82%C3%83%C2%83%C3%82%C2%83%C3%83%C2%82%C3%82%C2%82%C3%83%C2%83%C3%82%C2%82%C3%83%C2%82%C3%82%C2%BF%C3%83%C2%83%C3%82%C2%83%C3%83%C2%82%C3%82%C2%83%C3%83%C2%83%C3%82%C2%82%C3%83%C2%82%C3%82%C2%82%C3%83%C2%83%C3%82%C2%83%C3%83%C2%82%C3%82%C2%82%C3%83%C2%83%C3%82%C2%82%C3%83%C2%82%C3%82%C2%BDn%20de%20Impacto%20Ambiental/&sort=name&order=desc HTTP/1.1" 200 7497
69.171.249.20 - - [18/Oct/2022:00:06:48 -0500] "GET /images/reunion-planta-termovalorizacion-11-mayo.jpg HTTP/1.1" 200 34782
216.245.221.92 - - [18/Oct/2022:00:07:08 -0500] "HEAD / HTTP/1.1" 200 -
181.53.12.233 - - [18/Oct/2022:00:07:21 -0500] "GET /BLA/resoluciones/RESOLUCIONES%202022/3884.pdf HTTP/1.1" 200 358526
181.53.12.233 - - [18/Oct/2022:00:07:37 -0500] "GET /BLA/resoluciones/RESOLUCIONES%202022/3922.pdf HTTP/1.1" 200 5739850
114.119.132.76 - - [18/Oct/2022:00:08:23 -0500] "GET /BLA/resoluciones/RESOLUCIONES%202010/6288.pdf HTTP/1.1" 200 3356825
207.46.13.40 - - [18/Oct/2022:00:09:11 -0500] "GET /BLA/resoluciones/00001784.tif HTTP/1.1" 404 1018
172.22.2.4 - - [18/Oct/2022:00:09:42 -0500] "GET /BLA/boletinlegal/conceptos.php HTTP/1.1" 200 7450
172.22.2.4 - - [18/Oct/2022:00:09:42 -0500] "GET /BLA/boletinlegal/js/ajax_conceptos.js HTTP/1.1" 200 1326
172.22.2.4 - - [18/Oct/2022:00:09:44 -0500] "GET /BLA/boletinlegal/consulta_conceptos.php?no=&solicitante=&radicado_entrada=&fecha_concepto=2022&objeto= HTTP/1.1" 200 27473
114.119.141.69 - - [18/Oct/2022:00:10:01 -0500] "GET /BLA/resoluciones/AUTOS%202014/5593.pdf HTTP/1.1" 200 184062
172.22.2.4 - - [18/Oct/2022:00:09:19 -0500] "HEAD /BLA/boletinlegal/ HTTP/1.1" 200 -
201.245.192.253 - - [18/Oct/2022:00:11:05 -0500] "POST /kwsrmcab/Wsrmcab  HTTP/1.1" 200 43296
114.119.141.42 - - [18/Oct/2022:00:11:37 -0500] "GET /BLA/resoluciones/RESOLUCIONES%202013/2010.pdf HTTP/1.1" 200 1005030
172.22.2.4 - - [18/Oct/2022:00:10:09 -0500] "GET /BLA/boletinlegal/ HTTP/1.1" 200 54003
216.245.221.92 - - [18/Oct/2022:00:12:08 -0500] "HEAD / HTTP/1.1" 200 -
172.22.2.4 - - [18/Oct/2022:00:11:30 -0500] "GET /BLA/boletinlegal/ HTTP/1.1" 200 24523
35.210.24.3 - - [18/Oct/2022:00:12:24 -0500] "GET /bla/boletinlegal/actos.php HTTP/1.1" 200 9566
114.119.141.73 - - [18/Oct/2022:00:13:29 -0500] "GET /BLA/resoluciones/RESOLUCIONES%202010/6982.pdf HTTP/1.1" 200 701066
152.61.192.232 - - [18/Oct/2022:00:14:05 -0500] "GET / HTTP/1.1" 200 319
114.119.141.71 - - [18/Oct/2022:00:15:47 -0500] "GET /BLA/resoluciones/RESOLUCIONES%202017/1902.pdf HTTP/1.1" 200 410124
172.22.2.4 - - [18/Oct/2022:00:14:09 -0500] "GET /BLA/boletinlegal/ HTTP/1.1" 200 60281
201.245.192.253 - - [18/Oct/2022:00:16:04 -0500] "POST /kwsrmcab/Wsrmcab  HTTP/1.1" 200 43296
172.22.2.4 - - [18/Oct/2022:00:15:09 -0500] "HEAD /BLA/boletinlegal/ HTTP/1.1" 200 -
186.99.30.0 - - [18/Oct/2022:00:16:55 -0500] "GET /la-secretaria-de-ambiente-abre-nueva-convocatoria-para-su-programa-de-voluntariado-ambiental.html HTTP/1.1" 200 976
216.245.221.92 - - [18/Oct/2022:00:17:08 -0500] "HEAD / HTTP/1.1" 200 -
114.119.141.71 - - [18/Oct/2022:00:17:23 -0500] "GET /BLA/resoluciones/RESOLUCIONES%202010/5303.pdf HTTP/1.1" 200 753075
172.22.2.4 - - [18/Oct/2022:00:15:59 -0500] "GET /BLA/boletinlegal/ HTTP/1.1" 200 59828
114.119.141.73 - - [18/Oct/2022:00:19:42 -0500] "GET /BLA/resoluciones/AUTOS%202017/0899.pdf HTTP/1.1" 200 645237
201.245.192.253 - - [18/Oct/2022:00:21:03 -0500] "POST /kwsrmcab/Wsrmcab  HTTP/1.1" 200 43296
201.245.192.253 - - [18/Oct/2022:00:21:42 -0500] "POST /kwsrmcab/Wsrmcab HTTP/1.1" 200 42786
201.245.192.253 - - [18/Oct/2022:00:21:44 -0500] "POST /kwsrmcab/Wsrmcab HTTP/1.1" 200 43296
216.245.221.92 - - [18/Oct/2022:00:22:08 -0500] "HEAD / HTTP/1.1" 200 -
172.22.2.4 - - [18/Oct/2022:00:20:59 -0500] "HEAD /BLA/boletinlegal/ HTTP/1.1" 200 -
114.119.141.52 - - [18/Oct/2022:00:23:04 -0500] "GET /BLA/resoluciones/AUTOS%202013/0124.pdf HTTP/1.1" 200 3633244
172.22.2.4 - - [18/Oct/2022:00:21:49 -0500] "GET /BLA/boletinlegal/ HTTP/1.1" 200 57725
152.61.128.50 - - [18/Oct/2022:00:23:37 -0500] "GET / HTTP/1.1" 200 319
114.119.141.69 - - [18/Oct/2022:00:24:37 -0500] "GET /BLA/resoluciones/AUTOS%202017/2822.pdf HTTP/1.1" 200 430812
69.63.184.118 - - [18/Oct/2022:00:25:02 -0500] "GET /images/musgo-planta-flora-bogota-27-noviembre.jpg HTTP/1.1" 200 65902
201.245.192.253 - - [18/Oct/2022:00:26:02 -0500] "POST /kwsrmcab/Wsrmcab  HTTP/1.1" 200 43296
207.46.13.181 - - [18/Oct/2022:00:27:00 -0500] "GET /portaldeninos/parque-mirador-de-los-nevados/ HTTP/1.1" 200 89855
216.245.221.92 - - [18/Oct/2022:00:27:08 -0500] "HEAD / HTTP/1.1" 200 -
114.119.141.42 - - [18/Oct/2022:00:27:40 -0500] "GET /BLA/resoluciones/RESOLUCIONES%202007/RES%202007%202601%20AL%202700/RESOLUCION%202654%20DE%202007.pdf HTTP/1.1" 200 796069
172.22.2.4 - - [18/Oct/2022:00:26:49 -0500] "HEAD /BLA/boletinlegal/ HTTP/1.1" 200 -
172.22.2.4 - - [18/Oct/2022:00:27:39 -0500] "GET /BLA/boletinlegal/ HTTP/1.1" 200 58163
114.119.141.52 - - [18/Oct/2022:00:29:20 -0500] "GET /BLA/resoluciones/RESOLUCIONES%202017/0980.pdf HTTP/1.1" 200 5914811
114.119.132.76 - - [18/Oct/2022:00:31:01 -0500] "GET /BLA/resoluciones/RESOLUCIONES%202010/0036.pdf HTTP/1.1" 200 147744
201.245.192.253 - - [18/Oct/2022:00:31:01 -0500] "POST /kwsrmcab/Wsrmcab  HTTP/1.1" 200 43296
201.245.192.253 - - [18/Oct/2022:00:31:41 -0500] "POST /kwsrmcab/Wsrmcab HTTP/1.1" 200 42786
201.245.192.253 - - [18/Oct/2022:00:31:44 -0500] "POST /kwsrmcab/Wsrmcab HTTP/1.1" 200 43296
172.22.2.4 - - [18/Oct/2022:00:31:47 -0500] "GET /BLA/boletinlegal/86ad51912cd50365a9edf05ddaee1fd2/css/legacy-main.css HTTP/1.1" 404 1018
216.245.221.92 - - [18/Oct/2022:00:32:08 -0500] "HEAD / HTTP/1.1" 200 -
114.119.141.73 - - [18/Oct/2022:00:32:46 -0500] "GET /BLA/resoluciones/RESOLUCIONES%202010/2532.pdf HTTP/1.1" 200 497795
172.22.2.4 - - [18/Oct/2022:00:32:39 -0500] "HEAD /BLA/boletinlegal/ HTTP/1.1" 200 -
114.119.141.52 - - [18/Oct/2022:00:34:24 -0500] "GET /BLA/resoluciones/RESOLUCIONES%202010/2164.pdf HTTP/1.1" 200 515091
172.22.2.4 - - [18/Oct/2022:00:33:29 -0500] "GET /BLA/boletinlegal/ HTTP/1.1" 200 56732
201.245.192.253 - - [18/Oct/2022:00:36:00 -0500] "POST /kwsrmcab/Wsrmcab  HTTP/1.1" 200 43296
186.31.59.52 - - [18/Oct/2022:00:37:05 -0500] "GET /kwssiamovil/sm/ldap/au?x=U2FsdGVkX1/Wapp0kd5IY37hvOvZHLks021d8Zmn6lr42A6nFJUANg1VZX3PzkRN&y=U2FsdGVkX1/Br/VbGDq3bN8y7kAkPtz86nsk+C8SRZVcOJFlp6b5kFl0kumQ9DbV HTTP/1.1" 200 30
186.31.59.52 - - [18/Oct/2022:00:37:06 -0500] "GET /kwssiamovil/sm/acme/s?s=U2FsdGVkX19NDLiYsMlF6HzFnnBZ4NsFru+eDq7iqlNLV/CIaLrwkh28CFvB6BzDs7NXbGgSShTeALw9Slnu7/IpkKuYjdPcEOBh7GS3ExY=&u=U2FsdGVkX1+AUJPoX0QaW/uN7D9XwOqRITsjrWIBVqaRPPnhNvW1V9mehLD6Sv7a&y=U2FsdGVkX1/Br/VbGDq3bN8y7kAkPtz86nsk+C8SRZVcOJFlp6b5kFl0kumQ9DbV HTTP/1.1" 200 97
186.31.59.52 - - [18/Oct/2022:00:37:06 -0500] "GET /kwssiamovil/sm/acme/s?s=U2FsdGVkX1/RKi8oay47PjbT5l8GBuU5FtGYVobC+5Fp9K1I+Iq1e9shkrm2NQ0gVghM61A4iKlbnB9VfCpNwseLaD6MPQVNg6f5Qemuw+zfXZ3ywkPJCGC7tRnExw0BUVQ4fWdaWlmXS1mm+EAEF9qIYTfTlGhvulYsYOtPQfcH9cds1xaD5vB5ReHmlbDUXDb4Vtp4c3sIGSzTW1I07daqDb5lwT9f7ceL0hvgJjgpJP4LnkhCV7YHYkb0BrO1Qc8xw0CQPm42BRWnvw4j60h7J6ZBUwFdPGnZbFCzM4q9bXXfPtHfQoXrWRUxzjHjy8K4p/lwxkXw0K/y94newQ0+wDXb0OBcbpvD/bSRgH504ffebLaZL7Bf+4OoMguVyiyU6M9YxmWBLGZIarZDinjFrk1xUopI2yYB023AhMRurrkPc0yUt+YR4QSIndZ9UrnRrtuUUwsHD8S7m4Q9ULMYHS7oVrDXPR2GLeDYbXU4pWzVgOI6RRxP7I44qiFXEJYxNZ+gTuOMmcrnpAgGqbxRwlAS31c13KjUdbWrkRZpr6u/OIKMxqEzjhUPAwp4uQ005lvJkw6hA8HBkpYkb7JpEXxQlboUvqRK4A+PfRwhoGaSFjnRTdoCIaJnf6mKwJcQZx5rEE8w9GiDWtLFhHUkr/gzZ3UfZmF8fUW6wJPpnBrVLtUGUQjpf0MfX6zbIQoQkwvMpDfPuU764cbHeoe3bB0wymXr+BvbKUrJySr1YpARjR5NzntXxg+KJX4Z/ku382bzjkmQHqbTTxw20cRutLwLxNv/EsAQWpPCEL9DiQiitCVgTrhNa+QOkjkR3sPlypghfY+ULAyEEGbSUo1cL4KrJc12lDYXmB5pC5v3tKNpTEgZlxuODgZrI35v2PvOabtgmGmHMII+SeCSJys0bHL+AOmDimKANHWcSGQ7HkYzOL7dzaPalrBLcpmyPpvdr13BWASbDtyjHWVigHzYQHG0aOsZ5rO1tz6jsk1P0W7rSVTLxb7ZfGPm56ePjrBwL3Kutx74DZG3aRruoon4mpfiZtjRZQYmA5MnpmlfI7eWKQc75FjpoIAIZFuHYptXOzXCbepOAGV1SJFTX4uZkqx3VTLxem69dt4zTenTy5+LhPfJas0KtFENohBwowpmoSl2rnGkOhm4xcvaV3aUOyijQtFb4UxtGCRa4WrHs5mUL+aHGbke56ZgYU3uODHDjJSys6l9JlBOWo9o1KtUmJ2IQoolhOBGN96D/wJ60c3nErXnBoUZK7JjJ7xTNYrRpyXlibnR0YMJM7ZRTXuOv8yOEiKS1dzw6mYeIlXD9F+gPixpFeHvihm2+HCaeurFitzQHsTObLtAUxjsSRs0SxAaYOyXyOCVkZgwe2jiKjOe6km6o0eyeAU05xt76GpV7DoOd7XnIEuwTNjdtvdaQlI2kZ7idOIOsVwI3L4=&u=U2FsdGVkX1+AUJPoX0QaW/uN7D9XwOqRITsjrWIBVqaRPPnhNvW1V9mehLD6Sv7a&y=U2FsdGVkX1/Br/VbGDq3bN8y7kAkPtz86nsk+C8SRZVcOJFlp6b5kFl0kumQ9DbV HTTP/1.1" 200 15444
186.31.59.52 - - [18/Oct/2022:00:37:06 -0500] "GET /kwssiamovil/sm/acme/s?s=U2FsdGVkX199gh0mr6AD5I0oVzQjsHRZAxx0xiLUpZy3iSqTRGPyfLwza6rL0XliQUVnItyHPr68KS7ETd1w1YFnoG+o3jSCHRB2+AARp1RXCvGl9XnEfjbJAwzn5g/vpJ4Lq4Pj36Ei9aeWMbObzDpR0DDCIXRfCwYkFRyuGYIgbSmbnGFtrTPHlBLaIM4KMHFCJ2gB0Tk/PBl/xf2bmE0YlgSW2595OMXHOsL36UcYhSpMgDSllsDC3dRDmA2z0mHWty4UA5rvVJlXN+EZN/FnXJl/KTIK+UP1KVmG20GYHHnbJihSGedRKKbW4OjpNzIlAjc9RU/m5Rdpyyj2Y6lh7BUKcJ/SypjBNJ0Itgk=&u=U2FsdGVkX1+AUJPoX0QaW/uN7D9XwOqRITsjrWIBVqaRPPnhNvW1V9mehLD6Sv7a&y=U2FsdGVkX1/Br/VbGDq3bN8y7kAkPtz86nsk+C8SRZVcOJFlp6b5kFl0kumQ9DbV HTTP/1.1" 200 196
186.31.59.52 - - [18/Oct/2022:00:37:06 -0500] "GET /kwssiamovil/sm/cjson/pre?f=1&x=U2FsdGVkX1/Wapp0kd5IY37hvOvZHLks021d8Zmn6lr42A6nFJUANg1VZX3PzkRN HTTP/1.1" 200 30992
216.245.221.92 - - [18/Oct/2022:00:37:08 -0500] "HEAD / HTTP/1.1" 200 -
172.22.2.4 - - [18/Oct/2022:00:38:29 -0500] "HEAD /BLA/boletinlegal/ HTTP/1.1" 200 -
114.119.141.51 - - [18/Oct/2022:00:40:15 -0500] "GET /BLA/resoluciones/RESOLUCIONES%202010/5607.pdf HTTP/1.1" 200 1296326
172.22.2.4 - - [18/Oct/2022:00:39:19 -0500] "GET /BLA/boletinlegal/ HTTP/1.1" 200 58163
201.245.192.253 - - [18/Oct/2022:00:40:58 -0500] "POST /kwsrmcab/Wsrmcab  HTTP/1.1" 200 43296
201.245.192.253 - - [18/Oct/2022:00:41:41 -0500] "POST /kwsrmcab/Wsrmcab HTTP/1.1" 200 42786
201.245.192.253 - - [18/Oct/2022:00:41:44 -0500] "POST /kwsrmcab/Wsrmcab HTTP/1.1" 200 43296
114.119.141.53 - - [18/Oct/2022:00:41:51 -0500] "GET /BLA/resoluciones/RESOLUCIONES%202007/RES%202007%203101%20AL%203200/RESOLUCION%203112%20DE%202007.pdf HTTP/1.1" 200 336233
216.245.221.92 - - [18/Oct/2022:00:42:08 -0500] "HEAD / HTTP/1.1" 200 -
128.199.170.232 - - [18/Oct/2022:00:42:43 -0500] "\x16\x03\x01" 400 226
128.199.170.232 - - [18/Oct/2022:00:42:44 -0500] "\x16\x03\x01" 400 226
128.199.170.232 - - [18/Oct/2022:00:42:44 -0500] "\x16\x03\x01" 400 226
186.31.59.52 - - [18/Oct/2022:00:43:12 -0500] "GET /kwssiamovil/sm/acme/a?s=U2FsdGVkX1/SGm3g8/iyW0QLVXJ4HIXspSpSOYGfR5WTJ1o1u91fV6W3T73vMVcfIEGOWtH0bYf0ra4FiVU2ZS6D2eFRUYl3Q3Wob7y87nc6J3U1Wfd00n2YDymQejzlooXkPoLDcpVtnLhENM0/lVuTkdKqEnFZyEampPTj5MNpstJA9DOkSm/ZRMSUQSfACQpgdmf/wmeYSbTTuN0hIgVGxGJTlq8bGlpZvaZwXGqPZll+G8xHbnruoqn+AiFcbt3zJsahIXSQtX85afuHYw==&u=U2FsdGVkX1+AUJPoX0QaW/uN7D9XwOqRITsjrWIBVqaRPPnhNvW1V9mehLD6Sv7a&y=U2FsdGVkX1/Br/VbGDq3bN8y7kAkPtz86nsk+C8SRZVcOJFlp6b5kFl0kumQ9DbV HTTP/1.1" 200 26
186.31.59.52 - - [18/Oct/2022:00:43:12 -0500] "GET /kwssiamovil/sm/acme/a?s=U2FsdGVkX1+1eHFvF47zYhHA+15Xl6IsXRTDI0+1jQbv02DqIFMIHHAGUktpnDW9CYukQLhT2c4XmsFpg8HKV57+PN6Dhx/UZ186CyCSQYZhFpUaYMlCFOOWBXQpJGJXFqyqT3xHYdizpHLrKy4lnjzFCEA8eluZjNW0eUGSDwbiuajhVP5G4iJ3AQNxsyKMmxbOObtvaC4RkZ3vJC3e/kv+bm178oE7uxHPXF9cl44ISSzIxRHE2bB+VvJDZXA20FIjB2SKZkIWVjcax0a8ooYVq8eUXGodoJmcFZA8ePKqNrmeCgCkWEtsqO9smmSE9v3/Jn8FUejlY2dkA8FQfecSmiTW64WfgMiE/ZbVzJNG2k22hvnBqMQ3hy2C0QdftHtjcUT9OEZoUkeL6g8TFHEfKgBdSUMj/b6Xy5U29gsnrFD0fVsMZ+2/2GKjROGC3aqyWiwzquBBfSNNyjde9zQEfEvaEM8dO7Ww9bm94NJfsnqGk7MssY5ImtnvmmViqokPwZwd8LBUz42eg0Ckf2+nL5Vedss52a68ciLynolGfIhJ+Bh3zuPAnIXZDppbUI4wdvi0Y70qv64yzQCvRZ79Qvrr2tbtKgx2XTobh75jxrygFS+aAH4y2fRSnG36KONUFlyQqZCK5jlYEfepmfM69vO6rUJ7xL4Pxztiz7wUStNe//svniVzLzyR2NI53la8ZG9VcOvFDq6HQJQWGXnNz9a/K59YQqGXGW4sSFO+ODr9wf82dHUT4Sg/kzZzYvByooAmjYEUscjc3Qn30Mx/kqtRoOdr4VGoi0cn9gAK56I67GJZslkomOyts+IcTwKOTVx4++UpBBAA65qteYaD8wH+8KH9E+iHuPGUG2jt6yeH961rUtt3tvcj1jBGUEe/8RgmFWQXHreEw4WeCcM61qYwa4AuBfux9W39x+m7eGz9uV+pgv43p3ybgXInA232Bbfs74Iauf6TbLrsIc/avGoNIQBEzO8SCjvfu5mx4VZwCE1eS+2mkgMrW0W48xft5fnkOQnOmVidjg+28X0wYQ17hokVdjKB4eDYtAvxve1fnC8+neB1/iXzJqAE2lZFXQkD0jEyjKFU0wEFxuLJXWluUW2xZ/84paAYFGAS5sVWxPCcQWqEd9Rc86Ludqh8G+t2CscaeSyzS+VAneTNQBaE2EaiDz1Xx8dqnxPUCITGowhj6eXK4rQpC0uH3n8YbsWGROSxd9xCA3oo7VfyRSnS1MzK8pTdsrg1VMRvgdYtAbEHziqYtPgFwKdmq6eXYI4pW37wBK2cudiHrkG/JIB6t/UeoR8dVGfmu6GckLQt2Gwjce99DZku3O9l8emK0MLCYc1LNCocnxicLM0+J6/mTeOfRBZ+kCKxrw+e5uvp3dCZg1UfhaLuWvrcdTWG68tQ8hpVOdcyHm2dXrUGcbhYP3SxmYHw2RfdUVbQUYF76Vu2iS0N0Hyw4EOkhuXy8hAHUNi0BHH8KKyDUCzG6KaQIg3GudRKWjgOxBkXr8I3dBhEGgF9ayZw7ZGhtqgdfahWxQCIIbwTR9NyYjJYWC3XCDwOrTMb/YziXh7UinqW5Xgm/iEf0qReXzftKASu+HTcWC9pgq5YuVZPDdzLrOtGGYZ4LpBNNXQ2xlfTJo7vZLYhuBUgFDEkQt7x327tVdiOKfSMIJRyyjqXqbCnxbPq6Cl5Eh7sqvNIILRnH3pPQXC/pUCB662g9cBiYNYADADXIkOTqOsindxdTdH2U/y7bVQN1QWWbGv8Is7WYedaWa0FQaSQVTA5Ixn6&u=U2FsdGVkX1+AUJPoX0QaW/uN7D9XwOqRITsjrWIBVqaRPPnhNvW1V9mehLD6Sv7a&y=U2FsdGVkX1/Br/VbGDq3bN8y7kAkPtz86nsk+C8SRZVcOJFlp6b5kFl0kumQ9DbV HTTP/1.1" 200 25
186.31.59.52 - - [18/Oct/2022:00:43:12 -0500] "GET /kwssiamovil/sm/acme/a?s=U2FsdGVkX1/0ehIPTQ65Iwv85FRhWjPXPryyVGFvwVgzMCNIGWWA2KxIG+VZnKrHUCrVZTsho6QT0RVaJlGbSZeH6BqG4gs/VieLhpLDZluSk1lM+teJ4b26cNvCDY3NB0B4ca6tQRHBGEx2rzj2BQYOJ4mf5PKOYN0lAVi3Ghw=&u=U2FsdGVkX1+AUJPoX0QaW/uN7D9XwOqRITsjrWIBVqaRPPnhNvW1V9mehLD6Sv7a&y=U2FsdGVkX1/Br/VbGDq3bN8y7kAkPtz86nsk+C8SRZVcOJFlp6b5kFl0kumQ9DbV HTTP/1.1" 200 26
186.31.59.52 - - [18/Oct/2022:00:43:13 -0500] "GET /kwssiamovil/sm/acme/a?s=U2FsdGVkX18/tlsITCb8XzvfAOslBBA8LIOOWudVzc9ofq2lc0UCeAhqYK9wFWxxp33JEMpGTh7X7CD9YdIryWrY08LxA1IxLwXAo2vAcy+IZ4LjjxnmafLdEhq/4tfKpP64J7kSVStEOrwxH22Op1OC2lHbppd8SLUGOJE9OZE=&u=U2FsdGVkX1+AUJPoX0QaW/uN7D9XwOqRITsjrWIBVqaRPPnhNvW1V9mehLD6Sv7a&y=U2FsdGVkX1/Br/VbGDq3bN8y7kAkPtz86nsk+C8SRZVcOJFlp6b5kFl0kumQ9DbV HTTP/1.1" 200 25
186.31.59.52 - - [18/Oct/2022:00:43:13 -0500] "GET /kwssiamovil/sm/acme/a?s=U2FsdGVkX1/Uaah6J/RndL7FH+5mKQV2LC9OlG5cd/PZCPtak5mduq8o3r6Y3wLzfvj42SsKqUi5uLURMf5PuB16KqRGXq+4XR+Pyf9QprTDw+09DAnebxRlCgcNl9CrbnGhTeALmlGi8+/V4gwd5rACgAgW7QAJNXRu60EtvuY=&u=U2FsdGVkX1+AUJPoX0QaW/uN7D9XwOqRITsjrWIBVqaRPPnhNvW1V9mehLD6Sv7a&y=U2FsdGVkX1/Br/VbGDq3bN8y7kAkPtz86nsk+C8SRZVcOJFlp6b5kFl0kumQ9DbV HTTP/1.1" 200 25
186.31.59.52 - - [18/Oct/2022:00:43:13 -0500] "GET /kwssiamovil/sm/acme/a?s=U2FsdGVkX1/O09S8LU9bMPcZGtPX3YlLwzm5dmWTEaLDDKHr3VpWnmJlvKIFFJ1d9gEUXpJY+PXpgl/a8uxY1IX1BAmP+s6njDUp8bi0Cbjt95hUzzvxtmIG4j1WU2rAdyd+KtNX9MfaRrgB8bxSXChVOWgKg+TN5nm+sZGjpt4MSEH6AiIka8Ak/7sl1CFXjrZcceXuR2mErKK/FUyOZw==&u=U2FsdGVkX1+AUJPoX0QaW/uN7D9XwOqRITsjrWIBVqaRPPnhNvW1V9mehLD6Sv7a&y=U2FsdGVkX1/Br/VbGDq3bN8y7kAkPtz86nsk+C8SRZVcOJFlp6b5kFl0kumQ9DbV HTTP/1.1" 200 25
114.119.132.76 - - [18/Oct/2022:00:43:29 -0500] "GET /BLA/resoluciones/RESOLUCIONES%202010/2179.pdf HTTP/1.1" 200 490371
114.119.141.69 - - [18/Oct/2022:00:45:24 -0500] "GET /BLA/resoluciones/RESOLUCIONES%202012/1214.pdf HTTP/1.1" 200 744477
172.22.2.4 - - [18/Oct/2022:00:44:19 -0500] "HEAD /BLA/boletinlegal/ HTTP/1.1" 200 -
201.245.192.253 - - [18/Oct/2022:00:45:58 -0500] "POST /kwsrmcab/Wsrmcab  HTTP/1.1" 200 43296
172.22.2.4 - - [18/Oct/2022:00:45:09 -0500] "GET /BLA/boletinlegal/ HTTP/1.1" 200 57725
216.245.221.92 - - [18/Oct/2022:00:47:08 -0500] "HEAD / HTTP/1.1" 200 -
157.55.39.159 - - [18/Oct/2022:00:50:32 -0500] "GET /portaldeninos/2021/05/21/2070/ HTTP/1.1" 200 109949
201.245.192.253 - - [18/Oct/2022:00:50:57 -0500] "POST /kwsrmcab/Wsrmcab  HTTP/1.1" 200 43296
114.119.141.73 - - [18/Oct/2022:00:51:03 -0500] "GET /BLA/resoluciones/RESOLUCIONES%202012/1105.pdf HTTP/1.1" 200 1641891
172.22.2.4 - - [18/Oct/2022:00:50:09 -0500] "HEAD /BLA/boletinlegal/ HTTP/1.1" 200 -
216.245.221.92 - - [18/Oct/2022:00:52:08 -0500] "HEAD / HTTP/1.1" 200 -
172.22.2.4 - - [18/Oct/2022:00:50:59 -0500] "GET /BLA/boletinlegal/ HTTP/1.1" 200 58163
114.119.141.73 - - [18/Oct/2022:00:52:46 -0500] "GET /sig/Direccionamiento%20Estrategico/126PG01-PR05.pdf HTTP/1.1" 200 357496
201.245.192.253 - - [18/Oct/2022:00:55:56 -0500] "POST /kwsrmcab/Wsrmcab  HTTP/1.1" 200 43296
216.245.221.92 - - [18/Oct/2022:00:57:08 -0500] "HEAD / HTTP/1.1" 200 -
172.22.2.4 - - [18/Oct/2022:00:55:59 -0500] "HEAD /BLA/boletinlegal/ HTTP/1.1" 200 -
172.22.2.4 - - [18/Oct/2022:00:56:49 -0500] "GET /BLA/boletinlegal/ HTTP/1.1" 200 58163
114.119.141.73 - - [18/Oct/2022:00:58:54 -0500] "GET /BLA/resoluciones/RESOLUCIONES%202018/1565.pdf HTTP/1.1" 200 414191
175.100.20.205 - - [18/Oct/2022:00:59:29 -0500] "GET / HTTP/1.1" 200 319
175.100.20.205 - - [18/Oct/2022:00:59:30 -0500] "GET /.env HTTP/1.1" 404 1018
175.100.20.205 - - [18/Oct/2022:00:59:30 -0500] "POST / HTTP/1.1" 200 319
175.100.20.205 - - [18/Oct/2022:00:59:31 -0500] "GET /_profiler/phpinfo HTTP/1.1" 404 1018
175.100.20.205 - - [18/Oct/2022:00:59:32 -0500] "GET /debug/default/view?panel=config HTTP/1.1" 404 1018
175.100.20.205 - - [18/Oct/2022:00:59:33 -0500] "GET /config.json HTTP/1.1" 404 1018
175.100.20.205 - - [18/Oct/2022:00:59:33 -0500] "GET /.git/config HTTP/1.1" 404 1018
114.119.141.51 - - [18/Oct/2022:01:00:23 -0500] "GET /BLA/resoluciones/RESOLUCIONES%202010/6455.pdf HTTP/1.1" 200 306797
152.61.192.232 - - [18/Oct/2022:01:00:44 -0500] "GET /arcgis/services/Calidad_del_Agua_WQI/MapServer/WMSServer?request=GetCapabilities&service=WMS HTTP/1.1" 503 1020
152.61.192.232 - - [18/Oct/2022:01:00:45 -0500] "GET /arcgis/services/Calidad_del_Agua_WQI/MapServer/WMSServer?SERVICE=WMS&REQUEST=GetCapabilities HTTP/1.1" 503 1020
152.61.192.232 - - [18/Oct/2022:01:00:45 -0500] "GET /arcgis/services/Calidad_del_Agua_WQI/MapServer/WMSServer?WMTVER=1.0.0&REQUEST=capabilities HTTP/1.1" 503 1020
201.245.192.253 - - [18/Oct/2022:01:00:55 -0500] "POST /kwsrmcab/Wsrmcab  HTTP/1.1" 200 43296
216.245.221.92 - - [18/Oct/2022:01:02:08 -0500] "HEAD / HTTP/1.1" 200 -
114.119.141.52 - - [18/Oct/2022:01:02:10 -0500] "GET /BLA/resoluciones/RESOLUCIONES%202007/RES%202007%202501%20AL%202600/RESOLUCION%202567%20DE%202007.pdf HTTP/1.1" 200 1451072
172.22.2.4 - - [18/Oct/2022:01:01:49 -0500] "HEAD /BLA/boletinlegal/ HTTP/1.1" 200 -
114.119.141.69 - - [18/Oct/2022:01:03:44 -0500] "GET /BLA/resoluciones/RESOLUCIONES%202010/1718.pdf HTTP/1.1" 200 401836
172.22.2.4 - - [18/Oct/2022:01:02:39 -0500] "GET /BLA/boletinlegal/ HTTP/1.1" 200 54356
114.119.141.69 - - [18/Oct/2022:01:05:18 -0500] "GET /BLA/resoluciones/AUTOS%202007/2884.pdf HTTP/1.1" 200 507325
154.53.32.23 - - [18/Oct/2022:01:05:22 -0500] "GET /portaldeninos/ HTTP/1.1" 200 110197
154.53.32.23 - - [18/Oct/2022:01:05:26 -0500] "GET /portaldeninos/wp-admin/admin-ajax.php HTTP/1.1" 400 1
154.53.32.23 - - [18/Oct/2022:01:05:27 -0500] "GET /portaldeninos/wp-admin/admin-ajax.php?action=register HTTP/1.1" 400 1
201.245.192.253 - - [18/Oct/2022:01:05:54 -0500] "POST /kwsrmcab/Wsrmcab  HTTP/1.1" 200 43296
216.245.221.92 - - [18/Oct/2022:01:07:08 -0500] "HEAD / HTTP/1.1" 200 -
172.22.2.4 - - [18/Oct/2022:01:08:53 -0500] "GET /BLA/boletinlegal/jurisprudencia/analisis/analisis%20C-595-2010.doc HTTP/1.1" 304 -
172.22.2.4 - - [18/Oct/2022:01:07:39 -0500] "HEAD /BLA/boletinlegal/ HTTP/1.1" 200 -
172.22.2.4 - - [18/Oct/2022:01:08:29 -0500] "GET /BLA/boletinlegal/ HTTP/1.1" 200 58163
201.245.192.253 - - [18/Oct/2022:01:10:53 -0500] "POST /kwsrmcab/Wsrmcab  HTTP/1.1" 200 43296
216.245.221.92 - - [18/Oct/2022:01:12:08 -0500] "HEAD / HTTP/1.1" 200 -
114.119.141.71 - - [18/Oct/2022:01:15:01 -0500] "GET /BLA/resoluciones/RESOLUCIONES%202010/7634.pdf HTTP/1.1" 200 70750
172.22.2.4 - - [18/Oct/2022:01:13:29 -0500] "HEAD /BLA/boletinlegal/ HTTP/1.1" 200 -
201.245.192.253 - - [18/Oct/2022:01:15:51 -0500] "POST /kwsrmcab/Wsrmcab  HTTP/1.1" 200 43296
172.22.2.4 - - [18/Oct/2022:01:14:19 -0500] "GET /BLA/boletinlegal/ HTTP/1.1" 200 59828
114.119.141.42 - - [18/Oct/2022:01:16:29 -0500] "GET /BLA/resoluciones/AUTOS%202016/1494.pdf HTTP/1.1" 200 2150659
216.245.221.92 - - [18/Oct/2022:01:17:08 -0500] "HEAD / HTTP/1.1" 200 -
152.61.128.50 - - [18/Oct/2022:01:20:32 -0500] "GET /arcgis/services/Calidad_del_Agua_WQI/MapServer/WMSServer?request=GetCapabilities&service=WMS HTTP/1.1" 503 1020
152.61.128.50 - - [18/Oct/2022:01:20:33 -0500] "GET /arcgis/services/Calidad_del_Agua_WQI/MapServer/WMSServer?SERVICE=WMS&REQUEST=GetCapabilities HTTP/1.1" 503 1020
152.61.128.50 - - [18/Oct/2022:01:20:34 -0500] "GET /arcgis/services/Calidad_del_Agua_WQI/MapServer/WMSServer?WMTVER=1.0.0&REQUEST=capabilities HTTP/1.1" 503 1020
114.119.141.73 - - [18/Oct/2022:01:20:40 -0500] "GET /BLA/resoluciones/RESOLUCIONES%202019/1949.pdf HTTP/1.1" 200 222603
201.245.192.253 - - [18/Oct/2022:01:20:51 -0500] "POST /kwsrmcab/Wsrmcab  HTTP/1.1" 200 43296
172.22.2.4 - - [18/Oct/2022:01:19:19 -0500] "HEAD /BLA/boletinlegal/ HTTP/1.1" 200 -
201.245.192.253 - - [18/Oct/2022:01:21:42 -0500] "POST /kwsrmcab/Wsrmcab HTTP/1.1" 200 42938
201.245.192.253 - - [18/Oct/2022:01:21:44 -0500] "POST /kwsrmcab/Wsrmcab HTTP/1.1" 200 43592
172.22.2.4 - - [18/Oct/2022:01:20:09 -0500] "GET /BLA/boletinlegal/ HTTP/1.1" 200 59828
216.245.221.92 - - [18/Oct/2022:01:22:08 -0500] "HEAD / HTTP/1.1" 200 -
114.119.132.76 - - [18/Oct/2022:01:22:16 -0500] "GET /BLA/resoluciones/RESOLUCIONES%202010/1926.pdf HTTP/1.1" 200 60618
114.119.141.51 - - [18/Oct/2022:01:23:52 -0500] "GET /BLA/resoluciones/AUTOS%202013/1527.pdf HTTP/1.1" 200 787350
157.55.39.202 - - [18/Oct/2022:01:24:15 -0500] "GET /BLA/resoluciones/00000348.tif HTTP/1.1" 404 1018
114.119.141.73 - - [18/Oct/2022:01:25:33 -0500] "GET /BLA/resoluciones/RESOLUCIONES%202010/6076.pdf HTTP/1.1" 200 279785
172.22.2.4 - - [18/Oct/2022:01:25:46 -0500] "GET /BLA/boletinlegal/Directivas/2011/Directiva%20No.%209%20del%2023%20de%20Septiembre%20de%202011.pdf HTTP/1.1" 304 -
172.22.2.4 - - [18/Oct/2022:01:25:46 -0500] "GET /BLA/boletinlegal/robots.txt HTTP/1.1" 404 1038
201.245.192.253 - - [18/Oct/2022:01:25:50 -0500] "POST /kwsrmcab/Wsrmcab  HTTP/1.1" 200 43296
172.22.2.4 - - [18/Oct/2022:01:25:09 -0500] "HEAD /BLA/boletinlegal/ HTTP/1.1" 200 -
216.245.221.92 - - [18/Oct/2022:01:27:08 -0500] "HEAD / HTTP/1.1" 200 -
172.22.2.4 - - [18/Oct/2022:01:25:59 -0500] "GET /BLA/boletinlegal/ HTTP/1.1" 200 54823
201.245.192.253 - - [18/Oct/2022:01:30:49 -0500] "POST /kwsrmcab/Wsrmcab  HTTP/1.1" 200 43296
172.22.2.4 - - [18/Oct/2022:01:31:23 -0500] "GET /BLA/boletinlegal/Circulares/2011/Circular%20No.%203%20del%2016%20de%20Junio%20de%202011.pdf HTTP/1.1" 200 346378
201.245.192.253 - - [18/Oct/2022:01:31:41 -0500] "POST /kwsrmcab/Wsrmcab HTTP/1.1" 200 42938
201.245.192.253 - - [18/Oct/2022:01:31:45 -0500] "POST /kwsrmcab/Wsrmcab HTTP/1.1" 200 43592
114.119.141.71 - - [18/Oct/2022:01:31:56 -0500] "GET /BLA/resoluciones/RESOLUCIONES%202011/5940.pdf HTTP/1.1" 200 1254664
216.245.221.92 - - [18/Oct/2022:01:32:08 -0500] "HEAD / HTTP/1.1" 200 -
172.22.2.4 - - [18/Oct/2022:01:30:59 -0500] "HEAD /BLA/boletinlegal/ HTTP/1.1" 200 -
172.22.2.4 - - [18/Oct/2022:01:31:49 -0500] "GET /BLA/boletinlegal/ HTTP/1.1" 200 57725
201.245.192.253 - - [18/Oct/2022:01:35:48 -0500] "POST /kwsrmcab/Wsrmcab  HTTP/1.1" 200 43296
114.119.141.69 - - [18/Oct/2022:01:37:01 -0500] "GET /BLA/resoluciones/RESOLUCIONES%202018/3074.pdf HTTP/1.1" 200 1467254
216.245.221.92 - - [18/Oct/2022:01:37:08 -0500] "HEAD / HTTP/1.1" 200 -
172.22.2.4 - - [18/Oct/2022:01:36:49 -0500] "HEAD /BLA/boletinlegal/ HTTP/1.1" 200 -
114.119.141.52 - - [18/Oct/2022:01:39:12 -0500] "GET /BLA/resoluciones/RESOLUCIONES%202010/6949.pdf HTTP/1.1" 200 694714
172.22.2.4 - - [18/Oct/2022:01:37:39 -0500] "GET /BLA/boletinlegal/ HTTP/1.1" 200 59828
201.245.192.253 - - [18/Oct/2022:01:40:47 -0500] "POST /kwsrmcab/Wsrmcab  HTTP/1.1" 200 43296
114.119.141.53 - - [18/Oct/2022:01:41:05 -0500] "GET /BLA/resoluciones/RESOLUCIONES%202013/2466.pdf HTTP/1.1" 200 510897
114.119.141.73 - - [18/Oct/2022:01:41:08 -0500] "GET /BLA/resoluciones/RESOLUCIONES%202013/2466.pdf HTTP/1.1" 200 510897
201.245.192.253 - - [18/Oct/2022:01:41:41 -0500] "POST /kwsrmcab/Wsrmcab HTTP/1.1" 200 42938
201.245.192.253 - - [18/Oct/2022:01:41:44 -0500] "POST /kwsrmcab/Wsrmcab HTTP/1.1" 200 43592
216.245.221.92 - - [18/Oct/2022:01:42:07 -0500] "HEAD / HTTP/1.1" 200 -
114.119.132.76 - - [18/Oct/2022:01:42:35 -0500] "GET /autoliquidacion2020/index.php?dir=Vertimientos/&sort=size&order=asc HTTP/1.1" 200 3213
114.119.141.73 - - [18/Oct/2022:01:44:19 -0500] "GET /BLA/resoluciones/RESOLUCIONES%202012/0323.pdf HTTP/1.1" 200 315543
172.22.2.4 - - [18/Oct/2022:01:42:39 -0500] "HEAD /BLA/boletinlegal/ HTTP/1.1" 200 -
172.22.2.4 - - [18/Oct/2022:01:43:29 -0500] "GET /BLA/boletinlegal/ HTTP/1.1" 200 57725
201.245.192.253 - - [18/Oct/2022:01:45:45 -0500] "POST /kwsrmcab/Wsrmcab  HTTP/1.1" 200 43296
114.119.141.51 - - [18/Oct/2022:01:45:55 -0500] "GET /BLA/resoluciones/RESOLUCIONES%202010/2593.pdf HTTP/1.1" 200 471971
216.245.221.92 - - [18/Oct/2022:01:47:07 -0500] "HEAD / HTTP/1.1" 200 -
114.119.141.52 - - [18/Oct/2022:01:47:36 -0500] "GET /BLA/resoluciones/RESOLUCIONES%202010/0621.pdf HTTP/1.1" 200 509558
172.22.2.4 - - [18/Oct/2022:01:48:29 -0500] "HEAD /BLA/boletinlegal/ HTTP/1.1" 200 -
201.245.192.253 - - [18/Oct/2022:01:50:44 -0500] "POST /kwsrmcab/Wsrmcab  HTTP/1.1" 200 43296
172.22.2.4 - - [18/Oct/2022:01:49:19 -0500] "GET /BLA/boletinlegal/ HTTP/1.1" 200 59319
114.119.132.76 - - [18/Oct/2022:01:52:04 -0500] "GET /BLA/resoluciones/RESOLUCIONES%202011/0509.pdf HTTP/1.1" 200 368708
216.245.221.92 - - [18/Oct/2022:01:52:08 -0500] "HEAD / HTTP/1.1" 200 -
35.210.24.3 - - [18/Oct/2022:01:52:14 -0500] "-" 408 -
157.55.39.202 - - [18/Oct/2022:01:52:37 -0500] "GET / HTTP/1.1" 200 319
172.22.2.4 - - [18/Oct/2022:01:52:34 -0500] "GET /BLA/boletinlegal/ HTTP/1.1" 200 40907
114.119.141.52 - - [18/Oct/2022:01:53:37 -0500] "GET /BLA/resoluciones/AUTOS%202015/2272.pdf HTTP/1.1" 200 638050
114.119.141.73 - - [18/Oct/2022:01:55:24 -0500] "GET /BLA/resoluciones/RESOLUCIONES%202014/2194.pdf HTTP/1.1" 200 464277
201.245.192.253 - - [18/Oct/2022:01:55:43 -0500] "POST /kwsrmcab/Wsrmcab  HTTP/1.1" 200 43296
172.22.2.4 - - [18/Oct/2022:01:54:19 -0500] "HEAD /BLA/boletinlegal/ HTTP/1.1" 200 -
172.22.2.4 - - [18/Oct/2022:01:55:09 -0500] "GET /BLA/boletinlegal/ HTTP/1.1" 200 58163
216.245.221.92 - - [18/Oct/2022:01:57:07 -0500] "HEAD / HTTP/1.1" 200 -
193.118.53.210 - - [18/Oct/2022:01:58:33 -0500] "GET / HTTP/1.1" 200 319
114.119.141.42 - - [18/Oct/2022:01:59:21 -0500] "GET /BLA/resoluciones/RESOLUCIONES%202010/1715.pdf HTTP/1.1" 200 396824
172.22.2.4 - - [18/Oct/2022:01:59:27 -0500] "GET /BLA/boletinlegal/ecp/Current/exporttool/microsoft.exchange.ediscovery.exporttool.application HTTP/1.1" 404 1018
207.46.13.190 - - [18/Oct/2022:02:00:23 -0500] "GET /BLA/resoluciones/RESOLUCIONES%202005/RES%202005%201751-1800/00001789.tif HTTP/1.1" 200 148760
201.245.192.253 - - [18/Oct/2022:02:00:42 -0500] "POST /kwsrmcab/Wsrmcab  HTTP/1.1" 200 43296
114.119.141.53 - - [18/Oct/2022:02:01:00 -0500] "GET /autoliquidacion2020/index.php?dir=Aceites-Residuos-Estaciones-/ HTTP/1.1" 200 3691
172.22.2.4 - - [18/Oct/2022:02:00:09 -0500] "HEAD /BLA/boletinlegal/ HTTP/1.1" 200 -
216.245.221.92 - - [18/Oct/2022:02:02:07 -0500] "HEAD / HTTP/1.1" 200 -
172.22.2.4 - - [18/Oct/2022:02:00:59 -0500] "GET /BLA/boletinlegal/ HTTP/1.1" 200 57725
172.22.2.4 - - [18/Oct/2022:02:02:58 -0500] "GET /BLA/boletinlegal/owa/auth/x.js HTTP/1.1" 404 1018
201.245.192.253 - - [18/Oct/2022:02:05:41 -0500] "POST /kwsrmcab/Wsrmcab  HTTP/1.1" 200 43296
157.55.39.25 - - [18/Oct/2022:02:05:54 -0500] "GET /BLA/resoluciones/RESOLUCIONES%202005/RES%202005%201751-1800/00001797.tif HTTP/1.1" 200 173158
216.245.221.92 - - [18/Oct/2022:02:07:07 -0500] "HEAD / HTTP/1.1" 200 -
207.46.13.181 - - [18/Oct/2022:02:07:10 -0500] "GET /portaldeninos/parque-mirador-de-los-nevados/ HTTP/1.1" 200 89855
172.22.2.4 - - [18/Oct/2022:02:05:59 -0500] "HEAD /BLA/boletinlegal/ HTTP/1.1" 200 -
172.22.2.4 - - [18/Oct/2022:02:06:49 -0500] "GET /BLA/boletinlegal/ HTTP/1.1" 200 59828
201.245.192.253 - - [18/Oct/2022:02:10:40 -0500] "POST /kwsrmcab/Wsrmcab  HTTP/1.1" 200 43296
157.55.39.202 - - [18/Oct/2022:02:10:49 -0500] "GET /BLA/resoluciones/RESOLUCIONES%202005/RES%202005%201751-1800/00001769.tif HTTP/1.1" 200 141078
216.245.221.92 - - [18/Oct/2022:02:12:07 -0500] "HEAD / HTTP/1.1" 200 -
114.119.141.71 - - [18/Oct/2022:02:13:06 -0500] "GET /BLA/resoluciones/RESOLUCIONES%202010/3908.pdf HTTP/1.1" 200 991974
172.22.2.4 - - [18/Oct/2022:02:11:49 -0500] "HEAD /BLA/boletinlegal/ HTTP/1.1" 200 -
172.22.2.4 - - [18/Oct/2022:02:12:39 -0500] "GET /BLA/boletinlegal/ HTTP/1.1" 200 53640
201.245.192.253 - - [18/Oct/2022:02:15:39 -0500] "POST /kwsrmcab/Wsrmcab  HTTP/1.1" 200 43296
216.245.221.92 - - [18/Oct/2022:02:17:07 -0500] "HEAD / HTTP/1.1" 200 -
109.206.241.254 - - [18/Oct/2022:02:17:36 -0500] "GET /.env HTTP/1.1" 404 1018
109.206.241.254 - - [18/Oct/2022:02:17:36 -0500] "POST / HTTP/1.1" 200 319
172.22.2.4 - - [18/Oct/2022:02:18:18 -0500] "GET /BLA/boletinlegal/Portal/Portal.mwsl HTTP/1.1" 404 1043
172.22.2.4 - - [18/Oct/2022:02:18:18 -0500] "GET /BLA/boletinlegal/default.pl HTTP/1.1" 404 1043
172.22.2.4 - - [18/Oct/2022:02:18:18 -0500] "POST /BLA/boletinlegal/scripts/WPnBr.dll HTTP/1.1" 404 1043
172.22.2.4 - - [18/Oct/2022:02:18:18 -0500] "GET /BLA/boletinlegal/nmaplowercheck1666077388 HTTP/1.1" 404 1043
172.22.2.4 - - [18/Oct/2022:02:18:18 -0500] "POST /BLA/boletinlegal/sdk HTTP/1.1" 404 1043
172.22.2.4 - - [18/Oct/2022:02:18:19 -0500] "GET /BLA/boletinlegal/Portal0000.htm HTTP/1.1" 404 1043
172.22.2.4 - - [18/Oct/2022:02:18:19 -0500] "GET /BLA/boletinlegal/CSS/Miniweb.css HTTP/1.1" 404 1043
172.22.2.4 - - [18/Oct/2022:02:18:19 -0500] "GET /BLA/boletinlegal/docs/cplugError.html/ HTTP/1.1" 404 1043
172.22.2.4 - - [18/Oct/2022:02:18:19 -0500] "GET /BLA/boletinlegal/base.cfm HTTP/1.1" 404 1043
172.22.2.4 - - [18/Oct/2022:02:18:19 -0500] "GET /BLA/boletinlegal/pools/default/buckets HTTP/1.1" 404 1043
172.22.2.4 - - [18/Oct/2022:02:18:19 -0500] "GET /BLA/boletinlegal/.git/HEAD HTTP/1.1" 404 1043
172.22.2.4 - - [18/Oct/2022:02:18:19 -0500] "GET /BLA/boletinlegal/iWKQ HTTP/1.1" 404 1043
172.22.2.4 - - [18/Oct/2022:02:18:19 -0500] "GET /BLA/boletinlegal/HNAP1 HTTP/1.1" 404 1043
172.22.2.4 - - [18/Oct/2022:02:18:20 -0500] "GET /BLA/boletinlegal/__Additional HTTP/1.1" 404 1043
172.22.2.4 - - [18/Oct/2022:02:18:20 -0500] "GET /BLA/boletinlegal/start.jhtml HTTP/1.1" 404 1043
172.22.2.4 - - [18/Oct/2022:02:18:20 -0500] "GET /BLA/boletinlegal/pools HTTP/1.1" 404 1043
172.22.2.4 - - [18/Oct/2022:02:18:22 -0500] "GET /BLA/boletinlegal/menu.pl HTTP/1.1" 404 1043
172.22.2.4 - - [18/Oct/2022:02:18:23 -0500] "GET /BLA/boletinlegal/main.cgi HTTP/1.1" 404 1043
92.118.39.30 - - [18/Oct/2022:02:18:39 -0500] "GET / HTTP/1.0" 200 319
172.22.2.4 - - [18/Oct/2022:02:17:39 -0500] "HEAD /BLA/boletinlegal/ HTTP/1.1" 200 -
172.22.2.4 - - [18/Oct/2022:02:18:29 -0500] "GET /BLA/boletinlegal/ HTTP/1.1" 200 20427
172.22.2.4 - - [18/Oct/2022:02:18:17 -0500] "GET /BLA/boletinlegal/ HTTP/1.1" 200 20427
172.22.2.4 - - [18/Oct/2022:02:18:18 -0500] "GET /BLA/boletinlegal/ HTTP/1.1" 200 24523
172.22.2.4 - - [18/Oct/2022:02:18:18 -0500] "GET /BLA/boletinlegal/ HTTP/1.1" 200 24523
172.22.2.4 - - [18/Oct/2022:02:18:19 -0500] "GET /BLA/boletinlegal/?=PHPE9568F36-D428-11d2-A769-00AA001ACF42 HTTP/1.1" 200 24523
172.22.2.4 - - [18/Oct/2022:02:18:19 -0500] "GET /BLA/boletinlegal/ HTTP/1.1" 200 24523
172.22.2.4 - - [18/Oct/2022:02:18:24 -0500] "GET /BLA/boletinlegal/index.php HTTP/1.1" 200 24523
172.22.2.4 - - [18/Oct/2022:02:18:30 -0500] "GET /BLA/boletinlegal/ HTTP/1.1" 200 20427
172.22.2.4 - - [18/Oct/2022:02:18:29 -0500] "GET /BLA/boletinlegal/ HTTP/1.1" 200 24523
201.245.192.253 - - [18/Oct/2022:02:20:38 -0500] "POST /kwsrmcab/Wsrmcab  HTTP/1.1" 200 43296
172.22.2.4 - - [18/Oct/2022:02:19:47 -0500] "GET /BLA/boletinlegal/ HTTP/1.1" 200 52877
172.22.2.4 - - [18/Oct/2022:02:19:49 -0500] "GET /BLA/boletinlegal/ HTTP/1.1" 200 53640
201.245.192.253 - - [18/Oct/2022:02:21:41 -0500] "POST /kwsrmcab/Wsrmcab HTTP/1.1" 200 42771
201.245.192.253 - - [18/Oct/2022:02:21:43 -0500] "POST /kwsrmcab/Wsrmcab HTTP/1.1" 200 43608
216.245.221.92 - - [18/Oct/2022:02:22:07 -0500] "HEAD / HTTP/1.1" 200 -
172.22.2.4 - - [18/Oct/2022:02:23:29 -0500] "HEAD /BLA/boletinlegal/ HTTP/1.1" 200 -
201.245.192.253 - - [18/Oct/2022:02:25:36 -0500] "POST /kwsrmcab/Wsrmcab  HTTP/1.1" 200 43296
172.22.2.4 - - [18/Oct/2022:02:24:19 -0500] "GET /BLA/boletinlegal/ HTTP/1.1" 200 59828
216.245.221.92 - - [18/Oct/2022:02:27:07 -0500] "HEAD / HTTP/1.1" 200 -
157.55.39.202 - - [18/Oct/2022:02:28:01 -0500] "GET / HTTP/1.1" 200 319
207.46.13.181 - - [18/Oct/2022:02:28:31 -0500] "GET /portaldeninos/parque-mirador-de-los-nevados/ HTTP/1.1" 200 89855
201.245.192.253 - - [18/Oct/2022:02:30:35 -0500] "POST /kwsrmcab/Wsrmcab  HTTP/1.1" 200 43296
172.22.2.4 - - [18/Oct/2022:02:29:18 -0500] "HEAD /BLA/boletinlegal/ HTTP/1.1" 200 -
201.245.192.253 - - [18/Oct/2022:02:31:41 -0500] "POST /kwsrmcab/Wsrmcab HTTP/1.1" 200 42771
201.245.192.253 - - [18/Oct/2022:02:31:44 -0500] "POST /kwsrmcab/Wsrmcab HTTP/1.1" 200 43608
172.22.2.4 - - [18/Oct/2022:02:30:09 -0500] "GET /BLA/boletinlegal/ HTTP/1.1" 200 54356
216.245.221.92 - - [18/Oct/2022:02:32:07 -0500] "HEAD / HTTP/1.1" 200 -
114.119.141.53 - - [18/Oct/2022:02:32:34 -0500] "GET /BLA/resoluciones/RESOLUCIONES%202010/3898.pdf HTTP/1.1" 200 652217
172.22.2.4 - - [18/Oct/2022:02:34:40 -0500] "GET /BLA/boletinlegal/jurisprudencia/analisis/SENTENCIA%20C-703%20DE%202010.xls HTTP/1.1" 200 38912
201.245.192.253 - - [18/Oct/2022:02:35:35 -0500] "POST /kwsrmcab/Wsrmcab  HTTP/1.1" 200 43296
172.22.2.4 - - [18/Oct/2022:02:35:08 -0500] "HEAD /BLA/boletinlegal/ HTTP/1.1" 200 -
216.245.221.92 - - [18/Oct/2022:02:37:07 -0500] "HEAD / HTTP/1.1" 200 -
172.22.2.4 - - [18/Oct/2022:02:35:59 -0500] "GET /BLA/boletinlegal/ HTTP/1.1" 200 59828
114.119.141.73 - - [18/Oct/2022:02:40:25 -0500] "GET /galeria/galeria/fotos/GuaymaralTorca4P.jpg HTTP/1.1" 200 33981
201.245.192.253 - - [18/Oct/2022:02:40:33 -0500] "POST /kwsrmcab/Wsrmcab  HTTP/1.1" 200 43296
142.93.34.140 - - [18/Oct/2022:02:41:01 -0500] "\x16\x03\x01" 400 226
142.93.34.140 - - [18/Oct/2022:02:41:01 -0500] "\x16\x03\x01" 400 226
142.93.34.140 - - [18/Oct/2022:02:41:02 -0500] "\x16\x03\x01" 400 226
201.245.192.253 - - [18/Oct/2022:02:41:41 -0500] "POST /kwsrmcab/Wsrmcab HTTP/1.1" 200 42771
201.245.192.253 - - [18/Oct/2022:02:41:44 -0500] "POST /kwsrmcab/Wsrmcab HTTP/1.1" 200 43608
216.245.221.92 - - [18/Oct/2022:02:42:07 -0500] "HEAD / HTTP/1.1" 200 -
172.22.2.4 - - [18/Oct/2022:02:40:59 -0500] "HEAD /BLA/boletinlegal/ HTTP/1.1" 200 -
192.241.216.212 - - [18/Oct/2022:02:42:54 -0500] "GET /manager/text/list HTTP/1.1" 404 1018
172.22.2.4 - - [18/Oct/2022:02:41:49 -0500] "GET /BLA/boletinlegal/ HTTP/1.1" 200 59828
114.119.141.52 - - [18/Oct/2022:02:43:46 -0500] "GET /BLA/resoluciones/index.php?dir=Notificaciones/AUTOS%2B2014/ HTTP/1.1" 200 13341
172.22.2.4 - - [18/Oct/2022:02:44:31 -0500] "GET /BLA/boletinlegal/Directivas/2016/Directiva%20No.%2001%20del%2012%20de%20Abril%20de%202016.pdf HTTP/1.1" 304 -
201.245.192.253 - - [18/Oct/2022:02:45:33 -0500] "POST /kwsrmcab/Wsrmcab  HTTP/1.1" 200 43296
216.245.221.92 - - [18/Oct/2022:02:47:07 -0500] "HEAD / HTTP/1.1" 200 -
172.22.2.4 - - [18/Oct/2022:02:46:48 -0500] "HEAD /BLA/boletinlegal/ HTTP/1.1" 200 -
172.22.2.4 - - [18/Oct/2022:02:47:39 -0500] "GET /BLA/boletinlegal/ HTTP/1.1" 200 57725
207.46.13.190 - - [18/Oct/2022:02:49:38 -0500] "GET /forest/ HTTP/1.1" 200 12041
201.245.192.253 - - [18/Oct/2022:02:50:31 -0500] "POST /kwsrmcab/Wsrmcab  HTTP/1.1" 200 43296
207.46.13.84 - - [18/Oct/2022:02:51:58 -0500] "GET /BLA/resoluciones/RESOLUCIONES%202005/1275.tif HTTP/1.1" 200 289474
216.245.221.92 - - [18/Oct/2022:02:52:07 -0500] "HEAD / HTTP/1.1" 200 -
172.22.2.4 - - [18/Oct/2022:02:53:59 -0500] "GET /BLA/boletinlegal/jurisprudencia/analisis/ANALISIST-672-14.docx HTTP/1.1" 200 22530
172.22.2.4 - - [18/Oct/2022:02:52:38 -0500] "HEAD /BLA/boletinlegal/ HTTP/1.1" 200 -
172.22.2.4 - - [18/Oct/2022:02:53:29 -0500] "GET /BLA/boletinlegal/ HTTP/1.1" 200 59828
201.245.192.253 - - [18/Oct/2022:02:55:28 -0500] "POST /kwsrmcab/Wsrmcab  HTTP/1.1" 200 43296
114.119.141.51 - - [18/Oct/2022:02:56:47 -0500] "GET /BLA/resoluciones/RESOLUCIONES%202010/2213.pdf HTTP/1.1" 200 527920
64.62.197.51 - - [18/Oct/2022:02:57:05 -0500] "GET /favicon.ico HTTP/1.1" 200 7782
216.245.221.92 - - [18/Oct/2022:02:57:07 -0500] "HEAD / HTTP/1.1" 200 -
172.22.2.4 - - [18/Oct/2022:02:58:28 -0500] "HEAD /BLA/boletinlegal/ HTTP/1.1" 200 -
201.245.192.253 - - [18/Oct/2022:03:00:28 -0500] "POST /kwsrmcab/Wsrmcab  HTTP/1.1" 200 43296
172.22.2.4 - - [18/Oct/2022:02:59:19 -0500] "GET /BLA/boletinlegal/ HTTP/1.1" 200 55630
114.119.141.53 - - [18/Oct/2022:03:01:18 -0500] "GET /BLA/resoluciones/RESOLUCIONES%202010/3436.pdf HTTP/1.1" 200 743697
216.245.221.92 - - [18/Oct/2022:03:02:07 -0500] "HEAD / HTTP/1.1" 200 -
114.119.141.73 - - [18/Oct/2022:03:02:59 -0500] "GET /BLA/resoluciones/RESOLUCIONES%202010/7550.pdf HTTP/1.1" 200 256790
201.245.192.253 - - [18/Oct/2022:03:05:28 -0500] "POST /kwsrmcab/Wsrmcab  HTTP/1.1" 200 43296
172.22.2.4 - - [18/Oct/2022:03:04:18 -0500] "HEAD /BLA/boletinlegal/ HTTP/1.1" 200 -
172.22.2.4 - - [18/Oct/2022:03:05:09 -0500] "GET /BLA/boletinlegal/ HTTP/1.1" 200 57725
114.119.141.53 - - [18/Oct/2022:03:06:54 -0500] "GET /BLA/resoluciones/RESOLUCIONES%202010/7112.pdf HTTP/1.1" 200 70493
216.245.221.92 - - [18/Oct/2022:03:07:07 -0500] "HEAD / HTTP/1.1" 200 -
201.245.192.253 - - [18/Oct/2022:03:10:27 -0500] "POST /kwsrmcab/Wsrmcab  HTTP/1.1" 200 43296
172.22.2.4 - - [18/Oct/2022:03:10:08 -0500] "HEAD /BLA/boletinlegal/ HTTP/1.1" 200 -
114.119.132.76 - - [18/Oct/2022:03:12:05 -0500] "GET /BLA/resoluciones/RESOLUCIONES%202010/3064.pdf HTTP/1.1" 200 490621
128.14.209.162 - - [18/Oct/2022:03:12:05 -0500] "GET /portaldeninos/ HTTP/1.1" 200 110197
216.245.221.92 - - [18/Oct/2022:03:12:07 -0500] "HEAD / HTTP/1.1" 200 -
172.22.2.4 - - [18/Oct/2022:03:10:59 -0500] "GET /BLA/boletinlegal/ HTTP/1.1" 200 59828
201.245.192.253 - - [18/Oct/2022:03:15:27 -0500] "POST /kwsrmcab/Wsrmcab  HTTP/1.1" 200 43296
192.241.204.186 - - [18/Oct/2022:03:16:39 -0500] "GET /manager/html HTTP/1.1" 404 1018
216.245.221.92 - - [18/Oct/2022:03:17:07 -0500] "HEAD / HTTP/1.1" 200 -
172.22.2.4 - - [18/Oct/2022:03:15:58 -0500] "HEAD /BLA/boletinlegal/ HTTP/1.1" 200 -
172.22.2.4 - - [18/Oct/2022:03:16:49 -0500] "GET /BLA/boletinlegal/ HTTP/1.1" 200 59828
201.245.192.253 - - [18/Oct/2022:03:20:26 -0500] "POST /kwsrmcab/Wsrmcab  HTTP/1.1" 200 43296
201.245.192.253 - - [18/Oct/2022:03:21:41 -0500] "POST /kwsrmcab/Wsrmcab HTTP/1.1" 200 42817
201.245.192.253 - - [18/Oct/2022:03:21:44 -0500] "POST /kwsrmcab/Wsrmcab HTTP/1.1" 200 43613
69.171.249.21 - - [18/Oct/2022:03:21:58 -0500] "GET /images/Junio%2002-experiencias-jardines-verticales-sda.jpeg HTTP/1.1" 200 31171
216.245.221.92 - - [18/Oct/2022:03:22:07 -0500] "HEAD / HTTP/1.1" 200 -
172.22.2.4 - - [18/Oct/2022:03:21:48 -0500] "HEAD /BLA/boletinlegal/ HTTP/1.1" 200 -
172.22.2.4 - - [18/Oct/2022:03:22:39 -0500] "GET /BLA/boletinlegal/ HTTP/1.1" 200 59319
201.245.192.253 - - [18/Oct/2022:03:25:24 -0500] "POST /kwsrmcab/Wsrmcab  HTTP/1.1" 200 43296
216.245.221.92 - - [18/Oct/2022:03:27:07 -0500] "HEAD / HTTP/1.1" 200 -
172.22.2.4 - - [18/Oct/2022:03:27:38 -0500] "HEAD /BLA/boletinlegal/ HTTP/1.1" 200 -
172.22.2.4 - - [18/Oct/2022:03:28:29 -0500] "GET /BLA/boletinlegal/ HTTP/1.1" 200 57725
201.245.192.253 - - [18/Oct/2022:03:30:24 -0500] "POST /kwsrmcab/Wsrmcab  HTTP/1.1" 200 43296
201.245.192.253 - - [18/Oct/2022:03:31:41 -0500] "POST /kwsrmcab/Wsrmcab HTTP/1.1" 200 42817
201.245.192.253 - - [18/Oct/2022:03:31:44 -0500] "POST /kwsrmcab/Wsrmcab HTTP/1.1" 200 43613
216.245.221.92 - - [18/Oct/2022:03:32:07 -0500] "HEAD / HTTP/1.1" 200 -
114.119.141.51 - - [18/Oct/2022:03:32:13 -0500] "GET /BLA/resoluciones/RESOLUCIONES%202010/7765.pdf HTTP/1.1" 200 107878
172.22.2.4 - - [18/Oct/2022:03:33:02 -0500] "GET /BLA/boletinlegal/ HTTP/1.1" 200 32715
114.119.141.51 - - [18/Oct/2022:03:34:01 -0500] "GET /BLA/resoluciones/RESOLUCIONES%202010/2473.pdf HTTP/1.1" 200 461894
172.22.2.4 - - [18/Oct/2022:03:33:28 -0500] "HEAD /BLA/boletinlegal/ HTTP/1.1" 200 -
201.245.192.253 - - [18/Oct/2022:03:35:22 -0500] "POST /kwsrmcab/Wsrmcab  HTTP/1.1" 200 43296
114.119.141.69 - - [18/Oct/2022:03:35:31 -0500] "GET /BLA/resoluciones/AUTOS%202017/0885.pdf HTTP/1.1" 200 2539790
172.22.2.4 - - [18/Oct/2022:03:34:19 -0500] "GET /BLA/boletinlegal/ HTTP/1.1" 200 58163
216.245.221.92 - - [18/Oct/2022:03:37:07 -0500] "HEAD / HTTP/1.1" 200 -
114.119.141.69 - - [18/Oct/2022:03:39:58 -0500] "GET /BLA/resoluciones/RESOLUCIONES%202010/2641.pdf HTTP/1.1" 200 339502
201.245.192.253 - - [18/Oct/2022:03:40:21 -0500] "POST /kwsrmcab/Wsrmcab  HTTP/1.1" 200 43296
172.22.2.4 - - [18/Oct/2022:03:39:18 -0500] "HEAD /BLA/boletinlegal/ HTTP/1.1" 200 -
201.245.192.253 - - [18/Oct/2022:03:41:41 -0500] "POST /kwsrmcab/Wsrmcab HTTP/1.1" 200 42817
114.119.141.69 - - [18/Oct/2022:03:41:43 -0500] "GET /BLA/resoluciones/RESOLUCIONES%202010/1766.pdf HTTP/1.1" 200 521957
201.245.192.253 - - [18/Oct/2022:03:41:43 -0500] "POST /kwsrmcab/Wsrmcab HTTP/1.1" 200 43613
172.22.2.4 - - [18/Oct/2022:03:40:09 -0500] "GET /BLA/boletinlegal/ HTTP/1.1" 200 58163
216.245.221.92 - - [18/Oct/2022:03:42:07 -0500] "HEAD / HTTP/1.1" 200 -
66.249.73.100 - - [18/Oct/2022:03:43:00 -0500] "-" 408 -
201.245.192.253 - - [18/Oct/2022:03:45:20 -0500] "POST /kwsrmcab/Wsrmcab  HTTP/1.1" 200 43296
172.22.2.4 - - [18/Oct/2022:03:45:08 -0500] "HEAD /BLA/boletinlegal/ HTTP/1.1" 200 -
216.245.221.92 - - [18/Oct/2022:03:47:07 -0500] "HEAD / HTTP/1.1" 200 -
172.22.2.4 - - [18/Oct/2022:03:45:59 -0500] "GET /BLA/boletinlegal/ HTTP/1.1" 200 58575
157.55.39.25 - - [18/Oct/2022:03:49:35 -0500] "GET /sipse/faces/javax.faces.resource/layout/layout.js;jsessionid=jx67x2jpisgjtljcwwooxoam.undefined?ln=primefaces&v=4.0 HTTP/1.1" 200 87560
201.245.192.253 - - [18/Oct/2022:03:50:18 -0500] "POST /kwsrmcab/Wsrmcab  HTTP/1.1" 200 43296
216.245.221.92 - - [18/Oct/2022:03:52:07 -0500] "HEAD / HTTP/1.1" 200 -
172.22.2.4 - - [18/Oct/2022:03:50:58 -0500] "HEAD /BLA/boletinlegal/ HTTP/1.1" 200 -
172.22.2.4 - - [18/Oct/2022:03:51:49 -0500] "GET /BLA/boletinlegal/ HTTP/1.1" 200 56376
207.46.13.190 - - [18/Oct/2022:03:54:44 -0500] "GET /BLA/resoluciones/RESOLUCIONES%202022/2226.pdf HTTP/1.1" 304 -
201.245.192.253 - - [18/Oct/2022:03:55:18 -0500] "POST /kwsrmcab/Wsrmcab  HTTP/1.1" 200 43296
114.119.132.76 - - [18/Oct/2022:03:56:18 -0500] "GET /BLA/resoluciones/RESOLUCIONES%202011/2843.pdf HTTP/1.1" 200 764536
216.245.221.92 - - [18/Oct/2022:03:57:07 -0500] "HEAD / HTTP/1.1" 200 -
66.249.73.127 - - [18/Oct/2022:03:57:24 -0500] "-" 408 -
114.119.132.76 - - [18/Oct/2022:03:58:06 -0500] "GET /BLA/resoluciones/AUTOS%202016/2419.pdf HTTP/1.1" 200 746430
172.22.2.4 - - [18/Oct/2022:03:56:48 -0500] "HEAD /BLA/boletinlegal/ HTTP/1.1" 200 -
172.22.2.4 - - [18/Oct/2022:03:57:39 -0500] "GET /BLA/boletinlegal/ HTTP/1.1" 200 54003
201.245.192.253 - - [18/Oct/2022:04:00:17 -0500] "POST /kwsrmcab/Wsrmcab  HTTP/1.1" 200 43296
216.245.221.92 - - [18/Oct/2022:04:02:07 -0500] "HEAD / HTTP/1.1" 200 -
114.119.132.76 - - [18/Oct/2022:04:02:39 -0500] "GET /BLA/resoluciones/RESOLUCIONES%202015/0898.pdf HTTP/1.1" 200 772109
207.46.13.213 - - [18/Oct/2022:04:03:41 -0500] "GET / HTTP/1.1" 200 4720
172.22.2.4 - - [18/Oct/2022:04:02:38 -0500] "HEAD /BLA/boletinlegal/ HTTP/1.1" 200 -
66.249.73.127 - - [18/Oct/2022:04:04:26 -0500] "-" 408 -
172.22.2.4 - - [18/Oct/2022:04:03:28 -0500] "GET /BLA/boletinlegal/ HTTP/1.1" 200 55220
201.245.192.253 - - [18/Oct/2022:04:05:15 -0500] "POST /kwsrmcab/Wsrmcab  HTTP/1.1" 200 43296
216.245.221.92 - - [18/Oct/2022:04:07:07 -0500] "HEAD / HTTP/1.1" 200 -
114.119.141.42 - - [18/Oct/2022:04:08:17 -0500] "GET /BLA/resoluciones/RESOLUCIONES%202010/1287.pdf HTTP/1.1" 200 96391
