172.22.2.4 - - [22/Oct/2022:21:20:26 -0500] "HEAD /BLA/boletinlegal/ HTTP/1.1" 200 -
201.245.192.253 - - [22/Oct/2022:21:22:18 -0500] "POST /kwsrmcab/Wsrmcab HTTP/1.1" 200 43442
201.245.192.253 - - [22/Oct/2022:21:22:21 -0500] "POST /kwsrmcab/Wsrmcab HTTP/1.1" 200 44362
172.22.2.4 - - [22/Oct/2022:21:21:16 -0500] "GET /BLA/boletinlegal/ HTTP/1.1" 200 59319
201.245.192.253 - - [22/Oct/2022:21:23:25 -0500] "POST /kwsrmcab/Wsrmcab  HTTP/1.1" 200 43148
216.245.221.92 - - [22/Oct/2022:21:23:46 -0500] "HEAD / HTTP/1.1" 200 -
125.209.235.181 - - [22/Oct/2022:21:24:35 -0500] "-" 408 -
207.46.13.40 - - [22/Oct/2022:21:25:18 -0500] "GET /BLA/resoluciones/00001784.tif HTTP/1.1" 404 1018
185.119.81.98 - - [22/Oct/2022:21:25:59 -0500] "GET /portaldeninos/wp-login.php HTTP/1.1" 200 2592
185.119.81.98 - - [22/Oct/2022:21:26:00 -0500] "POST /portaldeninos/wp-login.php HTTP/1.1" 200 3605
172.22.2.4 - - [22/Oct/2022:21:26:16 -0500] "HEAD /BLA/boletinlegal/ HTTP/1.1" 200 -
201.245.192.253 - - [22/Oct/2022:21:28:24 -0500] "POST /kwsrmcab/Wsrmcab  HTTP/1.1" 200 43148
216.245.221.92 - - [22/Oct/2022:21:28:46 -0500] "HEAD / HTTP/1.1" 200 -
172.22.2.4 - - [22/Oct/2022:21:27:06 -0500] "GET /BLA/boletinlegal/ HTTP/1.1" 200 57725
207.46.13.84 - - [22/Oct/2022:21:29:00 -0500] "GET /BLA/resoluciones/RESOLUCIONES%202021/4048.pdf HTTP/1.1" 200 785153
157.55.39.142 - - [22/Oct/2022:21:30:06 -0500] "GET /BLA/boletinlegal/images/screen_1.png HTTP/1.1" 200 202547
66.249.66.85 - - [22/Oct/2022:21:30:09 -0500] "-" 408 -
207.46.13.190 - - [22/Oct/2022:21:30:41 -0500] "GET /Publicaciones/2022EE28589.pdf HTTP/1.1" 404 227
173.252.83.111 - - [22/Oct/2022:21:30:51 -0500] "GET /images/Junio%2002-experiencias-jardines-verticales-sda.jpeg HTTP/1.1" 200 31171
201.245.192.253 - - [22/Oct/2022:21:32:19 -0500] "POST /kwsrmcab/Wsrmcab HTTP/1.1" 200 43442
201.245.192.253 - - [22/Oct/2022:21:32:22 -0500] "POST /kwsrmcab/Wsrmcab HTTP/1.1" 200 44362
201.245.192.253 - - [22/Oct/2022:21:33:23 -0500] "POST /kwsrmcab/Wsrmcab  HTTP/1.1" 200 43148
114.119.141.52 - - [22/Oct/2022:21:33:40 -0500] "GET /BLA/resoluciones/index.php?dir=Notificaciones/REGISTROS%2B2019/&sort=size&order=desc HTTP/1.1" 200 13352
216.245.221.92 - - [22/Oct/2022:21:33:46 -0500] "HEAD / HTTP/1.1" 200 -
172.22.2.4 - - [22/Oct/2022:21:32:06 -0500] "HEAD /BLA/boletinlegal/ HTTP/1.1" 200 -
172.22.2.4 - - [22/Oct/2022:21:32:56 -0500] "GET /BLA/boletinlegal/ HTTP/1.1" 200 57725
66.249.66.85 - - [22/Oct/2022:21:36:07 -0500] "-" 408 -
172.22.2.4 - - [22/Oct/2022:21:34:41 -0500] "GET /BLA/boletinlegal/ HTTP/1.1" 200 62772
201.245.192.253 - - [22/Oct/2022:21:38:22 -0500] "POST /kwsrmcab/Wsrmcab  HTTP/1.1" 200 43148
172.22.2.4 - - [22/Oct/2022:21:38:31 -0500] "GET /BLA/boletinlegal/Circulares/2019/.pdf HTTP/1.1" 404 1218
172.22.2.4 - - [22/Oct/2022:21:38:40 -0500] "GET /BLA/boletinlegal/Circulares/2012/Circular%20No.%2010%20del%2026%20de%20Enero%20de%202012.pdf HTTP/1.1" 404 1218
185.119.81.98 - - [22/Oct/2022:21:38:45 -0500] "GET /portaldeninos/wp-login.php HTTP/1.1" 200 2592
185.119.81.98 - - [22/Oct/2022:21:38:45 -0500] "POST /portaldeninos/wp-login.php HTTP/1.1" 200 3650
216.245.221.92 - - [22/Oct/2022:21:38:46 -0500] "HEAD / HTTP/1.1" 200 -
172.22.2.4 - - [22/Oct/2022:21:37:56 -0500] "HEAD /BLA/boletinlegal/ HTTP/1.1" 200 -
172.22.2.4 - - [22/Oct/2022:21:39:38 -0500] "GET /BLA/boletinlegal/ HTTP/1.1" 200 24523
172.22.2.4 - - [22/Oct/2022:21:38:46 -0500] "GET /BLA/boletinlegal/ HTTP/1.1" 200 55630
66.249.66.85 - - [22/Oct/2022:21:41:55 -0500] "-" 408 -
201.245.192.253 - - [22/Oct/2022:21:42:19 -0500] "POST /kwsrmcab/Wsrmcab HTTP/1.1" 200 43442
201.245.192.253 - - [22/Oct/2022:21:42:22 -0500] "POST /kwsrmcab/Wsrmcab HTTP/1.1" 200 44362
207.46.13.10 - - [22/Oct/2022:21:42:37 -0500] "GET /BLA/resoluciones/index.php?dir=AUTOS+2014%2F HTTP/1.1" 200 883517
201.245.192.253 - - [22/Oct/2022:21:43:21 -0500] "POST /kwsrmcab/Wsrmcab  HTTP/1.1" 200 43148
172.22.2.4 - - [22/Oct/2022:21:43:40 -0500] "GET /BLA/boletinlegal/jurisprudencia/analisis/AnalisisC-035-16.docx HTTP/1.1" 200 25011
216.245.221.92 - - [22/Oct/2022:21:43:46 -0500] "HEAD / HTTP/1.1" 200 -
173.252.111.19 - - [22/Oct/2022:21:43:49 -0500] "GET /images/mujeres-reverdecen-humedales-2-febrero.jpg HTTP/1.1" 200 47327
190.27.130.223 - - [22/Oct/2022:21:44:38 -0500] "GET /BLA/boletinlegal/js/jquery.scrollShow.js HTTP/1.1" 200 4586
190.27.130.223 - - [22/Oct/2022:21:44:38 -0500] "GET /galeria/carrusel/Carrusel/jquery.thumbnailScroller.css HTTP/1.1" 200 2066
190.27.130.223 - - [22/Oct/2022:21:44:38 -0500] "GET /galeria/galeria/jquery.fancybox.css?v=2.1.5 HTTP/1.1" 200 4895
190.27.130.223 - - [22/Oct/2022:21:44:38 -0500] "GET /galeria/galeria/jquery.fancybox.js?v=2.1.5 HTTP/1.1" 200 48706
190.27.130.223 - - [22/Oct/2022:21:44:38 -0500] "GET /galeria/carrusel/Carrusel/jquery.thumbnailScroller.js HTTP/1.1" 200 8157
190.27.130.223 - - [22/Oct/2022:21:44:38 -0500] "GET /galeria/carrusel/Carrusel/jquery-ui-1.8.13.custom.min.js HTTP/1.1" 200 10800
172.22.2.4 - - [22/Oct/2022:21:43:46 -0500] "HEAD /BLA/boletinlegal/ HTTP/1.1" 200 -
172.22.2.4 - - [22/Oct/2022:21:44:37 -0500] "GET /BLA/boletinlegal/ HTTP/1.1" 200 57725
40.77.167.50 - - [22/Oct/2022:21:46:41 -0500] "GET / HTTP/1.1" 200 319
172.22.2.4 - - [22/Oct/2022:21:47:22 -0500] "GET /BLA/boletinlegal/favicon.ico HTTP/1.1" 404 1326
66.249.66.85 - - [22/Oct/2022:21:47:45 -0500] "-" 408 -
173.252.107.117 - - [22/Oct/2022:21:48:06 -0500] "GET /las-mujeres-reverdecen-bogota-en-el-dia-mundial-de-los-humedales.html HTTP/1.1" 206 900
201.245.192.253 - - [22/Oct/2022:21:48:19 -0500] "POST /kwsrmcab/Wsrmcab  HTTP/1.1" 200 43148
158.69.27.213 - - [22/Oct/2022:21:48:24 -0500] "GET /se-viene-la-reciclaton-2022-una-oportunidad-para-que-las-empresas-contribuyan-con-el-medioambiente.html HTTP/1.1" 200 960
216.245.221.92 - - [22/Oct/2022:21:48:46 -0500] "HEAD / HTTP/1.1" 200 -
172.22.2.4 - - [22/Oct/2022:21:49:36 -0500] "HEAD /BLA/boletinlegal/ HTTP/1.1" 200 -
185.119.81.106 - - [22/Oct/2022:21:52:04 -0500] "GET /portaldeninos/wp-login.php HTTP/1.1" 200 2592
185.119.81.106 - - [22/Oct/2022:21:52:04 -0500] "POST /portaldeninos/wp-login.php HTTP/1.1" 200 3605
172.22.2.4 - - [22/Oct/2022:21:50:26 -0500] "GET /BLA/boletinlegal/ HTTP/1.1" 200 59828
201.245.192.253 - - [22/Oct/2022:21:53:18 -0500] "POST /kwsrmcab/Wsrmcab  HTTP/1.1" 200 43148
66.249.66.85 - - [22/Oct/2022:21:53:31 -0500] "-" 408 -
216.245.221.92 - - [22/Oct/2022:21:53:46 -0500] "HEAD / HTTP/1.1" 200 -
172.22.2.4 - - [22/Oct/2022:21:54:31 -0500] "GET /BLA/boletinlegal/ HTTP/1.1" 200 58163
207.46.13.190 - - [22/Oct/2022:21:56:53 -0500] "GET /BLA/resoluciones/00000027.tif HTTP/1.1" 404 1018
172.22.2.4 - - [22/Oct/2022:21:55:26 -0500] "HEAD /BLA/boletinlegal/ HTTP/1.1" 200 -
66.220.149.7 - - [22/Oct/2022:21:57:50 -0500] "GET /images/pieza-voluntariado-ambiental.jpg HTTP/1.1" 200 41042
172.22.2.4 - - [22/Oct/2022:21:56:16 -0500] "GET /BLA/boletinlegal/ HTTP/1.1" 200 59828
201.245.192.253 - - [22/Oct/2022:21:58:17 -0500] "POST /kwsrmcab/Wsrmcab  HTTP/1.1" 200 43148
216.245.221.92 - - [22/Oct/2022:21:58:46 -0500] "HEAD / HTTP/1.1" 200 -
85.109.26.166 - - [22/Oct/2022:21:58:58 -0500] "HEAD /se-viene-la-reciclaton-2022-una-oportunidad-para-que-las-empresas-contribuyan-con-el-medioambiente.html HTTP/1.1" 200 -
66.249.66.85 - - [22/Oct/2022:22:00:51 -0500] "-" 408 -
185.119.81.106 - - [22/Oct/2022:22:01:26 -0500] "GET /portaldeninos/wp-login.php HTTP/1.1" 200 2592
185.119.81.106 - - [22/Oct/2022:22:01:27 -0500] "POST /portaldeninos/wp-login.php HTTP/1.1" 200 3605
207.46.13.190 - - [22/Oct/2022:22:01:54 -0500] "GET /BLA/resoluciones/AUTOS%202016/1750.pdf HTTP/1.1" 200 589265
185.119.81.102 - - [22/Oct/2022:22:02:16 -0500] "GET /portaldeninos/wp-login.php HTTP/1.1" 200 2592
185.119.81.102 - - [22/Oct/2022:22:02:17 -0500] "POST /portaldeninos/wp-login.php HTTP/1.1" 200 3605
172.22.2.4 - - [22/Oct/2022:22:01:16 -0500] "HEAD /BLA/boletinlegal/ HTTP/1.1" 200 -
201.245.192.253 - - [22/Oct/2022:22:03:17 -0500] "POST /kwsrmcab/Wsrmcab  HTTP/1.1" 200 43148
216.245.221.92 - - [22/Oct/2022:22:03:46 -0500] "HEAD / HTTP/1.1" 200 -
172.22.2.4 - - [22/Oct/2022:22:02:07 -0500] "GET /BLA/boletinlegal/ HTTP/1.1" 200 56732
173.252.79.3 - - [22/Oct/2022:22:04:42 -0500] "GET /images/mercados-campesinos-5-mayo.jpg HTTP/1.1" 200 95848
185.119.81.109 - - [22/Oct/2022:22:04:46 -0500] "GET /portaldeninos/wp-login.php HTTP/1.1" 200 2592
185.119.81.109 - - [22/Oct/2022:22:04:47 -0500] "POST /portaldeninos/wp-login.php HTTP/1.1" 200 3605
66.249.66.85 - - [22/Oct/2022:22:06:30 -0500] "-" 408 -
201.245.192.253 - - [22/Oct/2022:22:08:15 -0500] "POST /kwsrmcab/Wsrmcab  HTTP/1.1" 200 43148
216.245.221.92 - - [22/Oct/2022:22:08:46 -0500] "HEAD / HTTP/1.1" 200 -
172.22.2.4 - - [22/Oct/2022:22:07:06 -0500] "HEAD /BLA/boletinlegal/ HTTP/1.1" 200 -
172.22.2.4 - - [22/Oct/2022:22:07:56 -0500] "GET /BLA/boletinlegal/ HTTP/1.1" 200 59319
66.249.66.85 - - [22/Oct/2022:22:13:05 -0500] "-" 408 -
201.245.192.253 - - [22/Oct/2022:22:13:14 -0500] "POST /kwsrmcab/Wsrmcab  HTTP/1.1" 200 43148
216.245.221.92 - - [22/Oct/2022:22:13:46 -0500] "HEAD / HTTP/1.1" 200 -
172.22.2.4 - - [22/Oct/2022:22:12:56 -0500] "HEAD /BLA/boletinlegal/ HTTP/1.1" 200 -
172.22.2.4 - - [22/Oct/2022:22:13:46 -0500] "GET /BLA/boletinlegal/ HTTP/1.1" 200 57725
185.142.236.35 - - [22/Oct/2022:22:15:51 -0500] "GET / HTTP/1.1" 200 319
40.77.167.50 - - [22/Oct/2022:22:15:54 -0500] "GET /vota-por-bogota-en-we-love-cities-pioneros-en-sostenibilidad.html HTTP/1.1" 200 850
185.142.236.35 - - [22/Oct/2022:22:16:02 -0500] "GET /sitemap.xml HTTP/1.1" 404 1018
185.142.236.35 - - [22/Oct/2022:22:16:02 -0500] "GET /.well-known/security.txt HTTP/1.1" 404 1018
185.142.236.35 - - [22/Oct/2022:22:16:04 -0500] "GET /favicon.ico HTTP/1.1" 200 7782
207.46.13.40 - - [22/Oct/2022:22:16:33 -0500] "GET /BLA/resoluciones/RESOLUCIONES%202000/2000%20900-949.tif HTTP/1.1" 200 4091182
201.245.192.253 - - [22/Oct/2022:22:18:13 -0500] "POST /kwsrmcab/Wsrmcab  HTTP/1.1" 200 43148
216.245.221.92 - - [22/Oct/2022:22:18:46 -0500] "HEAD / HTTP/1.1" 200 -
66.249.66.85 - - [22/Oct/2022:22:19:30 -0500] "-" 408 -
172.22.2.4 - - [22/Oct/2022:22:18:46 -0500] "HEAD /BLA/boletinlegal/ HTTP/1.1" 200 -
93.158.161.56 - - [22/Oct/2022:22:20:58 -0500] "-" 408 -
93.158.161.72 - - [22/Oct/2022:22:21:03 -0500] "-" 408 -
77.88.5.232 - - [22/Oct/2022:22:21:08 -0500] "-" 408 -
93.158.161.55 - - [22/Oct/2022:22:21:13 -0500] "-" 408 -
172.22.2.4 - - [22/Oct/2022:22:19:36 -0500] "GET /BLA/boletinlegal/ HTTP/1.1" 200 54356
77.88.5.27 - - [22/Oct/2022:22:21:28 -0500] "-" 408 -
178.62.121.106 - - [22/Oct/2022:22:21:28 -0500] ")\xe1\x1c\xf5j\xd7\v\xceP\xb7" 400 946
178.62.121.106 - - [22/Oct/2022:22:21:29 -0500] "\x16\x03\x01" 400 226
178.62.121.106 - - [22/Oct/2022:22:21:29 -0500] "\x16\x03\x01" 400 226
178.62.121.106 - - [22/Oct/2022:22:21:29 -0500] "\x16\x03\x01" 400 226
185.119.81.109 - - [22/Oct/2022:22:21:35 -0500] "GET /portaldeninos/wp-login.php HTTP/1.1" 200 2592
185.119.81.109 - - [22/Oct/2022:22:21:36 -0500] "POST /portaldeninos/wp-login.php HTTP/1.1" 200 3605
93.158.161.5 - - [22/Oct/2022:22:21:43 -0500] "-" 408 -
77.88.5.5 - - [22/Oct/2022:22:22:13 -0500] "-" 408 -
201.245.192.253 - - [22/Oct/2022:22:22:18 -0500] "POST /kwsrmcab/Wsrmcab HTTP/1.1" 200 43307
201.245.192.253 - - [22/Oct/2022:22:22:21 -0500] "POST /kwsrmcab/Wsrmcab HTTP/1.1" 200 44498
173.252.107.11 - - [22/Oct/2022:22:22:29 -0500] "GET /images/pieza-ruta-verde-2-marzo.jpg HTTP/1.1" 200 46716
64.124.8.31 - - [22/Oct/2022:22:22:52 -0500] "GET /portaldeninos/que-es-cambio-climatico HTTP/1.1" 301 -
64.124.8.31 - - [22/Oct/2022:22:23:03 -0500] "GET /portaldeninos/que-es-cambio-climatico/ HTTP/1.1" 200 86727
201.245.192.253 - - [22/Oct/2022:22:23:11 -0500] "POST /kwsrmcab/Wsrmcab  HTTP/1.1" 200 43148
77.88.5.82 - - [22/Oct/2022:22:23:14 -0500] "-" 408 -
216.245.221.92 - - [22/Oct/2022:22:23:46 -0500] "HEAD / HTTP/1.1" 200 -
45.61.185.198 - - [22/Oct/2022:22:24:46 -0500] "GET /config/getuser?index=0 HTTP/1.1" 404 1018
66.249.66.85 - - [22/Oct/2022:22:25:15 -0500] "-" 408 -
172.22.2.4 - - [22/Oct/2022:22:24:36 -0500] "HEAD /BLA/boletinlegal/ HTTP/1.1" 200 -
39.106.56.123 - - [22/Oct/2022:22:26:25 -0500] "GET /galeria/galeria/fotos/diaSC3Peq.jpg HTTP/1.1" 200 24913
172.22.2.4 - - [22/Oct/2022:22:25:26 -0500] "GET /BLA/boletinlegal/ HTTP/1.1" 200 59828
201.245.192.253 - - [22/Oct/2022:22:28:10 -0500] "POST /kwsrmcab/Wsrmcab  HTTP/1.1" 200 43148
216.245.221.92 - - [22/Oct/2022:22:28:46 -0500] "HEAD / HTTP/1.1" 200 -
178.128.248.115 - - [22/Oct/2022:22:30:46 -0500] "GET /wp-commentin.php HTTP/1.1" 404 1049
213.186.1.246 - - [22/Oct/2022:22:31:41 -0500] "-" 408 -
173.252.107.12 - - [22/Oct/2022:22:32:05 -0500] "GET /proyecto-de-eficiencia-energetica-y-energia-solar-para-entidades-publicas-de-bogota-recibira-apoyo-de-c40.html HTTP/1.1" 206 890
173.252.79.9 - - [22/Oct/2022:22:32:06 -0500] "GET /images/energia-eficiencia-26-mayo.jpg HTTP/1.1" 200 46417
172.22.2.4 - - [22/Oct/2022:22:30:26 -0500] "HEAD /BLA/boletinlegal/ HTTP/1.1" 200 -
173.252.95.12 - - [22/Oct/2022:22:32:06 -0500] "GET /images/negocios-verdes-mayo-2022.jpg HTTP/1.1" 200 48000
201.245.192.253 - - [22/Oct/2022:22:32:19 -0500] "POST /kwsrmcab/Wsrmcab HTTP/1.1" 200 43307
201.245.192.253 - - [22/Oct/2022:22:32:21 -0500] "POST /kwsrmcab/Wsrmcab HTTP/1.1" 200 44498
172.22.2.4 - - [22/Oct/2022:22:31:16 -0500] "GET /BLA/boletinlegal/ HTTP/1.1" 200 59828
185.119.81.102 - - [22/Oct/2022:22:33:02 -0500] "GET /portaldeninos/wp-login.php HTTP/1.1" 200 2592
185.119.81.102 - - [22/Oct/2022:22:33:03 -0500] "POST /portaldeninos/wp-login.php HTTP/1.1" 200 3605
201.245.192.253 - - [22/Oct/2022:22:33:09 -0500] "POST /kwsrmcab/Wsrmcab  HTTP/1.1" 200 43148
66.249.66.85 - - [22/Oct/2022:22:33:12 -0500] "-" 408 -
216.245.221.92 - - [22/Oct/2022:22:33:46 -0500] "HEAD / HTTP/1.1" 200 -
114.119.141.53 - - [22/Oct/2022:22:36:21 -0500] "GET /BLA/resoluciones/RESOLUCIONES%202010/5436.pdf HTTP/1.1" 200 525138
172.22.2.4 - - [22/Oct/2022:22:36:16 -0500] "HEAD /BLA/boletinlegal/ HTTP/1.1" 200 -
201.245.192.253 - - [22/Oct/2022:22:38:08 -0500] "POST /kwsrmcab/Wsrmcab  HTTP/1.1" 200 43148
207.46.13.84 - - [22/Oct/2022:22:38:28 -0500] "GET /BLA/resoluciones/RESOLUCIONES%202013/2728.pdf HTTP/1.1" 304 -
216.245.221.92 - - [22/Oct/2022:22:38:46 -0500] "HEAD / HTTP/1.1" 200 -
172.22.2.4 - - [22/Oct/2022:22:37:06 -0500] "GET /BLA/boletinlegal/ HTTP/1.1" 200 52877
172.22.2.4 - - [22/Oct/2022:22:37:19 -0500] "GET /BLA/boletinlegal/ HTTP/1.1" 200 54003
172.22.2.4 - - [22/Oct/2022:22:41:13 -0500] "GET /BLA/boletinlegal/Circulares/2019/.pdf HTTP/1.1" 404 1218
64.124.8.57 - - [22/Oct/2022:22:41:21 -0500] "GET /BLA/boletinlegal/actos.php HTTP/1.1" 200 9566
201.245.192.253 - - [22/Oct/2022:22:42:19 -0500] "POST /kwsrmcab/Wsrmcab HTTP/1.1" 200 43307
201.245.192.253 - - [22/Oct/2022:22:42:21 -0500] "POST /kwsrmcab/Wsrmcab HTTP/1.1" 200 44498
66.249.66.85 - - [22/Oct/2022:22:42:31 -0500] "-" 408 -
186.154.141.153 - - [22/Oct/2022:22:42:55 -0500] "GET /galeria/galeria/jquery.fancybox.css?v=2.1.5 HTTP/1.1" 200 4895
186.154.141.153 - - [22/Oct/2022:22:42:55 -0500] "GET /BLA/boletinlegal/js/jquery.scrollShow.js HTTP/1.1" 200 4586
186.154.141.153 - - [22/Oct/2022:22:42:55 -0500] "GET /galeria/galeria/jquery.fancybox.js?v=2.1.5 HTTP/1.1" 200 48706
201.245.192.253 - - [22/Oct/2022:22:43:07 -0500] "POST /kwsrmcab/Wsrmcab  HTTP/1.1" 200 43148
216.245.221.92 - - [22/Oct/2022:22:43:46 -0500] "HEAD / HTTP/1.1" 200 -
172.22.2.4 - - [22/Oct/2022:22:42:06 -0500] "HEAD /BLA/boletinlegal/ HTTP/1.1" 200 -
51.79.78.22 - - [22/Oct/2022:22:44:03 -0500] "GET /auambari-deleito-con-sus-sonidos-ambientales-a-los-asistentes-de-fima-2021.html HTTP/1.1" 200 888
64.124.8.28 - - [22/Oct/2022:22:44:10 -0500] "GET /Residuos/vehiculos/vehiculos.html HTTP/1.1" 200 1961
172.22.2.4 - - [22/Oct/2022:22:42:56 -0500] "GET /BLA/boletinlegal/ HTTP/1.1" 200 56014
185.119.81.98 - - [22/Oct/2022:22:46:51 -0500] "GET /portaldeninos/wp-login.php HTTP/1.1" 200 2592
185.119.81.98 - - [22/Oct/2022:22:46:52 -0500] "POST /portaldeninos/wp-login.php HTTP/1.1" 200 3605
82.80.230.228 - - [22/Oct/2022:22:47:39 -0500] "GET /galeria/galeria/fotos/Humedal-la-conejera1G.jpg HTTP/1.1" 200 340987
201.245.192.253 - - [22/Oct/2022:22:48:06 -0500] "POST /kwsrmcab/Wsrmcab  HTTP/1.1" 200 43148
216.245.221.92 - - [22/Oct/2022:22:48:46 -0500] "HEAD / HTTP/1.1" 200 -
172.22.2.4 - - [22/Oct/2022:22:48:47 -0500] "GET /BLA/boletinlegal/images/screen_1.png HTTP/1.1" 304 -
66.249.66.85 - - [22/Oct/2022:22:49:14 -0500] "-" 408 -
172.22.2.4 - - [22/Oct/2022:22:47:56 -0500] "HEAD /BLA/boletinlegal/ HTTP/1.1" 200 -
172.22.2.4 - - [22/Oct/2022:22:48:46 -0500] "GET /BLA/boletinlegal/ HTTP/1.1" 200 57725
172.22.2.4 - - [22/Oct/2022:22:51:01 -0500] "GET /BLA/boletinlegal/doctrina.php/js/lib.js HTTP/1.1" 200 5604
207.46.13.217 - - [22/Oct/2022:22:51:02 -0500] "GET /carolina-urrutia-la-sostenibilidad-se-logra-con-el-compromiso-de-todos-los-actores.html HTTP/1.1" 200 934
201.245.192.253 - - [22/Oct/2022:22:53:05 -0500] "POST /kwsrmcab/Wsrmcab  HTTP/1.1" 200 43148
216.245.221.92 - - [22/Oct/2022:22:53:46 -0500] "HEAD / HTTP/1.1" 200 -
64.124.8.31 - - [22/Oct/2022:22:53:57 -0500] "GET /portaldeninos/agua-y-estructura-ecologica-principal HTTP/1.1" 301 -
64.124.8.31 - - [22/Oct/2022:22:54:07 -0500] "GET /portaldeninos/agua-y-estructura-ecologica-principal/ HTTP/1.1" 200 87488
172.22.2.4 - - [22/Oct/2022:22:54:32 -0500] "GET /BLA/boletinlegal/ HTTP/1.1" 200 20427
64.124.8.28 - - [22/Oct/2022:22:55:07 -0500] "GET /galeria/nivo-slider/demo/inicio.html HTTP/1.1" 404 1018
207.46.13.10 - - [22/Oct/2022:22:55:24 -0500] "GET /BLA/resoluciones/AUTOS%202013/0334.pdf HTTP/1.1" 200 588811
64.124.8.57 - - [22/Oct/2022:22:55:26 -0500] "GET /BLA/boletinlegal/conceptos.php HTTP/1.1" 200 7450
172.22.2.4 - - [22/Oct/2022:22:53:46 -0500] "HEAD /BLA/boletinlegal/ HTTP/1.1" 200 -
66.249.66.85 - - [22/Oct/2022:22:56:07 -0500] "-" 408 -
172.22.2.4 - - [22/Oct/2022:22:54:36 -0500] "GET /BLA/boletinlegal/ HTTP/1.1" 200 55220
64.124.8.57 - - [22/Oct/2022:22:56:07 -0500] "GET /BLA/boletinlegal/index.php HTTP/1.1" 200 16331
64.124.8.57 - - [22/Oct/2022:22:56:35 -0500] "GET /BLA/boletinlegal/jurisprudencia.php HTTP/1.1" 200 17573
172.22.2.4 - - [22/Oct/2022:22:57:29 -0500] "GET /BLA/boletinlegal/robots.txt HTTP/1.1" 404 1038
172.22.2.4 - - [22/Oct/2022:22:57:33 -0500] "GET /BLA/boletinlegal/Directivas/2017/Directiva%20No.%2003%20del%2024%20de%20Febrero%20de%202017.pdf HTTP/1.1" 200 6911517
201.245.192.253 - - [22/Oct/2022:22:58:04 -0500] "POST /kwsrmcab/Wsrmcab  HTTP/1.1" 200 43148
64.124.8.31 - - [22/Oct/2022:22:58:08 -0500] "GET /portaldeninos/gestion-del-riesgo-incendios-forestales HTTP/1.1" 301 -
64.124.8.31 - - [22/Oct/2022:22:58:18 -0500] "GET /portaldeninos/gestion-del-riesgo-incendios-forestales/ HTTP/1.1" 200 86825
216.245.221.92 - - [22/Oct/2022:22:58:46 -0500] "HEAD / HTTP/1.1" 200 -
64.124.8.28 - - [22/Oct/2022:23:00:18 -0500] "GET /BLA/boletinlegal/ HTTP/1.1" 200 20427
172.22.2.4 - - [22/Oct/2022:22:59:36 -0500] "HEAD /BLA/boletinlegal/ HTTP/1.1" 200 -
172.22.2.4 - - [22/Oct/2022:23:00:26 -0500] "GET /BLA/boletinlegal/ HTTP/1.1" 200 58163
66.249.66.85 - - [22/Oct/2022:23:02:21 -0500] "-" 408 -
201.245.192.253 - - [22/Oct/2022:23:03:03 -0500] "POST /kwsrmcab/Wsrmcab  HTTP/1.1" 200 43148
172.22.2.4 - - [22/Oct/2022:23:03:12 -0500] "GET /BLA/boletinlegal/Circulares/2010/Circular%2006%20de%208%20de%20septiembre%20de%202010.pdf HTTP/1.1" 200 4657752
216.245.221.92 - - [22/Oct/2022:23:03:46 -0500] "HEAD / HTTP/1.1" 200 -
185.119.81.102 - - [22/Oct/2022:23:06:46 -0500] "GET /portaldeninos/wp-login.php HTTP/1.1" 200 2592
185.119.81.102 - - [22/Oct/2022:23:06:47 -0500] "POST /portaldeninos/wp-login.php HTTP/1.1" 200 3650
172.22.2.4 - - [22/Oct/2022:23:05:26 -0500] "HEAD /BLA/boletinlegal/ HTTP/1.1" 200 -
172.22.2.4 - - [22/Oct/2022:23:06:16 -0500] "GET /BLA/boletinlegal/ HTTP/1.1" 200 59319
201.245.192.253 - - [22/Oct/2022:23:08:02 -0500] "POST /kwsrmcab/Wsrmcab  HTTP/1.1" 200 43148
45.61.185.198 - - [22/Oct/2022:23:08:38 -0500] "GET /config/getuser?index=0 HTTP/1.1" 404 1018
216.245.221.92 - - [22/Oct/2022:23:08:46 -0500] "HEAD / HTTP/1.1" 200 -
66.249.66.85 - - [22/Oct/2022:23:08:46 -0500] "-" 408 -
45.95.55.46 - - [22/Oct/2022:23:10:52 -0500] "CONNECT google.com:443 HTTP/1.1" 405 938
207.46.13.40 - - [22/Oct/2022:23:11:08 -0500] "GET /galeria/galeria/fotos/Jaboque2G.jpg HTTP/1.1" 200 322400
172.22.2.4 - - [22/Oct/2022:23:11:16 -0500] "HEAD /BLA/boletinlegal/ HTTP/1.1" 200 -
201.245.192.253 - - [22/Oct/2022:23:13:01 -0500] "POST /kwsrmcab/Wsrmcab  HTTP/1.1" 200 43148
216.245.221.92 - - [22/Oct/2022:23:13:46 -0500] "HEAD / HTTP/1.1" 200 -
172.22.2.4 - - [22/Oct/2022:23:12:06 -0500] "GET /BLA/boletinlegal/ HTTP/1.1" 200 55630
186.28.38.113 - - [22/Oct/2022:23:14:18 -0500] "GET /sipse/faces/faces/faces/index.xhtml HTTP/1.1" 200 677
186.28.38.113 - - [22/Oct/2022:23:14:18 -0500] "GET /sipse/faces/javax.faces.resource/theme.css?ln=primefaces-sipse HTTP/1.1" 200 50058
186.28.38.113 - - [22/Oct/2022:23:14:18 -0500] "GET /favicon.ico HTTP/1.1" 200 7782
186.28.38.113 - - [22/Oct/2022:23:14:18 -0500] "GET /sipse/faces/faces/faces/faces/autenticacion.xhtml HTTP/1.1" 200 12181
186.28.38.113 - - [22/Oct/2022:23:14:18 -0500] "GET /sipse/js/disable_browser_buttons.js HTTP/1.1" 200 3230
186.28.38.113 - - [22/Oct/2022:23:14:18 -0500] "GET /sipse/js/funciones.js HTTP/1.1" 200 12592
186.28.38.113 - - [22/Oct/2022:23:14:18 -0500] "GET /sipse/css/custom_css_sg_prime_login.css HTTP/1.1" 200 443
186.28.38.113 - - [22/Oct/2022:23:14:18 -0500] "GET /sipse/faces/javax.faces.resource/theme.css?ln=primefaces-sipse HTTP/1.1" 304 -
186.28.38.113 - - [22/Oct/2022:23:14:18 -0500] "GET /sipse/faces/javax.faces.resource/layout/layout.css?ln=primefaces&v=4.0 HTTP/1.1" 200 542
186.28.38.113 - - [22/Oct/2022:23:14:18 -0500] "GET /sipse/css/custom_css_sg.css HTTP/1.1" 200 9694
186.28.38.113 - - [22/Oct/2022:23:14:18 -0500] "GET /sipse/faces/javax.faces.resource/jquery/jquery.js?ln=primefaces&v=4.0 HTTP/1.1" 200 105384
186.28.38.113 - - [22/Oct/2022:23:14:18 -0500] "GET /sipse/faces/javax.faces.resource/primefaces.css?ln=primefaces&v=4.0 HTTP/1.1" 200 53295
186.28.38.113 - - [22/Oct/2022:23:14:18 -0500] "GET /sipse/faces/javax.faces.resource/layout/layout.js?ln=primefaces&v=4.0 HTTP/1.1" 200 87560
186.28.38.113 - - [22/Oct/2022:23:14:18 -0500] "GET /sipse/faces/javax.faces.resource/jquery/jquery-plugins.js?ln=primefaces&v=4.0 HTTP/1.1" 200 220526
186.28.38.113 - - [22/Oct/2022:23:14:18 -0500] "GET /sipse/faces/javax.faces.resource/primefaces.js?ln=primefaces&v=4.0 HTTP/1.1" 200 276924
186.28.38.113 - - [22/Oct/2022:23:14:18 -0500] "GET /sipse/css/imagen/loginimg.png HTTP/1.1" 200 71635
186.28.38.113 - - [22/Oct/2022:23:14:18 -0500] "GET /sipse/faces/javax.faces.resource/images/ui-icons_898989_256x240.png?ln=primefaces-aristo HTTP/1.1" 200 5355
186.28.38.113 - - [22/Oct/2022:23:14:18 -0500] "GET /sipse/css/imagen/logoSDG.png HTTP/1.1" 200 53064
186.28.38.113 - - [22/Oct/2022:23:14:21 -0500] "POST /sipse/faces/autenticacion.xhtml HTTP/1.1" 200 11368
186.28.38.113 - - [22/Oct/2022:23:14:21 -0500] "GET /sipse/css/custom_css_sg_prime.css HTTP/1.1" 200 5201
186.28.38.113 - - [22/Oct/2022:23:14:21 -0500] "GET /sipse/faces/javax.faces.resource/theme.css?ln=primefaces-sipse HTTP/1.1" 304 -
186.28.38.113 - - [22/Oct/2022:23:14:21 -0500] "GET /sipse/faces/javax.faces.resource/primefaces.css?ln=primefaces&v=4.0 HTTP/1.1" 304 -
186.28.38.113 - - [22/Oct/2022:23:14:21 -0500] "GET /sipse/faces/javax.faces.resource/layout/layout.css?ln=primefaces&v=4.0 HTTP/1.1" 304 -
186.28.38.113 - - [22/Oct/2022:23:14:21 -0500] "GET /sipse/faces/javax.faces.resource/jquery/jquery.js?ln=primefaces&v=4.0 HTTP/1.1" 304 -
186.28.38.113 - - [22/Oct/2022:23:14:21 -0500] "GET /sipse/faces/javax.faces.resource/jquery/jquery-plugins.js?ln=primefaces&v=4.0 HTTP/1.1" 304 -
186.28.38.113 - - [22/Oct/2022:23:14:21 -0500] "GET /sipse/faces/javax.faces.resource/primefaces.js?ln=primefaces&v=4.0 HTTP/1.1" 304 -
186.28.38.113 - - [22/Oct/2022:23:14:21 -0500] "GET /sipse/faces/javax.faces.resource/layout/layout.js?ln=primefaces&v=4.0 HTTP/1.1" 304 -
186.28.38.113 - - [22/Oct/2022:23:14:21 -0500] "GET /sipse/faces/javax.faces.resource/messages/messages.png?ln=primefaces&v=4.0 HTTP/1.1" 200 27209
186.28.38.113 - - [22/Oct/2022:23:14:23 -0500] "POST /sipse/faces/presentacion/sistema/seguridad/seleccionRol.xhtml HTTP/1.1" 200 5801
186.28.38.113 - - [22/Oct/2022:23:14:24 -0500] "POST /sipse/faces/presentacion/sistema/seguridad/seleccionRol.xhtml HTTP/1.1" 200 16248
186.28.38.113 - - [22/Oct/2022:23:14:24 -0500] "GET /sipse/faces/javax.faces.resource/theme.css?ln=primefaces-sipse HTTP/1.1" 304 -
186.28.38.113 - - [22/Oct/2022:23:14:24 -0500] "GET /sipse/faces/javax.faces.resource/primefaces.css?ln=primefaces&v=4.0 HTTP/1.1" 304 -
186.28.38.113 - - [22/Oct/2022:23:14:24 -0500] "GET /sipse/faces/javax.faces.resource/layout/layout.css?ln=primefaces&v=4.0 HTTP/1.1" 304 -
186.28.38.113 - - [22/Oct/2022:23:14:24 -0500] "GET /sipse/js/jquery.min.js HTTP/1.1" 200 85582
186.28.38.113 - - [22/Oct/2022:23:14:24 -0500] "GET /sipse/faces/javax.faces.resource/jquery/jquery.js?ln=primefaces&v=4.0 HTTP/1.1" 304 -
186.28.38.113 - - [22/Oct/2022:23:14:24 -0500] "GET /sipse/faces/javax.faces.resource/jquery/jquery-plugins.js?ln=primefaces&v=4.0 HTTP/1.1" 304 -
186.28.38.113 - - [22/Oct/2022:23:14:24 -0500] "GET /sipse/faces/javax.faces.resource/primefaces.js?ln=primefaces&v=4.0 HTTP/1.1" 304 -
186.28.38.113 - - [22/Oct/2022:23:14:24 -0500] "GET /sipse/faces/javax.faces.resource/layout/layout.js?ln=primefaces&v=4.0 HTTP/1.1" 304 -
186.28.38.113 - - [22/Oct/2022:23:14:24 -0500] "GET /sipse/css/imagen/contrasena.png HTTP/1.1" 404 383
186.28.38.113 - - [22/Oct/2022:23:14:24 -0500] "GET /sipse/imagenes/cargando.gif HTTP/1.1" 200 36959
186.28.38.113 - - [22/Oct/2022:23:14:24 -0500] "GET /sipse/imagenes/logoAplicacion.jpg HTTP/1.1" 200 155084
186.28.38.113 - - [22/Oct/2022:23:14:25 -0500] "GET /sipse/faces/javax.faces.resource/images/ui-bg_flat_0_2d5972_40x100.png?ln=primefaces-aristo HTTP/1.1" 200 183
186.28.38.113 - - [22/Oct/2022:23:14:25 -0500] "POST /sipse/faces/bienvenido.xhtml HTTP/1.1" 200 1473
186.28.38.113 - - [22/Oct/2022:23:14:26 -0500] "POST /sipse/faces/bienvenido.xhtml HTTP/1.1" 200 38385
186.28.38.113 - - [22/Oct/2022:23:14:26 -0500] "GET /sipse/faces/javax.faces.resource/theme.css?ln=primefaces-sipse HTTP/1.1" 304 -
186.28.38.113 - - [22/Oct/2022:23:14:26 -0500] "GET /sipse/faces/javax.faces.resource/primefaces.css?ln=primefaces&v=4.0 HTTP/1.1" 304 -
186.28.38.113 - - [22/Oct/2022:23:14:26 -0500] "GET /sipse/faces/javax.faces.resource/layout/layout.css?ln=primefaces&v=4.0 HTTP/1.1" 304 -
186.28.38.113 - - [22/Oct/2022:23:14:26 -0500] "GET /sipse/faces/javax.faces.resource/jquery/jquery.js?ln=primefaces&v=4.0 HTTP/1.1" 304 -
186.28.38.113 - - [22/Oct/2022:23:14:26 -0500] "GET /sipse/faces/javax.faces.resource/jquery/jquery-plugins.js?ln=primefaces&v=4.0 HTTP/1.1" 304 -
186.28.38.113 - - [22/Oct/2022:23:14:26 -0500] "GET /sipse/faces/javax.faces.resource/primefaces.js?ln=primefaces&v=4.0 HTTP/1.1" 304 -
186.28.38.113 - - [22/Oct/2022:23:14:27 -0500] "GET /sipse/faces/javax.faces.resource/layout/layout.js?ln=primefaces&v=4.0 HTTP/1.1" 304 -
186.28.38.113 - - [22/Oct/2022:23:14:29 -0500] "POST /sipse/faces/presentacion/financiero/solicitudProceso/consultar.xhtml HTTP/1.1" 200 12825
186.28.38.113 - - [22/Oct/2022:23:14:35 -0500] "POST /sipse/faces/presentacion/financiero/solicitudProceso/consultar.xhtml HTTP/1.1" 200 118406
186.28.38.113 - - [22/Oct/2022:23:14:36 -0500] "GET /sipse/faces/javax.faces.resource/theme.css?ln=primefaces-sipse HTTP/1.1" 304 -
186.28.38.113 - - [22/Oct/2022:23:14:36 -0500] "GET /sipse/faces/javax.faces.resource/primefaces.css?ln=primefaces&v=4.0 HTTP/1.1" 304 -
186.28.38.113 - - [22/Oct/2022:23:14:36 -0500] "GET /sipse/faces/javax.faces.resource/layout/layout.css?ln=primefaces&v=4.0 HTTP/1.1" 304 -
186.28.38.113 - - [22/Oct/2022:23:14:36 -0500] "GET /sipse/faces/javax.faces.resource/jquery/jquery.js?ln=primefaces&v=4.0 HTTP/1.1" 304 -
186.28.38.113 - - [22/Oct/2022:23:14:36 -0500] "GET /sipse/faces/javax.faces.resource/jquery/jquery-plugins.js?ln=primefaces&v=4.0 HTTP/1.1" 304 -
186.28.38.113 - - [22/Oct/2022:23:14:36 -0500] "GET /sipse/faces/javax.faces.resource/primefaces.js?ln=primefaces&v=4.0 HTTP/1.1" 304 -
186.28.38.113 - - [22/Oct/2022:23:14:36 -0500] "GET /sipse/faces/javax.faces.resource/layout/layout.js?ln=primefaces&v=4.0 HTTP/1.1" 304 -
186.28.38.113 - - [22/Oct/2022:23:14:48 -0500] "POST /sipse/faces/presentacion/financiero/solicitudProceso/consultarSolicitudProceso.xhtml HTTP/1.1" 200 41427
186.28.38.113 - - [22/Oct/2022:23:14:48 -0500] "GET /sipse/faces/javax.faces.resource/theme.css?ln=primefaces-sipse HTTP/1.1" 304 -
186.28.38.113 - - [22/Oct/2022:23:14:48 -0500] "GET /sipse/faces/javax.faces.resource/primefaces.css?ln=primefaces&v=4.0 HTTP/1.1" 304 -
186.28.38.113 - - [22/Oct/2022:23:14:48 -0500] "GET /sipse/faces/javax.faces.resource/layout/layout.css?ln=primefaces&v=4.0 HTTP/1.1" 304 -
186.28.38.113 - - [22/Oct/2022:23:14:48 -0500] "GET /sipse/faces/javax.faces.resource/jquery/jquery.js?ln=primefaces&v=4.0 HTTP/1.1" 304 -
186.28.38.113 - - [22/Oct/2022:23:14:48 -0500] "GET /sipse/faces/javax.faces.resource/jquery/jquery-plugins.js?ln=primefaces&v=4.0 HTTP/1.1" 304 -
186.28.38.113 - - [22/Oct/2022:23:14:48 -0500] "GET /sipse/faces/javax.faces.resource/primefaces.js?ln=primefaces&v=4.0 HTTP/1.1" 304 -
186.28.38.113 - - [22/Oct/2022:23:14:48 -0500] "GET /sipse/faces/javax.faces.resource/layout/layout.js?ln=primefaces&v=4.0 HTTP/1.1" 304 -
186.28.38.113 - - [22/Oct/2022:23:14:48 -0500] "POST /sipse/faces/presentacion/financiero/solicitudProceso/consultar.xhtml HTTP/1.1" 200 34832
186.28.38.113 - - [22/Oct/2022:23:14:48 -0500] "POST /sipse/faces/presentacion/financiero/solicitudProceso/consultar.xhtml HTTP/1.1" 200 34832
186.28.38.113 - - [22/Oct/2022:23:14:50 -0500] "POST /sipse/faces/presentacion/financiero/solicitudProceso/consultar.xhtml HTTP/1.1" 200 12798
186.28.38.113 - - [22/Oct/2022:23:14:52 -0500] "POST /sipse/faces/presentacion/financiero/solicitudProceso/consultar.xhtml HTTP/1.1" 200 111962
186.28.38.113 - - [22/Oct/2022:23:14:53 -0500] "GET /sipse/faces/javax.faces.resource/theme.css?ln=primefaces-sipse HTTP/1.1" 304 -
186.28.38.113 - - [22/Oct/2022:23:14:53 -0500] "GET /sipse/faces/javax.faces.resource/primefaces.css?ln=primefaces&v=4.0 HTTP/1.1" 304 -
186.28.38.113 - - [22/Oct/2022:23:14:53 -0500] "GET /sipse/faces/javax.faces.resource/layout/layout.css?ln=primefaces&v=4.0 HTTP/1.1" 304 -
186.28.38.113 - - [22/Oct/2022:23:14:53 -0500] "GET /sipse/faces/javax.faces.resource/jquery/jquery.js?ln=primefaces&v=4.0 HTTP/1.1" 304 -
186.28.38.113 - - [22/Oct/2022:23:14:53 -0500] "GET /sipse/faces/javax.faces.resource/jquery/jquery-plugins.js?ln=primefaces&v=4.0 HTTP/1.1" 304 -
186.28.38.113 - - [22/Oct/2022:23:14:53 -0500] "GET /sipse/faces/javax.faces.resource/primefaces.js?ln=primefaces&v=4.0 HTTP/1.1" 304 -
186.28.38.113 - - [22/Oct/2022:23:14:53 -0500] "GET /sipse/faces/javax.faces.resource/layout/layout.js?ln=primefaces&v=4.0 HTTP/1.1" 304 -
185.119.81.106 - - [22/Oct/2022:23:15:00 -0500] "GET /portaldeninos/wp-login.php HTTP/1.1" 200 2592
185.119.81.106 - - [22/Oct/2022:23:15:01 -0500] "POST /portaldeninos/wp-login.php HTTP/1.1" 200 3670
157.55.39.202 - - [22/Oct/2022:23:15:05 -0500] "GET / HTTP/1.1" 200 319
207.46.13.84 - - [22/Oct/2022:23:15:12 -0500] "GET /BLA/resoluciones/RESOLUCIONES%202022/0441.pdf HTTP/1.1" 200 343581
201.245.192.253 - - [22/Oct/2022:23:18:00 -0500] "POST /kwsrmcab/Wsrmcab  HTTP/1.1" 200 43148
216.245.221.92 - - [22/Oct/2022:23:18:46 -0500] "HEAD / HTTP/1.1" 200 -
172.22.2.4 - - [22/Oct/2022:23:17:06 -0500] "HEAD /BLA/boletinlegal/ HTTP/1.1" 200 -
64.124.8.57 - - [22/Oct/2022:23:19:23 -0500] "GET /BLA/boletinlegal/sugerencias.php HTTP/1.1" 200 8615
172.22.2.4 - - [22/Oct/2022:23:17:56 -0500] "GET /BLA/boletinlegal/ HTTP/1.1" 200 57725
191.156.49.238 - - [22/Oct/2022:23:20:20 -0500] "GET /BLA/resoluciones/ HTTP/1.1" 200 13093
191.156.49.238 - - [22/Oct/2022:23:20:24 -0500] "GET /BLA/resoluciones/index.php?dir=AUTOS+2018%2F HTTP/1.1" 200 438720
201.245.192.253 - - [22/Oct/2022:23:22:18 -0500] "POST /kwsrmcab/Wsrmcab HTTP/1.1" 200 43443
201.245.192.253 - - [22/Oct/2022:23:22:20 -0500] "POST /kwsrmcab/Wsrmcab HTTP/1.1" 200 44520
201.245.192.253 - - [22/Oct/2022:23:22:59 -0500] "POST /kwsrmcab/Wsrmcab  HTTP/1.1" 200 43148
207.46.13.89 - - [22/Oct/2022:23:23:19 -0500] "GET /BLA/resoluciones/AUTOS%202008/0987.pdf HTTP/1.1" 200 292866
128.199.27.239 - - [22/Oct/2022:23:23:40 -0500] "" 400 226
128.199.27.239 - - [22/Oct/2022:23:23:41 -0500] "\x16\x03\x01" 400 226
128.199.27.239 - - [22/Oct/2022:23:23:41 -0500] "\x16\x03\x01" 400 226
128.199.27.239 - - [22/Oct/2022:23:23:42 -0500] "\x16\x03\x01" 400 226
216.245.221.92 - - [22/Oct/2022:23:23:46 -0500] "HEAD / HTTP/1.1" 200 -
172.22.2.4 - - [22/Oct/2022:23:22:56 -0500] "HEAD /BLA/boletinlegal/ HTTP/1.1" 200 -
64.124.8.57 - - [22/Oct/2022:23:24:44 -0500] "GET /BLA/boletinlegal/normativa.php HTTP/1.1" 200 8333
172.22.2.4 - - [22/Oct/2022:23:23:46 -0500] "GET /BLA/boletinlegal/ HTTP/1.1" 200 59828
207.46.13.84 - - [22/Oct/2022:23:26:11 -0500] "GET /BLA/resoluciones/AUTOS%202013/0519.pdf HTTP/1.1" 200 221515
201.245.192.253 - - [22/Oct/2022:23:27:58 -0500] "POST /kwsrmcab/Wsrmcab  HTTP/1.1" 200 43148
216.245.221.92 - - [22/Oct/2022:23:28:46 -0500] "HEAD / HTTP/1.1" 200 -
114.119.152.167 - - [22/Oct/2022:23:29:45 -0500] "-" 408 -
172.22.2.4 - - [22/Oct/2022:23:28:46 -0500] "HEAD /BLA/boletinlegal/ HTTP/1.1" 200 -
209.141.36.231 - - [22/Oct/2022:23:31:04 -0500] "GET /portaldeninos/ HTTP/1.1" 200 110197
172.22.2.4 - - [22/Oct/2022:23:29:36 -0500] "GET /BLA/boletinlegal/ HTTP/1.1" 200 56014
201.245.192.253 - - [22/Oct/2022:23:32:19 -0500] "POST /kwsrmcab/Wsrmcab HTTP/1.1" 200 43443
201.245.192.253 - - [22/Oct/2022:23:32:21 -0500] "POST /kwsrmcab/Wsrmcab HTTP/1.1" 200 44520
185.119.81.102 - - [22/Oct/2022:23:32:54 -0500] "GET /portaldeninos/wp-login.php HTTP/1.1" 200 2592
185.119.81.102 - - [22/Oct/2022:23:32:55 -0500] "POST /portaldeninos/wp-login.php HTTP/1.1" 200 3650
201.245.192.253 - - [22/Oct/2022:23:32:57 -0500] "POST /kwsrmcab/Wsrmcab  HTTP/1.1" 200 43148
216.245.221.92 - - [22/Oct/2022:23:33:46 -0500] "HEAD / HTTP/1.1" 200 -
172.22.2.4 - - [22/Oct/2022:23:34:36 -0500] "HEAD /BLA/boletinlegal/ HTTP/1.1" 200 -
172.22.2.4 - - [22/Oct/2022:23:34:46 -0500] "GET /BLA/boletinlegal/ HTTP/1.1" 200 51993
172.22.2.4 - - [22/Oct/2022:23:35:26 -0500] "GET /BLA/boletinlegal/ HTTP/1.1" 200 54823
201.245.192.253 - - [22/Oct/2022:23:37:56 -0500] "POST /kwsrmcab/Wsrmcab  HTTP/1.1" 200 43148
185.119.81.106 - - [22/Oct/2022:23:37:58 -0500] "GET /portaldeninos/wp-login.php HTTP/1.1" 200 2592
185.119.81.106 - - [22/Oct/2022:23:37:59 -0500] "POST /portaldeninos/wp-login.php HTTP/1.1" 200 3650
172.22.2.4 - - [22/Oct/2022:23:38:33 -0500] "GET /BLA/boletinlegal/Circulares/2019/.pdf HTTP/1.1" 404 1218
216.245.221.92 - - [22/Oct/2022:23:38:46 -0500] "HEAD / HTTP/1.1" 200 -
172.22.2.4 - - [22/Oct/2022:23:40:26 -0500] "HEAD /BLA/boletinlegal/ HTTP/1.1" 200 -
201.245.192.253 - - [22/Oct/2022:23:42:18 -0500] "POST /kwsrmcab/Wsrmcab HTTP/1.1" 200 43443
201.245.192.253 - - [22/Oct/2022:23:42:21 -0500] "POST /kwsrmcab/Wsrmcab HTTP/1.1" 200 44520
172.22.2.4 - - [22/Oct/2022:23:41:16 -0500] "GET /BLA/boletinlegal/ HTTP/1.1" 200 57725
201.245.192.253 - - [22/Oct/2022:23:42:56 -0500] "POST /kwsrmcab/Wsrmcab  HTTP/1.1" 200 43148
216.245.221.92 - - [22/Oct/2022:23:43:46 -0500] "HEAD / HTTP/1.1" 200 -
172.22.2.4 - - [22/Oct/2022:23:46:56 -0500] "GET /BLA/boletinlegal/doctrina.php HTTP/1.1" 200 5604
172.22.2.4 - - [22/Oct/2022:23:46:16 -0500] "HEAD /BLA/boletinlegal/ HTTP/1.1" 200 -
201.245.192.253 - - [22/Oct/2022:23:47:55 -0500] "POST /kwsrmcab/Wsrmcab  HTTP/1.1" 200 43148
193.142.146.35 - - [22/Oct/2022:23:48:36 -0500] "GET / HTTP/1.1" 200 319
216.245.221.92 - - [22/Oct/2022:23:48:46 -0500] "HEAD / HTTP/1.1" 200 -
172.22.2.4 - - [22/Oct/2022:23:47:06 -0500] "GET /BLA/boletinlegal/ HTTP/1.1" 200 57725
201.245.192.253 - - [22/Oct/2022:23:52:54 -0500] "POST /kwsrmcab/Wsrmcab  HTTP/1.1" 200 43148
216.245.221.92 - - [22/Oct/2022:23:53:46 -0500] "HEAD / HTTP/1.1" 200 -
172.22.2.4 - - [22/Oct/2022:23:52:06 -0500] "HEAD /BLA/boletinlegal/ HTTP/1.1" 200 -
172.22.2.4 - - [22/Oct/2022:23:52:56 -0500] "GET /BLA/boletinlegal/ HTTP/1.1" 200 57725
185.142.236.35 - - [22/Oct/2022:23:55:52 -0500] "-" 408 -
186.28.38.113 - - [22/Oct/2022:23:57:41 -0500] "GET /sipse/faces/faces/faces/index.xhtml HTTP/1.1" 200 677
186.28.38.113 - - [22/Oct/2022:23:57:42 -0500] "GET /sipse/faces/javax.faces.resource/theme.css?ln=primefaces-sipse HTTP/1.1" 304 -
186.28.38.113 - - [22/Oct/2022:23:57:42 -0500] "GET /sipse/faces/faces/faces/faces/autenticacion.xhtml HTTP/1.1" 200 12187
186.28.38.113 - - [22/Oct/2022:23:57:42 -0500] "GET /sipse/faces/javax.faces.resource/theme.css?ln=primefaces-sipse HTTP/1.1" 304 -
186.28.38.113 - - [22/Oct/2022:23:57:42 -0500] "GET /sipse/faces/javax.faces.resource/primefaces.css?ln=primefaces&v=4.0 HTTP/1.1" 304 -
186.28.38.113 - - [22/Oct/2022:23:57:42 -0500] "GET /sipse/faces/javax.faces.resource/layout/layout.css?ln=primefaces&v=4.0 HTTP/1.1" 304 -
186.28.38.113 - - [22/Oct/2022:23:57:42 -0500] "GET /sipse/faces/javax.faces.resource/jquery/jquery.js?ln=primefaces&v=4.0 HTTP/1.1" 304 -
186.28.38.113 - - [22/Oct/2022:23:57:42 -0500] "GET /sipse/faces/javax.faces.resource/primefaces.js?ln=primefaces&v=4.0 HTTP/1.1" 304 -
186.28.38.113 - - [22/Oct/2022:23:57:42 -0500] "GET /sipse/faces/javax.faces.resource/jquery/jquery-plugins.js?ln=primefaces&v=4.0 HTTP/1.1" 304 -
186.28.38.113 - - [22/Oct/2022:23:57:42 -0500] "GET /sipse/faces/javax.faces.resource/layout/layout.js?ln=primefaces&v=4.0 HTTP/1.1" 304 -
186.28.38.113 - - [22/Oct/2022:23:57:42 -0500] "GET /sipse/faces/javax.faces.resource/images/ui-icons_898989_256x240.png?ln=primefaces-aristo HTTP/1.1" 304 -
186.28.38.113 - - [22/Oct/2022:23:57:44 -0500] "POST /sipse/faces/autenticacion.xhtml HTTP/1.1" 200 11368
186.28.38.113 - - [22/Oct/2022:23:57:44 -0500] "GET /sipse/faces/javax.faces.resource/theme.css?ln=primefaces-sipse HTTP/1.1" 304 -
186.28.38.113 - - [22/Oct/2022:23:57:44 -0500] "GET /sipse/faces/javax.faces.resource/layout/layout.css?ln=primefaces&v=4.0 HTTP/1.1" 304 -
186.28.38.113 - - [22/Oct/2022:23:57:44 -0500] "GET /sipse/faces/javax.faces.resource/primefaces.css?ln=primefaces&v=4.0 HTTP/1.1" 304 -
186.28.38.113 - - [22/Oct/2022:23:57:44 -0500] "GET /sipse/faces/javax.faces.resource/jquery/jquery.js?ln=primefaces&v=4.0 HTTP/1.1" 304 -
186.28.38.113 - - [22/Oct/2022:23:57:44 -0500] "GET /sipse/faces/javax.faces.resource/jquery/jquery-plugins.js?ln=primefaces&v=4.0 HTTP/1.1" 304 -
186.28.38.113 - - [22/Oct/2022:23:57:44 -0500] "GET /sipse/faces/javax.faces.resource/primefaces.js?ln=primefaces&v=4.0 HTTP/1.1" 304 -
186.28.38.113 - - [22/Oct/2022:23:57:44 -0500] "GET /sipse/faces/javax.faces.resource/layout/layout.js?ln=primefaces&v=4.0 HTTP/1.1" 304 -
186.28.38.113 - - [22/Oct/2022:23:57:44 -0500] "GET /sipse/faces/javax.faces.resource/messages/messages.png?ln=primefaces&v=4.0 HTTP/1.1" 304 -
186.28.38.113 - - [22/Oct/2022:23:57:51 -0500] "POST /sipse/faces/presentacion/sistema/seguridad/seleccionRol.xhtml HTTP/1.1" 200 16282
186.28.38.113 - - [22/Oct/2022:23:57:51 -0500] "GET /sipse/faces/javax.faces.resource/theme.css?ln=primefaces-sipse HTTP/1.1" 304 -
186.28.38.113 - - [22/Oct/2022:23:57:51 -0500] "GET /sipse/faces/javax.faces.resource/layout/layout.css?ln=primefaces&v=4.0 HTTP/1.1" 304 -
186.28.38.113 - - [22/Oct/2022:23:57:51 -0500] "GET /sipse/faces/javax.faces.resource/primefaces.css?ln=primefaces&v=4.0 HTTP/1.1" 304 -
186.28.38.113 - - [22/Oct/2022:23:57:51 -0500] "GET /sipse/faces/javax.faces.resource/jquery/jquery.js?ln=primefaces&v=4.0 HTTP/1.1" 304 -
186.28.38.113 - - [22/Oct/2022:23:57:51 -0500] "GET /sipse/faces/javax.faces.resource/jquery/jquery-plugins.js?ln=primefaces&v=4.0 HTTP/1.1" 304 -
186.28.38.113 - - [22/Oct/2022:23:57:51 -0500] "GET /sipse/faces/javax.faces.resource/primefaces.js?ln=primefaces&v=4.0 HTTP/1.1" 304 -
186.28.38.113 - - [22/Oct/2022:23:57:51 -0500] "GET /sipse/faces/javax.faces.resource/layout/layout.js?ln=primefaces&v=4.0 HTTP/1.1" 304 -
186.28.38.113 - - [22/Oct/2022:23:57:51 -0500] "GET /sipse/css/imagen/contrasena.png HTTP/1.1" 404 383
186.28.38.113 - - [22/Oct/2022:23:57:52 -0500] "GET /sipse/faces/javax.faces.resource/images/ui-bg_flat_0_2d5972_40x100.png?ln=primefaces-aristo HTTP/1.1" 304 -
186.28.38.113 - - [22/Oct/2022:23:57:52 -0500] "POST /sipse/faces/bienvenido.xhtml HTTP/1.1" 200 1471
186.28.38.113 - - [22/Oct/2022:23:57:53 -0500] "POST /sipse/faces/bienvenido.xhtml HTTP/1.1" 200 63001
186.28.38.113 - - [22/Oct/2022:23:57:53 -0500] "GET /sipse/faces/javax.faces.resource/theme.css?ln=primefaces-sipse HTTP/1.1" 304 -
186.28.38.113 - - [22/Oct/2022:23:57:53 -0500] "GET /sipse/faces/javax.faces.resource/layout/layout.css?ln=primefaces&v=4.0 HTTP/1.1" 304 -
186.28.38.113 - - [22/Oct/2022:23:57:53 -0500] "GET /sipse/faces/javax.faces.resource/primefaces.css?ln=primefaces&v=4.0 HTTP/1.1" 304 -
186.28.38.113 - - [22/Oct/2022:23:57:54 -0500] "GET /sipse/faces/javax.faces.resource/jquery/jquery.js?ln=primefaces&v=4.0 HTTP/1.1" 304 -
186.28.38.113 - - [22/Oct/2022:23:57:54 -0500] "GET /sipse/faces/javax.faces.resource/jquery/jquery-plugins.js?ln=primefaces&v=4.0 HTTP/1.1" 304 -
186.28.38.113 - - [22/Oct/2022:23:57:54 -0500] "GET /sipse/faces/javax.faces.resource/primefaces.js?ln=primefaces&v=4.0 HTTP/1.1" 304 -
186.28.38.113 - - [22/Oct/2022:23:57:54 -0500] "GET /sipse/faces/javax.faces.resource/layout/layout.js?ln=primefaces&v=4.0 HTTP/1.1" 304 -
186.28.38.113 - - [22/Oct/2022:23:57:54 -0500] "POST /sipse/faces/presentacion/financiero/solicitudProceso/listarSolicitudProceso.xhtml HTTP/1.1" 200 1560
201.245.192.253 - - [22/Oct/2022:23:57:53 -0500] "POST /kwsrmcab/Wsrmcab  HTTP/1.1" 200 43148
186.28.38.113 - - [22/Oct/2022:23:57:55 -0500] "POST /sipse/faces/presentacion/financiero/solicitudProceso/listarSolicitudProceso.xhtml HTTP/1.1" 200 4600
216.245.221.92 - - [22/Oct/2022:23:58:46 -0500] "HEAD / HTTP/1.1" 200 -
172.22.2.4 - - [22/Oct/2022:23:57:56 -0500] "HEAD /BLA/boletinlegal/ HTTP/1.1" 200 -

:: Command execute ::

Enter:
 
Select:
 

:: Search ::
regexp 

:: Upload ::
 
[ ok ]

:: Make Dir ::
 
[ ok ]
:: Make File ::
 
[ ok ]

:: Go Dir ::
 
:: Go File ::
 

--[ c99shell v. 1.0 pre-release build #13 powered by Captain Crunch Security Team | http://ccteam.ru | Generation time: 0.1248 ]--