186.29.35.38 - - [22/Oct/2022:17:35:41 -0500] "GET /kwssiamovil/sm/acme/s?s=U2FsdGVkX1/47wLpEwIU8TIVn7AYPsRI4O+h4fdIFyxzMCV0WYCz8gryc6xYzoHuu+P/92bEkc1PI1+ugxHnHSaR9w875polwokMqppj6hw0It4MjNu0W8gFvqvfRqBfgj7H0/MdFs+GDT2FpRA1nWNQqULz0y1AeOLCTG7DQpEclbj+/AHxb2syGl26OdfLBRN+BDSsTPa1jl5VZuHymD8X1roCpi5qQz3T1snsy/sePTjVfVfvK30z4rTgrNnGda2RTSulNnQ0A7m2j59M6vXHBM9cOdKYiZ54sMJWRMHOjHHV8KWO7mn7zU5achaZOVENUp3jY/Ydl6eW9L1M+5U4S1rnTdkFqWo++IfKDgvsVvDsslfiQ25ttRsRyTDazW052Z3NKFT+l5D8hEYjcYz8jXgbnXVoUAI9gvUOe8yVezrfXwLL11W/jYfAHw1sqplT6Aw5WxiD4cUPDGV6krvhAovKwF40wi6gRpP6fmSF2LbWCVo4NxrkoFkJq4FlMOLb0hzzEYtvYtxq9nEE7WRPfLkMgd/LCOn1xBm9bFdBIF9XEfj06PPVb9JxW6A1yUBeP2PgMjPweLhuJ3RCmaIiVYvHuqzSz3iOk2AeYOHCrBGCe1h0blPqQRlkx8uDKtxg6wKOkCRDJw3solkWGQ6ZMYeWJSdfUJle6pwqMRyaQ6xOZUKnDOCLUGGYopQWmJ+sWL+A/N5KcJT/DbQEhOuLU+liVWyKGi8heCZrfpmfA4ZQx/A7/Hp4+OERPfU1Xymcw0QpPy6Ng2L/P8cJKE6Ds2t2LpvN6kctPIIBbdszxexuL+FxIf7ZsefWK729SRopVzIe5a9eGTn7NP3qhtEcPTJoWHtR6/tOsRXkbwUYFWRFjQOETUmIEWd3qwEUI4wrpPDJBcbVAr4Ze1utNfKj6s0M1DXhfyu3td5LbFVfBujamr2C1uNRGVUMWMyiK/yWDEWCmpRX9lNVyQKgeEiMOk1AMPFdtI07fqtHlwaSt9NLv0bXjGY25RVQ7Yw7tBbestHCCClzoVscKtq6x3lMUwaqIAgpfUuS9SJl+oqcEi4VNAUi0xo/UqWoKjMOiLk1zfQlnIX7E3EetOFbbXr1bj7/DKKzBah5CNWjS5LaRRaRQL29wg/d4uzdaHvz1XY2ngKV+P2mxx5C7i77g8vyxRUMaJoiDJE0zAYaVyzouz3e/uSUNl00Kynaf2cSCknK/bFsQIdPkoJ+nOGrwapIOY8QD4Dd31tFgnsD+Mz6QgAooZIBzXkh/zL8OGqYkBsL3a9QcyD/bFLE2tNGXquJKA4eQoWVwxPL32VSg1bq5sXYBea/OkNSz5lkz6NIUpzdojZI5E0kpQ2i/bgN8802G+9mfLGlK+ZgPW6+5o9NzN2sGvFa8WT/RkSovGmkdSZ3yhXaEwNhNukKKgcjIlpO7I5Aq5VBEbhyVb9Wjc8=&u=U2FsdGVkX18JbifJGEIeZIxQIoECnf2mGi3eZulDSLJ+hHD/PiI+K9mMoR/TXHmL&y=U2FsdGVkX1/KRoeBIEqOk4qC7D+LjOMBmXZ5C71SQSZcxYigZrh01ttU95YtfKp3 HTTP/1.1" 200 2788
186.29.35.38 - - [22/Oct/2022:17:35:41 -0500] "GET /kwssiamovil/sm/acme/s?s=U2FsdGVkX1/wwSP1vwx6Xj6BmuzK9pxOzRLeyBLMI/eMT+aEedSmMVXuqgPZeYrZy65AFk9O+cp4AxsWUBYftQoL//qQkyLSZ6plWqliCsv4rkWOQvDGxN7wMIkrnXX+5kgI8dcmIVmQ7oFwSvK0yevCV8sHTyMzxlvPxH79POlk0zKaEBo+d5/SWgON8SCO/FYCoa0cUlhUirRlVxc3SL29F7J1VQNbH76BxI9uT9i4rmEOmT54VsrQ2SZVS9MhW9YrMdxva6qgVANXQ9x/HwpeUYix6aRAEwCaszW+zJjWFLTKGm0TsZdKmGHWcKsPirEK8nsFNCgkV6H+6UIS6i5HtkmbqnV/sDpp/oT3yss=&u=U2FsdGVkX18JbifJGEIeZIxQIoECnf2mGi3eZulDSLJ+hHD/PiI+K9mMoR/TXHmL&y=U2FsdGVkX1/KRoeBIEqOk4qC7D+LjOMBmXZ5C71SQSZcxYigZrh01ttU95YtfKp3 HTTP/1.1" 200 196
186.29.35.38 - - [22/Oct/2022:17:35:42 -0500] "GET /kwssiamovil/sm/cjson/pre?f=1&x=U2FsdGVkX1+ytSNAJJFQ0y2aZhPup6PGsr2iXM5QMom1pOha8BnEn8KOIA6SWjZ9 HTTP/1.1" 200 30992
207.46.13.10 - - [22/Oct/2022:17:37:07 -0500] "GET /sipse/faces/javax.faces.resource/jquery/jquery.js;jsessionid=mppmsalgjr6s7ckwmdodva7+.undefined?ln=primefaces&v=4.0 HTTP/1.1" 200 105384
172.22.2.4 - - [22/Oct/2022:17:35:37 -0500] "GET /BLA/boletinlegal/ HTTP/1.1" 200 62772
186.29.35.38 - - [22/Oct/2022:17:38:31 -0500] "GET /kwssiamovil/sm/acme/u?s=U2FsdGVkX18A8KYRtji9xujnA0pAPCWhME2nIZdZ+OApVlhw7JsnhWcPOOtBMXX60RsyL4yc/cO+oN8YtApC4j0Leyb1GkPk7w+DBPKXR9cJ+a7O5oVFghLVj6+4qGjSoYLHSWsf513jyytqJKN/DnnVQmyvYqFvRptMM2wkpH0FpBw7BGdRr39mHESsbIDbqjs1TPlm8dsnz/gq+3nwMn4hDRWvOXHpcVFJZ3QmcyURlxiKFVKw4uDl2Y1jgidr&u=U2FsdGVkX18JbifJGEIeZIxQIoECnf2mGi3eZulDSLJ+hHD/PiI+K9mMoR/TXHmL&y=U2FsdGVkX1/KRoeBIEqOk4qC7D+LjOMBmXZ5C71SQSZcxYigZrh01ttU95YtfKp3 HTTP/1.1" 200 60
216.245.221.92 - - [22/Oct/2022:17:38:47 -0500] "HEAD / HTTP/1.1" 200 -
201.245.192.253 - - [22/Oct/2022:17:39:12 -0500] "POST /kwsrmcab/Wsrmcab  HTTP/1.1" 200 43148
186.29.35.38 - - [22/Oct/2022:17:39:20 -0500] "GET /kwssiamovil/sm/acme/u?s=U2FsdGVkX1+9RvxkUXPXwooGSFRV4K91gbS3cXHTZrHy3F3VD6Hn3bC8putlrfTiiknaYTKt/27W2BkLoKRx7iG1+a/KNjNjxEsGTSCKxi/tvzwWrdXnToQrbLW4Lyy9XReH9VfFmFma/Vab83B1KQ==&u=U2FsdGVkX18JbifJGEIeZIxQIoECnf2mGi3eZulDSLJ+hHD/PiI+K9mMoR/TXHmL&y=U2FsdGVkX1/KRoeBIEqOk4qC7D+LjOMBmXZ5C71SQSZcxYigZrh01ttU95YtfKp3 HTTP/1.1" 200 60
172.22.2.4 - - [22/Oct/2022:17:39:32 -0500] "GET /BLA/boletinlegal/Circulares/2019/.pdf HTTP/1.1" 404 1218
172.22.2.4 - - [22/Oct/2022:17:39:41 -0500] "GET /BLA/boletinlegal/Circulares/2012/Circular%20No.%2010%20del%2026%20de%20Enero%20de%202012.pdf HTTP/1.1" 404 1218
172.22.2.4 - - [22/Oct/2022:17:38:47 -0500] "HEAD /BLA/boletinlegal/ HTTP/1.1" 200 -
185.119.81.109 - - [22/Oct/2022:17:40:45 -0500] "GET /portaldeninos/wp-login.php HTTP/1.1" 200 2592
185.119.81.109 - - [22/Oct/2022:17:40:46 -0500] "POST /portaldeninos/wp-login.php HTTP/1.1" 200 3605
172.22.2.4 - - [22/Oct/2022:17:39:37 -0500] "GET /BLA/boletinlegal/ HTTP/1.1" 200 59319
201.245.192.253 - - [22/Oct/2022:17:42:19 -0500] "POST /kwsrmcab/Wsrmcab HTTP/1.1" 200 43094
201.245.192.253 - - [22/Oct/2022:17:42:22 -0500] "POST /kwsrmcab/Wsrmcab HTTP/1.1" 200 44235
216.245.221.92 - - [22/Oct/2022:17:43:47 -0500] "HEAD / HTTP/1.1" 200 -
201.245.192.253 - - [22/Oct/2022:17:44:10 -0500] "POST /kwsrmcab/Wsrmcab  HTTP/1.1" 200 43148
172.22.2.4 - - [22/Oct/2022:17:44:37 -0500] "HEAD /BLA/boletinlegal/ HTTP/1.1" 200 -
172.22.2.4 - - [22/Oct/2022:17:45:27 -0500] "GET /BLA/boletinlegal/ HTTP/1.1" 200 59319
216.245.221.92 - - [22/Oct/2022:17:48:47 -0500] "HEAD / HTTP/1.1" 200 -
201.245.192.253 - - [22/Oct/2022:17:49:10 -0500] "POST /kwsrmcab/Wsrmcab  HTTP/1.1" 200 43148
172.22.2.4 - - [22/Oct/2022:17:50:27 -0500] "HEAD /BLA/boletinlegal/ HTTP/1.1" 200 -
207.46.13.89 - - [22/Oct/2022:17:52:48 -0500] "GET /BLA/resoluciones/RESOLUCIONES%202004/RESOLUCION%20151%20DE%202004.PDF HTTP/1.1" 304 -
172.22.2.4 - - [22/Oct/2022:17:51:17 -0500] "GET /BLA/boletinlegal/ HTTP/1.1" 200 57375
173.252.83.16 - - [22/Oct/2022:17:52:59 -0500] "GET /si-te-gusta-la-pintura-el-dibujo-o-la-fotografia-el-concurso-a-vuelo-de-pajaro-es-para-ti.html HTTP/1.1" 206 861
216.245.221.92 - - [22/Oct/2022:17:53:47 -0500] "HEAD / HTTP/1.1" 200 -
201.245.192.253 - - [22/Oct/2022:17:54:09 -0500] "POST /kwsrmcab/Wsrmcab  HTTP/1.1" 200 43148
207.46.13.40 - - [22/Oct/2022:17:55:50 -0500] "GET /sipse/faces/javax.faces.resource/jquery/jquery-plugins.js;jsessionid=mppmsalgjr6s7ckwmdodva7+.undefined?ln=primefaces&v=4.0 HTTP/1.1" 200 220526
186.29.35.38 - - [22/Oct/2022:17:57:23 -0500] "GET /kwssiamovil/sm/acme/u?s=U2FsdGVkX19+oZBMN3cgpUmB4pbKBDBNacMgc3e6jCX1781jlvlrxRrtgODg9Qb51TxGSf3SAa7veBdckfvAjLuAAhiYsIL5tnh2f8yz3AmURI1rpKgmbJ3znL7+SYaVpRC6B4te0K86W9rwPhUdHLkTsng4Sw5wRqr9kYlZVtdPi4CN9mD21lnsBM8+seUzcR8bKoE9aGVzuMUSbT/gfSKEYbCkfOOp52WhOvtgalJYvse1c547n8j5/fg/5QB0kat3JnbmDl96I1/TwOw/eA==&u=U2FsdGVkX18JbifJGEIeZIxQIoECnf2mGi3eZulDSLJ+hHD/PiI+K9mMoR/TXHmL&y=U2FsdGVkX1/KRoeBIEqOk4qC7D+LjOMBmXZ5C71SQSZcxYigZrh01ttU95YtfKp3 HTTP/1.1" 200 60
186.29.35.38 - - [22/Oct/2022:17:57:55 -0500] "GET /kwssiamovil/sm/acme/u?s=U2FsdGVkX1+SAPqTSq59Bk1x4T7B+jsMH161rqpvYjQSA8Oo9MrxveOIjoJpItQl444CLd8Ki/Cool5LicP+QcI+Hpy/Fs62kmgr+d+QKUe6DU5OcmeZlMauoxeIealHCNg7j4ShL88SuM1gVh9GiA==&u=U2FsdGVkX18JbifJGEIeZIxQIoECnf2mGi3eZulDSLJ+hHD/PiI+K9mMoR/TXHmL&y=U2FsdGVkX1/KRoeBIEqOk4qC7D+LjOMBmXZ5C71SQSZcxYigZrh01ttU95YtfKp3 HTTP/1.1" 200 60
172.22.2.4 - - [22/Oct/2022:17:56:17 -0500] "HEAD /BLA/boletinlegal/ HTTP/1.1" 200 -
216.245.221.92 - - [22/Oct/2022:17:58:47 -0500] "HEAD / HTTP/1.1" 200 -
172.22.2.4 - - [22/Oct/2022:17:57:07 -0500] "GET /BLA/boletinlegal/ HTTP/1.1" 200 57375
201.245.192.253 - - [22/Oct/2022:17:59:08 -0500] "POST /kwsrmcab/Wsrmcab  HTTP/1.1" 200 43148
186.155.62.94 - - [22/Oct/2022:17:59:18 -0500] "GET /la-secretaria-de-ambiente-abre-nueva-convocatoria-para-su-programa-de-voluntariado-ambiental.html HTTP/1.1" 200 976
207.46.13.10 - - [22/Oct/2022:18:01:19 -0500] "GET /catalogoisis/ HTTP/1.1" 200 8575
207.46.13.40 - - [22/Oct/2022:18:01:38 -0500] "GET /BLA/resoluciones/RESOLUCIONES%202019/2488.pdf HTTP/1.1" 304 -
207.46.13.89 - - [22/Oct/2022:18:01:59 -0500] "GET /BLA/resoluciones/Notificaciones/AUTOS%202017/05058.pdf HTTP/1.1" 304 -
40.77.167.69 - - [22/Oct/2022:18:02:28 -0500] "GET /portaldeninos/wp-content/uploads/2021/06/titulo-videos-ni%C3%B1os.png HTTP/1.1" 200 10502
216.245.221.92 - - [22/Oct/2022:18:03:47 -0500] "HEAD / HTTP/1.1" 200 -
172.22.2.4 - - [22/Oct/2022:18:02:07 -0500] "HEAD /BLA/boletinlegal/ HTTP/1.1" 200 -
201.245.192.253 - - [22/Oct/2022:18:04:07 -0500] "POST /kwsrmcab/Wsrmcab  HTTP/1.1" 200 43148
172.22.2.4 - - [22/Oct/2022:18:02:57 -0500] "GET /BLA/boletinlegal/ HTTP/1.1" 200 57375
157.55.39.202 - - [22/Oct/2022:18:04:37 -0500] "GET /BLA/resoluciones/RESOLUCIONES%202013/0088.pdf HTTP/1.1" 304 -
66.249.66.87 - - [22/Oct/2022:18:05:45 -0500] "-" 408 -
109.206.241.59 - - [22/Oct/2022:18:07:54 -0500] "GET /.env HTTP/1.1" 404 1018
109.206.241.59 - - [22/Oct/2022:18:07:54 -0500] "POST / HTTP/1.1" 200 319
216.245.221.92 - - [22/Oct/2022:18:08:46 -0500] "HEAD / HTTP/1.1" 200 -
201.245.192.253 - - [22/Oct/2022:18:09:07 -0500] "POST /kwsrmcab/Wsrmcab  HTTP/1.1" 200 43148
172.22.2.4 - - [22/Oct/2022:18:07:57 -0500] "HEAD /BLA/boletinlegal/ HTTP/1.1" 200 -
172.22.2.4 - - [22/Oct/2022:18:08:47 -0500] "GET /BLA/boletinlegal/ HTTP/1.1" 200 57725
64.124.8.51 - - [22/Oct/2022:18:12:22 -0500] "-" 408 -
173.252.107.3 - - [22/Oct/2022:18:13:36 -0500] "GET /distrito-alcanza-ya-15-acuerdos-de-conservacion-por-174-02-hectareas-para-consolidar-varios-ecosistemas-estrategicos-de-bogota.html HTTP/1.1" 206 1061
216.245.221.92 - - [22/Oct/2022:18:13:47 -0500] "HEAD / HTTP/1.1" 200 -
201.245.192.253 - - [22/Oct/2022:18:14:06 -0500] "POST /kwsrmcab/Wsrmcab  HTTP/1.1" 200 43148
172.22.2.4 - - [22/Oct/2022:18:14:13 -0500] "GET /BLA/boletinlegal/actos.php HTTP/1.1" 200 9566
172.22.2.4 - - [22/Oct/2022:18:14:14 -0500] "GET /BLA/boletinlegal/favicon.ico HTTP/1.1" 404 1326
172.22.2.4 - - [22/Oct/2022:18:14:29 -0500] "GET /BLA/boletinlegal/consulta_actos.php?tipo=resoluciones&no=2686&usuario=&sector=&fecha=2019&resuelve= HTTP/1.1" 200 1339
172.22.2.4 - - [22/Oct/2022:18:14:29 -0500] "GET /BLA/boletinlegal/images/pdf.gif HTTP/1.1" 200 567
186.155.19.158 - - [22/Oct/2022:18:14:33 -0500] "GET /BLA/resoluciones/RESOLUCIONES%202019/2686.pdf HTTP/1.1" 200 386159
186.155.19.158 - - [22/Oct/2022:18:14:34 -0500] "GET /favicon.ico HTTP/1.1" 200 7782
181.50.60.193 - - [22/Oct/2022:18:14:41 -0500] "-" 408 -
172.22.2.4 - - [22/Oct/2022:18:14:03 -0500] "GET /BLA/boletinlegal/ HTTP/1.1" 200 32715
69.171.251.1 - - [22/Oct/2022:18:15:10 -0500] "GET /images/reunion-planta-termovalorizacion-11-mayo.jpg HTTP/1.1" 200 34782
172.22.2.4 - - [22/Oct/2022:18:13:47 -0500] "HEAD /BLA/boletinlegal/ HTTP/1.1" 200 -
181.50.60.193 - - [22/Oct/2022:18:16:07 -0500] "-" 408 -
172.22.2.4 - - [22/Oct/2022:18:14:37 -0500] "GET /BLA/boletinlegal/ HTTP/1.1" 200 58163
64.124.8.51 - - [22/Oct/2022:18:16:29 -0500] "GET /BLA/boletinlegal/doctrina.php HTTP/1.1" 200 5604
216.245.221.92 - - [22/Oct/2022:18:18:47 -0500] "HEAD / HTTP/1.1" 200 -
181.50.60.193 - - [22/Oct/2022:18:18:47 -0500] "-" 408 -
201.245.192.253 - - [22/Oct/2022:18:19:05 -0500] "POST /kwsrmcab/Wsrmcab  HTTP/1.1" 200 43148
207.46.13.217 - - [22/Oct/2022:18:20:35 -0500] "GET /portaldeninos/aulas-ambientales/aula-ambiental-sorotama/ HTTP/1.1" 200 89596
207.46.13.217 - - [22/Oct/2022:18:20:46 -0500] "GET /portaldeninos/aulas-ambientales/aula-ambiental-sorotama/ HTTP/1.1" 200 89596
172.22.2.4 - - [22/Oct/2022:18:20:59 -0500] "GET /BLA/boletinlegal/consulta_actos.php?tipo=resoluciones&no=2689&usuario=&sector=&fecha=2019&resuelve= HTTP/1.1" 200 1339
186.155.19.158 - - [22/Oct/2022:18:21:02 -0500] "GET /BLA/resoluciones/RESOLUCIONES%202019/2689.pdf HTTP/1.1" 200 435238
172.22.2.4 - - [22/Oct/2022:18:19:37 -0500] "HEAD /BLA/boletinlegal/ HTTP/1.1" 200 -
185.119.81.98 - - [22/Oct/2022:18:21:38 -0500] "GET /portaldeninos/wp-login.php HTTP/1.1" 200 2592
185.119.81.98 - - [22/Oct/2022:18:21:39 -0500] "POST /portaldeninos/wp-login.php HTTP/1.1" 200 3605
172.22.2.4 - - [22/Oct/2022:18:20:27 -0500] "GET /BLA/boletinlegal/ HTTP/1.1" 200 57725
201.245.192.253 - - [22/Oct/2022:18:22:19 -0500] "POST /kwsrmcab/Wsrmcab HTTP/1.1" 200 43065
201.245.192.253 - - [22/Oct/2022:18:22:22 -0500] "POST /kwsrmcab/Wsrmcab HTTP/1.1" 200 44235
216.245.221.92 - - [22/Oct/2022:18:23:46 -0500] "HEAD / HTTP/1.1" 200 -
201.245.192.253 - - [22/Oct/2022:18:24:04 -0500] "POST /kwsrmcab/Wsrmcab  HTTP/1.1" 200 43148
172.22.2.4 - - [22/Oct/2022:18:26:18 -0500] "GET /BLA/boletinlegal/consulta_actos.php?tipo=resoluciones&no=1741&usuario=&sector=&fecha=2019&resuelve= HTTP/1.1" 200 1336
64.124.8.51 - - [22/Oct/2022:18:26:21 -0500] "-" 408 -
186.155.19.158 - - [22/Oct/2022:18:26:22 -0500] "GET /BLA/resoluciones/RESOLUCIONES%202019/1741.pdf HTTP/1.1" 200 365545
172.22.2.4 - - [22/Oct/2022:18:25:27 -0500] "HEAD /BLA/boletinlegal/ HTTP/1.1" 200 -
172.22.2.4 - - [22/Oct/2022:18:26:17 -0500] "GET /BLA/boletinlegal/ HTTP/1.1" 200 59319
216.245.221.92 - - [22/Oct/2022:18:28:46 -0500] "HEAD / HTTP/1.1" 200 -
201.245.192.253 - - [22/Oct/2022:18:29:03 -0500] "POST /kwsrmcab/Wsrmcab  HTTP/1.1" 200 43148
185.119.81.109 - - [22/Oct/2022:18:30:20 -0500] "GET /portaldeninos/wp-login.php HTTP/1.1" 200 2592
185.119.81.109 - - [22/Oct/2022:18:30:21 -0500] "POST /portaldeninos/wp-login.php HTTP/1.1" 200 3650
172.22.2.4 - - [22/Oct/2022:18:30:28 -0500] "GET /BLA/boletinlegal/consulta_actos.php?tipo=resoluciones&no=3469&usuario=&sector=&fecha=2019&resuelve= HTTP/1.1" 200 1328
186.155.19.158 - - [22/Oct/2022:18:30:30 -0500] "GET /BLA/resoluciones/RESOLUCIONES%202019/3469.pdf HTTP/1.1" 200 360397
31.13.127.4 - - [22/Oct/2022:18:30:32 -0500] "GET /images/jardines-verticales-plantas-24-mayo.jpg HTTP/1.1" 200 148288
172.22.2.4 - - [22/Oct/2022:18:31:26 -0500] "GET /BLA/boletinlegal/ HTTP/1.1" 200 24523
201.245.192.253 - - [22/Oct/2022:18:32:19 -0500] "POST /kwsrmcab/Wsrmcab HTTP/1.1" 200 43065
201.245.192.253 - - [22/Oct/2022:18:32:22 -0500] "POST /kwsrmcab/Wsrmcab HTTP/1.1" 200 44235
172.22.2.4 - - [22/Oct/2022:18:31:17 -0500] "HEAD /BLA/boletinlegal/ HTTP/1.1" 200 -
216.245.221.92 - - [22/Oct/2022:18:33:46 -0500] "HEAD / HTTP/1.1" 200 -
172.22.2.4 - - [22/Oct/2022:18:32:07 -0500] "GET /BLA/boletinlegal/ HTTP/1.1" 200 57725
201.245.192.253 - - [22/Oct/2022:18:34:02 -0500] "POST /kwsrmcab/Wsrmcab  HTTP/1.1" 200 43148
172.22.2.4 - - [22/Oct/2022:18:34:31 -0500] "GET /BLA/boletinlegal/consulta_actos.php?tipo=resoluciones&no=2712&usuario=&sector=&fecha=2019&resuelve= HTTP/1.1" 200 1339
186.155.19.158 - - [22/Oct/2022:18:34:33 -0500] "GET /BLA/resoluciones/RESOLUCIONES%202019/2712.pdf HTTP/1.1" 200 368506
172.22.2.4 - - [22/Oct/2022:18:34:40 -0500] "GET /BLA/boletinlegal/ HTTP/1.1" 200 62380
207.46.13.190 - - [22/Oct/2022:18:36:54 -0500] "GET /BLA/resoluciones/RESOLUCIONES%202002/RES%202002%20101-150/2002RES110.tif HTTP/1.1" 200 67248
172.22.2.4 - - [22/Oct/2022:18:37:33 -0500] "GET /BLA/boletinlegal/consulta_actos.php?tipo=resoluciones&no=1291&usuario=&sector=&fecha=2021&resuelve= HTTP/1.1" 200 1115
186.155.19.158 - - [22/Oct/2022:18:37:36 -0500] "GET /BLA/resoluciones/RESOLUCIONES%202021/1291.pdf HTTP/1.1" 200 591740
172.22.2.4 - - [22/Oct/2022:18:38:30 -0500] "GET /BLA/boletinlegal/Circulares/2019/.pdf HTTP/1.1" 404 1218
172.22.2.4 - - [22/Oct/2022:18:38:39 -0500] "GET /BLA/boletinlegal/Circulares/2012/Circular%20No.%2010%20del%2026%20de%20Enero%20de%202012.pdf HTTP/1.1" 404 1218
216.245.221.92 - - [22/Oct/2022:18:38:46 -0500] "HEAD / HTTP/1.1" 200 -
172.22.2.4 - - [22/Oct/2022:18:37:07 -0500] "HEAD /BLA/boletinlegal/ HTTP/1.1" 200 -
201.245.192.253 - - [22/Oct/2022:18:39:01 -0500] "POST /kwsrmcab/Wsrmcab  HTTP/1.1" 200 43148
172.22.2.4 - - [22/Oct/2022:18:37:57 -0500] "GET /BLA/boletinlegal/ HTTP/1.1" 200 56732
207.46.13.89 - - [22/Oct/2022:18:39:42 -0500] "GET /BLA/resoluciones/AUTOS%202014/0363.pdf HTTP/1.1" 200 821126
199.59.150.180 - - [22/Oct/2022:18:41:19 -0500] "-" 408 -
201.245.192.253 - - [22/Oct/2022:18:42:19 -0500] "POST /kwsrmcab/Wsrmcab HTTP/1.1" 200 43065
201.245.192.253 - - [22/Oct/2022:18:42:21 -0500] "POST /kwsrmcab/Wsrmcab HTTP/1.1" 200 44235
172.22.2.4 - - [22/Oct/2022:18:42:31 -0500] "GET /BLA/boletinlegal/consulta_actos.php?tipo=resoluciones&no=2494&usuario=&sector=&fecha=2019&resuelve= HTTP/1.1" 200 626
172.22.2.4 - - [22/Oct/2022:18:42:34 -0500] "GET /BLA/boletinlegal/consulta_actos.php?tipo=resoluciones&no=2494&usuario=&sector=&fecha=2019&resuelve= HTTP/1.1" 200 626
207.46.13.89 - - [22/Oct/2022:18:43:33 -0500] "GET /BLA/resoluciones/AUTOS%202022/3096.pdf HTTP/1.1" 200 393298
172.22.2.4 - - [22/Oct/2022:18:43:14 -0500] "GET /BLA/boletinlegal/ HTTP/1.1" 200 20427
216.245.221.92 - - [22/Oct/2022:18:43:46 -0500] "HEAD / HTTP/1.1" 200 -
201.245.192.253 - - [22/Oct/2022:18:43:59 -0500] "POST /kwsrmcab/Wsrmcab  HTTP/1.1" 200 43148
172.22.2.4 - - [22/Oct/2022:18:42:57 -0500] "HEAD /BLA/boletinlegal/ HTTP/1.1" 200 -
172.22.2.4 - - [22/Oct/2022:18:43:47 -0500] "GET /BLA/boletinlegal/ HTTP/1.1" 200 56376
216.245.221.92 - - [22/Oct/2022:18:48:46 -0500] "HEAD / HTTP/1.1" 200 -
201.245.192.253 - - [22/Oct/2022:18:48:58 -0500] "POST /kwsrmcab/Wsrmcab  HTTP/1.1" 200 43148
172.22.2.4 - - [22/Oct/2022:18:49:14 -0500] "GET /BLA/boletinlegal/consulta_actos.php?tipo=resoluciones&no=1173&usuario=&sector=&fecha=2021&resuelve= HTTP/1.1" 200 1130
186.155.19.158 - - [22/Oct/2022:18:49:17 -0500] "GET /BLA/resoluciones/RESOLUCIONES%202021/1173.pdf HTTP/1.1" 200 477655
186.154.129.111 - - [22/Oct/2022:18:49:39 -0500] "GET /BLA/resoluciones/ HTTP/1.1" 200 13093
186.154.129.111 - - [22/Oct/2022:18:49:44 -0500] "GET /BLA/resoluciones/index.php?dir=AUTOS+2014%2F HTTP/1.1" 200 883517
186.154.129.111 - - [22/Oct/2022:18:49:55 -0500] "GET /BLA/resoluciones/AUTOS%202014/6330.pdf HTTP/1.1" 200 541514
172.22.2.4 - - [22/Oct/2022:18:48:47 -0500] "HEAD /BLA/boletinlegal/ HTTP/1.1" 200 -
207.46.13.40 - - [22/Oct/2022:18:50:28 -0500] "GET /BLA/resoluciones/RESOLUCIONES%202004/RESOLUCION%201377%20DE%202004.PDF HTTP/1.1" 304 -
172.22.2.4 - - [22/Oct/2022:18:49:37 -0500] "GET /BLA/boletinlegal/ HTTP/1.1" 200 57375
193.142.146.35 - - [22/Oct/2022:18:51:42 -0500] "GET / HTTP/1.1" 200 319
193.142.146.35 - - [22/Oct/2022:18:51:42 -0500] "POST /HNAP1/ HTTP/1.1" 404 1018
216.245.221.92 - - [22/Oct/2022:18:53:46 -0500] "HEAD / HTTP/1.1" 200 -
201.245.192.253 - - [22/Oct/2022:18:53:57 -0500] "POST /kwsrmcab/Wsrmcab  HTTP/1.1" 200 43148
172.22.2.4 - - [22/Oct/2022:18:54:09 -0500] "GET /BLA/boletinlegal/conceptos.php HTTP/1.1" 200 7450
207.46.13.190 - - [22/Oct/2022:18:54:56 -0500] "GET /galeria/galeria/fotos/Jaboque1P.jpg HTTP/1.1" 200 29995
173.252.95.15 - - [22/Oct/2022:18:56:10 -0500] "GET /images/Senderos1.jpeg HTTP/1.1" 200 172777
172.22.2.4 - - [22/Oct/2022:18:54:37 -0500] "HEAD /BLA/boletinlegal/ HTTP/1.1" 200 -
172.22.2.4 - - [22/Oct/2022:18:55:27 -0500] "GET /BLA/boletinlegal/ HTTP/1.1" 200 57725
185.119.81.102 - - [22/Oct/2022:18:57:58 -0500] "GET /portaldeninos/wp-login.php HTTP/1.1" 200 2592
185.119.81.102 - - [22/Oct/2022:18:57:59 -0500] "POST /portaldeninos/wp-login.php HTTP/1.1" 200 3605
216.245.221.92 - - [22/Oct/2022:18:58:46 -0500] "HEAD / HTTP/1.1" 200 -
201.245.192.253 - - [22/Oct/2022:18:58:56 -0500] "POST /kwsrmcab/Wsrmcab  HTTP/1.1" 200 43148
172.22.2.4 - - [22/Oct/2022:19:00:26 -0500] "HEAD /BLA/boletinlegal/ HTTP/1.1" 200 -
181.55.68.44 - - [22/Oct/2022:19:02:43 -0500] "GET /BLA/resoluciones/ HTTP/1.1" 200 13093
181.55.68.44 - - [22/Oct/2022:19:02:46 -0500] "GET /BLA/resoluciones/index.php?dir=AUTOS+2022%2F HTTP/1.1" 200 302799
173.252.107.116 - - [22/Oct/2022:19:02:47 -0500] "GET /se-viene-la-reciclaton-2022-una-oportunidad-para-que-las-empresas-contribuyan-con-el-medioambiente.html HTTP/1.1" 206 960
173.252.107.120 - - [22/Oct/2022:19:02:52 -0500] "GET /se-viene-la-reciclaton-2022-una-oportunidad-para-que-las-empresas-contribuyan-con-el-medioambiente.html HTTP/1.1" 206 960
181.55.68.44 - - [22/Oct/2022:19:02:56 -0500] "GET /BLA/resoluciones/AUTOS%202022/1124.pdf HTTP/1.1" 200 361048
181.55.68.44 - - [22/Oct/2022:19:02:56 -0500] "GET /BLA/resoluciones/AUTOS%202022/1124.pdf HTTP/1.1" 200 361048
181.55.68.44 - - [22/Oct/2022:19:02:56 -0500] "GET /BLA/resoluciones/AUTOS%202022/1124.pdf HTTP/1.1" 206 1025
172.22.2.4 - - [22/Oct/2022:19:01:17 -0500] "GET /BLA/boletinlegal/ HTTP/1.1" 200 57725
181.55.68.44 - - [22/Oct/2022:19:02:57 -0500] "GET /BLA/resoluciones/AUTOS%202022/1124.pdf HTTP/1.1" 206 3072
181.55.68.44 - - [22/Oct/2022:19:02:57 -0500] "GET /BLA/resoluciones/AUTOS%202022/1124.pdf HTTP/1.1" 206 356951
216.245.221.92 - - [22/Oct/2022:19:03:46 -0500] "HEAD / HTTP/1.1" 200 -
201.245.192.253 - - [22/Oct/2022:19:03:55 -0500] "POST /kwsrmcab/Wsrmcab  HTTP/1.1" 200 43148
191.156.151.161 - - [22/Oct/2022:19:05:22 -0500] "GET /se-viene-la-reciclaton-2022-una-oportunidad-para-que-las-empresas-contribuyan-con-el-medioambiente.html HTTP/1.1" 200 960
173.252.107.20 - - [22/Oct/2022:19:05:26 -0500] "GET /se-viene-la-reciclaton-2022-una-oportunidad-para-que-las-empresas-contribuyan-con-el-medioambiente.html HTTP/1.1" 206 960
173.252.107.12 - - [22/Oct/2022:19:05:27 -0500] "GET /images/rec-21_optimized.jpg HTTP/1.1" 200 143715
173.252.107.16 - - [22/Oct/2022:19:05:29 -0500] "GET /images/rec-21_optimized.jpg HTTP/1.1" 200 143715
157.55.39.202 - - [22/Oct/2022:19:05:33 -0500] "GET /BLA/resoluciones/AUTOS%202022/2956.pdf HTTP/1.1" 200 501300
64.124.8.22 - - [22/Oct/2022:19:05:48 -0500] "GET /atrapamoscas-coronidorado-ave-austral-que-se-registro-en-el-humedal-cordoba.html HTTP/1.1" 200 991
91.204.250.53 - - [22/Oct/2022:19:06:21 -0500] "GET / HTTP/1.1" 200 319
207.46.13.10 - - [22/Oct/2022:19:07:03 -0500] "GET /galeria/galeria/fotos/Humedal-la-Isla4G.jpg HTTP/1.1" 200 238346
172.22.2.4 - - [22/Oct/2022:19:06:16 -0500] "HEAD /BLA/boletinlegal/ HTTP/1.1" 200 -
66.220.149.19 - - [22/Oct/2022:19:08:26 -0500] "GET /se-viene-la-reciclaton-2022-una-oportunidad-para-que-las-empresas-contribuyan-con-el-medioambiente.html?fbclid=IwAR0RPGdnP-Y42rVRv2GnORbrsse8aRjX0TkXbLRVTvVd0wNYgivkYZ4A7RY HTTP/1.1" 200 960
212.8.105.207 - - [22/Oct/2022:19:08:41 -0500] "GET / HTTP/1.1" 200 319
207.46.13.10 - - [22/Oct/2022:19:08:44 -0500] "GET /BLA/resoluciones/AUTOS%202014/6514.pdf HTTP/1.1" 200 523071
216.245.221.92 - - [22/Oct/2022:19:08:46 -0500] "HEAD / HTTP/1.1" 200 -
172.22.2.4 - - [22/Oct/2022:19:07:07 -0500] "GET /BLA/boletinlegal/ HTTP/1.1" 200 57375
201.245.192.253 - - [22/Oct/2022:19:08:54 -0500] "POST /kwsrmcab/Wsrmcab  HTTP/1.1" 200 43148
207.46.13.190 - - [22/Oct/2022:19:10:08 -0500] "GET /BLA/resoluciones/AUTOS%202013/3426.pdf HTTP/1.1" 200 716510
207.46.13.237 - - [22/Oct/2022:19:11:19 -0500] "-" 408 -
172.22.2.4 - - [22/Oct/2022:19:12:06 -0500] "GET /BLA/boletinlegal/robots.txt HTTP/1.1" 404 1038
172.22.2.4 - - [22/Oct/2022:19:12:10 -0500] "GET /BLA/boletinlegal/Circulares/2011/Circular%20No.%206%20del%2029%20de%20Julio%20de%202011.pdf HTTP/1.1" 200 262144
181.63.16.236 - - [22/Oct/2022:19:12:44 -0500] "GET /galeria/galeria/jquery.fancybox.css?v=2.1.5 HTTP/1.1" 200 4895
181.63.16.236 - - [22/Oct/2022:19:12:44 -0500] "GET /BLA/boletinlegal/js/jquery.scrollShow.js HTTP/1.1" 200 4586
181.63.16.236 - - [22/Oct/2022:19:12:44 -0500] "GET /galeria/galeria/jquery.fancybox.js?v=2.1.5 HTTP/1.1" 200 48706
193.56.29.26 - - [22/Oct/2022:19:13:03 -0500] "HEAD / HTTP/1.1" 200 -
193.56.29.26 - - [22/Oct/2022:19:13:03 -0500] "GET /.env HTTP/1.1" 404 1018
193.56.29.26 - - [22/Oct/2022:19:13:04 -0500] "POST / HTTP/1.1" 200 319
216.245.221.92 - - [22/Oct/2022:19:13:46 -0500] "HEAD / HTTP/1.1" 200 -
172.22.2.4 - - [22/Oct/2022:19:12:06 -0500] "HEAD /BLA/boletinlegal/ HTTP/1.1" 200 -
201.245.192.253 - - [22/Oct/2022:19:13:53 -0500] "POST /kwsrmcab/Wsrmcab  HTTP/1.1" 200 43148
173.252.107.118 - - [22/Oct/2022:19:14:23 -0500] "GET /images/pieza-calidad-aire-noche-4-febrero.jpg HTTP/1.1" 200 37476
172.22.2.4 - - [22/Oct/2022:19:12:57 -0500] "GET /BLA/boletinlegal/ HTTP/1.1" 200 56376
51.15.164.30 - - [22/Oct/2022:19:17:38 -0500] "HEAD /se-viene-la-reciclaton-2022-una-oportunidad-para-que-las-empresas-contribuyan-con-el-medioambiente.html HTTP/1.1" 200 -
199.16.157.180 - - [22/Oct/2022:19:17:43 -0500] "GET /se-viene-la-reciclaton-2022-una-oportunidad-para-que-las-empresas-contribuyan-con-el-medioambiente.html HTTP/1.1" 200 960
199.16.157.181 - - [22/Oct/2022:19:17:45 -0500] "GET /images/rec-21_optimized.jpg HTTP/1.1" 200 143715
65.108.82.100 - - [22/Oct/2022:19:17:50 -0500] "GET /se-viene-la-reciclaton-2022-una-oportunidad-para-que-las-empresas-contribuyan-con-el-medioambiente.html HTTP/1.1" 200 960
157.55.39.148 - - [22/Oct/2022:19:18:30 -0500] "-" 408 -
216.245.221.92 - - [22/Oct/2022:19:18:46 -0500] "HEAD / HTTP/1.1" 200 -
152.228.167.63 - - [22/Oct/2022:19:18:49 -0500] "GET /se-viene-la-reciclaton-2022-una-oportunidad-para-que-las-empresas-contribuyan-con-el-medioambiente.html HTTP/1.1" 200 960
201.245.192.253 - - [22/Oct/2022:19:18:52 -0500] "POST /kwsrmcab/Wsrmcab  HTTP/1.1" 200 43148
116.202.35.119 - - [22/Oct/2022:19:18:55 -0500] "GET /se-viene-la-reciclaton-2022-una-oportunidad-para-que-las-empresas-contribuyan-con-el-medioambiente.html HTTP/1.1" 200 960
172.22.2.4 - - [22/Oct/2022:19:17:56 -0500] "HEAD /BLA/boletinlegal/ HTTP/1.1" 200 -
136.243.136.201 - - [22/Oct/2022:19:19:41 -0500] "GET /se-viene-la-reciclaton-2022-una-oportunidad-para-que-las-empresas-contribuyan-con-el-medioambiente.html HTTP/1.1" 200 960
136.243.80.152 - - [22/Oct/2022:19:20:01 -0500] "GET /se-viene-la-reciclaton-2022-una-oportunidad-para-que-las-empresas-contribuyan-con-el-medioambiente.html HTTP/1.1" 206 960
136.243.80.152 - - [22/Oct/2022:19:20:01 -0500] "GET /se-viene-la-reciclaton-2022-una-oportunidad-para-que-las-empresas-contribuyan-con-el-medioambiente.html HTTP/1.1" 206 960
88.99.148.108 - - [22/Oct/2022:19:20:27 -0500] "HEAD /se-viene-la-reciclaton-2022-una-oportunidad-para-que-las-empresas-contribuyan-con-el-medioambiente.html HTTP/1.1" 200 -
172.22.2.4 - - [22/Oct/2022:19:18:47 -0500] "GET /BLA/boletinlegal/ HTTP/1.1" 200 54823
201.245.192.253 - - [22/Oct/2022:19:22:19 -0500] "POST /kwsrmcab/Wsrmcab HTTP/1.1" 200 43427
201.245.192.253 - - [22/Oct/2022:19:22:21 -0500] "POST /kwsrmcab/Wsrmcab HTTP/1.1" 200 44061
216.245.221.92 - - [22/Oct/2022:19:23:46 -0500] "HEAD / HTTP/1.1" 200 -
201.245.192.253 - - [22/Oct/2022:19:23:51 -0500] "POST /kwsrmcab/Wsrmcab  HTTP/1.1" 200 43148
172.22.2.4 - - [22/Oct/2022:19:23:46 -0500] "HEAD /BLA/boletinlegal/ HTTP/1.1" 200 -
172.22.2.4 - - [22/Oct/2022:19:24:37 -0500] "GET /BLA/boletinlegal/ HTTP/1.1" 200 52877
172.22.2.4 - - [22/Oct/2022:19:24:44 -0500] "GET /BLA/boletinlegal/ HTTP/1.1" 200 53290
216.245.221.92 - - [22/Oct/2022:19:28:46 -0500] "HEAD / HTTP/1.1" 200 -
201.245.192.253 - - [22/Oct/2022:19:28:50 -0500] "POST /kwsrmcab/Wsrmcab  HTTP/1.1" 200 43148
207.46.13.84 - - [22/Oct/2022:19:29:41 -0500] "GET /BLA/resoluciones/RESOLUCIONES%202004/RESOLUCION%201561%20DE%202004.PDF HTTP/1.1" 304 -
207.46.13.40 - - [22/Oct/2022:19:30:17 -0500] "GET /BLA/resoluciones/RESOLUCIONES%202006/RES%202006%20351-400/00000363.tif HTTP/1.1" 200 40254
172.22.2.4 - - [22/Oct/2022:19:29:36 -0500] "HEAD /BLA/boletinlegal/ HTTP/1.1" 200 -
172.22.2.4 - - [22/Oct/2022:19:30:27 -0500] "GET /BLA/boletinlegal/ HTTP/1.1" 200 57375
201.245.192.253 - - [22/Oct/2022:19:32:19 -0500] "POST /kwsrmcab/Wsrmcab HTTP/1.1" 200 43427
201.245.192.253 - - [22/Oct/2022:19:32:22 -0500] "POST /kwsrmcab/Wsrmcab HTTP/1.1" 200 44061
157.55.39.202 - - [22/Oct/2022:19:33:15 -0500] "GET /galeria/carrusel/Carrusel/jquery-ui-1.8.13.custom.min.js HTTP/1.1" 200 10800
207.46.13.10 - - [22/Oct/2022:19:33:19 -0500] "GET /galeria/carrusel/Carrusel/jquery.thumbnailScroller.css HTTP/1.1" 200 2066
207.46.13.10 - - [22/Oct/2022:19:33:19 -0500] "GET /galeria/nivo-slider/demo/banner.html HTTP/1.1" 200 5446
207.46.13.84 - - [22/Oct/2022:19:33:19 -0500] "GET /galeria/carrusel/Carrusel/jquery.thumbnailScroller.js HTTP/1.1" 200 8157
216.245.221.92 - - [22/Oct/2022:19:33:46 -0500] "HEAD / HTTP/1.1" 200 -
201.245.192.253 - - [22/Oct/2022:19:33:48 -0500] "POST /kwsrmcab/Wsrmcab  HTTP/1.1" 200 43148
207.46.13.84 - - [22/Oct/2022:19:35:20 -0500] "GET /BLA/resoluciones/Notificaciones/RESOLUCIONES%202021/1907.pdf HTTP/1.1" 304 -
207.46.13.84 - - [22/Oct/2022:19:35:21 -0500] "GET /BLA/resoluciones/00000010.tif HTTP/1.1" 404 1018
40.77.167.70 - - [22/Oct/2022:19:35:21 -0500] "GET /se-viene-la-reciclaton-2022-una-oportunidad-para-que-las-empresas-contribuyan-con-el-medioambiente.html HTTP/1.1" 200 960
66.249.66.85 - - [22/Oct/2022:19:35:47 -0500] "-" 408 -
172.22.2.4 - - [22/Oct/2022:19:34:42 -0500] "GET /BLA/boletinlegal/ HTTP/1.1" 200 54003
207.46.13.190 - - [22/Oct/2022:19:36:49 -0500] "GET /BLA/resoluciones/RESOLUCIONES%202018/0547.pdf HTTP/1.1" 304 -
114.119.132.76 - - [22/Oct/2022:19:37:01 -0500] "GET /BLA/resoluciones/RESOLUCIONES%202010/3223.pdf HTTP/1.1" 200 509729
172.22.2.4 - - [22/Oct/2022:19:35:26 -0500] "HEAD /BLA/boletinlegal/ HTTP/1.1" 200 -
172.22.2.4 - - [22/Oct/2022:19:36:17 -0500] "GET /BLA/boletinlegal/ HTTP/1.1" 200 57375
172.22.2.4 - - [22/Oct/2022:19:38:31 -0500] "GET /BLA/boletinlegal/Circulares/2019/.pdf HTTP/1.1" 404 1218
216.245.221.92 - - [22/Oct/2022:19:38:46 -0500] "HEAD / HTTP/1.1" 200 -
201.245.192.253 - - [22/Oct/2022:19:38:47 -0500] "POST /kwsrmcab/Wsrmcab  HTTP/1.1" 200 43148
185.58.226.155 - - [22/Oct/2022:19:41:54 -0500] "GET /se-viene-la-reciclaton-2022-una-oportunidad-para-que-las-empresas-contribuyan-con-el-medioambiente.html HTTP/1.1" 200 960
89.36.219.223 - - [22/Oct/2022:19:41:54 -0500] "GET /se-viene-la-reciclaton-2022-una-oportunidad-para-que-las-empresas-contribuyan-con-el-medioambiente.html HTTP/1.1" 200 960
201.245.192.253 - - [22/Oct/2022:19:42:19 -0500] "POST /kwsrmcab/Wsrmcab HTTP/1.1" 200 43427
201.245.192.253 - - [22/Oct/2022:19:42:22 -0500] "POST /kwsrmcab/Wsrmcab HTTP/1.1" 200 44061
207.46.13.84 - - [22/Oct/2022:19:42:34 -0500] "GET /BLA/resoluciones/Notificaciones/RESOLUCIONES%202018/2772.pdf HTTP/1.1" 304 -
172.22.2.4 - - [22/Oct/2022:19:41:16 -0500] "HEAD /BLA/boletinlegal/ HTTP/1.1" 200 -
216.245.221.92 - - [22/Oct/2022:19:43:46 -0500] "HEAD / HTTP/1.1" 200 -
172.22.2.4 - - [22/Oct/2022:19:42:07 -0500] "GET /BLA/boletinlegal/ HTTP/1.1" 200 59319
201.245.192.253 - - [22/Oct/2022:19:43:46 -0500] "POST /kwsrmcab/Wsrmcab  HTTP/1.1" 200 43148
39.106.56.123 - - [22/Oct/2022:19:44:24 -0500] "GET /galeria/galeria/fotos/Humedal-Tibanica2P.jpg HTTP/1.1" 200 29568
110.93.150.118 - - [22/Oct/2022:19:44:39 -0500] "GET /se-viene-la-reciclaton-2022-una-oportunidad-para-que-las-empresas-contribuyan-con-el-medioambiente.html HTTP/1.1" 200 960
152.203.215.0 - - [22/Oct/2022:19:45:58 -0500] "GET /se-viene-la-reciclaton-2022-una-oportunidad-para-que-las-empresas-contribuyan-con-el-medioambiente.html HTTP/1.1" 200 960
207.46.13.190 - - [22/Oct/2022:19:46:40 -0500] "GET /BLA/resoluciones/AUTOS%202016/0915.pdf HTTP/1.1" 200 531241
152.44.32.99 - - [22/Oct/2022:19:46:43 -0500] "GET /POT-2013/Cartografia/Anexo01_Sistema_Hidrico.pdf HTTP/1.1" 200 5860035
216.245.221.92 - - [22/Oct/2022:19:48:46 -0500] "HEAD / HTTP/1.1" 200 -
172.22.2.4 - - [22/Oct/2022:19:47:06 -0500] "HEAD /BLA/boletinlegal/ HTTP/1.1" 200 -
201.245.192.253 - - [22/Oct/2022:19:48:45 -0500] "POST /kwsrmcab/Wsrmcab  HTTP/1.1" 200 43148
40.77.188.115 - - [22/Oct/2022:19:49:12 -0500] "GET /galeria/nivo-slider/themes/default/default.css HTTP/1.1" 200 1569
40.77.190.88 - - [22/Oct/2022:19:49:12 -0500] "GET /galeria/nivo-slider/themes/pascal/pascal.css HTTP/1.1" 200 2258
40.77.189.222 - - [22/Oct/2022:19:49:12 -0500] "GET /galeria/nivo-slider/nivo-slider.css HTTP/1.1" 200 1507
40.77.188.217 - - [22/Oct/2022:19:49:12 -0500] "GET /galeria/nivo-slider/demo/style.css HTTP/1.1" 200 2222
40.77.189.47 - - [22/Oct/2022:19:49:12 -0500] "GET /galeria/nivo-slider/jquery.nivo.slider.pack.js HTTP/1.1" 200 11561
172.22.2.4 - - [22/Oct/2022:19:47:57 -0500] "GET /BLA/boletinlegal/ HTTP/1.1" 200 59319
157.55.39.202 - - [22/Oct/2022:19:52:26 -0500] "GET /BLA/resoluciones/RESOLUCIONES%202004/RESOLUCION%20346%20DE%202004.PDF HTTP/1.1" 304 -
201.245.192.253 - - [22/Oct/2022:19:53:44 -0500] "POST /kwsrmcab/Wsrmcab  HTTP/1.1" 200 43148
216.245.221.92 - - [22/Oct/2022:19:53:46 -0500] "HEAD / HTTP/1.1" 200 -
172.22.2.4 - - [22/Oct/2022:19:52:56 -0500] "HEAD /BLA/boletinlegal/ HTTP/1.1" 200 -
172.22.2.4 - - [22/Oct/2022:19:53:47 -0500] "GET /BLA/boletinlegal/ HTTP/1.1" 200 57375
157.55.39.202 - - [22/Oct/2022:19:55:27 -0500] "GET / HTTP/1.1" 200 319
64.124.8.51 - - [22/Oct/2022:19:56:20 -0500] "-" 408 -
207.46.13.10 - - [22/Oct/2022:19:57:18 -0500] "GET /bla/resoluciones/resoluciones%201998/RESOLUCION%20409%20DE%201998.pdf HTTP/1.1" 304 -
201.245.192.253 - - [22/Oct/2022:19:58:42 -0500] "POST /kwsrmcab/Wsrmcab  HTTP/1.1" 200 43148
216.245.221.92 - - [22/Oct/2022:19:58:46 -0500] "HEAD / HTTP/1.1" 200 -
172.22.2.4 - - [22/Oct/2022:19:58:46 -0500] "HEAD /BLA/boletinlegal/ HTTP/1.1" 200 -
172.22.2.4 - - [22/Oct/2022:20:01:06 -0500] "GET /BLA/boletinlegal/doctrina.php/js/popup.js HTTP/1.1" 200 5604
40.77.167.70 - - [22/Oct/2022:20:01:14 -0500] "GET /portaldeninos/2021/06/06/ciudadanos-disfrutaron-del-tunel-ambiental-en-el-parque-de-los-novios/ HTTP/1.1" 200 105118
172.22.2.4 - - [22/Oct/2022:19:59:37 -0500] "GET /BLA/boletinlegal/ HTTP/1.1" 200 54823
157.55.39.153 - - [22/Oct/2022:20:01:30 -0500] "GET /portaldeninos/wp-content/themes/betheme/assets/animations/animations.min.css?ver=20.9.6 HTTP/1.1" 200 58508
157.55.39.153 - - [22/Oct/2022:20:01:31 -0500] "GET /portaldeninos/wp-includes/js/jquery/ui/accordion.min.js?ver=1.11.4 HTTP/1.1" 200 8584
157.55.39.153 - - [22/Oct/2022:20:01:31 -0500] "GET /portaldeninos/wp-includes/js/wp-embed.min.js?ver=4.9.8 HTTP/1.1" 200 1398
207.46.13.209 - - [22/Oct/2022:20:01:33 -0500] "GET /portaldeninos/wp-content/plugins/gallery-videos/CSS/totalsoft.css?ver=4.9.8 HTTP/1.1" 200 40622
40.77.167.50 - - [22/Oct/2022:20:01:34 -0500] "GET /portaldeninos/wp-content/plugins/gallery-videos/CSS/Total-Soft-Gallery-Video-Widget.css?ver=4.9.8 HTTP/1.1" 200 51554
40.77.167.50 - - [22/Oct/2022:20:01:34 -0500] "GET /portaldeninos/wp-content/plugins/gallery-videos/JS/modernizr.custom.js?ver=4.9.8 HTTP/1.1" 200 9019
40.77.167.50 - - [22/Oct/2022:20:01:34 -0500] "GET /portaldeninos/wp-content/themes/betheme/assets/jplayer/css/jplayer.blue.monday.css?ver=20.9.6 HTTP/1.1" 200 9834
40.77.167.50 - - [22/Oct/2022:20:01:34 -0500] "GET /portaldeninos/wp-includes/js/jquery/jquery-migrate.min.js?ver=1.4.1 HTTP/1.1" 200 10056
40.77.167.70 - - [22/Oct/2022:20:01:34 -0500] "GET /portaldeninos/wp-content/themes/betheme/style.css?ver=20.9.6 HTTP/1.1" 200 287
207.46.13.217 - - [22/Oct/2022:20:01:35 -0500] "GET /portaldeninos/wp-includes/js/jquery/ui/tabs.min.js?ver=1.11.4 HTTP/1.1" 200 12110
40.77.167.69 - - [22/Oct/2022:20:01:39 -0500] "GET /portaldeninos/wp-content/themes/betheme/assets/jplayer/jplayer.min.js?ver=20.9.6 HTTP/1.1" 200 52702
40.77.167.69 - - [22/Oct/2022:20:01:40 -0500] "GET /portaldeninos/wp-content/themes/betheme/fonts/mfn-icons.ttf?93978679 HTTP/1.1" 200 124684
40.77.167.69 - - [22/Oct/2022:20:01:40 -0500] "GET /portaldeninos/wp-content/themes/betheme/js/plugins.js?ver=20.9.6 HTTP/1.1" 200 197151
40.77.167.69 - - [22/Oct/2022:20:01:40 -0500] "GET /portaldeninos/wp-includes/js/wp-emoji-release.min.js?ver=4.9.8 HTTP/1.1" 200 12026
207.46.13.209 - - [22/Oct/2022:20:01:45 -0500] "GET /portaldeninos/wp-content/themes/betheme/assets/ui/jquery.ui.all.css?ver=20.9.6 HTTP/1.1" 200 18765
207.46.13.209 - - [22/Oct/2022:20:01:45 -0500] "GET /portaldeninos/wp-content/themes/betheme/css/layout.css?ver=20.9.6 HTTP/1.1" 200 116639
207.46.13.209 - - [22/Oct/2022:20:01:46 -0500] "GET /portaldeninos/wp-content/themes/betheme/js/scripts.js?ver=20.9.6 HTTP/1.1" 200 77162
207.46.13.209 - - [22/Oct/2022:20:01:46 -0500] "GET /portaldeninos/wp-content/uploads/useanyfont/uaf.css?ver=1589905315 HTTP/1.1" 200 408
201.245.192.253 - - [22/Oct/2022:20:03:41 -0500] "POST /kwsrmcab/Wsrmcab  HTTP/1.1" 200 43148
216.245.221.92 - - [22/Oct/2022:20:03:46 -0500] "HEAD / HTTP/1.1" 200 -
172.22.2.4 - - [22/Oct/2022:20:03:56 -0500] "GET /BLA/boletinlegal/Circulares/2012/Circular%20No.%2014%20del%2011%20de%20Septiembre%20de%202012.pdf HTTP/1.1" 304 -
186.29.32.75 - - [22/Oct/2022:20:04:37 -0500] "GET /galeria/galeria/jquery.fancybox.js?v=2.1.5 HTTP/1.1" 200 48706
186.29.32.75 - - [22/Oct/2022:20:04:37 -0500] "GET /galeria/galeria/jquery.fancybox.css?v=2.1.5 HTTP/1.1" 200 4895
186.29.32.75 - - [22/Oct/2022:20:04:37 -0500] "GET /BLA/boletinlegal/js/jquery.scrollShow.js HTTP/1.1" 200 4586
172.22.2.4 - - [22/Oct/2022:20:04:36 -0500] "HEAD /BLA/boletinlegal/ HTTP/1.1" 200 -
172.22.2.4 - - [22/Oct/2022:20:05:27 -0500] "GET /BLA/boletinlegal/ HTTP/1.1" 200 58575
69.171.230.116 - - [22/Oct/2022:20:07:57 -0500] "GET /se-viene-la-reciclaton-2022-una-oportunidad-para-que-las-empresas-contribuyan-con-el-medioambiente.html HTTP/1.1" 206 960
69.171.230.118 - - [22/Oct/2022:20:07:57 -0500] "GET /se-viene-la-reciclaton-2022-una-oportunidad-para-que-las-empresas-contribuyan-con-el-medioambiente.html HTTP/1.1" 206 960
201.245.192.253 - - [22/Oct/2022:20:08:40 -0500] "POST /kwsrmcab/Wsrmcab  HTTP/1.1" 200 43148
207.46.13.89 - - [22/Oct/2022:20:08:42 -0500] "GET /sipse/faces/javax.faces.resource/primefaces.js;jsessionid=mppmsalgjr6s7ckwmdodva7+.undefined?ln=primefaces&v=4.0 HTTP/1.1" 200 276924
216.245.221.92 - - [22/Oct/2022:20:08:46 -0500] "HEAD / HTTP/1.1" 200 -
172.22.2.4 - - [22/Oct/2022:20:10:26 -0500] "HEAD /BLA/boletinlegal/ HTTP/1.1" 200 -
172.22.2.4 - - [22/Oct/2022:20:11:17 -0500] "GET /BLA/boletinlegal/ HTTP/1.1" 200 56376
201.245.192.253 - - [22/Oct/2022:20:13:40 -0500] "POST /kwsrmcab/Wsrmcab  HTTP/1.1" 200 43148
216.245.221.92 - - [22/Oct/2022:20:13:46 -0500] "HEAD / HTTP/1.1" 200 -
172.22.2.4 - - [22/Oct/2022:20:16:16 -0500] "HEAD /BLA/boletinlegal/ HTTP/1.1" 200 -
185.119.81.97 - - [22/Oct/2022:20:18:10 -0500] "GET /portaldeninos/wp-login.php HTTP/1.1" 200 2592
185.119.81.97 - - [22/Oct/2022:20:18:11 -0500] "POST /portaldeninos/wp-login.php HTTP/1.1" 200 3605
201.245.192.253 - - [22/Oct/2022:20:18:38 -0500] "POST /kwsrmcab/Wsrmcab  HTTP/1.1" 200 43148
216.245.221.92 - - [22/Oct/2022:20:18:46 -0500] "HEAD / HTTP/1.1" 200 -
172.22.2.4 - - [22/Oct/2022:20:17:07 -0500] "GET /BLA/boletinlegal/ HTTP/1.1" 200 59828
201.245.192.253 - - [22/Oct/2022:20:22:18 -0500] "POST /kwsrmcab/Wsrmcab HTTP/1.1" 200 43289
201.245.192.253 - - [22/Oct/2022:20:22:21 -0500] "POST /kwsrmcab/Wsrmcab HTTP/1.1" 200 44210
181.55.68.44 - - [22/Oct/2022:20:22:54 -0500] "GET /BLA/resoluciones/ HTTP/1.1" 200 13093
181.55.68.44 - - [22/Oct/2022:20:22:54 -0500] "GET /BLA/resoluciones/dlf/folder.png HTTP/1.1" 200 410
181.55.68.44 - - [22/Oct/2022:20:22:57 -0500] "GET /BLA/resoluciones/index.php?dir=AUTOS+2022%2F HTTP/1.1" 200 302799
93.158.161.72 - - [22/Oct/2022:20:22:57 -0500] "-" 408 -
77.88.5.232 - - [22/Oct/2022:20:23:02 -0500] "-" 408 -
93.158.161.29 - - [22/Oct/2022:20:23:08 -0500] "-" 408 -
77.88.5.27 - - [22/Oct/2022:20:23:13 -0500] "-" 408 -
77.88.5.249 - - [22/Oct/2022:20:23:28 -0500] "-" 408 -
201.245.192.253 - - [22/Oct/2022:20:23:37 -0500] "POST /kwsrmcab/Wsrmcab  HTTP/1.1" 200 43148
77.88.5.49 - - [22/Oct/2022:20:23:43 -0500] "-" 408 -
216.245.221.92 - - [22/Oct/2022:20:23:46 -0500] "HEAD / HTTP/1.1" 200 -
172.22.2.4 - - [22/Oct/2022:20:22:06 -0500] "HEAD /BLA/boletinlegal/ HTTP/1.1" 200 -
77.88.5.82 - - [22/Oct/2022:20:24:13 -0500] "-" 408 -
172.22.2.4 - - [22/Oct/2022:20:22:56 -0500] "GET /BLA/boletinlegal/ HTTP/1.1" 200 56376
172.22.2.4 - - [22/Oct/2022:20:24:00 -0500] "GET /BLA/boletinlegal/ HTTP/1.1" 200 32715
106.75.172.167 - - [22/Oct/2022:20:25:13 -0500] "GET / HTTP/1.1" 200 319
106.75.172.167 - - [22/Oct/2022:20:25:13 -0500] "GET / HTTP/1.1" 200 319
106.75.172.167 - - [22/Oct/2022:20:25:13 -0500] "GET / HTTP/1.1" 200 4720
77.88.5.5 - - [22/Oct/2022:20:25:13 -0500] "-" 408 -
106.75.172.167 - - [22/Oct/2022:20:25:13 -0500] "GET /favicon.ico HTTP/1.1" 200 7782
106.75.172.167 - - [22/Oct/2022:20:25:14 -0500] "GET /favicon.ico HTTP/1.1" 200 7782
106.75.172.167 - - [22/Oct/2022:20:25:14 -0500] "GET /favicon.ico HTTP/1.1" 404 1034
106.75.172.167 - - [22/Oct/2022:20:25:15 -0500] "GET /js/url.js HTTP/1.1" 404 1034
106.75.172.167 - - [22/Oct/2022:20:25:16 -0500] "GET /js/jquery-3.3.1.min.js HTTP/1.1" 404 1034
106.75.172.167 - - [22/Oct/2022:20:25:16 -0500] "GET /js/bootstrap.min.js HTTP/1.1" 404 1034
106.75.172.167 - - [22/Oct/2022:20:25:17 -0500] "GET /js/main.js HTTP/1.1" 404 1034
172.22.2.4 - - [22/Oct/2022:20:25:44 -0500] "GET /BLA/boletinlegal/favicon.ico HTTP/1.1" 404 1038
93.158.161.50 - - [22/Oct/2022:20:26:13 -0500] "-" 408 -
172.22.2.4 - - [22/Oct/2022:20:25:14 -0500] "GET /BLA/boletinlegal/ HTTP/1.1" 200 32715
172.22.2.4 - - [22/Oct/2022:20:25:29 -0500] "GET /BLA/boletinlegal/ HTTP/1.1" 200 24523
77.88.5.214 - - [22/Oct/2022:20:28:13 -0500] "-" 408 -
201.245.192.253 - - [22/Oct/2022:20:28:36 -0500] "POST /kwsrmcab/Wsrmcab  HTTP/1.1" 200 43148
216.245.221.92 - - [22/Oct/2022:20:28:46 -0500] "HEAD / HTTP/1.1" 200 -
172.22.2.4 - - [22/Oct/2022:20:27:56 -0500] "HEAD /BLA/boletinlegal/ HTTP/1.1" 200 -
172.22.2.4 - - [22/Oct/2022:20:28:47 -0500] "GET /BLA/boletinlegal/ HTTP/1.1" 200 56732
77.88.5.165 - - [22/Oct/2022:20:31:13 -0500] "-" 408 -
35.240.26.48 - - [22/Oct/2022:20:31:46 -0500] "GET /se-viene-la-reciclaton-2022-una-oportunidad-para-que-las-empresas-contribuyan-con-el-medioambiente.html HTTP/1.1" 200 960
201.245.192.253 - - [22/Oct/2022:20:32:19 -0500] "POST /kwsrmcab/Wsrmcab HTTP/1.1" 200 43289
207.46.13.10 - - [22/Oct/2022:20:32:22 -0500] "GET /BLA/resoluciones/AUTOS%202022/3066.pdf HTTP/1.1" 200 405149
201.245.192.253 - - [22/Oct/2022:20:32:21 -0500] "POST /kwsrmcab/Wsrmcab HTTP/1.1" 200 44210
207.46.13.190 - - [22/Oct/2022:20:33:36 -0500] "GET /sipse/faces/javax.faces.resource/layout/layout.js;jsessionid=mppmsalgjr6s7ckwmdodva7+.undefined?ln=primefaces&v=4.0 HTTP/1.1" 200 87560
201.245.192.253 - - [22/Oct/2022:20:33:35 -0500] "POST /kwsrmcab/Wsrmcab  HTTP/1.1" 200 43148
216.245.221.92 - - [22/Oct/2022:20:33:46 -0500] "HEAD / HTTP/1.1" 200 -
172.22.2.4 - - [22/Oct/2022:20:33:48 -0500] "GET /BLA/boletinlegal/robots.txt HTTP/1.1" 404 1038
172.22.2.4 - - [22/Oct/2022:20:33:48 -0500] "GET /BLA/boletinlegal/images/screen_5.png HTTP/1.1" 304 -
172.22.2.4 - - [22/Oct/2022:20:33:46 -0500] "HEAD /BLA/boletinlegal/ HTTP/1.1" 200 -
172.22.2.4 - - [22/Oct/2022:20:34:37 -0500] "GET /BLA/boletinlegal/ HTTP/1.1" 200 53640
172.22.2.4 - - [22/Oct/2022:20:35:30 -0500] "GET /BLA/boletinlegal/ HTTP/1.1" 200 58163
207.46.13.40 - - [22/Oct/2022:20:37:45 -0500] "GET /BLA/resoluciones/AUTOS%202014/7119.pdf HTTP/1.1" 200 504795
185.119.81.97 - - [22/Oct/2022:20:38:14 -0500] "GET /portaldeninos/wp-login.php HTTP/1.1" 200 2592
185.119.81.97 - - [22/Oct/2022:20:38:15 -0500] "POST /portaldeninos/wp-login.php HTTP/1.1" 200 3670
207.46.13.89 - - [22/Oct/2022:20:38:15 -0500] "GET /bla/resoluciones/notificaciones/registros%202018/00982.pdf HTTP/1.1" 304 -
201.245.192.253 - - [22/Oct/2022:20:38:34 -0500] "POST /kwsrmcab/Wsrmcab  HTTP/1.1" 200 43148
216.245.221.92 - - [22/Oct/2022:20:38:46 -0500] "HEAD / HTTP/1.1" 200 -
51.159.194.233 - - [22/Oct/2022:20:38:58 -0500] "GET /se-viene-la-reciclaton-2022-una-oportunidad-para-que-las-empresas-contribuyan-con-el-medioambiente.html HTTP/1.1" 200 960
51.159.194.233 - - [22/Oct/2022:20:38:59 -0500] "GET /images/rec-21_optimized.jpg HTTP/1.1" 200 143715
172.22.2.4 - - [22/Oct/2022:20:39:25 -0500] "GET /BLA/boletinlegal/Circulares/2019/.pdf HTTP/1.1" 404 1218
172.22.2.4 - - [22/Oct/2022:20:39:35 -0500] "GET /BLA/boletinlegal/Circulares/2012/Circular%20No.%2010%20del%2026%20de%20Enero%20de%202012.pdf HTTP/1.1" 404 1218
172.22.2.4 - - [22/Oct/2022:20:39:36 -0500] "HEAD /BLA/boletinlegal/ HTTP/1.1" 200 -
207.46.13.190 - - [22/Oct/2022:20:41:36 -0500] "GET /BLA/resoluciones/AUTOS%202013/1130.pdf HTTP/1.1" 200 986267
172.22.2.4 - - [22/Oct/2022:20:40:27 -0500] "GET /BLA/boletinlegal/ HTTP/1.1" 200 57725
201.245.192.253 - - [22/Oct/2022:20:42:19 -0500] "POST /kwsrmcab/Wsrmcab HTTP/1.1" 200 43289
201.245.192.253 - - [22/Oct/2022:20:42:21 -0500] "POST /kwsrmcab/Wsrmcab HTTP/1.1" 200 44210
201.245.192.253 - - [22/Oct/2022:20:43:33 -0500] "POST /kwsrmcab/Wsrmcab  HTTP/1.1" 200 43148
216.245.221.92 - - [22/Oct/2022:20:43:46 -0500] "HEAD / HTTP/1.1" 200 -
128.14.136.18 - - [22/Oct/2022:20:44:13 -0500] "GET /portaldeninos/ HTTP/1.1" 200 110197
64.124.8.22 - - [22/Oct/2022:20:45:39 -0500] "-" 408 -
172.22.2.4 - - [22/Oct/2022:20:45:26 -0500] "HEAD /BLA/boletinlegal/ HTTP/1.1" 200 -
172.22.2.4 - - [22/Oct/2022:20:46:16 -0500] "GET /BLA/boletinlegal/ HTTP/1.1" 200 54003
173.252.107.19 - - [22/Oct/2022:20:48:00 -0500] "GET /images/llantaton-jornada.jpg HTTP/1.1" 200 356045
201.245.192.253 - - [22/Oct/2022:20:48:32 -0500] "POST /kwsrmcab/Wsrmcab  HTTP/1.1" 200 43148
216.245.221.92 - - [22/Oct/2022:20:48:46 -0500] "HEAD / HTTP/1.1" 200 -
207.46.13.190 - - [22/Oct/2022:20:50:16 -0500] "GET /BLA/resoluciones/RESOLUCIONES%202000/2000%202300-2349.tif HTTP/1.1" 200 4577676
193.142.146.35 - - [22/Oct/2022:20:52:07 -0500] "GET / HTTP/1.1" 200 319
193.142.146.35 - - [22/Oct/2022:20:52:08 -0500] "POST /HNAP1/ HTTP/1.1" 404 1018
172.22.2.4 - - [22/Oct/2022:20:51:16 -0500] "HEAD /BLA/boletinlegal/ HTTP/1.1" 200 -
201.245.192.253 - - [22/Oct/2022:20:53:31 -0500] "POST /kwsrmcab/Wsrmcab  HTTP/1.1" 200 43148
216.245.221.92 - - [22/Oct/2022:20:53:46 -0500] "HEAD / HTTP/1.1" 200 -
172.22.2.4 - - [22/Oct/2022:20:52:07 -0500] "GET /BLA/boletinlegal/ HTTP/1.1" 200 44896
213.186.1.243 - - [22/Oct/2022:20:53:50 -0500] "GET /se-viene-la-reciclaton-2022-una-oportunidad-para-que-las-empresas-contribuyan-con-el-medioambiente.html HTTP/1.1" 200 960
66.249.66.87 - - [22/Oct/2022:20:53:52 -0500] "-" 408 -
172.22.2.4 - - [22/Oct/2022:20:52:44 -0500] "GET /BLA/boletinlegal/ HTTP/1.1" 200 36811
66.220.149.118 - - [22/Oct/2022:20:54:20 -0500] "GET /images/rec-21_optimized.jpg HTTP/1.1" 200 143715
173.252.87.19 - - [22/Oct/2022:20:54:20 -0500] "GET /images/rec-21_optimized.jpg HTTP/1.1" 200 143715
172.22.2.4 - - [22/Oct/2022:20:55:13 -0500] "GET /BLA/boletinlegal/.env HTTP/1.1" 404 1018
172.22.2.4 - - [22/Oct/2022:20:55:14 -0500] "POST /BLA/boletinlegal/ HTTP/1.1" 200 24523
207.46.13.40 - - [22/Oct/2022:20:57:45 -0500] "GET /BLA/resoluciones/RESOLUCIONES%202006/RES%202006%201-50/00000032.tif HTTP/1.1" 200 292178
116.202.35.119 - - [22/Oct/2022:20:58:21 -0500] "-" 408 -
207.46.13.84 - - [22/Oct/2022:20:58:28 -0500] "GET /BLA/resoluciones/ HTTP/1.1" 200 13093
201.245.192.253 - - [22/Oct/2022:20:58:30 -0500] "POST /kwsrmcab/Wsrmcab  HTTP/1.1" 200 43148
216.245.221.92 - - [22/Oct/2022:20:58:46 -0500] "HEAD / HTTP/1.1" 200 -
172.22.2.4 - - [22/Oct/2022:20:57:06 -0500] "HEAD /BLA/boletinlegal/ HTTP/1.1" 200 -
136.243.136.201 - - [22/Oct/2022:20:59:21 -0500] "-" 408 -
172.22.2.4 - - [22/Oct/2022:20:57:56 -0500] "GET /BLA/boletinlegal/ HTTP/1.1" 200 57725
173.252.107.10 - - [22/Oct/2022:21:00:08 -0500] "GET /images/Junio%2002-experiencias-jardines-verticales-sda.jpeg HTTP/1.1" 200 31171
88.99.148.108 - - [22/Oct/2022:21:00:28 -0500] "-" 408 -
185.119.81.102 - - [22/Oct/2022:21:00:28 -0500] "GET /portaldeninos/wp-login.php HTTP/1.1" 200 2592
185.119.81.102 - - [22/Oct/2022:21:00:29 -0500] "POST /portaldeninos/wp-login.php HTTP/1.1" 200 3670
172.22.2.4 - - [22/Oct/2022:21:02:45 -0500] "GET /BLA/boletinlegal/owa/auth/logon.aspx HTTP/1.1" 404 1018
172.22.2.4 - - [22/Oct/2022:21:02:47 -0500] "GET /BLA/boletinlegal/ecp/Current/exporttool/microsoft.exchange.ediscovery.exporttool.application HTTP/1.1" 404 1018
201.245.192.253 - - [22/Oct/2022:21:03:29 -0500] "POST /kwsrmcab/Wsrmcab  HTTP/1.1" 200 43148
216.245.221.92 - - [22/Oct/2022:21:03:46 -0500] "HEAD / HTTP/1.1" 200 -
40.77.167.50 - - [22/Oct/2022:21:04:16 -0500] "GET /portaldeninos/wp-content/uploads/2020/05/fb.jpg HTTP/1.1" 200 9893
185.119.81.98 - - [22/Oct/2022:21:04:24 -0500] "GET /portaldeninos/wp-login.php HTTP/1.1" 200 2592
185.119.81.98 - - [22/Oct/2022:21:04:25 -0500] "POST /portaldeninos/wp-login.php HTTP/1.1" 200 3605
172.22.2.4 - - [22/Oct/2022:21:02:56 -0500] "HEAD /BLA/boletinlegal/ HTTP/1.1" 200 -
172.22.2.4 - - [22/Oct/2022:21:03:46 -0500] "GET /BLA/boletinlegal/ HTTP/1.1" 200 57725
66.249.66.85 - - [22/Oct/2022:21:05:46 -0500] "-" 408 -
172.22.2.4 - - [22/Oct/2022:21:06:59 -0500] "GET /BLA/boletinlegal/owa/auth/x.js HTTP/1.1" 404 1018
186.80.52.216 - - [22/Oct/2022:21:07:16 -0500] "GET /BLA/boletinlegal/js/jquery.scrollShow.js HTTP/1.1" 200 4586
186.80.52.216 - - [22/Oct/2022:21:07:16 -0500] "GET /galeria/galeria/jquery.fancybox.css?v=2.1.5 HTTP/1.1" 200 4895
186.80.52.216 - - [22/Oct/2022:21:07:16 -0500] "GET /galeria/galeria/jquery.fancybox.js?v=2.1.5 HTTP/1.1" 200 48706
201.245.192.253 - - [22/Oct/2022:21:08:28 -0500] "POST /kwsrmcab/Wsrmcab  HTTP/1.1" 200 43148
216.245.221.92 - - [22/Oct/2022:21:08:46 -0500] "HEAD / HTTP/1.1" 200 -
172.22.2.4 - - [22/Oct/2022:21:08:46 -0500] "HEAD /BLA/boletinlegal/ HTTP/1.1" 200 -
172.22.2.4 - - [22/Oct/2022:21:09:36 -0500] "GET /BLA/boletinlegal/ HTTP/1.1" 200 57375
201.245.192.253 - - [22/Oct/2022:21:13:27 -0500] "POST /kwsrmcab/Wsrmcab  HTTP/1.1" 200 43148
207.46.13.10 - - [22/Oct/2022:21:13:36 -0500] "GET /BLA/resoluciones/RESOLUCIONES%202021/3919.pdf HTTP/1.1" 304 -
216.245.221.92 - - [22/Oct/2022:21:13:46 -0500] "HEAD / HTTP/1.1" 200 -
40.77.167.102 - - [22/Oct/2022:21:15:03 -0500] "-" 408 -
172.22.2.4 - - [22/Oct/2022:21:16:09 -0500] "GET /BLA/boletinlegal/doctrina.php/js/jquery1.js HTTP/1.1" 200 5604
172.22.2.4 - - [22/Oct/2022:21:14:36 -0500] "HEAD /BLA/boletinlegal/ HTTP/1.1" 200 -
172.22.2.4 - - [22/Oct/2022:21:15:23 -0500] "GET /BLA/boletinlegal/ HTTP/1.1" 200 24523
172.22.2.4 - - [22/Oct/2022:21:15:26 -0500] "GET /BLA/boletinlegal/ HTTP/1.1" 200 44896
201.245.192.253 - - [22/Oct/2022:21:18:26 -0500] "POST /kwsrmcab/Wsrmcab  HTTP/1.1" 200 43148
216.245.221.92 - - [22/Oct/2022:21:18:46 -0500] "HEAD / HTTP/1.1" 200 -
173.252.127.10 - - [22/Oct/2022:21:19:19 -0500] "GET /se-viene-la-reciclaton-2022-una-oportunidad-para-que-las-empresas-contribuyan-con-el-medioambiente.html?fbclid=IwAR14H98CiAZLMrstEU5d82fqvBF1KVlFxGVVRh7CQ3RPsrPaua6yz2gcrww HTTP/1.1" 200 960
172.22.2.4 - - [22/Oct/2022:21:20:50 -0500] "GET /BLA/boletinlegal/jurisprudencia/analisis/CUADRO%20SENTENCIA%20T-299%20DE%202008.doc HTTP/1.1" 200 40960
