172.22.2.4 - - [26/Oct/2022:01:57:22 -0500] "HEAD /BLA/boletinlegal/ HTTP/1.1" 200 -
172.22.2.4 - - [26/Oct/2022:01:58:12 -0500] "GET /BLA/boletinlegal/ HTTP/1.1" 200 57375
216.245.221.92 - - [26/Oct/2022:02:00:07 -0500] "HEAD / HTTP/1.1" 200 -
186.30.107.83 - - [26/Oct/2022:02:00:19 -0500] "GET /BLA/resoluciones/index.php?dir=AUTOS+2013%2F HTTP/1.1" 200 406613
186.30.107.83 - - [26/Oct/2022:02:00:43 -0500] "GET /BLA/resoluciones/index.php?dir=AUTOS+2020%2F HTTP/1.1" 200 326492
201.245.192.253 - - [26/Oct/2022:02:00:51 -0500] "POST /kwsrmcab/Wsrmcab  HTTP/1.1" 200 43148
186.30.107.83 - - [26/Oct/2022:02:04:30 -0500] "GET /BLA/resoluciones/index.php?dir=AUTOS+2014%2F HTTP/1.1" 200 883517
172.22.2.4 - - [26/Oct/2022:02:03:12 -0500] "HEAD /BLA/boletinlegal/ HTTP/1.1" 200 -
216.245.221.92 - - [26/Oct/2022:02:05:07 -0500] "HEAD / HTTP/1.1" 200 -
172.22.2.4 - - [26/Oct/2022:02:04:02 -0500] "GET /BLA/boletinlegal/ HTTP/1.1" 200 56732
201.245.192.253 - - [26/Oct/2022:02:05:49 -0500] "POST /kwsrmcab/Wsrmcab  HTTP/1.1" 200 43148
186.30.107.83 - - [26/Oct/2022:02:07:33 -0500] "GET /BLA/resoluciones/index.php?dir=AUTOS+2014%2F HTTP/1.1" 200 883517
216.245.221.92 - - [26/Oct/2022:02:10:07 -0500] "HEAD / HTTP/1.1" 200 -
172.22.2.4 - - [26/Oct/2022:02:09:02 -0500] "HEAD /BLA/boletinlegal/ HTTP/1.1" 200 -
201.245.192.253 - - [26/Oct/2022:02:10:48 -0500] "POST /kwsrmcab/Wsrmcab  HTTP/1.1" 200 43148
172.22.2.4 - - [26/Oct/2022:02:09:52 -0500] "GET /BLA/boletinlegal/ HTTP/1.1" 200 59828
207.46.13.84 - - [26/Oct/2022:02:12:50 -0500] "GET /BLA/resoluciones/RESOLUCIONES%202019/1785.pdf HTTP/1.1" 200 300363
186.30.107.83 - - [26/Oct/2022:02:12:56 -0500] "GET /BLA/resoluciones/index.php?dir=AUTOS+2014%2F HTTP/1.1" 200 883517
216.245.221.92 - - [26/Oct/2022:02:15:07 -0500] "HEAD / HTTP/1.1" 200 -
201.245.192.253 - - [26/Oct/2022:02:15:48 -0500] "POST /kwsrmcab/Wsrmcab  HTTP/1.1" 200 43148
172.22.2.4 - - [26/Oct/2022:02:14:52 -0500] "HEAD /BLA/boletinlegal/ HTTP/1.1" 200 -
172.22.2.4 - - [26/Oct/2022:02:15:42 -0500] "GET /BLA/boletinlegal/ HTTP/1.1" 200 59828
128.1.248.26 - - [26/Oct/2022:02:18:54 -0500] "GET / HTTP/1.1" 200 319
216.245.221.92 - - [26/Oct/2022:02:20:07 -0500] "HEAD / HTTP/1.1" 200 -
201.245.192.253 - - [26/Oct/2022:02:20:47 -0500] "POST /kwsrmcab/Wsrmcab  HTTP/1.1" 200 43148
201.245.192.253 - - [26/Oct/2022:02:22:03 -0500] "POST /kwsrmcab/Wsrmcab HTTP/1.1" 200 43712
201.245.192.253 - - [26/Oct/2022:02:22:06 -0500] "POST /kwsrmcab/Wsrmcab HTTP/1.1" 200 41839
172.22.2.4 - - [26/Oct/2022:02:20:42 -0500] "HEAD /BLA/boletinlegal/ HTTP/1.1" 200 -
172.22.2.4 - - [26/Oct/2022:02:21:32 -0500] "GET /BLA/boletinlegal/ HTTP/1.1" 200 59319
186.30.107.83 - - [26/Oct/2022:02:23:26 -0500] "GET /BLA/resoluciones/index.php?dir=AUTOS+2014%2F HTTP/1.1" 200 883517
216.245.221.92 - - [26/Oct/2022:02:25:07 -0500] "HEAD / HTTP/1.1" 200 -
201.245.192.253 - - [26/Oct/2022:02:25:46 -0500] "POST /kwsrmcab/Wsrmcab  HTTP/1.1" 200 43148
172.22.2.4 - - [26/Oct/2022:02:26:32 -0500] "HEAD /BLA/boletinlegal/ HTTP/1.1" 200 -
186.30.107.83 - - [26/Oct/2022:02:28:50 -0500] "GET /BLA/resoluciones/index.php?dir=AUTOS+2018%2F HTTP/1.1" 200 438720
172.22.2.4 - - [26/Oct/2022:02:27:22 -0500] "GET /BLA/boletinlegal/ HTTP/1.1" 200 57725
216.245.221.92 - - [26/Oct/2022:02:30:07 -0500] "HEAD / HTTP/1.1" 200 -
201.245.192.253 - - [26/Oct/2022:02:30:45 -0500] "POST /kwsrmcab/Wsrmcab  HTTP/1.1" 200 43148
201.245.192.253 - - [26/Oct/2022:02:32:03 -0500] "POST /kwsrmcab/Wsrmcab HTTP/1.1" 200 43712
201.245.192.253 - - [26/Oct/2022:02:32:05 -0500] "POST /kwsrmcab/Wsrmcab HTTP/1.1" 200 41839
66.249.73.173 - - [26/Oct/2022:02:33:31 -0500] "-" 408 -
172.22.2.4 - - [26/Oct/2022:02:32:22 -0500] "HEAD /BLA/boletinlegal/ HTTP/1.1" 200 -
172.22.2.4 - - [26/Oct/2022:02:33:12 -0500] "GET /BLA/boletinlegal/ HTTP/1.1" 200 59828
216.245.221.92 - - [26/Oct/2022:02:35:07 -0500] "HEAD / HTTP/1.1" 200 -
201.245.192.253 - - [26/Oct/2022:02:35:44 -0500] "POST /kwsrmcab/Wsrmcab  HTTP/1.1" 200 43148
172.22.2.4 - - [26/Oct/2022:02:38:12 -0500] "HEAD /BLA/boletinlegal/ HTTP/1.1" 200 -
216.245.221.92 - - [26/Oct/2022:02:40:07 -0500] "HEAD / HTTP/1.1" 200 -
172.22.2.4 - - [26/Oct/2022:02:39:02 -0500] "GET /BLA/boletinlegal/ HTTP/1.1" 200 57725
201.245.192.253 - - [26/Oct/2022:02:40:43 -0500] "POST /kwsrmcab/Wsrmcab  HTTP/1.1" 200 43148
201.245.192.253 - - [26/Oct/2022:02:42:03 -0500] "POST /kwsrmcab/Wsrmcab HTTP/1.1" 200 43712
201.245.192.253 - - [26/Oct/2022:02:42:06 -0500] "POST /kwsrmcab/Wsrmcab HTTP/1.1" 200 41839
185.119.81.97 - - [26/Oct/2022:02:45:06 -0500] "GET /portaldeninos/wp-login.php HTTP/1.1" 200 2592
216.245.221.92 - - [26/Oct/2022:02:45:07 -0500] "HEAD / HTTP/1.1" 200 -
185.119.81.97 - - [26/Oct/2022:02:45:07 -0500] "POST /portaldeninos/wp-login.php HTTP/1.1" 200 3605
172.22.2.4 - - [26/Oct/2022:02:44:02 -0500] "HEAD /BLA/boletinlegal/ HTTP/1.1" 200 -
201.245.192.253 - - [26/Oct/2022:02:45:42 -0500] "POST /kwsrmcab/Wsrmcab  HTTP/1.1" 200 43148
172.22.2.4 - - [26/Oct/2022:02:44:52 -0500] "GET /BLA/boletinlegal/ HTTP/1.1" 200 56376
216.245.221.92 - - [26/Oct/2022:02:50:07 -0500] "HEAD / HTTP/1.1" 200 -
201.245.192.253 - - [26/Oct/2022:02:50:41 -0500] "POST /kwsrmcab/Wsrmcab  HTTP/1.1" 200 43148
172.22.2.4 - - [26/Oct/2022:02:49:52 -0500] "HEAD /BLA/boletinlegal/ HTTP/1.1" 200 -
172.22.2.4 - - [26/Oct/2022:02:50:42 -0500] "GET /BLA/boletinlegal/ HTTP/1.1" 200 57725
216.245.221.92 - - [26/Oct/2022:02:55:07 -0500] "HEAD / HTTP/1.1" 200 -
201.245.192.253 - - [26/Oct/2022:02:55:40 -0500] "POST /kwsrmcab/Wsrmcab  HTTP/1.1" 200 43148
172.22.2.4 - - [26/Oct/2022:02:55:42 -0500] "HEAD /BLA/boletinlegal/ HTTP/1.1" 200 -
172.22.2.4 - - [26/Oct/2022:02:56:32 -0500] "GET /BLA/boletinlegal/ HTTP/1.1" 200 56376
216.245.221.92 - - [26/Oct/2022:03:00:07 -0500] "HEAD / HTTP/1.1" 200 -
201.245.192.253 - - [26/Oct/2022:03:00:39 -0500] "POST /kwsrmcab/Wsrmcab  HTTP/1.1" 200 43148
185.119.81.109 - - [26/Oct/2022:03:00:50 -0500] "GET /portaldeninos/wp-login.php HTTP/1.1" 200 2592
185.119.81.109 - - [26/Oct/2022:03:00:51 -0500] "POST /portaldeninos/wp-login.php HTTP/1.1" 200 3605
172.22.2.4 - - [26/Oct/2022:03:01:32 -0500] "HEAD /BLA/boletinlegal/ HTTP/1.1" 200 -
172.22.2.4 - - [26/Oct/2022:03:02:22 -0500] "GET /BLA/boletinlegal/ HTTP/1.1" 200 59828
216.245.221.92 - - [26/Oct/2022:03:05:07 -0500] "HEAD / HTTP/1.1" 200 -
201.245.192.253 - - [26/Oct/2022:03:05:37 -0500] "POST /kwsrmcab/Wsrmcab  HTTP/1.1" 200 43148
207.46.13.79 - - [26/Oct/2022:03:08:39 -0500] "GET /forest/ HTTP/1.1" 200 12041
172.22.2.4 - - [26/Oct/2022:03:07:22 -0500] "HEAD /BLA/boletinlegal/ HTTP/1.1" 200 -
172.22.2.4 - - [26/Oct/2022:03:08:12 -0500] "GET /BLA/boletinlegal/ HTTP/1.1" 200 56732
216.245.221.92 - - [26/Oct/2022:03:10:07 -0500] "HEAD / HTTP/1.1" 200 -
201.245.192.253 - - [26/Oct/2022:03:10:37 -0500] "POST /kwsrmcab/Wsrmcab  HTTP/1.1" 200 43148
207.46.13.10 - - [26/Oct/2022:03:10:58 -0500] "GET /BLA/resoluciones/RESOLUCIONES%202019/1070.pdf HTTP/1.1" 304 -
172.22.2.4 - - [26/Oct/2022:03:13:12 -0500] "HEAD /BLA/boletinlegal/ HTTP/1.1" 200 -
216.245.221.92 - - [26/Oct/2022:03:15:07 -0500] "HEAD / HTTP/1.1" 200 -
201.245.192.253 - - [26/Oct/2022:03:15:36 -0500] "POST /kwsrmcab/Wsrmcab  HTTP/1.1" 200 43148
172.22.2.4 - - [26/Oct/2022:03:14:02 -0500] "GET /BLA/boletinlegal/ HTTP/1.1" 200 59828
216.245.221.92 - - [26/Oct/2022:03:20:06 -0500] "HEAD / HTTP/1.1" 200 -
201.245.192.253 - - [26/Oct/2022:03:20:35 -0500] "POST /kwsrmcab/Wsrmcab  HTTP/1.1" 200 43148
172.22.2.4 - - [26/Oct/2022:03:19:02 -0500] "HEAD /BLA/boletinlegal/ HTTP/1.1" 200 -
172.22.2.4 - - [26/Oct/2022:03:19:52 -0500] "GET /BLA/boletinlegal/ HTTP/1.1" 200 59828
65.21.228.167 - - [26/Oct/2022:03:21:56 -0500] "GET /BLA/resoluciones/AUTOS%202018/5983.pdf HTTP/1.1" 200 245520
201.245.192.253 - - [26/Oct/2022:03:22:03 -0500] "POST /kwsrmcab/Wsrmcab HTTP/1.1" 200 43722
201.245.192.253 - - [26/Oct/2022:03:22:05 -0500] "POST /kwsrmcab/Wsrmcab HTTP/1.1" 200 41817
216.245.221.92 - - [26/Oct/2022:03:25:07 -0500] "HEAD / HTTP/1.1" 200 -
185.119.81.106 - - [26/Oct/2022:03:25:12 -0500] "GET /portaldeninos/wp-login.php HTTP/1.1" 200 2592
185.119.81.106 - - [26/Oct/2022:03:25:13 -0500] "POST /portaldeninos/wp-login.php HTTP/1.1" 200 3605
201.245.192.253 - - [26/Oct/2022:03:25:34 -0500] "POST /kwsrmcab/Wsrmcab  HTTP/1.1" 200 43148
172.22.2.4 - - [26/Oct/2022:03:24:52 -0500] "HEAD /BLA/boletinlegal/ HTTP/1.1" 200 -
165.22.120.172 - - [26/Oct/2022:03:26:49 -0500] "v`L\x99w\x1d_\xc8\x13\xee6\xc4z]e\x8e+\xf2\xf0\xa5\v\xd6\xb2\xa5\xb1Zs\x0e\x07\xd6\xb2\xa5" 400 946
165.22.120.172 - - [26/Oct/2022:03:26:50 -0500] "\x16\x03\x01" 400 226
165.22.120.172 - - [26/Oct/2022:03:26:50 -0500] "\x16\x03\x01" 400 226
165.22.120.172 - - [26/Oct/2022:03:26:50 -0500] "\x16\x03\x01" 400 226
207.46.13.84 - - [26/Oct/2022:03:27:08 -0500] "GET /BLA/resoluciones/index.php?dir=AUTOS+2007%2F HTTP/1.1" 200 628423
172.22.2.4 - - [26/Oct/2022:03:25:42 -0500] "GET /BLA/boletinlegal/ HTTP/1.1" 200 56014
172.22.2.4 - - [26/Oct/2022:03:27:42 -0500] "GET /BLA/boletinlegal/consulta_actos.php?tipo=autos&no=4371&usuario=&sector=&fecha=2020&resuelve= HTTP/1.1" 200 626
216.245.221.92 - - [26/Oct/2022:03:30:06 -0500] "HEAD / HTTP/1.1" 200 -
201.245.192.253 - - [26/Oct/2022:03:30:32 -0500] "POST /kwsrmcab/Wsrmcab  HTTP/1.1" 200 43148
201.245.192.253 - - [26/Oct/2022:03:32:03 -0500] "POST /kwsrmcab/Wsrmcab HTTP/1.1" 200 43722
201.245.192.253 - - [26/Oct/2022:03:32:06 -0500] "POST /kwsrmcab/Wsrmcab HTTP/1.1" 200 41817
172.22.2.4 - - [26/Oct/2022:03:30:42 -0500] "HEAD /BLA/boletinlegal/ HTTP/1.1" 200 -
172.22.2.4 - - [26/Oct/2022:03:31:32 -0500] "GET /BLA/boletinlegal/ HTTP/1.1" 200 56732
66.249.73.167 - - [26/Oct/2022:03:33:16 -0500] "-" 408 -
216.245.221.92 - - [26/Oct/2022:03:35:06 -0500] "HEAD / HTTP/1.1" 200 -
201.245.192.253 - - [26/Oct/2022:03:35:33 -0500] "POST /kwsrmcab/Wsrmcab  HTTP/1.1" 200 43148
172.22.2.4 - - [26/Oct/2022:03:35:55 -0500] "GET /BLA/boletinlegal/robots.txt HTTP/1.1" 404 1037
172.22.2.4 - - [26/Oct/2022:03:35:56 -0500] "GET /BLA/boletinlegal/robots.txt HTTP/1.1" 404 1037
172.22.2.4 - - [26/Oct/2022:03:36:03 -0500] "GET /BLA/boletinlegal/jurisprudencia/analisis/CUADRO%20ANALISIS%20SENTENCIA%20C-554%20DE%202007.doc HTTP/1.1" 304 -
185.119.81.97 - - [26/Oct/2022:03:36:55 -0500] "GET /portaldeninos/wp-login.php HTTP/1.1" 200 2592
185.119.81.97 - - [26/Oct/2022:03:36:57 -0500] "POST /portaldeninos/wp-login.php HTTP/1.1" 200 3670
172.22.2.4 - - [26/Oct/2022:03:36:32 -0500] "HEAD /BLA/boletinlegal/ HTTP/1.1" 200 -
172.22.2.4 - - [26/Oct/2022:03:37:22 -0500] "GET /BLA/boletinlegal/ HTTP/1.1" 200 55630
216.245.221.92 - - [26/Oct/2022:03:40:06 -0500] "HEAD / HTTP/1.1" 200 -
128.14.136.18 - - [26/Oct/2022:03:40:08 -0500] "GET /portaldeninos/ HTTP/1.1" 200 110197
201.245.192.253 - - [26/Oct/2022:03:40:32 -0500] "POST /kwsrmcab/Wsrmcab  HTTP/1.1" 200 43148
66.249.73.167 - - [26/Oct/2022:03:42:04 -0500] "-" 408 -
201.245.192.253 - - [26/Oct/2022:03:42:03 -0500] "POST /kwsrmcab/Wsrmcab HTTP/1.1" 200 14506
201.245.192.253 - - [26/Oct/2022:03:43:03 -0500] "POST /kwsrmcab/Wsrmcab HTTP/1.1" 200 41817
172.22.2.4 - - [26/Oct/2022:03:42:22 -0500] "HEAD /BLA/boletinlegal/ HTTP/1.1" 200 -
172.22.2.4 - - [26/Oct/2022:03:43:12 -0500] "GET /BLA/boletinlegal/ HTTP/1.1" 200 59828
216.245.221.92 - - [26/Oct/2022:03:45:06 -0500] "HEAD / HTTP/1.1" 200 -
201.245.192.253 - - [26/Oct/2022:03:45:31 -0500] "POST /kwsrmcab/Wsrmcab  HTTP/1.1" 200 43148
114.119.148.163 - - [26/Oct/2022:03:45:54 -0500] "-" 408 -
185.119.81.109 - - [26/Oct/2022:03:48:30 -0500] "GET /portaldeninos/wp-login.php HTTP/1.1" 200 2592
185.119.81.109 - - [26/Oct/2022:03:48:31 -0500] "POST /portaldeninos/wp-login.php HTTP/1.1" 200 3650
172.22.2.4 - - [26/Oct/2022:03:48:12 -0500] "HEAD /BLA/boletinlegal/ HTTP/1.1" 200 -
172.22.2.4 - - [26/Oct/2022:03:50:04 -0500] "GET /BLA/boletinlegal/robots.txt HTTP/1.1" 404 1038
216.245.221.92 - - [26/Oct/2022:03:50:07 -0500] "HEAD / HTTP/1.1" 200 -
201.245.192.253 - - [26/Oct/2022:03:50:28 -0500] "POST /kwsrmcab/Wsrmcab  HTTP/1.1" 200 43148
172.22.2.4 - - [26/Oct/2022:03:49:02 -0500] "GET /BLA/boletinlegal/ HTTP/1.1" 200 52493
172.22.2.4 - - [26/Oct/2022:03:50:06 -0500] "GET /BLA/boletinlegal/index.php HTTP/1.1" 200 55220
157.55.39.136 - - [26/Oct/2022:03:53:03 -0500] "GET / HTTP/1.1" 200 319
216.245.221.92 - - [26/Oct/2022:03:55:07 -0500] "HEAD / HTTP/1.1" 200 -
201.245.192.253 - - [26/Oct/2022:03:55:27 -0500] "POST /kwsrmcab/Wsrmcab  HTTP/1.1" 200 43148
172.22.2.4 - - [26/Oct/2022:03:54:02 -0500] "HEAD /BLA/boletinlegal/ HTTP/1.1" 200 -
172.22.2.4 - - [26/Oct/2022:03:54:52 -0500] "GET /BLA/boletinlegal/ HTTP/1.1" 200 59319
172.22.2.4 - - [26/Oct/2022:03:58:32 -0500] "GET /BLA/boletinlegal/ HTTP/1.1" 200 32715
216.245.221.92 - - [26/Oct/2022:04:00:06 -0500] "HEAD / HTTP/1.1" 200 -
201.245.192.253 - - [26/Oct/2022:04:00:26 -0500] "POST /kwsrmcab/Wsrmcab  HTTP/1.1" 200 43148
172.22.2.4 - - [26/Oct/2022:03:59:52 -0500] "HEAD /BLA/boletinlegal/ HTTP/1.1" 200 -
172.22.2.4 - - [26/Oct/2022:04:00:42 -0500] "GET /BLA/boletinlegal/ HTTP/1.1" 200 57375
216.245.221.92 - - [26/Oct/2022:04:05:06 -0500] "HEAD / HTTP/1.1" 200 -
201.245.192.253 - - [26/Oct/2022:04:05:25 -0500] "POST /kwsrmcab/Wsrmcab  HTTP/1.1" 200 43148
69.63.184.116 - - [26/Oct/2022:04:06:53 -0500] "GET /reporte-calidad-del-aire-jueves.html HTTP/1.1" 206 750
172.22.2.4 - - [26/Oct/2022:04:05:42 -0500] "HEAD /BLA/boletinlegal/ HTTP/1.1" 200 -
172.22.2.4 - - [26/Oct/2022:04:06:32 -0500] "GET /BLA/boletinlegal/ HTTP/1.1" 200 59828
206.204.11.188 - - [26/Oct/2022:04:09:15 -0500] "GET /kennedy-inaugura-la-tercera-ruta-agroecologica-del-distrito.html HTTP/1.1" 200 844
216.245.221.92 - - [26/Oct/2022:04:10:06 -0500] "HEAD / HTTP/1.1" 200 -
201.245.192.253 - - [26/Oct/2022:04:10:24 -0500] "POST /kwsrmcab/Wsrmcab  HTTP/1.1" 200 43148
64.62.197.114 - - [26/Oct/2022:04:10:57 -0500] "GET / HTTP/1.1" 200 319
66.249.73.170 - - [26/Oct/2022:04:11:33 -0500] "-" 408 -
172.22.2.4 - - [26/Oct/2022:04:11:32 -0500] "HEAD /BLA/boletinlegal/ HTTP/1.1" 200 -
64.62.197.120 - - [26/Oct/2022:04:13:30 -0500] "GET /favicon.ico HTTP/1.1" 200 7782
172.22.2.4 - - [26/Oct/2022:04:12:22 -0500] "GET /BLA/boletinlegal/ HTTP/1.1" 200 59828
216.245.221.92 - - [26/Oct/2022:04:15:06 -0500] "HEAD / HTTP/1.1" 200 -
201.245.192.253 - - [26/Oct/2022:04:15:23 -0500] "POST /kwsrmcab/Wsrmcab  HTTP/1.1" 200 43148
154.55.93.121 - - [26/Oct/2022:04:17:40 -0500] "GET /secretaria-de-ambiente-invita-a-bares-y-gastrobares-a-controlar-los-niveles-de-ruido-sin-descuidar-los-protocolos-de-bioseguridad.html HTTP/1.1" 200 1069
172.22.2.4 - - [26/Oct/2022:04:17:21 -0500] "HEAD /BLA/boletinlegal/ HTTP/1.1" 200 -
172.22.2.4 - - [26/Oct/2022:04:18:12 -0500] "GET /BLA/boletinlegal/ HTTP/1.1" 200 45268
172.22.2.4 - - [26/Oct/2022:04:18:13 -0500] "GET /BLA/boletinlegal/ HTTP/1.1" 200 44471
216.245.221.92 - - [26/Oct/2022:04:20:06 -0500] "HEAD / HTTP/1.1" 200 -
201.245.192.253 - - [26/Oct/2022:04:20:22 -0500] "POST /kwsrmcab/Wsrmcab  HTTP/1.1" 200 43148
66.249.73.167 - - [26/Oct/2022:04:21:37 -0500] "-" 408 -
201.245.192.253 - - [26/Oct/2022:04:22:03 -0500] "POST /kwsrmcab/Wsrmcab HTTP/1.1" 200 43715
201.245.192.253 - - [26/Oct/2022:04:22:06 -0500] "POST /kwsrmcab/Wsrmcab HTTP/1.1" 200 41949
207.46.13.18 - - [26/Oct/2022:04:22:45 -0500] "GET /BLA/resoluciones/RESOLUCIONES%202021/4063.pdf HTTP/1.1" 304 -
172.22.2.4 - - [26/Oct/2022:04:23:11 -0500] "HEAD /BLA/boletinlegal/ HTTP/1.1" 200 -
216.245.221.92 - - [26/Oct/2022:04:25:06 -0500] "HEAD / HTTP/1.1" 200 -
201.245.192.253 - - [26/Oct/2022:04:25:20 -0500] "POST /kwsrmcab/Wsrmcab  HTTP/1.1" 200 43148
172.22.2.4 - - [26/Oct/2022:04:24:02 -0500] "GET /BLA/boletinlegal/ HTTP/1.1" 200 57725
92.118.39.78 - - [26/Oct/2022:04:27:30 -0500] "GET / HTTP/1.1" 200 319
185.119.81.109 - - [26/Oct/2022:04:27:52 -0500] "GET /portaldeninos/wp-login.php HTTP/1.1" 200 2592
185.119.81.109 - - [26/Oct/2022:04:27:53 -0500] "POST /portaldeninos/wp-login.php HTTP/1.1" 200 3650
66.249.73.167 - - [26/Oct/2022:04:28:14 -0500] "-" 408 -
216.245.221.92 - - [26/Oct/2022:04:30:06 -0500] "HEAD / HTTP/1.1" 200 -
114.119.141.51 - - [26/Oct/2022:04:30:19 -0500] "GET /galeria/galeria/fotos/Movilizacion4P.jpg HTTP/1.1" 200 8828
201.245.192.253 - - [26/Oct/2022:04:30:19 -0500] "POST /kwsrmcab/Wsrmcab  HTTP/1.1" 200 43148
172.22.2.4 - - [26/Oct/2022:04:29:01 -0500] "HEAD /BLA/boletinlegal/ HTTP/1.1" 200 -
172.22.2.4 - - [26/Oct/2022:04:29:52 -0500] "GET /BLA/boletinlegal/ HTTP/1.1" 200 56732
201.245.192.253 - - [26/Oct/2022:04:32:02 -0500] "POST /kwsrmcab/Wsrmcab HTTP/1.1" 200 43715
201.245.192.253 - - [26/Oct/2022:04:32:05 -0500] "POST /kwsrmcab/Wsrmcab HTTP/1.1" 200 41949
185.119.81.106 - - [26/Oct/2022:04:32:39 -0500] "GET /portaldeninos/wp-login.php HTTP/1.1" 200 2592
185.119.81.106 - - [26/Oct/2022:04:32:40 -0500] "POST /portaldeninos/wp-login.php HTTP/1.1" 200 3605
207.46.13.79 - - [26/Oct/2022:04:32:45 -0500] "GET /BLA/resoluciones/RESOLUCIONES%202007/RES%202007%201001%20AL%201100/RESOLUCION%201014%20DE%202007.pdf HTTP/1.1" 200 51314
207.46.13.50 - - [26/Oct/2022:04:34:12 -0500] "GET /BLA/resoluciones/RESOLUCIONES%202013/0491.pdf HTTP/1.1" 304 -
216.245.221.92 - - [26/Oct/2022:04:35:06 -0500] "HEAD / HTTP/1.1" 200 -
201.245.192.253 - - [26/Oct/2022:04:35:18 -0500] "POST /kwsrmcab/Wsrmcab  HTTP/1.1" 200 43148
172.22.2.4 - - [26/Oct/2022:04:34:51 -0500] "HEAD /BLA/boletinlegal/ HTTP/1.1" 200 -
172.22.2.4 - - [26/Oct/2022:04:35:42 -0500] "GET /BLA/boletinlegal/ HTTP/1.1" 200 57725
66.249.73.167 - - [26/Oct/2022:04:38:41 -0500] "-" 408 -
216.245.221.92 - - [26/Oct/2022:04:40:06 -0500] "HEAD / HTTP/1.1" 200 -
201.245.192.253 - - [26/Oct/2022:04:40:17 -0500] "POST /kwsrmcab/Wsrmcab  HTTP/1.1" 200 43148
64.124.8.41 - - [26/Oct/2022:04:40:50 -0500] "GET /BLA/boletinlegal/conceptos.php HTTP/1.1" 200 7450
201.245.192.253 - - [26/Oct/2022:04:42:03 -0500] "POST /kwsrmcab/Wsrmcab HTTP/1.1" 200 43715
201.245.192.253 - - [26/Oct/2022:04:42:06 -0500] "POST /kwsrmcab/Wsrmcab HTTP/1.1" 200 41949
172.22.2.4 - - [26/Oct/2022:04:40:41 -0500] "HEAD /BLA/boletinlegal/ HTTP/1.1" 200 -
172.22.2.4 - - [26/Oct/2022:04:42:25 -0500] "GET /BLA/boletinlegal/favicon.ico HTTP/1.1" 404 1038
172.22.2.4 - - [26/Oct/2022:04:41:32 -0500] "GET /BLA/boletinlegal/ HTTP/1.1" 200 57375
66.249.73.167 - - [26/Oct/2022:04:44:51 -0500] "-" 408 -
216.245.221.92 - - [26/Oct/2022:04:45:06 -0500] "HEAD / HTTP/1.1" 200 -
201.245.192.253 - - [26/Oct/2022:04:45:17 -0500] "POST /kwsrmcab/Wsrmcab  HTTP/1.1" 200 43148
64.124.8.41 - - [26/Oct/2022:04:45:25 -0500] "GET /BLA/boletinlegal/actos.php HTTP/1.1" 200 9566
172.22.2.4 - - [26/Oct/2022:04:46:31 -0500] "HEAD /BLA/boletinlegal/ HTTP/1.1" 200 -
172.22.2.4 - - [26/Oct/2022:04:47:22 -0500] "GET /BLA/boletinlegal/ HTTP/1.1" 200 56014
54.242.133.60 - - [26/Oct/2022:04:49:47 -0500] "GET / HTTP/1.1" 200 319
216.245.221.92 - - [26/Oct/2022:04:50:06 -0500] "HEAD / HTTP/1.1" 200 -
201.245.192.253 - - [26/Oct/2022:04:50:16 -0500] "POST /kwsrmcab/Wsrmcab  HTTP/1.1" 200 43148
66.249.73.167 - - [26/Oct/2022:04:51:17 -0500] "-" 408 -
185.119.81.109 - - [26/Oct/2022:04:53:45 -0500] "GET /portaldeninos/wp-login.php HTTP/1.1" 200 2592
185.119.81.109 - - [26/Oct/2022:04:53:46 -0500] "POST /portaldeninos/wp-login.php HTTP/1.1" 200 3650
172.22.2.4 - - [26/Oct/2022:04:52:21 -0500] "HEAD /BLA/boletinlegal/ HTTP/1.1" 200 -
172.22.2.4 - - [26/Oct/2022:04:53:12 -0500] "GET /BLA/boletinlegal/ HTTP/1.1" 200 56014
40.77.167.70 - - [26/Oct/2022:04:54:53 -0500] "GET /se-viene-la-reciclaton-2022-una-oportunidad-para-que-las-empresas-contribuyan-con-el-medioambiente.html HTTP/1.1" 200 960
216.245.221.92 - - [26/Oct/2022:04:55:06 -0500] "HEAD / HTTP/1.1" 200 -
201.245.192.253 - - [26/Oct/2022:04:55:15 -0500] "POST /kwsrmcab/Wsrmcab  HTTP/1.1" 200 43148
172.22.2.4 - - [26/Oct/2022:04:54:18 -0500] "GET /BLA/boletinlegal/ HTTP/1.1" 200 60281
185.119.81.106 - - [26/Oct/2022:04:58:31 -0500] "GET /portaldeninos/wp-login.php HTTP/1.1" 200 2592
185.119.81.106 - - [26/Oct/2022:04:58:32 -0500] "POST /portaldeninos/wp-login.php HTTP/1.1" 200 3670
207.46.13.50 - - [26/Oct/2022:04:59:25 -0500] "GET /BLA/resoluciones/AUTOS%202016/3174.pdf HTTP/1.1" 304 -
66.249.73.167 - - [26/Oct/2022:04:59:30 -0500] "-" 408 -
172.22.2.4 - - [26/Oct/2022:04:58:11 -0500] "HEAD /BLA/boletinlegal/ HTTP/1.1" 200 -
216.245.221.92 - - [26/Oct/2022:05:00:06 -0500] "HEAD / HTTP/1.1" 200 -
201.245.192.253 - - [26/Oct/2022:05:00:14 -0500] "POST /kwsrmcab/Wsrmcab  HTTP/1.1" 200 43148
172.22.2.4 - - [26/Oct/2022:04:59:02 -0500] "GET /BLA/boletinlegal/ HTTP/1.1" 200 59828
194.26.29.31 - - [26/Oct/2022:05:00:45 -0500] "\x03" 400 226
92.118.39.30 - - [26/Oct/2022:05:03:04 -0500] "GET /cgi-bin/ HTTP/1.0" 403 1021
216.245.221.92 - - [26/Oct/2022:05:05:06 -0500] "HEAD / HTTP/1.1" 200 -
201.245.192.253 - - [26/Oct/2022:05:05:12 -0500] "POST /kwsrmcab/Wsrmcab  HTTP/1.1" 200 43148
66.249.73.167 - - [26/Oct/2022:05:05:22 -0500] "-" 408 -
172.22.2.4 - - [26/Oct/2022:05:04:01 -0500] "HEAD /BLA/boletinlegal/ HTTP/1.1" 200 -
207.46.13.84 - - [26/Oct/2022:05:05:56 -0500] "GET /BLA/resoluciones/AUTOS%202021/2173.pdf HTTP/1.1" 304 -
172.22.2.4 - - [26/Oct/2022:05:04:52 -0500] "GET /BLA/boletinlegal/ HTTP/1.1" 200 59319
185.119.81.97 - - [26/Oct/2022:05:07:58 -0500] "GET /portaldeninos/wp-login.php HTTP/1.1" 200 2592
185.119.81.97 - - [26/Oct/2022:05:07:59 -0500] "POST /portaldeninos/wp-login.php HTTP/1.1" 200 3605
216.245.221.92 - - [26/Oct/2022:05:10:06 -0500] "HEAD / HTTP/1.1" 200 -
201.245.192.253 - - [26/Oct/2022:05:10:11 -0500] "POST /kwsrmcab/Wsrmcab  HTTP/1.1" 200 43148
172.22.2.4 - - [26/Oct/2022:05:09:51 -0500] "HEAD /BLA/boletinlegal/ HTTP/1.1" 200 -
172.22.2.4 - - [26/Oct/2022:05:10:42 -0500] "GET /BLA/boletinlegal/ HTTP/1.1" 200 59319
172.22.2.4 - - [26/Oct/2022:05:12:48 -0500] "GET /BLA/boletinlegal/owa/auth/logon.aspx?url=https%3a%2f%2f1%2fecp%2f HTTP/1.1" 404 1018
216.245.221.92 - - [26/Oct/2022:05:15:06 -0500] "HEAD / HTTP/1.1" 200 -
201.245.192.253 - - [26/Oct/2022:05:15:10 -0500] "POST /kwsrmcab/Wsrmcab  HTTP/1.1" 200 43148
66.249.73.167 - - [26/Oct/2022:05:15:41 -0500] "-" 408 -
64.124.8.41 - - [26/Oct/2022:05:16:36 -0500] "GET /BLA/boletinlegal/normativa.php HTTP/1.1" 200 8333
172.22.2.4 - - [26/Oct/2022:05:15:41 -0500] "HEAD /BLA/boletinlegal/ HTTP/1.1" 200 -
172.22.2.4 - - [26/Oct/2022:05:16:32 -0500] "GET /BLA/boletinlegal/ HTTP/1.1" 200 57725
172.22.2.4 - - [26/Oct/2022:05:19:14 -0500] "GET /BLA/boletinlegal/robots.txt HTTP/1.1" 404 1140
216.245.221.92 - - [26/Oct/2022:05:20:06 -0500] "HEAD / HTTP/1.1" 200 -
201.245.192.253 - - [26/Oct/2022:05:20:08 -0500] "POST /kwsrmcab/Wsrmcab  HTTP/1.1" 200 43148
64.124.8.41 - - [26/Oct/2022:05:20:58 -0500] "GET /BLA/boletinlegal/documentos-importantes.php HTTP/1.1" 200 4829
201.245.192.253 - - [26/Oct/2022:05:22:02 -0500] "POST /kwsrmcab/Wsrmcab HTTP/1.1" 200 43566
201.245.192.253 - - [26/Oct/2022:05:22:05 -0500] "GET /kwsrmcab/Wsrmcab?wsdl HTTP/1.1" 200 6948
201.245.192.253 - - [26/Oct/2022:05:22:05 -0500] "POST /kwsrmcab/Wsrmcab HTTP/1.1" 200 41973
172.22.2.4 - - [26/Oct/2022:05:23:01 -0500] "GET /BLA/boletinlegal/robots.txt HTTP/1.1" 404 1037
172.22.2.4 - - [26/Oct/2022:05:23:02 -0500] "GET /BLA/boletinlegal/robots.txt HTTP/1.1" 404 1037
172.22.2.4 - - [26/Oct/2022:05:21:31 -0500] "HEAD /BLA/boletinlegal/ HTTP/1.1" 200 -
64.124.8.41 - - [26/Oct/2022:05:23:22 -0500] "GET /BLA/boletinlegal/doctrina.php HTTP/1.1" 200 5604
193.142.146.35 - - [26/Oct/2022:05:23:51 -0500] "GET / HTTP/1.1" 200 319
193.142.146.35 - - [26/Oct/2022:05:23:51 -0500] "POST /HNAP1/ HTTP/1.1" 404 1018
172.22.2.4 - - [26/Oct/2022:05:22:22 -0500] "GET /BLA/boletinlegal/ HTTP/1.1" 200 54823
172.22.2.4 - - [26/Oct/2022:05:23:11 -0500] "GET /BLA/boletinlegal/ HTTP/1.1" 200 59319
216.245.221.92 - - [26/Oct/2022:05:25:06 -0500] "HEAD / HTTP/1.1" 200 -
201.245.192.253 - - [26/Oct/2022:05:25:07 -0500] "POST /kwsrmcab/Wsrmcab  HTTP/1.1" 200 43148
172.22.2.4 - - [26/Oct/2022:05:27:21 -0500] "HEAD /BLA/boletinlegal/ HTTP/1.1" 200 -
65.21.228.167 - - [26/Oct/2022:05:29:49 -0500] "GET /BLA/resoluciones/AUTOS%202013/2331.pdf HTTP/1.1" 200 1450781
172.22.2.4 - - [26/Oct/2022:05:28:11 -0500] "GET /BLA/boletinlegal/ HTTP/1.1" 200 57725
216.245.221.92 - - [26/Oct/2022:05:30:06 -0500] "HEAD / HTTP/1.1" 200 -
201.245.192.253 - - [26/Oct/2022:05:30:07 -0500] "POST /kwsrmcab/Wsrmcab  HTTP/1.1" 200 43148
201.245.192.253 - - [26/Oct/2022:05:32:02 -0500] "POST /kwsrmcab/Wsrmcab HTTP/1.1" 200 43566
201.245.192.253 - - [26/Oct/2022:05:32:05 -0500] "POST /kwsrmcab/Wsrmcab HTTP/1.1" 200 41973
66.249.73.173 - - [26/Oct/2022:05:32:59 -0500] "-" 408 -
207.46.13.18 - - [26/Oct/2022:05:34:40 -0500] "GET /BLA/resoluciones/RESOLUCIONES%202021/3385.pdf HTTP/1.1" 304 -
172.22.2.4 - - [26/Oct/2022:05:33:11 -0500] "HEAD /BLA/boletinlegal/ HTTP/1.1" 200 -
216.245.221.92 - - [26/Oct/2022:05:35:06 -0500] "HEAD / HTTP/1.1" 200 -
201.245.192.253 - - [26/Oct/2022:05:35:05 -0500] "POST /kwsrmcab/Wsrmcab  HTTP/1.1" 200 43148
172.22.2.4 - - [26/Oct/2022:05:34:02 -0500] "GET /BLA/boletinlegal/ HTTP/1.1" 200 59319
207.46.13.209 - - [26/Oct/2022:05:36:26 -0500] "GET /portaldeninos/2021/05/08/2032/ HTTP/1.1" 200 106197
40.77.167.50 - - [26/Oct/2022:05:36:42 -0500] "GET /portaldeninos/wp-includes/js/comment-reply.min.js?ver=4.9.8 HTTP/1.1" 200 1078
40.77.167.50 - - [26/Oct/2022:05:36:42 -0500] "GET /portaldeninos/wp-includes/js/jquery/jquery-migrate.min.js?ver=1.4.1 HTTP/1.1" 200 10056
207.46.13.209 - - [26/Oct/2022:05:36:47 -0500] "GET /portaldeninos/wp-content/themes/betheme/assets/ui/jquery.ui.all.css?ver=20.9.6 HTTP/1.1" 200 18765
207.46.13.209 - - [26/Oct/2022:05:36:47 -0500] "GET /portaldeninos/wp-content/themes/betheme/css/layout.css?ver=20.9.6 HTTP/1.1" 200 116639
40.77.167.69 - - [26/Oct/2022:05:36:51 -0500] "GET /portaldeninos/wp-content/themes/betheme/fonts/mfn-icons.ttf?93978679 HTTP/1.1" 200 124684
66.249.73.167 - - [26/Oct/2022:05:39:34 -0500] "-" 408 -
216.245.221.92 - - [26/Oct/2022:05:40:06 -0500] "HEAD / HTTP/1.1" 200 -
201.245.192.253 - - [26/Oct/2022:05:40:05 -0500] "POST /kwsrmcab/Wsrmcab  HTTP/1.1" 200 43148
172.22.2.4 - - [26/Oct/2022:05:39:01 -0500] "HEAD /BLA/boletinlegal/ HTTP/1.1" 200 -
172.22.2.4 - - [26/Oct/2022:05:39:52 -0500] "GET /BLA/boletinlegal/ HTTP/1.1" 200 59828
201.245.192.253 - - [26/Oct/2022:05:42:02 -0500] "POST /kwsrmcab/Wsrmcab HTTP/1.1" 200 43566
201.245.192.253 - - [26/Oct/2022:05:42:05 -0500] "POST /kwsrmcab/Wsrmcab HTTP/1.1" 200 41973
64.124.8.34 - - [26/Oct/2022:05:43:13 -0500] "GET /portaldeninos/ HTTP/1.1" 200 110197
201.245.192.253 - - [26/Oct/2022:05:45:04 -0500] "POST /kwsrmcab/Wsrmcab  HTTP/1.1" 200 43148
216.245.221.92 - - [26/Oct/2022:05:45:06 -0500] "HEAD / HTTP/1.1" 200 -
64.124.8.53 - - [26/Oct/2022:05:45:38 -0500] "GET /galeria/nivo-slider/demo/images/bannerincendiosweb.j HTTP/1.1" 404 1018
172.22.2.4 - - [26/Oct/2022:05:44:51 -0500] "HEAD /BLA/boletinlegal/ HTTP/1.1" 200 -
172.22.2.4 - - [26/Oct/2022:05:45:42 -0500] "GET /BLA/boletinlegal/ HTTP/1.1" 200 59828
66.249.73.167 - - [26/Oct/2022:05:48:32 -0500] "-" 408 -
201.245.192.253 - - [26/Oct/2022:05:50:02 -0500] "POST /kwsrmcab/Wsrmcab  HTTP/1.1" 200 43148
216.245.221.92 - - [26/Oct/2022:05:50:06 -0500] "HEAD / HTTP/1.1" 200 -
65.49.20.81 - - [26/Oct/2022:05:51:57 -0500] "GET /favicon.ico HTTP/1.1" 200 7782
60.191.125.35 - - [26/Oct/2022:05:51:59 -0500] "HEAD http://112.124.42.80:63435/ HTTP/1.1" 200 -
172.22.2.4 - - [26/Oct/2022:05:50:41 -0500] "HEAD /BLA/boletinlegal/ HTTP/1.1" 200 -
40.77.190.216 - - [26/Oct/2022:05:52:40 -0500] "GET /portaldeninos/wp-content/themes/betheme/fonts/mfn-icons.woff?93978679 HTTP/1.1" 200 80932
172.22.2.4 - - [26/Oct/2022:05:51:31 -0500] "GET /BLA/boletinlegal/ HTTP/1.1" 200 57375
207.46.13.10 - - [26/Oct/2022:05:54:34 -0500] "GET /catalogoisis/ HTTP/1.1" 200 8575
201.245.192.253 - - [26/Oct/2022:05:55:02 -0500] "POST /kwsrmcab/Wsrmcab  HTTP/1.1" 200 43148
216.245.221.92 - - [26/Oct/2022:05:55:06 -0500] "HEAD / HTTP/1.1" 200 -
64.124.8.41 - - [26/Oct/2022:05:55:19 -0500] "GET /BLA/boletinlegal/norma_menu.php HTTP/1.1" 200 6318
172.22.2.4 - - [26/Oct/2022:05:56:31 -0500] "HEAD /BLA/boletinlegal/ HTTP/1.1" 200 -
173.252.127.2 - - [26/Oct/2022:05:58:39 -0500] "GET /images/mercados-campesinos-5-mayo.jpg HTTP/1.1" 200 95848
172.22.2.4 - - [26/Oct/2022:05:57:21 -0500] "GET /BLA/boletinlegal/ HTTP/1.1" 200 59828
201.245.192.253 - - [26/Oct/2022:06:00:01 -0500] "POST /kwsrmcab/Wsrmcab  HTTP/1.1" 200 43148
216.245.221.92 - - [26/Oct/2022:06:00:06 -0500] "HEAD / HTTP/1.1" 200 -
172.22.2.4 - - [26/Oct/2022:06:03:47 -0500] "GET /BLA/boletinlegal/actos.php HTTP/1.1" 200 9566
172.22.2.4 - - [26/Oct/2022:06:02:21 -0500] "HEAD /BLA/boletinlegal/ HTTP/1.1" 200 -
64.124.8.41 - - [26/Oct/2022:06:03:28 -0500] "GET /BLA/boletinlegal/index.php HTTP/1.1" 200 20427
172.22.2.4 - - [26/Oct/2022:06:03:11 -0500] "GET /BLA/boletinlegal/ HTTP/1.1" 200 56014
201.245.192.253 - - [26/Oct/2022:06:05:00 -0500] "POST /kwsrmcab/Wsrmcab  HTTP/1.1" 200 43148
216.245.221.92 - - [26/Oct/2022:06:05:06 -0500] "HEAD / HTTP/1.1" 200 -
190.52.136.43 - - [26/Oct/2022:06:07:48 -0500] "GET /galeria/galeria/jquery.fancybox.css?v=2.1.5 HTTP/1.1" 200 4895
190.52.136.43 - - [26/Oct/2022:06:07:59 -0500] "GET /BLA/boletinlegal/js/jquery.scrollShow.js HTTP/1.1" 200 4586
190.52.136.43 - - [26/Oct/2022:06:07:59 -0500] "GET /galeria/galeria/jquery.fancybox.js?v=2.1.5 HTTP/1.1" 200 48706
172.22.2.4 - - [26/Oct/2022:06:08:11 -0500] "HEAD /BLA/boletinlegal/ HTTP/1.1" 200 -
201.245.192.253 - - [26/Oct/2022:06:10:00 -0500] "POST /kwsrmcab/Wsrmcab  HTTP/1.1" 200 43148
216.245.221.92 - - [26/Oct/2022:06:10:06 -0500] "HEAD / HTTP/1.1" 200 -
172.22.2.4 - - [26/Oct/2022:06:09:01 -0500] "GET /BLA/boletinlegal/ HTTP/1.1" 200 57725
185.119.81.109 - - [26/Oct/2022:06:14:14 -0500] "GET /portaldeninos/wp-login.php HTTP/1.1" 200 2592
185.119.81.109 - - [26/Oct/2022:06:14:15 -0500] "POST /portaldeninos/wp-login.php HTTP/1.1" 200 3670
201.245.192.253 - - [26/Oct/2022:06:14:58 -0500] "POST /kwsrmcab/Wsrmcab  HTTP/1.1" 200 43148
216.245.221.92 - - [26/Oct/2022:06:15:06 -0500] "HEAD / HTTP/1.1" 200 -
172.22.2.4 - - [26/Oct/2022:06:14:01 -0500] "HEAD /BLA/boletinlegal/ HTTP/1.1" 200 -
172.22.2.4 - - [26/Oct/2022:06:14:51 -0500] "GET /BLA/boletinlegal/ HTTP/1.1" 200 59319
64.124.8.41 - - [26/Oct/2022:06:18:04 -0500] "GET /BLA/boletinlegal/jurisprudencia.php HTTP/1.1" 200 17573
201.245.192.253 - - [26/Oct/2022:06:19:57 -0500] "POST /kwsrmcab/Wsrmcab  HTTP/1.1" 200 43148
216.245.221.92 - - [26/Oct/2022:06:20:06 -0500] "HEAD / HTTP/1.1" 200 -
64.124.8.41 - - [26/Oct/2022:06:20:40 -0500] "-" 408 -
172.22.2.4 - - [26/Oct/2022:06:19:51 -0500] "HEAD /BLA/boletinlegal/ HTTP/1.1" 200 -
64.124.8.41 - - [26/Oct/2022:06:22:01 -0500] "-" 408 -
201.245.192.253 - - [26/Oct/2022:06:22:02 -0500] "POST /kwsrmcab/Wsrmcab HTTP/1.1" 200 43429
201.245.192.253 - - [26/Oct/2022:06:22:05 -0500] "POST /kwsrmcab/Wsrmcab HTTP/1.1" 200 42129
64.124.8.41 - - [26/Oct/2022:06:22:11 -0500] "-" 408 -
172.22.2.4 - - [26/Oct/2022:06:20:41 -0500] "GET /BLA/boletinlegal/ HTTP/1.1" 200 57375
201.245.192.253 - - [26/Oct/2022:06:24:55 -0500] "POST /kwsrmcab/Wsrmcab  HTTP/1.1" 200 43148
216.245.221.92 - - [26/Oct/2022:06:25:06 -0500] "HEAD / HTTP/1.1" 200 -
64.124.8.41 - - [26/Oct/2022:06:25:16 -0500] "-" 408 -
172.22.2.4 - - [26/Oct/2022:06:25:41 -0500] "HEAD /BLA/boletinlegal/ HTTP/1.1" 200 -
40.77.167.70 - - [26/Oct/2022:06:27:32 -0500] "GET /portaldeninos/aula-ambiental-artistica-itinerante-auambari/ HTTP/1.1" 200 89306
172.22.2.4 - - [26/Oct/2022:06:26:31 -0500] "GET /BLA/boletinlegal/ HTTP/1.1" 200 59319
201.245.192.253 - - [26/Oct/2022:06:29:54 -0500] "POST /kwsrmcab/Wsrmcab  HTTP/1.1" 200 43148
216.245.221.92 - - [26/Oct/2022:06:30:06 -0500] "HEAD / HTTP/1.1" 200 -
77.88.5.232 - - [26/Oct/2022:06:31:25 -0500] "-" 408 -
93.158.161.5 - - [26/Oct/2022:06:31:31 -0500] "-" 408 -
181.53.14.142 - - [26/Oct/2022:06:31:31 -0500] "GET /kwssiamovil/sm/ldap/au?x=U2FsdGVkX1+n+VFZNtC+QVy47LPAvCvzwzI53FbF29wMEuFjyqHqHoqN/T/Kv6+X&y=U2FsdGVkX1/5nqLyAy/2LTsPtJ7K1XfgTu+DXut3RsTB9JZdaRIh4ojMXRDLQmf4 HTTP/1.1" 200 30
181.53.14.142 - - [26/Oct/2022:06:31:31 -0500] "GET /kwssiamovil/sm/acme/s?s=U2FsdGVkX18OaN9yUVCOF2djBg3i6MnYZLhGjVUrPgkA76GMFfR4c4sWkoRBhRczq/eoYHW5djcOJxSzO5V0o/e1D4Z5X2NgJAEtCcEtGOE=&u=U2FsdGVkX19thS1tUOnslUXFTd3XkCivVFXqlMMECnJvHi985gLWbcUfeJiEcDml&y=U2FsdGVkX1/5nqLyAy/2LTsPtJ7K1XfgTu+DXut3RsTB9JZdaRIh4ojMXRDLQmf4 HTTP/1.1" 200 97
181.53.14.142 - - [26/Oct/2022:06:31:32 -0500] "GET /kwssiamovil/sm/acme/s?s=U2FsdGVkX1856oGG7QnyvPsfR0p5RUMlBWTcYtFVSTMXkGNX9D5fIbHi1aEGkUPN9W4BebRdW2q1xONQCv3aO/L+xAPYD+py83nauT3DaZ/mrXzbFTn9KJMai4SkWn37yQoUCFCqZ9vZ0KCvSBSWuvh1ORtYhQ9uILqO6tC1DUZ+4yoSZm9vEJve6M/O4OuxWoAtaD/DaoE2DuqEZS2vBP7wBJXnUwz2YveOL/MuhEG5QrrwN+Bl03eyZPQiO0fmPAWEM3+Ucz82eY+1LoIpqabdFCpgQ1HI8EF1Auc6k0JgrTxH+mwhUuKzQMXgsM5NFePxuV2kzj1kyj1ntf5Y5m7mBbN39ItPdj1U2aikU+Cuoc+qTQl/CsYLGcfOf8Z3jbv7xaNHMGvY4t4BzZiqjgiaus05py84CDdvcN1rSzG6VVviDLvjzgBrtvmekB4cy7Cs69nujF4V1hoS167UcMzd/kROMiTdqXuXzELrePpJS4M0rH2UsPdmi1RX/LqGJSu02NG0fXQMzVSJ+MVMUWISkUwSP7M9SAEH+0QdC0W8q8VBoxsnrSelyutJd2Hq3xDV5Ld8cdfBj1Qdihz4gMwvU1ctbh3YuIuzq5NiNYMTCWertJI4HKtJrPPK6Vo8yHljbZB3eLOUVzwN8R41BRyw+cVITk6Q1hDUVcwWwtuv3Hil8dCW5oJk2lkBdz8jcA1UougidHXIL4lklcbAdbZDlJ1pDDNCP13rwaajIPtsqMzCJMhzhmdeHEBak/RO12qpvCocx5AlohnEE4d81pLI5WrGi1AV3U0tbzWSHieOoRlpfrSuPGSQR9l7up+9YbXLv8uRG9OGpcxQCEkKpc4b4S/uQHl+dLeRhtDKpS4BsG3zZ0uFAHKQNdLBuStgNPlDT16uGtdRDYVDpknGrx3NU1Hi/vsP50bBlemvmsvPuosAFZqV+xkwWA6HRavwilqiNspTR9IwW2W938cFzUGsl+V9eTV77RMhZR/k4CTErVekILAhtxabgefG94ySSRGK+1mQi1sZNk+SHirEia4pRcgup8EiZJnDhiLjAKx+Lqsc2fdf3omeNCX6VpywX6VvH7t75AzDyDGH/efmmdiBQTGd4S0t4WoUEE60kP0HgETzxTHMNYEWfWbQDJhctQdv9LIH8kOOuwZCez+KSrySZkU6uYUiM9lE1nmdikJrdcNa8VDOyzlONl+t5G4j2t6hIK1Ujl9SDuuscxOg68Oj1D2M9d/tIu5uLTIZFcpBT0yJMWcLVLaVEd5Hq6rJ4lzMAugk1ifUrcFEJrFx4bLExea9O2mkPjMibasZ6BfoSFGaSeWElMNyk5NYjh+XcxiEly8vKP0y4i/A0ybOS+QU8gRoHpNpogfr0ITJieLRWV7wyy3Hrm407omf8dz7bdqN6KRB5x6BBrNo+w+Y3NJPt+afIb9bh8fxDJFtVaI=&u=U2FsdGVkX19thS1tUOnslUXFTd3XkCivVFXqlMMECnJvHi985gLWbcUfeJiEcDml&y=U2FsdGVkX1/5nqLyAy/2LTsPtJ7K1XfgTu+DXut3RsTB9JZdaRIh4ojMXRDLQmf4 HTTP/1.1" 200 584
181.53.14.142 - - [26/Oct/2022:06:31:32 -0500] "GET /kwssiamovil/sm/acme/s?s=U2FsdGVkX1+2FVGd7RCukNI6kCk54mBYlRGflsVWQazTkIyNYaZCkSeokm+Oqo3QFr5LOBeVVyv8Gs+JIJ68wLY0masq4Or1FS65W/z+pl4jd4N7Aakz3yXUZF37gLeZ27YELWONK9SKSf/HOWQdTF4K8jpxkTYC3svkpDxWWbk2RMAGeFSc6HCbMLZ9PmFoCMulDhAPS2zXWCFtr7ShwLP0Kc767m6BP7ecYaA73Yu8xXsZchuR/lCObRbl0cS34DH9bia3YrMD2BLyf0c6XWBaTHVrVpradX5gJ08CR/ZFFOCuAanUK74kNXD3oNKJzGlOQS44VExwj98TBw0ZSZznS4MelDTx9VJX6kTjmLk=&u=U2FsdGVkX19thS1tUOnslUXFTd3XkCivVFXqlMMECnJvHi985gLWbcUfeJiEcDml&y=U2FsdGVkX1/5nqLyAy/2LTsPtJ7K1XfgTu+DXut3RsTB9JZdaRIh4ojMXRDLQmf4 HTTP/1.1" 200 196
181.53.14.142 - - [26/Oct/2022:06:31:32 -0500] "GET /kwssiamovil/sm/cjson/pre?f=1&x=U2FsdGVkX1+n+VFZNtC+QVy47LPAvCvzwzI53FbF29wMEuFjyqHqHoqN/T/Kv6+X HTTP/1.1" 200 30992
77.88.5.47 - - [26/Oct/2022:06:31:36 -0500] "-" 408 -
93.158.161.54 - - [26/Oct/2022:06:31:41 -0500] "-" 408 -
77.88.5.34 - - [26/Oct/2022:06:31:56 -0500] "-" 408 -
201.245.192.253 - - [26/Oct/2022:06:32:02 -0500] "POST /kwsrmcab/Wsrmcab HTTP/1.1" 200 43429
201.245.192.253 - - [26/Oct/2022:06:32:05 -0500] "POST /kwsrmcab/Wsrmcab HTTP/1.1" 200 42129
93.158.161.56 - - [26/Oct/2022:06:32:16 -0500] "-" 408 -
77.88.5.85 - - [26/Oct/2022:06:32:45 -0500] "-" 408 -
172.22.2.4 - - [26/Oct/2022:06:31:31 -0500] "HEAD /BLA/boletinlegal/ HTTP/1.1" 200 -
93.158.161.58 - - [26/Oct/2022:06:33:46 -0500] "-" 408 -
172.22.2.4 - - [26/Oct/2022:06:32:21 -0500] "GET /BLA/boletinlegal/ HTTP/1.1" 200 54823
185.119.81.106 - - [26/Oct/2022:06:34:02 -0500] "GET /portaldeninos/wp-login.php HTTP/1.1" 200 2592
185.119.81.106 - - [26/Oct/2022:06:34:04 -0500] "POST /portaldeninos/wp-login.php HTTP/1.1" 200 3670
201.245.192.253 - - [26/Oct/2022:06:34:53 -0500] "POST /kwsrmcab/Wsrmcab  HTTP/1.1" 200 43148
216.245.221.92 - - [26/Oct/2022:06:35:06 -0500] "HEAD / HTTP/1.1" 200 -
66.249.73.173 - - [26/Oct/2022:06:35:59 -0500] "-" 408 -
172.22.2.4 - - [26/Oct/2022:06:37:21 -0500] "HEAD /BLA/boletinlegal/ HTTP/1.1" 200 -
172.22.2.4 - - [26/Oct/2022:06:38:11 -0500] "GET /BLA/boletinlegal/ HTTP/1.1" 200 57725
201.245.192.253 - - [26/Oct/2022:06:39:52 -0500] "POST /kwsrmcab/Wsrmcab  HTTP/1.1" 200 43148
216.245.221.92 - - [26/Oct/2022:06:40:06 -0500] "HEAD / HTTP/1.1" 200 -
201.245.192.253 - - [26/Oct/2022:06:42:02 -0500] "POST /kwsrmcab/Wsrmcab HTTP/1.1" 200 43429
201.245.192.253 - - [26/Oct/2022:06:42:05 -0500] "POST /kwsrmcab/Wsrmcab HTTP/1.1" 200 42129
172.22.2.4 - - [26/Oct/2022:06:43:11 -0500] "HEAD /BLA/boletinlegal/ HTTP/1.1" 200 -
201.245.192.253 - - [26/Oct/2022:06:44:51 -0500] "POST /kwsrmcab/Wsrmcab  HTTP/1.1" 200 43148
216.245.221.92 - - [26/Oct/2022:06:45:06 -0500] "HEAD / HTTP/1.1" 200 -
172.22.2.4 - - [26/Oct/2022:06:44:01 -0500] "GET /BLA/boletinlegal/ HTTP/1.1" 200 55630
185.119.81.97 - - [26/Oct/2022:06:45:58 -0500] "GET /portaldeninos/wp-login.php HTTP/1.1" 200 2592
185.119.81.97 - - [26/Oct/2022:06:45:59 -0500] "POST /portaldeninos/wp-login.php HTTP/1.1" 200 3670
4.16.142.230 - - [26/Oct/2022:06:49:06 -0500] "GET /.env HTTP/1.1" 404 1018
4.16.142.230 - - [26/Oct/2022:06:49:06 -0500] "POST / HTTP/1.1" 200 319
201.245.192.253 - - [26/Oct/2022:06:49:50 -0500] "POST /kwsrmcab/Wsrmcab  HTTP/1.1" 200 43148
216.245.221.92 - - [26/Oct/2022:06:50:06 -0500] "HEAD / HTTP/1.1" 200 -
172.22.2.4 - - [26/Oct/2022:06:49:01 -0500] "HEAD /BLA/boletinlegal/ HTTP/1.1" 200 -
172.22.2.4 - - [26/Oct/2022:06:49:51 -0500] "GET /BLA/boletinlegal/ HTTP/1.1" 200 57725
201.245.192.253 - - [26/Oct/2022:06:54:49 -0500] "POST /kwsrmcab/Wsrmcab  HTTP/1.1" 200 43148
216.245.221.92 - - [26/Oct/2022:06:55:06 -0500] "HEAD / HTTP/1.1" 200 -
207.46.13.89 - - [26/Oct/2022:06:56:14 -0500] "GET /sipse/faces/autenticacion.xhtml HTTP/1.1" 200 12506
207.46.13.89 - - [26/Oct/2022:06:56:24 -0500] "GET /sipse/css/custom_css_sg.css HTTP/1.1" 200 9694
207.46.13.84 - - [26/Oct/2022:06:56:26 -0500] "GET /sipse/js/disable_browser_buttons.js HTTP/1.1" 200 3230
64.124.8.41 - - [26/Oct/2022:06:56:26 -0500] "-" 408 -
207.46.13.79 - - [26/Oct/2022:06:56:29 -0500] "GET /sipse/css/custom_css_sg_prime_login.css HTTP/1.1" 200 443
207.46.13.50 - - [26/Oct/2022:06:56:29 -0500] "GET /sipse/faces/javax.faces.resource/jquery/jquery-plugins.js;jsessionid=3AVWyS1rAr-DtSRhsKuqe9CD.undefined?ln=primefaces&v=4.0 HTTP/1.1" 200 220526
207.46.13.50 - - [26/Oct/2022:06:56:30 -0500] "GET /sipse/faces/javax.faces.resource/jquery/jquery.js;jsessionid=3AVWyS1rAr-DtSRhsKuqe9CD.undefined?ln=primefaces&v=4.0 HTTP/1.1" 200 105384
172.22.2.4 - - [26/Oct/2022:06:54:51 -0500] "HEAD /BLA/boletinlegal/ HTTP/1.1" 200 -
207.46.13.10 - - [26/Oct/2022:06:56:34 -0500] "GET /sipse/js/funciones.js HTTP/1.1" 200 12592
190.27.165.204 - - [26/Oct/2022:06:57:14 -0500] "GET /sipse/faces/faces/faces/faces/faces/faces/autenticacion.xhtml HTTP/1.1" 200 12506
190.27.165.204 - - [26/Oct/2022:06:57:14 -0500] "GET /sipse/faces/javax.faces.resource/images/ui-icons_898989_256x240.png?ln=primefaces-aristo HTTP/1.1" 200 5355
190.27.165.204 - - [26/Oct/2022:06:57:14 -0500] "GET /sipse/css/imagen/logoSDG.png HTTP/1.1" 200 12170
190.27.165.204 - - [26/Oct/2022:06:57:14 -0500] "GET /sipse/faces/faces/faces/faces/faces/faces/index.xhtml HTTP/1.1" 200 677
190.27.165.204 - - [26/Oct/2022:06:57:14 -0500] "GET /sipse/css/imagen/loginimg.png HTTP/1.1" 200 12170
190.27.165.204 - - [26/Oct/2022:06:57:15 -0500] "GET /sipse/faces/javax.faces.resource/theme.css?ln=primefaces-sipse HTTP/1.1" 304 -
190.27.165.204 - - [26/Oct/2022:06:57:16 -0500] "GET /sipse/js/disable_browser_buttons.js HTTP/1.1" 304 -
190.27.165.204 - - [26/Oct/2022:06:57:16 -0500] "GET /sipse/js/funciones.js HTTP/1.1" 304 -
190.27.165.204 - - [26/Oct/2022:06:57:16 -0500] "GET /sipse/faces/faces/faces/faces/faces/faces/faces/autenticacion.xhtml HTTP/1.1" 200 12184
190.27.165.204 - - [26/Oct/2022:06:57:16 -0500] "GET /sipse/css/custom_css_sg.css HTTP/1.1" 304 -
190.27.165.204 - - [26/Oct/2022:06:57:16 -0500] "GET /sipse/css/custom_css_sg_prime_login.css HTTP/1.1" 304 -
190.27.165.204 - - [26/Oct/2022:06:57:16 -0500] "GET /sipse/faces/javax.faces.resource/theme.css?ln=primefaces-sipse HTTP/1.1" 304 -
190.27.165.204 - - [26/Oct/2022:06:57:16 -0500] "GET /sipse/faces/javax.faces.resource/layout/layout.css?ln=primefaces&v=4.0 HTTP/1.1" 304 -
190.27.165.204 - - [26/Oct/2022:06:57:16 -0500] "GET /sipse/faces/javax.faces.resource/jquery/jquery-plugins.js?ln=primefaces&v=4.0 HTTP/1.1" 304 -
190.27.165.204 - - [26/Oct/2022:06:57:16 -0500] "GET /sipse/faces/javax.faces.resource/jquery/jquery.js?ln=primefaces&v=4.0 HTTP/1.1" 304 -
190.27.165.204 - - [26/Oct/2022:06:57:16 -0500] "GET /sipse/faces/javax.faces.resource/primefaces.js?ln=primefaces&v=4.0 HTTP/1.1" 304 -
190.27.165.204 - - [26/Oct/2022:06:57:16 -0500] "GET /sipse/faces/javax.faces.resource/layout/layout.js?ln=primefaces&v=4.0 HTTP/1.1" 304 -
190.27.165.204 - - [26/Oct/2022:06:57:16 -0500] "GET /sipse/faces/javax.faces.resource/primefaces.css?ln=primefaces&v=4.0 HTTP/1.1" 304 -
190.27.165.204 - - [26/Oct/2022:06:57:16 -0500] "GET /sipse/css/imagen/logoSDG.png HTTP/1.1" 304 -
190.27.165.204 - - [26/Oct/2022:06:57:16 -0500] "GET /sipse/css/imagen/loginimg.png HTTP/1.1" 304 -
190.27.165.204 - - [26/Oct/2022:06:57:16 -0500] "GET /sipse/faces/javax.faces.resource/images/ui-icons_898989_256x240.png?ln=primefaces-aristo HTTP/1.1" 304 -
172.22.2.4 - - [26/Oct/2022:06:55:41 -0500] "GET /BLA/boletinlegal/ HTTP/1.1" 200 59319
190.27.165.204 - - [26/Oct/2022:06:57:25 -0500] "POST /sipse/faces/autenticacion.xhtml HTTP/1.1" 200 2220
190.27.165.204 - - [26/Oct/2022:06:57:26 -0500] "GET /sipse/faces/javax.faces.resource/messages/messages.png?ln=primefaces&v=4.0 HTTP/1.1" 200 27209
190.27.165.204 - - [26/Oct/2022:06:57:27 -0500] "POST /sipse/faces/autenticacion.xhtml HTTP/1.1" 200 16267
190.27.165.204 - - [26/Oct/2022:06:57:27 -0500] "GET /sipse/js/jquery.min.js HTTP/1.1" 304 -
190.27.165.204 - - [26/Oct/2022:06:57:27 -0500] "GET /sipse/css/custom_css_sg_prime.css HTTP/1.1" 200 5201
190.27.165.204 - - [26/Oct/2022:06:57:27 -0500] "GET /sipse/faces/javax.faces.resource/jquery/jquery.js?ln=primefaces&v=4.0 HTTP/1.1" 304 -
190.27.165.204 - - [26/Oct/2022:06:57:27 -0500] "GET /sipse/faces/javax.faces.resource/jquery/jquery-plugins.js?ln=primefaces&v=4.0 HTTP/1.1" 304 -
190.27.165.204 - - [26/Oct/2022:06:57:28 -0500] "GET /sipse/faces/javax.faces.resource/primefaces.js?ln=primefaces&v=4.0 HTTP/1.1" 304 -
190.27.165.204 - - [26/Oct/2022:06:57:28 -0500] "GET /sipse/faces/javax.faces.resource/layout/layout.js?ln=primefaces&v=4.0 HTTP/1.1" 304 -
190.27.165.204 - - [26/Oct/2022:06:57:28 -0500] "GET /sipse/imagenes/cargando.gif HTTP/1.1" 304 -
190.27.165.204 - - [26/Oct/2022:06:57:28 -0500] "GET /sipse/imagenes/logoAplicacion.jpg HTTP/1.1" 304 -
190.27.165.204 - - [26/Oct/2022:06:57:28 -0500] "GET /sipse/css/imagen/contrasena.png HTTP/1.1" 404 383
190.27.165.204 - - [26/Oct/2022:06:57:32 -0500] "GET /sipse/faces/javax.faces.resource/images/ui-bg_flat_0_2d5972_40x100.png?ln=primefaces-aristo HTTP/1.1" 304 -
190.27.165.204 - - [26/Oct/2022:06:57:32 -0500] "POST /sipse/faces/bienvenido.xhtml HTTP/1.1" 200 2658
190.27.165.204 - - [26/Oct/2022:06:57:33 -0500] "POST /sipse/faces/bienvenido.xhtml HTTP/1.1" 200 65401
190.27.165.204 - - [26/Oct/2022:06:57:34 -0500] "GET /sipse/faces/javax.faces.resource/jquery/jquery.js?ln=primefaces&v=4.0 HTTP/1.1" 304 -
190.27.165.204 - - [26/Oct/2022:06:57:34 -0500] "GET /sipse/faces/javax.faces.resource/jquery/jquery-plugins.js?ln=primefaces&v=4.0 HTTP/1.1" 304 -
190.27.165.204 - - [26/Oct/2022:06:57:34 -0500] "GET /sipse/faces/javax.faces.resource/primefaces.js?ln=primefaces&v=4.0 HTTP/1.1" 304 -
190.27.165.204 - - [26/Oct/2022:06:57:34 -0500] "GET /sipse/faces/javax.faces.resource/layout/layout.js?ln=primefaces&v=4.0 HTTP/1.1" 304 -
190.27.165.204 - - [26/Oct/2022:06:57:35 -0500] "POST /sipse/faces/presentacion/financiero/solicitudProceso/listarSolicitudProceso.xhtml HTTP/1.1" 200 1560
190.27.165.204 - - [26/Oct/2022:06:58:04 -0500] "POST /sipse/faces/presentacion/financiero/solicitudProceso/listarSolicitudProceso.xhtml HTTP/1.1" 200 115834
190.27.165.204 - - [26/Oct/2022:06:58:05 -0500] "GET /sipse/faces/javax.faces.resource/jquery/jquery.js?ln=primefaces&v=4.0 HTTP/1.1" 304 -
190.27.165.204 - - [26/Oct/2022:06:58:05 -0500] "GET /sipse/faces/javax.faces.resource/jquery/jquery-plugins.js?ln=primefaces&v=4.0 HTTP/1.1" 304 -
190.27.165.204 - - [26/Oct/2022:06:58:06 -0500] "GET /sipse/faces/javax.faces.resource/primefaces.js?ln=primefaces&v=4.0 HTTP/1.1" 304 -
190.27.165.204 - - [26/Oct/2022:06:58:06 -0500] "GET /sipse/faces/javax.faces.resource/layout/layout.js?ln=primefaces&v=4.0 HTTP/1.1" 304 -
207.46.13.18 - - [26/Oct/2022:06:59:08 -0500] "GET /bla/resoluciones/autos%202010/6265.pdf HTTP/1.1" 304 -
201.245.192.253 - - [26/Oct/2022:06:59:48 -0500] "POST /kwsrmcab/Wsrmcab  HTTP/1.1" 200 43148
216.245.221.92 - - [26/Oct/2022:07:00:06 -0500] "HEAD / HTTP/1.1" 200 -
64.124.8.41 - - [26/Oct/2022:07:00:49 -0500] "-" 408 -
186.31.63.225 - - [26/Oct/2022:07:01:17 -0500] "GET /por-inadecuado-uso-de-publicidad-exterior-visual-secretaria-de-ambiente-impone-sellos-a-tres-establecimientos.html HTTP/1.1" 200 1000
172.22.2.4 - - [26/Oct/2022:07:00:41 -0500] "HEAD /BLA/boletinlegal/ HTTP/1.1" 200 -
172.22.2.4 - - [26/Oct/2022:07:01:31 -0500] "GET /BLA/boletinlegal/ HTTP/1.1" 200 59828
64.124.8.41 - - [26/Oct/2022:07:03:12 -0500] "-" 408 -
172.22.2.4 - - [26/Oct/2022:07:04:44 -0500] "GET /BLA/boletinlegal/robots.txt HTTP/1.1" 404 1038
201.245.192.253 - - [26/Oct/2022:07:04:47 -0500] "POST /kwsrmcab/Wsrmcab  HTTP/1.1" 200 43148
66.220.149.6 - - [26/Oct/2022:07:05:00 -0500] "GET /images/negocios-verdes-mayo-2022.jpg HTTP/1.1" 200 48000
216.245.221.92 - - [26/Oct/2022:07:05:06 -0500] "HEAD / HTTP/1.1" 200 -
207.46.13.84 - - [26/Oct/2022:07:05:38 -0500] "GET /bla/resoluciones/autos%202010/5578.pdf HTTP/1.1" 304 -
172.22.2.4 - - [26/Oct/2022:07:04:46 -0500] "GET /BLA/boletinlegal/index.php HTTP/1.1" 200 62772
64.124.8.39 - - [26/Oct/2022:07:06:55 -0500] "GET /galeria/nivo-slider/demo/inicio800.html HTTP/1.1" 200 5889
172.22.2.4 - - [26/Oct/2022:07:06:31 -0500] "HEAD /BLA/boletinlegal/ HTTP/1.1" 200 -
64.124.8.39 - - [26/Oct/2022:07:08:19 -0500] "GET /BLA/boletinlegal HTTP/1.1" 301 247
64.124.8.39 - - [26/Oct/2022:07:08:29 -0500] "GET /BLA/boletinlegal/ HTTP/1.1" 200 16331
172.22.2.4 - - [26/Oct/2022:07:07:21 -0500] "GET /BLA/boletinlegal/ HTTP/1.1" 200 58163
201.245.192.253 - - [26/Oct/2022:07:09:46 -0500] "POST /kwsrmcab/Wsrmcab  HTTP/1.1" 200 43148
216.245.221.92 - - [26/Oct/2022:07:10:06 -0500] "HEAD / HTTP/1.1" 200 -
172.22.2.4 - - [26/Oct/2022:07:10:32 -0500] "GET /BLA/boletinlegal/Circulares/2021/CIRCULAR%20No.%2000003%20del%2009%20de%20Abril%20del%202021.pdf HTTP/1.1" 404 1038
172.22.2.4 - - [26/Oct/2022:07:11:31 -0500] "GET /BLA/boletinlegal/favicon.ico HTTP/1.1" 404 1038
172.22.2.4 - - [26/Oct/2022:07:11:23 -0500] "GET /BLA/boletinlegal/ HTTP/1.1" 200 24523
40.77.188.128 - - [26/Oct/2022:07:12:23 -0500] "GET /sipse/faces/javax.faces.resource/layout/layout.css;jsessionid=3AVWyS1rAr-DtSRhsKuqe9CD.undefined?ln=primefaces&v=4.0 HTTP/1.1" 200 542
40.77.189.8 - - [26/Oct/2022:07:12:23 -0500] "GET /sipse/faces/javax.faces.resource/primefaces.css;jsessionid=3AVWyS1rAr-DtSRhsKuqe9CD.undefined?ln=primefaces&v=4.0 HTTP/1.1" 200 53295
40.77.188.149 - - [26/Oct/2022:07:12:23 -0500] "GET /sipse/faces/javax.faces.resource/layout/layout.js;jsessionid=3AVWyS1rAr-DtSRhsKuqe9CD.undefined?ln=primefaces&v=4.0 HTTP/1.1" 200 87560
40.77.188.42 - - [26/Oct/2022:07:12:23 -0500] "GET /sipse/faces/javax.faces.resource/primefaces.js;jsessionid=3AVWyS1rAr-DtSRhsKuqe9CD.undefined?ln=primefaces&v=4.0 HTTP/1.1" 200 276924
40.77.190.128 - - [26/Oct/2022:07:12:24 -0500] "GET /sipse/faces/index.xhtml HTTP/1.1" 200 677
207.46.13.84 - - [26/Oct/2022:07:12:30 -0500] "GET /BLA/resoluciones/AUTOS%202021/5320.pdf HTTP/1.1" 304 -
172.22.2.4 - - [26/Oct/2022:07:12:21 -0500] "HEAD /BLA/boletinlegal/ HTTP/1.1" 200 -
186.28.205.200 - - [26/Oct/2022:07:14:19 -0500] "GET /sipse/faces/index.xhtml HTTP/1.1" 200 677
186.28.205.200 - - [26/Oct/2022:07:14:19 -0500] "GET /sipse/faces/javax.faces.resource/theme.css?ln=primefaces-sipse HTTP/1.1" 304 -
186.28.205.200 - - [26/Oct/2022:07:14:19 -0500] "GET /sipse/faces/faces/autenticacion.xhtml HTTP/1.1" 200 12184
186.28.205.200 - - [26/Oct/2022:07:14:19 -0500] "GET /sipse/faces/javax.faces.resource/theme.css?ln=primefaces-sipse HTTP/1.1" 304 -
186.28.205.200 - - [26/Oct/2022:07:14:19 -0500] "GET /sipse/faces/javax.faces.resource/primefaces.css?ln=primefaces&v=4.0 HTTP/1.1" 304 -
186.28.205.200 - - [26/Oct/2022:07:14:19 -0500] "GET /sipse/faces/javax.faces.resource/layout/layout.css?ln=primefaces&v=4.0 HTTP/1.1" 304 -
186.28.205.200 - - [26/Oct/2022:07:14:19 -0500] "GET /sipse/faces/javax.faces.resource/jquery/jquery.js?ln=primefaces&v=4.0 HTTP/1.1" 304 -
186.28.205.200 - - [26/Oct/2022:07:14:19 -0500] "GET /sipse/faces/javax.faces.resource/jquery/jquery-plugins.js?ln=primefaces&v=4.0 HTTP/1.1" 304 -
186.28.205.200 - - [26/Oct/2022:07:14:19 -0500] "GET /sipse/faces/javax.faces.resource/primefaces.js?ln=primefaces&v=4.0 HTTP/1.1" 304 -
186.28.205.200 - - [26/Oct/2022:07:14:19 -0500] "GET /sipse/faces/javax.faces.resource/layout/layout.js?ln=primefaces&v=4.0 HTTP/1.1" 304 -
186.28.205.200 - - [26/Oct/2022:07:14:19 -0500] "GET /sipse/faces/javax.faces.resource/images/ui-icons_898989_256x240.png?ln=primefaces-aristo HTTP/1.1" 304 -
186.28.205.200 - - [26/Oct/2022:07:14:32 -0500] "POST /sipse/faces/autenticacion.xhtml HTTP/1.1" 200 2183
186.28.205.200 - - [26/Oct/2022:07:14:32 -0500] "GET /sipse/faces/javax.faces.resource/messages/messages.png?ln=primefaces&v=4.0 HTTP/1.1" 304 -
186.28.205.200 - - [26/Oct/2022:07:14:40 -0500] "POST /sipse/faces/autenticacion.xhtml HTTP/1.1" 200 11171
