186.86.32.105 - - [27/Oct/2022:08:15:37 -0500] "POST /sipse/faces/presentacion/financiero/solicitudProceso/consultar.xhtml HTTP/1.1" 200 12778
190.25.168.194 - - [27/Oct/2022:08:15:39 -0500] "POST /appsia/controlador HTTP/1.1" 200 7799
186.86.32.105 - - [27/Oct/2022:08:16:28 -0500] "POST /sipse/faces/presentacion/financiero/solicitudProceso/consultar.xhtml HTTP/1.1" 200 12822
186.86.32.105 - - [27/Oct/2022:08:16:28 -0500] "POST /sipse/faces/presentacion/financiero/solicitudProceso/consultar.xhtml HTTP/1.1" 200 12822
180.163.220.5 - - [27/Oct/2022:08:16:32 -0500] "GET / HTTP/1.1" 200 319
185.119.81.97 - - [27/Oct/2022:08:16:50 -0500] "GET /portaldeninos/wp-login.php HTTP/1.1" 200 2592
185.119.81.97 - - [27/Oct/2022:08:16:51 -0500] "POST /portaldeninos/wp-login.php HTTP/1.1" 200 3605
172.22.2.1 - - [27/Oct/2022:08:18:23 -0500] "GET /reportes_sipse/sdg/ServletViabilidad?reporte=memo_viabilidad&solicitud=19156 HTTP/1.1" 200 1538
201.245.192.253 - - [27/Oct/2022:08:18:46 -0500] "POST /kwsrmcab/Wsrmcab  HTTP/1.1" 200 213
172.22.2.4 - - [27/Oct/2022:08:17:17 -0500] "HEAD /BLA/boletinlegal/ HTTP/1.1" 200 -
172.22.2.1 - - [27/Oct/2022:08:19:11 -0500] "GET /reportes_sipse/sdg/ServletViabilidad?reporte=memo_viabilidad&solicitud=19160 HTTP/1.1" 200 1538
172.22.2.4 - - [27/Oct/2022:08:18:08 -0500] "GET /BLA/boletinlegal/ HTTP/1.1" 200 57725
172.22.2.1 - - [27/Oct/2022:08:19:52 -0500] "GET /reportes_sipse/sdg/ServletViabilidad?reporte=memo_viabilidad&solicitud=19164 HTTP/1.1" 200 1538
216.245.221.92 - - [27/Oct/2022:08:20:02 -0500] "HEAD / HTTP/1.1" 200 -
191.95.59.226 - - [27/Oct/2022:08:20:45 -0500] "GET /sipse/faces/faces/faces/faces/faces/faces/faces/index.xhtml HTTP/1.1" 200 677
191.95.59.226 - - [27/Oct/2022:08:20:45 -0500] "GET /sipse/faces/javax.faces.resource/theme.css?ln=primefaces-sipse HTTP/1.1" 304 -
191.95.59.226 - - [27/Oct/2022:08:20:48 -0500] "GET /sipse/faces/faces/faces/faces/faces/faces/faces/faces/autenticacion.xhtml HTTP/1.1" 200 12180
191.95.59.226 - - [27/Oct/2022:08:20:48 -0500] "GET /sipse/faces/javax.faces.resource/layout/layout.css?ln=primefaces&v=4.0 HTTP/1.1" 304 -
191.95.59.226 - - [27/Oct/2022:08:20:48 -0500] "GET /sipse/faces/javax.faces.resource/jquery/jquery-plugins.js?ln=primefaces&v=4.0 HTTP/1.1" 304 -
191.95.59.226 - - [27/Oct/2022:08:20:48 -0500] "GET /sipse/faces/javax.faces.resource/layout/layout.js?ln=primefaces&v=4.0 HTTP/1.1" 304 -
191.95.59.226 - - [27/Oct/2022:08:20:48 -0500] "GET /sipse/faces/javax.faces.resource/primefaces.css?ln=primefaces&v=4.0 HTTP/1.1" 304 -
191.95.59.226 - - [27/Oct/2022:08:20:48 -0500] "GET /sipse/faces/javax.faces.resource/primefaces.js?ln=primefaces&v=4.0 HTTP/1.1" 304 -
191.95.59.226 - - [27/Oct/2022:08:20:48 -0500] "GET /sipse/faces/javax.faces.resource/jquery/jquery.js?ln=primefaces&v=4.0 HTTP/1.1" 304 -
191.95.59.226 - - [27/Oct/2022:08:20:48 -0500] "GET /sipse/faces/javax.faces.resource/theme.css?ln=primefaces-sipse HTTP/1.1" 304 -
191.95.59.226 - - [27/Oct/2022:08:20:48 -0500] "GET /sipse/faces/javax.faces.resource/images/ui-icons_898989_256x240.png?ln=primefaces-aristo HTTP/1.1" 304 -
191.95.59.226 - - [27/Oct/2022:08:20:58 -0500] "POST /sipse/faces/autenticacion.xhtml HTTP/1.1" 200 2220
191.95.59.226 - - [27/Oct/2022:08:20:58 -0500] "GET /sipse/faces/javax.faces.resource/messages/messages.png?ln=primefaces&v=4.0 HTTP/1.1" 304 -
191.95.59.226 - - [27/Oct/2022:08:21:00 -0500] "POST /sipse/faces/autenticacion.xhtml HTTP/1.1" 200 16263
191.95.59.226 - - [27/Oct/2022:08:21:01 -0500] "GET /sipse/faces/javax.faces.resource/jquery/jquery.js?ln=primefaces&v=4.0 HTTP/1.1" 304 -
191.95.59.226 - - [27/Oct/2022:08:21:01 -0500] "GET /sipse/faces/javax.faces.resource/jquery/jquery-plugins.js?ln=primefaces&v=4.0 HTTP/1.1" 304 -
191.95.59.226 - - [27/Oct/2022:08:21:01 -0500] "GET /sipse/faces/javax.faces.resource/primefaces.js?ln=primefaces&v=4.0 HTTP/1.1" 304 -
191.95.59.226 - - [27/Oct/2022:08:21:01 -0500] "GET /sipse/faces/javax.faces.resource/layout/layout.js?ln=primefaces&v=4.0 HTTP/1.1" 304 -
191.95.59.226 - - [27/Oct/2022:08:21:01 -0500] "GET /sipse/css/imagen/contrasena.png HTTP/1.1" 404 383
191.95.59.226 - - [27/Oct/2022:08:21:07 -0500] "GET /sipse/faces/javax.faces.resource/images/ui-bg_flat_0_2d5972_40x100.png?ln=primefaces-aristo HTTP/1.1" 304 -
191.95.59.226 - - [27/Oct/2022:08:21:07 -0500] "POST /sipse/faces/bienvenido.xhtml HTTP/1.1" 200 2658
191.95.59.226 - - [27/Oct/2022:08:21:09 -0500] "POST /sipse/faces/bienvenido.xhtml HTTP/1.1" 200 65242
191.95.59.226 - - [27/Oct/2022:08:21:10 -0500] "GET /sipse/faces/javax.faces.resource/jquery/jquery.js?ln=primefaces&v=4.0 HTTP/1.1" 304 -
191.95.59.226 - - [27/Oct/2022:08:21:10 -0500] "GET /sipse/faces/javax.faces.resource/jquery/jquery-plugins.js?ln=primefaces&v=4.0 HTTP/1.1" 304 -
191.95.59.226 - - [27/Oct/2022:08:21:10 -0500] "GET /sipse/faces/javax.faces.resource/primefaces.js?ln=primefaces&v=4.0 HTTP/1.1" 304 -
191.95.59.226 - - [27/Oct/2022:08:21:10 -0500] "GET /sipse/faces/javax.faces.resource/layout/layout.js?ln=primefaces&v=4.0 HTTP/1.1" 304 -
191.95.59.226 - - [27/Oct/2022:08:21:10 -0500] "POST /sipse/faces/presentacion/financiero/solicitudProceso/listarSolicitudProceso.xhtml HTTP/1.1" 200 1560
172.22.2.1 - - [27/Oct/2022:08:21:19 -0500] "GET /reportes_sipse/sdg/ServletViabilidad?reporte=memo_viabilidad&solicitud=19165 HTTP/1.1" 200 1538
172.22.2.1 - - [27/Oct/2022:08:21:54 -0500] "GET /reportes_sipse/sdg/ServletViabilidad?reporte=memo_viabilidad&solicitud=19133 HTTP/1.1" 200 1538
191.95.59.226 - - [27/Oct/2022:08:21:59 -0500] "POST /sipse/faces/presentacion/financiero/solicitudProceso/listarSolicitudProceso.xhtml HTTP/1.1" 200 31067
201.245.192.253 - - [27/Oct/2022:08:21:57 -0500] "POST /kwsrmcab/Wsrmcab HTTP/1.1" 200 43942
201.245.192.253 - - [27/Oct/2022:08:22:00 -0500] "POST /kwsrmcab/Wsrmcab HTTP/1.1" 200 42291
172.22.2.1 - - [27/Oct/2022:08:22:27 -0500] "GET /reportes_sipse/sdg/ServletViabilidad?reporte=memo_viabilidad&solicitud=19167 HTTP/1.1" 200 1538
172.22.2.1 - - [27/Oct/2022:08:22:27 -0500] "GET /reportes_sipse/sdg/ServletViabilidad?reporte=memo_viabilidad&solicitud=19167 HTTP/1.1" 200 1538
186.102.67.231 - - [27/Oct/2022:08:23:28 -0500] "GET /kwssiamovil/sm/ldap/au?x=U2FsdGVkX1/cqEC2Rs1M6j8eLk5c5YotMtoVTUyozbMmsJDPd/BGUf071sAaqkB9&y=U2FsdGVkX1/NIggRMd6sJEPNsQN1XglEgVJgKQZbGZo29zf3xk5kH6c9X7i3UWLd HTTP/1.1" 200 30
186.102.67.231 - - [27/Oct/2022:08:23:28 -0500] "GET /kwssiamovil/sm/acme/s?s=U2FsdGVkX1+ZKbDox8jRGvupH6qpiGSNMbENzsF31EFJ6UckxqLVbTSVd0bwJZLsrFCAZM4PZtHuaMXQh6myxpocZEgLCl9erOYuNhST+Bs=&u=U2FsdGVkX1/1CqZ+gHcvQswld6O5AcQZC0KWYYzSGmA=&y=U2FsdGVkX1/NIggRMd6sJEPNsQN1XglEgVJgKQZbGZo29zf3xk5kH6c9X7i3UWLd HTTP/1.1" 200 97
186.102.67.231 - - [27/Oct/2022:08:23:28 -0500] "GET /kwssiamovil/sm/acme/s?s=U2FsdGVkX1+N8EEKf1I6qv+f1c6xdhyr526uwASOzpKtfqIgf0tSPCLhgRsdiIlepqqvyahj/l2wV0RXEoPXKlR//I5ARZGmG98na/4V6RIuD+SpaoL3oeb81oaA10B305wGAxzvJjNsCXj7TbZHUMHHrZTvzKzM/9CFXZ3Qk7MrRxppKRwUbBJebXYPkkzkWzUEQE6jYOqu2UmMCWVA8YZ731OjZQhlafiWobHHKChDqDBnL5WX2GEOy9RVvzS2Cbz7PuDuZaGw4u/U1N4Y/FxzIQcEEsVDYYRlBdXd0TdBNdCeh1zS81kGZi3Lp93xBWZ/P9iv59epSt/ctA2fjfzY09bYB8zsTk0D1pX3M625UyysJhvwymY7FXmmNRIpihQV1UMooWkWARhKaP5UMvaNBP8YbbGq5ZUSo9QvhQhpLSXc9pk5+lVqzv3SVAxVHCPBRpmK9cP6eR1RoWZRaPVYiO3eKpnz60CeWldZoYuABBQZaucjccFM+f/ugyo1x/hOO2fZPruITfrWZXXgqZmMrE0kfry5MqeSat+ihvtSXBpYfZ4x7aH6f5IqFiFX7hSM7ZwldVkm8PA+3QW9XxFDrWdTUf+zQTog0f8fOLogLKfkzr3g51I3CaBekOiGa4qjHxBoAg1kSD5dDOa0S93LLvBzpB/wzj+ocL4HkOL7bsEQDgaQb0Qam1uC9cWxjdEe4B+4b815HVNMl7H7ZaUjIJOWj2Rw/QhPj6OxazxKUo9dEJ+pHrncDXLh9HbMLwhtc03A72u/OWN0XGnsgT/VdGRAXDy5go6Xbb2hmCuTzvjDTtNv1OX1FAsWdq9yMMJPRcH4F9JrgM67U1o1nN9e82IJ096ciFEIX8rA1g29kYlo9YjY5+tqvhaFasvCLpMS8M6CASf0zv212aJ4wLalRvOphFU3AKmRf/PjfIE/KttdTU037QHgvbWKvGxrImRn6o6qV8eHg/tRZfBmlbGU9C2FItEhg5J/5H1YRDnwJhLXSY7rgQKeWOLhIKEKakyr12JJUbz7K5BRwXYZK3uhsiTViHhhkksx4zQjV/akiFq6G/UhjhP6SgpOun5K6van8UpZqQgriFDPr1P60kYho/YjSEx4k8PlyEECcyLDfRK9CVsYawzQGhHjH9tgZh4CbiIS86BJeVLT2rG84P4YRYQn7JgRztC5EgCuiCF7I08kKYFedznuFMeB1o9iKs6n0GfUFee2YLaGGA1O4QUWkYP25sMHrF9oIiIr7w9hsfujFUL/df6BNtlyymmJi3MXbmqc7fk21cHaacVeDWmIPk1QBVgAVhDSmfPGrtTUPBCNqbUPyyHjWFwFWEU2JwXUeQG1S7ew6iPyNVSsdjpkAKvsBPr/uu8Q+HL5csQt/toap5fCrw/4KIT2OKBChADcnvku3DOiK8d5kLkKSFxXiJ/4pZ52M5c9C6BKZvg=&u=U2FsdGVkX1/1CqZ+gHcvQswld6O5AcQZC0KWYYzSGmA=&y=U2FsdGVkX1/NIggRMd6sJEPNsQN1XglEgVJgKQZbGZo29zf3xk5kH6c9X7i3UWLd HTTP/1.1" 200 1067
186.102.67.231 - - [27/Oct/2022:08:23:28 -0500] "GET /kwssiamovil/sm/acme/s?s=U2FsdGVkX18HyGbMqgfW8/5RNFqS3tMEZ8hMPSdtCBqJGJDSTr3MxAlN5Aia/0cr78C9G4PFW2OoCqkO8P3yxAFEvlAmR6NAcXI2F+TaY4jbtMT3V9+4Y/g/2CnE9YWmlFVDMT6lfgE7MknisuplIcuaglmTUzHQfKJfGyjCp8TCjwJdqkxcJpW5jJ0nPrxH1yzusBrr2X+AH9VCiUwp33Y6NNtVrsOsk6BTr2bCM5zIiVWVu7l1mh7b8IyL1/zcl7d9ukp6z6/b5hDMFsstGs7CalPyB8RZQAc63KtcMDkxEQXlPk1jv0/QuPqSM4gvIR3AUqs+ugK23x+BQF7h8WaVBMhxtTaGTNWUHb6uieA=&u=U2FsdGVkX1/1CqZ+gHcvQswld6O5AcQZC0KWYYzSGmA=&y=U2FsdGVkX1/NIggRMd6sJEPNsQN1XglEgVJgKQZbGZo29zf3xk5kH6c9X7i3UWLd HTTP/1.1" 200 196
186.102.67.231 - - [27/Oct/2022:08:23:29 -0500] "GET /kwssiamovil/sm/cjson/pre?f=1&x=U2FsdGVkX1/cqEC2Rs1M6j8eLk5c5YotMtoVTUyozbMmsJDPd/BGUf071sAaqkB9 HTTP/1.1" 200 30992
201.245.192.253 - - [27/Oct/2022:08:23:45 -0500] "POST /kwsrmcab/Wsrmcab  HTTP/1.1" 200 213
186.80.204.195 - - [27/Oct/2022:08:24:24 -0500] "GET /catalogoisis/Js/AceptarLimpiar.js HTTP/1.1" 200 331
186.80.204.195 - - [27/Oct/2022:08:24:24 -0500] "GET /catalogoisis/Css/Busqueda.css HTTP/1.1" 200 1995
186.80.204.195 - - [27/Oct/2022:08:24:25 -0500] "GET /catalogoisis/Js/CriterioCombinada.js HTTP/1.1" 200 1843
186.80.204.195 - - [27/Oct/2022:08:24:25 -0500] "GET /catalogoisis/Js/Remote.js HTTP/1.1" 200 436
186.80.204.195 - - [27/Oct/2022:08:24:25 -0500] "GET /catalogoisis/Js/Cookies.js HTTP/1.1" 200 1369
186.80.204.195 - - [27/Oct/2022:08:24:25 -0500] "GET /catalogoisis/Js/LimpiarCombinada.js HTTP/1.1" 200 207
186.80.204.195 - - [27/Oct/2022:08:24:25 -0500] "GET /catalogoisis/Js/Go.js HTTP/1.1" 200 364
186.80.204.195 - - [27/Oct/2022:08:24:25 -0500] "GET /catalogoisis/Js/Numero.js HTTP/1.1" 200 398
186.80.204.195 - - [27/Oct/2022:08:24:25 -0500] "GET /catalogoisis/Js/Enter.js HTTP/1.1" 200 1208
186.80.204.195 - - [27/Oct/2022:08:24:25 -0500] "GET /catalogoisis/imagenes/br1c1.gif HTTP/1.1" 200 172
186.80.204.195 - - [27/Oct/2022:08:24:25 -0500] "GET /catalogoisis/imagenes/Turnbo1.gif HTTP/1.1" 200 227
186.80.204.195 - - [27/Oct/2022:08:24:25 -0500] "GET /catalogoisis/imagenes/br1c2.gif HTTP/1.1" 200 297
186.80.204.195 - - [27/Oct/2022:08:24:25 -0500] "GET /catalogoisis/imagenes/br1c3.gif HTTP/1.1" 200 302
186.80.204.195 - - [27/Oct/2022:08:24:24 -0500] "GET /catalogoisis/ HTTP/1.1" 200 8575
186.80.204.195 - - [27/Oct/2022:08:24:25 -0500] "GET /catalogoisis/imagenes/br2c2.gif HTTP/1.1" 200 302
186.80.204.195 - - [27/Oct/2022:08:24:25 -0500] "GET /catalogoisis/imagenes/br3c1.gif HTTP/1.1" 200 177
186.80.204.195 - - [27/Oct/2022:08:24:25 -0500] "GET /catalogoisis/imagenes/limpiar1.gif HTTP/1.1" 200 606
186.80.204.195 - - [27/Oct/2022:08:24:25 -0500] "GET /catalogoisis/imagenes/br2c3.gif HTTP/1.1" 200 416
186.80.204.195 - - [27/Oct/2022:08:24:25 -0500] "GET /catalogoisis/imagenes/Header.gif HTTP/1.1" 200 30313
186.80.204.195 - - [27/Oct/2022:08:24:25 -0500] "GET /catalogoisis/imagenes/aceptar1.gif HTTP/1.1" 200 604
186.80.204.195 - - [27/Oct/2022:08:24:25 -0500] "GET /catalogoisis/imagenes/br2c1.gif HTTP/1.1" 200 297
186.80.204.195 - - [27/Oct/2022:08:24:25 -0500] "GET /catalogoisis/imagenes/br3c2.gif HTTP/1.1" 200 285
186.80.204.195 - - [27/Oct/2022:08:24:25 -0500] "GET /catalogoisis/imagenes/br3c3.gif HTTP/1.1" 200 186
186.80.204.195 - - [27/Oct/2022:08:24:26 -0500] "GET /favicon.ico HTTP/1.1" 200 7782
172.22.2.4 - - [27/Oct/2022:08:23:07 -0500] "HEAD /BLA/boletinlegal/ HTTP/1.1" 200 -
172.22.2.4 - - [27/Oct/2022:08:24:58 -0500] "GET /BLA/boletinlegal/consulta_actos.php?tipo=resoluciones&no=0809&usuario=&sector=&fecha=2021&resuelve= HTTP/1.1" 200 1101
172.22.2.4 - - [27/Oct/2022:08:24:59 -0500] "GET /BLA/boletinlegal/images/pdf.gif HTTP/1.1" 200 567
190.27.123.151 - - [27/Oct/2022:08:25:00 -0500] "GET /BLA/resoluciones/RESOLUCIONES%202021/0809.pdf HTTP/1.1" 200 597205
216.245.221.92 - - [27/Oct/2022:08:25:02 -0500] "HEAD / HTTP/1.1" 200 -
190.156.70.119 - - [27/Oct/2022:08:25:28 -0500] "GET /appsia/controlador HTTP/1.1" 200 4799
172.22.2.4 - - [27/Oct/2022:08:23:58 -0500] "GET /BLA/boletinlegal/ HTTP/1.1" 200 56376
190.156.70.119 - - [27/Oct/2022:08:25:38 -0500] "POST /appsia/controlador HTTP/1.1" 200 5437
172.22.2.1 - - [27/Oct/2022:08:26:19 -0500] "GET /reportes_sipse/sdg/ServletViabilidad?reporte=memo_viabilidad&solicitud=19162 HTTP/1.1" 200 1538
190.156.70.119 - - [27/Oct/2022:08:26:34 -0500] "POST /appsia/controlador HTTP/1.1" 200 7785
190.156.70.119 - - [27/Oct/2022:08:26:36 -0500] "POST /appsia/controlador HTTP/1.1" 200 6650
190.156.70.119 - - [27/Oct/2022:08:26:37 -0500] "POST /appsia/controlador HTTP/1.1" 200 10961
191.156.224.208 - - [27/Oct/2022:08:26:45 -0500] "GET /galeria/galeria/jquery.fancybox.css?v=2.1.5 HTTP/1.1" 200 4895
191.156.224.208 - - [27/Oct/2022:08:26:45 -0500] "GET /BLA/boletinlegal/js/jquery.scrollShow.js HTTP/1.1" 200 4586
191.156.224.208 - - [27/Oct/2022:08:26:45 -0500] "GET /galeria/galeria/jquery.fancybox.js?v=2.1.5 HTTP/1.1" 200 48706
190.156.70.119 - - [27/Oct/2022:08:26:45 -0500] "POST /appsia/controlador HTTP/1.1" 200 75935
191.156.224.208 - - [27/Oct/2022:08:26:46 -0500] "GET /galeria/carrusel/Carrusel/jquery.thumbnailScroller.css HTTP/1.1" 200 2066
191.156.224.208 - - [27/Oct/2022:08:26:46 -0500] "GET /galeria/carrusel/Carrusel/jquery-ui-1.8.13.custom.min.js HTTP/1.1" 200 10800
191.156.224.208 - - [27/Oct/2022:08:26:46 -0500] "GET /galeria/carrusel/Carrusel/jquery.thumbnailScroller.js HTTP/1.1" 200 8157
191.156.224.208 - - [27/Oct/2022:08:26:47 -0500] "GET /galeria/nivo-slider/demo/banner.html HTTP/1.1" 200 5446
191.156.224.208 - - [27/Oct/2022:08:26:47 -0500] "GET /galeria/nivo-slider/themes/pascal/pascal.css HTTP/1.1" 200 2258
191.156.224.208 - - [27/Oct/2022:08:26:47 -0500] "GET /galeria/nivo-slider/themes/orman/orman.css HTTP/1.1" 200 2152
191.156.224.208 - - [27/Oct/2022:08:26:47 -0500] "GET /galeria/nivo-slider/themes/default/default.css HTTP/1.1" 200 1569
191.156.224.208 - - [27/Oct/2022:08:26:47 -0500] "GET /galeria/nivo-slider/demo/images/Bannerplasticosseptiembre.jpg HTTP/1.1" 200 45633
191.156.224.208 - - [27/Oct/2022:08:26:47 -0500] "GET /galeria/nivo-slider/demo/style.css HTTP/1.1" 200 2222
191.156.224.208 - - [27/Oct/2022:08:26:47 -0500] "GET /galeria/nivo-slider/nivo-slider.css HTTP/1.1" 200 1507
191.156.224.208 - - [27/Oct/2022:08:26:47 -0500] "GET /galeria/nivo-slider/demo/images/banneraccionpopularcrr68.jpg HTTP/1.1" 200 51887
191.156.224.208 - - [27/Oct/2022:08:26:47 -0500] "GET /galeria/nivo-slider/demo/images/Bannermujeresquereverdecen.jpg HTTP/1.1" 200 46558
191.156.224.208 - - [27/Oct/2022:08:26:47 -0500] "GET /galeria/nivo-slider/demo/images/Bannersedeelectronica.jpg HTTP/1.1" 200 40383
191.156.224.208 - - [27/Oct/2022:08:26:48 -0500] "GET /galeria/nivo-slider/demo/images/bannerclases2021.jpg HTTP/1.1" 200 68230
191.156.224.208 - - [27/Oct/2022:08:26:48 -0500] "GET /galeria/nivo-slider/demo/images/Bannervirtualescanales.jpg HTTP/1.1" 200 174544
191.156.224.208 - - [27/Oct/2022:08:26:48 -0500] "GET /galeria/nivo-slider/demo/images/banneraire2021.jpg HTTP/1.1" 200 265101
191.156.224.208 - - [27/Oct/2022:08:26:48 -0500] "GET /galeria/nivo-slider/demo/images/Bannerenvases.jpg HTTP/1.1" 200 37316
191.156.224.208 - - [27/Oct/2022:08:26:48 -0500] "GET /galeria/nivo-slider/demo/images/banneraccionpopular.jpeg HTTP/1.1" 200 41707
191.156.224.208 - - [27/Oct/2022:08:26:49 -0500] "GET /galeria/nivo-slider/demo/images/bannertrafico_optimized.jpg HTTP/1.1" 200 42578
191.156.224.208 - - [27/Oct/2022:08:26:49 -0500] "GET /galeria/nivo-slider/demo/images/bannerresiduoshospitalariosagosto.jpg HTTP/1.1" 200 36499
191.156.224.208 - - [27/Oct/2022:08:26:49 -0500] "GET /galeria/nivo-slider/demo/images/bannertortuga_optimized.jpg HTTP/1.1" 200 39066
191.156.224.208 - - [27/Oct/2022:08:26:49 -0500] "GET /galeria/nivo-slider/demo/images/bannercapacitacionesbogota.jpg HTTP/1.1" 200 42416
191.156.224.208 - - [27/Oct/2022:08:26:49 -0500] "GET /galeria/nivo-slider/demo/images/bannerrutaesperanza.jpg HTTP/1.1" 200 55560
191.156.224.208 - - [27/Oct/2022:08:26:49 -0500] "GET /galeria/nivo-slider/demo/images/4Simple_Slider.png HTTP/1.1" 200 11722
191.156.224.208 - - [27/Oct/2022:08:26:50 -0500] "GET /galeria/nivo-slider/themes/default/loading.gif HTTP/1.1" 200 1737
191.156.224.208 - - [27/Oct/2022:08:26:50 -0500] "GET /galeria/nivo-slider/demo/scripts/jquery-1.7.1.min.js HTTP/1.1" 200 93868
191.156.224.208 - - [27/Oct/2022:08:26:50 -0500] "GET /galeria/nivo-slider/jquery.nivo.slider.pack.js HTTP/1.1" 200 11561
191.156.224.208 - - [27/Oct/2022:08:26:50 -0500] "GET /galeria/nivo-slider/themes/default/bullets.png HTTP/1.1" 200 1281
191.156.224.208 - - [27/Oct/2022:08:26:50 -0500] "GET /galeria/nivo-slider/themes/default/arrows.png HTTP/1.1" 200 824
190.156.70.119 - - [27/Oct/2022:08:27:18 -0500] "POST /appsia/controlador HTTP/1.1" 200 7785
190.156.70.119 - - [27/Oct/2022:08:27:23 -0500] "POST /appsia/controlador HTTP/1.1" 200 6650
190.156.70.119 - - [27/Oct/2022:08:27:24 -0500] "POST /appsia/controlador HTTP/1.1" 200 10965
190.156.70.119 - - [27/Oct/2022:08:27:26 -0500] "POST /appsia/controlador HTTP/1.1" 200 75936
190.156.70.119 - - [27/Oct/2022:08:27:49 -0500] "POST /appsia/controlador HTTP/1.1" 200 7785
190.156.70.119 - - [27/Oct/2022:08:27:53 -0500] "POST /appsia/controlador HTTP/1.1" 200 6650
190.156.70.119 - - [27/Oct/2022:08:27:53 -0500] "POST /appsia/controlador HTTP/1.1" 200 10575
190.156.70.119 - - [27/Oct/2022:08:27:55 -0500] "POST /appsia/controlador HTTP/1.1" 200 75875
201.245.192.253 - - [27/Oct/2022:08:28:44 -0500] "POST /kwsrmcab/Wsrmcab  HTTP/1.1" 200 213
199.16.157.180 - - [27/Oct/2022:08:30:01 -0500] "GET /si-tienes-ropa-y-calzado-que-ya-no-usas-aca-te-presentamos-seis-puntos-a-donde-los-puedes-llevar.html HTTP/1.1" 200 872
199.16.157.183 - - [27/Oct/2022:08:30:02 -0500] "GET /images/prendas-1_optimized.jpeg HTTP/1.1" 200 65869
216.245.221.92 - - [27/Oct/2022:08:30:02 -0500] "HEAD / HTTP/1.1" 200 -
172.22.2.4 - - [27/Oct/2022:08:28:57 -0500] "HEAD /BLA/boletinlegal/ HTTP/1.1" 200 -
172.22.2.1 - - [27/Oct/2022:08:30:48 -0500] "GET /reportes_sipse/sdg/ServletViabilidad?reporte=memo_viabilidad&solicitud=19065 HTTP/1.1" 200 1538
172.22.2.1 - - [27/Oct/2022:08:31:18 -0500] "GET /reportes_sipse/sdg/ServletViabilidad?reporte=memo_viabilidad&solicitud=19168 HTTP/1.1" 200 1538
172.22.2.4 - - [27/Oct/2022:08:29:48 -0500] "GET /BLA/boletinlegal/ HTTP/1.1" 200 58575
181.53.12.150 - - [27/Oct/2022:08:31:30 -0500] "GET /BLA/boletinlegal/js/jquery.scrollShow.js HTTP/1.1" 200 4586
181.53.12.150 - - [27/Oct/2022:08:31:30 -0500] "GET /galeria/galeria/jquery.fancybox.js?v=2.1.5 HTTP/1.1" 200 48706
181.53.12.150 - - [27/Oct/2022:08:31:30 -0500] "GET /galeria/galeria/jquery.fancybox.css?v=2.1.5 HTTP/1.1" 200 4895
172.22.2.1 - - [27/Oct/2022:08:31:45 -0500] "GET /reportes_sipse/sdg/ServletViabilidad?reporte=memo_viabilidad&solicitud=19070 HTTP/1.1" 200 1538
201.245.192.253 - - [27/Oct/2022:08:31:57 -0500] "POST /kwsrmcab/Wsrmcab HTTP/1.1" 200 43942
201.245.192.253 - - [27/Oct/2022:08:31:59 -0500] "POST /kwsrmcab/Wsrmcab HTTP/1.1" 200 42291
190.156.70.119 - - [27/Oct/2022:08:32:19 -0500] "POST /appsia/controlador HTTP/1.1" 200 7785
190.156.70.119 - - [27/Oct/2022:08:32:22 -0500] "POST /appsia/controlador HTTP/1.1" 200 5437
190.156.70.119 - - [27/Oct/2022:08:32:23 -0500] "POST /appsia/controlador HTTP/1.1" 200 4799
172.22.2.1 - - [27/Oct/2022:08:32:24 -0500] "GET /reportes_sipse/sdg/ServletViabilidad?reporte=memo_viabilidad&solicitud=19068 HTTP/1.1" 200 1538
173.252.83.9 - - [27/Oct/2022:08:32:57 -0500] "GET /images/vivero-1_optimized.jpeg HTTP/1.1" 200 123673
173.252.127.4 - - [27/Oct/2022:08:32:57 -0500] "GET /images/vivero-1_optimized.jpeg HTTP/1.1" 200 123673
172.22.2.1 - - [27/Oct/2022:08:33:20 -0500] "GET /reportes_sipse/sdg/ServletViabilidad?reporte=memo_viabilidad&solicitud=19067 HTTP/1.1" 200 1538
201.245.192.253 - - [27/Oct/2022:08:33:43 -0500] "POST /kwsrmcab/Wsrmcab  HTTP/1.1" 200 213
185.119.81.106 - - [27/Oct/2022:08:33:53 -0500] "GET /portaldeninos/wp-login.php HTTP/1.1" 200 2592
185.119.81.106 - - [27/Oct/2022:08:33:54 -0500] "POST /portaldeninos/wp-login.php HTTP/1.1" 200 3605
172.22.2.1 - - [27/Oct/2022:08:34:16 -0500] "GET /reportes_sipse/sdg/ServletViabilidad?reporte=memo_viabilidad&solicitud=19131 HTTP/1.1" 200 1538
172.22.2.1 - - [27/Oct/2022:08:34:44 -0500] "GET /reportes_sipse/sdg/ServletViabilidad?reporte=memo_viabilidad&solicitud=19075 HTTP/1.1" 200 1538
216.245.221.92 - - [27/Oct/2022:08:35:02 -0500] "HEAD / HTTP/1.1" 200 -
172.22.2.4 - - [27/Oct/2022:08:34:47 -0500] "HEAD /BLA/boletinlegal/ HTTP/1.1" 200 -
172.22.2.1 - - [27/Oct/2022:08:37:14 -0500] "GET /reportes_sipse/sdg/ServletViabilidad?reporte=memo_viabilidad&solicitud=19128 HTTP/1.1" 200 1538
172.22.2.4 - - [27/Oct/2022:08:35:38 -0500] "GET /BLA/boletinlegal/ HTTP/1.1" 200 59319
172.22.2.1 - - [27/Oct/2022:08:38:26 -0500] "GET /reportes_sipse/sdg/ServletViabilidad?reporte=memo_viabilidad&solicitud=19064 HTTP/1.1" 200 1538
207.46.13.50 - - [27/Oct/2022:08:38:38 -0500] "GET /Publicaciones/2022EE136332.pdf HTTP/1.1" 404 228
201.245.192.253 - - [27/Oct/2022:08:38:42 -0500] "POST /kwsrmcab/Wsrmcab  HTTP/1.1" 200 213
191.95.164.68 - - [27/Oct/2022:08:38:49 -0500] "GET /kwssiamovil/sm/acme/a?s=U2FsdGVkX1/WVQMQkZI5c2ay0Ie3TYELRUmUuwyIJPsWs8Vsj0tUUEQ/+A5mgeIvpswEsVY50C/YvXYYe1nG0s/PxvYifNBwXsJaLw9tVN5uNqMzJDUl/bKLBjznWcc1OSZZU69SSDwfdVhC7SweQdrmO2FrZIsUWMSdaeTnZaxhrwCVoG/REZOTXCnJM6m4De0SlB2Lxb00QXagPKz1iVuVHcZvwPkHg3SgAdkilkWRPUJpE9/cEiOshOw/bbZGy96pFr201Ex1K6ZNO4b7kQ==&u=U2FsdGVkX18YRm/RjOVmEtaiBhpCX2o16tckKYvp8RE=&y=U2FsdGVkX183Xrp2hM3K0MiNPkE7zq9ZWMF9OwxJZzrgwDrF6DCYAs1cRpqqB1gi HTTP/1.1" 200 26
191.95.164.68 - - [27/Oct/2022:08:38:49 -0500] "GET /kwssiamovil/sm/acme/a?s=U2FsdGVkX1+pNEKJCsjjAe5mln+UcDhPbk3LsYYzAfPJVTm38B4rv+0th1Z+hDTa6Wr+62nSIv8GM1Hkd3UzdD0mMNbmCsj0BzXdHw+j3z5t9zExznZ95jADxj7MiUApDAFoW6IGkcfXgDcXL8F/8ZWmuZLlASoj+d6+DBTV/86a0bI18Gr9gqHIF4+UHhAYNt8Pd9AHQqURmoDXIJoQOHpykxPxPAvDCV7uia/ZIartk8hve1sDWXWoXHmGZlY+fL0536KTurIidpAlsgXi4QcCW7jpQYCMrNiBeRJlj97qVPhgMFq7oqNus6hVah06zqxDShFEpY0jUMjHU96QwUT86Q/90lQADA83rZ/e1nrGVULK1yUWe85x8vLuCXiiQI2MIy45KUXOun1NDucTr7mOYpTLEL4AElBARv//CgU0oI/4twQb0kmkex+lo/Hruq/+albQfkxlg1aMVX24DTcjaB3+jxCAKXyAT1WdksNEmtkIKWlC11jv4MYKNXH0HQc1+wdSZQjj/4qmJzrQQrUXFASWtxu0iMwcxKV0+cMzNLRIF3UAsuvmz6pwbRVcIR21CTVPUi919Z+nBybVrfAKuACVs3s0GkZQ7Gp24BxVuQ67TIaTdj2bs0Q0TZtIrbszvSr1VsNYpR6PVUSAkoG5WRmxG+dvJzx9fUEgrX1XbWz4VVCsJvs6hOzY6lCtYXJg1iGxJj1M+KGUEJcsXk4Qkr+K7AIgzg4IUsvotS11k18IoXremUSu3gWuei9q17zWkmPUpggIFg9Oqu/y+7+aFj5uY1HFMzlyYaII1N/44emGFbJ8uUXRvF+28pqvUYLGwVs7ltVhO0Wk4+j9RgDK+9GAlaDa/6qZedl6+UPGMwlWFpPfD5kgeLzKTWgVviFEql0NBMurjNNj2bYCLY8DY0hl6+CcylFjEUCsr5g9LuU9m9iifHxa51wImhxG4ewh9j1m/vb6po4Mdhp1xC+fQF/7Y+sSSupEfLNHoiOG0aZAZwlMi8H+5DABb2/XvQu198TI0MwStPl8eg9APpcX2fZ74e24O346JfenSZTmRIuKDKldTpE8pgkpGmJ2bJDOhTVdBA5mmCUVAKB17V3e/DnxFdZCz8M3SP3gx2siv5Xh0BFYFXCIBn6VOouCtx/Jk/FJKD74MzhHHy0Poe1DQT0lg8Vvzck6fFSYn5G8iGOg12qld2XrjtB25pP7gFqV8ej95YKVdNM/zQrHnga1Nasr5ID48nV+8iYoVY18eX/vznhZqKXsdEr9ISrzrU4PTloHM8H4AgLWhgnyJqbPGml9P9RlsNYZ+pSmbQ4ELKJV5NFw3QfzWzE/alnu264SHjBno17G6pKEGiuQN41RRKcdHpRixC8RXZ/TZ//LctIJwmTrahvEpOGkeQJx4y1Zl1qYlHt0KcY7MkOiUJogv3nsKDW6vmqyvdSe0WMOoIiUBWD8fOIRPd2OjcKIY/kDw2xKNOqsgKJ+umbSJz+W2vIMs8T9DykU+OZy/GWV7ckMK9zwAIBoUibuHjT4HrF0dGF3vH6SomWHP7uwziptbXZLbtubduZeHq4pSvGBMQlYUmNhNi7DMsL5IR/EhDNymvV5yRGyEH7miGZFTzfS9iRP10vCUCQq8+nbVgPLNYKpeZoaWEFfrr0rpTsJ4ZqZlXMSfmKkOUno4cP76rxq7LGdrcUC+iwkfxNzxUDZp3yMBwNtbv+Hl+kOx5QPRDk7IAF2TEXs3ZwGIqJM9/vdc6XsOFatWSm+4z8zy2nGiPGjILFztPBGvkqseMeiioXnEDOMKPne9V6IGCWquxI7ZwArGliRJFuzlyEAanU1IDeNOvtTwLo3Ix447m/CVIIigj/n/c8gscrY89Rmx09EWofY1cAqUiRJMawiB50D/DeLdFtTpIzz+DLG2bay4MeKSQS/Ee7bDGtsD+GA5hwh2MMJtHqc4QOnTHPX8qTlTUMF7v8dyK7NIc3ITwtYWLl+ZhTYupOTb6KkNdkwdjK+OjLg2fS6xVqNWFem9zv348f843mQ9jlK2lQEOZfSF5P+WQz2VXdabBv0BOCM0eGbSsvwHfj4528Qv6DDxebhhPFseG3UfAPmBgqIfG1eFKGhg3pBbqaKPAgPhRBPvXZR1l5ZKVFqSEUxALamDB7tivNd6fOG5P83amdzKxzCbKYRhCEHopLRyij98RkkWREDVeHIhAxaw69emcVfhkpiJsz2FpnAPV0Aj/eH6MuUYIzCwZFbpJIxRRKheMR9sbv5sCeXRMGgo5Rq6rGYN+l0oKfp7DNerkEHcmj0aopVhCg4FlSBIts5IiENhHwNFahk1WL3X/xJzVszmlWH5dtfaAN7Wc8VsKkbfZrpZ1PeGqn4GUmYYoczbSO9fu6mr9KqrQlwpOITxRikE3D8mDFTcohgoDSIqlwS11iTZhcfH8C2Hn8yviOfrXxdZmrtR1/E7CawWZY4SvPXRc1UmLdQORokP+jAQFktG8qDJvAf/owMjiSzhW0BLng+XKfjW1xDFSx5j/EAG3Ffon/Gjt8k6UiouWYqwmgQtONMlaY8OGhjqT2XG1fbUSMpdqa5l9zBQPC0Cj38POULsfdupVWLfa3unyZUykiltDcOb4GyuJzoRGmOzGYmBFq/5S4xZ8sj41D/wNSDXA+C1XBzqD5DHca1/j58SFFeqUANG729O/clG6gIlIJjuQEvqd0OMnjP7Y8Ba9xUOIRPz9qPp9GvB5T+uKGJfJgYLamJ0Y7g2jEp8hUNCjlqQ46XSEYcn625D69WW8TRdxe9FU86ge1xSTS/hnwtvPfv7BR4az4VbtfNmi9MLwxlyhmZD4LlEvcbyHB4sEi4YqnR11s3N35CwRJ7IJnCT00DEL0mW/UAN7Bisj5895fnWIAofnojX1icL28/ivcu/FtAGb3ah9pAQdPJjVFbK6JOwxerfVkkk9lAWQxou8ipuIrTdJliRg==&u=U2FsdGVkX18YRm/RjOVmEtaiBhpCX2o16tckKYvp8RE=&y=U2FsdGVkX183Xrp2hM3K0MiNPkE7zq9ZWMF9OwxJZzrgwDrF6DCYAs1cRpqqB1gi HTTP/1.1" 200 26
191.95.164.68 - - [27/Oct/2022:08:38:50 -0500] "GET /kwssiamovil/sm/acme/a?s=U2FsdGVkX19KzgL0oyVghtlg9QoN0fat9a1bEkTdlm+Py5/fPpkuveoP51ueJbww+xCopTJw1P+s7Ecpnji3dqhw3938MAYuxjkkNTFeUYzrUk6lHPGXUIBYHX5ZQf5sWdtDHhvsjUBU5qkgEYjYAqp0i+U/c9TW/RboA0GRbTg=&u=U2FsdGVkX18YRm/RjOVmEtaiBhpCX2o16tckKYvp8RE=&y=U2FsdGVkX183Xrp2hM3K0MiNPkE7zq9ZWMF9OwxJZzrgwDrF6DCYAs1cRpqqB1gi HTTP/1.1" 200 26
191.95.164.68 - - [27/Oct/2022:08:38:50 -0500] "GET /kwssiamovil/sm/acme/a?s=U2FsdGVkX18SXtuRYhe8rmn/VdIDLBvTGTXNNQtzIH61wQIS6cEmwYdvt+JxTB79dpF/gxgmivJmF7T+vZw85fMmGTawWuOe39dCczFrB/8JLjTDRy5YJieIa9iv8Fqxiw52Mcc9aAS6TxgS1WZv5iwvEHJH1ZGtZnkhSNmFULY=&u=U2FsdGVkX18YRm/RjOVmEtaiBhpCX2o16tckKYvp8RE=&y=U2FsdGVkX183Xrp2hM3K0MiNPkE7zq9ZWMF9OwxJZzrgwDrF6DCYAs1cRpqqB1gi HTTP/1.1" 200 26
191.95.164.68 - - [27/Oct/2022:08:38:50 -0500] "GET /kwssiamovil/sm/acme/a?s=U2FsdGVkX19tCmuO20sgBnj0xiG0RZFhcrC3NfIcWiOVQLXY5kZPqR0bFR6sDXPGeGOZBkIPaGwJ2y+YKAuL/1KdFiSIyxPiwWfswl11ZmWUBe7d4bE/YJeDnKl13MJ2rGFQBd9UEjyf4WsNhyr4kNVgVZvHB55pY3rQ02EKpAo=&u=U2FsdGVkX18YRm/RjOVmEtaiBhpCX2o16tckKYvp8RE=&y=U2FsdGVkX183Xrp2hM3K0MiNPkE7zq9ZWMF9OwxJZzrgwDrF6DCYAs1cRpqqB1gi HTTP/1.1" 200 25
191.95.164.68 - - [27/Oct/2022:08:38:50 -0500] "GET /kwssiamovil/sm/acme/a?s=U2FsdGVkX1+rPFThC4QB6p9ROMe5jdr4uiIVWXJn8WhuiSxB9DBOnGjUBRm3NZ4mVMF/p4FOkuh7Na7ECAjhWBwxQR8t0uYRkxJjA36v6ck9wUDTh5wnddMJZyJSLgw7SuagunWFR2TTzKM+9oVg7HqPg/ACuBGa6oHw2BqDNlgTVmx57wXI+Nkbkg17R5I+zjdcTKVcQKdx4nhThtYLcQ==&u=U2FsdGVkX18YRm/RjOVmEtaiBhpCX2o16tckKYvp8RE=&y=U2FsdGVkX183Xrp2hM3K0MiNPkE7zq9ZWMF9OwxJZzrgwDrF6DCYAs1cRpqqB1gi HTTP/1.1" 200 26
172.22.2.1 - - [27/Oct/2022:08:39:04 -0500] "GET /reportes_sipse/sdg/ServletViabilidad?reporte=memo_viabilidad&solicitud=19173 HTTP/1.1" 200 1538
191.96.227.177 - - [27/Oct/2022:08:39:20 -0500] "GET / HTTP/1.1" 200 319
172.22.2.1 - - [27/Oct/2022:08:39:29 -0500] "GET /reportes_sipse/sdg/ServletViabilidad?reporte=memo_viabilidad&solicitud=19171 HTTP/1.1" 200 1538
172.22.2.1 - - [27/Oct/2022:08:39:56 -0500] "GET /reportes_sipse/sdg/ServletViabilidad?reporte=memo_viabilidad&solicitud=19172 HTTP/1.1" 200 1538
216.245.221.92 - - [27/Oct/2022:08:40:02 -0500] "HEAD / HTTP/1.1" 200 -
152.203.166.67 - - [27/Oct/2022:08:40:16 -0500] "POST /sipse/faces/presentacion/financiero/solicitudProceso/listarSolicitudProceso.xhtml HTTP/1.1" 200 59100
172.22.2.1 - - [27/Oct/2022:08:40:17 -0500] "GET /reportes_sipse/sdg/ServletViabilidad?reporte=memo_viabilidad&solicitud=19166 HTTP/1.1" 200 1538
152.203.166.67 - - [27/Oct/2022:08:40:17 -0500] "POST /sipse/faces/presentacion/financiero/solicitudProceso/listarSolicitudProceso.xhtml HTTP/1.1" 200 59100
190.159.14.237 - - [27/Oct/2022:08:40:18 -0500] "GET /sipse/faces/index.xhtml HTTP/1.1" 200 677
152.203.166.67 - - [27/Oct/2022:08:40:17 -0500] "POST /sipse/faces/presentacion/financiero/solicitudProceso/listarSolicitudProceso.xhtml HTTP/1.1" 200 1560
190.159.14.237 - - [27/Oct/2022:08:40:18 -0500] "GET /sipse/faces/javax.faces.resource/theme.css?ln=primefaces-sipse HTTP/1.1" 304 -
190.159.14.237 - - [27/Oct/2022:08:40:18 -0500] "GET /sipse/faces/javax.faces.resource/theme.css?ln=primefaces-sipse HTTP/1.1" 304 -
190.159.14.237 - - [27/Oct/2022:08:40:18 -0500] "GET /sipse/faces/faces/autenticacion.xhtml HTTP/1.1" 200 12180
190.159.14.237 - - [27/Oct/2022:08:40:18 -0500] "GET /sipse/faces/javax.faces.resource/primefaces.css?ln=primefaces&v=4.0 HTTP/1.1" 304 -
190.159.14.237 - - [27/Oct/2022:08:40:18 -0500] "GET /sipse/faces/javax.faces.resource/layout/layout.css?ln=primefaces&v=4.0 HTTP/1.1" 304 -
190.159.14.237 - - [27/Oct/2022:08:40:18 -0500] "GET /sipse/faces/javax.faces.resource/layout/layout.js?ln=primefaces&v=4.0 HTTP/1.1" 304 -
190.159.14.237 - - [27/Oct/2022:08:40:18 -0500] "GET /sipse/faces/javax.faces.resource/jquery/jquery.js?ln=primefaces&v=4.0 HTTP/1.1" 304 -
190.159.14.237 - - [27/Oct/2022:08:40:18 -0500] "GET /sipse/faces/javax.faces.resource/jquery/jquery-plugins.js?ln=primefaces&v=4.0 HTTP/1.1" 304 -
190.159.14.237 - - [27/Oct/2022:08:40:18 -0500] "GET /sipse/faces/javax.faces.resource/primefaces.js?ln=primefaces&v=4.0 HTTP/1.1" 304 -
190.159.14.237 - - [27/Oct/2022:08:40:18 -0500] "GET /sipse/faces/javax.faces.resource/images/ui-icons_898989_256x240.png?ln=primefaces-aristo HTTP/1.1" 304 -
152.203.166.67 - - [27/Oct/2022:08:40:18 -0500] "POST /sipse/faces/presentacion/financiero/solicitudProceso/listarSolicitudProceso.xhtml HTTP/1.1" 200 1564
190.159.14.237 - - [27/Oct/2022:08:40:22 -0500] "POST /sipse/faces/autenticacion.xhtml HTTP/1.1" 200 2224
190.159.14.237 - - [27/Oct/2022:08:40:22 -0500] "GET /sipse/faces/javax.faces.resource/messages/messages.png?ln=primefaces&v=4.0 HTTP/1.1" 304 -
152.203.166.67 - - [27/Oct/2022:08:40:22 -0500] "POST /sipse/faces/presentacion/financiero/solicitudProceso/listarSolicitudProceso.xhtml HTTP/1.1" 200 911
190.159.14.237 - - [27/Oct/2022:08:40:23 -0500] "POST /sipse/faces/autenticacion.xhtml HTTP/1.1" 200 16256
190.159.14.237 - - [27/Oct/2022:08:40:23 -0500] "GET /sipse/faces/javax.faces.resource/theme.css?ln=primefaces-sipse HTTP/1.1" 304 -
190.159.14.237 - - [27/Oct/2022:08:40:23 -0500] "GET /sipse/faces/javax.faces.resource/primefaces.css?ln=primefaces&v=4.0 HTTP/1.1" 304 -
190.159.14.237 - - [27/Oct/2022:08:40:23 -0500] "GET /sipse/faces/javax.faces.resource/layout/layout.css?ln=primefaces&v=4.0 HTTP/1.1" 304 -
190.159.14.237 - - [27/Oct/2022:08:40:23 -0500] "GET /sipse/faces/javax.faces.resource/jquery/jquery.js?ln=primefaces&v=4.0 HTTP/1.1" 304 -
190.159.14.237 - - [27/Oct/2022:08:40:23 -0500] "GET /sipse/faces/javax.faces.resource/jquery/jquery-plugins.js?ln=primefaces&v=4.0 HTTP/1.1" 304 -
190.159.14.237 - - [27/Oct/2022:08:40:23 -0500] "GET /sipse/faces/javax.faces.resource/primefaces.js?ln=primefaces&v=4.0 HTTP/1.1" 304 -
190.159.14.237 - - [27/Oct/2022:08:40:24 -0500] "GET /sipse/faces/javax.faces.resource/layout/layout.js?ln=primefaces&v=4.0 HTTP/1.1" 304 -
190.159.14.237 - - [27/Oct/2022:08:40:24 -0500] "GET /sipse/css/imagen/contrasena.png HTTP/1.1" 404 383
152.203.166.67 - - [27/Oct/2022:08:40:24 -0500] "GET /sipse/faces/presentacion/financiero/solicitudProceso/faces/autenticacion HTTP/1.1" 302 -
152.203.166.67 - - [27/Oct/2022:08:40:24 -0500] "GET /sipse/faces/autenticacion.xhtml HTTP/1.1" 200 12180
152.203.166.67 - - [27/Oct/2022:08:40:24 -0500] "GET /sipse/faces/javax.faces.resource/primefaces.js?ln=primefaces&v=4.0 HTTP/1.1" 304 -
152.203.166.67 - - [27/Oct/2022:08:40:24 -0500] "GET /sipse/faces/javax.faces.resource/jquery/jquery-plugins.js?ln=primefaces&v=4.0 HTTP/1.1" 304 -
152.203.166.67 - - [27/Oct/2022:08:40:24 -0500] "GET /sipse/faces/javax.faces.resource/primefaces.css?ln=primefaces&v=4.0 HTTP/1.1" 304 -
152.203.166.67 - - [27/Oct/2022:08:40:24 -0500] "GET /sipse/faces/javax.faces.resource/theme.css?ln=primefaces-sipse HTTP/1.1" 304 -
152.203.166.67 - - [27/Oct/2022:08:40:24 -0500] "GET /sipse/faces/javax.faces.resource/layout/layout.css?ln=primefaces&v=4.0 HTTP/1.1" 304 -
152.203.166.67 - - [27/Oct/2022:08:40:24 -0500] "GET /sipse/faces/javax.faces.resource/jquery/jquery.js?ln=primefaces&v=4.0 HTTP/1.1" 304 -
152.203.166.67 - - [27/Oct/2022:08:40:24 -0500] "GET /sipse/faces/javax.faces.resource/layout/layout.js?ln=primefaces&v=4.0 HTTP/1.1" 304 -
152.203.166.67 - - [27/Oct/2022:08:40:24 -0500] "GET /sipse/faces/javax.faces.resource/images/ui-icons_898989_256x240.png?ln=primefaces-aristo HTTP/1.1" 304 -
152.203.166.67 - - [27/Oct/2022:08:40:25 -0500] "GET /sipse/faces/index.xhtml HTTP/1.1" 200 677
152.203.166.67 - - [27/Oct/2022:08:40:25 -0500] "GET /sipse/faces/javax.faces.resource/theme.css?ln=primefaces-sipse HTTP/1.1" 304 -
152.203.166.67 - - [27/Oct/2022:08:40:25 -0500] "GET /sipse/faces/faces/autenticacion.xhtml HTTP/1.1" 200 12180
152.203.166.67 - - [27/Oct/2022:08:40:25 -0500] "GET /sipse/faces/javax.faces.resource/layout/layout.css?ln=primefaces&v=4.0 HTTP/1.1" 304 -
152.203.166.67 - - [27/Oct/2022:08:40:25 -0500] "GET /sipse/faces/javax.faces.resource/jquery/jquery.js?ln=primefaces&v=4.0 HTTP/1.1" 304 -
152.203.166.67 - - [27/Oct/2022:08:40:25 -0500] "GET /sipse/faces/javax.faces.resource/primefaces.css?ln=primefaces&v=4.0 HTTP/1.1" 304 -
152.203.166.67 - - [27/Oct/2022:08:40:25 -0500] "GET /sipse/faces/javax.faces.resource/jquery/jquery-plugins.js?ln=primefaces&v=4.0 HTTP/1.1" 304 -
152.203.166.67 - - [27/Oct/2022:08:40:25 -0500] "GET /sipse/faces/javax.faces.resource/theme.css?ln=primefaces-sipse HTTP/1.1" 304 -
152.203.166.67 - - [27/Oct/2022:08:40:25 -0500] "GET /sipse/faces/javax.faces.resource/primefaces.js?ln=primefaces&v=4.0 HTTP/1.1" 304 -
152.203.166.67 - - [27/Oct/2022:08:40:25 -0500] "GET /sipse/faces/javax.faces.resource/layout/layout.js?ln=primefaces&v=4.0 HTTP/1.1" 304 -
152.203.166.67 - - [27/Oct/2022:08:40:25 -0500] "GET /sipse/faces/javax.faces.resource/images/ui-icons_898989_256x240.png?ln=primefaces-aristo HTTP/1.1" 304 -
190.159.14.237 - - [27/Oct/2022:08:40:27 -0500] "GET /sipse/faces/javax.faces.resource/images/ui-bg_flat_0_2d5972_40x100.png?ln=primefaces-aristo HTTP/1.1" 304 -
190.159.14.237 - - [27/Oct/2022:08:40:27 -0500] "POST /sipse/faces/bienvenido.xhtml HTTP/1.1" 200 2658
152.203.166.67 - - [27/Oct/2022:08:40:29 -0500] "POST /sipse/faces/autenticacion.xhtml HTTP/1.1" 200 2224
152.203.166.67 - - [27/Oct/2022:08:40:29 -0500] "GET /sipse/faces/javax.faces.resource/messages/messages.png?ln=primefaces&v=4.0 HTTP/1.1" 304 -
190.159.14.237 - - [27/Oct/2022:08:40:28 -0500] "POST /sipse/faces/bienvenido.xhtml HTTP/1.1" 200 65557
190.159.14.237 - - [27/Oct/2022:08:40:30 -0500] "GET /sipse/faces/javax.faces.resource/theme.css?ln=primefaces-sipse HTTP/1.1" 304 -
190.159.14.237 - - [27/Oct/2022:08:40:30 -0500] "GET /sipse/faces/javax.faces.resource/primefaces.css?ln=primefaces&v=4.0 HTTP/1.1" 304 -
190.159.14.237 - - [27/Oct/2022:08:40:30 -0500] "GET /sipse/faces/javax.faces.resource/layout/layout.css?ln=primefaces&v=4.0 HTTP/1.1" 304 -
190.159.14.237 - - [27/Oct/2022:08:40:30 -0500] "GET /sipse/faces/javax.faces.resource/jquery/jquery.js?ln=primefaces&v=4.0 HTTP/1.1" 304 -
190.159.14.237 - - [27/Oct/2022:08:40:30 -0500] "GET /sipse/faces/javax.faces.resource/jquery/jquery-plugins.js?ln=primefaces&v=4.0 HTTP/1.1" 304 -
152.203.166.67 - - [27/Oct/2022:08:40:30 -0500] "POST /sipse/faces/autenticacion.xhtml HTTP/1.1" 200 16256
190.159.14.237 - - [27/Oct/2022:08:40:30 -0500] "GET /sipse/faces/javax.faces.resource/primefaces.js?ln=primefaces&v=4.0 HTTP/1.1" 304 -
152.203.166.67 - - [27/Oct/2022:08:40:30 -0500] "GET /sipse/faces/javax.faces.resource/primefaces.css?ln=primefaces&v=4.0 HTTP/1.1" 304 -
152.203.166.67 - - [27/Oct/2022:08:40:30 -0500] "GET /sipse/faces/javax.faces.resource/layout/layout.css?ln=primefaces&v=4.0 HTTP/1.1" 304 -
152.203.166.67 - - [27/Oct/2022:08:40:30 -0500] "GET /sipse/faces/javax.faces.resource/theme.css?ln=primefaces-sipse HTTP/1.1" 304 -
152.203.166.67 - - [27/Oct/2022:08:40:30 -0500] "GET /sipse/faces/javax.faces.resource/jquery/jquery.js?ln=primefaces&v=4.0 HTTP/1.1" 304 -
152.203.166.67 - - [27/Oct/2022:08:40:30 -0500] "GET /sipse/faces/javax.faces.resource/jquery/jquery-plugins.js?ln=primefaces&v=4.0 HTTP/1.1" 304 -
190.159.14.237 - - [27/Oct/2022:08:40:30 -0500] "GET /sipse/faces/javax.faces.resource/layout/layout.js?ln=primefaces&v=4.0 HTTP/1.1" 304 -
152.203.166.67 - - [27/Oct/2022:08:40:30 -0500] "GET /sipse/faces/javax.faces.resource/primefaces.js?ln=primefaces&v=4.0 HTTP/1.1" 304 -
152.203.166.67 - - [27/Oct/2022:08:40:30 -0500] "GET /sipse/faces/javax.faces.resource/layout/layout.js?ln=primefaces&v=4.0 HTTP/1.1" 304 -
152.203.166.67 - - [27/Oct/2022:08:40:30 -0500] "GET /sipse/css/imagen/contrasena.png HTTP/1.1" 404 383
190.159.14.237 - - [27/Oct/2022:08:40:30 -0500] "POST /sipse/faces/presentacion/financiero/solicitudProceso/listarSolicitudProceso.xhtml HTTP/1.1" 200 1560
152.203.166.67 - - [27/Oct/2022:08:40:32 -0500] "GET /sipse/faces/javax.faces.resource/images/ui-bg_flat_0_2d5972_40x100.png?ln=primefaces-aristo HTTP/1.1" 304 -
152.203.166.67 - - [27/Oct/2022:08:40:32 -0500] "POST /sipse/faces/bienvenido.xhtml HTTP/1.1" 200 2658
152.203.166.67 - - [27/Oct/2022:08:40:33 -0500] "POST /sipse/faces/bienvenido.xhtml HTTP/1.1" 200 65557
152.203.166.67 - - [27/Oct/2022:08:40:35 -0500] "GET /sipse/faces/javax.faces.resource/theme.css?ln=primefaces-sipse HTTP/1.1" 304 -
152.203.166.67 - - [27/Oct/2022:08:40:35 -0500] "GET /sipse/faces/javax.faces.resource/layout/layout.css?ln=primefaces&v=4.0 HTTP/1.1" 304 -
152.203.166.67 - - [27/Oct/2022:08:40:35 -0500] "GET /sipse/faces/javax.faces.resource/primefaces.css?ln=primefaces&v=4.0 HTTP/1.1" 304 -
152.203.166.67 - - [27/Oct/2022:08:40:35 -0500] "GET /sipse/faces/javax.faces.resource/jquery/jquery.js?ln=primefaces&v=4.0 HTTP/1.1" 304 -
152.203.166.67 - - [27/Oct/2022:08:40:35 -0500] "GET /sipse/faces/javax.faces.resource/jquery/jquery-plugins.js?ln=primefaces&v=4.0 HTTP/1.1" 304 -
152.203.166.67 - - [27/Oct/2022:08:40:35 -0500] "GET /sipse/faces/javax.faces.resource/primefaces.js?ln=primefaces&v=4.0 HTTP/1.1" 304 -
152.203.166.67 - - [27/Oct/2022:08:40:35 -0500] "GET /sipse/faces/javax.faces.resource/layout/layout.js?ln=primefaces&v=4.0 HTTP/1.1" 304 -
152.203.166.67 - - [27/Oct/2022:08:40:35 -0500] "POST /sipse/faces/presentacion/financiero/solicitudProceso/listarSolicitudProceso.xhtml HTTP/1.1" 200 1560
161.18.208.245 - - [27/Oct/2022:08:40:39 -0500] "GET /galeria/galeria/jquery.fancybox.css?v=2.1.5 HTTP/1.1" 200 4895
161.18.208.245 - - [27/Oct/2022:08:40:39 -0500] "GET /BLA/boletinlegal/js/jquery.scrollShow.js HTTP/1.1" 200 4586
161.18.208.245 - - [27/Oct/2022:08:40:39 -0500] "GET /galeria/galeria/jquery.fancybox.js?v=2.1.5 HTTP/1.1" 200 48706
190.159.14.237 - - [27/Oct/2022:08:40:41 -0500] "POST /sipse/faces/presentacion/financiero/solicitudProceso/listarSolicitudProceso.xhtml HTTP/1.1" 200 15326
172.22.2.1 - - [27/Oct/2022:08:40:44 -0500] "GET /reportes_sipse/sdg/ServletViabilidad?reporte=memo_viabilidad&solicitud=19169 HTTP/1.1" 200 1538
152.203.166.67 - - [27/Oct/2022:08:41:02 -0500] "POST /sipse/faces/presentacion/financiero/solicitudProceso/listarSolicitudProceso.xhtml HTTP/1.1" 200 32630
190.159.14.237 - - [27/Oct/2022:08:41:04 -0500] "POST /sipse/faces/presentacion/financiero/solicitudProceso/listarSolicitudProceso.xhtml HTTP/1.1" 200 15323
152.203.166.67 - - [27/Oct/2022:08:41:08 -0500] "POST /sipse/faces/presentacion/financiero/solicitudProceso/listarSolicitudProceso.xhtml HTTP/1.1" 200 32973
207.46.13.50 - - [27/Oct/2022:08:41:09 -0500] "GET /BLA/resoluciones/00000037.tif HTTP/1.1" 404 1018
152.203.166.67 - - [27/Oct/2022:08:41:12 -0500] "POST /sipse/faces/presentacion/financiero/solicitudProceso/listarSolicitudProceso.xhtml HTTP/1.1" 200 33038
152.203.166.67 - - [27/Oct/2022:08:41:16 -0500] "POST /sipse/faces/presentacion/financiero/solicitudProceso/listarSolicitudProceso.xhtml HTTP/1.1" 200 33581
152.203.166.67 - - [27/Oct/2022:08:41:20 -0500] "POST /sipse/faces/presentacion/financiero/solicitudProceso/listarSolicitudProceso.xhtml HTTP/1.1" 200 33384
172.22.2.4 - - [27/Oct/2022:08:41:25 -0500] "GET /BLA/boletinlegal/normativa.php HTTP/1.1" 200 8333
172.22.2.1 - - [27/Oct/2022:08:41:31 -0500] "GET /reportes_sipse/sdg/ServletViabilidad?reporte=memo_viabilidad&solicitud=19159 HTTP/1.1" 200 1538
172.22.2.4 - - [27/Oct/2022:08:41:41 -0500] "GET /BLA/boletinlegal/js/ajax_normativa.js HTTP/1.1" 200 1154
172.22.2.4 - - [27/Oct/2022:08:41:41 -0500] "GET /BLA/boletinlegal/niceforms-default.css HTTP/1.1" 200 6694
172.22.2.4 - - [27/Oct/2022:08:41:41 -0500] "GET /BLA/boletinlegal/niceforms.js HTTP/1.1" 200 22876
172.22.2.4 - - [27/Oct/2022:08:41:46 -0500] "GET /BLA/boletinlegal/style.css HTTP/1.1" 200 9406
172.22.2.4 - - [27/Oct/2022:08:41:46 -0500] "GET /BLA/boletinlegal/styles2.css HTTP/1.1" 200 1838
172.22.2.1 - - [27/Oct/2022:08:41:55 -0500] "GET /reportes_sipse/sdg/ServletViabilidad?reporte=memo_viabilidad&solicitud=19161 HTTP/1.1" 200 1538
201.245.192.253 - - [27/Oct/2022:08:41:57 -0500] "POST /kwsrmcab/Wsrmcab HTTP/1.1" 200 43942
201.245.192.253 - - [27/Oct/2022:08:42:00 -0500] "POST /kwsrmcab/Wsrmcab HTTP/1.1" 200 42291
172.22.2.4 - - [27/Oct/2022:08:40:37 -0500] "HEAD /BLA/boletinlegal/ HTTP/1.1" 200 -
172.22.2.4 - - [27/Oct/2022:08:41:28 -0500] "GET /BLA/boletinlegal/ HTTP/1.1" 200 57725
186.102.70.20 - - [27/Oct/2022:08:43:32 -0500] "GET /kwssiamovil/sm/acme/a?s=U2FsdGVkX18wO5D04NDOtXlQb8Z8H/FZcxF3A0uo3mKCK9t/uRaZeghxgb7zVFzwOl9WwyjURMsHUM5Jip1evQQnlYx6QJhJO8y8qpRcoe/2sjYydy6CGb/Q4kVIako0KGefVSOIPPzYPHky8TQuOgAsT357Etuppka3Luk623ZYuqAp4Sgr6ZTktz5QQmnfsqR2Rf4w4y2il9yVuAaqZChSQNEKC46a+ynbzMgp0C91FLl8Nu38Kg65JzjNFCeQrmVH+LwJzKlhLDlJibxheA==&u=U2FsdGVkX1/q0ct38hLfQ4lfagJvBOOnX49JmJ2xGR0=&y=U2FsdGVkX19jHCM0pAZ8X/lOV9ccYELM6IsJckJEzAtzG2UAtKfPoIcH87fGkF5v HTTP/1.1" 200 26
186.102.70.20 - - [27/Oct/2022:08:43:32 -0500] "GET /kwssiamovil/sm/acme/a?s=U2FsdGVkX1/3fiqBnELafQMVzLUiVrhL6G0cPO7XKbz8gMVssPaaUZQHHWb633OcKqW7OGqwQ6/UBrOBVjp2fgN7DQ56+Sk1G+LtimXdQHMSrM74XI9F6ubAarzWhC9bU3PRZMHHY6e37zvQmnvjmf/TCzo5Ux5Me0eLeRbGiIxAbJHPsMuJJT2hd/FkZOKxkHvdOUse6Y2pAMb3o/3a+hACSsWHEeRMajgfVghpP41qF6Ya5hm56f3JXWTm7afI0ugVEpLIx7JDgpZQOhm+aaZd1Pa+5FH4LHlbK2TJgIG0bCw+7E7jH2F5Gf/woyg7E6IvfCugbDylI0nd2G2FuTgct+ze6l4SHVQTawLvM7h9y4ixcjMK8mxPecxWgYvzNBoInvWMe58SCgg+9Fyoby2CZKuQUCYp34mEMHXYjaERFQCj8eGBUFsniYhlJkwM/PloMLs2ei41I7dgz06fVb9xQYWSlkX+pxLDxJ5dvN7520kRTAB6WsfsaxMyaVIRcuyl0xvAj934vhkVUwfIC6JgN7Gyuo2Vgs7dEkYH4xSEAUoEbml2ILVMNqIwFDL8BjsqQRGSj/gLGXsai4A7+nuR7jGLFUbJbAl4LRfVxEcjHGzTCk22g9PhCLr0Xnaq8IV8ccK83I9CICDpWX7JPExQzJpLMRBsL+Dmwq+oZtQF/B3fbufJ5MOZfmfjdENdLIZhcv1nrS08YKGcMpRlG4sYgmOMZ9m8EN6LKUXx2vxn5e9ZW88NmwKqc7aZyDjSunrQUtzbsMZQWuS6gMRoN0HXyMvS0iS1sEOyIhfvRiMH+tVPqaKfTYvtIXe0fLu7KhGudQLX5r1Mx5NVP16tD/KtpYzFrYrZzVDNhMKo/u5PgpfP2Jm1rGZCAHND0HcKMNUAxGGIgLZSKVTCg+twt5K6PQHrrf1yiln3ZsLaGaLAvEsHo6sgOoWc+hDwQvC+OrpudLzePgRI7ikOP10q0wcWVEwRBE8Q+O3W6q4EzBAqUJ71HZ2A9l3gvvxqiMMNzj7B+hU3JEkip9IE1id8zA40b9i3R0JwRjaMPQz86G4rnvy+fsFlIZTFSVbfj7U7MVmO517r36ItzC1NCBekME2qnA2mzRa86vB1mNhmSAsbl0lxbxOMvnO1cILgsPHQcXYOA+x0P4IxnbMWyhkRGYEdXCsB6aEcOzFpsaLu38tJ9N43DGyDZbuxK61GyjXeo/oQ+8jWVSXKh8EDj+zHre5e41RFKddrcFn4XNS2HLBk6n5X6fqvW6e6UmMdgUGXkUfvrvMW5ih9pNdaANXRHEGP+VdEnSxIM08H8ARIWhtxllxHzSj3b5SjahfOJkeMzXFBF13F2lF5Hq/hRGkFg+SmskX8grN/tUd3/Sjj+0UgB5VMvvUB/bISBWc+aMFz6x1EN9bcmOnjSHFHG9f2d9XibCPKDHJDnSsQrI+3DekRy1dxCANTYGd9u5GVDwPyG4t8XVefJGKjO7JjDfIQwqcCqEA1uuKymSkSBzSCBQNsjWjd9Y0JuGTgqpoaaXS+0EPCEr/KYuAgNlBbbwYUUFNgtEmIBIv3LXqeMowm1OFD8UbbxmG+pY4XGRUlQgQSEBHjGFQmTeIoFqh3FLmYT9Y/Q4eJhRgWBjU6KTiLApweNoSjEPfbK5exVET7QeUuh/1DR+ejTQb0DQXZZvRO6i3yFlZZOmbKOABFiFOVZMf2TJsQzfw9r9u/HBUbkXZ9kPelpV5e2zPE+g/U027tBoRuyfe51B4pT6hONwm25hpmSI+8m7iVBCzjn0bxvnyRYvJXzz4HuiaGeBjHYAiaXK4hhWDv0P9/yqe9DfL3EiwXhBZ0qIUhl16j7VUjwCHYYO4oalKF9hemZG4y5oSTsJP5mUNtcA4ptmC/zuQ46NWAZtDZxGehkV1DtRPWEDp55dmgHb68qjENLRNUcLW+/tTLaf3ouKJmPARYwVs5rKzrMzDQzxIEImVt9z3dTfz6uRGprpc7Ymcp3stRlY+ptYdgH9OwMpRUfh/0+LcSnmDTPmzgSVWS7GdwoadQ8dZIMHq1my+u5hujCB803AN9jnXHKX4MWVn5GxD+ky7QGSS0GYTGDGY2b3gMtfi7x6AZr2NR3++zS/5FKg/HI+2GYsk2G+1Wkp1dQrVrsT3eCFUWRdHb/sAGIFJj/A8RMWkZ&u=U2FsdGVkX1/q0ct38hLfQ4lfagJvBOOnX49JmJ2xGR0=&y=U2FsdGVkX19jHCM0pAZ8X/lOV9ccYELM6IsJckJEzAtzG2UAtKfPoIcH87fGkF5v HTTP/1.1" 200 26
172.22.2.1 - - [27/Oct/2022:08:43:32 -0500] "GET /reportes_sipse/sdg/ServletViabilidad?reporte=memo_viabilidad&solicitud=19170 HTTP/1.1" 200 1538
186.102.70.20 - - [27/Oct/2022:08:43:33 -0500] "GET /kwssiamovil/sm/acme/a?s=U2FsdGVkX1801KCobr5+Kuw6t6ImXBoAz5CtxaCNc+TqX724FG6R8hl2pe/q2ibm+dCTQMJfBbBJBHcgfDI6xUYXRbfSmpg2v+nTndt/W6PSrZAQWTaUne7CpZ2fkU9wqBTZ+t0DI+tSyT5A/YOqCZWmeEwQEeraNcIlCm2y/Fw=&u=U2FsdGVkX1/q0ct38hLfQ4lfagJvBOOnX49JmJ2xGR0=&y=U2FsdGVkX19jHCM0pAZ8X/lOV9ccYELM6IsJckJEzAtzG2UAtKfPoIcH87fGkF5v HTTP/1.1" 200 26
186.102.70.20 - - [27/Oct/2022:08:43:33 -0500] "GET /kwssiamovil/sm/acme/a?s=U2FsdGVkX1+uHaqiZaah0MIdJLHUdPMl+jpM7CHPWPcOd582mFsLm7d6n3oufzkT/HMSUC6/3JQDMHv4dhDCUw+wGbUjeL+rtAHmKa3UTM9Tbv/NiA6RjrfDRKY4VTXh0QRHTRlKR/9g2JhOtTH8R6lSVIquGabJuR1tGAdLx7w=&u=U2FsdGVkX1/q0ct38hLfQ4lfagJvBOOnX49JmJ2xGR0=&y=U2FsdGVkX19jHCM0pAZ8X/lOV9ccYELM6IsJckJEzAtzG2UAtKfPoIcH87fGkF5v HTTP/1.1" 200 26
186.102.70.20 - - [27/Oct/2022:08:43:33 -0500] "GET /kwssiamovil/sm/acme/a?s=U2FsdGVkX1/cGNGbOwJqnMPAY4KiDOV29eB/zCfL0kvarLFlO+Ww5JT3I0W+j4+AbrPZ4B7IuT0QKra9P24AdSq31xvgtl0o4YxND/Vn6jMiOiGCmL0EJbcgXJ6vrsX0qnpwglxDdoFuKSEK7514pj2rfapvu2/LdXPtQ4+c1Wo=&u=U2FsdGVkX1/q0ct38hLfQ4lfagJvBOOnX49JmJ2xGR0=&y=U2FsdGVkX19jHCM0pAZ8X/lOV9ccYELM6IsJckJEzAtzG2UAtKfPoIcH87fGkF5v HTTP/1.1" 200 25
186.31.43.65 - - [27/Oct/2022:08:43:33 -0500] "GET /appsia/controlador HTTP/1.1" 200 4799
186.31.43.65 - - [27/Oct/2022:08:43:33 -0500] "GET /appsia/css/estilos.css HTTP/1.1" 200 4804
186.102.70.20 - - [27/Oct/2022:08:43:33 -0500] "GET /kwssiamovil/sm/acme/a?s=U2FsdGVkX1+eHPl1m0jPjrEYWMGAkC89cq5jp7q1Mx33gwg7i4SPXS6Qu2pCZDyg5bXI/GNQyQsr52IOqEkmmbDLRlGD2+UWWXmAT5SHnZLXtcxnByYS+3xp+tkr1yFpLATZedxIpixFWDJmH4R6ucWbdCBPJb+SHCw6WytzcrIJ7KZc5NdLDCdwNUtasyYzLT/2XumBDXIXubDbhCoQAg==&u=U2FsdGVkX1/q0ct38hLfQ4lfagJvBOOnX49JmJ2xGR0=&y=U2FsdGVkX19jHCM0pAZ8X/lOV9ccYELM6IsJckJEzAtzG2UAtKfPoIcH87fGkF5v HTTP/1.1" 200 26
186.31.43.65 - - [27/Oct/2022:08:43:33 -0500] "GET /appsia/images/cabezoteHojaVida.png HTTP/1.1" 200 32493
186.31.43.65 - - [27/Oct/2022:08:43:33 -0500] "GET /appsia/images/logo_bogota_p.png HTTP/1.1" 200 14951
201.245.192.253 - - [27/Oct/2022:08:43:40 -0500] "POST /kwsrmcab/Wsrmcab  HTTP/1.1" 200 213
186.31.43.65 - - [27/Oct/2022:08:43:43 -0500] "POST /appsia/controlador HTTP/1.1" 200 5437
186.31.43.65 - - [27/Oct/2022:08:43:47 -0500] "POST /appsia/controlador HTTP/1.1" 200 9386
186.31.43.65 - - [27/Oct/2022:08:43:47 -0500] "GET /appsia/images/logo_escudo.png HTTP/1.1" 200 36965
190.159.14.237 - - [27/Oct/2022:08:44:01 -0500] "POST /sipse/faces/presentacion/financiero/solicitudProceso/listarSolicitudProceso.xhtml HTTP/1.1" 200 15482
172.22.2.1 - - [27/Oct/2022:08:44:59 -0500] "GET /reportes_sipse/sdg/ServletViabilidad?reporte=memo_viabilidad&solicitud=19157 HTTP/1.1" 200 1538
216.245.221.92 - - [27/Oct/2022:08:45:02 -0500] "HEAD / HTTP/1.1" 200 -
167.99.132.146 - - [27/Oct/2022:08:45:05 -0500] "\xbc\xb2\\?A\x95&\xc8\x16\x10l\xa10\x9e\xaa\xa2 \xe1\x05" 400 946
167.99.132.146 - - [27/Oct/2022:08:45:05 -0500] "\x16\x03\x01" 400 226
167.99.132.146 - - [27/Oct/2022:08:45:05 -0500] "\x16\x03\x01" 400 226
186.102.45.175 - - [27/Oct/2022:08:45:56 -0500] "GET /kwssiamovil/sm/ldap/au?x=U2FsdGVkX1+RpTNI8ARsquhC+CPGvQAft46ap0fMfRC+a913HmONJCbWbocnnXKt&y=U2FsdGVkX18mNerRHNLlNIyW+tFWXrUmwPRwCUDWKlGyfpqH25aKx/AArOuWK9xD HTTP/1.1" 200 30
186.102.45.175 - - [27/Oct/2022:08:45:56 -0500] "GET /kwssiamovil/sm/acme/s?s=U2FsdGVkX18EXMRtgRRqrCQ1mIPytxlKDb2xsuQl+u3DIMgB/MBWcsOSV5xIkRA3EQxjNLWqdEA+UPmFW19ZOZmY00O5gOvJDLBjDOPr4Jc=&u=U2FsdGVkX1/LFCa5qdiXHsiEjaTproUfeIGaxPzycQknbSH7lEuba0U7tj0303mc&y=U2FsdGVkX18mNerRHNLlNIyW+tFWXrUmwPRwCUDWKlGyfpqH25aKx/AArOuWK9xD HTTP/1.1" 200 97
186.102.45.175 - - [27/Oct/2022:08:45:56 -0500] "GET /kwssiamovil/sm/acme/s?s=U2FsdGVkX18grEC1ttS0qCELrGuj3UeSdqo7Uvi+b+IjabKdKjmTdRPneh3Dj5f1URUVtEt28o7nCORnN2CJSSeoIJaHSZx7BhIXUrqmRd0K5mHeF+98AhIadY0zW0qIWDsmlVubGMMKqPzWt82Cuz0jzC5gPiooLfeBym/ISj4/ivEoMYwTv6QbkEq1sp16cN09+mmYnw/hsTL5mhmWFmur2el1gbCi58ctba+4QyDU5Ei/6oP02ofsIzOJciByQKJXm7ej2mYUNnF5SRutf77aml3QjCjQIRblXDV47irbcYBkZvfoK8hixFQd03tLLxdkCVQ7Sf1WuskbCSjwZ2DkiIk5rAgBJ0h3eF+fa/0va3TWOj8virN+DbAcepna03WjWBfhHyDMy9X8IfXQboU5xwyOlvt0vEtiBiCF9fswMaWrEWFLOgGxeJNLn+lG6aSMgFgd4clCoG5F1H9HH2CsDoITQjnTOI0IZw3LvDD5sLODXJUYn14EZTvMYXT9l7UeEGaYmt8lTd0cYQLYxMv6ZWuRcsOL0RuTvrjxK08Vivx7gZNULUx1e8Laz5/P2WfUiksnKaUR9ONRbZHJVDR4tynCwwM6eI1PiYCjLdtwtSHMwlaOngiVWwtD1SYNN4snQsMmZcJYxycbVOczRC0lW9nNS49dCpjTNL5jmIG6Ra7kF48mHtVSldYDjIGM8W29PILXaqjUMYYajQLg27GuNVjywURHVokqDY8vxZU82hfeDPnCFDsAZnTVnERz9dzb1bGvX5hc3QgTfnaC9WAZnpIxumKVX/dYs3IY7VeZN2zJOuOBKhNzhWnU1Mc+zfO6nE4yQesnUyM3VuHRElEPTeTKwZcRJ/g3GjmJ44xq9z+a6WQ2uF+Mw0bPcuhARYcP1Kv7r+idxTLbsNz5smHelUhXlVhLfY4Za+3qylQ7BoSSjdZCI1ucRzBrGp/XQbtoPKjAcUXgqJqZX7RroMlXsokaYC/KW3detxOHcewcFgQ0UlWMAlm5wke7dyUarb4sqWf1Nv3lG/hA+9B8vcjRP13Y8RPZcAKV6GFjz5fdDxIeOsVV4Dm7UTtcPeK6883O1kdiEpWgsuoSp0yLfyqmny4MuSijFycY3n0OMeDX/6XLVuPJZwwsCWbSzKUslRARGBpy56ANEj+Yt4/dO3IFBYU7rIIjvg1cxtVOSzyrb95pF8kEgeJQabBTcqW8p7CKetq9UOyYaIZ0jF59w17Q1iBnPrKKWc34WV9xn5xTmrvixdtit2t881tyz/HrAgcP32e/iVK3DC3/NSnTDrTrjQh8pmkK3QMev4CHDKm2ymjqpX5lNH3LnEzGaTHlJcmBmwMxTf/h9ZER0jflLgR7WNEXjoqkxqXAJmUneuF4zAMvBAxO6jeGnnffGPmGld1T+Ug45hssLDekCF9rwNU6h2iHmPHcj5bn8HXXYik=&u=U2FsdGVkX1/LFCa5qdiXHsiEjaTproUfeIGaxPzycQknbSH7lEuba0U7tj0303mc&y=U2FsdGVkX18mNerRHNLlNIyW+tFWXrUmwPRwCUDWKlGyfpqH25aKx/AArOuWK9xD HTTP/1.1" 200 873
186.102.45.175 - - [27/Oct/2022:08:45:56 -0500] "GET /kwssiamovil/sm/acme/s?s=U2FsdGVkX1/gxScLylYuYbch9BJ94dV+4mVMuYgCxNWpSfMhP/sn05IqxcN4moTLrzp/+1hFAJoguqqFGGSjuiFAUcZ237SwhoGdlLe+odQOcrDvEASJQLgJe4iOcUrb1i5sJxNBY9lTNZPn1nMn+w==&u=U2FsdGVkX1/LFCa5qdiXHsiEjaTproUfeIGaxPzycQknbSH7lEuba0U7tj0303mc&y=U2FsdGVkX18mNerRHNLlNIyW+tFWXrUmwPRwCUDWKlGyfpqH25aKx/AArOuWK9xD HTTP/1.1" 200 92
