172.22.2.4 - - [27/Oct/2022:05:11:14 -0500] "GET /BLA/boletinlegal/Circulares/2012/Circular%20No.%2014%20del%2011%20de%20Septiembre%20de%202012.pdf HTTP/1.1" 200 3427471
172.22.2.4 - - [27/Oct/2022:05:11:15 -0500] "GET /BLA/boletinlegal/Circulares/2012/Circular%20No.%2014%20del%2011%20de%20Septiembre%20de%202012.pdf HTTP/1.1" 206 2062138
172.22.2.4 - - [27/Oct/2022:05:10:38 -0500] "HEAD /BLA/boletinlegal/ HTTP/1.1" 200 -
157.55.39.201 - - [27/Oct/2022:05:13:05 -0500] "GET /BLA/resoluciones/RESOLUCIONES%202001/2001%20600-649.TIF HTTP/1.1" 200 9885868
172.22.2.4 - - [27/Oct/2022:05:11:29 -0500] "GET /BLA/boletinlegal/ HTTP/1.1" 200 57725
201.245.192.253 - - [27/Oct/2022:05:14:25 -0500] "POST /kwsrmcab/Wsrmcab  HTTP/1.1" 200 213
216.245.221.92 - - [27/Oct/2022:05:15:03 -0500] "HEAD / HTTP/1.1" 200 -
172.22.2.4 - - [27/Oct/2022:05:16:23 -0500] "GET /BLA/boletinlegal/ HTTP/1.1" 200 48733
172.22.2.4 - - [27/Oct/2022:05:16:28 -0500] "HEAD /BLA/boletinlegal/ HTTP/1.1" 200 -
66.249.73.167 - - [27/Oct/2022:05:18:18 -0500] "-" 408 -
172.22.2.4 - - [27/Oct/2022:05:17:18 -0500] "GET /BLA/boletinlegal/ HTTP/1.1" 200 54823
201.245.192.253 - - [27/Oct/2022:05:19:23 -0500] "POST /kwsrmcab/Wsrmcab  HTTP/1.1" 200 213
216.245.221.92 - - [27/Oct/2022:05:20:03 -0500] "HEAD / HTTP/1.1" 200 -
174.138.188.242 - - [27/Oct/2022:05:21:24 -0500] "-" 408 -
201.245.192.253 - - [27/Oct/2022:05:21:58 -0500] "POST /kwsrmcab/Wsrmcab HTTP/1.1" 200 43709
201.245.192.253 - - [27/Oct/2022:05:22:00 -0500] "POST /kwsrmcab/Wsrmcab HTTP/1.1" 200 42270
194.55.186.199 - - [27/Oct/2022:05:23:46 -0500] "POST /boaform/admin/formLogin HTTP/1.1" 404 1186
172.22.2.4 - - [27/Oct/2022:05:22:18 -0500] "HEAD /BLA/boletinlegal/ HTTP/1.1" 200 -
201.245.192.253 - - [27/Oct/2022:05:24:22 -0500] "POST /kwsrmcab/Wsrmcab  HTTP/1.1" 200 213
172.22.2.4 - - [27/Oct/2022:05:23:08 -0500] "GET /BLA/boletinlegal/ HTTP/1.1" 200 59828
216.245.221.92 - - [27/Oct/2022:05:25:03 -0500] "HEAD / HTTP/1.1" 200 -
66.249.73.167 - - [27/Oct/2022:05:26:38 -0500] "-" 408 -
142.93.98.107 - - [27/Oct/2022:05:27:26 -0500] "HEAD / HTTP/1.0" 200 -
142.93.98.107 - - [27/Oct/2022:05:27:29 -0500] "GET /system_api.php HTTP/1.1" 404 1018
142.93.98.107 - - [27/Oct/2022:05:27:31 -0500] "GET /c/version.js HTTP/1.1" 404 1018
142.93.98.107 - - [27/Oct/2022:05:27:33 -0500] "GET /streaming/clients_live.php HTTP/1.1" 404 1018
142.93.98.107 - - [27/Oct/2022:05:27:36 -0500] "GET /stalker_portal/c/version.js HTTP/1.1" 404 1018
142.93.98.107 - - [27/Oct/2022:05:27:38 -0500] "GET /stream/live.php HTTP/1.1" 404 1018
142.93.98.107 - - [27/Oct/2022:05:27:40 -0500] "GET /flu/403.html HTTP/1.1" 404 1018
142.93.98.107 - - [27/Oct/2022:05:27:43 -0500] "GET / HTTP/1.1" 200 319
201.245.192.253 - - [27/Oct/2022:05:29:21 -0500] "POST /kwsrmcab/Wsrmcab  HTTP/1.1" 200 213
172.22.2.4 - - [27/Oct/2022:05:28:08 -0500] "HEAD /BLA/boletinlegal/ HTTP/1.1" 200 -
216.245.221.92 - - [27/Oct/2022:05:30:03 -0500] "HEAD / HTTP/1.1" 200 -
185.119.81.106 - - [27/Oct/2022:05:30:35 -0500] "GET /portaldeninos/wp-login.php HTTP/1.1" 200 2592
185.119.81.106 - - [27/Oct/2022:05:30:37 -0500] "POST /portaldeninos/wp-login.php HTTP/1.1" 200 3605
172.22.2.4 - - [27/Oct/2022:05:28:58 -0500] "GET /BLA/boletinlegal/ HTTP/1.1" 200 59828
201.245.192.253 - - [27/Oct/2022:05:31:58 -0500] "GET /kwsrmcab/Wsrmcab?wsdl HTTP/1.1" 200 6948
201.245.192.253 - - [27/Oct/2022:05:31:58 -0500] "POST /kwsrmcab/Wsrmcab HTTP/1.1" 200 43709
201.245.192.253 - - [27/Oct/2022:05:32:01 -0500] "POST /kwsrmcab/Wsrmcab HTTP/1.1" 200 42270
207.46.13.50 - - [27/Oct/2022:05:34:21 -0500] "GET /BLA/resoluciones/RESOLUCIONES%202001/2001%20850-899.TIF HTTP/1.1" 200 9964820
201.245.192.253 - - [27/Oct/2022:05:34:20 -0500] "POST /kwsrmcab/Wsrmcab  HTTP/1.1" 200 213
191.156.187.161 - - [27/Oct/2022:05:34:43 -0500] "GET /appsia/controlador HTTP/1.1" 200 4799
191.156.187.161 - - [27/Oct/2022:05:34:44 -0500] "GET /appsia/css/estilos.css HTTP/1.1" 200 4804
191.156.188.8 - - [27/Oct/2022:05:34:44 -0500] "GET /appsia/scripts/validarIngreso.js HTTP/1.1" 200 851
191.156.188.8 - - [27/Oct/2022:05:34:45 -0500] "GET /appsia/images/logo_bogota_p.png HTTP/1.1" 200 14951
191.156.187.161 - - [27/Oct/2022:05:34:45 -0500] "GET /appsia/images/cabezoteHojaVida.png HTTP/1.1" 200 32493
191.156.187.161 - - [27/Oct/2022:05:34:47 -0500] "POST /appsia/controlador HTTP/1.1" 200 4621
191.156.187.161 - - [27/Oct/2022:05:34:50 -0500] "POST /appsia/controlador HTTP/1.1" 200 83062
191.156.188.8 - - [27/Oct/2022:05:34:50 -0500] "GET /appsia/images/logo_escudo.png HTTP/1.1" 200 36965
69.63.189.1 - - [27/Oct/2022:05:34:56 -0500] "GET /garza-azul-nueva-ave-registrada-en-el-humedal-el-burro.html HTTP/1.1" 206 890
66.249.73.167 - - [27/Oct/2022:05:35:01 -0500] "-" 408 -
216.245.221.92 - - [27/Oct/2022:05:35:03 -0500] "HEAD / HTTP/1.1" 200 -
172.22.2.4 - - [27/Oct/2022:05:33:58 -0500] "HEAD /BLA/boletinlegal/ HTTP/1.1" 200 -
172.22.2.4 - - [27/Oct/2022:05:34:48 -0500] "GET /BLA/boletinlegal/ HTTP/1.1" 200 59319
172.22.2.4 - - [27/Oct/2022:05:36:47 -0500] "GET /BLA/boletinlegal/Circulares/2011/Circular%20No.%209%20del%2003%20de%20Noviembre%20de%202011.pdf HTTP/1.1" 200 54568
201.245.192.253 - - [27/Oct/2022:05:39:19 -0500] "POST /kwsrmcab/Wsrmcab  HTTP/1.1" 200 213
172.22.2.4 - - [27/Oct/2022:05:38:09 -0500] "GET /BLA/boletinlegal/ HTTP/1.1" 200 62772
216.245.221.92 - - [27/Oct/2022:05:40:03 -0500] "HEAD / HTTP/1.1" 200 -
172.22.2.4 - - [27/Oct/2022:05:39:48 -0500] "HEAD /BLA/boletinlegal/ HTTP/1.1" 200 -
201.245.192.253 - - [27/Oct/2022:05:41:57 -0500] "POST /kwsrmcab/Wsrmcab HTTP/1.1" 200 43709
201.245.192.253 - - [27/Oct/2022:05:42:00 -0500] "POST /kwsrmcab/Wsrmcab HTTP/1.1" 200 42270
172.22.2.4 - - [27/Oct/2022:05:40:38 -0500] "GET /BLA/boletinlegal/ HTTP/1.1" 200 57725
45.33.80.237 - - [27/Oct/2022:05:42:53 -0500] "GET /galeria/galeria/jquery.fancybox.css?v=2.1.5 HTTP/1.1" 200 4895
45.33.80.237 - - [27/Oct/2022:05:42:53 -0500] "GET /BLA/boletinlegal/js/jquery.scrollShow.js HTTP/1.1" 200 4586
45.33.80.237 - - [27/Oct/2022:05:42:53 -0500] "GET /galeria/galeria/jquery.fancybox.js?v=2.1.5 HTTP/1.1" 200 48706
201.245.192.253 - - [27/Oct/2022:05:44:19 -0500] "POST /kwsrmcab/Wsrmcab  HTTP/1.1" 200 213
216.245.221.92 - - [27/Oct/2022:05:45:03 -0500] "HEAD / HTTP/1.1" 200 -
172.22.2.4 - - [27/Oct/2022:05:45:38 -0500] "HEAD /BLA/boletinlegal/ HTTP/1.1" 200 -
157.55.39.201 - - [27/Oct/2022:05:47:49 -0500] "GET /BLA/resoluciones/RESOLUCIONES%202001/2001%201050-1099.TIF HTTP/1.1" 200 17232248
172.22.2.4 - - [27/Oct/2022:05:46:28 -0500] "GET /BLA/boletinlegal/ HTTP/1.1" 200 59828
20.163.139.242 - - [27/Oct/2022:05:49:07 -0500] "GET /portaldeninos/aulas-ambientales-2/parque-ecologico-distrital-de-montana-entrenubes/ HTTP/1.1" 200 90406
201.245.192.253 - - [27/Oct/2022:05:49:18 -0500] "POST /kwsrmcab/Wsrmcab  HTTP/1.1" 200 213
216.245.221.92 - - [27/Oct/2022:05:50:03 -0500] "HEAD / HTTP/1.1" 200 -
186.154.73.34 - - [27/Oct/2022:05:52:23 -0500] "HEAD /privados-y-distrito-inauguraron-vivero-en-la-reserva-van-der-hammen-con-capacidad-para-producir-50-mil-arboles-al-ano.html HTTP/1.1" 200 -
186.154.73.34 - - [27/Oct/2022:05:52:23 -0500] "GET /privados-y-distrito-inauguraron-vivero-en-la-reserva-van-der-hammen-con-capacidad-para-producir-50-mil-arboles-al-ano.html HTTP/1.1" 200 899
186.154.73.34 - - [27/Oct/2022:05:52:24 -0500] "GET /privados-y-distrito-inauguraron-vivero-en-la-reserva-van-der-hammen-con-capacidad-para-producir-50-mil-arboles-al-ano.html HTTP/1.1" 200 899
172.22.2.4 - - [27/Oct/2022:05:51:28 -0500] "HEAD /BLA/boletinlegal/ HTTP/1.1" 200 -
172.22.2.4 - - [27/Oct/2022:05:52:18 -0500] "GET /BLA/boletinlegal/ HTTP/1.1" 200 57725
201.245.192.253 - - [27/Oct/2022:05:54:17 -0500] "POST /kwsrmcab/Wsrmcab  HTTP/1.1" 200 213
216.245.221.92 - - [27/Oct/2022:05:55:03 -0500] "HEAD / HTTP/1.1" 200 -
185.119.81.106 - - [27/Oct/2022:05:57:06 -0500] "GET /portaldeninos/wp-login.php HTTP/1.1" 200 2592
185.119.81.106 - - [27/Oct/2022:05:57:07 -0500] "POST /portaldeninos/wp-login.php HTTP/1.1" 200 3670
138.201.48.205 - - [27/Oct/2022:05:57:33 -0500] "GET /privados-y-distrito-inauguraron-vivero-en-la-reserva-van-der-hammen-con-capacidad-para-producir-50-mil-arboles-al-ano.html HTTP/1.1" 200 899
172.22.2.4 - - [27/Oct/2022:05:57:18 -0500] "HEAD /BLA/boletinlegal/ HTTP/1.1" 200 -
201.245.192.253 - - [27/Oct/2022:05:59:15 -0500] "POST /kwsrmcab/Wsrmcab  HTTP/1.1" 200 213
172.22.2.4 - - [27/Oct/2022:05:58:08 -0500] "GET /BLA/boletinlegal/ HTTP/1.1" 200 57725
216.245.221.92 - - [27/Oct/2022:06:00:03 -0500] "HEAD / HTTP/1.1" 200 -
193.150.70.106 - - [27/Oct/2022:06:00:03 -0500] "GET /portaldeninos/ HTTP/1.1" 200 110197
193.150.70.106 - - [27/Oct/2022:06:00:05 -0500] "GET /portaldeninos/wp-admin/admin-ajax.php HTTP/1.1" 400 1
193.150.70.106 - - [27/Oct/2022:06:00:07 -0500] "GET /portaldeninos/wp-admin/admin-ajax.php?action=register HTTP/1.1" 400 1
201.245.192.253 - - [27/Oct/2022:06:04:14 -0500] "POST /kwsrmcab/Wsrmcab  HTTP/1.1" 200 213
172.22.2.4 - - [27/Oct/2022:06:03:08 -0500] "HEAD /BLA/boletinlegal/ HTTP/1.1" 200 -
216.245.221.92 - - [27/Oct/2022:06:05:03 -0500] "HEAD / HTTP/1.1" 200 -
172.22.2.4 - - [27/Oct/2022:06:03:58 -0500] "GET /BLA/boletinlegal/ HTTP/1.1" 200 59828
185.119.81.109 - - [27/Oct/2022:06:05:39 -0500] "GET /portaldeninos/wp-login.php HTTP/1.1" 200 2592
185.119.81.109 - - [27/Oct/2022:06:05:40 -0500] "POST /portaldeninos/wp-login.php HTTP/1.1" 200 3650
201.245.192.253 - - [27/Oct/2022:06:09:13 -0500] "POST /kwsrmcab/Wsrmcab  HTTP/1.1" 200 213
216.245.221.92 - - [27/Oct/2022:06:10:03 -0500] "HEAD / HTTP/1.1" 200 -
185.119.81.99 - - [27/Oct/2022:06:10:06 -0500] "GET /portaldeninos/wp-login.php HTTP/1.1" 200 2592
185.119.81.99 - - [27/Oct/2022:06:10:07 -0500] "POST /portaldeninos/wp-login.php HTTP/1.1" 200 3605
172.22.2.4 - - [27/Oct/2022:06:08:58 -0500] "HEAD /BLA/boletinlegal/ HTTP/1.1" 200 -
172.22.2.4 - - [27/Oct/2022:06:09:48 -0500] "GET /BLA/boletinlegal/ HTTP/1.1" 200 59828
114.119.141.42 - - [27/Oct/2022:06:11:35 -0500] "GET /Autoliquidacion/index.php?dir=TR%C3%83%C2%AF%C3%82%C2%BF%C3%82%C2%BDMITES%2BAGUAS%2BSUPERFICIALES/&sort=name&order=asc HTTP/1.1" 200 6901
185.119.81.106 - - [27/Oct/2022:06:13:37 -0500] "GET /portaldeninos/wp-login.php HTTP/1.1" 200 2592
185.119.81.106 - - [27/Oct/2022:06:13:38 -0500] "POST /portaldeninos/wp-login.php HTTP/1.1" 200 3670
201.245.192.253 - - [27/Oct/2022:06:14:12 -0500] "POST /kwsrmcab/Wsrmcab  HTTP/1.1" 200 213
216.245.221.92 - - [27/Oct/2022:06:15:03 -0500] "HEAD / HTTP/1.1" 200 -
172.22.2.4 - - [27/Oct/2022:06:14:48 -0500] "HEAD /BLA/boletinlegal/ HTTP/1.1" 200 -
191.156.62.38 - - [27/Oct/2022:06:17:01 -0500] "GET /conoce-los-videos-postulados-a-mejores-practicas-ambientales-implementadas-por-entidades-publicas.html HTTP/1.1" 200 978
172.22.2.4 - - [27/Oct/2022:06:15:38 -0500] "GET /BLA/boletinlegal/ HTTP/1.1" 200 57725
93.204.145.220 - - [27/Oct/2022:06:18:08 -0500] "GET /phpmyadmin1/index.php?lang=en HTTP/1.1" 403 1165
93.204.145.220 - - [27/Oct/2022:06:18:09 -0500] "GET /phpmyAdmin/index.php?lang=en HTTP/1.1" 403 1165
93.204.145.220 - - [27/Oct/2022:06:18:09 -0500] "GET /2phpmyadmin/index.php?lang=en HTTP/1.1" 404 1018
93.204.145.220 - - [27/Oct/2022:06:18:09 -0500] "GET /php-myadmin/index.php?lang=en HTTP/1.1" 404 1018
93.204.145.220 - - [27/Oct/2022:06:18:09 -0500] "GET /program/index.php?lang=en HTTP/1.1" 404 1018
93.204.145.220 - - [27/Oct/2022:06:18:09 -0500] "GET /admin/phpmyadmin/index.php?lang=en HTTP/1.1" 404 1018
93.204.145.220 - - [27/Oct/2022:06:18:10 -0500] "GET /phpmyadmin4/index.php?lang=en HTTP/1.1" 403 1165
93.204.145.220 - - [27/Oct/2022:06:18:10 -0500] "GET /_phpmyadmin/index.php?lang=en HTTP/1.1" 404 1018
93.204.145.220 - - [27/Oct/2022:06:18:10 -0500] "GET /phpMyAdmin-5.3.0/index.php?lang=en HTTP/1.1" 403 1165
93.204.145.220 - - [27/Oct/2022:06:18:10 -0500] "GET /mysql/mysqlmanager/index.php?lang=en HTTP/1.1" 404 1018
93.204.145.220 - - [27/Oct/2022:06:18:10 -0500] "GET /sql/sql/index.php?lang=en HTTP/1.1" 404 1018
93.204.145.220 - - [27/Oct/2022:06:18:10 -0500] "GET /db/dbweb/index.php?lang=en HTTP/1.1" 404 1018
93.204.145.220 - - [27/Oct/2022:06:18:11 -0500] "GET /db/phpmyadmin/index.php?lang=en HTTP/1.1" 404 1018
93.204.145.220 - - [27/Oct/2022:06:18:11 -0500] "GET /sql/phpmyadmin4/index.php?lang=en HTTP/1.1" 404 1018
93.204.145.220 - - [27/Oct/2022:06:18:11 -0500] "GET /sql/phpmy-admin/index.php?lang=en HTTP/1.1" 404 1018
93.204.145.220 - - [27/Oct/2022:06:18:11 -0500] "GET /phpmyadmin2016/index.php?lang=en HTTP/1.1" 403 1165
93.204.145.220 - - [27/Oct/2022:06:18:11 -0500] "GET /phpMyAdmin2/index.php?lang=en HTTP/1.1" 403 1165
93.204.145.220 - - [27/Oct/2022:06:18:12 -0500] "GET /phpMyAdmin4/index.php?lang=en HTTP/1.1" 403 1165
93.204.145.220 - - [27/Oct/2022:06:18:12 -0500] "GET /phpmy/index.php?lang=en HTTP/1.1" 404 1018
93.204.145.220 - - [27/Oct/2022:06:18:12 -0500] "GET /mysql/pma/index.php?lang=en HTTP/1.1" 404 1018
93.204.145.220 - - [27/Oct/2022:06:18:12 -0500] "GET /phpMyAdmin-5.1.0/index.php?lang=en HTTP/1.1" 403 1165
93.204.145.220 - - [27/Oct/2022:06:18:12 -0500] "GET /phpmyadmin/index.php?lang=en HTTP/1.1" 403 1165
93.204.145.220 - - [27/Oct/2022:06:18:13 -0500] "GET /2phpmyadmin/index.php?lang=en HTTP/1.1" 404 1018
93.204.145.220 - - [27/Oct/2022:06:18:13 -0500] "GET /db/dbadmin/index.php?lang=en HTTP/1.1" 404 1018
93.204.145.220 - - [27/Oct/2022:06:18:13 -0500] "GET /_phpmyadmin_/index.php?lang=en HTTP/1.1" 404 1018
93.204.145.220 - - [27/Oct/2022:06:18:13 -0500] "GET /sql/phpMyAdmin2/index.php?lang=en HTTP/1.1" 404 1018
93.204.145.220 - - [27/Oct/2022:06:18:13 -0500] "GET /phpMyAdmin-5.1.2/index.php?lang=en HTTP/1.1" 403 1165
93.204.145.220 - - [27/Oct/2022:06:18:14 -0500] "GET /db/phpmyadmin5/index.php?lang=en HTTP/1.1" 404 1018
93.204.145.220 - - [27/Oct/2022:06:18:14 -0500] "GET /sql/phpmyadmin5/index.php?lang=en HTTP/1.1" 404 1018
93.204.145.220 - - [27/Oct/2022:06:18:14 -0500] "GET /db/phpmyadmin3/index.php?lang=en HTTP/1.1" 404 1018
93.204.145.220 - - [27/Oct/2022:06:18:14 -0500] "GET /phpmyadmin2014/index.php?lang=en HTTP/1.1" 403 1165
93.204.145.220 - - [27/Oct/2022:06:18:14 -0500] "GET /db/webdb/index.php?lang=en HTTP/1.1" 404 1018
93.204.145.220 - - [27/Oct/2022:06:18:15 -0500] "GET /phpMyAdmin-5/index.php?lang=en HTTP/1.1" 403 1165
93.204.145.220 - - [27/Oct/2022:06:18:15 -0500] "GET /MyAdmin/index.php?lang=en HTTP/1.1" 404 1018
93.204.145.220 - - [27/Oct/2022:06:18:15 -0500] "GET /db/myadmin/index.php?lang=en HTTP/1.1" 404 1018
93.204.145.220 - - [27/Oct/2022:06:18:15 -0500] "GET /mysql/admin/index.php?lang=en HTTP/1.1" 404 1018
93.204.145.220 - - [27/Oct/2022:06:18:15 -0500] "GET /_phpmyadmin/index.php?lang=en HTTP/1.1" 404 1018
93.204.145.220 - - [27/Oct/2022:06:18:15 -0500] "GET /phpMyAdmin_/index.php?lang=en HTTP/1.1" 403 1165
93.204.145.220 - - [27/Oct/2022:06:18:16 -0500] "GET /phpMyAdmin-5.2.0-all-languages/index.php?lang=en HTTP/1.1" 403 1165
93.204.145.220 - - [27/Oct/2022:06:18:16 -0500] "GET /mysql/dbadmin/index.php?lang=en HTTP/1.1" 404 1018
93.204.145.220 - - [27/Oct/2022:06:18:16 -0500] "GET /phpMyadmin/index.php?lang=en HTTP/1.1" 403 1165
93.204.145.220 - - [27/Oct/2022:06:18:16 -0500] "GET /phpMyAdmin-latest-english/index.php?lang=en HTTP/1.1" 403 1165
93.204.145.220 - - [27/Oct/2022:06:18:16 -0500] "GET /sqlmanager/index.php?lang=en HTTP/1.1" 404 1018
93.204.145.220 - - [27/Oct/2022:06:18:17 -0500] "GET /db/db-admin/index.php?lang=en HTTP/1.1" 404 1018
93.204.145.220 - - [27/Oct/2022:06:18:17 -0500] "GET /admin/pma/index.php?lang=en HTTP/1.1" 404 1018
93.204.145.220 - - [27/Oct/2022:06:18:17 -0500] "GET /php-my-admin/index.php?lang=en HTTP/1.1" 404 1018
93.204.145.220 - - [27/Oct/2022:06:18:17 -0500] "GET /db/phpMyAdmin-3/index.php?lang=en HTTP/1.1" 404 1018
93.204.145.220 - - [27/Oct/2022:06:18:17 -0500] "GET /phpMyAdmin5.1/index.php?lang=en HTTP/1.1" 403 1165
93.204.145.220 - - [27/Oct/2022:06:18:18 -0500] "GET /phpMyAdmin3/index.php?lang=en HTTP/1.1" 403 1165
93.204.145.220 - - [27/Oct/2022:06:18:18 -0500] "GET /db/websql/index.php?lang=en HTTP/1.1" 404 1018
93.204.145.220 - - [27/Oct/2022:06:18:18 -0500] "GET /phpmyadmin2/index.php?lang=en HTTP/1.1" 403 1165
93.204.145.220 - - [27/Oct/2022:06:18:18 -0500] "GET /administrator/PMA/index.php?lang=en HTTP/1.1" 404 1018
93.204.145.220 - - [27/Oct/2022:06:18:18 -0500] "GET /administrator/pma/index.php?lang=en HTTP/1.1" 404 1018
93.204.145.220 - - [27/Oct/2022:06:18:19 -0500] "GET /administrator/phpMyAdmin/index.php?lang=en HTTP/1.1" 404 1018
93.204.145.220 - - [27/Oct/2022:06:18:19 -0500] "GET /administrator/phpmyadmin/index.php?lang=en HTTP/1.1" 404 1018
93.204.145.220 - - [27/Oct/2022:06:18:19 -0500] "GET /db/phpMyAdmin-3/index.php?lang=en HTTP/1.1" 404 1018
93.204.145.220 - - [27/Oct/2022:06:18:19 -0500] "GET /admin/phpmyadmin/index.php?lang=en HTTP/1.1" 404 1018
93.204.145.220 - - [27/Oct/2022:06:18:19 -0500] "GET /phpmyadmin3/index.php?lang=en HTTP/1.1" 403 1165
93.204.145.220 - - [27/Oct/2022:06:18:20 -0500] "GET /db/phpMyAdmin-4/index.php?lang=en HTTP/1.1" 404 1018
93.204.145.220 - - [27/Oct/2022:06:18:20 -0500] "GET /db/websql/index.php?lang=en HTTP/1.1" 404 1018
93.204.145.220 - - [27/Oct/2022:06:18:20 -0500] "GET /sql/sqlweb/index.php?lang=en HTTP/1.1" 404 1018
93.204.145.220 - - [27/Oct/2022:06:18:20 -0500] "GET /phpMyAdmin2/index.php?lang=en HTTP/1.1" 403 1165
93.204.145.220 - - [27/Oct/2022:06:18:20 -0500] "GET /phpMyAdmin4/index.php?lang=en HTTP/1.1" 403 1165
93.204.145.220 - - [27/Oct/2022:06:18:20 -0500] "GET /phpmyadmin_/index.php?lang=en HTTP/1.1" 403 1165
93.204.145.220 - - [27/Oct/2022:06:18:21 -0500] "GET /db/myadmin/index.php?lang=en HTTP/1.1" 404 1018
93.204.145.220 - - [27/Oct/2022:06:18:21 -0500] "GET /phpmy-admin/index.php?lang=en HTTP/1.1" 404 1018
93.204.145.220 - - [27/Oct/2022:06:18:21 -0500] "GET /db/phpmyadmin/index.php?lang=en HTTP/1.1" 404 1018
93.204.145.220 - - [27/Oct/2022:06:18:21 -0500] "GET /phpMyAdmin/index.php?lang=en HTTP/1.1" 403 1165
93.204.145.220 - - [27/Oct/2022:06:18:21 -0500] "GET /sql/phpmy-admin/index.php?lang=en HTTP/1.1" 404 1018
93.204.145.220 - - [27/Oct/2022:06:18:22 -0500] "GET /database/index.php?lang=en HTTP/1.1" 404 1018
93.204.145.220 - - [27/Oct/2022:06:18:22 -0500] "GET /phpmyadmin2019/index.php?lang=en HTTP/1.1" 403 1165
93.204.145.220 - - [27/Oct/2022:06:18:22 -0500] "GET /_phpMyAdmin/index.php?lang=en HTTP/1.1" 404 1018
93.204.145.220 - - [27/Oct/2022:06:18:22 -0500] "GET /phpmyadmin2/index.php?lang=en HTTP/1.1" 403 1165
93.204.145.220 - - [27/Oct/2022:06:18:22 -0500] "GET /db/phpmyadmin4/index.php?lang=en HTTP/1.1" 404 1018
93.204.145.220 - - [27/Oct/2022:06:18:23 -0500] "GET /db/phpMyAdmin/index.php?lang=en HTTP/1.1" 404 1018
93.204.145.220 - - [27/Oct/2022:06:18:23 -0500] "GET /administrator/PMA/index.php?lang=en HTTP/1.1" 404 1018
93.204.145.220 - - [27/Oct/2022:06:18:23 -0500] "GET /PMA/index.php?lang=en HTTP/1.1" 404 1018
93.204.145.220 - - [27/Oct/2022:06:18:23 -0500] "GET /MyAdmin/index.php?lang=en HTTP/1.1" 404 1018
93.204.145.220 - - [27/Oct/2022:06:18:23 -0500] "GET /db/webadmin/index.php?lang=en HTTP/1.1" 404 1018
93.204.145.220 - - [27/Oct/2022:06:18:24 -0500] "GET /mysql/index.php?lang=en HTTP/1.1" 404 1018
93.204.145.220 - - [27/Oct/2022:06:18:24 -0500] "GET /phpMyAdmin-latest-all-languages/index.php?lang=en HTTP/1.1" 403 1165
93.204.145.220 - - [27/Oct/2022:06:18:24 -0500] "GET /phpmyadmin2020/index.php?lang=en HTTP/1.1" 403 1165
93.204.145.220 - - [27/Oct/2022:06:18:24 -0500] "GET /admin/db/index.php?lang=en HTTP/1.1" 404 1018
93.204.145.220 - - [27/Oct/2022:06:18:24 -0500] "GET /sql/phpmyadmin5/index.php?lang=en HTTP/1.1" 404 1018
93.204.145.220 - - [27/Oct/2022:06:18:24 -0500] "GET /phppma/index.php?lang=en HTTP/1.1" 404 1018
93.204.145.220 - - [27/Oct/2022:06:18:25 -0500] "GET /db/dbweb/index.php?lang=en HTTP/1.1" 404 1018
93.204.145.220 - - [27/Oct/2022:06:18:25 -0500] "GET /_phpmyadmin_/index.php?lang=en HTTP/1.1" 404 1018
93.204.145.220 - - [27/Oct/2022:06:18:25 -0500] "GET /phpMyAdmin5.2/index.php?lang=en HTTP/1.1" 403 1165
93.204.145.220 - - [27/Oct/2022:06:18:25 -0500] "GET /sql/phpmanager/index.php?lang=en HTTP/1.1" 404 1018
93.204.145.220 - - [27/Oct/2022:06:18:25 -0500] "GET /_phpmyadmin/index.php?lang=en HTTP/1.1" 404 1018
93.204.145.220 - - [27/Oct/2022:06:18:26 -0500] "GET /mysql/dbadmin/index.php?lang=en HTTP/1.1" 404 1018
93.204.145.220 - - [27/Oct/2022:06:18:26 -0500] "GET /2phpmyadmin/index.php?lang=en HTTP/1.1" 404 1018
93.204.145.220 - - [27/Oct/2022:06:18:26 -0500] "GET /sqlmanager/index.php?lang=en HTTP/1.1" 404 1018
93.204.145.220 - - [27/Oct/2022:06:18:26 -0500] "GET /mysql/sqlmanager/index.php?lang=en HTTP/1.1" 404 1018
93.204.145.220 - - [27/Oct/2022:06:18:26 -0500] "GET /admin/index.php?lang=en HTTP/1.1" 404 1018
93.204.145.220 - - [27/Oct/2022:06:18:27 -0500] "GET /db/webdb/index.php?lang=en HTTP/1.1" 404 1018
93.204.145.220 - - [27/Oct/2022:06:18:27 -0500] "GET /mysql/pMA/index.php?lang=en HTTP/1.1" 404 1018
93.204.145.220 - - [27/Oct/2022:06:18:27 -0500] "GET /phpMyAdmin-5.3.0/index.php?lang=en HTTP/1.1" 403 1165
93.204.145.220 - - [27/Oct/2022:06:18:27 -0500] "GET /db/db-admin/index.php?lang=en HTTP/1.1" 404 1018
93.204.145.220 - - [27/Oct/2022:06:18:27 -0500] "GET /mysql/admin/index.php?lang=en HTTP/1.1" 404 1018
93.204.145.220 - - [27/Oct/2022:06:18:28 -0500] "GET /sql/sql/index.php?lang=en HTTP/1.1" 404 1018
93.204.145.220 - - [27/Oct/2022:06:18:28 -0500] "GET /shopdb/index.php?lang=en HTTP/1.1" 404 1018
93.204.145.220 - - [27/Oct/2022:06:18:28 -0500] "GET /phpMyAdmin-5/index.php?lang=en HTTP/1.1" 403 1165
93.204.145.220 - - [27/Oct/2022:06:18:28 -0500] "GET /program/index.php?lang=en HTTP/1.1" 404 1018
93.204.145.220 - - [27/Oct/2022:06:18:28 -0500] "GET /phpMyAdmin-5.3.0-all-languages/index.php?lang=en HTTP/1.1" 403 1165
93.204.145.220 - - [27/Oct/2022:06:18:28 -0500] "GET /phpmyadmin2018/index.php?lang=en HTTP/1.1" 403 1165
93.204.145.220 - - [27/Oct/2022:06:18:29 -0500] "GET /phpmyAdmin/index.php?lang=en HTTP/1.1" 403 1165
93.204.145.220 - - [27/Oct/2022:06:18:29 -0500] "GET /phpmyadmin4/index.php?lang=en HTTP/1.1" 403 1165
93.204.145.220 - - [27/Oct/2022:06:18:29 -0500] "GET /phpMyAdmin-3/index.php?lang=en HTTP/1.1" 403 1165
93.204.145.220 - - [27/Oct/2022:06:18:29 -0500] "GET /php-my-admin/index.php?lang=en HTTP/1.1" 404 1018
93.204.145.220 - - [27/Oct/2022:06:18:29 -0500] "GET /MyAdmin/index.php?lang=en HTTP/1.1" 404 1018
93.204.145.220 - - [27/Oct/2022:06:18:30 -0500] "GET /_phpMyAdmin/index.php?lang=en HTTP/1.1" 404 1018
93.204.145.220 - - [27/Oct/2022:06:18:30 -0500] "GET /phpMyAdmin-4.9.10-all-languages/index.php?lang=en HTTP/1.1" 403 1165
93.204.145.220 - - [27/Oct/2022:06:18:30 -0500] "GET /db/phpmyadmin3/index.php?lang=en HTTP/1.1" 404 1018
93.204.145.220 - - [27/Oct/2022:06:18:30 -0500] "GET /sql/phpmyadmin5/index.php?lang=en HTTP/1.1" 404 1018
93.204.145.220 - - [27/Oct/2022:06:18:30 -0500] "GET /phpmyadmin2019/index.php?lang=en HTTP/1.1" 403 1165
93.204.145.220 - - [27/Oct/2022:06:18:31 -0500] "GET /phpmyadmin5/index.php?lang=en HTTP/1.1" 403 1165
93.204.145.220 - - [27/Oct/2022:06:18:31 -0500] "GET /phpMyAdmin5.1/index.php?lang=en HTTP/1.1" 403 1165
93.204.145.220 - - [27/Oct/2022:06:18:31 -0500] "GET /db/dbadmin/index.php?lang=en HTTP/1.1" 404 1018
93.204.145.220 - - [27/Oct/2022:06:18:31 -0500] "GET /sql/phpmyadmin3/index.php?lang=en HTTP/1.1" 404 1018
93.204.145.220 - - [27/Oct/2022:06:18:31 -0500] "GET /phpMyAdmin-latest-all-languages/index.php?lang=en HTTP/1.1" 403 1165
93.204.145.220 - - [27/Oct/2022:06:18:32 -0500] "GET /phpmyadmin2013/index.php?lang=en HTTP/1.1" 403 1165
93.204.145.220 - - [27/Oct/2022:06:18:32 -0500] "GET /phpmyadmin2021/index.php?lang=en HTTP/1.1" 403 1165
93.204.145.220 - - [27/Oct/2022:06:18:32 -0500] "GET /mysql/db/index.php?lang=en HTTP/1.1" 404 1018
93.204.145.220 - - [27/Oct/2022:06:18:32 -0500] "GET /mysql/pMA/index.php?lang=en HTTP/1.1" 404 1018
93.204.145.220 - - [27/Oct/2022:06:18:32 -0500] "GET /phpMyAdmin-5.1.1/index.php?lang=en HTTP/1.1" 403 1165
201.245.192.253 - - [27/Oct/2022:06:19:11 -0500] "POST /kwsrmcab/Wsrmcab  HTTP/1.1" 200 213
216.245.221.92 - - [27/Oct/2022:06:20:03 -0500] "HEAD / HTTP/1.1" 200 -
185.119.81.109 - - [27/Oct/2022:06:20:08 -0500] "GET /portaldeninos/wp-login.php HTTP/1.1" 200 2592
185.119.81.109 - - [27/Oct/2022:06:20:09 -0500] "POST /portaldeninos/wp-login.php HTTP/1.1" 200 3670
201.245.192.253 - - [27/Oct/2022:06:21:57 -0500] "POST /kwsrmcab/Wsrmcab HTTP/1.1" 200 43568
201.245.192.253 - - [27/Oct/2022:06:22:00 -0500] "POST /kwsrmcab/Wsrmcab HTTP/1.1" 200 42279
172.22.2.4 - - [27/Oct/2022:06:20:38 -0500] "HEAD /BLA/boletinlegal/ HTTP/1.1" 200 -
172.22.2.4 - - [27/Oct/2022:06:21:28 -0500] "GET /BLA/boletinlegal/ HTTP/1.1" 200 56376
201.245.192.253 - - [27/Oct/2022:06:24:10 -0500] "POST /kwsrmcab/Wsrmcab  HTTP/1.1" 200 213
216.245.221.92 - - [27/Oct/2022:06:25:03 -0500] "HEAD / HTTP/1.1" 200 -
172.22.2.4 - - [27/Oct/2022:06:25:23 -0500] "GET /BLA/boletinlegal/robots.txt HTTP/1.1" 404 1038
173.252.107.19 - - [27/Oct/2022:06:25:51 -0500] "GET /secretaria-de-ambiente-y-sena-abren-curso-de-jardines-verticales.html HTTP/1.1" 206 734
185.119.81.109 - - [27/Oct/2022:06:26:13 -0500] "GET /portaldeninos/wp-login.php HTTP/1.1" 200 2592
185.119.81.109 - - [27/Oct/2022:06:26:14 -0500] "POST /portaldeninos/wp-login.php HTTP/1.1" 200 3650
172.22.2.4 - - [27/Oct/2022:06:25:25 -0500] "GET /BLA/boletinlegal/index.php HTTP/1.1" 200 60281
172.22.2.4 - - [27/Oct/2022:06:26:28 -0500] "HEAD /BLA/boletinlegal/ HTTP/1.1" 200 -
172.22.2.4 - - [27/Oct/2022:06:27:18 -0500] "GET /BLA/boletinlegal/ HTTP/1.1" 200 57725
201.245.192.253 - - [27/Oct/2022:06:29:09 -0500] "POST /kwsrmcab/Wsrmcab  HTTP/1.1" 200 213
216.245.221.92 - - [27/Oct/2022:06:30:03 -0500] "HEAD / HTTP/1.1" 200 -
89.187.182.22 - - [27/Oct/2022:06:30:52 -0500] "GET /wp-login.php HTTP/1.1" 404 1018
201.245.192.253 - - [27/Oct/2022:06:31:57 -0500] "POST /kwsrmcab/Wsrmcab HTTP/1.1" 200 43568
201.245.192.253 - - [27/Oct/2022:06:32:00 -0500] "POST /kwsrmcab/Wsrmcab HTTP/1.1" 200 42279
172.22.2.4 - - [27/Oct/2022:06:32:18 -0500] "HEAD /BLA/boletinlegal/ HTTP/1.1" 200 -
201.245.192.253 - - [27/Oct/2022:06:34:08 -0500] "POST /kwsrmcab/Wsrmcab  HTTP/1.1" 200 213
172.22.2.4 - - [27/Oct/2022:06:33:08 -0500] "GET /BLA/boletinlegal/ HTTP/1.1" 200 59319
216.245.221.92 - - [27/Oct/2022:06:35:03 -0500] "HEAD / HTTP/1.1" 200 -
207.46.13.50 - - [27/Oct/2022:06:38:57 -0500] "GET /BLA/resoluciones/00000002.tif HTTP/1.1" 404 1018
201.245.192.253 - - [27/Oct/2022:06:39:07 -0500] "POST /kwsrmcab/Wsrmcab  HTTP/1.1" 200 213
172.22.2.4 - - [27/Oct/2022:06:38:08 -0500] "HEAD /BLA/boletinlegal/ HTTP/1.1" 200 -
207.46.13.10 - - [27/Oct/2022:06:39:50 -0500] "GET /Publicaciones/2022EE239238.pdf HTTP/1.1" 404 228
216.245.221.92 - - [27/Oct/2022:06:40:03 -0500] "HEAD / HTTP/1.1" 200 -
157.55.39.201 - - [27/Oct/2022:06:40:23 -0500] "GET /BLA/resoluciones/00000009.tif HTTP/1.1" 404 1018
172.22.2.4 - - [27/Oct/2022:06:38:58 -0500] "GET /BLA/boletinlegal/ HTTP/1.1" 200 57375
207.46.13.79 - - [27/Oct/2022:06:40:46 -0500] "GET /Residuos/maderas/maderas.html HTTP/1.1" 200 1957
200.118.64.109 - - [27/Oct/2022:06:41:42 -0500] "GET /forms/frmservlet?config=sia HTTP/1.1" 200 4046
200.118.64.109 - - [27/Oct/2022:06:41:44 -0500] "GET /forms/frmservlet?config=sia HTTP/1.1" 200 4046
200.118.64.109 - - [27/Oct/2022:06:41:44 -0500] "GET /forms/java/frmall_jinit.jar HTTP/1.1" 304 -
200.118.64.109 - - [27/Oct/2022:06:41:45 -0500] "GET /forms/java/icons.jar HTTP/1.1" 304 -
200.118.64.109 - - [27/Oct/2022:06:41:45 -0500] "GET /forms/java/java/awt/KeyboardFocusManager.class HTTP/1.1" 404 352
200.118.64.109 - - [27/Oct/2022:06:41:45 -0500] "GET /forms/java/java/awt/event/MouseWheelListener.class HTTP/1.1" 404 356
200.118.64.109 - - [27/Oct/2022:06:41:46 -0500] "GET /forms/java/oracle/forms/registry/Registry.dat HTTP/1.1" 200 4213
200.118.64.109 - - [27/Oct/2022:06:41:46 -0500] "GET /forms/java/oracle/forms/registry/default.dat HTTP/1.1" 404 350
200.118.64.109 - - [27/Oct/2022:06:41:46 -0500] "GET /forms/frmservlet?config=sia&acceptLanguage=en-us,en;q=0.5&ifcmd=startsession HTTP/1.1" 200 116
200.118.64.109 - - [27/Oct/2022:06:41:46 -0500] "GET /forms/lservlet;jsessionid=ac16012b30d68d315bd67a994bc793f2c2515b462707.e3iSbxaKaheRe38RbxiQb38Me6fznA5Pp7ftolbGmkTy?ifcmd=getinfo HTTP/1.1" 200 8
200.118.64.109 - - [27/Oct/2022:06:41:46 -0500] "POST /forms/lservlet;jsessionid=ac16012b30d68d315bd67a994bc793f2c2515b462707.e3iSbxaKaheRe38RbxiQb38Me6fznA5Pp7ftolbGmkTy HTTP/1.1" 200 8
200.118.64.109 - - [27/Oct/2022:06:41:46 -0500] "GET /forms/java/oracle/forms/engine/RunformBundle_es_CO.class HTTP/1.1" 404 362
200.118.64.109 - - [27/Oct/2022:06:41:47 -0500] "GET /forms/java/oracle/forms/engine/RunformBundle_es_CO.properties HTTP/1.1" 404 367
200.118.64.109 - - [27/Oct/2022:06:41:47 -0500] "POST /forms/lservlet;jsessionid=ac16012b30d68d315bd67a994bc793f2c2515b462707.e3iSbxaKaheRe38RbxiQb38Me6fznA5Pp7ftolbGmkTy HTTP/1.1" 200 64000
200.118.64.109 - - [27/Oct/2022:06:41:48 -0500] "POST /forms/lservlet;jsessionid=ac16012b30d68d315bd67a994bc793f2c2515b462707.e3iSbxaKaheRe38RbxiQb38Me6fznA5Pp7ftolbGmkTy HTTP/1.1" 200 64000
200.118.64.109 - - [27/Oct/2022:06:41:49 -0500] "POST /forms/lservlet;jsessionid=ac16012b30d68d315bd67a994bc793f2c2515b462707.e3iSbxaKaheRe38RbxiQb38Me6fznA5Pp7ftolbGmkTy HTTP/1.1" 200 63623
200.118.64.109 - - [27/Oct/2022:06:41:49 -0500] "HEAD /imagenes/dama_logo.gif HTTP/1.1" 200 -
200.118.64.109 - - [27/Oct/2022:06:41:49 -0500] "GET /imagenes/dama_logo.gif HTTP/1.1" 200 21482
200.118.64.109 - - [27/Oct/2022:06:41:50 -0500] "POST /forms/lservlet;jsessionid=ac16012b30d68d315bd67a994bc793f2c2515b462707.e3iSbxaKaheRe38RbxiQb38Me6fznA5Pp7ftolbGmkTy HTTP/1.1" 200 2
200.118.64.109 - - [27/Oct/2022:06:41:50 -0500] "POST /forms/lservlet;jsessionid=ac16012b30d68d315bd67a994bc793f2c2515b462707.e3iSbxaKaheRe38RbxiQb38Me6fznA5Pp7ftolbGmkTy HTTP/1.1" 200 2
201.245.192.253 - - [27/Oct/2022:06:41:57 -0500] "POST /kwsrmcab/Wsrmcab HTTP/1.1" 200 43568
201.245.192.253 - - [27/Oct/2022:06:42:00 -0500] "POST /kwsrmcab/Wsrmcab HTTP/1.1" 200 42279
200.118.64.109 - - [27/Oct/2022:06:42:03 -0500] "POST /forms/lservlet;jsessionid=ac16012b30d68d315bd67a994bc793f2c2515b462707.e3iSbxaKaheRe38RbxiQb38Me6fznA5Pp7ftolbGmkTy HTTP/1.1" 200 7979
200.118.64.109 - - [27/Oct/2022:06:42:04 -0500] "POST /forms/lservlet;jsessionid=ac16012b30d68d315bd67a994bc793f2c2515b462707.e3iSbxaKaheRe38RbxiQb38Me6fznA5Pp7ftolbGmkTy HTTP/1.1" 200 64
200.118.64.109 - - [27/Oct/2022:06:42:05 -0500] "POST /forms/lservlet;jsessionid=ac16012b30d68d315bd67a994bc793f2c2515b462707.e3iSbxaKaheRe38RbxiQb38Me6fznA5Pp7ftolbGmkTy HTTP/1.1" 200 2
200.118.64.109 - - [27/Oct/2022:06:42:05 -0500] "POST /forms/lservlet;jsessionid=ac16012b30d68d315bd67a994bc793f2c2515b462707.e3iSbxaKaheRe38RbxiQb38Me6fznA5Pp7ftolbGmkTy HTTP/1.1" 200 2
200.118.64.109 - - [27/Oct/2022:06:42:05 -0500] "POST /forms/lservlet;jsessionid=ac16012b30d68d315bd67a994bc793f2c2515b462707.e3iSbxaKaheRe38RbxiQb38Me6fznA5Pp7ftolbGmkTy HTTP/1.1" 200 2
200.118.64.109 - - [27/Oct/2022:06:42:09 -0500] "POST /forms/lservlet;jsessionid=ac16012b30d68d315bd67a994bc793f2c2515b462707.e3iSbxaKaheRe38RbxiQb38Me6fznA5Pp7ftolbGmkTy HTTP/1.1" 200 34712
200.118.64.109 - - [27/Oct/2022:06:42:10 -0500] "GET /imagenes/listval.gif HTTP/1.1" 200 905
200.118.64.109 - - [27/Oct/2022:06:42:10 -0500] "GET /imagenes/tree1.gif HTTP/1.1" 200 1161
200.118.64.109 - - [27/Oct/2022:06:42:10 -0500] "GET /imagenes/listval.gif HTTP/1.1" 200 905
200.118.64.109 - - [27/Oct/2022:06:42:10 -0500] "GET /imagenes/CAMERA3.gif HTTP/1.1" 200 4150
200.118.64.109 - - [27/Oct/2022:06:42:11 -0500] "GET /imagenes/SLIDE1.gif HTTP/1.1" 200 1111
200.118.64.109 - - [27/Oct/2022:06:42:11 -0500] "GET /imagenes/flexcomb.gif HTTP/1.1" 200 1169
200.118.64.109 - - [27/Oct/2022:06:42:11 -0500] "GET /imagenes/GO.gif HTTP/1.1" 200 904
200.118.64.109 - - [27/Oct/2022:06:42:11 -0500] "GET /imagenes/HRTOOLS.gif HTTP/1.1" 200 2238
200.118.64.109 - - [27/Oct/2022:06:42:11 -0500] "GET /imagenes/rt_rec1.gif HTTP/1.1" 200 867
200.118.64.109 - - [27/Oct/2022:06:42:12 -0500] "GET /imagenes/apply.gif HTTP/1.1" 200 903
200.118.64.109 - - [27/Oct/2022:06:42:12 -0500] "GET /imagenes/exit.gif HTTP/1.1" 200 916
200.118.64.109 - - [27/Oct/2022:06:42:12 -0500] "GET /imagenes/LISTVAL.gif HTTP/1.1" 200 905
200.118.64.109 - - [27/Oct/2022:06:42:12 -0500] "GET /imagenes/edit.gif HTTP/1.1" 200 919
200.118.64.109 - - [27/Oct/2022:06:42:12 -0500] "GET /imagenes/rt_rec4.gif HTTP/1.1" 200 865
200.118.64.109 - - [27/Oct/2022:06:42:12 -0500] "GET /imagenes/rt_rec3.gif HTTP/1.1" 200 844
200.118.64.109 - - [27/Oct/2022:06:42:12 -0500] "GET /imagenes/rt_rec2.gif HTTP/1.1" 200 847
200.118.64.109 - - [27/Oct/2022:06:42:12 -0500] "GET /imagenes/rt_rdel.gif HTTP/1.1" 200 899
200.118.64.109 - - [27/Oct/2022:06:42:12 -0500] "GET /imagenes/rt_radd.gif HTTP/1.1" 200 907
200.118.64.109 - - [27/Oct/2022:06:42:12 -0500] "GET /imagenes/rt_quer3.gif HTTP/1.1" 200 939
200.118.64.109 - - [27/Oct/2022:06:42:13 -0500] "GET /imagenes/rt_quer2.gif HTTP/1.1" 200 936
200.118.64.109 - - [27/Oct/2022:06:42:13 -0500] "GET /imagenes/rt_quer1.gif HTTP/1.1" 200 930
200.118.64.109 - - [27/Oct/2022:06:42:13 -0500] "GET /imagenes/rt_save.gif HTTP/1.1" 200 903
200.118.64.109 - - [27/Oct/2022:06:42:13 -0500] "GET /imagenes/rt_pset.gif HTTP/1.1" 200 914
200.118.64.109 - - [27/Oct/2022:06:42:13 -0500] "GET /imagenes/QUEJA.gif HTTP/1.1" 200 1091
200.118.64.109 - - [27/Oct/2022:06:42:13 -0500] "GET /imagenes/ARBOL.gif HTTP/1.1" 200 1026
200.118.64.109 - - [27/Oct/2022:06:42:13 -0500] "GET /imagenes/Clipboard.gif HTTP/1.1" 200 1466
200.118.64.109 - - [27/Oct/2022:06:42:13 -0500] "GET /imagenes/DINERO.gif HTTP/1.1" 200 1766
200.118.64.109 - - [27/Oct/2022:06:42:13 -0500] "GET /imagenes/URGENTE.gif HTTP/1.1" 200 964
200.118.64.109 - - [27/Oct/2022:06:42:13 -0500] "GET /imagenes/TREE4.gif HTTP/1.1" 200 4150
200.118.64.109 - - [27/Oct/2022:06:42:14 -0500] "POST /forms/lservlet;jsessionid=ac16012b30d68d315bd67a994bc793f2c2515b462707.e3iSbxaKaheRe38RbxiQb38Me6fznA5Pp7ftolbGmkTy HTTP/1.1" 200 7
200.118.64.109 - - [27/Oct/2022:06:42:14 -0500] "POST /forms/lservlet;jsessionid=ac16012b30d68d315bd67a994bc793f2c2515b462707.e3iSbxaKaheRe38RbxiQb38Me6fznA5Pp7ftolbGmkTy HTTP/1.1" 200 34
200.118.64.109 - - [27/Oct/2022:06:42:14 -0500] "POST /forms/lservlet;jsessionid=ac16012b30d68d315bd67a994bc793f2c2515b462707.e3iSbxaKaheRe38RbxiQb38Me6fznA5Pp7ftolbGmkTy HTTP/1.1" 200 2
200.118.64.109 - - [27/Oct/2022:06:43:47 -0500] "POST /forms/lservlet;jsessionid=ac16012b30d68d315bd67a994bc793f2c2515b462707.e3iSbxaKaheRe38RbxiQb38Me6fznA5Pp7ftolbGmkTy HTTP/1.1" 200 2
207.46.13.50 - - [27/Oct/2022:06:43:47 -0500] "GET /BLA/resoluciones/RESOLUCIONES%202006/RES%202006%201-50/00000048.tif HTTP/1.1" 200 270214
201.245.192.253 - - [27/Oct/2022:06:44:06 -0500] "POST /kwsrmcab/Wsrmcab  HTTP/1.1" 200 213
216.245.221.92 - - [27/Oct/2022:06:45:02 -0500] "HEAD / HTTP/1.1" 200 -
172.22.2.4 - - [27/Oct/2022:06:43:58 -0500] "HEAD /BLA/boletinlegal/ HTTP/1.1" 200 -
200.118.64.109 - - [27/Oct/2022:06:45:47 -0500] "POST /forms/lservlet;jsessionid=ac16012b30d68d315bd67a994bc793f2c2515b462707.e3iSbxaKaheRe38RbxiQb38Me6fznA5Pp7ftolbGmkTy HTTP/1.1" 200 2
172.22.2.4 - - [27/Oct/2022:06:44:48 -0500] "GET /BLA/boletinlegal/ HTTP/1.1" 200 57375
200.118.64.109 - - [27/Oct/2022:06:47:47 -0500] "POST /forms/lservlet;jsessionid=ac16012b30d68d315bd67a994bc793f2c2515b462707.e3iSbxaKaheRe38RbxiQb38Me6fznA5Pp7ftolbGmkTy HTTP/1.1" 200 2
200.118.64.109 - - [27/Oct/2022:06:48:36 -0500] "POST /forms/lservlet;jsessionid=ac16012b30d68d315bd67a994bc793f2c2515b462707.e3iSbxaKaheRe38RbxiQb38Me6fznA5Pp7ftolbGmkTy HTTP/1.1" 200 2
200.118.64.109 - - [27/Oct/2022:06:48:36 -0500] "POST /forms/lservlet;jsessionid=ac16012b30d68d315bd67a994bc793f2c2515b462707.e3iSbxaKaheRe38RbxiQb38Me6fznA5Pp7ftolbGmkTy HTTP/1.1" 200 699
200.118.64.109 - - [27/Oct/2022:06:48:36 -0500] "GET /imagenes/Srch_frw.gif HTTP/1.1" 200 925
200.118.64.109 - - [27/Oct/2022:06:48:36 -0500] "POST /forms/lservlet;jsessionid=ac16012b30d68d315bd67a994bc793f2c2515b462707.e3iSbxaKaheRe38RbxiQb38Me6fznA5Pp7ftolbGmkTy HTTP/1.1" 200 10
200.118.64.109 - - [27/Oct/2022:06:48:57 -0500] "POST /forms/lservlet;jsessionid=ac16012b30d68d315bd67a994bc793f2c2515b462707.e3iSbxaKaheRe38RbxiQb38Me6fznA5Pp7ftolbGmkTy HTTP/1.1" 200 24
200.118.64.109 - - [27/Oct/2022:06:48:57 -0500] "POST /forms/lservlet;jsessionid=ac16012b30d68d315bd67a994bc793f2c2515b462707.e3iSbxaKaheRe38RbxiQb38Me6fznA5Pp7ftolbGmkTy HTTP/1.1" 200 14
200.118.64.109 - - [27/Oct/2022:06:48:59 -0500] "POST /forms/lservlet;jsessionid=ac16012b30d68d315bd67a994bc793f2c2515b462707.e3iSbxaKaheRe38RbxiQb38Me6fznA5Pp7ftolbGmkTy HTTP/1.1" 200 14
200.118.64.109 - - [27/Oct/2022:06:49:00 -0500] "POST /forms/lservlet;jsessionid=ac16012b30d68d315bd67a994bc793f2c2515b462707.e3iSbxaKaheRe38RbxiQb38Me6fznA5Pp7ftolbGmkTy HTTP/1.1" 200 14
200.118.64.109 - - [27/Oct/2022:06:49:02 -0500] "POST /forms/lservlet;jsessionid=ac16012b30d68d315bd67a994bc793f2c2515b462707.e3iSbxaKaheRe38RbxiQb38Me6fznA5Pp7ftolbGmkTy HTTP/1.1" 200 4647
200.118.64.109 - - [27/Oct/2022:06:49:02 -0500] "POST /forms/lservlet;jsessionid=ac16012b30d68d315bd67a994bc793f2c2515b462707.e3iSbxaKaheRe38RbxiQb38Me6fznA5Pp7ftolbGmkTy HTTP/1.1" 200 2
201.245.192.253 - - [27/Oct/2022:06:49:04 -0500] "POST /kwsrmcab/Wsrmcab  HTTP/1.1" 200 213
200.118.64.109 - - [27/Oct/2022:06:49:13 -0500] "POST /forms/lservlet;jsessionid=ac16012b30d68d315bd67a994bc793f2c2515b462707.e3iSbxaKaheRe38RbxiQb38Me6fznA5Pp7ftolbGmkTy HTTP/1.1" 200 2
200.118.64.109 - - [27/Oct/2022:06:49:14 -0500] "POST /forms/lservlet;jsessionid=ac16012b30d68d315bd67a994bc793f2c2515b462707.e3iSbxaKaheRe38RbxiQb38Me6fznA5Pp7ftolbGmkTy HTTP/1.1" 200 14
200.118.64.109 - - [27/Oct/2022:06:49:15 -0500] "POST /forms/lservlet;jsessionid=ac16012b30d68d315bd67a994bc793f2c2515b462707.e3iSbxaKaheRe38RbxiQb38Me6fznA5Pp7ftolbGmkTy HTTP/1.1" 200 14
200.118.64.109 - - [27/Oct/2022:06:49:16 -0500] "POST /forms/lservlet;jsessionid=ac16012b30d68d315bd67a994bc793f2c2515b462707.e3iSbxaKaheRe38RbxiQb38Me6fznA5Pp7ftolbGmkTy HTTP/1.1" 200 14
200.118.64.109 - - [27/Oct/2022:06:49:18 -0500] "POST /forms/lservlet;jsessionid=ac16012b30d68d315bd67a994bc793f2c2515b462707.e3iSbxaKaheRe38RbxiQb38Me6fznA5Pp7ftolbGmkTy HTTP/1.1" 200 14
200.118.64.109 - - [27/Oct/2022:06:49:20 -0500] "POST /forms/lservlet;jsessionid=ac16012b30d68d315bd67a994bc793f2c2515b462707.e3iSbxaKaheRe38RbxiQb38Me6fznA5Pp7ftolbGmkTy HTTP/1.1" 200 15
200.118.64.109 - - [27/Oct/2022:06:49:22 -0500] "POST /forms/lservlet;jsessionid=ac16012b30d68d315bd67a994bc793f2c2515b462707.e3iSbxaKaheRe38RbxiQb38Me6fznA5Pp7ftolbGmkTy HTTP/1.1" 200 15
200.118.64.109 - - [27/Oct/2022:06:49:27 -0500] "POST /forms/lservlet;jsessionid=ac16012b30d68d315bd67a994bc793f2c2515b462707.e3iSbxaKaheRe38RbxiQb38Me6fznA5Pp7ftolbGmkTy HTTP/1.1" 200 125
200.118.64.109 - - [27/Oct/2022:06:49:27 -0500] "POST /forms/lservlet;jsessionid=ac16012b30d68d315bd67a994bc793f2c2515b462707.e3iSbxaKaheRe38RbxiQb38Me6fznA5Pp7ftolbGmkTy HTTP/1.1" 200 2
200.118.64.109 - - [27/Oct/2022:06:49:27 -0500] "GET /reports/rwservlet/getjobid80781?server=repnomi HTTP/1.1" 200 96480
200.118.64.109 - - [27/Oct/2022:06:49:47 -0500] "POST /forms/lservlet;jsessionid=ac16012b30d68d315bd67a994bc793f2c2515b462707.e3iSbxaKaheRe38RbxiQb38Me6fznA5Pp7ftolbGmkTy HTTP/1.1" 200 2
216.245.221.92 - - [27/Oct/2022:06:50:02 -0500] "HEAD / HTTP/1.1" 200 -
172.22.2.4 - - [27/Oct/2022:06:49:48 -0500] "HEAD /BLA/boletinlegal/ HTTP/1.1" 200 -
200.118.64.109 - - [27/Oct/2022:06:51:47 -0500] "POST /forms/lservlet;jsessionid=ac16012b30d68d315bd67a994bc793f2c2515b462707.e3iSbxaKaheRe38RbxiQb38Me6fznA5Pp7ftolbGmkTy HTTP/1.1" 200 2
200.118.16.92 - - [27/Oct/2022:06:51:51 -0500] "GET /kwssiamovil/sm/ldap/au?x=U2FsdGVkX1/bGKO7G/Mf3CUApNm0EESB0qYC+ruK81iYRqp718+wLbx+85ePkHje&y=U2FsdGVkX1+Q39M1GmxLAGezJ7g+b7aMkTYrxpHbXfMvtTsLVzqRMMQnQxNsRQXj HTTP/1.1" 200 30
200.118.16.92 - - [27/Oct/2022:06:51:51 -0500] "GET /kwssiamovil/sm/acme/s?s=U2FsdGVkX1+Q8BSemvoC4sLEvZahTWv+NsEbPRRmTp8USCTDUUwp5KSPqnbjp13Ab1KTH4klort21nrhv5Z88BMRbXJf0dnSmlwnPYi9MDM=&u=U2FsdGVkX1+Edd4u1kyaUJVaMIoqmkcCdVyqtMqmawY=&y=U2FsdGVkX1+Q39M1GmxLAGezJ7g+b7aMkTYrxpHbXfMvtTsLVzqRMMQnQxNsRQXj HTTP/1.1" 200 97
200.118.16.92 - - [27/Oct/2022:06:51:51 -0500] "GET /kwssiamovil/sm/acme/s?s=U2FsdGVkX1/VzruWbrxNYESutXjBFSDLBizaRvQsdtSZ8KcjvYkjf5+9sXgf/N1NXpYIcaUokJKboAn8RygC/OUIX8IDbAX4q2HnB7qlnHVWN3xipY+uHs33McHwq+KwzrNQehHvAPVkXU+/SxiiticOW75Q+yPROIyV6r4TfsF9c8+dt01kbcUJmp0jP+tBYr1k3hUH463ZzeOekxZMGICuVqiTAhyIzjYIv7Dq3i/QHeN/MaDAjnCQPZvgudzkvza7BLpLtOWNKHx4egQnu4dZtwOnqfkUKjWcLUyCii4x0JgUiKv2w5Czis9kLFmQIveXZjMIkdI0ORnZwl0MBEOVQdOADy71KnTU+9Z/PleQSeN40HLBFq4Utqy1h91cAx7370nJXUMJA2G+CoDX0gdxzqS1OWVU5y58bARGjPGmYqsa9QBL2yyPU4Z459kFz3n2z6t3vQHfZ4iXVcx6Qf8J8HWzNkn4mia/EHTlVn2VLVNyDdbYBFfT9uz3FA/EAkKIfRNM18sO5G7JSebYxl9IKx7wHEwqzPk+MW/cpAH5fE3oHNEDWrbYL8SyX5tWR8xfmlj4N6YCAFUQkD6Ub+RUjzkOKAnBCaILFfhyC5EU1Zo5/InLF2i2LFUVuBLjRaXARN0GsInlRiETN9xAQtUTBXVCVDmsBr43DZDR/g3Wv9USZ27OvxMiHSnICBLQO2WAU2Fm7xGVTAEFRaeMgWB/Y+/wGIpjjeUVuirj6IkHVX8reCvntmDEoxcOkm9BpPLlmgRtsCzILfRdxgZM6mweIqq39MC9xb2C4z8sKx1LtJYKr9wIhx/zkW2gtwWWoPvEEtO/LFS7kSwwFAIhg1+6vQaaVWfV0YjLzMyOy03iJrvx0cmpEn0jYyzqcF0lWH55zCvGkYiGIj/kHCT2OFYhDF12yKRE8E6dq+e4egas6TtBoi/HjPiWVV34TEsVPPMJZ55rq8GgAo10EPgTf/odgJ2X8jvdaw+w6N9Tf1339EmBjHXzwWejN9Cw1MheCpQicxaagkzBPWslt4GVJ6aOhD7S53yw6UaYiXr+FSX+PA0IHGJU5qiE4UWZgPhhnB1QokzSrBNJ1GdPAedIiRntxxzH0YMMMX67K0exhCEcJm+I4GT5xVn01MuQtUZsCta+jGJpz6/CRCpwb6LGnXuSA3B3N2oU+QKJokjnzNwD1c99YKN0jZag87DzKNzoaYA9rxlREZ3o34WW05BK7cySrkGZ6ItRHlBDjofJt6Csnng+GdpAfDqN+cKNcEVWOXrRgjgFtVYhjTuQpJiKgVjY4gkIWbcY0R/HiK+tAuQzUHhPvYY1A/n254oRof9gmAeVp/IgkInS0ioRCLrdVSwyw7L+YT4bXZuTQi2W5W9rmFE1qAKDf2tAdtKeWzhAXwAIonvTRBBoDaDCKkr0YcwrABOKtruLg86W5QtM86E=&u=U2FsdGVkX1+Edd4u1kyaUJVaMIoqmkcCdVyqtMqmawY=&y=U2FsdGVkX1+Q39M1GmxLAGezJ7g+b7aMkTYrxpHbXfMvtTsLVzqRMMQnQxNsRQXj HTTP/1.1" 200 1903
200.118.16.92 - - [27/Oct/2022:06:51:51 -0500] "GET /kwssiamovil/sm/acme/s?s=U2FsdGVkX1+zDnuFCrg6o8KKh0xvOc9NSmy4IrGSn7Z29ZwsRvJ1zOS5UuzwQpu4lfHM0+7UzaIwfv2kNQDjnpeogAyP7KvkJZHaxChpp6IMghy+HMvezLRKsw6D80BUvdI2woGJ/1jfMRw4XQYBzPeGaI+uCMl5I/Bh+nL90yKmHctDa1pFHddVcgVg112JfTXDhvndDyp+i1p/jlg9DkISncw4PjE2maD10fmXK8PaFuuDvQGJGn0lN8tyB6r10hof3NyfCdTgTeCoePKQr0ROVwXt9HgnfqPJ7SBsDKjfNo70BItboc2iMHTaw4xObOacb7pLehQ2If4lJaj3Zg==&u=U2FsdGVkX1+Edd4u1kyaUJVaMIoqmkcCdVyqtMqmawY=&y=U2FsdGVkX1+Q39M1GmxLAGezJ7g+b7aMkTYrxpHbXfMvtTsLVzqRMMQnQxNsRQXj HTTP/1.1" 200 196
200.118.16.92 - - [27/Oct/2022:06:51:51 -0500] "GET /kwssiamovil/sm/cjson/pre?f=1&x=U2FsdGVkX1/bGKO7G/Mf3CUApNm0EESB0qYC+ruK81iYRqp718+wLbx+85ePkHje HTTP/1.1" 200 30992
172.22.2.4 - - [27/Oct/2022:06:50:38 -0500] "GET /BLA/boletinlegal/ HTTP/1.1" 200 56376
200.118.64.109 - - [27/Oct/2022:06:53:48 -0500] "POST /forms/lservlet;jsessionid=ac16012b30d68d315bd67a994bc793f2c2515b462707.e3iSbxaKaheRe38RbxiQb38Me6fznA5Pp7ftolbGmkTy HTTP/1.1" 200 2
157.90.245.55 - - [27/Oct/2022:06:53:56 -0500] "GET /atencion-mujeres-que-reverdecen-ya-inicia-la-segunda-fase.html HTTP/1.1" 200 857
201.245.192.253 - - [27/Oct/2022:06:54:03 -0500] "POST /kwsrmcab/Wsrmcab  HTTP/1.1" 200 213
216.245.221.92 - - [27/Oct/2022:06:55:02 -0500] "HEAD / HTTP/1.1" 200 -
200.118.64.109 - - [27/Oct/2022:06:55:48 -0500] "POST /forms/lservlet;jsessionid=ac16012b30d68d315bd67a994bc793f2c2515b462707.e3iSbxaKaheRe38RbxiQb38Me6fznA5Pp7ftolbGmkTy HTTP/1.1" 200 2
173.252.95.117 - - [27/Oct/2022:06:56:11 -0500] "GET /images/jardines-verticales-plantas-24-mayo.jpg HTTP/1.1" 200 148288
173.252.83.21 - - [27/Oct/2022:06:56:12 -0500] "GET /images/eficiencia-energetica-11-marzo.jpg HTTP/1.1" 200 46478
185.119.81.99 - - [27/Oct/2022:06:57:06 -0500] "GET /portaldeninos/wp-login.php HTTP/1.1" 200 2592
185.119.81.99 - - [27/Oct/2022:06:57:07 -0500] "POST /portaldeninos/wp-login.php HTTP/1.1" 200 3605
172.22.2.4 - - [27/Oct/2022:06:57:10 -0500] "GET /BLA/boletinlegal/consulta_conceptos.php?no=&solicitante=&radicado_entrada=&fecha_concepto=2022&objeto= HTTP/1.1" 200 28368
172.22.2.4 - - [27/Oct/2022:06:55:38 -0500] "HEAD /BLA/boletinlegal/ HTTP/1.1" 200 -
172.22.2.4 - - [27/Oct/2022:06:56:47 -0500] "GET /BLA/boletinlegal/ HTTP/1.1" 200 24523
200.118.64.109 - - [27/Oct/2022:06:57:48 -0500] "POST /forms/lservlet;jsessionid=ac16012b30d68d315bd67a994bc793f2c2515b462707.e3iSbxaKaheRe38RbxiQb38Me6fznA5Pp7ftolbGmkTy HTTP/1.1" 200 2
172.22.2.4 - - [27/Oct/2022:06:56:28 -0500] "GET /BLA/boletinlegal/ HTTP/1.1" 200 52493
201.245.192.253 - - [27/Oct/2022:06:59:02 -0500] "POST /kwsrmcab/Wsrmcab  HTTP/1.1" 200 213
186.102.69.3 - - [27/Oct/2022:06:59:12 -0500] "GET /kwssiamovil/sm/ldap/au?x=U2FsdGVkX18TEh9+FwrHwjZtSphy38SagoMN/2/DjNfQP4WgBPBWzFsag7AXKyQj&y=U2FsdGVkX18ixQQ/2g/Hfx//U16ZOtKy/VX1+U5m1TYjLHRCnXB/kWlC2ZbT8ChG HTTP/1.1" 200 30
186.102.69.3 - - [27/Oct/2022:06:59:12 -0500] "GET /kwssiamovil/sm/acme/s?s=U2FsdGVkX18Qr2df4av4+7Pe/fQK+WIVNTX8C8iLaUCSrABPUO7f/fCLuSfiPKDufQ8WiFHLzKMNAUokUkPhuc0i7nprHzg2mMaVLCDTQ54=&u=U2FsdGVkX18+IPQib/kNOugX+6iDxIgVLL8aIH6G01/kctIqnD8uZQx4luiHfAYp&y=U2FsdGVkX18ixQQ/2g/Hfx//U16ZOtKy/VX1+U5m1TYjLHRCnXB/kWlC2ZbT8ChG HTTP/1.1" 200 97
186.102.69.3 - - [27/Oct/2022:06:59:12 -0500] "GET /kwssiamovil/sm/acme/s?s=U2FsdGVkX184kbZp0WjxODC7e3r7ag5/w4l46Je655RnwsH4eY2HRK1mToqJSWzD2VZrBVGuGzLo3E6yfRp+GH5lNER97y8V4mUP7/oJ0vu42jpyCylBJgJROGzTlYG2Xg5PctdZp2oH+R5raNPQQKkZZ9lH2ZjVIfsRMKU1q5GyueTbbLLGf2DbBy81F9g4GlFjl0ERw8Q+AmCIBiC0je3kd/22KkXGBvDXaIBjy0LG2OCVBUbx9z8LbEnSGtZRJcPmjQoRxd9blVZN/8OmzT+hrrN3nE/T02Hhlriveet+2zI5Ftdng97YsfhDO/zNWcor4jXXIsExmtUdV7NX98wDz4nEV1FbFvcMxAniCUGPaTQurG7IgV45QPEngToJZ2bN0lDuVUp1LeVxzaIhU8uZhMXx3IdsRWSAjEAOtDBRm2sPUnSO1YSYCSlXP3SHNOvDdoXzWc98Ti/xYZnIXPOHtY61TQrmbuqrRnDQ/SR2IhUiTIsx6EK8EFnnFl2h+ljC4KBzbIDfl3Gen6zse14VAQ4yfO5bwHi9x0nUDrC6RGv4wrLZxQR9e4acNaOEL5SjIXtSqu8y06/nlLpURKjrFvUJ4hprzg8MMDzWRzS55XLqDskGqkR7iTxosy0TwuDEY0D32PoHCg6hT/BukUBjxyXrfkoq0jJ4gQJfjCkSa9JdKOodXE4ZPyaBvllzXyznRxDMt+vIbSpbjCRwL/6ot/vZApJm7aZTG6ACawHQgOCV4D+xcn/j25l6REcI4/k45b39U7ivm3wdT+8sAusYV6ouc65QpL0Vq8U2hZDLVIMBMkAj4jUelv3RFNVEQ0PimXSoGIacomIH3sWXEv8oyFBmIZ2L8Je5VYyQ9/qsOuPnDOdMLp7jsl9zeysre2UtkCo2YFmKoeuJyf89Y/wA3nklrEsWH1RfStzEanLBe09hGvjra9P/Wmipw9se6V4RNsJmTIOVLMZzKRHs6LSbhglovR6wc9O6snNGXpUFmIwB93IiLidD9rLX9XtAVjAsaxI9mbiLcz/wc9yeUn+EeKzNoDK5wOSiidryRjj8jFblyE4Ukah3Rtewi4AjoA0AMm9gNo1o7Tn8Wng2QzAGKBtcI6eXJnES0hSvxXLOKjg0/YA0MfsoTJHwWObZ4xliVOTj8TR+S/clPwqgQOtLh1stS7OvFOyWH6kCWuoAI6+1BQpFUzwix/IukNNP/GOd8f5CxGqsN19uzsF7mDb7P3GXcl7d3f3xe7puTTVimPLbyNd98N4y0VQ2swYbktv6KFg29sgnEaby9Gyyxr5sbo05pC77HNDwq4DBpFLgUIaNQRv/GD9tmnzxoO2yotukwJV6ksNAr9NvgcBm7tT95Om6xKnFUp1Aildq6v2RW7qKrcsaKFRt1bbcCqYzLc/UCJiqF4wm/Ap1GIffPiy9XcXiyKQhTy0l4pbH1qs=&u=U2FsdGVkX18+IPQib/kNOugX+6iDxIgVLL8aIH6G01/kctIqnD8uZQx4luiHfAYp&y=U2FsdGVkX18ixQQ/2g/Hfx//U16ZOtKy/VX1+U5m1TYjLHRCnXB/kWlC2ZbT8ChG HTTP/1.1" 200 422
186.102.69.3 - - [27/Oct/2022:06:59:12 -0500] "GET /kwssiamovil/sm/acme/s?s=U2FsdGVkX19WWE5OPX9nHum+5pPOkGSDEqdggcu4dLrdsPIhQCDgOF4lAwhCfHK+8wvFBegoQf2TTtfbaqesaxrK2z7Z4v0HoZuYev+rqVhmR+Qsktti35oYLuqNCEPXr14X8Yhgnerl64JGfRDNdIMWZObtaJsiKny+Lafvh2jAgKcMiW5GKUivx2DYgoXiqdzl01nTTcAc37lPlu20HA2QIc44bF5upJHyIL5P9COFuyR2kYWbpPodLl4RmkeZVPlXBJNM6denrCRLX2Fzo0nb2O88d4TBSbmpfx4j9SkEzO7ozylmC4JPFRs+X4Tdui5wR5biD+gfZi+UbCLafkOoPDv2hUhS+A4Ph/59YD8=&u=U2FsdGVkX18+IPQib/kNOugX+6iDxIgVLL8aIH6G01/kctIqnD8uZQx4luiHfAYp&y=U2FsdGVkX18ixQQ/2g/Hfx//U16ZOtKy/VX1+U5m1TYjLHRCnXB/kWlC2ZbT8ChG HTTP/1.1" 200 196
186.102.69.3 - - [27/Oct/2022:06:59:12 -0500] "GET /kwssiamovil/sm/cjson/pre?f=1&x=U2FsdGVkX18TEh9+FwrHwjZtSphy38SagoMN/2/DjNfQP4WgBPBWzFsag7AXKyQj HTTP/1.1" 200 30992
185.119.81.109 - - [27/Oct/2022:06:59:20 -0500] "GET /portaldeninos/wp-login.php HTTP/1.1" 200 2592
185.119.81.109 - - [27/Oct/2022:06:59:21 -0500] "POST /portaldeninos/wp-login.php HTTP/1.1" 200 3670
200.118.64.109 - - [27/Oct/2022:06:59:48 -0500] "POST /forms/lservlet;jsessionid=ac16012b30d68d315bd67a994bc793f2c2515b462707.e3iSbxaKaheRe38RbxiQb38Me6fznA5Pp7ftolbGmkTy HTTP/1.1" 200 2
216.245.221.92 - - [27/Oct/2022:07:00:02 -0500] "HEAD / HTTP/1.1" 200 -
200.118.64.109 - - [27/Oct/2022:07:01:48 -0500] "POST /forms/lservlet;jsessionid=ac16012b30d68d315bd67a994bc793f2c2515b462707.e3iSbxaKaheRe38RbxiQb38Me6fznA5Pp7ftolbGmkTy HTTP/1.1" 200 2
157.55.39.201 - - [27/Oct/2022:07:01:55 -0500] "GET /sipse/faces/autenticacion.xhtml HTTP/1.1" 200 12502
181.53.12.60 - - [27/Oct/2022:07:02:02 -0500] "GET /kwssiamovil/sm/ldap/au?x=U2FsdGVkX1+9FMKvFRk804YKD6dPH7Bu9Rp9atkfpRtcwFZ5tq4xoek+sR/C2594&y=U2FsdGVkX1+lcozHv2oLHvbN8xr6yKrY103f9I4cOdvViKy9GAx5FiySS6Gu4SAg HTTP/1.1" 200 30
181.53.12.60 - - [27/Oct/2022:07:02:02 -0500] "GET /kwssiamovil/sm/acme/s?s=U2FsdGVkX18dkAdHEUs1itnQhlyVj8+woRww+6KF3k1eSYrrXm8CEnjY9SvTgVuU85T0eqXCuF305af7YLpEcbSCg9H3prMZad0pE+oDBqc=&u=U2FsdGVkX1/aZ0LSOPLE5I18+5VxugUJ0+fXfvzoKyE=&y=U2FsdGVkX1+lcozHv2oLHvbN8xr6yKrY103f9I4cOdvViKy9GAx5FiySS6Gu4SAg HTTP/1.1" 200 97
