!C99Shell v. 1.0 pre-release build #13!

Software: Apache. PHP/5.5.15 

uname -a: Windows NT SVR-DMZ 6.1 build 7600 (Windows Server 2008 R2 Enterprise Edition) i586 

SYSTEM 

Safe-mode: OFF (not secure)

E:\nuevo\apache\logs\   drwxrwxrwx
Free 8.02 GB of 239.26 GB (3.35%)
Detected drives: [ a ] [ c ] [ d ] [ e ] [ f ]
Home    Back    Forward    UPDIR    Refresh    Search    Buffer    Encoder    Tools    Proc.    FTP brute    Sec.    SQL    PHP-code    Update    Feedback    Self remove    Logout    


Viewing file:     access.2022.10.28.log (2.75 MB)      -rw-rw-rw-
Select action/file-type:
(+) | (+) | (+) | Code (+) | Session (+) | (+) | SDB (+) | (+) | (+) | (+) | (+) | (+) |
201.245.192.253 - - [28/Oct/2022:00:00:47 -0500] "POST /kwsrmcab/Wsrmcab  HTTP/1.1" 200 213
185.119.81.97 - - [28/Oct/2022:00:02:33 -0500] "GET /portaldeninos/wp-login.php HTTP/1.1" 200 2592
185.119.81.97 - - [28/Oct/2022:00:02:34 -0500] "POST /portaldeninos/wp-login.php HTTP/1.1" 200 3605
172.22.2.4 - - [28/Oct/2022:00:02:17 -0500] "HEAD /BLA/boletinlegal/ HTTP/1.1" 200 -
172.22.2.4 - - [28/Oct/2022:00:03:07 -0500] "GET /BLA/boletinlegal/ HTTP/1.1" 200 57725
216.245.221.92 - - [28/Oct/2022:00:04:59 -0500] "HEAD / HTTP/1.1" 200 -
201.245.192.253 - - [28/Oct/2022:00:05:46 -0500] "POST /kwsrmcab/Wsrmcab  HTTP/1.1" 200 213
172.22.2.4 - - [28/Oct/2022:00:06:53 -0500] "GET /BLA/boletinlegal/jurisprudencia/analisis/AnalisisT-606-15.docx HTTP/1.1" 200 26698
40.77.167.50 - - [28/Oct/2022:00:07:29 -0500] "GET /portaldeninos/wp-content/uploads/2020/11/Tibanica-B-300x169.jpg HTTP/1.1" 200 16214
114.119.149.159 - - [28/Oct/2022:00:07:59 -0500] "-" 408 -
185.119.81.109 - - [28/Oct/2022:00:09:05 -0500] "GET /portaldeninos/wp-login.php HTTP/1.1" 200 2592
185.119.81.109 - - [28/Oct/2022:00:09:07 -0500] "POST /portaldeninos/wp-login.php HTTP/1.1" 200 3605
172.22.2.4 - - [28/Oct/2022:00:08:07 -0500] "HEAD /BLA/boletinlegal/ HTTP/1.1" 200 -
216.245.221.92 - - [28/Oct/2022:00:09:59 -0500] "HEAD / HTTP/1.1" 200 -
172.22.2.4 - - [28/Oct/2022:00:08:57 -0500] "GET /BLA/boletinlegal/ HTTP/1.1" 200 57725
201.245.192.253 - - [28/Oct/2022:00:10:45 -0500] "POST /kwsrmcab/Wsrmcab  HTTP/1.1" 200 213
152.61.192.232 - - [28/Oct/2022:00:14:44 -0500] "GET / HTTP/1.1" 200 319
216.245.221.92 - - [28/Oct/2022:00:14:59 -0500] "HEAD / HTTP/1.1" 200 -
172.22.2.4 - - [28/Oct/2022:00:13:57 -0500] "HEAD /BLA/boletinlegal/ HTTP/1.1" 200 -
201.245.192.253 - - [28/Oct/2022:00:15:45 -0500] "POST /kwsrmcab/Wsrmcab  HTTP/1.1" 200 213
172.22.2.4 - - [28/Oct/2022:00:14:47 -0500] "GET /BLA/boletinlegal/ HTTP/1.1" 200 57725
152.61.128.50 - - [28/Oct/2022:00:19:53 -0500] "GET / HTTP/1.1" 200 319
216.245.221.92 - - [28/Oct/2022:00:19:59 -0500] "HEAD / HTTP/1.1" 200 -
201.245.192.253 - - [28/Oct/2022:00:20:43 -0500] "POST /kwsrmcab/Wsrmcab  HTTP/1.1" 200 213
172.22.2.4 - - [28/Oct/2022:00:19:47 -0500] "HEAD /BLA/boletinlegal/ HTTP/1.1" 200 -
201.245.192.253 - - [28/Oct/2022:00:21:54 -0500] "POST /kwsrmcab/Wsrmcab HTTP/1.1" 200 41160
201.245.192.253 - - [28/Oct/2022:00:21:56 -0500] "POST /kwsrmcab/Wsrmcab HTTP/1.1" 200 38808
172.22.2.4 - - [28/Oct/2022:00:20:37 -0500] "GET /BLA/boletinlegal/ HTTP/1.1" 200 54003
216.245.221.92 - - [28/Oct/2022:00:24:59 -0500] "HEAD / HTTP/1.1" 200 -
201.245.192.253 - - [28/Oct/2022:00:25:42 -0500] "POST /kwsrmcab/Wsrmcab  HTTP/1.1" 200 213
172.22.2.4 - - [28/Oct/2022:00:25:37 -0500] "HEAD /BLA/boletinlegal/ HTTP/1.1" 200 -
172.22.2.4 - - [28/Oct/2022:00:26:27 -0500] "GET /BLA/boletinlegal/ HTTP/1.1" 200 56376
216.245.221.92 - - [28/Oct/2022:00:29:59 -0500] "HEAD / HTTP/1.1" 200 -
114.119.136.148 - - [28/Oct/2022:00:30:06 -0500] "-" 408 -
201.245.192.253 - - [28/Oct/2022:00:30:41 -0500] "POST /kwsrmcab/Wsrmcab  HTTP/1.1" 200 213
201.245.192.253 - - [28/Oct/2022:00:31:54 -0500] "POST /kwsrmcab/Wsrmcab HTTP/1.1" 200 41160
201.245.192.253 - - [28/Oct/2022:00:31:56 -0500] "POST /kwsrmcab/Wsrmcab HTTP/1.1" 200 38808
185.119.81.109 - - [28/Oct/2022:00:32:03 -0500] "GET /portaldeninos/wp-login.php HTTP/1.1" 200 2592
185.119.81.109 - - [28/Oct/2022:00:32:05 -0500] "POST /portaldeninos/wp-login.php HTTP/1.1" 200 3605
172.22.2.4 - - [28/Oct/2022:00:31:27 -0500] "HEAD /BLA/boletinlegal/ HTTP/1.1" 200 -
172.22.2.4 - - [28/Oct/2022:00:32:17 -0500] "GET /BLA/boletinlegal/ HTTP/1.1" 200 53290
216.245.221.92 - - [28/Oct/2022:00:34:59 -0500] "HEAD / HTTP/1.1" 200 -
201.245.192.253 - - [28/Oct/2022:00:35:40 -0500] "POST /kwsrmcab/Wsrmcab  HTTP/1.1" 200 213
185.119.81.97 - - [28/Oct/2022:00:36:18 -0500] "GET /portaldeninos/wp-login.php HTTP/1.1" 200 2592
185.119.81.97 - - [28/Oct/2022:00:36:19 -0500] "POST /portaldeninos/wp-login.php HTTP/1.1" 200 3650
185.119.81.97 - - [28/Oct/2022:00:38:02 -0500] "GET /portaldeninos/wp-login.php HTTP/1.1" 200 2592
185.119.81.97 - - [28/Oct/2022:00:38:03 -0500] "POST /portaldeninos/wp-login.php HTTP/1.1" 200 3650
172.22.2.4 - - [28/Oct/2022:00:37:17 -0500] "HEAD /BLA/boletinlegal/ HTTP/1.1" 200 -
172.22.2.4 - - [28/Oct/2022:00:38:07 -0500] "GET /BLA/boletinlegal/ HTTP/1.1" 200 56014
216.245.221.92 - - [28/Oct/2022:00:39:59 -0500] "HEAD / HTTP/1.1" 200 -
201.245.192.253 - - [28/Oct/2022:00:40:39 -0500] "POST /kwsrmcab/Wsrmcab  HTTP/1.1" 200 213
172.22.2.4 - - [28/Oct/2022:00:41:54 -0500] "GET /BLA/boletinlegal/style.css HTTP/1.1" 200 9406
172.22.2.4 - - [28/Oct/2022:00:41:54 -0500] "GET /BLA/boletinlegal/styles2.css HTTP/1.1" 200 1838
172.22.2.4 - - [28/Oct/2022:00:41:54 -0500] "GET /BLA/boletinlegal/js/jquery.js HTTP/1.1" 200 57254
172.22.2.4 - - [28/Oct/2022:00:41:54 -0500] "GET /BLA/boletinlegal/js/jquery.scrollShow.js HTTP/1.1" 200 4586
172.22.2.4 - - [28/Oct/2022:00:41:54 -0500] "GET /BLA/boletinlegal/js/jquery.scrollTo-min.js HTTP/1.1" 200 1150
172.22.2.4 - - [28/Oct/2022:00:41:54 -0500] "GET /BLA/boletinlegal/images/cabezote%20BLEGAL.jpg HTTP/1.1" 200 118164
172.22.2.4 - - [28/Oct/2022:00:41:54 -0500] "GET /BLA/boletinlegal/images/historia.png HTTP/1.1" 200 52775
172.22.2.4 - - [28/Oct/2022:00:41:54 -0500] "GET /BLA/boletinlegal/images/arr_l.jpg HTTP/1.1" 200 1979
172.22.2.4 - - [28/Oct/2022:00:41:54 -0500] "GET /BLA/boletinlegal/images/registro-usuarios.png HTTP/1.1" 200 8106
172.22.2.4 - - [28/Oct/2022:00:41:54 -0500] "GET /BLA/boletinlegal/images/subscribe-icon-big.png HTTP/1.1" 200 47702
172.22.2.4 - - [28/Oct/2022:00:41:54 -0500] "GET /BLA/boletinlegal/images/launch.jpg HTTP/1.1" 200 14577
172.22.2.4 - - [28/Oct/2022:00:41:54 -0500] "GET /BLA/boletinlegal/images/screen_1.png HTTP/1.1" 200 202547
172.22.2.4 - - [28/Oct/2022:00:41:54 -0500] "GET /BLA/boletinlegal/images/body_bg.jpg HTTP/1.1" 200 1601
172.22.2.4 - - [28/Oct/2022:00:41:54 -0500] "GET /BLA/boletinlegal/images/menu_rght.gif HTTP/1.1" 200 1627
172.22.2.4 - - [28/Oct/2022:00:41:54 -0500] "GET /BLA/boletinlegal/images/menu_lft.gif HTTP/1.1" 200 1713
172.22.2.4 - - [28/Oct/2022:00:41:54 -0500] "GET /BLA/boletinlegal/images/bg_top.jpg HTTP/1.1" 200 522
172.22.2.4 - - [28/Oct/2022:00:41:54 -0500] "GET /BLA/boletinlegal/images/menu_bg.jpg HTTP/1.1" 200 620
172.22.2.4 - - [28/Oct/2022:00:41:54 -0500] "GET /BLA/boletinlegal/images/hover.jpg HTTP/1.1" 200 640
172.22.2.4 - - [28/Oct/2022:00:41:54 -0500] "GET /BLA/boletinlegal/images/text.jpg HTTP/1.1" 200 568
201.245.192.253 - - [28/Oct/2022:00:41:54 -0500] "POST /kwsrmcab/Wsrmcab HTTP/1.1" 200 41160
201.245.192.253 - - [28/Oct/2022:00:41:59 -0500] "POST /kwsrmcab/Wsrmcab HTTP/1.1" 200 38808
172.22.2.4 - - [28/Oct/2022:00:42:01 -0500] "GET /BLA/boletinlegal/images/screen_2.png HTTP/1.1" 200 362502
172.22.2.4 - - [28/Oct/2022:00:42:01 -0500] "GET /BLA/boletinlegal/images/screen_5.png HTTP/1.1" 200 368876
172.22.2.4 - - [28/Oct/2022:00:42:01 -0500] "GET /BLA/boletinlegal/images/screen_3.png HTTP/1.1" 200 210620
172.22.2.4 - - [28/Oct/2022:00:42:01 -0500] "GET /BLA/boletinlegal/images/footer_bg.jpg HTTP/1.1" 200 586
172.22.2.4 - - [28/Oct/2022:00:42:01 -0500] "GET /BLA/boletinlegal/images/arr_r.jpg HTTP/1.1" 200 1998
172.22.2.4 - - [28/Oct/2022:00:42:03 -0500] "GET /BLA/boletinlegal/actos.php HTTP/1.1" 200 9566
172.22.2.4 - - [28/Oct/2022:00:42:03 -0500] "GET /BLA/boletinlegal/js/ajax_actos.js HTTP/1.1" 200 1322
172.22.2.4 - - [28/Oct/2022:00:42:03 -0500] "GET /BLA/boletinlegal/niceforms-default.css HTTP/1.1" 200 6694
172.22.2.4 - - [28/Oct/2022:00:42:03 -0500] "GET /BLA/boletinlegal/niceforms.js HTTP/1.1" 200 22876
172.22.2.4 - - [28/Oct/2022:00:42:03 -0500] "GET /BLA/boletinlegal/js/lib.js HTTP/1.1" 200 6474
172.22.2.4 - - [28/Oct/2022:00:42:03 -0500] "GET /BLA/boletinlegal/js/popup.js HTTP/1.1" 200 1270
172.22.2.4 - - [28/Oct/2022:00:42:03 -0500] "GET /BLA/boletinlegal/js/jquery1.js HTTP/1.1" 200 29846
172.22.2.4 - - [28/Oct/2022:00:42:03 -0500] "GET /BLA/boletinlegal/images/green-yellow-blue-pink-th.png HTTP/1.1" 200 7394
172.22.2.4 - - [28/Oct/2022:00:42:03 -0500] "GET /BLA/boletinlegal/images/tel.png HTTP/1.1" 200 14477
172.22.2.4 - - [28/Oct/2022:00:42:03 -0500] "GET /BLA/boletinlegal/images/icono-email.png HTTP/1.1" 200 5544
172.22.2.4 - - [28/Oct/2022:00:42:04 -0500] "GET /BLA/boletinlegal/images/footer_bg_l.jpg HTTP/1.1" 200 776
172.22.2.4 - - [28/Oct/2022:00:42:04 -0500] "GET /BLA/boletinlegal/img/0.png HTTP/1.1" 200 110
172.22.2.4 - - [28/Oct/2022:00:42:04 -0500] "GET /BLA/boletinlegal/img/select-left.png HTTP/1.1" 200 263
172.22.2.4 - - [28/Oct/2022:00:42:04 -0500] "GET /BLA/boletinlegal/img/select-right.png HTTP/1.1" 200 44019
172.22.2.4 - - [28/Oct/2022:00:42:04 -0500] "GET /BLA/boletinlegal/img/button-right.png HTTP/1.1" 200 57878
172.22.2.4 - - [28/Oct/2022:00:42:04 -0500] "GET /BLA/boletinlegal/img/button-left.png HTTP/1.1" 200 57071
172.22.2.4 - - [28/Oct/2022:00:42:04 -0500] "GET /BLA/boletinlegal/img/button.png HTTP/1.1" 200 43241
172.22.2.4 - - [28/Oct/2022:00:42:04 -0500] "GET /BLA/boletinlegal/favicon.ico HTTP/1.1" 404 1326
173.252.111.14 - - [28/Oct/2022:00:42:34 -0500] "GET /images/Junio%2002-experiencias-jardines-verticales-sda.jpeg HTTP/1.1" 200 31171
172.22.2.4 - - [28/Oct/2022:00:41:54 -0500] "GET /BLA/boletinlegal/ HTTP/1.1" 200 32715
200.118.60.185 - - [28/Oct/2022:00:42:48 -0500] "GET /BLA/resoluciones/ HTTP/1.1" 200 13093
200.118.60.185 - - [28/Oct/2022:00:42:49 -0500] "GET /BLA/resoluciones/dlf/styles.css HTTP/1.1" 200 3049
200.118.60.185 - - [28/Oct/2022:00:42:49 -0500] "GET /BLA/resoluciones/dlf/folder.png HTTP/1.1" 200 410
200.118.60.185 - - [28/Oct/2022:00:42:49 -0500] "GET /BLA/resoluciones/dlf/bg.gif HTTP/1.1" 200 54
200.118.60.185 - - [28/Oct/2022:00:42:50 -0500] "GET /favicon.ico HTTP/1.1" 200 7782
200.118.60.185 - - [28/Oct/2022:00:43:13 -0500] "GET /BLA/resoluciones/dlf/dirup.png HTTP/1.1" 200 644
200.118.60.185 - - [28/Oct/2022:00:43:13 -0500] "GET /BLA/resoluciones/dlf/pdf.gif HTTP/1.1" 200 272
200.118.60.185 - - [28/Oct/2022:00:43:13 -0500] "GET /BLA/resoluciones/index.php?dir=RESOLUCIONES+2022%2F HTTP/1.1" 200 207664
172.22.2.4 - - [28/Oct/2022:00:43:07 -0500] "HEAD /BLA/boletinlegal/ HTTP/1.1" 200 -
216.245.221.92 - - [28/Oct/2022:00:44:59 -0500] "HEAD / HTTP/1.1" 200 -
172.22.2.4 - - [28/Oct/2022:00:43:57 -0500] "GET /BLA/boletinlegal/ HTTP/1.1" 200 57725
201.245.192.253 - - [28/Oct/2022:00:45:38 -0500] "POST /kwsrmcab/Wsrmcab  HTTP/1.1" 200 213
172.22.2.4 - - [28/Oct/2022:00:46:46 -0500] "GET /BLA/boletinlegal/consulta_actos.php?tipo=resoluciones&no=1913&usuario=&sector=PEV&fecha=2022&resuelve= HTTP/1.1" 200 626
172.22.2.4 - - [28/Oct/2022:00:47:12 -0500] "GET /BLA/boletinlegal/consulta_actos.php?tipo=resoluciones&no=1913&usuario=CRISTIANPINEDA&sector=PEV&fecha=2022&resuelve= HTTP/1.1" 200 626
172.22.2.4 - - [28/Oct/2022:00:47:53 -0500] "GET /BLA/boletinlegal/consulta_actos.php?tipo=resoluciones&no=1913&usuario=CRISTIAN.PINEDA&sector=PEV&fecha=2022&resuelve= HTTP/1.1" 200 626
172.22.2.4 - - [28/Oct/2022:00:48:01 -0500] "GET /BLA/boletinlegal/normativa.php HTTP/1.1" 200 8333
172.22.2.4 - - [28/Oct/2022:00:48:01 -0500] "GET /BLA/boletinlegal/js/ajax_normativa.js HTTP/1.1" 200 1154
172.22.2.4 - - [28/Oct/2022:00:48:04 -0500] "GET /BLA/boletinlegal/actos.php HTTP/1.1" 200 9566
165.227.116.16 - - [28/Oct/2022:00:48:11 -0500] "\x16\x03\x01" 400 226
165.227.116.16 - - [28/Oct/2022:00:48:11 -0500] "\x16\x03\x01" 400 226
172.22.2.4 - - [28/Oct/2022:00:48:34 -0500] "GET /BLA/boletinlegal/consulta_actos.php?tipo=resoluciones&no=1913&usuario=CRISTIAN.PINEDA&sector=PEV&fecha=2022&resuelve= HTTP/1.1" 200 626
200.118.60.185 - - [28/Oct/2022:00:48:36 -0500] "GET /BLA/resoluciones/ HTTP/1.1" 200 13093
200.118.60.185 - - [28/Oct/2022:00:48:48 -0500] "GET /BLA/resoluciones/index.php?dir=RESOLUCIONES+CONJUNTAS%2F HTTP/1.1" 200 4762
200.118.60.185 - - [28/Oct/2022:00:48:58 -0500] "GET /BLA/resoluciones/index.php?dir= HTTP/1.1" 200 13093
200.118.60.185 - - [28/Oct/2022:00:49:03 -0500] "GET /BLA/resoluciones/index.php?dir=RESOLUCIONES+2022%2F HTTP/1.1" 200 207664
216.245.221.92 - - [28/Oct/2022:00:49:59 -0500] "HEAD / HTTP/1.1" 200 -
172.22.2.4 - - [28/Oct/2022:00:48:57 -0500] "HEAD /BLA/boletinlegal/ HTTP/1.1" 200 -
201.245.192.253 - - [28/Oct/2022:00:50:37 -0500] "POST /kwsrmcab/Wsrmcab  HTTP/1.1" 200 213
172.22.2.4 - - [28/Oct/2022:00:49:47 -0500] "GET /BLA/boletinlegal/ HTTP/1.1" 200 59828
172.22.2.4 - - [28/Oct/2022:00:51:50 -0500] "GET /BLA/boletinlegal/ab2g HTTP/1.1" 404 1018
172.22.2.4 - - [28/Oct/2022:00:51:58 -0500] "GET /BLA/boletinlegal/ HTTP/1.1" 200 32715
152.61.192.232 - - [28/Oct/2022:00:53:28 -0500] "GET /arcgis/services/Calidad_del_Agua_WQI/MapServer/WMSServer?request=GetCapabilities&service=WMS HTTP/1.1" 503 1020
152.61.192.232 - - [28/Oct/2022:00:53:30 -0500] "GET /arcgis/services/Calidad_del_Agua_WQI/MapServer/WMSServer?SERVICE=WMS&REQUEST=GetCapabilities HTTP/1.1" 503 1020
152.61.192.232 - - [28/Oct/2022:00:53:30 -0500] "GET /arcgis/services/Calidad_del_Agua_WQI/MapServer/WMSServer?WMTVER=1.0.0&REQUEST=capabilities HTTP/1.1" 503 1020
114.119.141.69 - - [28/Oct/2022:00:53:39 -0500] "GET /BLA/resoluciones/AUTOS%202015/6689.pdf HTTP/1.1" 200 459102
216.245.221.92 - - [28/Oct/2022:00:54:59 -0500] "HEAD / HTTP/1.1" 200 -
185.119.81.109 - - [28/Oct/2022:00:55:06 -0500] "GET /portaldeninos/wp-login.php HTTP/1.1" 200 2592
185.119.81.109 - - [28/Oct/2022:00:55:07 -0500] "POST /portaldeninos/wp-login.php HTTP/1.1" 200 3650
201.245.192.253 - - [28/Oct/2022:00:55:36 -0500] "POST /kwsrmcab/Wsrmcab  HTTP/1.1" 200 213
114.119.141.52 - - [28/Oct/2022:00:56:01 -0500] "GET /Publicaciones/2020EE213944.pdf HTTP/1.1" 404 228
172.22.2.4 - - [28/Oct/2022:00:54:47 -0500] "HEAD /BLA/boletinlegal/ HTTP/1.1" 200 -
172.22.2.4 - - [28/Oct/2022:00:55:37 -0500] "GET /BLA/boletinlegal/ HTTP/1.1" 200 59319
152.61.128.50 - - [28/Oct/2022:00:57:55 -0500] "GET /arcgis/services/Calidad_del_Agua_WQI/MapServer/WMSServer?request=GetCapabilities&service=WMS HTTP/1.1" 503 1020
152.61.128.50 - - [28/Oct/2022:00:57:56 -0500] "GET /arcgis/services/Calidad_del_Agua_WQI/MapServer/WMSServer?SERVICE=WMS&REQUEST=GetCapabilities HTTP/1.1" 503 1020
152.61.128.50 - - [28/Oct/2022:00:57:57 -0500] "GET /arcgis/services/Calidad_del_Agua_WQI/MapServer/WMSServer?WMTVER=1.0.0&REQUEST=capabilities HTTP/1.1" 503 1020
114.119.132.76 - - [28/Oct/2022:00:58:10 -0500] "GET /autoliquidacion/TR%C3%81MITES%20AGUAS%20SUPERFICIALES/FORMULARIO%20NACIONAL%20SOLICITUD%20-Concesion%20Aguas%20Superficiales.pdf HTTP/1.1" 200 94522
181.136.47.50 - - [28/Oct/2022:00:59:44 -0500] "GET /portaldeninos/wp-content/uploads/useanyfont/uaf.css?ver=1589905315 HTTP/1.1" 200 408
181.136.47.50 - - [28/Oct/2022:00:59:44 -0500] "GET /portaldeninos/wp-content/themes/betheme/style.css?ver=20.9.6 HTTP/1.1" 200 287
181.136.47.50 - - [28/Oct/2022:00:59:44 -0500] "GET /portaldeninos/wp-content/plugins/gallery-videos/CSS/Total-Soft-Gallery-Video-Widget.css?ver=4.9.8 HTTP/1.1" 200 51554
181.136.47.50 - - [28/Oct/2022:00:59:44 -0500] "GET /portaldeninos/wp-content/themes/betheme/css/base.css?ver=20.9.6 HTTP/1.1" 200 57283
181.136.47.50 - - [28/Oct/2022:00:59:44 -0500] "GET /portaldeninos/wp-content/themes/betheme/assets/animations/animations.min.css?ver=20.9.6 HTTP/1.1" 200 58508
181.136.47.50 - - [28/Oct/2022:00:59:44 -0500] "GET /portaldeninos/wp-content/plugins/gallery-videos/CSS/totalsoft.css?ver=4.9.8 HTTP/1.1" 200 40622
181.136.47.50 - - [28/Oct/2022:00:59:44 -0500] "GET /portaldeninos/wp-content/themes/betheme/assets/jplayer/css/jplayer.blue.monday.css?ver=20.9.6 HTTP/1.1" 200 9834
181.136.47.50 - - [28/Oct/2022:00:59:44 -0500] "GET /portaldeninos/wp-content/themes/betheme/assets/ui/jquery.ui.all.css?ver=20.9.6 HTTP/1.1" 200 18765
181.136.47.50 - - [28/Oct/2022:00:59:44 -0500] "GET /portaldeninos/wp-content/themes/betheme/css/layout.css?ver=20.9.6 HTTP/1.1" 200 116639
181.136.47.50 - - [28/Oct/2022:00:59:44 -0500] "GET /portaldeninos/wp-content/themes/betheme/css/shortcodes.css?ver=20.9.6 HTTP/1.1" 200 138889
181.136.47.50 - - [28/Oct/2022:00:59:44 -0500] "GET /portaldeninos/wp-content/plugins/google-analytics-for-wordpress/assets/js/frontend-gtag.min.js?ver=8.5.0 HTTP/1.1" 200 11801
181.136.47.50 - - [28/Oct/2022:00:59:45 -0500] "GET /portaldeninos/wp-includes/js/jquery/jquery-migrate.min.js?ver=1.4.1 HTTP/1.1" 200 10056
181.136.47.50 - - [28/Oct/2022:00:59:45 -0500] "GET /portaldeninos/wp-includes/js/jquery/ui/core.min.js?ver=1.11.4 HTTP/1.1" 200 4000
181.136.47.50 - - [28/Oct/2022:00:59:45 -0500] "GET /portaldeninos/wp-content/plugins/gallery-videos/JS/modernizr.custom.js?ver=4.9.8 HTTP/1.1" 200 9019
181.136.47.50 - - [28/Oct/2022:00:59:44 -0500] "GET /portaldeninos/wp-content/themes/betheme/css/responsive.css?ver=20.9.6 HTTP/1.1" 200 55740
181.136.47.50 - - [28/Oct/2022:00:59:45 -0500] "GET /portaldeninos/wp-includes/js/jquery/ui/mouse.min.js?ver=1.11.4 HTTP/1.1" 200 3148
181.136.47.50 - - [28/Oct/2022:00:59:45 -0500] "GET /portaldeninos/wp-includes/js/jquery/ui/widget.min.js?ver=1.11.4 HTTP/1.1" 200 6908
181.136.47.50 - - [28/Oct/2022:00:59:45 -0500] "GET /portaldeninos/wp-includes/js/jquery/ui/accordion.min.js?ver=1.11.4 HTTP/1.1" 200 8584
181.136.47.50 - - [28/Oct/2022:00:59:44 -0500] "GET /portaldeninos/wp-includes/js/jquery/jquery.js?ver=1.12.4 HTTP/1.1" 200 97184
181.136.47.50 - - [28/Oct/2022:00:59:45 -0500] "GET /portaldeninos/wp-content/plugins/gallery-videos/JS/Total-Soft-Gallery-Video-Widget.js?ver=4.9.8 HTTP/1.1" 200 80264
181.136.47.50 - - [28/Oct/2022:00:59:45 -0500] "GET /portaldeninos/wp-includes/js/jquery/ui/tabs.min.js?ver=1.11.4 HTTP/1.1" 200 12110
181.136.47.50 - - [28/Oct/2022:00:59:45 -0500] "GET /portaldeninos/wp-content/themes/betheme/js/menu.js?ver=20.9.6 HTTP/1.1" 200 2449
181.136.47.50 - - [28/Oct/2022:00:59:45 -0500] "GET /portaldeninos/wp-includes/js/jquery/ui/sortable.min.js?ver=1.11.4 HTTP/1.1" 200 24899
181.136.47.50 - - [28/Oct/2022:00:59:45 -0500] "GET /portaldeninos/wp-content/themes/betheme/assets/animations/animations.min.js?ver=20.9.6 HTTP/1.1" 200 1896
181.136.47.50 - - [28/Oct/2022:00:59:45 -0500] "GET /portaldeninos/wp-includes/js/wp-embed.min.js?ver=4.9.8 HTTP/1.1" 200 1398
181.136.47.50 - - [28/Oct/2022:00:59:45 -0500] "GET /portaldeninos/wp-includes/js/wp-emoji-release.min.js?ver=4.9.8 HTTP/1.1" 200 12026
181.136.47.50 - - [28/Oct/2022:00:59:45 -0500] "GET /portaldeninos/wp-content/themes/betheme/images/box_shadow.png HTTP/1.1" 200 108
181.136.47.50 - - [28/Oct/2022:00:59:45 -0500] "GET /portaldeninos/wp-content/themes/betheme/assets/jplayer/jplayer.min.js?ver=20.9.6 HTTP/1.1" 200 52702
181.136.47.50 - - [28/Oct/2022:00:59:45 -0500] "GET /portaldeninos/wp-content/themes/betheme/js/scripts.js?ver=20.9.6 HTTP/1.1" 200 77162
181.136.47.50 - - [28/Oct/2022:00:59:45 -0500] "GET /portaldeninos/wp-content/themes/betheme/js/plugins.js?ver=20.9.6 HTTP/1.1" 200 197151
181.136.47.50 - - [28/Oct/2022:00:59:45 -0500] "GET /portaldeninos/wp-content/themes/betheme/fonts/mfn-icons.woff?93978679 HTTP/1.1" 200 80932
181.136.47.50 - - [28/Oct/2022:00:59:45 -0500] "GET /portaldeninos/wp-content/themes/betheme/fonts/mfn-icons.ttf?93978679 HTTP/1.1" 200 94049
181.136.47.50 - - [28/Oct/2022:00:59:49 -0500] "GET /portaldeninos/wp-content/themes/betheme/fonts/mfn-icons.woff?93978679 HTTP/1.1" 206 1
181.136.47.50 - - [28/Oct/2022:00:59:49 -0500] "GET /portaldeninos/wp-content/themes/betheme/fonts/mfn-icons.ttf?93978679 HTTP/1.1" 200 88353
216.245.221.92 - - [28/Oct/2022:00:59:59 -0500] "HEAD / HTTP/1.1" 200 -
157.55.39.201 - - [28/Oct/2022:01:00:36 -0500] "GET /BLA/resoluciones/RESOLUCIONES%202022/3261.pdf HTTP/1.1" 200 474743
201.245.192.253 - - [28/Oct/2022:01:00:35 -0500] "POST /kwsrmcab/Wsrmcab  HTTP/1.1" 200 213
172.22.2.4 - - [28/Oct/2022:01:00:37 -0500] "HEAD /BLA/boletinlegal/ HTTP/1.1" 200 -
172.22.2.4 - - [28/Oct/2022:01:01:27 -0500] "GET /BLA/boletinlegal/ HTTP/1.1" 200 59828
185.119.81.96 - - [28/Oct/2022:01:03:47 -0500] "GET /portaldeninos/wp-login.php HTTP/1.1" 200 2592
185.119.81.96 - - [28/Oct/2022:01:03:48 -0500] "POST /portaldeninos/wp-login.php HTTP/1.1" 200 3605
216.245.221.92 - - [28/Oct/2022:01:04:59 -0500] "HEAD / HTTP/1.1" 200 -
207.46.13.79 - - [28/Oct/2022:01:05:11 -0500] "GET /BLA/resoluciones/00000027.tif HTTP/1.1" 404 1018
201.245.192.253 - - [28/Oct/2022:01:05:35 -0500] "POST /kwsrmcab/Wsrmcab  HTTP/1.1" 200 213
172.22.2.4 - - [28/Oct/2022:01:06:27 -0500] "HEAD /BLA/boletinlegal/ HTTP/1.1" 200 -
172.22.2.4 - - [28/Oct/2022:01:07:17 -0500] "GET /BLA/boletinlegal/ HTTP/1.1" 200 59319
216.245.221.92 - - [28/Oct/2022:01:09:59 -0500] "HEAD / HTTP/1.1" 200 -
201.245.192.253 - - [28/Oct/2022:01:10:35 -0500] "POST /kwsrmcab/Wsrmcab  HTTP/1.1" 200 213
172.22.2.4 - - [28/Oct/2022:01:12:17 -0500] "HEAD /BLA/boletinlegal/ HTTP/1.1" 200 -
172.22.2.4 - - [28/Oct/2022:01:13:07 -0500] "GET /BLA/boletinlegal/ HTTP/1.1" 200 57725
216.245.221.92 - - [28/Oct/2022:01:14:59 -0500] "HEAD / HTTP/1.1" 200 -
201.245.192.253 - - [28/Oct/2022:01:15:35 -0500] "POST /kwsrmcab/Wsrmcab  HTTP/1.1" 200 213
172.22.2.4 - - [28/Oct/2022:01:18:07 -0500] "HEAD /BLA/boletinlegal/ HTTP/1.1" 200 -
216.245.221.92 - - [28/Oct/2022:01:19:59 -0500] "HEAD / HTTP/1.1" 200 -
201.245.192.253 - - [28/Oct/2022:01:20:34 -0500] "POST /kwsrmcab/Wsrmcab  HTTP/1.1" 200 213
172.22.2.4 - - [28/Oct/2022:01:18:57 -0500] "GET /BLA/boletinlegal/ HTTP/1.1" 200 55220
172.22.2.4 - - [28/Oct/2022:01:21:26 -0500] "GET /BLA/boletinlegal/actos.php HTTP/1.1" 200 9566
200.118.60.185 - - [28/Oct/2022:01:21:28 -0500] "GET /BLA/resoluciones/ HTTP/1.1" 200 13093
200.118.60.185 - - [28/Oct/2022:01:21:32 -0500] "GET /BLA/resoluciones/index.php?dir=RESOLUCIONES+2022%2F HTTP/1.1" 200 207664
172.22.2.4 - - [28/Oct/2022:01:21:22 -0500] "GET /BLA/boletinlegal/ HTTP/1.1" 200 24523
201.245.192.253 - - [28/Oct/2022:01:21:54 -0500] "POST /kwsrmcab/Wsrmcab HTTP/1.1" 200 41768
201.245.192.253 - - [28/Oct/2022:01:21:56 -0500] "POST /kwsrmcab/Wsrmcab HTTP/1.1" 200 38645
172.22.2.4 - - [28/Oct/2022:01:23:51 -0500] "GET /BLA/boletinlegal/conceptos.php HTTP/1.1" 200 7450
216.245.221.92 - - [28/Oct/2022:01:24:59 -0500] "HEAD / HTTP/1.1" 200 -
172.22.2.4 - - [28/Oct/2022:01:24:39 -0500] "GET /BLA/boletinlegal/ HTTP/1.1" 200 24523
201.245.192.253 - - [28/Oct/2022:01:25:33 -0500] "POST /kwsrmcab/Wsrmcab  HTTP/1.1" 200 213
172.22.2.4 - - [28/Oct/2022:01:23:57 -0500] "HEAD /BLA/boletinlegal/ HTTP/1.1" 200 -
172.22.2.4 - - [28/Oct/2022:01:24:47 -0500] "GET /BLA/boletinlegal/ HTTP/1.1" 200 56376
216.245.221.92 - - [28/Oct/2022:01:29:59 -0500] "HEAD / HTTP/1.1" 200 -
201.245.192.253 - - [28/Oct/2022:01:30:32 -0500] "POST /kwsrmcab/Wsrmcab  HTTP/1.1" 200 213
172.22.2.4 - - [28/Oct/2022:01:29:47 -0500] "HEAD /BLA/boletinlegal/ HTTP/1.1" 200 -
201.245.192.253 - - [28/Oct/2022:01:31:54 -0500] "POST /kwsrmcab/Wsrmcab HTTP/1.1" 200 41768
201.245.192.253 - - [28/Oct/2022:01:31:56 -0500] "POST /kwsrmcab/Wsrmcab HTTP/1.1" 200 38645
172.22.2.4 - - [28/Oct/2022:01:30:37 -0500] "GET /BLA/boletinlegal/ HTTP/1.1" 200 59828
198.74.59.35 - - [28/Oct/2022:01:34:07 -0500] "GET /galeria/galeria/jquery.fancybox.css?v=2.1.5 HTTP/1.1" 200 4895
198.74.59.35 - - [28/Oct/2022:01:34:07 -0500] "GET /BLA/boletinlegal/js/jquery.scrollShow.js HTTP/1.1" 200 4586
198.74.59.35 - - [28/Oct/2022:01:34:07 -0500] "GET /galeria/galeria/jquery.fancybox.js?v=2.1.5 HTTP/1.1" 200 48706
216.245.221.92 - - [28/Oct/2022:01:34:59 -0500] "HEAD / HTTP/1.1" 200 -
201.245.192.253 - - [28/Oct/2022:01:35:31 -0500] "POST /kwsrmcab/Wsrmcab  HTTP/1.1" 200 213
172.22.2.4 - - [28/Oct/2022:01:35:18 -0500] "GET /BLA/boletinlegal/ HTTP/1.1" 200 24523
172.22.2.4 - - [28/Oct/2022:01:35:37 -0500] "HEAD /BLA/boletinlegal/ HTTP/1.1" 200 -
172.22.2.4 - - [28/Oct/2022:01:36:27 -0500] "GET /BLA/boletinlegal/ HTTP/1.1" 200 52877
185.119.81.106 - - [28/Oct/2022:01:39:13 -0500] "GET /portaldeninos/wp-login.php HTTP/1.1" 200 2592
185.119.81.106 - - [28/Oct/2022:01:39:14 -0500] "POST /portaldeninos/wp-login.php HTTP/1.1" 200 3650
216.245.221.92 - - [28/Oct/2022:01:39:59 -0500] "HEAD / HTTP/1.1" 200 -
201.245.192.253 - - [28/Oct/2022:01:40:30 -0500] "POST /kwsrmcab/Wsrmcab  HTTP/1.1" 200 213
201.245.192.253 - - [28/Oct/2022:01:41:53 -0500] "POST /kwsrmcab/Wsrmcab HTTP/1.1" 200 41768
201.245.192.253 - - [28/Oct/2022:01:41:56 -0500] "POST /kwsrmcab/Wsrmcab HTTP/1.1" 200 38645
172.22.2.4 - - [28/Oct/2022:01:41:27 -0500] "HEAD /BLA/boletinlegal/ HTTP/1.1" 200 -
172.22.2.4 - - [28/Oct/2022:01:42:17 -0500] "GET /BLA/boletinlegal/ HTTP/1.1" 200 57725
172.22.2.4 - - [28/Oct/2022:01:44:39 -0500] "GET /BLA/boletinlegal/favicon.ico HTTP/1.1" 404 1018
216.245.221.92 - - [28/Oct/2022:01:44:59 -0500] "HEAD / HTTP/1.1" 200 -
201.245.192.253 - - [28/Oct/2022:01:45:29 -0500] "POST /kwsrmcab/Wsrmcab  HTTP/1.1" 200 213
40.77.167.103 - - [28/Oct/2022:01:47:14 -0500] "-" 408 -
207.46.13.50 - - [28/Oct/2022:01:47:36 -0500] "GET /bla/resoluciones/autos%202010/2132.pdf HTTP/1.1" 304 -
172.22.2.4 - - [28/Oct/2022:01:47:17 -0500] "HEAD /BLA/boletinlegal/ HTTP/1.1" 200 -
190.237.151.94 - - [28/Oct/2022:01:48:57 -0500] "GET /galeria/galeria/jquery.fancybox.js?v=2.1.5 HTTP/1.1" 200 48706
190.237.151.94 - - [28/Oct/2022:01:48:57 -0500] "GET /galeria/galeria/jquery.fancybox.css?v=2.1.5 HTTP/1.1" 200 4895
190.237.151.94 - - [28/Oct/2022:01:48:57 -0500] "GET /BLA/boletinlegal/js/jquery.scrollShow.js HTTP/1.1" 200 4586
172.22.2.4 - - [28/Oct/2022:01:48:07 -0500] "GET /BLA/boletinlegal/ HTTP/1.1" 200 57725
216.245.221.92 - - [28/Oct/2022:01:49:59 -0500] "HEAD / HTTP/1.1" 200 -
201.245.192.253 - - [28/Oct/2022:01:50:28 -0500] "POST /kwsrmcab/Wsrmcab  HTTP/1.1" 200 213
172.22.2.4 - - [28/Oct/2022:01:52:03 -0500] "GET /BLA/boletinlegal/robots.txt HTTP/1.1" 404 1038
207.46.13.18 - - [28/Oct/2022:01:52:56 -0500] "GET /BLA/resoluciones/AUTOS%202020/2667.pdf HTTP/1.1" 200 323266
172.22.2.4 - - [28/Oct/2022:01:52:05 -0500] "GET /BLA/boletinlegal/index.php HTTP/1.1" 200 58575
172.22.2.4 - - [28/Oct/2022:01:53:07 -0500] "HEAD /BLA/boletinlegal/ HTTP/1.1" 200 -
216.245.221.92 - - [28/Oct/2022:01:54:59 -0500] "HEAD / HTTP/1.1" 200 -
185.119.81.109 - - [28/Oct/2022:01:55:27 -0500] "GET /portaldeninos/wp-login.php HTTP/1.1" 200 2592
185.119.81.109 - - [28/Oct/2022:01:55:28 -0500] "POST /portaldeninos/wp-login.php HTTP/1.1" 200 3605
201.245.192.253 - - [28/Oct/2022:01:55:27 -0500] "POST /kwsrmcab/Wsrmcab  HTTP/1.1" 200 213
172.22.2.4 - - [28/Oct/2022:01:53:57 -0500] "GET /BLA/boletinlegal/ HTTP/1.1" 200 59828
216.245.221.92 - - [28/Oct/2022:01:59:59 -0500] "HEAD / HTTP/1.1" 200 -
201.245.192.253 - - [28/Oct/2022:02:00:25 -0500] "POST /kwsrmcab/Wsrmcab  HTTP/1.1" 200 213
172.22.2.4 - - [28/Oct/2022:01:58:57 -0500] "HEAD /BLA/boletinlegal/ HTTP/1.1" 200 -
157.55.39.153 - - [28/Oct/2022:02:00:59 -0500] "GET /portaldeninos/parque-ecologico-distrital-humedal-santa-maria-del-lago/ HTTP/1.1" 200 90199
157.55.39.153 - - [28/Oct/2022:02:01:09 -0500] "GET /portaldeninos/parque-ecologico-distrital-humedal-santa-maria-del-lago/ HTTP/1.1" 200 90199
172.22.2.4 - - [28/Oct/2022:01:59:47 -0500] "GET /BLA/boletinlegal/ HTTP/1.1" 200 55630
185.119.81.99 - - [28/Oct/2022:02:01:40 -0500] "GET /portaldeninos/wp-login.php HTTP/1.1" 200 2592
185.119.81.99 - - [28/Oct/2022:02:01:41 -0500] "POST /portaldeninos/wp-login.php HTTP/1.1" 200 3650
190.158.0.90 - - [28/Oct/2022:02:02:29 -0500] "GET /autoliquidacion2020/ HTTP/1.1" 200 6146
216.245.221.92 - - [28/Oct/2022:02:04:59 -0500] "HEAD / HTTP/1.1" 200 -
201.245.192.253 - - [28/Oct/2022:02:05:24 -0500] "POST /kwsrmcab/Wsrmcab  HTTP/1.1" 200 213
172.22.2.4 - - [28/Oct/2022:02:04:47 -0500] "HEAD /BLA/boletinlegal/ HTTP/1.1" 200 -
172.22.2.4 - - [28/Oct/2022:02:05:37 -0500] "GET /BLA/boletinlegal/ HTTP/1.1" 200 59319
207.46.13.18 - - [28/Oct/2022:02:08:01 -0500] "GET /BLA/resoluciones/RESOLUCIONES%202021/4877.pdf HTTP/1.1" 304 -
216.245.221.92 - - [28/Oct/2022:02:09:59 -0500] "HEAD / HTTP/1.1" 200 -
201.245.192.253 - - [28/Oct/2022:02:10:23 -0500] "POST /kwsrmcab/Wsrmcab  HTTP/1.1" 200 213
186.81.185.227 - - [28/Oct/2022:02:10:29 -0500] "GET /appsia/controlador HTTP/1.1" 200 4799
186.81.185.227 - - [28/Oct/2022:02:10:29 -0500] "GET /appsia/css/estilos.css HTTP/1.1" 200 4804
186.81.185.227 - - [28/Oct/2022:02:10:30 -0500] "GET /appsia/scripts/validarIngreso.js HTTP/1.1" 200 851
186.81.185.227 - - [28/Oct/2022:02:10:30 -0500] "GET /appsia/images/logo_bogota_p.png HTTP/1.1" 200 14951
186.81.185.227 - - [28/Oct/2022:02:10:30 -0500] "GET /appsia/images/cabezoteHojaVida.png HTTP/1.1" 200 32493
186.81.185.227 - - [28/Oct/2022:02:10:31 -0500] "GET /favicon.ico HTTP/1.1" 200 7782
191.102.224.201 - - [28/Oct/2022:02:10:36 -0500] "GET /appsia/controlador HTTP/1.1" 200 4799
191.102.224.201 - - [28/Oct/2022:02:10:37 -0500] "GET /appsia/css/estilos.css HTTP/1.1" 200 4804
191.102.224.201 - - [28/Oct/2022:02:10:37 -0500] "GET /appsia/images/logo_bogota_p.png HTTP/1.1" 200 14951
191.102.224.201 - - [28/Oct/2022:02:10:39 -0500] "GET /appsia/images/cabezoteHojaVida.png HTTP/1.1" 200 32493
186.81.185.227 - - [28/Oct/2022:02:10:52 -0500] "POST /appsia/controlador HTTP/1.1" 200 3598
186.81.185.227 - - [28/Oct/2022:02:10:52 -0500] "GET /appsia/jscripts/validarSolicitud.js HTTP/1.1" 404 68
186.81.185.227 - - [28/Oct/2022:02:11:07 -0500] "POST /appsia/controlador HTTP/1.1" 200 4799
186.81.185.227 - - [28/Oct/2022:02:11:27 -0500] "POST /appsia/controlador HTTP/1.1" 200 4621
191.102.224.199 - - [28/Oct/2022:02:11:30 -0500] "GET /appsia/controlador HTTP/1.1" 200 4799
191.102.224.199 - - [28/Oct/2022:02:11:31 -0500] "GET /appsia/scripts/validarIngreso.js HTTP/1.1" 200 851
191.102.224.199 - - [28/Oct/2022:02:11:31 -0500] "GET /appsia/css/estilos.css HTTP/1.1" 200 4804
191.102.224.199 - - [28/Oct/2022:02:11:31 -0500] "GET /appsia/images/logo_bogota_p.png HTTP/1.1" 200 14951
191.102.224.199 - - [28/Oct/2022:02:11:31 -0500] "GET /appsia/images/cabezoteHojaVida.png HTTP/1.1" 200 32493
186.81.185.227 - - [28/Oct/2022:02:11:33 -0500] "POST /appsia/controlador HTTP/1.1" 200 7719
186.81.185.227 - - [28/Oct/2022:02:11:34 -0500] "GET /appsia/images/logo_escudo.png HTTP/1.1" 200 36965
172.22.2.4 - - [28/Oct/2022:02:10:37 -0500] "HEAD /BLA/boletinlegal/ HTTP/1.1" 200 -
186.81.185.227 - - [28/Oct/2022:02:12:22 -0500] "POST /appsia/controlador HTTP/1.1" 200 4621
186.81.185.227 - - [28/Oct/2022:02:12:25 -0500] "POST /appsia/controlador HTTP/1.1" 200 4799
172.22.2.4 - - [28/Oct/2022:02:11:27 -0500] "GET /BLA/boletinlegal/ HTTP/1.1" 200 56376
207.46.13.79 - - [28/Oct/2022:02:13:38 -0500] "GET /Publicaciones/2022EE180472.pdf HTTP/1.1" 404 228
172.22.2.4 - - [28/Oct/2022:02:12:57 -0500] "GET /BLA/boletinlegal/ HTTP/1.1" 200 61974
216.245.221.92 - - [28/Oct/2022:02:14:59 -0500] "HEAD / HTTP/1.1" 200 -
201.245.192.253 - - [28/Oct/2022:02:15:23 -0500] "POST /kwsrmcab/Wsrmcab  HTTP/1.1" 200 213
207.46.13.217 - - [28/Oct/2022:02:15:36 -0500] "GET /portaldeninos/aulas-ambientales/aula-ambiental-sorotama/ HTTP/1.1" 200 89596
172.22.2.4 - - [28/Oct/2022:02:16:27 -0500] "HEAD /BLA/boletinlegal/ HTTP/1.1" 200 -
185.119.81.99 - - [28/Oct/2022:02:18:23 -0500] "GET /portaldeninos/wp-login.php HTTP/1.1" 200 2592
185.119.81.99 - - [28/Oct/2022:02:18:24 -0500] "POST /portaldeninos/wp-login.php HTTP/1.1" 200 3605
172.22.2.4 - - [28/Oct/2022:02:17:17 -0500] "GET /BLA/boletinlegal/ HTTP/1.1" 200 57725
207.46.13.18 - - [28/Oct/2022:02:19:19 -0500] "GET /BLA/resoluciones/RESOLUCIONES%202006/RES%202006%20351-400/00000363.tif HTTP/1.1" 200 40254
216.245.221.92 - - [28/Oct/2022:02:19:59 -0500] "HEAD / HTTP/1.1" 200 -
201.245.192.253 - - [28/Oct/2022:02:20:22 -0500] "POST /kwsrmcab/Wsrmcab  HTTP/1.1" 200 213
201.245.192.253 - - [28/Oct/2022:02:21:53 -0500] "POST /kwsrmcab/Wsrmcab HTTP/1.1" 200 41444
201.245.192.253 - - [28/Oct/2022:02:21:56 -0500] "POST /kwsrmcab/Wsrmcab HTTP/1.1" 200 38495
172.22.2.4 - - [28/Oct/2022:02:22:17 -0500] "HEAD /BLA/boletinlegal/ HTTP/1.1" 200 -
172.22.2.4 - - [28/Oct/2022:02:23:07 -0500] "GET /BLA/boletinlegal/ HTTP/1.1" 200 57725
216.245.221.92 - - [28/Oct/2022:02:24:59 -0500] "HEAD / HTTP/1.1" 200 -
157.55.39.195 - - [28/Oct/2022:02:25:22 -0500] "GET /Publicaciones/2022EE239211.pdf HTTP/1.1" 404 228
201.245.192.253 - - [28/Oct/2022:02:25:21 -0500] "POST /kwsrmcab/Wsrmcab  HTTP/1.1" 200 213
190.156.185.197 - - [28/Oct/2022:02:26:41 -0500] "GET /BLA/resoluciones/ HTTP/1.1" 200 13093
190.156.185.197 - - [28/Oct/2022:02:26:41 -0500] "GET /favicon.ico HTTP/1.1" 200 7782
190.156.185.197 - - [28/Oct/2022:02:26:44 -0500] "GET /BLA/resoluciones/index.php?dir=AUTOS+2018%2F HTTP/1.1" 200 438720
157.55.39.195 - - [28/Oct/2022:02:27:03 -0500] "GET /BLA/resoluciones/RESOLUCIONES%202006/RES%202006%20351-400/00000369.tif HTTP/1.1" 200 87506
172.22.2.4 - - [28/Oct/2022:02:28:07 -0500] "HEAD /BLA/boletinlegal/ HTTP/1.1" 200 -
216.245.221.92 - - [28/Oct/2022:02:29:59 -0500] "HEAD / HTTP/1.1" 200 -
201.245.192.253 - - [28/Oct/2022:02:30:21 -0500] "POST /kwsrmcab/Wsrmcab  HTTP/1.1" 200 213
172.22.2.4 - - [28/Oct/2022:02:28:57 -0500] "GET /BLA/boletinlegal/ HTTP/1.1" 200 58163
157.55.39.201 - - [28/Oct/2022:02:31:05 -0500] "GET /BLA/resoluciones/Notificaciones/AUTOS%202017/1154.pdf HTTP/1.1" 304 -
201.245.192.253 - - [28/Oct/2022:02:31:54 -0500] "POST /kwsrmcab/Wsrmcab HTTP/1.1" 200 41444
201.245.192.253 - - [28/Oct/2022:02:31:56 -0500] "POST /kwsrmcab/Wsrmcab HTTP/1.1" 200 38495
216.245.221.92 - - [28/Oct/2022:02:34:59 -0500] "HEAD / HTTP/1.1" 200 -
201.245.192.253 - - [28/Oct/2022:02:35:20 -0500] "POST /kwsrmcab/Wsrmcab  HTTP/1.1" 200 213
172.22.2.4 - - [28/Oct/2022:02:33:57 -0500] "HEAD /BLA/boletinlegal/ HTTP/1.1" 200 -
172.22.2.4 - - [28/Oct/2022:02:34:47 -0500] "GET /BLA/boletinlegal/ HTTP/1.1" 200 59319
216.245.221.92 - - [28/Oct/2022:02:39:59 -0500] "HEAD / HTTP/1.1" 200 -
207.46.13.50 - - [28/Oct/2022:02:39:59 -0500] "GET /BLA/resoluciones/RESOLUCIONES%202022/0809.pdf HTTP/1.1" 200 10336867
201.245.192.253 - - [28/Oct/2022:02:40:18 -0500] "POST /kwsrmcab/Wsrmcab  HTTP/1.1" 200 213
157.55.39.69 - - [28/Oct/2022:02:41:08 -0500] "GET /galeria/galeria/fotos/Humedal-la-Isla4G.jpg HTTP/1.1" 200 238346
172.22.2.4 - - [28/Oct/2022:02:39:47 -0500] "HEAD /BLA/boletinlegal/ HTTP/1.1" 200 -
201.245.192.253 - - [28/Oct/2022:02:41:53 -0500] "POST /kwsrmcab/Wsrmcab HTTP/1.1" 200 41444
201.245.192.253 - - [28/Oct/2022:02:41:56 -0500] "POST /kwsrmcab/Wsrmcab HTTP/1.1" 200 38495
172.22.2.4 - - [28/Oct/2022:02:40:37 -0500] "GET /BLA/boletinlegal/ HTTP/1.1" 200 59319
190.156.185.197 - - [28/Oct/2022:02:42:37 -0500] "GET /BLA/resoluciones/AUTOS%202018/6288.pdf HTTP/1.1" 200 256694
216.245.221.92 - - [28/Oct/2022:02:44:59 -0500] "HEAD / HTTP/1.1" 200 -
201.245.192.253 - - [28/Oct/2022:02:45:18 -0500] "POST /kwsrmcab/Wsrmcab  HTTP/1.1" 200 213
172.22.2.4 - - [28/Oct/2022:02:47:06 -0500] "GET /BLA/boletinlegal/Directivas/2014/Directiva%20No.%203%20del%2020%20de%20Mayo%20de%202014.pdf HTTP/1.1" 304 -
172.22.2.4 - - [28/Oct/2022:02:45:37 -0500] "HEAD /BLA/boletinlegal/ HTTP/1.1" 200 -
172.22.2.4 - - [28/Oct/2022:02:46:27 -0500] "GET /BLA/boletinlegal/ HTTP/1.1" 200 57725
216.245.221.92 - - [28/Oct/2022:02:49:59 -0500] "HEAD / HTTP/1.1" 200 -
201.245.192.253 - - [28/Oct/2022:02:50:16 -0500] "POST /kwsrmcab/Wsrmcab  HTTP/1.1" 200 213
13.66.139.12 - - [28/Oct/2022:02:51:13 -0500] "GET /Publicaciones/2022EE82527.pdf HTTP/1.1" 404 227
66.249.73.167 - - [28/Oct/2022:02:51:27 -0500] "-" 408 -
157.55.39.201 - - [28/Oct/2022:02:51:55 -0500] "GET /BLA/resoluciones/AUTOS%202018/6288.pdf HTTP/1.1" 200 256694
172.22.2.4 - - [28/Oct/2022:02:51:27 -0500] "HEAD /BLA/boletinlegal/ HTTP/1.1" 200 -
207.46.13.50 - - [28/Oct/2022:02:53:50 -0500] "GET /BLA/resoluciones/RESOLUCIONES%202005/1270.tif HTTP/1.1" 200 28932
172.22.2.4 - - [28/Oct/2022:02:52:17 -0500] "GET /BLA/boletinlegal/ HTTP/1.1" 200 59319
216.245.221.92 - - [28/Oct/2022:02:54:59 -0500] "HEAD / HTTP/1.1" 200 -
201.245.192.253 - - [28/Oct/2022:02:55:15 -0500] "POST /kwsrmcab/Wsrmcab  HTTP/1.1" 200 213
95.217.144.156 - - [28/Oct/2022:02:57:51 -0500] "-" 408 -
172.22.2.4 - - [28/Oct/2022:02:57:17 -0500] "HEAD /BLA/boletinlegal/ HTTP/1.1" 200 -
185.119.81.99 - - [28/Oct/2022:02:59:41 -0500] "GET /portaldeninos/wp-login.php HTTP/1.1" 200 2592
185.119.81.99 - - [28/Oct/2022:02:59:42 -0500] "POST /portaldeninos/wp-login.php HTTP/1.1" 200 3605
172.22.2.4 - - [28/Oct/2022:02:58:07 -0500] "GET /BLA/boletinlegal/ HTTP/1.1" 200 57725
216.245.221.92 - - [28/Oct/2022:02:59:59 -0500] "HEAD / HTTP/1.1" 200 -
201.245.192.253 - - [28/Oct/2022:03:00:14 -0500] "POST /kwsrmcab/Wsrmcab  HTTP/1.1" 200 213
65.154.226.109 - - [28/Oct/2022:03:02:15 -0500] "GET /galeria/galeria/jquery.fancybox.css?v=2.1.5 HTTP/1.1" 200 4895
65.154.226.109 - - [28/Oct/2022:03:02:15 -0500] "GET /BLA/boletinlegal/js/jquery.scrollShow.js HTTP/1.1" 200 4586
65.154.226.109 - - [28/Oct/2022:03:02:18 -0500] "GET /bla/boletinlegal/index.php HTTP/1.1" 200 20427
172.22.2.4 - - [28/Oct/2022:03:03:07 -0500] "HEAD /BLA/boletinlegal/ HTTP/1.1" 200 -
216.245.221.92 - - [28/Oct/2022:03:04:58 -0500] "HEAD / HTTP/1.1" 200 -
201.245.192.253 - - [28/Oct/2022:03:05:12 -0500] "POST /kwsrmcab/Wsrmcab  HTTP/1.1" 200 213
172.22.2.4 - - [28/Oct/2022:03:03:57 -0500] "GET /BLA/boletinlegal/ HTTP/1.1" 200 59319
216.245.221.92 - - [28/Oct/2022:03:09:58 -0500] "HEAD / HTTP/1.1" 200 -
201.245.192.253 - - [28/Oct/2022:03:10:12 -0500] "POST /kwsrmcab/Wsrmcab  HTTP/1.1" 200 213
172.22.2.4 - - [28/Oct/2022:03:08:57 -0500] "HEAD /BLA/boletinlegal/ HTTP/1.1" 200 -
172.22.2.4 - - [28/Oct/2022:03:09:47 -0500] "GET /BLA/boletinlegal/ HTTP/1.1" 200 53290
216.245.221.92 - - [28/Oct/2022:03:14:58 -0500] "HEAD / HTTP/1.1" 200 -
201.245.192.253 - - [28/Oct/2022:03:15:11 -0500] "POST /kwsrmcab/Wsrmcab  HTTP/1.1" 200 213
157.55.39.195 - - [28/Oct/2022:03:15:27 -0500] "GET /BLA/resoluciones/AUTOS%202021/4502.pdf HTTP/1.1" 304 -
172.22.2.4 - - [28/Oct/2022:03:14:47 -0500] "HEAD /BLA/boletinlegal/ HTTP/1.1" 200 -
172.22.2.4 - - [28/Oct/2022:03:15:37 -0500] "GET /BLA/boletinlegal/ HTTP/1.1" 200 57725
185.119.81.97 - - [28/Oct/2022:03:19:45 -0500] "GET /portaldeninos/wp-login.php HTTP/1.1" 200 2592
185.119.81.97 - - [28/Oct/2022:03:19:46 -0500] "POST /portaldeninos/wp-login.php HTTP/1.1" 200 3605
216.245.221.92 - - [28/Oct/2022:03:19:58 -0500] "HEAD / HTTP/1.1" 200 -
201.245.192.253 - - [28/Oct/2022:03:20:10 -0500] "POST /kwsrmcab/Wsrmcab  HTTP/1.1" 200 213
185.119.81.97 - - [28/Oct/2022:03:20:43 -0500] "GET /portaldeninos/wp-login.php HTTP/1.1" 200 2592
185.119.81.97 - - [28/Oct/2022:03:20:44 -0500] "POST /portaldeninos/wp-login.php HTTP/1.1" 200 3605
201.245.192.253 - - [28/Oct/2022:03:21:54 -0500] "POST /kwsrmcab/Wsrmcab HTTP/1.1" 200 41290
201.245.192.253 - - [28/Oct/2022:03:21:56 -0500] "POST /kwsrmcab/Wsrmcab HTTP/1.1" 200 38498
172.22.2.4 - - [28/Oct/2022:03:20:37 -0500] "HEAD /BLA/boletinlegal/ HTTP/1.1" 200 -
207.46.13.18 - - [28/Oct/2022:03:22:35 -0500] "GET /appsia/controlador HTTP/1.1" 200 4799
207.46.13.50 - - [28/Oct/2022:03:22:53 -0500] "GET /appsia/css/estilos.css HTTP/1.1" 200 4804
157.55.39.195 - - [28/Oct/2022:03:22:57 -0500] "GET /appsia/scripts/validarIngreso.js HTTP/1.1" 200 851
69.171.249.3 - - [28/Oct/2022:03:23:04 -0500] "GET /images/empresas-industrias-forestales-1-junio.jpg HTTP/1.1" 200 44019
172.22.2.4 - - [28/Oct/2022:03:21:27 -0500] "GET /BLA/boletinlegal/ HTTP/1.1" 200 54003
69.171.249.22 - - [28/Oct/2022:03:23:12 -0500] "GET /images/control-madera-ilegal-24-mayo.jpg HTTP/1.1" 200 48269
69.171.249.8 - - [28/Oct/2022:03:23:12 -0500] "GET /images/visita-suspension-humedal-techo-24-mayo.jpg HTTP/1.1" 200 57365
69.171.249.22 - - [28/Oct/2022:03:23:16 -0500] "GET /images/feria-servicios-tramites-19-mayo.jpg HTTP/1.1" 200 40581
69.171.249.21 - - [28/Oct/2022:03:23:16 -0500] "GET /images/bogota-polvo-sahara-23-mayo.jpg HTTP/1.1" 200 35039
69.171.249.6 - - [28/Oct/2022:03:23:21 -0500] "GET /images/ptar-alcaldesa-rio-bogota-12-mato.jpg HTTP/1.1" 200 40205
69.171.249.12 - - [28/Oct/2022:03:23:22 -0500] "GET /images/secretaria-rio-bogota-avances-12-mayo.jpg HTTP/1.1" 200 37281
69.171.249.4 - - [28/Oct/2022:03:23:22 -0500] "GET /images/feria-servicios-12-mayo-principal.jpg HTTP/1.1" 200 44744
69.171.249.4 - - [28/Oct/2022:03:23:23 -0500] "GET /images/parque-nal-secretaria.jpg HTTP/1.1" 200 168060
69.171.249.116 - - [28/Oct/2022:03:23:29 -0500] "GET /images/Brasil1.jpeg HTTP/1.1" 200 27965
69.171.249.7 - - [28/Oct/2022:03:23:29 -0500] "GET /images/feria-servicios-5-MAYO.jpg HTTP/1.1" 200 39759
69.171.249.7 - - [28/Oct/2022:03:23:30 -0500] "GET /images/RCD1.jpg HTTP/1.1" 200 195843
69.171.249.3 - - [28/Oct/2022:03:23:31 -0500] "GET /images/secretaria-carolina-economia-circular-6-mayo.jpg HTTP/1.1" 200 33699
69.171.249.7 - - [28/Oct/2022:03:23:31 -0500] "GET /images/Animales1.jpeg HTTP/1.1" 200 76841
69.171.249.20 - - [28/Oct/2022:03:23:32 -0500] "GET /images/fachada-secretaria-ambiente-abril.jpg HTTP/1.1" 200 148853
69.171.249.116 - - [28/Oct/2022:03:23:32 -0500] "GET /images/accion-climatica.jpg HTTP/1.1" 200 417776
69.171.249.118 - - [28/Oct/2022:03:23:33 -0500] "GET /images/cerros-bogota-2-mayo.jpg HTTP/1.1" 200 98367
69.171.249.2 - - [28/Oct/2022:03:23:36 -0500] "GET /images/operativos-residuos-peligrosos-25-ABRIL.jpg HTTP/1.1" 200 35345
69.171.249.7 - - [28/Oct/2022:03:23:38 -0500] "GET /images/actividades-dia-tierra-22-abril.jpg HTTP/1.1" 200 77276
69.171.249.4 - - [28/Oct/2022:03:23:39 -0500] "GET /images/feria-servicios-tramites-puente-aranda-21-abril.jpg HTTP/1.1" 200 28255
69.171.249.14 - - [28/Oct/2022:03:23:42 -0500] "GET /images/bogota-ciudad-pac28-enero.jpg HTTP/1.1" 200 42642
69.171.249.14 - - [28/Oct/2022:03:23:42 -0500] "GET /images/Bolsaroja.jpeg HTTP/1.1" 200 63719
69.171.249.8 - - [28/Oct/2022:03:23:54 -0500] "GET /images/operativos-control-residuos-hospitalarios-4-abril.jpeg HTTP/1.1" 200 58998
69.171.249.3 - - [28/Oct/2022:03:23:54 -0500] "GET /images/acopiadores-llantas-control-2-abril.jpeg HTTP/1.1" 200 34334
69.171.249.12 - - [28/Oct/2022:03:24:00 -0500] "GET /images/estacion-monitoreo-usme-29-marzo.jpg HTTP/1.1" 200 30383
69.171.249.10 - - [28/Oct/2022:03:24:01 -0500] "GET /images/feria-servicios-cuidamos-bogota-31-marzo.jpg HTTP/1.1" 200 109745
69.171.249.20 - - [28/Oct/2022:03:24:02 -0500] "GET /images/interpretes-humedales-principal-26-marzo.jpg HTTP/1.1" 200 40211
69.171.249.1 - - [28/Oct/2022:03:24:02 -0500] "GET /images/llantas-teusaquillo-1-abril.jpg HTTP/1.1" 200 50674
69.171.249.13 - - [28/Oct/2022:03:24:04 -0500] "GET /images/jornada-llantaton-usaquen-bosa-25-marzo.jpg HTTP/1.1" 200 60391
69.171.249.15 - - [28/Oct/2022:03:24:05 -0500] "GET /images/operativos-control-residuos-hospitalarios-28-marzo.jpg HTTP/1.1" 200 36883
69.171.249.6 - - [28/Oct/2022:03:24:08 -0500] "GET /images/jornada-llantaton-usaquen-24-marzo.jpg HTTP/1.1" 200 41830
69.171.249.116 - - [28/Oct/2022:03:24:09 -0500] "GET /images/feria-servicios-principal-24-marzo.jpg HTTP/1.1" 200 37032
69.171.249.119 - - [28/Oct/2022:03:24:09 -0500] "GET /images/dia-agua-participantes-22-marzo.jpg HTTP/1.1" 200 53143
69.171.249.23 - - [28/Oct/2022:03:24:10 -0500] "GET /images/rueda-prensa-lluvias-secretaria-principal-23-marzo.jpg HTTP/1.1" 200 42664
69.171.249.17 - - [28/Oct/2022:03:24:11 -0500] "GET /images/humedal-agua-lluvias-bogota-18-marzo.jpg HTTP/1.1" 200 146923
69.171.249.12 - - [28/Oct/2022:03:24:12 -0500] "GET /images/feria-servicios-ambiental-barrios-unidos-17-marzo.jpg HTTP/1.1" 200 58797
69.171.249.120 - - [28/Oct/2022:03:24:19 -0500] "GET /images/ecositemas-cerros-10-marzo.jpg HTTP/1.1" 200 85534
69.171.249.15 - - [28/Oct/2022:03:24:34 -0500] "GET /images/feria-servicios-3-marzo.jpg HTTP/1.1" 200 39802
69.171.249.15 - - [28/Oct/2022:03:24:42 -0500] "GET /images/feria-servicios-atencion-24-febrero.jpg HTTP/1.1" 200 31800
69.171.249.3 - - [28/Oct/2022:03:24:43 -0500] "GET /images/humedal-observatorio-26-febrero.jpg HTTP/1.1" 200 21641
69.171.249.19 - - [28/Oct/2022:03:24:46 -0500] "GET /images/residuos-bolsas-rojas.jpeg HTTP/1.1" 200 46289
69.171.249.116 - - [28/Oct/2022:03:24:51 -0500] "GET /images/feria-bosa-17-febrero.jpg HTTP/1.1" 200 45917
69.171.249.15 - - [28/Oct/2022:03:24:52 -0500] "GET /images/pieza-reciclaton-findesemana-febrero-15.jpg HTTP/1.1" 200 35558
69.171.249.16 - - [28/Oct/2022:03:24:53 -0500] "GET /images/reciclaton-fontibon-17-febrero.jpg HTTP/1.1" 200 56077
69.171.249.1 - - [28/Oct/2022:03:24:57 -0500] "GET /images/pieza-grafica-arboles-12-febrero.jpg HTTP/1.1" 200 41257
216.245.221.92 - - [28/Oct/2022:03:24:58 -0500] "HEAD / HTTP/1.1" 200 -
69.171.249.117 - - [28/Oct/2022:03:25:00 -0500] "GET /images/feria-servicios-movil-atencion-10-febrero.jpg HTTP/1.1" 200 36829
69.171.249.16 - - [28/Oct/2022:03:25:01 -0500] "GET /images/Martestarde1.jpeg HTTP/1.1" 200 124459
69.171.249.4 - - [28/Oct/2022:03:25:04 -0500] "GET /images/grafica-calidad-aire-monitoreo-7-febrero.jpg HTTP/1.1" 200 108619
69.171.249.18 - - [28/Oct/2022:03:25:08 -0500] "GET /images/incendios-forestales-amazonia-4-febrero.jpg HTTP/1.1" 200 22193
69.171.249.116 - - [28/Oct/2022:03:25:08 -0500] "GET /images/avistamiento-aves-humedal-juan-amarillo-3-febrero.jpg HTTP/1.1" 200 45352
201.245.192.253 - - [28/Oct/2022:03:25:09 -0500] "POST /kwsrmcab/Wsrmcab  HTTP/1.1" 200 213
69.171.249.21 - - [28/Oct/2022:03:25:12 -0500] "GET /images/bogota-ciudad-28-enero.jpg HTTP/1.1" 200 42642
69.171.249.117 - - [28/Oct/2022:03:25:12 -0500] "GET /images/pieza-residuos-31-enero.jpg HTTP/1.1" 200 47280
69.171.249.116 - - [28/Oct/2022:03:25:13 -0500] "GET /images/Feria.jpeg HTTP/1.1" 200 78773
157.55.39.69 - - [28/Oct/2022:03:25:12 -0500] "GET /sipse/faces/javax.faces.resource/jquery/jquery.js;jsessionid=z-ojz6oryypt5lhuclhulqrz.undefined?ln=primefaces&v=4.0 HTTP/1.1" 200 105384
69.171.249.2 - - [28/Oct/2022:03:25:25 -0500] "GET /images/feria-servicios-enero-18.jpg HTTP/1.1" 200 51569
69.171.249.11 - - [28/Oct/2022:03:25:26 -0500] "GET /images/publicidad-politica-pagada-carteles-policia-17-enero%20.jpg HTTP/1.1" 200 67800
69.171.249.21 - - [28/Oct/2022:03:25:26 -0500] "GET /images/mono-pelo-blanco-15-enero.jpg HTTP/1.1" 200 28164
69.171.249.18 - - [28/Oct/2022:03:25:27 -0500] "GET /images/Aire1.jpeg HTTP/1.1" 200 51706
69.171.249.19 - - [28/Oct/2022:03:25:28 -0500] "GET /images/plan-retorno-secretaria-carolina-urrutia-10-enero.jpg HTTP/1.1" 200 113325
69.171.249.7 - - [28/Oct/2022:03:25:48 -0500] "GET /images/PIGA1.jpeg HTTP/1.1" 200 167676
69.171.249.11 - - [28/Oct/2022:03:25:51 -0500] "GET /images/Mision1.jpeg HTTP/1.1" 200 129758
69.171.249.20 - - [28/Oct/2022:03:25:51 -0500] "GET /images/cuco-americano-23-noviembre.jpg HTTP/1.1" 200 34532
69.171.249.14 - - [28/Oct/2022:03:25:52 -0500] "GET /images/pieza-grafica-actividades-navidad-13-diciembre.jpg HTTP/1.1" 200 46733
69.171.249.117 - - [28/Oct/2022:03:25:56 -0500] "GET /images/atencion-ciudadano-cade-oficinaprincipalsda-7-diciembre.jpg HTTP/1.1" 200 32428
69.171.249.16 - - [28/Oct/2022:03:26:01 -0500] "GET /images/humedal-santa-maria-30-noviembre.jpg HTTP/1.1" 200 198328
69.171.249.6 - - [28/Oct/2022:03:26:02 -0500] "GET /images/tarantulas-incatuacion-dorado-1-diciembre.jpg HTTP/1.1" 200 31749
69.171.249.6 - - [28/Oct/2022:03:26:07 -0500] "GET /images/oso-peresozo-25-nov.jpg HTTP/1.1" 200 301880
69.171.249.11 - - [28/Oct/2022:03:26:07 -0500] "GET /images/semana-ecoempresarial-atencion-bogota-ciudad-27-nov.jpg HTTP/1.1" 200 37494
69.171.249.4 - - [28/Oct/2022:03:26:15 -0500] "GET /images/publicidad-exterior-visual-colash-22-noviembre.jpg HTTP/1.1" 200 44629
69.171.249.4 - - [28/Oct/2022:03:26:16 -0500] "GET /images/unesco-educacion-ambiental-auambari-ambiente-20-noviembre.jpg HTTP/1.1" 200 66598
69.171.249.17 - - [28/Oct/2022:03:26:16 -0500] "GET /images/reserva-thomas-van-charla-25-noviembre.jpg HTTP/1.1" 200 110800
69.171.249.16 - - [28/Oct/2022:03:26:25 -0500] "GET /images/feria-movil-sda-19-noviembre.jpg HTTP/1.1" 200 47278
69.171.249.7 - - [28/Oct/2022:03:26:31 -0500] "GET /images/Energias1.jpg HTTP/1.1" 200 139652
69.171.249.17 - - [28/Oct/2022:03:26:35 -0500] "GET /images/residuos-construccion-demolicion-control-bogota.jpeg HTTP/1.1" 200 79264
69.171.249.8 - - [28/Oct/2022:03:26:38 -0500] "GET /images/Subsecretario.jpeg HTTP/1.1" 200 34374
69.171.249.3 - - [28/Oct/2022:03:26:38 -0500] "GET /images/desayuno-por-el-clima-del-c40-cop26-3-nov.jpg HTTP/1.1" 200 103146
69.171.249.23 - - [28/Oct/2022:03:26:49 -0500] "GET /images/Cabildo1.jpeg HTTP/1.1" 200 32341
69.171.249.16 - - [28/Oct/2022:03:26:49 -0500] "GET /images/empresas-27-septiembre.jpeg HTTP/1.1" 200 66691
69.171.249.10 - - [28/Oct/2022:03:27:12 -0500] "GET /images/fachada-secretaria-ambiente-15-octubre.jpg HTTP/1.1" 200 148853
69.171.249.11 - - [28/Oct/2022:03:27:16 -0500] "GET /images/operativo-fuentes-fijas-14-octubre.jpg HTTP/1.1" 200 58397
69.171.249.11 - - [28/Oct/2022:03:27:17 -0500] "GET /images/plantacion-dia-del-arbol-12-octubre.jpg HTTP/1.1" 200 149033
69.171.249.120 - - [28/Oct/2022:03:27:20 -0500] "GET /images/bogota-aire-habitos-7-septiembre.jpg HTTP/1.1" 200 45647
69.171.249.24 - - [28/Oct/2022:03:27:21 -0500] "GET /images/dinamizadores-ambientales-capacitaciones-7-octubre.jpg HTTP/1.1" 200 82767
69.171.249.120 - - [28/Oct/2022:03:27:22 -0500] "GET /images/pot-intervencion-secretaria-5-octubre.jpg HTTP/1.1" 200 117709
