186.102.38.247 - - [30/Oct/2022:07:40:29 -0500] "GET /kwssiamovil/sm/acme/a?s=U2FsdGVkX18rJiqnh5rPNy0DVaPP4T0rt1mt1XhHgNTVN9VkjRZVrcusNA6ONjTDQSo2ukva7PMifEds9HVqA/xPsICz+PX0JIbPzdQIXuMPbG7vbrE4J3/vLzUfMXoG1NKXYpog4IVnzLSebJateedEQfbuC194o0sqOwEm1U8=&u=U2FsdGVkX19zveEp42TnPPmKnQcorBz0xhFaZe8G+pUHha/7u2DHiemgrZiWHGgw&y=U2FsdGVkX18f+PqKQ58f7aytfF5MwhUA5KG0OLw89QtlW4B0F+n7GGXJ6VC7bM2z HTTP/1.1" 200 26
186.102.38.247 - - [30/Oct/2022:07:40:29 -0500] "GET /kwssiamovil/sm/acme/a?s=U2FsdGVkX1/I7T8W/KeARDht1CrKoHadki8A+2oqjIsuZMVxNdXEDHN+zo4Bw8+up9OK8Je0RRamPzTVlAaz9sB4uNIP3E8T/+Qbg5FxWtBwnkcy/AM5rvAcAfB0Pb+aOj8KdgcMXir/DV174g/na4PUjGe0xYfsbbpiAyLs3Tw=&u=U2FsdGVkX19zveEp42TnPPmKnQcorBz0xhFaZe8G+pUHha/7u2DHiemgrZiWHGgw&y=U2FsdGVkX18f+PqKQ58f7aytfF5MwhUA5KG0OLw89QtlW4B0F+n7GGXJ6VC7bM2z HTTP/1.1" 200 26
186.102.38.247 - - [30/Oct/2022:07:40:29 -0500] "GET /kwssiamovil/sm/acme/a?s=U2FsdGVkX1+bJtC1QfMwcVgMEVxy64QwMXNpESVIPPsfPyQdNZyZcCIW4mksknc+fWHWnuxLDsqaR1bC7yGmUmEH0zYXTRQ+UFhhb+uh9sMfp4n0WZ4+fPFG7nUU85az1WSap13U9bWV6C6NP+ze5YY8BgRMgs1mLJB7TMkQyD8=&u=U2FsdGVkX19zveEp42TnPPmKnQcorBz0xhFaZe8G+pUHha/7u2DHiemgrZiWHGgw&y=U2FsdGVkX18f+PqKQ58f7aytfF5MwhUA5KG0OLw89QtlW4B0F+n7GGXJ6VC7bM2z HTTP/1.1" 200 26
186.102.38.247 - - [30/Oct/2022:07:40:29 -0500] "GET /kwssiamovil/sm/acme/a?s=U2FsdGVkX1+W9mPU26XwAlWxZsX0N8fkJcu890o1fJsH1U3GXnU4U9E/qdzvFVm7SgWTzkqDLSyylQFJMaUnVi3YFgpS+MGRgLerIwUattIamihNmseohl0A6vAUHbY6VBL3PujF1FiqxEFvsX/DjW7G7ggELhXaeeEg0cQXzpKN/1DUOtI3T0C1481e7Soi9+UTDChua6+l+n4GLBgc1g==&u=U2FsdGVkX19zveEp42TnPPmKnQcorBz0xhFaZe8G+pUHha/7u2DHiemgrZiWHGgw&y=U2FsdGVkX18f+PqKQ58f7aytfF5MwhUA5KG0OLw89QtlW4B0F+n7GGXJ6VC7bM2z HTTP/1.1" 200 26
172.22.2.4 - - [30/Oct/2022:07:38:50 -0500] "HEAD /BLA/boletinlegal/ HTTP/1.1" 200 -
172.22.2.4 - - [30/Oct/2022:07:39:40 -0500] "GET /BLA/boletinlegal/ HTTP/1.1" 200 59828
186.102.48.52 - - [30/Oct/2022:07:41:23 -0500] "GET /kwssiamovil/sm/ldap/au?x=U2FsdGVkX19+AVT8zARMrsgg+n9n3lsA1q4wrCbps6vvTmTO5GapvnAnfWulTvTn&y=U2FsdGVkX188MWJrtpnpfvsTa0gheThVZSeAdkHZhRhtLz99ZEwm5zmwoAAgxuuM HTTP/1.1" 200 30
186.102.48.52 - - [30/Oct/2022:07:41:23 -0500] "GET /kwssiamovil/sm/acme/s?s=U2FsdGVkX1+V88pg43l2v9glbiyM5sEdSTOAV8pPZwzsbhU5CDeLD+PgEtJf/qMXiDO754nfXfuzEW3UNo/MENJA9tojT6NmcZj0uJOD/G8=&u=U2FsdGVkX1/OOUP/xDCrOpvtcQDEV2lYRw3uCrq5xTQ=&y=U2FsdGVkX188MWJrtpnpfvsTa0gheThVZSeAdkHZhRhtLz99ZEwm5zmwoAAgxuuM HTTP/1.1" 200 97
186.102.48.52 - - [30/Oct/2022:07:41:23 -0500] "GET /kwssiamovil/sm/acme/s?s=U2FsdGVkX1+nZrKFp133hOCF2P0mtE3aGSijh9eS/fJqWy4ixMSNfdf3laUPlXlfGck4hwlu/d9bu14bGv04rgmltpmbcBM+i1huBlElCtK3ocg53b545LKdKmb4O591FJHy0OPcbq4tv1cO8gdfoZAd82s+7p3EokCLjX0dzY/btoCEgbCnbnYfFJ+pNSyvg5pJY+liEIAAP/RJO+Drv1BZjg+sJVnAnmDuSyCsznxUe8Mb+qgFaWF0Lr2d41WE1fpkWCKL2dGcthIJDYXvLXjn8ESseonlkLhCzCGZlgHyW43BcZE9s/VAC+JTOvsPnbNd+Bt/xidRsoa7ncTY/QP/us9VElbjZ1DpJIqmomYSEIf9EC2+dlRgp6BmIeeBAT8FqaL0q1Ttck/uYJ5aa0vcdwaKLKeC/m48FXkeVbhApWNqzY+0qUvnwMvCQjCYaLuSTp5ZIWbpC77ITkgE2qJVj0FXBuORS+afHxKEG13c+X/HMyH4WUNrHgsHdBfeAvzhCwL3mvaFUpzVDuhv/vUur8hH7xorqyy68nMJysZSE6hivZ3tbwuWMsQMZlwzX1DZw8eFlw6CokOOAsaeERMdhviWJLygwlSGT4sKqvJ+qSH73kSqEK4pk0IS5rUxZGSQq28x8VzriuyakWq2MW7pJxyVcSZ+Hmffb+EAdxKCsK0LnkGweA+hYwrV4URlEgugLiiuJKxu+O/gCTtytB43ND2b0YlVlrPDfXN2+Q67F1dkOQYupf61ocjAajkeZskFct2fyXHR6wNYleP2wIXRyMknMxWrfVq98+SU7y5xQoNQAE0mhHZSx0EQRTC6yVcP9O3AFpjIeeeREfygcYtOJKejat++ycoozt6ps/dRUFrFBEepMwUGKoPAlZJGnK/5eYlcH+2RDhnO4rSzoQheQV3HMmnR/5BdYVEUrM6JuZxa0L2qBxuSAib8Tk75MYpaGqpWJ5LwfVArf42kPjPTs1P05X1UzWOy3znmH45zkCT4WtJP05W7FLjUP7qjYF6y/hpYUYNTZuvjRcspcSQ11YVyHQZDw22ZeDO9MvkENVBrVN3llUvw8L2Fi8F75Cu/6Oo8J/myt1c7xuphjSLoV5/UeCg/vEgrb/GgUfjMdOX9cI9z8lqjahZtC+TP+QectLWg1hiWmo9dWQRLPuNJPM7ohqEE5LY0yZHyiHQGi+G4pNhb2WRCH23G1oynJDSg2BUAqOnJW9bLQilS0Lpjyu+1DiQtaBbRYqrh6gXxK+s5OKui4yXDvxBAMzpLkUiyMRZHI34eM9mQre1k4Y0fGJ2l1bGGAONJ0zH1Cqu3A+J9WeLvOETLVBOIwuJbCxB8naMyrTCo21ewTIWfLlqVfowsodgmKqImwEgaNT8AGZhyPQdLu19H3KsOXs1D98mINWfd4bUoUi9p8t26eh9iVfWjCkt1kVb7gDGudtY=&u=U2FsdGVkX1/OOUP/xDCrOpvtcQDEV2lYRw3uCrq5xTQ=&y=U2FsdGVkX188MWJrtpnpfvsTa0gheThVZSeAdkHZhRhtLz99ZEwm5zmwoAAgxuuM HTTP/1.1" 200 1399
186.102.48.52 - - [30/Oct/2022:07:41:23 -0500] "GET /kwssiamovil/sm/acme/s?s=U2FsdGVkX1/QmSqTYjFssLasCxlcOqYyMwoO5Zrw3NtgcQM/czcs0iXNnszEaPcC/EGbEYfG7BzKLRbATqjpKZjpJ+BLTFwpFYgPzklnWVZhERn0LVOPOEEGKENFESig7BcnCJTONO5ZGwE4yJoKX/dvET74CCHaWkevwKVOjaDJb60h2Cjq4QidyZVvNwDOyeyrnp7/fYPNKbm62dOO/GFwq3jqkBNXu9MFPtpcftyH9OO6bU/gpZXXEzK5EXoEX/Xwz++LR9sgErw+pg+zcsIv1sfPnevgLdpWU7jFcdsEiYN0EY54CmeMtKVXMN6zbmKmdkPGx2wjrVKSrvZBMECiAYCix93bZErolFB0G/8=&u=U2FsdGVkX1/OOUP/xDCrOpvtcQDEV2lYRw3uCrq5xTQ=&y=U2FsdGVkX188MWJrtpnpfvsTa0gheThVZSeAdkHZhRhtLz99ZEwm5zmwoAAgxuuM HTTP/1.1" 200 196
186.102.48.52 - - [30/Oct/2022:07:41:24 -0500] "GET /kwssiamovil/sm/cjson/pre?f=1&x=U2FsdGVkX19+AVT8zARMrsgg+n9n3lsA1q4wrCbps6vvTmTO5GapvnAnfWulTvTn HTTP/1.1" 200 30992
201.245.192.253 - - [30/Oct/2022:07:41:43 -0500] "POST /kwsrmcab/Wsrmcab HTTP/1.1" 200 41494
201.245.192.253 - - [30/Oct/2022:07:41:46 -0500] "POST /kwsrmcab/Wsrmcab HTTP/1.1" 200 42003
201.245.192.253 - - [30/Oct/2022:07:44:00 -0500] "POST /kwsrmcab/Wsrmcab  HTTP/1.1" 200 42272
216.245.221.92 - - [30/Oct/2022:07:44:50 -0500] "HEAD / HTTP/1.1" 200 -
172.22.2.4 - - [30/Oct/2022:07:44:40 -0500] "HEAD /BLA/boletinlegal/ HTTP/1.1" 200 -
167.248.133.118 - - [30/Oct/2022:07:46:41 -0500] "GET / HTTP/1.1" 200 319
167.248.133.118 - - [30/Oct/2022:07:46:41 -0500] "GET / HTTP/1.1" 200 319
167.248.133.118 - - [30/Oct/2022:07:46:42 -0500] "PRI * HTTP/2.0" 400 946
167.248.133.118 - - [30/Oct/2022:07:46:42 -0500] "GET /favicon.ico HTTP/1.1" 200 7782
172.22.2.4 - - [30/Oct/2022:07:45:30 -0500] "GET /BLA/boletinlegal/ HTTP/1.1" 200 56732
201.245.192.253 - - [30/Oct/2022:07:48:59 -0500] "POST /kwsrmcab/Wsrmcab  HTTP/1.1" 200 42272
216.245.221.92 - - [30/Oct/2022:07:49:50 -0500] "HEAD / HTTP/1.1" 200 -
172.22.2.4 - - [30/Oct/2022:07:50:37 -0500] "GET /BLA/boletinlegal/Circulares/2010/Circular%2006%20de%208%20de%20septiembre%20de%202010.pdf HTTP/1.1" 200 4657752
172.22.2.4 - - [30/Oct/2022:07:50:30 -0500] "HEAD /BLA/boletinlegal/ HTTP/1.1" 200 -
157.55.39.195 - - [30/Oct/2022:07:52:49 -0500] "GET /BLA/resoluciones/RESOLUCIONES%202003/RES%202003%20851-900/855.tif HTTP/1.1" 200 128232
172.22.2.4 - - [30/Oct/2022:07:51:20 -0500] "GET /BLA/boletinlegal/ HTTP/1.1" 200 57725
172.22.2.4 - - [30/Oct/2022:07:53:17 -0500] "GET /BLA/boletinlegal/actos.php HTTP/1.1" 200 9566
172.22.2.4 - - [30/Oct/2022:07:53:20 -0500] "GET /BLA/boletinlegal/favicon.ico HTTP/1.1" 404 1326
190.24.59.182 - - [30/Oct/2022:07:53:20 -0500] "GET /BLA/resoluciones/ HTTP/1.1" 200 13093
190.24.59.182 - - [30/Oct/2022:07:53:22 -0500] "GET /BLA/resoluciones/index.php?dir=AUTOS+2022%2F HTTP/1.1" 200 324982
201.245.192.253 - - [30/Oct/2022:07:53:58 -0500] "POST /kwsrmcab/Wsrmcab  HTTP/1.1" 200 42272
216.245.221.92 - - [30/Oct/2022:07:54:50 -0500] "HEAD / HTTP/1.1" 200 -
77.88.5.165 - - [30/Oct/2022:07:55:13 -0500] "-" 408 -
173.252.107.17 - - [30/Oct/2022:07:55:15 -0500] "GET /bogota-consolida-avances-ambientales-con-el-compromiso-ciudadano-planes-estrategicos-y-acuerdos-con-diversos-sectores.html HTTP/1.1" 206 1348
172.22.2.4 - - [30/Oct/2022:07:56:20 -0500] "HEAD /BLA/boletinlegal/ HTTP/1.1" 200 -
172.22.2.4 - - [30/Oct/2022:07:57:10 -0500] "GET /BLA/boletinlegal/ HTTP/1.1" 200 56376
77.88.5.126 - - [30/Oct/2022:07:58:55 -0500] "-" 408 -
201.245.192.253 - - [30/Oct/2022:07:58:57 -0500] "POST /kwsrmcab/Wsrmcab  HTTP/1.1" 200 42272
216.245.221.92 - - [30/Oct/2022:07:59:50 -0500] "HEAD / HTTP/1.1" 200 -
172.22.2.4 - - [30/Oct/2022:08:02:10 -0500] "HEAD /BLA/boletinlegal/ HTTP/1.1" 200 -
201.245.192.253 - - [30/Oct/2022:08:03:56 -0500] "POST /kwsrmcab/Wsrmcab  HTTP/1.1" 200 42272
172.22.2.4 - - [30/Oct/2022:08:03:00 -0500] "GET /BLA/boletinlegal/ HTTP/1.1" 200 59828
216.245.221.92 - - [30/Oct/2022:08:04:50 -0500] "HEAD / HTTP/1.1" 200 -
77.88.5.250 - - [30/Oct/2022:08:04:55 -0500] "-" 408 -
207.46.13.50 - - [30/Oct/2022:08:04:58 -0500] "GET /BLA/resoluciones/RESOLUCIONES%202001/2001%201500-1549.tif HTTP/1.1" 200 4654847
170.78.40.162 - - [30/Oct/2022:08:06:37 -0500] "GET /vota-por-bogota-en-we-love-cities-pioneros-en-sostenibilidad.html HTTP/1.1" 200 850
207.46.13.50 - - [30/Oct/2022:08:06:49 -0500] "GET /BLA/resoluciones/RESOLUCIONES%202021/2907.pdf HTTP/1.1" 304 -
186.102.38.247 - - [30/Oct/2022:08:07:00 -0500] "GET /kwssiamovil/sm/acme/a?s=U2FsdGVkX1+Ci0ckFNzTZdbO0H9jjnSSYxVHlCn7pE3UUGtnK63mEdogrZrq8253C4QDTD2LHH2e9MCYqggI5Yy28T6jsPmDIVh6cx7XxBrJvWvyadpuMiCL17nUkiNgOi1QL0CWB8YmH5uHyBR3MAfLk4/xeLHMyYHjKO9hnMj0+7grFpSFE/Nvv2NxTvSDYdqg5ZoxC8Qybe7HhVw/kGakQzANDgOhUUyVjj2REXh9uBxe/VxwrhvsG60jiE+yN8uiknn4zygYFUkXFzf+xA==&u=U2FsdGVkX19zveEp42TnPPmKnQcorBz0xhFaZe8G+pUHha/7u2DHiemgrZiWHGgw&y=U2FsdGVkX18f+PqKQ58f7aytfF5MwhUA5KG0OLw89QtlW4B0F+n7GGXJ6VC7bM2z HTTP/1.1" 200 26
186.102.38.247 - - [30/Oct/2022:08:07:01 -0500] "GET /kwssiamovil/sm/acme/a?s=U2FsdGVkX18PclB854mPYbA8B2yTDJqxTo1/zf6arjEISmOH1w9T7T20PotSPhDDfzxD8NvbQ8lLoHbtab2xumUASaSHf2SqbNhDhGvhOYnmoRj20RRr3i6N7Uu9yfDUh/wrZiatouNX8oPUY2ypY3fzNU711w1rMSNCe9IARK3yzRW0i7zDHIameUxcPHhWHCQTU1EGow66t046V25U9VR0kP8IiPpC1RHLRE4HGND/Y9RU22Q2rDf4A4gI7fmY5KfV0GcyWS6AMoKgmPUGH8JrvgqEgWeDCW47dXARp8Ih6UchFiRbbYX1eFN3NT9aYxrGqhUeGBSNfH5aAMSsxKnU4c2iPDIhty0QUlF51d/2aterefX2f0rjZvQxd3As3+OVevS4gtaElumwfRlLaE/XmyfDMsDvRjPRnrFwj0M/A1j92CVWKud44wKKku77YhoQCFw6amnYd2qmdgI06fR2yY2PAWd8tbTUJr/3y6FuG2hp7qbhzt7LF0scp1c1T1oIbrJJn5DXZSBXir/IOvtKyfpHoaPHZFHMwl+uWt5J2fZQXmEYmcrPbGGbK8xCaXRtyJvUdujOZxRbk000hfVdpv/OPp97bPFnFz7f7fjgmAna+1Q2HLJqS+CgXtaTTcAHaC/xbZ9E4RkSV6W43fM+5pTsTzmAgprL1B17NKQXKBrWSdEVv3iCUmQtsoCg0wLbSOGBOi29xAKuoICLHvupk1X4F59L1FkBKB4MCF7KVfiDt+L2R1lz3V9eBQ6PB4oDC0WbXsRJsuyfOdYQzLPnJiFYpt7aGD+1Qk+kgfAiyuo7xI6D2iKk+4AK3Engckkg7k7EOqHiCefZ3vSTMziau5VuOUDqpsaijYFtZ25Lb2PgBKfUbEUan1qLCc6tuUI6mCgvwvHSh6NPwwrrolaY3k4p3gqVXreC1N5h9MiuRxIXfCYw6U1W8MJhXvCNkjjveHArp63XQBPtMREsWrJzUauA6j2RKzr8oZPZApcLDNBTVCoEUtpdyu+3OR6FGOgtO3BIIpAv6PaJbR+/W4mf0ZBg0v0jCgkJb1Vfj/IDyI4Vbx3FfQhFrAVxObxbk6/gpPtb4t7+SSyNPIpMo8PMSX0T5uxi2CFhXo7efyOwOFBxAl6DsKXAPLVGcim0q4T3099ie3xOGbF1pvxzvy7dusWWANKnoJFpSMGuGsNGYJo6IqtrM4vrKjL6WZ4HfSzRTU+lJzMFMQS0ZvxP+JqKlJSwVQYclA6UEtkAXSpGb5pXq0MMbOJ/wmtBwfze9sap6+mMqRo/pV62J0DNoKIwGz4JkZXU9VGKiEdhWgndTfkGEx58wPJ2YDF78O/81q4sjnApbH2ZVJlcOfx6GwqgDT9Hj5IDEvY+taLe8qUkkRXbqLL6DIYBazf99L0D5UzxZKLWJE5qN9qCesNlUOqlTBe2a6BT1XVyOgRJnmq58OuZpwbLh7I+ycVeum2GTL/VPPZwAgFab+M/QYqQWZiRxRArU+KiHJA7P4dVDo3mrV/X/O9UzsA8TojKIm4irmzSmMjah8BAdpbbzvTlXSIvjEf2DrMWbpMABevD1V7ahNZK50Q8lkLNNc9ujr5TPfGS8EekhRsUUEm4+YzEkN+BpOJ+MfeiqhLwFXxIdmuolJVVfgbu6ho+RxWwaSL++iVmXpqpLiioE7it6qS9rQdjEVKhW7vjpHd4mf463NfC++zWX7gsNRoLSGqwFsQZ9UZ0pS0cK56OusWQgB0fPRS/YeG4hB50MIywAtFCzYVXkafM8Uk9ehysJiATeX/pUF3mr737FnpTGRRwExcxNfc1FY2Hn0UnXdS9AEdtvycjS8e9wXBPmSKeFChxAPu55vmBwp2/UG+DEwTDaf81rs/P5R/UknVoj/92o0XFgontjRGL8lyKvmC831yWdS2dQHTuqqO8JI+Jp5EiGs9jGqtgoiv9Sh7N+eYW8lSD18t7YK7FrLHQnsQ6L7MAlO/xyvYEK4mol81wGIctHqpOuHKEbk74EbOWaGNZ0i5S045zLUc52lz+L6YbBXCnNJ4cJHXWTyTJGvVBATdqMfJT2/td5d7W+fMfjAz34v5IrBkLZ6Zfaov9Gdu4aqzmDHeG1LL0an9Z9jp6ITScSg7vtrbFV6AttyGH4sVfw5oQYrAp9vIeXNmLNiX2hAqfGclPbmJ0wjrcV9tFFCddALTMLgkBI8ew+rX20Gj6fWrOeS9kvmYxBgVpV9PgF/GKjaUdnTzVBNVjvgsb3UJXIM6ptJTnjvvzWND6zpkJRycpYwMOASxHtEpgklBeyZg+0/67Eh9T/lyYa0Tkte6pBehpILsrSigXtCrNW+YCWcmQSjs9gH+N/z4uzohA+TykV7XPeenEeGUBuOOXjys7ChQP5B30zOuq/ajSLM1MqdhTsxZD85g0AE16Zq3r73xjplKWN8i0QmdEWHdc8MuKT74N/NLjAmuqLxYs6BwzHmvPflJNTtI3+UMxj4z+VzzyoyX11ECfTwSfC5IZ9gg6VRipofniErBmcMorSLBDrnDwL9iRxWVPisZvgFN8/7V7+64d&u=U2FsdGVkX19zveEp42TnPPmKnQcorBz0xhFaZe8G+pUHha/7u2DHiemgrZiWHGgw&y=U2FsdGVkX18f+PqKQ58f7aytfF5MwhUA5KG0OLw89QtlW4B0F+n7GGXJ6VC7bM2z HTTP/1.1" 200 26
186.102.38.247 - - [30/Oct/2022:08:07:01 -0500] "GET /kwssiamovil/sm/acme/a?s=U2FsdGVkX1/YV6lNGwVY8T33s7M8pXmxwL5NZGjctlqwBUA7+LIr1V7Zs97YziYstUOEP7EG0sC/O16+VZFRtSCKp6KY1x3h4JmCejUUhKSKv5Hd6bUykT804bZA+v9gccNuDMUJ9OJthlLw7LyyKCrtPI4pNYQu8oXT8RxjToQ=&u=U2FsdGVkX19zveEp42TnPPmKnQcorBz0xhFaZe8G+pUHha/7u2DHiemgrZiWHGgw&y=U2FsdGVkX18f+PqKQ58f7aytfF5MwhUA5KG0OLw89QtlW4B0F+n7GGXJ6VC7bM2z HTTP/1.1" 200 26
186.102.38.247 - - [30/Oct/2022:08:07:01 -0500] "GET /kwssiamovil/sm/acme/a?s=U2FsdGVkX1/Q0EaaAZMK7NGWRH0s6POdZfaaIGa5RjZRceTycfKYaAwXpaw0k8MMCnguOXMehUW8buizr2lNpoGlPk35njgvHcBN/kZcz1r9iGWUsOKOVOaRX+jRL1Hhkwl7NWqXBrd2Hl3DM984PCZMbMLJcObWiwsXJUyiamc=&u=U2FsdGVkX19zveEp42TnPPmKnQcorBz0xhFaZe8G+pUHha/7u2DHiemgrZiWHGgw&y=U2FsdGVkX18f+PqKQ58f7aytfF5MwhUA5KG0OLw89QtlW4B0F+n7GGXJ6VC7bM2z HTTP/1.1" 200 26
186.102.38.247 - - [30/Oct/2022:08:07:01 -0500] "GET /kwssiamovil/sm/acme/a?s=U2FsdGVkX1+G9H84DtQWpuZkgQSYJTWuarcNXIHQn9rSA5f1k61+jwCGKSEf8EKzTwhfPgVg94KzvMSTbfS/vPrDNxopQRbLYCdN51brUN+/cKyC+uEU0w6Q8ob9HD/CppTw1mLmqEinr7k4PFB1nnkK643rq5JFxSeeHPL0eEM=&u=U2FsdGVkX19zveEp42TnPPmKnQcorBz0xhFaZe8G+pUHha/7u2DHiemgrZiWHGgw&y=U2FsdGVkX18f+PqKQ58f7aytfF5MwhUA5KG0OLw89QtlW4B0F+n7GGXJ6VC7bM2z HTTP/1.1" 200 26
186.102.38.247 - - [30/Oct/2022:08:07:01 -0500] "GET /kwssiamovil/sm/acme/a?s=U2FsdGVkX18KglpVsTBqxmtlGCCTcrco5SI9g1qP5Ctj542xpYerHI165poQDPiWrgI7zLF94i1LaOOUdOfHqgl7JqWXmPWpNjyCrD+bSwenqDJn8dAavTFWAZ93y7aMGZEXKRD+Uzf7IV+b1QApAxVuSbViKH9kgV4tWqDVkCzZ7D1y5T86EhgQIGemry1hXTXfPddExthCWg0UNs210g==&u=U2FsdGVkX19zveEp42TnPPmKnQcorBz0xhFaZe8G+pUHha/7u2DHiemgrZiWHGgw&y=U2FsdGVkX18f+PqKQ58f7aytfF5MwhUA5KG0OLw89QtlW4B0F+n7GGXJ6VC7bM2z HTTP/1.1" 200 26
201.245.192.253 - - [30/Oct/2022:08:08:55 -0500] "POST /kwsrmcab/Wsrmcab  HTTP/1.1" 200 42272
207.46.13.79 - - [30/Oct/2022:08:09:03 -0500] "GET /BLA/resoluciones/AUTOS%202022/0447.pdf HTTP/1.1" 200 431492
157.55.39.201 - - [30/Oct/2022:08:09:11 -0500] "GET /BLA/resoluciones/RESOLUCIONES%202001/2001%20100-149.TIF HTTP/1.1" 200 9839060
172.22.2.4 - - [30/Oct/2022:08:08:00 -0500] "HEAD /BLA/boletinlegal/ HTTP/1.1" 200 -
216.245.221.92 - - [30/Oct/2022:08:09:50 -0500] "HEAD / HTTP/1.1" 200 -
157.55.39.195 - - [30/Oct/2022:08:10:00 -0500] "GET /BLA/resoluciones/AUTOS%202022/2395.pdf HTTP/1.1" 200 391237
172.22.2.4 - - [30/Oct/2022:08:08:50 -0500] "GET /BLA/boletinlegal/ HTTP/1.1" 200 59319
207.236.12.216 - - [30/Oct/2022:08:11:06 -0500] "GET /BLA/boletinlegal/ HTTP/1.1" 200 36811
172.22.2.4 - - [30/Oct/2022:08:12:03 -0500] "GET /BLA/boletinlegal/api/v2/cmdb/system/admin/admin HTTP/1.1" 404 1011
77.88.5.164 - - [30/Oct/2022:08:13:19 -0500] "-" 408 -
206.232.8.28 - - [30/Oct/2022:08:11:50 -0500] "GET /BLA/boletinlegal/ HTTP/1.1" 200 62772
201.245.192.253 - - [30/Oct/2022:08:13:54 -0500] "POST /kwsrmcab/Wsrmcab  HTTP/1.1" 200 42272
216.245.221.92 - - [30/Oct/2022:08:14:50 -0500] "HEAD / HTTP/1.1" 200 -
206.232.8.28 - - [30/Oct/2022:08:13:32 -0500] "GET /BLA/boletinlegal/index.php HTTP/1.1" 200 55220
172.22.2.4 - - [30/Oct/2022:08:13:50 -0500] "HEAD /BLA/boletinlegal/ HTTP/1.1" 200 -
172.22.2.4 - - [30/Oct/2022:08:14:40 -0500] "GET /BLA/boletinlegal/ HTTP/1.1" 200 53290
206.232.8.28 - - [30/Oct/2022:08:15:13 -0500] "GET /BLA/boletinlegal/ HTTP/1.1" 200 57725
207.46.13.18 - - [30/Oct/2022:08:17:28 -0500] "GET /BLA/resoluciones/RESOLUCIONES%202011/0055.pdf HTTP/1.1" 304 -
201.245.192.253 - - [30/Oct/2022:08:18:53 -0500] "POST /kwsrmcab/Wsrmcab  HTTP/1.1" 200 42272
216.245.221.92 - - [30/Oct/2022:08:19:50 -0500] "HEAD / HTTP/1.1" 200 -
172.22.2.4 - - [30/Oct/2022:08:19:40 -0500] "HEAD /BLA/boletinlegal/ HTTP/1.1" 200 -
190.24.59.182 - - [30/Oct/2022:08:21:32 -0500] "GET /BLA/resoluciones/ HTTP/1.1" 200 13093
190.24.59.182 - - [30/Oct/2022:08:21:34 -0500] "GET /BLA/resoluciones/index.php?dir=AUTOS+2022%2F HTTP/1.1" 200 324982
201.245.192.253 - - [30/Oct/2022:08:21:42 -0500] "POST /kwsrmcab/Wsrmcab HTTP/1.1" 200 41503
201.245.192.253 - - [30/Oct/2022:08:21:45 -0500] "POST /kwsrmcab/Wsrmcab HTTP/1.1" 200 42160
172.22.2.4 - - [30/Oct/2022:08:20:30 -0500] "GET /BLA/boletinlegal/ HTTP/1.1" 200 59319
173.252.95.16 - - [30/Oct/2022:08:22:21 -0500] "GET /images/negocios-verdes-mayo-2022.jpg HTTP/1.1" 200 48000
77.88.5.227 - - [30/Oct/2022:08:23:19 -0500] "-" 408 -
201.245.192.253 - - [30/Oct/2022:08:23:51 -0500] "POST /kwsrmcab/Wsrmcab  HTTP/1.1" 200 42272
186.102.38.247 - - [30/Oct/2022:08:23:57 -0500] "OPTIONS /kwssiamovil/sm/setfile/f? HTTP/1.1" 200 13
186.102.38.247 - - [30/Oct/2022:08:23:57 -0500] "POST /kwssiamovil/sm/setfile/f? HTTP/1.1" 200 381
186.102.38.247 - - [30/Oct/2022:08:24:06 -0500] "GET /kwssiamovil/sm/acme/a?s=U2FsdGVkX1+8cyw/WoF08XQYnmYexS55wTJR7Dg8K3ZRrttCx+S1sRpOyAkxQz+aOe44P+YvdMjIVKQFvh3OOfaI88vrSYWUqwnR1kiKcCgDMGnAFL+r45kYu/QydnnLVH6pvTiCO3jWwuBr5LYf6G/Z83uNok5hHX8xDfr33V4Xq2LTSrrEul6xnP+y+HLS3yxwKOCu6riq8I8iLQc36/LMSECF/wEdcDbXaDixEfA0C/7sb0Z/3q0pOWOWJDqq0RXQieHpKaUEnVD4mKjDJA==&u=U2FsdGVkX19zveEp42TnPPmKnQcorBz0xhFaZe8G+pUHha/7u2DHiemgrZiWHGgw&y=U2FsdGVkX18f+PqKQ58f7aytfF5MwhUA5KG0OLw89QtlW4B0F+n7GGXJ6VC7bM2z HTTP/1.1" 200 26
186.102.38.247 - - [30/Oct/2022:08:24:07 -0500] "GET /kwssiamovil/sm/acme/a?s=U2FsdGVkX19/6UGyyWRa3+988RvySAjsuarOcQO5s6hz1hSH9L44UcoKCzM0afQCbI0eP7lwO92dC59UwNZt0Ynnow/TR29+ruA6Pjaww7ugeNStJ32Y1bVm4/7d+42FAFgzvuXOZ6NxDvhvJMpkGv8c+qKlSnSup16UYYaBQSXuaDPcPnqD7iTQxrq1Mk8u04XHvUQ85h4SpJrf93XqN84L9pEKq/RajDnyAnCQjI9hToLc4EVCt6g68oMb7cLnHW3pHyxc09Wm08NDSr2DWkM/zBZnap+wa7Wsk+zmQ6+Xx1V6ORGfCcyUWR7yCA1Hb1nBAS6+1jbcv/WqC2CrJXf5v3ackW85IGX5XJefKKVSQVe2bE5ouaDrqESNBrLwEmgit93P5cA1FnBcK4bbObcEiw3ZtEbh/rku4UE3hOIzuD/aLc6bEB0PIeitZOZzZuFN4r5XDSGTLvCIhrWt9NufNTGfPGDy0IFs4VZaeCZemdXFtFb1+P+duh1/mwyBhzhzBMuMkhhvZ772QQIuyWAxkPzDlTKgDuREcopWNQrep1sL2MfPaRn1ZWf757y2i0gwC9+HhaGrEn4eO46mRAevtvMlAeNraCb6d8U358FDTTLCMivgKlcPQM4FvbGs0vGdeP7uCqca4kZH/8hvdmmP7wHdjWKIQCJIizZR5s+ODBolpM+ZjqVFOwRxZ6HKr1Dt+mIa6wQ+2GRBeL2RqZft72rEjhXCaK1Vy0oBSg/X4y6afEdZbOq//qoN3fOC/DydSRgFVh7RmVTsj4cle4BvK+kRSZE+56s5y20xKMLGFLRbiFmHHCPyKYdmzihrGE2hZs0qU5qPf117jPw4ZGtayy6UebLBSvRhuw12mNA3b4od0ddgzal0Qjcc5h1QSAuc7rBRGtnq4evX6o8lGLp4TUxMtVPwcZKzGhQWoB5V9eCnxFxTn46rNRelTAD/NEb5oS9ND1ueCeQLALHr7ZGynxFIyILzqxiocCANzXfQYtvd2vri8MU+DjhdiU1CIGcVh9K7JkX8IFTNXNxI8O3HdYgK3g+UbfbvAjjUa83MxvpF3T5cBnRcIh/ai+QFt2W1RASpDM+7FMYuLS+1KFoMid2BCyZX0N8mGdzXrQ7NJNxFwbC43ZFD3t7KYUxsL71RH/42zDLo5M2wLJAab8QxlKJ9VXUdMfkwkYv6Ron7AbwGwMJb3AmHNRjPod7WlFT+68Bkgf+tItckhJzGP/KJdeneiCJvUtDbGKnb04TpdfKqK6H7sehIW+NEioqDtRjwDTC2Iglny6cSTTAEbK6NBY/brpG6Cjny7pQB2XYd3q+sKuV7Kzb9mGOHNEhEOoExFQ2vCiSSRMDC3wFVLNygEW7OOQzhGHOPAkeMTAbvWRAFnqimqZtZegoxp+MpbYFbSTtqTAznVVSjS/sMFGQiFo8jJNYQiqYIROSOjjisGsnm2dUCl6+dRKr7LTTG9+Jv/cUQRtzdN++4WuaclYFTKBZIEkVwVkzzN0JV3VddsNxjCTSjgt7MRg0QNXanmjYTENAgIAYE4UhliokyC3l00ABNDLcO6eeS6tl15D3vyrnTMcSbiMgHR60xO3gdOKcA+y1FP29yXHb4G04lYKZ3MMpHv3kCgZsVCaqafLEzwAk75UxTxBZcC44DbDYf8v58ycn8PI/duwaT6rXftTVzU/ffPlBu9IpnwZrwcninKA0v9qg9VCQbObwSKoExHComlRtUgmyiaiAsk1S0FibssssKp1JqPkM+pnovzRzourPhB5W3oWLb4jTbVNfrUPcJuxRYmbF3kB2D3o0mYZXXRKgSu9yqLKnp22h7yQQU+Wm8Qr+Z8JuopXZCMaQdIu1T8LGzKUFShzVNTSLMlLN/n0GxCnGS5c+Ukqcj4QngSDgdsCkDxp6x65sFy3ucqsOpeOmP3FgPsgAX0d3cNLTnmuLT9I0SUhTBnLMLn0syAHMhpybVj/cAtDVzsNJXie8gnnHPs2JNlefHueLx3h/WOTSFxUa/vlQ1QD0gWKzv5wixhhWAQCn6oF5PE+3VSMJZr3FcjO9P2WqclS7SYfAyIAHOlktPOHbitlhh6I0yFfAe/NlYfPySN6qGg9JRickkuu287u9MXJfoZPWtlNgmmlmaAO9gYvTnGkcMQiDJlFErHdkp1a4tIXotO7FwdLIuIPcpIv6s9ulVWQxcA+JcettlqpszBnnCCP7ql9Jatir0/I855eg1e98i9zp1hCK/1Nf21rxb3aFvr1FhFA/9P9iYCGGTAS6nP4BuPqJ+zEtyjoz7Q2p7VywSbx6WeHHlnR4boOS7BM2TY9XBXAdzoqt2sz1EbucnV68x+cK5kRcD4erhVBZT0gEKIpyJ6GWoX1hb0GFzX5YRw9gANdFSFR4QtaprP9k25eRm3KAqNVPDdCjBiJIzzzs/QK8MFFxRD1z8Z96jXeYlR31DXCrgsgBalHtnAVAichqdnKbsUamLygDabu6QmQHdh4lQtSt1d0bGY5NfULGakZ2bNxEDpqdX47qFJv/4gwnlMJeYdLZjnvjo76EdA4uCNkjikGBqCDWiSGEjanvuM/dsh/tF19GVNX+GdirQaTo/UmC/4/ivLMy7JT7sS+hjn2q8SMb8sgrIeraHI8ro0QAoLLk0tG/CTYK2KQSp4T0qWC8Y03EuENFZJDZUUIHJNevtgss//MsbDE6wFo7fvlXBsC8z5lTNN9xcaj5sjgCz6tBiLtMtR2ZCQ8r61JTqTwuH67GGvLFeuowwLGwK06kDackHdVCEElreabKG2CXasRUX+lgjQKglWHfpQtbLDHztvB9ynwjZwDhuxUpjt8igluP1LhmDkWzeEZ7ioJZjP8xALKlElXT7Hzffksk17JTIV+mYEVlL4AwKBvZEbMNmby1qSmcLxu1M6Yb4AanisxOui3O9JCviRGxDgla3Fg+5WwZpBEkGzfIM4v4Nlzem9fFYGHR3Y4/4SHq0235F6xsYigaKj+cFTBLIHn+DilZ7ohasQCHt+jcfKqDJSDLHJrsWjz+665tqA5tHKGTmaHAD6vhgLe2kDCDLcsQdVb42eMADFiUQecScxFrvKi5/0WQLxUaG5i8ZyYOb1Q/kvFpZUlIrQoFn+qZbh8uIVprVpNiOPV1Sy00Bw7jD+bS+CH6y2mE6rm/PWJFYAFfoyHJ/GxPDWaLBMtpOsUrcoW5L3eSEoijfR9AkXYR++YYAIfK3Qj5ayhszO4dlEIwtKXo=&u=U2FsdGVkX19zveEp42TnPPmKnQcorBz0xhFaZe8G+pUHha/7u2DHiemgrZiWHGgw&y=U2FsdGVkX18f+PqKQ58f7aytfF5MwhUA5KG0OLw89QtlW4B0F+n7GGXJ6VC7bM2z HTTP/1.1" 200 26
186.102.38.247 - - [30/Oct/2022:08:24:07 -0500] "GET /kwssiamovil/sm/acme/a?s=U2FsdGVkX18cJp1qYbeWXxjOXM7nJKB+pE+Kns7avQgc97E/RONd/JOAUBM6Ryf9pzdgwMHIsLVlTxXPasAT408n2XS7shdrHRxfRJJ6piVcqDAiQikuurpg7QfwLhLXYG9Hqf02MB8e9qjpMRdbzYbqvWZ467yNdJnF25JmUTs=&u=U2FsdGVkX19zveEp42TnPPmKnQcorBz0xhFaZe8G+pUHha/7u2DHiemgrZiWHGgw&y=U2FsdGVkX18f+PqKQ58f7aytfF5MwhUA5KG0OLw89QtlW4B0F+n7GGXJ6VC7bM2z HTTP/1.1" 200 26
186.102.38.247 - - [30/Oct/2022:08:24:07 -0500] "GET /kwssiamovil/sm/acme/a?s=U2FsdGVkX1+uso2aiDygvMxQnONg+VSraub4k+XIdBruiA24B50Qiv5y4fDmlv4EWOuM/Y6yoh5C2pM9j2LofqetLRBXQODbbsdjE9FW493HS4YboGyxiQ0eQeVRtc99aaZcL82NeUWrmJH97CWnRF8psKuzZWUTFdJR7Gzdemw=&u=U2FsdGVkX19zveEp42TnPPmKnQcorBz0xhFaZe8G+pUHha/7u2DHiemgrZiWHGgw&y=U2FsdGVkX18f+PqKQ58f7aytfF5MwhUA5KG0OLw89QtlW4B0F+n7GGXJ6VC7bM2z HTTP/1.1" 200 26
186.102.38.247 - - [30/Oct/2022:08:24:07 -0500] "GET /kwssiamovil/sm/acme/a?s=U2FsdGVkX1/X0sa93IcM7O7p3tgzOKXsXU7UsGEpnBcrLQ0Y6EhWmqiO/7X+8c5EVoPu6blAGiMWjQRZv/YK1ajN3QidVoOUclmvj9BaWcifDvVgJsCccWrwc51LeoVQ9u7lifvvKuDRIKQffDqLvrnYkqVRvuW75s69FAKQkgA=&u=U2FsdGVkX19zveEp42TnPPmKnQcorBz0xhFaZe8G+pUHha/7u2DHiemgrZiWHGgw&y=U2FsdGVkX18f+PqKQ58f7aytfF5MwhUA5KG0OLw89QtlW4B0F+n7GGXJ6VC7bM2z HTTP/1.1" 200 26
186.102.38.247 - - [30/Oct/2022:08:24:08 -0500] "GET /kwssiamovil/sm/acme/a?s=U2FsdGVkX1/NQyYFTVTopi36CB9ZvETENIhCV5J+ekt26bfdOFMtZGH7n9ELTY4k69DCf64iyn7J1PX3EyCRXHpfwpxP2zK2V8immFLnXtCSeRICT+77tKpgaPtrF9NZZjH+pl+1EMhVp9jOjo7E+ikd12BZKLq3UMC+eZV6m0KMCeT9zFLpjdiQseNJWbHYda1PgX0alSbiqxwKVeJZDQ==&u=U2FsdGVkX19zveEp42TnPPmKnQcorBz0xhFaZe8G+pUHha/7u2DHiemgrZiWHGgw&y=U2FsdGVkX18f+PqKQ58f7aytfF5MwhUA5KG0OLw89QtlW4B0F+n7GGXJ6VC7bM2z HTTP/1.1" 200 26
186.102.38.247 - - [30/Oct/2022:08:24:08 -0500] "GET /kwssiamovil/sm/acme/a?s=U2FsdGVkX19UvNHBE3nn8OVoHJkcY2T66UF+leN+D2Qj4qNssjux1owLABFvi8wKwZ/9JkjYpPF4oS1jYqp9uEqLbngVVJgTl/mm0/lN6oJQvA/bS8B+gJ5nK3Bguld40tNiii16EBSarRHUhZH7G3Q103z2ArV/7XDKHK4LvOxVe03qs3Y/YsHaSq3EAGiC/utxb0yJt4XABzzkkrzvXM8LG4UnaKQaZFiq8Yz1VzPtkaltRHWtwjk7Wpj1LBz/xVYp7yqb+pTiT3b84l2ey44yBY5+Do5tOk9XLY+0XlTGp/Yt0X1mYIbnki1s7xZOgdAmsxmXzdgv5TK/h7l5Y1KkCkNhu3whn4FJAG9R1OhA7RQGfZIq/4VpN3y/wyTZMonGcxZVphrS2xdo4qWcEKDQkWjDMPirLmBii/K1YYr4toRq1Llp5foIA4a65CHaD3Q4yoI4Bfw/aJOM47hpQaeXYAJMLd6in1akueW0Gpt2g8cAD4QYUYe2c9xmjRyJlwdivQwpUNVwWh8Zvn5CHCVLQV7V5k4MgcNouGDlwz3DNrTvniuizhvD8MROVykug8p91lMnrYHlKKmT+NDEy+r4Jd4a5K9CkQ/SGOVHW71jDVoZ1lz835FLFz3zaKTNl1JQZjLQ2UO5dfSCHpiHxEW1E0IyOvMHkxpoThZfWTE=&u=U2FsdGVkX19zveEp42TnPPmKnQcorBz0xhFaZe8G+pUHha/7u2DHiemgrZiWHGgw&y=U2FsdGVkX18f+PqKQ58f7aytfF5MwhUA5KG0OLw89QtlW4B0F+n7GGXJ6VC7bM2z HTTP/1.1" 200 25
186.102.38.247 - - [30/Oct/2022:08:24:08 -0500] "GET /kwssiamovil/sm/acme/a?s=U2FsdGVkX19iaTZDE5pBjGeaFCUeOF5YeZyAmewDAG6utQQOEvVsYxrqwUcLumjiN8Ti+xeQ31y+cFA0sJCmJ8/+smFUeP2cVsq2mT8ZcBteWzyb+vwdKzSreNiftQ/T00YI+fZ4fzWn3DAx1AbiokbIUwgkCT5ZA2njPRJDNmCi8xxkeBBWgQBif6PduE8B3qYoHeqgPCYuRkGKhsx7VtyzxxDkg3kESKX/2ep3Rzxk9xNRUKtz/24+8KMX7IQckz3jHPYYbhMqMaEn5xnzW/FT5DXBc7UPq8WcidrAkFjUWPn7R/P2G5X/ud5QvX2QJhQ0fnExuIE2aN7oDojEOmQVhuEcEZRgQceq/lp1zjRONSMH2bVhxp746P+W6qrWwi2eYpl9TLF7jB3SFCfZd5G5/HcsWzI9FVkFJS8XsvYF0pFO8MqZmLcJbV4XgiWNXqF/xIJDleJe0si7+RSPO2f86eXmBGkCqT/QCvOqXjwSlQwxggu4GI76vdL44bF93qFifL7ShPX/6Gc53ZBRN4EJS/mivfyL+26IVFdBuEWiV9RRsa/2n5lCQbLeckzOf4Dt0JZxmrMrGDQlXsPIgHpHIxMCD0fGFc1l8dgnC47ncFRS+niQB/9+laxtQgpF&u=U2FsdGVkX19zveEp42TnPPmKnQcorBz0xhFaZe8G+pUHha/7u2DHiemgrZiWHGgw&y=U2FsdGVkX18f+PqKQ58f7aytfF5MwhUA5KG0OLw89QtlW4B0F+n7GGXJ6VC7bM2z HTTP/1.1" 200 25
216.245.221.92 - - [30/Oct/2022:08:24:50 -0500] "HEAD / HTTP/1.1" 200 -
186.30.116.45 - - [30/Oct/2022:08:25:08 -0500] "GET /galeria/galeria/jquery.fancybox.css?v=2.1.5 HTTP/1.1" 200 4895
186.30.116.45 - - [30/Oct/2022:08:25:08 -0500] "GET /BLA/boletinlegal/js/jquery.scrollShow.js HTTP/1.1" 200 4586
186.30.116.45 - - [30/Oct/2022:08:25:08 -0500] "GET /galeria/galeria/jquery.fancybox.js?v=2.1.5 HTTP/1.1" 200 48706
40.77.167.69 - - [30/Oct/2022:08:25:25 -0500] "GET /privados-y-distrito-inauguraron-vivero-en-la-reserva-van-der-hammen-con-capacidad-para-producir-50-mil-arboles-al-ano.html HTTP/1.1" 200 899
207.46.13.217 - - [30/Oct/2022:08:26:56 -0500] "GET / HTTP/1.1" 200 4720
172.22.2.4 - - [30/Oct/2022:08:25:30 -0500] "HEAD /BLA/boletinlegal/ HTTP/1.1" 200 -
172.22.2.4 - - [30/Oct/2022:08:26:20 -0500] "GET /BLA/boletinlegal/ HTTP/1.1" 200 57375
201.245.192.253 - - [30/Oct/2022:08:28:50 -0500] "POST /kwsrmcab/Wsrmcab  HTTP/1.1" 200 42272
172.22.2.4 - - [30/Oct/2022:08:29:30 -0500] "GET /BLA/boletinlegal/actuator/health HTTP/1.1" 404 1018
216.245.221.92 - - [30/Oct/2022:08:29:50 -0500] "HEAD / HTTP/1.1" 200 -
201.245.192.253 - - [30/Oct/2022:08:31:42 -0500] "POST /kwsrmcab/Wsrmcab HTTP/1.1" 200 41503
201.245.192.253 - - [30/Oct/2022:08:31:45 -0500] "POST /kwsrmcab/Wsrmcab HTTP/1.1" 200 42160
172.22.2.4 - - [30/Oct/2022:08:31:20 -0500] "HEAD /BLA/boletinlegal/ HTTP/1.1" 200 -
93.158.161.37 - - [30/Oct/2022:08:33:19 -0500] "-" 408 -
172.22.2.4 - - [30/Oct/2022:08:32:10 -0500] "GET /BLA/boletinlegal/ HTTP/1.1" 200 59828
201.245.192.253 - - [30/Oct/2022:08:33:50 -0500] "POST /kwsrmcab/Wsrmcab  HTTP/1.1" 200 42272
216.245.221.92 - - [30/Oct/2022:08:34:50 -0500] "HEAD / HTTP/1.1" 200 -
207.46.13.50 - - [30/Oct/2022:08:35:40 -0500] "GET /BLA/resoluciones/00000348.tif HTTP/1.1" 404 1018
191.156.183.34 - - [30/Oct/2022:08:37:50 -0500] "GET /sipse/faces/index.xhtml HTTP/1.1" 200 677
191.156.183.34 - - [30/Oct/2022:08:37:50 -0500] "GET /sipse/faces/javax.faces.resource/theme.css?ln=primefaces-sipse HTTP/1.1" 304 -
191.156.185.176 - - [30/Oct/2022:08:37:50 -0500] "GET /sipse/js/disable_browser_buttons.js HTTP/1.1" 304 -
191.156.183.34 - - [30/Oct/2022:08:37:50 -0500] "GET /sipse/faces/faces/autenticacion.xhtml HTTP/1.1" 200 12181
191.156.185.176 - - [30/Oct/2022:08:37:51 -0500] "GET /sipse/css/custom_css_sg.css HTTP/1.1" 304 -
191.156.189.133 - - [30/Oct/2022:08:37:51 -0500] "GET /sipse/css/custom_css_sg_prime_login.css HTTP/1.1" 304 -
191.156.177.7 - - [30/Oct/2022:08:37:51 -0500] "GET /sipse/faces/javax.faces.resource/theme.css?ln=primefaces-sipse HTTP/1.1" 304 -
191.156.182.93 - - [30/Oct/2022:08:37:51 -0500] "GET /sipse/faces/javax.faces.resource/primefaces.css?ln=primefaces&v=4.0 HTTP/1.1" 304 -
191.156.190.177 - - [30/Oct/2022:08:37:51 -0500] "GET /sipse/faces/javax.faces.resource/layout/layout.css?ln=primefaces&v=4.0 HTTP/1.1" 304 -
191.156.183.34 - - [30/Oct/2022:08:37:51 -0500] "GET /sipse/js/funciones.js HTTP/1.1" 304 -
191.156.185.176 - - [30/Oct/2022:08:37:51 -0500] "GET /sipse/faces/javax.faces.resource/jquery/jquery.js?ln=primefaces&v=4.0 HTTP/1.1" 304 -
191.156.189.133 - - [30/Oct/2022:08:37:51 -0500] "GET /sipse/faces/javax.faces.resource/jquery/jquery-plugins.js?ln=primefaces&v=4.0 HTTP/1.1" 304 -
191.156.177.7 - - [30/Oct/2022:08:37:51 -0500] "GET /sipse/faces/javax.faces.resource/layout/layout.js?ln=primefaces&v=4.0 HTTP/1.1" 304 -
191.156.182.93 - - [30/Oct/2022:08:37:51 -0500] "GET /sipse/faces/javax.faces.resource/primefaces.js?ln=primefaces&v=4.0 HTTP/1.1" 304 -
191.156.189.133 - - [30/Oct/2022:08:37:51 -0500] "GET /sipse/css/imagen/loginimg.png HTTP/1.1" 304 -
191.156.177.7 - - [30/Oct/2022:08:37:51 -0500] "GET /sipse/css/imagen/logoSDG.png HTTP/1.1" 304 -
191.156.182.93 - - [30/Oct/2022:08:37:51 -0500] "GET /sipse/faces/javax.faces.resource/images/ui-icons_898989_256x240.png?ln=primefaces-aristo HTTP/1.1" 304 -
191.156.189.133 - - [30/Oct/2022:08:37:53 -0500] "POST /sipse/faces/autenticacion.xhtml HTTP/1.1" 200 2224
191.156.189.133 - - [30/Oct/2022:08:37:53 -0500] "GET /sipse/faces/javax.faces.resource/messages/messages.png?ln=primefaces&v=4.0 HTTP/1.1" 304 -
191.156.189.133 - - [30/Oct/2022:08:37:54 -0500] "POST /sipse/faces/autenticacion.xhtml HTTP/1.1" 200 2228
191.156.189.133 - - [30/Oct/2022:08:37:56 -0500] "POST /sipse/faces/autenticacion.xhtml HTTP/1.1" 200 16257
191.156.189.133 - - [30/Oct/2022:08:37:56 -0500] "GET /sipse/css/custom_css_sg_prime.css HTTP/1.1" 304 -
191.156.182.93 - - [30/Oct/2022:08:37:56 -0500] "GET /sipse/faces/javax.faces.resource/primefaces.css?ln=primefaces&v=4.0 HTTP/1.1" 304 -
191.156.177.7 - - [30/Oct/2022:08:37:56 -0500] "GET /sipse/faces/javax.faces.resource/theme.css?ln=primefaces-sipse HTTP/1.1" 304 -
191.156.185.176 - - [30/Oct/2022:08:37:56 -0500] "GET /sipse/faces/javax.faces.resource/layout/layout.css?ln=primefaces&v=4.0 HTTP/1.1" 304 -
191.156.183.34 - - [30/Oct/2022:08:37:56 -0500] "GET /sipse/js/jquery.min.js HTTP/1.1" 304 -
191.156.183.34 - - [30/Oct/2022:08:37:56 -0500] "GET /sipse/faces/javax.faces.resource/jquery/jquery.js?ln=primefaces&v=4.0 HTTP/1.1" 304 -
191.156.183.34 - - [30/Oct/2022:08:37:57 -0500] "GET /sipse/faces/javax.faces.resource/jquery/jquery-plugins.js?ln=primefaces&v=4.0 HTTP/1.1" 304 -
191.156.183.34 - - [30/Oct/2022:08:37:57 -0500] "GET /sipse/faces/javax.faces.resource/primefaces.js?ln=primefaces&v=4.0 HTTP/1.1" 304 -
191.156.183.34 - - [30/Oct/2022:08:37:57 -0500] "GET /sipse/faces/javax.faces.resource/layout/layout.js?ln=primefaces&v=4.0 HTTP/1.1" 304 -
191.156.182.93 - - [30/Oct/2022:08:37:57 -0500] "GET /sipse/imagenes/logoAplicacion.jpg HTTP/1.1" 304 -
191.156.185.176 - - [30/Oct/2022:08:37:57 -0500] "GET /sipse/imagenes/cargando.gif HTTP/1.1" 304 -
191.156.183.34 - - [30/Oct/2022:08:37:57 -0500] "GET /sipse/css/imagen/contrasena.png HTTP/1.1" 404 383
191.156.183.34 - - [30/Oct/2022:08:38:00 -0500] "GET /sipse/faces/javax.faces.resource/images/ui-bg_flat_0_2d5972_40x100.png?ln=primefaces-aristo HTTP/1.1" 304 -
191.156.185.176 - - [30/Oct/2022:08:38:00 -0500] "POST /sipse/faces/bienvenido.xhtml HTTP/1.1" 200 2658
191.156.185.176 - - [30/Oct/2022:08:38:01 -0500] "POST /sipse/faces/bienvenido.xhtml HTTP/1.1" 200 66405
191.156.185.176 - - [30/Oct/2022:08:38:03 -0500] "GET /sipse/faces/javax.faces.resource/theme.css?ln=primefaces-sipse HTTP/1.1" 304 -
191.156.182.93 - - [30/Oct/2022:08:38:03 -0500] "GET /sipse/faces/javax.faces.resource/layout/layout.css?ln=primefaces&v=4.0 HTTP/1.1" 304 -
191.156.183.34 - - [30/Oct/2022:08:38:03 -0500] "GET /sipse/faces/javax.faces.resource/primefaces.css?ln=primefaces&v=4.0 HTTP/1.1" 304 -
191.156.189.133 - - [30/Oct/2022:08:38:03 -0500] "GET /sipse/faces/javax.faces.resource/jquery/jquery.js?ln=primefaces&v=4.0 HTTP/1.1" 304 -
191.156.189.133 - - [30/Oct/2022:08:38:03 -0500] "GET /sipse/faces/javax.faces.resource/jquery/jquery-plugins.js?ln=primefaces&v=4.0 HTTP/1.1" 304 -
191.156.189.133 - - [30/Oct/2022:08:38:03 -0500] "GET /sipse/faces/javax.faces.resource/primefaces.js?ln=primefaces&v=4.0 HTTP/1.1" 304 -
191.156.189.133 - - [30/Oct/2022:08:38:04 -0500] "GET /sipse/faces/javax.faces.resource/layout/layout.js?ln=primefaces&v=4.0 HTTP/1.1" 304 -
191.156.189.133 - - [30/Oct/2022:08:38:04 -0500] "POST /sipse/faces/presentacion/financiero/solicitudProceso/listarSolicitudProceso.xhtml HTTP/1.1" 200 1560
181.54.107.36 - - [30/Oct/2022:08:38:10 -0500] "GET /galeria/galeria/jquery.fancybox.css?v=2.1.5 HTTP/1.1" 200 4895
181.54.107.36 - - [30/Oct/2022:08:38:10 -0500] "GET /BLA/boletinlegal/js/jquery.scrollShow.js HTTP/1.1" 200 4586
181.54.107.36 - - [30/Oct/2022:08:38:10 -0500] "GET /galeria/galeria/jquery.fancybox.js?v=2.1.5 HTTP/1.1" 200 48706
191.156.189.133 - - [30/Oct/2022:08:38:36 -0500] "POST /sipse/faces/presentacion/financiero/solicitudProceso/listarSolicitudProceso.xhtml HTTP/1.1" 200 42656
191.156.189.133 - - [30/Oct/2022:08:38:37 -0500] "POST /sipse/faces/presentacion/financiero/solicitudProceso/listarSolicitudProceso.xhtml HTTP/1.1" 200 42648
191.156.189.133 - - [30/Oct/2022:08:38:38 -0500] "POST /sipse/faces/presentacion/financiero/solicitudProceso/listarSolicitudProceso.xhtml HTTP/1.1" 200 42656
191.156.189.133 - - [30/Oct/2022:08:38:39 -0500] "POST /sipse/faces/presentacion/financiero/solicitudProceso/listarSolicitudProceso.xhtml HTTP/1.1" 200 24236
191.156.189.133 - - [30/Oct/2022:08:38:40 -0500] "POST /sipse/faces/presentacion/financiero/solicitudProceso/listarSolicitudProceso.xhtml HTTP/1.1" 200 12689
191.156.189.133 - - [30/Oct/2022:08:38:43 -0500] "POST /sipse/faces/presentacion/financiero/solicitudProceso/listarSolicitudProceso.xhtml HTTP/1.1" 200 24236
191.156.189.133 - - [30/Oct/2022:08:38:44 -0500] "POST /sipse/faces/presentacion/financiero/solicitudProceso/listarSolicitudProceso.xhtml HTTP/1.1" 200 43423
191.156.189.133 - - [30/Oct/2022:08:38:44 -0500] "POST /sipse/faces/presentacion/financiero/solicitudProceso/listarSolicitudProceso.xhtml HTTP/1.1" 200 43415
191.156.189.133 - - [30/Oct/2022:08:38:45 -0500] "POST /sipse/faces/presentacion/financiero/solicitudProceso/listarSolicitudProceso.xhtml HTTP/1.1" 200 18589
191.156.189.133 - - [30/Oct/2022:08:38:46 -0500] "POST /sipse/faces/presentacion/financiero/solicitudProceso/listarSolicitudProceso.xhtml HTTP/1.1" 200 18577
172.22.2.4 - - [30/Oct/2022:08:37:10 -0500] "HEAD /BLA/boletinlegal/ HTTP/1.1" 200 -
201.245.192.253 - - [30/Oct/2022:08:38:49 -0500] "POST /kwsrmcab/Wsrmcab  HTTP/1.1" 200 42272
172.22.2.4 - - [30/Oct/2022:08:38:00 -0500] "GET /BLA/boletinlegal/ HTTP/1.1" 200 55220
216.245.221.92 - - [30/Oct/2022:08:39:50 -0500] "HEAD / HTTP/1.1" 200 -
173.252.79.23 - - [30/Oct/2022:08:40:38 -0500] "GET /images/negocios-verdes-mayo-2022.jpg HTTP/1.1" 200 48000
201.245.192.253 - - [30/Oct/2022:08:41:42 -0500] "POST /kwsrmcab/Wsrmcab HTTP/1.1" 200 41503
201.245.192.253 - - [30/Oct/2022:08:41:45 -0500] "POST /kwsrmcab/Wsrmcab HTTP/1.1" 200 42160
157.55.39.201 - - [30/Oct/2022:08:42:25 -0500] "GET /BLA/resoluciones/RESOLUCIONES%202000/2000%20950-999.tif HTTP/1.1" 200 4451157
77.88.5.253 - - [30/Oct/2022:08:43:19 -0500] "-" 408 -
201.245.192.253 - - [30/Oct/2022:08:43:48 -0500] "POST /kwsrmcab/Wsrmcab  HTTP/1.1" 200 42272
157.55.39.201 - - [30/Oct/2022:08:44:04 -0500] "GET /BLA/resoluciones/RESOLUCIONES%202000/2000%20250-299.tif HTTP/1.1" 200 2321812
172.22.2.4 - - [30/Oct/2022:08:43:00 -0500] "HEAD /BLA/boletinlegal/ HTTP/1.1" 200 -
216.245.221.92 - - [30/Oct/2022:08:44:50 -0500] "HEAD / HTTP/1.1" 200 -
66.249.73.170 - - [30/Oct/2022:08:45:28 -0500] "-" 408 -
172.22.2.4 - - [30/Oct/2022:08:43:50 -0500] "GET /BLA/boletinlegal/ HTTP/1.1" 200 57725
201.245.192.253 - - [30/Oct/2022:08:48:47 -0500] "POST /kwsrmcab/Wsrmcab  HTTP/1.1" 200 42272
173.252.107.22 - - [30/Oct/2022:08:49:02 -0500] "GET /participa-con-nosotros-en-el-october-big-day.html HTTP/1.1" 206 1039
216.245.221.92 - - [30/Oct/2022:08:49:50 -0500] "HEAD / HTTP/1.1" 200 -
172.22.2.4 - - [30/Oct/2022:08:48:50 -0500] "HEAD /BLA/boletinlegal/ HTTP/1.1" 200 -
172.22.2.4 - - [30/Oct/2022:08:49:40 -0500] "GET /BLA/boletinlegal/ HTTP/1.1" 200 59828
207.46.13.50 - - [30/Oct/2022:08:51:52 -0500] "GET /BLA/resoluciones/RESOLUCIONES%202000/2000%20800-849.tif HTTP/1.1" 200 4545533
157.55.39.136 - - [30/Oct/2022:08:52:58 -0500] "GET /BLA/boletinlegal/images/screen_1.png HTTP/1.1" 200 202547
93.158.161.35 - - [30/Oct/2022:08:53:19 -0500] "-" 408 -
201.245.192.253 - - [30/Oct/2022:08:53:46 -0500] "POST /kwsrmcab/Wsrmcab  HTTP/1.1" 200 42272
216.245.221.92 - - [30/Oct/2022:08:54:50 -0500] "HEAD / HTTP/1.1" 200 -
94.102.61.10 - - [30/Oct/2022:08:56:06 -0500] "GET /portaldeninos/ HTTP/1.1" 200 110197
172.22.2.4 - - [30/Oct/2022:08:54:40 -0500] "HEAD /BLA/boletinlegal/ HTTP/1.1" 200 -
172.22.2.4 - - [30/Oct/2022:08:55:30 -0500] "GET /BLA/boletinlegal/ HTTP/1.1" 200 59319
157.55.39.195 - - [30/Oct/2022:08:57:25 -0500] "GET /BLA/resoluciones/RESOLUCIONES%202001/2001%20750-799.TIF HTTP/1.1" 200 8805346
157.55.39.201 - - [30/Oct/2022:08:57:47 -0500] "GET /BLA/resoluciones/AUTOS%202022/3304.pdf HTTP/1.1" 200 330307
201.245.192.253 - - [30/Oct/2022:08:58:45 -0500] "POST /kwsrmcab/Wsrmcab  HTTP/1.1" 200 42272
216.245.221.92 - - [30/Oct/2022:08:59:50 -0500] "HEAD / HTTP/1.1" 200 -
172.22.2.4 - - [30/Oct/2022:09:00:30 -0500] "HEAD /BLA/boletinlegal/ HTTP/1.1" 200 -
172.22.2.4 - - [30/Oct/2022:09:01:20 -0500] "GET /BLA/boletinlegal/ HTTP/1.1" 200 57725
77.88.5.226 - - [30/Oct/2022:09:03:19 -0500] "-" 408 -
201.245.192.253 - - [30/Oct/2022:09:03:44 -0500] "POST /kwsrmcab/Wsrmcab  HTTP/1.1" 200 42272
157.55.39.201 - - [30/Oct/2022:09:04:26 -0500] "GET /galeria/galeria/fotos/2humedal-Burro2G.jpg HTTP/1.1" 200 140889
216.245.221.92 - - [30/Oct/2022:09:04:50 -0500] "HEAD / HTTP/1.1" 200 -
157.55.39.195 - - [30/Oct/2022:09:07:25 -0500] "GET /BLA/resoluciones/RESOLUCIONES%202006/RES%202006%20351-400/00000396.tif HTTP/1.1" 200 135600
172.22.2.4 - - [30/Oct/2022:09:06:20 -0500] "HEAD /BLA/boletinlegal/ HTTP/1.1" 200 -
201.245.192.253 - - [30/Oct/2022:09:08:43 -0500] "POST /kwsrmcab/Wsrmcab  HTTP/1.1" 200 42272
172.22.2.4 - - [30/Oct/2022:09:07:10 -0500] "GET /BLA/boletinlegal/ HTTP/1.1" 200 58163
216.245.221.92 - - [30/Oct/2022:09:09:50 -0500] "HEAD / HTTP/1.1" 200 -
77.88.5.38 - - [30/Oct/2022:09:13:19 -0500] "-" 408 -
201.245.192.253 - - [30/Oct/2022:09:13:41 -0500] "POST /kwsrmcab/Wsrmcab  HTTP/1.1" 200 42272
172.22.2.4 - - [30/Oct/2022:09:12:10 -0500] "HEAD /BLA/boletinlegal/ HTTP/1.1" 200 -
173.252.107.24 - - [30/Oct/2022:09:14:21 -0500] "GET /images/Junio%2002-experiencias-jardines-verticales-sda.jpeg HTTP/1.1" 200 31171
185.119.81.96 - - [30/Oct/2022:09:14:25 -0500] "GET /portaldeninos/wp-login.php HTTP/1.1" 200 2592
185.119.81.96 - - [30/Oct/2022:09:14:26 -0500] "POST /portaldeninos/wp-login.php HTTP/1.1" 200 3605
172.22.2.4 - - [30/Oct/2022:09:13:00 -0500] "GET /BLA/boletinlegal/ HTTP/1.1" 200 56732
216.245.221.92 - - [30/Oct/2022:09:14:50 -0500] "HEAD / HTTP/1.1" 200 -
201.245.192.253 - - [30/Oct/2022:09:18:41 -0500] "POST /kwsrmcab/Wsrmcab  HTTP/1.1" 200 42272
172.22.2.4 - - [30/Oct/2022:09:18:00 -0500] "HEAD /BLA/boletinlegal/ HTTP/1.1" 200 -
216.245.221.92 - - [30/Oct/2022:09:19:49 -0500] "HEAD / HTTP/1.1" 200 -
172.22.2.4 - - [30/Oct/2022:09:18:50 -0500] "GET /BLA/boletinlegal/ HTTP/1.1" 200 59828
157.55.39.195 - - [30/Oct/2022:09:21:28 -0500] "GET /BLA/resoluciones/index.php?dir=AUTOS+2007%2F HTTP/1.1" 200 628423
201.245.192.253 - - [30/Oct/2022:09:21:42 -0500] "POST /kwsrmcab/Wsrmcab HTTP/1.1" 200 41810
201.245.192.253 - - [30/Oct/2022:09:21:45 -0500] "POST /kwsrmcab/Wsrmcab HTTP/1.1" 200 42009
66.249.73.170 - - [30/Oct/2022:09:21:58 -0500] "-" 408 -
157.55.39.201 - - [30/Oct/2022:09:21:58 -0500] "GET /BLA/resoluciones/dlf/styles.css HTTP/1.1" 200 3049
93.158.161.42 - - [30/Oct/2022:09:23:19 -0500] "-" 408 -
207.46.13.79 - - [30/Oct/2022:09:23:40 -0500] "GET /BLA/resoluciones/RESOLUCIONES%202000/2000%20150-199.tif HTTP/1.1" 200 3922882
201.245.192.253 - - [30/Oct/2022:09:23:40 -0500] "POST /kwsrmcab/Wsrmcab  HTTP/1.1" 200 42272
216.245.221.92 - - [30/Oct/2022:09:24:49 -0500] "HEAD / HTTP/1.1" 200 -
172.22.2.4 - - [30/Oct/2022:09:23:50 -0500] "HEAD /BLA/boletinlegal/ HTTP/1.1" 200 -
201.245.242.221 - - [30/Oct/2022:09:25:56 -0500] "GET /galeria/galeria/jquery.fancybox.js?v=2.1.5 HTTP/1.1" 200 48706
201.245.242.221 - - [30/Oct/2022:09:25:56 -0500] "GET /BLA/boletinlegal/js/jquery.scrollShow.js HTTP/1.1" 200 4586
201.245.242.221 - - [30/Oct/2022:09:25:56 -0500] "GET /galeria/galeria/jquery.fancybox.css?v=2.1.5 HTTP/1.1" 200 4895
172.22.2.4 - - [30/Oct/2022:09:24:40 -0500] "GET /BLA/boletinlegal/ HTTP/1.1" 200 57725
201.245.192.253 - - [30/Oct/2022:09:28:39 -0500] "POST /kwsrmcab/Wsrmcab  HTTP/1.1" 200 42272
216.245.221.92 - - [30/Oct/2022:09:29:49 -0500] "HEAD / HTTP/1.1" 200 -
172.22.2.4 - - [30/Oct/2022:09:29:40 -0500] "HEAD /BLA/boletinlegal/ HTTP/1.1" 200 -
152.203.166.67 - - [30/Oct/2022:09:31:36 -0500] "GET /sipse/faces/presentacion/financiero/solicitudProceso/crearModificarSolicitudProceso.xhtml HTTP/1.1" 302 -
152.203.166.67 - - [30/Oct/2022:09:31:36 -0500] "GET /sipse/faces/autenticacion.xhtml HTTP/1.1" 200 12181
152.203.166.67 - - [30/Oct/2022:09:31:36 -0500] "GET /sipse/faces/javax.faces.resource/theme.css?ln=primefaces-sipse HTTP/1.1" 304 -
152.203.166.67 - - [30/Oct/2022:09:31:36 -0500] "GET /sipse/faces/javax.faces.resource/jquery/jquery.js?ln=primefaces&v=4.0 HTTP/1.1" 304 -
152.203.166.67 - - [30/Oct/2022:09:31:36 -0500] "GET /sipse/faces/javax.faces.resource/primefaces.js?ln=primefaces&v=4.0 HTTP/1.1" 304 -
152.203.166.67 - - [30/Oct/2022:09:31:36 -0500] "GET /sipse/faces/javax.faces.resource/primefaces.css?ln=primefaces&v=4.0 HTTP/1.1" 304 -
152.203.166.67 - - [30/Oct/2022:09:31:36 -0500] "GET /sipse/faces/javax.faces.resource/layout/layout.css?ln=primefaces&v=4.0 HTTP/1.1" 304 -
152.203.166.67 - - [30/Oct/2022:09:31:36 -0500] "GET /sipse/faces/javax.faces.resource/layout/layout.js?ln=primefaces&v=4.0 HTTP/1.1" 304 -
152.203.166.67 - - [30/Oct/2022:09:31:36 -0500] "GET /sipse/faces/javax.faces.resource/jquery/jquery-plugins.js?ln=primefaces&v=4.0 HTTP/1.1" 304 -
152.203.166.67 - - [30/Oct/2022:09:31:36 -0500] "GET /sipse/faces/javax.faces.resource/images/ui-icons_898989_256x240.png?ln=primefaces-aristo HTTP/1.1" 304 -
152.203.166.67 - - [30/Oct/2022:09:31:37 -0500] "GET /sipse/faces/index.xhtml HTTP/1.1" 200 677
152.203.166.67 - - [30/Oct/2022:09:31:37 -0500] "GET /sipse/faces/javax.faces.resource/theme.css?ln=primefaces-sipse HTTP/1.1" 304 -
152.203.166.67 - - [30/Oct/2022:09:31:37 -0500] "GET /sipse/faces/faces/autenticacion.xhtml HTTP/1.1" 200 12181
152.203.166.67 - - [30/Oct/2022:09:31:38 -0500] "GET /sipse/faces/javax.faces.resource/theme.css?ln=primefaces-sipse HTTP/1.1" 304 -
152.203.166.67 - - [30/Oct/2022:09:31:38 -0500] "GET /sipse/faces/javax.faces.resource/primefaces.css?ln=primefaces&v=4.0 HTTP/1.1" 304 -
152.203.166.67 - - [30/Oct/2022:09:31:38 -0500] "GET /sipse/faces/javax.faces.resource/layout/layout.css?ln=primefaces&v=4.0 HTTP/1.1" 304 -
152.203.166.67 - - [30/Oct/2022:09:31:38 -0500] "GET /sipse/faces/javax.faces.resource/primefaces.js?ln=primefaces&v=4.0 HTTP/1.1" 304 -
152.203.166.67 - - [30/Oct/2022:09:31:38 -0500] "GET /sipse/faces/javax.faces.resource/jquery/jquery-plugins.js?ln=primefaces&v=4.0 HTTP/1.1" 304 -
152.203.166.67 - - [30/Oct/2022:09:31:38 -0500] "GET /sipse/faces/javax.faces.resource/jquery/jquery.js?ln=primefaces&v=4.0 HTTP/1.1" 304 -
152.203.166.67 - - [30/Oct/2022:09:31:38 -0500] "GET /sipse/faces/javax.faces.resource/layout/layout.js?ln=primefaces&v=4.0 HTTP/1.1" 304 -
152.203.166.67 - - [30/Oct/2022:09:31:38 -0500] "GET /sipse/faces/javax.faces.resource/images/ui-icons_898989_256x240.png?ln=primefaces-aristo HTTP/1.1" 304 -
201.245.192.253 - - [30/Oct/2022:09:31:43 -0500] "POST /kwsrmcab/Wsrmcab HTTP/1.1" 200 41810
201.245.192.253 - - [30/Oct/2022:09:31:45 -0500] "POST /kwsrmcab/Wsrmcab HTTP/1.1" 200 42009
152.203.166.67 - - [30/Oct/2022:09:31:57 -0500] "POST /sipse/faces/autenticacion.xhtml HTTP/1.1" 200 2224
152.203.166.67 - - [30/Oct/2022:09:31:58 -0500] "GET /sipse/faces/javax.faces.resource/messages/messages.png?ln=primefaces&v=4.0 HTTP/1.1" 304 -
152.203.166.67 - - [30/Oct/2022:09:32:00 -0500] "POST /sipse/faces/autenticacion.xhtml HTTP/1.1" 200 16257
152.203.166.67 - - [30/Oct/2022:09:32:00 -0500] "GET /sipse/faces/javax.faces.resource/theme.css?ln=primefaces-sipse HTTP/1.1" 304 -
152.203.166.67 - - [30/Oct/2022:09:32:00 -0500] "GET /sipse/faces/javax.faces.resource/layout/layout.css?ln=primefaces&v=4.0 HTTP/1.1" 304 -
152.203.166.67 - - [30/Oct/2022:09:32:00 -0500] "GET /sipse/faces/javax.faces.resource/primefaces.css?ln=primefaces&v=4.0 HTTP/1.1" 304 -
152.203.166.67 - - [30/Oct/2022:09:32:01 -0500] "GET /sipse/faces/javax.faces.resource/jquery/jquery.js?ln=primefaces&v=4.0 HTTP/1.1" 304 -
152.203.166.67 - - [30/Oct/2022:09:32:01 -0500] "GET /sipse/faces/javax.faces.resource/jquery/jquery-plugins.js?ln=primefaces&v=4.0 HTTP/1.1" 304 -
152.203.166.67 - - [30/Oct/2022:09:32:01 -0500] "GET /sipse/faces/javax.faces.resource/primefaces.js?ln=primefaces&v=4.0 HTTP/1.1" 304 -
152.203.166.67 - - [30/Oct/2022:09:32:01 -0500] "GET /sipse/faces/javax.faces.resource/layout/layout.js?ln=primefaces&v=4.0 HTTP/1.1" 304 -
152.203.166.67 - - [30/Oct/2022:09:32:01 -0500] "GET /sipse/css/imagen/contrasena.png HTTP/1.1" 404 383
152.203.166.67 - - [30/Oct/2022:09:32:04 -0500] "POST /sipse/faces/bienvenido.xhtml HTTP/1.1" 200 2658
152.203.166.67 - - [30/Oct/2022:09:32:04 -0500] "GET /sipse/faces/javax.faces.resource/images/ui-bg_flat_0_2d5972_40x100.png?ln=primefaces-aristo HTTP/1.1" 304 -
172.22.2.4 - - [30/Oct/2022:09:30:30 -0500] "GET /BLA/boletinlegal/ HTTP/1.1" 200 57375
207.46.13.217 - - [30/Oct/2022:09:32:13 -0500] "GET /portaldeninos/humedal-capellania-2/ HTTP/1.1" 200 87949
152.203.166.67 - - [30/Oct/2022:09:32:14 -0500] "POST /sipse/faces/bienvenido.xhtml HTTP/1.1" 200 66405
152.203.166.67 - - [30/Oct/2022:09:32:15 -0500] "GET /sipse/faces/javax.faces.resource/primefaces.css?ln=primefaces&v=4.0 HTTP/1.1" 304 -
152.203.166.67 - - [30/Oct/2022:09:32:15 -0500] "GET /sipse/faces/javax.faces.resource/theme.css?ln=primefaces-sipse HTTP/1.1" 304 -
152.203.166.67 - - [30/Oct/2022:09:32:15 -0500] "GET /sipse/faces/javax.faces.resource/layout/layout.css?ln=primefaces&v=4.0 HTTP/1.1" 304 -
152.203.166.67 - - [30/Oct/2022:09:32:15 -0500] "GET /sipse/faces/javax.faces.resource/jquery/jquery.js?ln=primefaces&v=4.0 HTTP/1.1" 304 -
152.203.166.67 - - [30/Oct/2022:09:32:15 -0500] "GET /sipse/faces/javax.faces.resource/jquery/jquery-plugins.js?ln=primefaces&v=4.0 HTTP/1.1" 304 -
152.203.166.67 - - [30/Oct/2022:09:32:15 -0500] "GET /sipse/faces/javax.faces.resource/primefaces.js?ln=primefaces&v=4.0 HTTP/1.1" 304 -
152.203.166.67 - - [30/Oct/2022:09:32:15 -0500] "GET /sipse/faces/javax.faces.resource/layout/layout.js?ln=primefaces&v=4.0 HTTP/1.1" 304 -
152.203.166.67 - - [30/Oct/2022:09:32:16 -0500] "POST /sipse/faces/presentacion/financiero/solicitudProceso/listarSolicitudProceso.xhtml HTTP/1.1" 200 1560
152.203.166.67 - - [30/Oct/2022:09:32:24 -0500] "POST /sipse/faces/presentacion/financiero/solicitudProceso/listarSolicitudProceso.xhtml HTTP/1.1" 200 42835
152.203.166.67 - - [30/Oct/2022:09:32:24 -0500] "POST /sipse/faces/presentacion/financiero/solicitudProceso/listarSolicitudProceso.xhtml HTTP/1.1" 200 42827
152.203.166.67 - - [30/Oct/2022:09:32:25 -0500] "POST /sipse/faces/presentacion/financiero/solicitudProceso/listarSolicitudProceso.xhtml HTTP/1.1" 200 43427
152.203.166.67 - - [30/Oct/2022:09:32:27 -0500] "POST /sipse/faces/presentacion/financiero/solicitudProceso/listarSolicitudProceso.xhtml HTTP/1.1" 200 43511
152.203.166.67 - - [30/Oct/2022:09:32:27 -0500] "POST /sipse/faces/presentacion/financiero/solicitudProceso/listarSolicitudProceso.xhtml HTTP/1.1" 200 43709
152.203.166.67 - - [30/Oct/2022:09:32:28 -0500] "POST /sipse/faces/presentacion/financiero/solicitudProceso/listarSolicitudProceso.xhtml HTTP/1.1" 200 39845
93.158.161.72 - - [30/Oct/2022:09:33:19 -0500] "-" 408 -
77.88.5.232 - - [30/Oct/2022:09:33:24 -0500] "-" 408 -
93.158.161.55 - - [30/Oct/2022:09:33:29 -0500] "-" 408 -
93.158.161.29 - - [30/Oct/2022:09:33:35 -0500] "-" 408 -
201.245.192.253 - - [30/Oct/2022:09:33:38 -0500] "POST /kwsrmcab/Wsrmcab  HTTP/1.1" 200 42272
77.88.5.49 - - [30/Oct/2022:09:33:50 -0500] "-" 408 -
77.88.5.134 - - [30/Oct/2022:09:34:05 -0500] "-" 408 -
152.203.166.67 - - [30/Oct/2022:09:34:26 -0500] "POST /sipse/faces/presentacion/financiero/solicitudProceso/listarSolicitudProceso.xhtml HTTP/1.1" 200 43709
152.203.166.67 - - [30/Oct/2022:09:34:27 -0500] "POST /sipse/faces/presentacion/financiero/solicitudProceso/listarSolicitudProceso.xhtml HTTP/1.1" 200 43701
152.203.166.67 - - [30/Oct/2022:09:34:28 -0500] "POST /sipse/faces/presentacion/financiero/solicitudProceso/listarSolicitudProceso.xhtml HTTP/1.1" 200 15713
152.203.166.67 - - [30/Oct/2022:09:34:30 -0500] "POST /sipse/faces/presentacion/financiero/solicitudProceso/listarSolicitudProceso.xhtml HTTP/1.1" 200 24737
93.158.161.56 - - [30/Oct/2022:09:34:35 -0500] "-" 408 -
152.203.166.67 - - [30/Oct/2022:09:34:35 -0500] "POST /sipse/faces/presentacion/financiero/solicitudProceso/listarSolicitudProceso.xhtml HTTP/1.1" 200 43709
152.203.166.67 - - [30/Oct/2022:09:34:37 -0500] "POST /sipse/faces/presentacion/financiero/solicitudProceso/listarSolicitudProceso.xhtml HTTP/1.1" 200 39845
216.245.221.92 - - [30/Oct/2022:09:34:50 -0500] "HEAD / HTTP/1.1" 200 -
93.158.161.54 - - [30/Oct/2022:09:36:54 -0500] "-" 408 -
172.22.2.4 - - [30/Oct/2022:09:35:30 -0500] "HEAD /BLA/boletinlegal/ HTTP/1.1" 200 -
77.88.5.27 - - [30/Oct/2022:09:37:54 -0500] "-" 408 -
172.22.2.4 - - [30/Oct/2022:09:36:20 -0500] "GET /BLA/boletinlegal/ HTTP/1.1" 200 57725
152.203.166.67 - - [30/Oct/2022:09:38:31 -0500] "POST /sipse/faces/presentacion/financiero/solicitudProceso/listarSolicitudProceso.xhtml HTTP/1.1" 200 15530
152.203.166.67 - - [30/Oct/2022:09:38:34 -0500] "POST /sipse/faces/presentacion/financiero/solicitudProceso/listarSolicitudProceso.xhtml HTTP/1.1" 200 39845
152.203.166.67 - - [30/Oct/2022:09:38:36 -0500] "POST /sipse/faces/presentacion/financiero/solicitudProceso/listarSolicitudProceso.xhtml HTTP/1.1" 200 43407
201.245.192.253 - - [30/Oct/2022:09:38:37 -0500] "POST /kwsrmcab/Wsrmcab  HTTP/1.1" 200 42272
172.22.2.4 - - [30/Oct/2022:09:38:44 -0500] "GET /BLA/boletinlegal/Directivas/2016/Directiva%20No.%2001%20del%2012%20de%20Abril%20de%202016.pdf HTTP/1.1" 304 -
152.203.166.67 - - [30/Oct/2022:09:39:00 -0500] "POST /sipse/faces/presentacion/financiero/solicitudProceso/listarSolicitudProceso.xhtml HTTP/1.1" 200 43844
152.203.166.67 - - [30/Oct/2022:09:39:14 -0500] "POST /sipse/faces/presentacion/financiero/solicitudProceso/listarSolicitudProceso.xhtml HTTP/1.1" 200 43535
152.203.166.67 - - [30/Oct/2022:09:39:14 -0500] "POST /sipse/faces/presentacion/financiero/solicitudProceso/listarSolicitudProceso.xhtml HTTP/1.1" 200 43527
152.203.166.67 - - [30/Oct/2022:09:39:15 -0500] "POST /sipse/faces/presentacion/financiero/solicitudProceso/listarSolicitudProceso.xhtml HTTP/1.1" 200 43539
152.203.166.67 - - [30/Oct/2022:09:39:16 -0500] "POST /sipse/faces/presentacion/financiero/solicitudProceso/listarSolicitudProceso.xhtml HTTP/1.1" 200 43717
152.203.166.67 - - [30/Oct/2022:09:39:18 -0500] "POST /sipse/faces/presentacion/financiero/solicitudProceso/listarSolicitudProceso.xhtml HTTP/1.1" 200 39869
