172.22.2.4 - - [30/Oct/2022:11:39:45 -0500] "GET /BLA/boletinlegal/images/screen_2.png HTTP/1.1" 200 362502
172.22.2.4 - - [30/Oct/2022:11:39:45 -0500] "GET /BLA/boletinlegal/images/footer_bg.jpg HTTP/1.1" 200 586
172.22.2.4 - - [30/Oct/2022:11:39:45 -0500] "GET /BLA/boletinlegal/images/screen_5.png HTTP/1.1" 200 368876
172.22.2.4 - - [30/Oct/2022:11:39:45 -0500] "GET /BLA/boletinlegal/images/arr_r.jpg HTTP/1.1" 200 1998
172.22.2.4 - - [30/Oct/2022:11:39:45 -0500] "GET /BLA/boletinlegal/actos.php HTTP/1.1" 200 9566
172.22.2.4 - - [30/Oct/2022:11:39:46 -0500] "GET /BLA/boletinlegal/js/ajax_actos.js HTTP/1.1" 200 1322
172.22.2.4 - - [30/Oct/2022:11:39:46 -0500] "GET /BLA/boletinlegal/niceforms.js HTTP/1.1" 200 22876
172.22.2.4 - - [30/Oct/2022:11:39:46 -0500] "GET /BLA/boletinlegal/js/lib.js HTTP/1.1" 200 6474
172.22.2.4 - - [30/Oct/2022:11:39:46 -0500] "GET /BLA/boletinlegal/niceforms-default.css HTTP/1.1" 200 6694
172.22.2.4 - - [30/Oct/2022:11:39:46 -0500] "GET /BLA/boletinlegal/js/popup.js HTTP/1.1" 200 1270
172.22.2.4 - - [30/Oct/2022:11:39:46 -0500] "GET /BLA/boletinlegal/js/jquery1.js HTTP/1.1" 200 29846
172.22.2.4 - - [30/Oct/2022:11:39:46 -0500] "GET /BLA/boletinlegal/images/green-yellow-blue-pink-th.png HTTP/1.1" 200 7394
172.22.2.4 - - [30/Oct/2022:11:39:46 -0500] "GET /BLA/boletinlegal/images/tel.png HTTP/1.1" 200 14477
172.22.2.4 - - [30/Oct/2022:11:39:46 -0500] "GET /BLA/boletinlegal/images/icono-email.png HTTP/1.1" 200 5544
172.22.2.4 - - [30/Oct/2022:11:39:46 -0500] "GET /BLA/boletinlegal/images/footer_bg_l.jpg HTTP/1.1" 200 776
172.22.2.4 - - [30/Oct/2022:11:39:46 -0500] "GET /BLA/boletinlegal/img/0.png HTTP/1.1" 200 110
172.22.2.4 - - [30/Oct/2022:11:39:46 -0500] "GET /BLA/boletinlegal/img/select-right.png HTTP/1.1" 200 44019
172.22.2.4 - - [30/Oct/2022:11:39:46 -0500] "GET /BLA/boletinlegal/img/select-left.png HTTP/1.1" 200 263
172.22.2.4 - - [30/Oct/2022:11:39:46 -0500] "GET /BLA/boletinlegal/img/button-left.png HTTP/1.1" 200 57071
172.22.2.4 - - [30/Oct/2022:11:39:46 -0500] "GET /BLA/boletinlegal/img/button.png HTTP/1.1" 200 43241
172.22.2.4 - - [30/Oct/2022:11:39:46 -0500] "GET /BLA/boletinlegal/img/button-right.png HTTP/1.1" 200 57878
172.22.2.4 - - [30/Oct/2022:11:39:46 -0500] "GET /BLA/boletinlegal/favicon.ico HTTP/1.1" 404 1326
172.22.2.4 - - [30/Oct/2022:11:39:49 -0500] "GET /BLA/boletinlegal/jurisprudencia/analisis/AnalisisT-095-16.docx HTTP/1.1" 200 20284
216.245.221.92 - - [30/Oct/2022:11:39:49 -0500] "HEAD / HTTP/1.1" 200 -
172.22.2.4 - - [30/Oct/2022:11:39:51 -0500] "GET /BLA/boletinlegal/consulta_actos.php?tipo=autos&no=6620&usuario=&sector=&fecha=2022&resuelve= HTTP/1.1" 200 1082
172.22.2.4 - - [30/Oct/2022:11:39:51 -0500] "GET /BLA/boletinlegal/images/pdf.gif HTTP/1.1" 200 567
186.80.52.12 - - [30/Oct/2022:11:39:53 -0500] "GET /BLA/resoluciones/AUTOS%202022/6620.pdf HTTP/1.1" 200 384849
207.46.13.18 - - [30/Oct/2022:11:40:14 -0500] "GET /Publicaciones/2022EE239128.pdf HTTP/1.1" 404 228
207.46.13.18 - - [30/Oct/2022:11:40:15 -0500] "GET /BLA/resoluciones/RESOLUCIONES%202006/RES%202006%201-50/00000016.tif HTTP/1.1" 200 87518
172.22.2.4 - - [30/Oct/2022:11:38:49 -0500] "GET /BLA/boletinlegal/ HTTP/1.1" 200 48352
172.22.2.4 - - [30/Oct/2022:11:39:34 -0500] "GET /BLA/boletinlegal/ HTTP/1.1" 200 52493
199.16.157.183 - - [30/Oct/2022:11:41:37 -0500] "GET /images/secretaria-carolina-urrutia_optimized.jpeg HTTP/1.1" 200 167197
201.245.192.253 - - [30/Oct/2022:11:41:41 -0500] "POST /kwsrmcab/Wsrmcab HTTP/1.1" 200 40447
201.245.192.253 - - [30/Oct/2022:11:41:44 -0500] "POST /kwsrmcab/Wsrmcab HTTP/1.1" 200 42271
199.16.157.183 - - [30/Oct/2022:11:41:59 -0500] "GET /images/feria-17-de-septiembre_optimized.jpg HTTP/1.1" 200 40532
201.245.192.253 - - [30/Oct/2022:11:43:12 -0500] "POST /kwsrmcab/Wsrmcab  HTTP/1.1" 200 42272
216.245.221.92 - - [30/Oct/2022:11:44:49 -0500] "HEAD / HTTP/1.1" 200 -
172.22.2.4 - - [30/Oct/2022:11:43:49 -0500] "HEAD /BLA/boletinlegal/ HTTP/1.1" 200 -
172.22.2.4 - - [30/Oct/2022:11:44:40 -0500] "GET /BLA/boletinlegal/ HTTP/1.1" 200 57725
201.245.192.253 - - [30/Oct/2022:11:48:11 -0500] "POST /kwsrmcab/Wsrmcab  HTTP/1.1" 200 42272
216.245.221.92 - - [30/Oct/2022:11:49:49 -0500] "HEAD / HTTP/1.1" 200 -
173.252.79.5 - - [30/Oct/2022:11:50:47 -0500] "GET /images/pieza-global-day-5-octubre.jpg HTTP/1.1" 200 242505
40.77.167.69 - - [30/Oct/2022:11:51:04 -0500] "GET /kennedy-inaugura-la-tercera-ruta-agroecologica-del-distrito.html HTTP/1.1" 200 844
198.74.59.35 - - [30/Oct/2022:11:51:13 -0500] "GET /BLA/boletinlegal/js/jquery.scrollShow.js HTTP/1.1" 200 4586
198.74.59.35 - - [30/Oct/2022:11:51:13 -0500] "GET /galeria/galeria/jquery.fancybox.css?v=2.1.5 HTTP/1.1" 200 4895
198.74.59.35 - - [30/Oct/2022:11:51:13 -0500] "GET /galeria/galeria/jquery.fancybox.js?v=2.1.5 HTTP/1.1" 200 48706
172.22.2.4 - - [30/Oct/2022:11:49:39 -0500] "HEAD /BLA/boletinlegal/ HTTP/1.1" 200 -
172.22.2.4 - - [30/Oct/2022:11:50:29 -0500] "GET /BLA/boletinlegal/ HTTP/1.1" 200 57725
186.102.32.205 - - [30/Oct/2022:11:52:12 -0500] "GET /kwssiamovil/sm/acme/a?s=U2FsdGVkX19YLgxSvfmhdXaH1c5byEd8AbsVW45kZnFi32Ii4ferKhh18rHYaFNnzlyQsVkSVA4CrvXcOJdQyymqq3CA7G8aPUUdTeWX1cV8WYT2RZuRXNn5tpDHi/5Go+eJGzomBRFGtjOfQedyRXrDAvLfmhWorMvXCraJDji2zas5+OG+0uTDeoq2qBwHGvszOW0pFi3fQpKA7sE25t7LYmn4AC4KgzOTwhu+yidV8kChbL+REbyxPtEW6U/hqkqOvubdztO7oR8r1N3GRA==&u=U2FsdGVkX18NSk+rvrwN4D9pfLtSQinGFvqE8l+oMZcClaF2yTSTYsRp4zEb1PgD&y=U2FsdGVkX1/Mj3rjCamffZ9aTBkPbiP9nK0BxgRJyVugZdSuV96/9VGTDmo41YVw HTTP/1.1" 200 26
186.102.32.205 - - [30/Oct/2022:11:52:12 -0500] "GET /kwssiamovil/sm/acme/a?s=U2FsdGVkX1/GngYE801RzOVYPBWzkyWhOHR8a0K4C++nedh1IxEo+1PghdergNC0w15vu9pj7kYsfAI600+euOQ0GMx1VYOTA+9GxVDEQn3yHNbnZk8nz0mS7J8z7j3FwFWL8IXYoiqlyxLySHTIV/hiIS311NKb0G089/o7ivMd2G64wUaGXB5dKc4Ow+eCfeLWQnl/JUvM0iatJXFtRm14S+4GD9TNPqh61M1jVn/Ycc+ZP5KsEkvTCbPBYOJ21cadxsxqaMF+WMDtuey4tKKDO/PuHzYJfK0KO2fFZh7hIqU//08t6Ds1xaUokA4ApBuQ2vlmvSGLyZBP7OpwWIzy7yIdP8ueNZ/cNFGdcijshbbL3Ew0iz5WaoagCywpQYwUEVnM/X305m06vovb/m+iUb+GaPPtU/lTORSehV8M82cHcsG76nNrh1HZumoNp+OUj18srahO+Z9BID7X+Z3sbZZuEvMTAYTHBcBC/9kHqy6wvIkLbuQCPT3mg6Rsf6F3D9489Yo0X5sZS13qMR1NE0PdLgG8ZH7hWdaNGcN0/qrgrRHIiPXUAxio8jPj/hZmeh8rrPwnJmQMSnor87R+fOcHb3Vd7IoN78BQieH0Drcl6jXh4GrGg8pz5faRRIxPkkmlgjykZVmTdrbI8sOP28Vcyuv17OQTGUD0pPF4ONwKyH64AREwYZNUMbqvfHnDs24kexYb2KFUV3FB73a+u8D+FMPadLVIOGEwoUEEV44wQc0WTj5b0uIeXt8qyZMEKvF/SBltChF9NczkBGIqxp8QwP0kk8yIkFuV5UrV9mt00ludbEQtRhBs8z4g8lRjQfoA5pep+jyq1yddUEcxSwd/n8PUex6g63xiug6rnuXHI7blz1/9Ly0PHgNdWU7FZBj/6iRzZlhjRiDdYVnWT7z2nmCDO/mcozqOM8sGbcEanp3HhnLMs20FfinrKQo2jKONG5JzDtrNcmrcbQBr/TFmYHotx3TkwQr9kNW/HKn/w244FS7Hyt66+UpACzeL2XMS18GLy4LKiOxo35zZ7amZcZhTndocXzUs1x0aCSuOBT8J/FfxQwY4t6gsZFpBIChk2rhJKavwmaMwd3f0bn2uYyZfI/bddG/BCU2lKvUr/kMU3sCja3pG+dj2CoeOOl3mj8t0wqXaZlL/baBalANHsyCyFYsyHgsahyRpTojmpbIQdmZZw68Kc/OBm4hJrfKE8wlJvzm54URGNwzLBx/aMdByD7kL6ZUNEjfejMoENPZP3HDnxymjn3hE07zqW52ad6lxtNBrK94Lu4JkXET/7XKGnqWz84F5+0WnWXRVrtur4/THP9+vwwKca0VzdnRPuWpvE5C5HH4FMNamgun8bo+ND49n2IoaM2370okJhj+OEbU3noEtqBUJHvFDgogunvWTHgUH5vM+5NryOpY75KIi4S0SqYAZWigZ1znvfPOD6lRssBl8IlCMqttolLgY1WWRRAS5imkvH6YkjkK3aqfySQEbwKzw2NT9jeLMhP5Ayti0lxySvF8uTy83++BzNTOXAdw2210rNm2GAwRc0ebKPPehGT/u9Mqb08I7fgKDgMidUC9q0Ki+iQ6N+cEUSaPTDvmfkKGhy7FBxuajP58No9QziqBOmdur+FmOmTxdw63uDOPCfeoeSAXDxMQcfP+UbAtZLlDY2dcU8F8F6zRpmMpm0AX3lTjWnarmW4B/TyCy/3zGnhJMhrYH6DgQ4lU7rUordcMiie8Zb0hLGerWNiKurPau7Jf8bzpVfNAAgLbwd5vs1d+Ai1G/tgm3hElqFYoijLj4Hw==&u=U2FsdGVkX18NSk+rvrwN4D9pfLtSQinGFvqE8l+oMZcClaF2yTSTYsRp4zEb1PgD&y=U2FsdGVkX1/Mj3rjCamffZ9aTBkPbiP9nK0BxgRJyVugZdSuV96/9VGTDmo41YVw HTTP/1.1" 200 26
186.102.32.205 - - [30/Oct/2022:11:52:13 -0500] "GET /kwssiamovil/sm/acme/a?s=U2FsdGVkX1+NH3bJfIiL+0jwnFA0MeSzzPvVRGxSDOUcK+F38EZYQz2svxzvfbB39+e8ixebWyla/qxl4JMzqK7rXTjR6MgvX4DR5GF+U6aotI7FGJLm5hvueJqzKLdq80ATQe7HhkxlDS9khHGo3X/HVtiePYDqHB/UmbTONeg=&u=U2FsdGVkX18NSk+rvrwN4D9pfLtSQinGFvqE8l+oMZcClaF2yTSTYsRp4zEb1PgD&y=U2FsdGVkX1/Mj3rjCamffZ9aTBkPbiP9nK0BxgRJyVugZdSuV96/9VGTDmo41YVw HTTP/1.1" 200 26
186.102.32.205 - - [30/Oct/2022:11:52:13 -0500] "GET /kwssiamovil/sm/acme/a?s=U2FsdGVkX1/Db6ySbVE+yR8r9oDyZdTKoP7yquMwSYRMKJr3qvdMfnaeHJKDyZSL/W7HcZtbLAFhB2Hw4oJYfjCkkhLdvluuIDxjpETGWvLWUqHa5tXRsniseXVBt1WIqdhdTGHQdCQCssXz4/kxIry7LQTopxqgOPBECJRGJE0=&u=U2FsdGVkX18NSk+rvrwN4D9pfLtSQinGFvqE8l+oMZcClaF2yTSTYsRp4zEb1PgD&y=U2FsdGVkX1/Mj3rjCamffZ9aTBkPbiP9nK0BxgRJyVugZdSuV96/9VGTDmo41YVw HTTP/1.1" 200 26
186.102.32.205 - - [30/Oct/2022:11:52:13 -0500] "GET /kwssiamovil/sm/acme/a?s=U2FsdGVkX19qg7RJ2lfDYOl7EHtrvw6TIQDzYNdO0LwcPEZIe+3TdOhfKKH4Q0xPmI7XsVokDZojihd+JmiY0o5jaRcj9YEyRn+ZegKjk0iD3Uuv54otJIT0CzqPodQIh8lFLAOID3heHXDvP27zjVdTo23VR6j5Fy/0AvMLOzg=&u=U2FsdGVkX18NSk+rvrwN4D9pfLtSQinGFvqE8l+oMZcClaF2yTSTYsRp4zEb1PgD&y=U2FsdGVkX1/Mj3rjCamffZ9aTBkPbiP9nK0BxgRJyVugZdSuV96/9VGTDmo41YVw HTTP/1.1" 200 26
186.102.32.205 - - [30/Oct/2022:11:52:13 -0500] "GET /kwssiamovil/sm/acme/a?s=U2FsdGVkX1/R2Fnbd2zxQzh9NUHScOUNzUvEUgJQI9iXdjqNu0WqqqrTFoX3+EGIweLAgUFR6yHe2kIzYLpfYFIOQ3S25vGlUvcPkLf5RA/yCdeZEXHFVRD+FaLLMsfueEFjLHlY81ygbuW//cFDFvDY/ZdUrWDcfa+VCTUrfpBS341EhY1e61qtYeGjfN+HBhV/TZRRubJaX83RqfOsWA==&u=U2FsdGVkX18NSk+rvrwN4D9pfLtSQinGFvqE8l+oMZcClaF2yTSTYsRp4zEb1PgD&y=U2FsdGVkX1/Mj3rjCamffZ9aTBkPbiP9nK0BxgRJyVugZdSuV96/9VGTDmo41YVw HTTP/1.1" 200 26
172.104.145.148 - - [30/Oct/2022:11:52:46 -0500] "GET /status HTTP/1.1" 404 1018
172.104.145.148 - - [30/Oct/2022:11:52:47 -0500] "GET /dashboard.html HTTP/1.1" 404 1018
172.104.145.148 - - [30/Oct/2022:11:52:48 -0500] "GET /nginx.conf HTTP/1.1" 404 1018
172.104.145.148 - - [30/Oct/2022:11:52:50 -0500] "GET /apache.conf HTTP/1.1" 404 1018
172.104.145.148 - - [30/Oct/2022:11:52:50 -0500] "GET /server-status HTTP/1.1" 403 1165
172.104.145.148 - - [30/Oct/2022:11:52:52 -0500] "GET /examples/jsp/snp/snoop.jsp HTTP/1.1" 503 1020
201.245.192.253 - - [30/Oct/2022:11:53:10 -0500] "POST /kwsrmcab/Wsrmcab  HTTP/1.1" 200 42272
172.104.145.148 - - [30/Oct/2022:11:53:15 -0500] "OPTIONS / HTTP/1.1" 200 -
172.104.145.148 - - [30/Oct/2022:11:53:28 -0500] "GET / HTTP/1.1" 200 319
216.245.221.92 - - [30/Oct/2022:11:54:49 -0500] "HEAD / HTTP/1.1" 200 -
191.102.117.217 - - [30/Oct/2022:11:55:23 -0500] "GET /forest/ HTTP/1.1" 200 12041
152.203.166.67 - - [30/Oct/2022:11:56:35 -0500] "GET /sipse/faces/faces/autenticacion.xhtml HTTP/1.1" 200 12190
152.203.166.67 - - [30/Oct/2022:11:56:35 -0500] "GET /sipse/faces/javax.faces.resource/theme.css?ln=primefaces-sipse HTTP/1.1" 304 -
152.203.166.67 - - [30/Oct/2022:11:56:35 -0500] "GET /sipse/faces/javax.faces.resource/primefaces.css?ln=primefaces&v=4.0 HTTP/1.1" 304 -
152.203.166.67 - - [30/Oct/2022:11:56:35 -0500] "GET /sipse/faces/javax.faces.resource/layout/layout.css?ln=primefaces&v=4.0 HTTP/1.1" 304 -
152.203.166.67 - - [30/Oct/2022:11:56:35 -0500] "GET /sipse/faces/javax.faces.resource/jquery/jquery.js?ln=primefaces&v=4.0 HTTP/1.1" 304 -
152.203.166.67 - - [30/Oct/2022:11:56:35 -0500] "GET /sipse/faces/javax.faces.resource/layout/layout.js?ln=primefaces&v=4.0 HTTP/1.1" 304 -
152.203.166.67 - - [30/Oct/2022:11:56:35 -0500] "GET /sipse/faces/javax.faces.resource/primefaces.js?ln=primefaces&v=4.0 HTTP/1.1" 304 -
152.203.166.67 - - [30/Oct/2022:11:56:35 -0500] "GET /sipse/faces/javax.faces.resource/jquery/jquery-plugins.js?ln=primefaces&v=4.0 HTTP/1.1" 304 -
152.203.166.67 - - [30/Oct/2022:11:56:35 -0500] "GET /sipse/faces/javax.faces.resource/images/ui-icons_898989_256x240.png?ln=primefaces-aristo HTTP/1.1" 304 -
152.203.166.67 - - [30/Oct/2022:11:56:36 -0500] "GET /sipse/faces/faces/index.xhtml HTTP/1.1" 200 677
152.203.166.67 - - [30/Oct/2022:11:56:36 -0500] "GET /sipse/faces/javax.faces.resource/theme.css?ln=primefaces-sipse HTTP/1.1" 304 -
152.203.166.67 - - [30/Oct/2022:11:56:36 -0500] "GET /sipse/faces/faces/faces/autenticacion.xhtml HTTP/1.1" 200 12190
152.203.166.67 - - [30/Oct/2022:11:56:36 -0500] "GET /sipse/faces/javax.faces.resource/jquery/jquery.js?ln=primefaces&v=4.0 HTTP/1.1" 304 -
152.203.166.67 - - [30/Oct/2022:11:56:36 -0500] "GET /sipse/faces/javax.faces.resource/layout/layout.css?ln=primefaces&v=4.0 HTTP/1.1" 304 -
152.203.166.67 - - [30/Oct/2022:11:56:36 -0500] "GET /sipse/faces/javax.faces.resource/primefaces.css?ln=primefaces&v=4.0 HTTP/1.1" 304 -
152.203.166.67 - - [30/Oct/2022:11:56:36 -0500] "GET /sipse/faces/javax.faces.resource/jquery/jquery-plugins.js?ln=primefaces&v=4.0 HTTP/1.1" 304 -
152.203.166.67 - - [30/Oct/2022:11:56:36 -0500] "GET /sipse/faces/javax.faces.resource/theme.css?ln=primefaces-sipse HTTP/1.1" 304 -
152.203.166.67 - - [30/Oct/2022:11:56:36 -0500] "GET /sipse/faces/javax.faces.resource/primefaces.js?ln=primefaces&v=4.0 HTTP/1.1" 304 -
152.203.166.67 - - [30/Oct/2022:11:56:36 -0500] "GET /sipse/faces/javax.faces.resource/layout/layout.js?ln=primefaces&v=4.0 HTTP/1.1" 304 -
152.203.166.67 - - [30/Oct/2022:11:56:36 -0500] "GET /sipse/faces/javax.faces.resource/images/ui-icons_898989_256x240.png?ln=primefaces-aristo HTTP/1.1" 304 -
152.203.166.67 - - [30/Oct/2022:11:56:44 -0500] "POST /sipse/faces/autenticacion.xhtml HTTP/1.1" 200 2224
152.203.166.67 - - [30/Oct/2022:11:56:45 -0500] "GET /sipse/faces/javax.faces.resource/messages/messages.png?ln=primefaces&v=4.0 HTTP/1.1" 304 -
191.102.117.217 - - [30/Oct/2022:11:56:46 -0500] "POST /forest/index.php HTTP/1.1" 200 12268
152.203.166.67 - - [30/Oct/2022:11:56:49 -0500] "POST /sipse/faces/autenticacion.xhtml HTTP/1.1" 200 16289
152.203.166.67 - - [30/Oct/2022:11:56:52 -0500] "GET /sipse/faces/javax.faces.resource/theme.css?ln=primefaces-sipse HTTP/1.1" 304 -
152.203.166.67 - - [30/Oct/2022:11:56:53 -0500] "GET /sipse/faces/javax.faces.resource/layout/layout.css?ln=primefaces&v=4.0 HTTP/1.1" 304 -
152.203.166.67 - - [30/Oct/2022:11:56:53 -0500] "GET /sipse/faces/javax.faces.resource/primefaces.css?ln=primefaces&v=4.0 HTTP/1.1" 304 -
152.203.166.67 - - [30/Oct/2022:11:56:53 -0500] "GET /sipse/faces/javax.faces.resource/jquery/jquery.js?ln=primefaces&v=4.0 HTTP/1.1" 304 -
152.203.166.67 - - [30/Oct/2022:11:56:53 -0500] "GET /sipse/faces/javax.faces.resource/jquery/jquery-plugins.js?ln=primefaces&v=4.0 HTTP/1.1" 304 -
152.203.166.67 - - [30/Oct/2022:11:56:53 -0500] "GET /sipse/faces/javax.faces.resource/primefaces.js?ln=primefaces&v=4.0 HTTP/1.1" 304 -
152.203.166.67 - - [30/Oct/2022:11:56:53 -0500] "GET /sipse/faces/javax.faces.resource/layout/layout.js?ln=primefaces&v=4.0 HTTP/1.1" 304 -
152.203.166.67 - - [30/Oct/2022:11:56:53 -0500] "GET /sipse/css/imagen/contrasena.png HTTP/1.1" 404 383
152.203.166.67 - - [30/Oct/2022:11:56:55 -0500] "GET /sipse/faces/javax.faces.resource/images/ui-bg_flat_0_2d5972_40x100.png?ln=primefaces-aristo HTTP/1.1" 304 -
152.203.166.67 - - [30/Oct/2022:11:56:55 -0500] "POST /sipse/faces/bienvenido.xhtml HTTP/1.1" 200 2658
152.203.166.67 - - [30/Oct/2022:11:56:56 -0500] "POST /sipse/faces/bienvenido.xhtml HTTP/1.1" 200 66356
152.203.166.67 - - [30/Oct/2022:11:56:58 -0500] "GET /sipse/faces/javax.faces.resource/theme.css?ln=primefaces-sipse HTTP/1.1" 304 -
152.203.166.67 - - [30/Oct/2022:11:56:58 -0500] "GET /sipse/faces/javax.faces.resource/layout/layout.css?ln=primefaces&v=4.0 HTTP/1.1" 304 -
152.203.166.67 - - [30/Oct/2022:11:56:58 -0500] "GET /sipse/faces/javax.faces.resource/primefaces.css?ln=primefaces&v=4.0 HTTP/1.1" 304 -
152.203.166.67 - - [30/Oct/2022:11:56:58 -0500] "GET /sipse/faces/javax.faces.resource/jquery/jquery.js?ln=primefaces&v=4.0 HTTP/1.1" 304 -
152.203.166.67 - - [30/Oct/2022:11:56:58 -0500] "GET /sipse/faces/javax.faces.resource/jquery/jquery-plugins.js?ln=primefaces&v=4.0 HTTP/1.1" 304 -
152.203.166.67 - - [30/Oct/2022:11:56:58 -0500] "GET /sipse/faces/javax.faces.resource/primefaces.js?ln=primefaces&v=4.0 HTTP/1.1" 304 -
152.203.166.67 - - [30/Oct/2022:11:56:58 -0500] "GET /sipse/faces/javax.faces.resource/layout/layout.js?ln=primefaces&v=4.0 HTTP/1.1" 304 -
152.203.166.67 - - [30/Oct/2022:11:56:59 -0500] "POST /sipse/faces/presentacion/financiero/solicitudProceso/listarSolicitudProceso.xhtml HTTP/1.1" 200 1560
173.252.79.116 - - [30/Oct/2022:11:57:02 -0500] "GET /images/Junio%2002-experiencias-jardines-verticales-sda.jpeg HTTP/1.1" 200 31171
152.203.166.67 - - [30/Oct/2022:11:57:07 -0500] "POST /sipse/faces/presentacion/financiero/solicitudProceso/listarSolicitudProceso.xhtml HTTP/1.1" 200 43436
152.203.166.67 - - [30/Oct/2022:11:57:09 -0500] "POST /sipse/faces/presentacion/financiero/solicitudProceso/listarSolicitudProceso.xhtml HTTP/1.1" 200 43701
172.22.2.4 - - [30/Oct/2022:11:55:29 -0500] "HEAD /BLA/boletinlegal/ HTTP/1.1" 200 -
152.203.166.67 - - [30/Oct/2022:11:57:10 -0500] "POST /sipse/faces/presentacion/financiero/solicitudProceso/listarSolicitudProceso.xhtml HTTP/1.1" 200 39853
172.22.2.4 - - [30/Oct/2022:11:56:19 -0500] "GET /BLA/boletinlegal/ HTTP/1.1" 200 56732
201.245.192.253 - - [30/Oct/2022:11:58:09 -0500] "POST /kwsrmcab/Wsrmcab  HTTP/1.1" 200 42272
216.245.221.92 - - [30/Oct/2022:11:59:49 -0500] "HEAD / HTTP/1.1" 200 -
77.88.5.38 - - [30/Oct/2022:12:01:36 -0500] "-" 408 -
172.22.2.4 - - [30/Oct/2022:12:01:19 -0500] "HEAD /BLA/boletinlegal/ HTTP/1.1" 200 -
201.245.192.253 - - [30/Oct/2022:12:03:08 -0500] "POST /kwsrmcab/Wsrmcab  HTTP/1.1" 200 42272
172.22.2.4 - - [30/Oct/2022:12:02:10 -0500] "GET /BLA/boletinlegal/ HTTP/1.1" 200 56732
216.245.221.92 - - [30/Oct/2022:12:04:49 -0500] "HEAD / HTTP/1.1" 200 -
172.22.2.4 - - [30/Oct/2022:12:03:17 -0500] "GET /BLA/boletinlegal/ HTTP/1.1" 200 59319
172.104.145.148 - - [30/Oct/2022:12:06:38 -0500] "GET /resin-doc/viewfile/?file=/WEB-INF/resin-web.xml HTTP/1.1" 404 1018
172.104.145.148 - - [30/Oct/2022:12:06:39 -0500] "GET /%20../web-inf/web.xml HTTP/1.1" 403 1006
207.46.13.50 - - [30/Oct/2022:12:07:00 -0500] "GET /galeria/galeria/fotos/juan-amarillo4G.jpg HTTP/1.1" 200 202445
172.104.145.148 - - [30/Oct/2022:12:07:18 -0500] "GET /admingui/version/serverTasksGeneral?serverTasksGeneral.GeneralWebserverTabs.TabHref=2 HTTP/1.1" 404 1018
172.104.145.148 - - [30/Oct/2022:12:07:19 -0500] "GET /admingui/version/serverConfigurationsGeneral?serverConfigurationsGeneral.GeneralWebserverTabs.TabHref=4 HTTP/1.1" 404 1018
172.104.145.148 - - [30/Oct/2022:12:07:52 -0500] "GET /jkstatus HTTP/1.1" 404 1018
172.104.145.148 - - [30/Oct/2022:12:07:52 -0500] "GET /jkstatus; HTTP/1.1" 404 1018
201.245.192.253 - - [30/Oct/2022:12:08:06 -0500] "POST /kwsrmcab/Wsrmcab  HTTP/1.1" 200 42272
190.24.59.182 - - [30/Oct/2022:12:08:14 -0500] "-" 408 -
93.158.161.72 - - [30/Oct/2022:12:08:14 -0500] "-" 408 -
77.88.5.232 - - [30/Oct/2022:12:08:20 -0500] "-" 408 -
93.158.161.29 - - [30/Oct/2022:12:08:25 -0500] "-" 408 -
93.158.161.55 - - [30/Oct/2022:12:08:32 -0500] "-" 408 -
157.55.39.69 - - [30/Oct/2022:12:08:37 -0500] "GET /BLA/resoluciones/AUTOS%202011/2326.pdf HTTP/1.1" 200 145006
77.88.5.47 - - [30/Oct/2022:12:08:47 -0500] "-" 408 -
172.22.2.4 - - [30/Oct/2022:12:07:09 -0500] "HEAD /BLA/boletinlegal/ HTTP/1.1" 200 -
93.158.161.56 - - [30/Oct/2022:12:09:02 -0500] "-" 408 -
93.158.161.50 - - [30/Oct/2022:12:09:34 -0500] "-" 408 -
172.22.2.4 - - [30/Oct/2022:12:08:00 -0500] "GET /BLA/boletinlegal/ HTTP/1.1" 200 57725
216.245.221.92 - - [30/Oct/2022:12:09:49 -0500] "HEAD / HTTP/1.1" 200 -
193.142.146.35 - - [30/Oct/2022:12:10:12 -0500] "GET / HTTP/1.1" 200 319
193.142.146.35 - - [30/Oct/2022:12:10:12 -0500] "POST /HNAP1/ HTTP/1.1" 404 1018
77.88.5.249 - - [30/Oct/2022:12:10:32 -0500] "-" 408 -
93.158.161.76 - - [30/Oct/2022:12:11:32 -0500] "-" 408 -
201.245.192.253 - - [30/Oct/2022:12:13:05 -0500] "POST /kwsrmcab/Wsrmcab  HTTP/1.1" 200 42272
114.119.152.231 - - [30/Oct/2022:12:14:02 -0500] "-" 408 -
207.46.13.79 - - [30/Oct/2022:12:14:28 -0500] "GET /Publicaciones/2022EE243780.pdf HTTP/1.1" 404 228
172.22.2.4 - - [30/Oct/2022:12:12:59 -0500] "HEAD /BLA/boletinlegal/ HTTP/1.1" 200 -
216.245.221.92 - - [30/Oct/2022:12:14:49 -0500] "HEAD / HTTP/1.1" 200 -
172.22.2.4 - - [30/Oct/2022:12:13:49 -0500] "GET /BLA/boletinlegal/ HTTP/1.1" 200 56376
191.102.117.217 - - [30/Oct/2022:12:15:55 -0500] "GET /forest/ HTTP/1.1" 200 12041
179.32.25.236 - - [30/Oct/2022:12:16:31 -0500] "GET /galeria/galeria/jquery.fancybox.css?v=2.1.5 HTTP/1.1" 200 4895
179.32.25.236 - - [30/Oct/2022:12:16:31 -0500] "GET /galeria/galeria/jquery.fancybox.js?v=2.1.5 HTTP/1.1" 200 48706
179.32.25.236 - - [30/Oct/2022:12:16:31 -0500] "GET /BLA/boletinlegal/js/jquery.scrollShow.js HTTP/1.1" 200 4586
77.88.5.82 - - [30/Oct/2022:12:16:52 -0500] "-" 408 -
172.104.145.148 - - [30/Oct/2022:12:16:52 -0500] "GET /access.log HTTP/1.1" 404 1018
172.104.145.148 - - [30/Oct/2022:12:16:53 -0500] "GET /log/access.log HTTP/1.1" 404 1018
172.104.145.148 - - [30/Oct/2022:12:16:54 -0500] "GET /logs/access.log HTTP/1.1" 404 1018
172.104.145.148 - - [30/Oct/2022:12:16:54 -0500] "GET /application/logs/access.log HTTP/1.1" 404 1018
191.102.117.217 - - [30/Oct/2022:12:16:56 -0500] "POST /forest/index.php HTTP/1.1" 200 12268
174.138.188.242 - - [30/Oct/2022:12:17:14 -0500] "-" 408 -
179.32.25.236 - - [30/Oct/2022:12:17:42 -0500] "GET /galeria/carrusel/Carrusel/jquery.thumbnailScroller.css HTTP/1.1" 200 2066
179.32.25.236 - - [30/Oct/2022:12:17:42 -0500] "GET /galeria/carrusel/Carrusel/jquery-ui-1.8.13.custom.min.js HTTP/1.1" 200 10800
179.32.25.236 - - [30/Oct/2022:12:17:42 -0500] "GET /galeria/carrusel/Carrusel/jquery.thumbnailScroller.js HTTP/1.1" 200 8157
179.32.25.236 - - [30/Oct/2022:12:17:42 -0500] "GET /galeria/nivo-slider/demo/banner.html HTTP/1.1" 200 5446
179.32.25.236 - - [30/Oct/2022:12:17:42 -0500] "GET /galeria/nivo-slider/themes/default/default.css HTTP/1.1" 200 1569
179.32.25.236 - - [30/Oct/2022:12:17:42 -0500] "GET /galeria/nivo-slider/themes/pascal/pascal.css HTTP/1.1" 200 2258
179.32.25.236 - - [30/Oct/2022:12:17:42 -0500] "GET /galeria/nivo-slider/themes/orman/orman.css HTTP/1.1" 200 2152
179.32.25.236 - - [30/Oct/2022:12:17:42 -0500] "GET /galeria/nivo-slider/nivo-slider.css HTTP/1.1" 200 1507
179.32.25.236 - - [30/Oct/2022:12:17:42 -0500] "GET /galeria/nivo-slider/demo/style.css HTTP/1.1" 200 2222
179.32.25.236 - - [30/Oct/2022:12:17:42 -0500] "GET /galeria/nivo-slider/demo/scripts/jquery-1.7.1.min.js HTTP/1.1" 200 93868
179.32.25.236 - - [30/Oct/2022:12:17:42 -0500] "GET /galeria/nivo-slider/demo/images/Bannermujeresquereverdecen.jpg HTTP/1.1" 200 46558
179.32.25.236 - - [30/Oct/2022:12:17:42 -0500] "GET /galeria/nivo-slider/jquery.nivo.slider.pack.js HTTP/1.1" 200 11561
179.32.25.236 - - [30/Oct/2022:12:17:42 -0500] "GET /galeria/nivo-slider/demo/images/bannertrafico_optimized.jpg HTTP/1.1" 200 42578
179.32.25.236 - - [30/Oct/2022:12:17:42 -0500] "GET /galeria/nivo-slider/demo/images/bannertortuga_optimized.jpg HTTP/1.1" 200 39066
179.32.25.236 - - [30/Oct/2022:12:17:42 -0500] "GET /galeria/nivo-slider/demo/images/Bannersedeelectronica.jpg HTTP/1.1" 200 40383
179.32.25.236 - - [30/Oct/2022:12:17:42 -0500] "GET /galeria/nivo-slider/demo/images/4Simple_Slider.png HTTP/1.1" 200 11722
179.32.25.236 - - [30/Oct/2022:12:17:42 -0500] "GET /galeria/nivo-slider/themes/default/loading.gif HTTP/1.1" 200 1737
179.32.25.236 - - [30/Oct/2022:12:17:42 -0500] "GET /galeria/nivo-slider/demo/images/bannerrutaesperanza.jpg HTTP/1.1" 200 55560
179.32.25.236 - - [30/Oct/2022:12:17:42 -0500] "GET /galeria/nivo-slider/demo/images/banneraire2021.jpg HTTP/1.1" 200 265101
179.32.25.236 - - [30/Oct/2022:12:17:42 -0500] "GET /galeria/nivo-slider/demo/images/Bannerplasticosseptiembre.jpg HTTP/1.1" 200 45633
179.32.25.236 - - [30/Oct/2022:12:17:42 -0500] "GET /galeria/nivo-slider/demo/images/bannerresiduoshospitalariosagosto.jpg HTTP/1.1" 200 36499
179.32.25.236 - - [30/Oct/2022:12:17:42 -0500] "GET /galeria/nivo-slider/demo/images/banneraccionpopularcrr68.jpg HTTP/1.1" 200 51887
179.32.25.236 - - [30/Oct/2022:12:17:42 -0500] "GET /galeria/nivo-slider/demo/images/banneraccionpopular.jpeg HTTP/1.1" 200 41707
179.32.25.236 - - [30/Oct/2022:12:17:42 -0500] "GET /galeria/nivo-slider/demo/images/bannerclases2021.jpg HTTP/1.1" 200 68230
179.32.25.236 - - [30/Oct/2022:12:17:42 -0500] "GET /galeria/nivo-slider/demo/images/bannercapacitacionesbogota.jpg HTTP/1.1" 200 42416
179.32.25.236 - - [30/Oct/2022:12:17:42 -0500] "GET /galeria/nivo-slider/demo/images/Bannerenvases.jpg HTTP/1.1" 200 37316
179.32.25.236 - - [30/Oct/2022:12:17:42 -0500] "GET /galeria/nivo-slider/demo/images/Bannervirtualescanales.jpg HTTP/1.1" 200 174544
179.32.25.236 - - [30/Oct/2022:12:17:43 -0500] "GET /galeria/nivo-slider/themes/default/arrows.png HTTP/1.1" 200 824
179.32.25.236 - - [30/Oct/2022:12:17:43 -0500] "GET /galeria/nivo-slider/themes/default/bullets.png HTTP/1.1" 200 1281
201.245.192.253 - - [30/Oct/2022:12:18:05 -0500] "POST /kwsrmcab/Wsrmcab  HTTP/1.1" 200 42272
216.245.221.92 - - [30/Oct/2022:12:19:49 -0500] "HEAD / HTTP/1.1" 200 -
172.22.2.4 - - [30/Oct/2022:12:19:17 -0500] "GET /BLA/boletinlegal/ HTTP/1.1" 200 32715
172.22.2.4 - - [30/Oct/2022:12:18:49 -0500] "HEAD /BLA/boletinlegal/ HTTP/1.1" 200 -
172.22.2.4 - - [30/Oct/2022:12:21:03 -0500] "GET /BLA/boletinlegal/docker-compose.yml HTTP/1.1" 404 1018
77.88.5.134 - - [30/Oct/2022:12:21:15 -0500] "-" 408 -
172.22.2.4 - - [30/Oct/2022:12:19:40 -0500] "GET /BLA/boletinlegal/ HTTP/1.1" 200 52877
201.245.192.253 - - [30/Oct/2022:12:21:42 -0500] "POST /kwsrmcab/Wsrmcab HTTP/1.1" 200 40984
201.245.192.253 - - [30/Oct/2022:12:21:44 -0500] "POST /kwsrmcab/Wsrmcab HTTP/1.1" 200 42261
201.245.192.253 - - [30/Oct/2022:12:23:03 -0500] "POST /kwsrmcab/Wsrmcab  HTTP/1.1" 200 42272
216.245.221.92 - - [30/Oct/2022:12:24:49 -0500] "HEAD / HTTP/1.1" 200 -
172.22.2.4 - - [30/Oct/2022:12:26:00 -0500] "GET /BLA/boletinlegal/dashboard.html HTTP/1.1" 404 1018
172.22.2.4 - - [30/Oct/2022:12:26:02 -0500] "GET /BLA/boletinlegal/Circulares/2012/Circular%20No.%2016%20del%2022%20de%20octubre%20de%202012.pdf HTTP/1.1" 304 -
172.22.2.4 - - [30/Oct/2022:12:26:03 -0500] "GET /BLA/boletinlegal/examples/jsp/snp/snoop.jsp HTTP/1.1" 404 1018
172.22.2.4 - - [30/Oct/2022:12:26:08 -0500] "GET /BLA/boletinlegal/status HTTP/1.1" 404 1018
185.119.81.96 - - [30/Oct/2022:12:26:14 -0500] "GET /portaldeninos/wp-login.php HTTP/1.1" 200 2592
172.22.2.4 - - [30/Oct/2022:12:26:15 -0500] "GET /BLA/boletinlegal/apache.conf HTTP/1.1" 404 1018
77.88.5.29 - - [30/Oct/2022:12:26:15 -0500] "-" 408 -
185.119.81.96 - - [30/Oct/2022:12:26:15 -0500] "POST /portaldeninos/wp-login.php HTTP/1.1" 200 3650
172.22.2.4 - - [30/Oct/2022:12:26:16 -0500] "GET /BLA/boletinlegal/nginx.conf HTTP/1.1" 404 1018
172.22.2.4 - - [30/Oct/2022:12:24:39 -0500] "HEAD /BLA/boletinlegal/ HTTP/1.1" 200 -
172.22.2.4 - - [30/Oct/2022:12:26:18 -0500] "OPTIONS /BLA/boletinlegal/ HTTP/1.1" 200 24523
172.22.2.4 - - [30/Oct/2022:12:25:29 -0500] "GET /BLA/boletinlegal/ HTTP/1.1" 200 53290
172.22.2.4 - - [30/Oct/2022:12:26:48 -0500] "GET /BLA/boletinlegal/ HTTP/1.1" 200 24523
201.245.192.253 - - [30/Oct/2022:12:28:02 -0500] "POST /kwsrmcab/Wsrmcab  HTTP/1.1" 200 42272
216.245.221.92 - - [30/Oct/2022:12:29:49 -0500] "HEAD / HTTP/1.1" 200 -
114.119.138.178 - - [30/Oct/2022:12:31:05 -0500] "-" 408 -
172.22.2.4 - - [30/Oct/2022:12:31:39 -0500] "GET /BLA/boletinlegal/admingui/version/serverTasksGeneral?serverTasksGeneral.GeneralWebserverTabs.TabHref=2 HTTP/1.1" 404 1018
172.22.2.4 - - [30/Oct/2022:12:31:40 -0500] "GET /BLA/boletinlegal/admingui/version/serverConfigurationsGeneral?serverConfigurationsGeneral.GeneralWebserverTabs.TabHref=4 HTTP/1.1" 404 1018
201.245.192.253 - - [30/Oct/2022:12:31:42 -0500] "POST /kwsrmcab/Wsrmcab HTTP/1.1" 200 40984
172.22.2.4 - - [30/Oct/2022:12:31:45 -0500] "GET /BLA/boletinlegal/jkstatus HTTP/1.1" 404 1018
172.22.2.4 - - [30/Oct/2022:12:31:46 -0500] "GET /BLA/boletinlegal/jkstatus; HTTP/1.1" 404 1018
201.245.192.253 - - [30/Oct/2022:12:31:44 -0500] "POST /kwsrmcab/Wsrmcab HTTP/1.1" 200 42261
172.22.2.4 - - [30/Oct/2022:12:31:51 -0500] "GET /BLA/boletinlegal/resin-doc/viewfile/?file=/WEB-INF/resin-web.xml HTTP/1.1" 404 1018
172.22.2.4 - - [30/Oct/2022:12:31:53 -0500] "GET /BLA/boletinlegal/%20../web-inf/web.xml HTTP/1.1" 403 1006
172.22.2.4 - - [30/Oct/2022:12:30:29 -0500] "HEAD /BLA/boletinlegal/ HTTP/1.1" 200 -
172.22.2.4 - - [30/Oct/2022:12:32:33 -0500] "GET /BLA/boletinlegal/jurisprudencia/analisis/AnalisisT-606-15.docx HTTP/1.1" 200 26698
172.22.2.4 - - [30/Oct/2022:12:32:34 -0500] "GET /BLA/boletinlegal/apple-touch-icon-120x120-precomposed.png HTTP/1.1" 404 1140
172.22.2.4 - - [30/Oct/2022:12:32:34 -0500] "GET /BLA/boletinlegal/apple-touch-icon-120x120.png HTTP/1.1" 404 1140
172.22.2.4 - - [30/Oct/2022:12:32:34 -0500] "GET /BLA/boletinlegal/apple-touch-icon-precomposed.png HTTP/1.1" 404 1140
172.22.2.4 - - [30/Oct/2022:12:32:34 -0500] "GET /BLA/boletinlegal/apple-touch-icon.png HTTP/1.1" 404 1140
172.22.2.4 - - [30/Oct/2022:12:32:35 -0500] "GET /BLA/boletinlegal/favicon.ico HTTP/1.1" 404 1140
172.22.2.4 - - [30/Oct/2022:12:32:35 -0500] "GET /BLA/boletinlegal/apple-touch-icon-120x120-precomposed.png HTTP/1.1" 404 1140
172.22.2.4 - - [30/Oct/2022:12:32:35 -0500] "GET /BLA/boletinlegal/apple-touch-icon-120x120.png HTTP/1.1" 404 1140
172.22.2.4 - - [30/Oct/2022:12:32:35 -0500] "GET /BLA/boletinlegal/apple-touch-icon-precomposed.png HTTP/1.1" 404 1140
172.22.2.4 - - [30/Oct/2022:12:32:35 -0500] "GET /BLA/boletinlegal/apple-touch-icon.png HTTP/1.1" 404 1140
172.22.2.4 - - [30/Oct/2022:12:32:35 -0500] "GET /BLA/boletinlegal/favicon.ico HTTP/1.1" 404 1140
172.22.2.4 - - [30/Oct/2022:12:31:19 -0500] "GET /BLA/boletinlegal/ HTTP/1.1" 200 57375
201.245.192.253 - - [30/Oct/2022:12:33:01 -0500] "POST /kwsrmcab/Wsrmcab  HTTP/1.1" 200 42272
216.245.221.92 - - [30/Oct/2022:12:34:49 -0500] "HEAD / HTTP/1.1" 200 -
172.22.2.4 - - [30/Oct/2022:12:36:19 -0500] "HEAD /BLA/boletinlegal/ HTTP/1.1" 200 -
201.245.192.253 - - [30/Oct/2022:12:38:00 -0500] "POST /kwsrmcab/Wsrmcab  HTTP/1.1" 200 42272
172.22.2.4 - - [30/Oct/2022:12:38:01 -0500] "GET /BLA/boletinlegal/ HTTP/1.1" 200 24523
172.22.2.4 - - [30/Oct/2022:12:37:09 -0500] "GET /BLA/boletinlegal/ HTTP/1.1" 200 54356
172.22.2.4 - - [30/Oct/2022:12:39:48 -0500] "GET /BLA/boletinlegal/access.log HTTP/1.1" 404 1018
172.22.2.4 - - [30/Oct/2022:12:39:48 -0500] "GET /BLA/boletinlegal/log/access.log HTTP/1.1" 404 1018
172.22.2.4 - - [30/Oct/2022:12:39:49 -0500] "GET /BLA/boletinlegal/logs/access.log HTTP/1.1" 404 1018
216.245.221.92 - - [30/Oct/2022:12:39:49 -0500] "HEAD / HTTP/1.1" 200 -
172.22.2.4 - - [30/Oct/2022:12:39:49 -0500] "GET /BLA/boletinlegal/application/logs/access.log HTTP/1.1" 404 1018
172.22.2.4 - - [30/Oct/2022:12:41:06 -0500] "GET /BLA/boletinlegal/xmlrpc.php HTTP/1.1" 404 1038
201.245.192.253 - - [30/Oct/2022:12:41:41 -0500] "POST /kwsrmcab/Wsrmcab HTTP/1.1" 200 40984
201.245.192.253 - - [30/Oct/2022:12:41:44 -0500] "POST /kwsrmcab/Wsrmcab HTTP/1.1" 200 42261
201.245.192.253 - - [30/Oct/2022:12:42:59 -0500] "POST /kwsrmcab/Wsrmcab  HTTP/1.1" 200 42272
186.102.32.205 - - [30/Oct/2022:12:43:46 -0500] "GET /kwssiamovil/sm/acme/a?s=U2FsdGVkX19ueXUmqHF9SbVcoD1VXJeSgY64L2Q5bt1j9+3+c/hu9WIUV7k5nN8d13vSCt/5RDRzB0WfZ3BV9Q0JhdilVK4q88SeKd9BitBoXw0NV4FNIOV+aBM6Tf6BFmBztJkiEjt1Su20ukkD4R8yBZwu0EYYrrXPn8ARx7ObsbGobsIA0EnJFFsEdbqmNpW/UDjShxutOVKQP6kCHWpk9426Kf/RMiwZQU7DdbL9/5JXvvVHQRRrwQFkcRAgnFo2hy05I3a28LAhy3qkbQ==&u=U2FsdGVkX18NSk+rvrwN4D9pfLtSQinGFvqE8l+oMZcClaF2yTSTYsRp4zEb1PgD&y=U2FsdGVkX1/Mj3rjCamffZ9aTBkPbiP9nK0BxgRJyVugZdSuV96/9VGTDmo41YVw HTTP/1.1" 200 26
186.102.32.205 - - [30/Oct/2022:12:43:46 -0500] "GET /kwssiamovil/sm/acme/a?s=U2FsdGVkX18EfrbsW4WCnWX/QPI9c4ZVWCauxHziRJe5eS5oPgFqoKzBaC/b6d+hY0K9y7buuiJyAzhlOXqP7SEw2tmUI13/WOR8XSCzARl5DSqqt+YhcyJbDSDPRbx6rhwXaVa+mm66twdB8ZoPJi2m1wI76crs41qlLIMZgOQgwBANpVvGzFnUcpibc8yF8kXzBQl3l6Y12+pAZKfmUl5iiSHkdQbY7e6+RAv5ZahB5QKn/aJ5sxj/sAfWObNuQIY1n7JgGvuitwNFgNjiO7+abBMNoNKbMM/AHwCDYf677cxyP1oWNSXDyvVqFQJ/y3otsBMGAXEsyCwtOlRg26rw17Kb82ikhe0/FFjEalszcMA5VJq4c/q10p0R8SYbmxlbiZlKLCb8g5dhnpgcTKwQGK0mrJCyjGMnGOuyCyLyaOEyVgpgZCvxx2STb+a2mNStLtjq7F98ikf7I3v09XXjdskqgmVzIodjsLv+ChVSeJzvyEECmEe9O+hrGF3uaWqOKufTWZ1G6uzcMAtYLNbLFHsZnf8JhdX/7Oph/IZsKvuIThwNof6VYrbLbMTHGDMCN0fHCvf/07cKrpBeJz229aXUZ5bImq4L4mvgR7ZKDrT1tUdCA32CTw4sn4c0X+YNmClig9C1Bm353SnXlrE0qcgcznuLaalZ+kl2lcrD1+8UVnMu/PvguQzotcY3EOxhK37+lz8swMjcpQBoClInDENcO/AlfZCxHPNZJKCD9vUgFWmnLGPW1dvPXoRDs1/BDOefr5eE0oGtLASe9vZpBsjvkaviRB8DWBFX/EL5+DEPKbnSvpmwiELQzwAPSH/3j0NXSzAOL97Zsm0mkixgW6ysWVs3hQWRji1UbLooBigCrGHVJP7zOEGM8hr1WFLnjuVQOwtBhSSLO/eJJV/0VnWpdOkhMkWcsVJrmLmvQBaiJMtD3pli20QZ9hC1YHD6bopwJocWV74q1I1kJtiQkxxBZdetd80RFzTkuWzPqc479pE7Lm13U+TUmVly7AJVmb3MHRnW/EUDpYcSEELD082lIdo+QYpE9JfSQu1cj+m7R/yfXE21fCxJr86ueNHbxi0X+QYDlItMChyGvESH5li1cnrsCJk0Luv2tOQe5mi8d4YmCnWsGl/lknoB3QfyYnGyngaHhtlODycNz9NzV6BzvvkRDvJmEYsOyHJcELOp4V5IfxnMHc2QhgvnUe6N0FeA4DvO4jk4Yz3EKxAZCXYv/hbgEaCQmCTnGzXaGHbcPvDIMPC307+KyxhsjroEQVCvYxLKCoEngh2NZmJYdpqxfvfxHdp9kSbs3/Uposzk2s2rPXDB7KsAx4Q4ZI1QWqQsLiz0+lX2NKzsMjhvj8eVqCXaUZ2vCIvAKKW0dPYc8luuUYaXwz2CmpuCgq+Il47I+s+dysJzbPuWiTO7qAj5F4xz/yTfHq27P3+2rBtzFM2CB4lXrkZbZKwlp7YuRSrMBD0Ew8ROMT56Rln3a/b1osftjtLJByiTyWjvl+1TVzFzoqjWE51oDpfTjC37ly4pb0TTWQODHBGeWA+KT+8kRcImOMVBQWsxc4u+rxN4LJ+/X+TKqLPYqkOKv9Vd+ubAkDeBZCq8CNyOHoRrhajXPI8dCB4fme0qfx8GduYqrwBmt+y7zsdXPTxxa61w69rY6h5QmE16GQM2uC+JwsKKmk5+wrjEd6qhfkYxXvs/5anlM41B8VmkbshLTVdWSSUBZ9lRj3zLNEfrlGH5ABsepxJy5alJl54IQ6mtw5IQsYmyEO9ODZIZgxXbDyTbJmea/myIXiJDbpfbGV9/sHpEHkxPnuenyGs4C+Y3dfmEYU3Jx734pkt4KHkgJAyVROmo68E2GNzqQl0/CtfTZYJ7TPXBnhqM+Fb+ef6VEvjBh201ndos3LqdCh1I1DfDtQ2+07ktA1Q3bfbuFueiSFEyUmkVJSxrA1bce6ug2WeDodd8fPjdjvalkuWp0mIGmBJP7CvxA94bV6YAXpp83TsVu1DSJQtifFSSOhF9MySWK0T7mpKGuJU0kKqJEXXX6S/mops4eWEQSHh6qCIlofJummTwZLbqOwHiNNjmx66PHaPWy8bcFkOD+O/9msHYWGIUIgz2cwkVLyIYxy/E1idJtUm8loB1JdnpiSffx9X3CVHDN0TifNZnq9l400803t/+wVsTNn0SXxx077YHK3YdTlGiI2ck4oKwEKnTpFC4LlFSbqkAEuoem4X3GsiJzBhqBw8k0mW2Q/gY31dkjuVqIgQXEN4B78pF7+Gcfc2ynv1ZUcZY1c0wRwo/VpA/cWiKMtBydSk+aLP0CTS7sMZVllpIPGgXqno3nNird9zoofck58ZcVF1slNzz/y/VrETk6eT5axeGXPFsKYrireUjXOXcezIrQSFpSXDkjs7cxdFXlc5LSN152lCspp7FxOSJMRnTCO9YZum8OQ==&u=U2FsdGVkX18NSk+rvrwN4D9pfLtSQinGFvqE8l+oMZcClaF2yTSTYsRp4zEb1PgD&y=U2FsdGVkX1/Mj3rjCamffZ9aTBkPbiP9nK0BxgRJyVugZdSuV96/9VGTDmo41YVw HTTP/1.1" 200 26
186.102.32.205 - - [30/Oct/2022:12:43:47 -0500] "GET /kwssiamovil/sm/acme/a?s=U2FsdGVkX18xRHEA/N0ghMfZ3sXGo+FwWbL18nS/I1WZKFLX1SILfxxq9mBDlAwyMwrJvFpPW++lPo71nW6Drws1wwi6oj/ytgUxZYK9LZjg0RvvO9ZDPW3DkKwVuaSlMySvRdJvdf0VsxouUPW6U/No1oVGUG7ZtO02UbLjUt4=&u=U2FsdGVkX18NSk+rvrwN4D9pfLtSQinGFvqE8l+oMZcClaF2yTSTYsRp4zEb1PgD&y=U2FsdGVkX1/Mj3rjCamffZ9aTBkPbiP9nK0BxgRJyVugZdSuV96/9VGTDmo41YVw HTTP/1.1" 200 26
186.102.32.205 - - [30/Oct/2022:12:43:47 -0500] "GET /kwssiamovil/sm/acme/a?s=U2FsdGVkX1+KAONy/hHyj7eUYdFa+s4KmlV4E42e1mT4GoA3TQjphhyQ02KX+yBjZCTx5vtOfBTgnacVlSwqRZyPZbhaYxDlwEarMLrfmx07DCWzEhpydq9hlT4O+bcGB3rBQ0CoOBgPb29rLvmivLeyWL9uopP+78xnzOqgcjc=&u=U2FsdGVkX18NSk+rvrwN4D9pfLtSQinGFvqE8l+oMZcClaF2yTSTYsRp4zEb1PgD&y=U2FsdGVkX1/Mj3rjCamffZ9aTBkPbiP9nK0BxgRJyVugZdSuV96/9VGTDmo41YVw HTTP/1.1" 200 26
186.102.32.205 - - [30/Oct/2022:12:43:47 -0500] "GET /kwssiamovil/sm/acme/a?s=U2FsdGVkX19JnkNUe4XIU5ezR3Dh2wqysyFz/Fp+eVoABReF4WpkSGxk4nd6c43fGtxC0N0qT36Tw52N6+67NAolmn7hICXpY/Te1xMnhgEH0GZiIxCsTJNBfjLeRn9WN/5UYYL2I9fQTdAV6OLxVxFIxiEkOxUH/SUgnZ5syHU=&u=U2FsdGVkX18NSk+rvrwN4D9pfLtSQinGFvqE8l+oMZcClaF2yTSTYsRp4zEb1PgD&y=U2FsdGVkX1/Mj3rjCamffZ9aTBkPbiP9nK0BxgRJyVugZdSuV96/9VGTDmo41YVw HTTP/1.1" 200 26
186.102.32.205 - - [30/Oct/2022:12:43:47 -0500] "GET /kwssiamovil/sm/acme/a?s=U2FsdGVkX19Em/gv3AIg5B+phn/1Ec7No3lHNA+jjZyWPjoCTArlaDgDKoz6ZI5lDXHjVkq8kkAhKPb6Z1aFhjVPyB4sAN11rUW7NNJNUvXssr7Xn/eZLX35iI1LqGxYPSCwsLR1jntClqqySwgWomjGzpekgFFqNd8AYiw1Oau9bgjJ2PZeIj5bvvDqNVTYbA0VaWuUn6fLVE5S5lCGRA==&u=U2FsdGVkX18NSk+rvrwN4D9pfLtSQinGFvqE8l+oMZcClaF2yTSTYsRp4zEb1PgD&y=U2FsdGVkX1/Mj3rjCamffZ9aTBkPbiP9nK0BxgRJyVugZdSuV96/9VGTDmo41YVw HTTP/1.1" 200 26
172.22.2.4 - - [30/Oct/2022:12:42:09 -0500] "HEAD /BLA/boletinlegal/ HTTP/1.1" 200 -
172.22.2.4 - - [30/Oct/2022:12:42:59 -0500] "GET /BLA/boletinlegal/ HTTP/1.1" 200 59319
216.245.221.92 - - [30/Oct/2022:12:44:49 -0500] "HEAD / HTTP/1.1" 200 -
66.249.73.170 - - [30/Oct/2022:12:45:29 -0500] "-" 408 -
201.245.192.253 - - [30/Oct/2022:12:47:58 -0500] "POST /kwsrmcab/Wsrmcab  HTTP/1.1" 200 42272
77.88.5.250 - - [30/Oct/2022:12:48:23 -0500] "-" 408 -
172.22.2.4 - - [30/Oct/2022:12:47:59 -0500] "HEAD /BLA/boletinlegal/ HTTP/1.1" 200 -
216.245.221.92 - - [30/Oct/2022:12:49:49 -0500] "HEAD / HTTP/1.1" 200 -
172.22.2.4 - - [30/Oct/2022:12:48:49 -0500] "GET /BLA/boletinlegal/ HTTP/1.1" 200 56376
201.245.192.253 - - [30/Oct/2022:12:52:57 -0500] "POST /kwsrmcab/Wsrmcab  HTTP/1.1" 200 42272
216.245.221.92 - - [30/Oct/2022:12:54:49 -0500] "HEAD / HTTP/1.1" 200 -
172.22.2.4 - - [30/Oct/2022:12:53:49 -0500] "HEAD /BLA/boletinlegal/ HTTP/1.1" 200 -
172.22.2.4 - - [30/Oct/2022:12:54:39 -0500] "GET /BLA/boletinlegal/ HTTP/1.1" 200 57725
201.245.192.253 - - [30/Oct/2022:12:57:56 -0500] "POST /kwsrmcab/Wsrmcab  HTTP/1.1" 200 42272
216.245.221.92 - - [30/Oct/2022:12:59:49 -0500] "HEAD / HTTP/1.1" 200 -
172.22.2.4 - - [30/Oct/2022:12:59:39 -0500] "HEAD /BLA/boletinlegal/ HTTP/1.1" 200 -
172.22.2.4 - - [30/Oct/2022:13:00:29 -0500] "GET /BLA/boletinlegal/ HTTP/1.1" 200 56732
77.88.5.10 - - [30/Oct/2022:13:02:30 -0500] "-" 408 -
179.32.137.206 - - [30/Oct/2022:13:02:31 -0500] "GET /BLA/resoluciones/index.php?dir= HTTP/1.1" 200 13093
179.32.137.206 - - [30/Oct/2022:13:02:32 -0500] "GET /favicon.ico HTTP/1.1" 200 7782
179.32.137.206 - - [30/Oct/2022:13:02:38 -0500] "GET /BLA/resoluciones/index.php?dir=RESOLUCIONES+2019%2F HTTP/1.1" 200 247791
179.32.137.206 - - [30/Oct/2022:13:02:46 -0500] "GET /BLA/resoluciones/RESOLUCIONES%202019/0539.pdf HTTP/1.1" 200 334679
173.252.87.8 - - [30/Oct/2022:13:02:46 -0500] "GET /images/reunion-planta-termovalorizacion-11-mayo.jpg HTTP/1.1" 200 34782
179.32.137.206 - - [30/Oct/2022:13:02:56 -0500] "GET /BLA/resoluciones/index.php?dir=RESOLUCIONES+2017%2F HTTP/1.1" 200 284276
201.245.192.253 - - [30/Oct/2022:13:02:55 -0500] "POST /kwsrmcab/Wsrmcab  HTTP/1.1" 200 42272
216.245.221.92 - - [30/Oct/2022:13:04:49 -0500] "HEAD / HTTP/1.1" 200 -
85.209.134.96 - - [30/Oct/2022:13:05:07 -0500] "GET / HTTP/1.1" 200 319
207.46.13.179 - - [30/Oct/2022:13:05:38 -0500] "GET /portaldeninos/wp-content/uploads/2021/11/pieza-dia-mundial-general-tinguas-8-mayo-1024x576.jpg HTTP/1.1" 200 84713
172.22.2.4 - - [30/Oct/2022:13:05:29 -0500] "HEAD /BLA/boletinlegal/ HTTP/1.1" 200 -
201.245.192.253 - - [30/Oct/2022:13:07:54 -0500] "POST /kwsrmcab/Wsrmcab  HTTP/1.1" 200 42272
172.22.2.4 - - [30/Oct/2022:13:06:19 -0500] "GET /BLA/boletinlegal/ HTTP/1.1" 200 58955
172.22.2.4 - - [30/Oct/2022:13:07:53 -0500] "GET /BLA/boletinlegal/ HTTP/1.1" 200 62380
216.245.221.92 - - [30/Oct/2022:13:09:49 -0500] "HEAD / HTTP/1.1" 200 -
172.22.2.4 - - [30/Oct/2022:13:11:53 -0500] "GET /BLA/boletinlegal/consulta_actos.php?tipo=resoluciones&no=0629&usuario=&sector=&fecha=2014&resuelve= HTTP/1.1" 200 626
172.22.2.4 - - [30/Oct/2022:13:11:57 -0500] "GET /BLA/boletinlegal/consulta_actos.php?tipo=autos&no=0629&usuario=&sector=&fecha=2014&resuelve= HTTP/1.1" 200 1026
172.22.2.4 - - [30/Oct/2022:13:12:15 -0500] "GET /BLA/boletinlegal/consulta_actos.php?tipo=autos&no=6298&usuario=&sector=&fecha=2014&resuelve= HTTP/1.1" 200 1073
200.91.245.98 - - [30/Oct/2022:13:12:14 -0500] "GET /BLA/resoluciones/index.php?dir=RESOLUCIONES+2009%2F HTTP/1.1" 200 1694101
200.91.245.98 - - [30/Oct/2022:13:12:18 -0500] "GET /apple-touch-icon-precomposed.png HTTP/1.1" 404 1120
200.91.245.98 - - [30/Oct/2022:13:12:18 -0500] "GET /apple-touch-icon.png HTTP/1.1" 404 1120
201.245.192.253 - - [30/Oct/2022:13:12:53 -0500] "POST /kwsrmcab/Wsrmcab  HTTP/1.1" 200 42272
172.22.2.4 - - [30/Oct/2022:13:11:19 -0500] "HEAD /BLA/boletinlegal/ HTTP/1.1" 200 -
172.22.2.4 - - [30/Oct/2022:13:12:09 -0500] "GET /BLA/boletinlegal/ HTTP/1.1" 200 59828
216.245.221.92 - - [30/Oct/2022:13:14:49 -0500] "HEAD / HTTP/1.1" 200 -
181.52.21.108 - - [30/Oct/2022:13:14:59 -0500] "GET /BLA/boletinlegal/js/jquery.scrollShow.js HTTP/1.1" 200 4586
181.52.21.108 - - [30/Oct/2022:13:14:59 -0500] "GET /galeria/galeria/jquery.fancybox.css?v=2.1.5 HTTP/1.1" 200 4895
181.52.21.108 - - [30/Oct/2022:13:14:59 -0500] "GET /galeria/galeria/jquery.fancybox.js?v=2.1.5 HTTP/1.1" 200 48706
172.22.2.4 - - [30/Oct/2022:13:16:50 -0500] "GET /BLA/boletinlegal/style.css HTTP/1.1" 200 9406
172.22.2.4 - - [30/Oct/2022:13:16:50 -0500] "GET /BLA/boletinlegal/styles2.css HTTP/1.1" 200 1838
172.22.2.4 - - [30/Oct/2022:13:16:50 -0500] "GET /BLA/boletinlegal/js/jquery.scrollTo-min.js HTTP/1.1" 200 1150
172.22.2.4 - - [30/Oct/2022:13:16:50 -0500] "GET /BLA/boletinlegal/js/jquery.js HTTP/1.1" 200 57254
172.22.2.4 - - [30/Oct/2022:13:16:50 -0500] "GET /BLA/boletinlegal/js/jquery.scrollShow.js HTTP/1.1" 200 4586
172.22.2.4 - - [30/Oct/2022:13:16:50 -0500] "GET /BLA/boletinlegal/images/cabezote%20BLEGAL.jpg HTTP/1.1" 200 118164
172.22.2.4 - - [30/Oct/2022:13:16:50 -0500] "GET /BLA/boletinlegal/images/subscribe-icon-big.png HTTP/1.1" 200 47702
172.22.2.4 - - [30/Oct/2022:13:16:50 -0500] "GET /BLA/boletinlegal/images/registro-usuarios.png HTTP/1.1" 200 8106
172.22.2.4 - - [30/Oct/2022:13:16:50 -0500] "GET /BLA/boletinlegal/images/historia.png HTTP/1.1" 200 52775
172.22.2.4 - - [30/Oct/2022:13:16:50 -0500] "GET /BLA/boletinlegal/images/arr_l.jpg HTTP/1.1" 200 1979
172.22.2.4 - - [30/Oct/2022:13:16:50 -0500] "GET /BLA/boletinlegal/images/screen_1.png HTTP/1.1" 200 202547
172.22.2.4 - - [30/Oct/2022:13:16:50 -0500] "GET /BLA/boletinlegal/images/launch.jpg HTTP/1.1" 200 14577
172.22.2.4 - - [30/Oct/2022:13:16:52 -0500] "GET /BLA/boletinlegal/images/body_bg.jpg HTTP/1.1" 200 1601
172.22.2.4 - - [30/Oct/2022:13:16:52 -0500] "GET /BLA/boletinlegal/images/menu_lft.gif HTTP/1.1" 200 1713
172.22.2.4 - - [30/Oct/2022:13:16:52 -0500] "GET /BLA/boletinlegal/images/menu_rght.gif HTTP/1.1" 200 1627
172.22.2.4 - - [30/Oct/2022:13:16:52 -0500] "GET /BLA/boletinlegal/images/text.jpg HTTP/1.1" 200 568
172.22.2.4 - - [30/Oct/2022:13:16:52 -0500] "GET /BLA/boletinlegal/images/hover.jpg HTTP/1.1" 200 640
172.22.2.4 - - [30/Oct/2022:13:16:52 -0500] "GET /BLA/boletinlegal/images/menu_bg.jpg HTTP/1.1" 200 620
172.22.2.4 - - [30/Oct/2022:13:16:52 -0500] "GET /BLA/boletinlegal/images/bg_top.jpg HTTP/1.1" 200 522
172.22.2.4 - - [30/Oct/2022:13:16:59 -0500] "GET /BLA/boletinlegal/images/screen_2.png HTTP/1.1" 200 362502
172.22.2.4 - - [30/Oct/2022:13:16:59 -0500] "GET /BLA/boletinlegal/images/screen_3.png HTTP/1.1" 200 210620
172.22.2.4 - - [30/Oct/2022:13:16:59 -0500] "GET /BLA/boletinlegal/images/arr_r.jpg HTTP/1.1" 200 1998
172.22.2.4 - - [30/Oct/2022:13:16:59 -0500] "GET /BLA/boletinlegal/images/screen_5.png HTTP/1.1" 200 368876
172.22.2.4 - - [30/Oct/2022:13:17:01 -0500] "GET /BLA/boletinlegal/images/footer_bg.jpg HTTP/1.1" 200 586
172.22.2.4 - - [30/Oct/2022:13:17:09 -0500] "GET /BLA/boletinlegal/images/pdf.gif HTTP/1.1" 200 567
172.22.2.4 - - [30/Oct/2022:13:17:14 -0500] "GET /BLA/boletinlegal/actos.php HTTP/1.1" 200 9566
172.22.2.4 - - [30/Oct/2022:13:17:14 -0500] "GET /BLA/boletinlegal/js/ajax_actos.js HTTP/1.1" 200 1322
172.22.2.4 - - [30/Oct/2022:13:17:14 -0500] "GET /BLA/boletinlegal/niceforms-default.css HTTP/1.1" 200 6694
172.22.2.4 - - [30/Oct/2022:13:17:14 -0500] "GET /BLA/boletinlegal/niceforms.js HTTP/1.1" 200 22876
172.22.2.4 - - [30/Oct/2022:13:17:14 -0500] "GET /BLA/boletinlegal/js/lib.js HTTP/1.1" 200 6474
172.22.2.4 - - [30/Oct/2022:13:17:14 -0500] "GET /BLA/boletinlegal/js/popup.js HTTP/1.1" 200 1270
172.22.2.4 - - [30/Oct/2022:13:17:14 -0500] "GET /BLA/boletinlegal/js/jquery1.js HTTP/1.1" 200 29846
172.22.2.4 - - [30/Oct/2022:13:17:14 -0500] "GET /BLA/boletinlegal/images/green-yellow-blue-pink-th.png HTTP/1.1" 200 7394
172.22.2.4 - - [30/Oct/2022:13:17:14 -0500] "GET /BLA/boletinlegal/images/tel.png HTTP/1.1" 200 14477
172.22.2.4 - - [30/Oct/2022:13:17:14 -0500] "GET /BLA/boletinlegal/images/icono-email.png HTTP/1.1" 200 5544
172.22.2.4 - - [30/Oct/2022:13:17:15 -0500] "GET /BLA/boletinlegal/images/footer_bg_l.jpg HTTP/1.1" 200 776
172.22.2.4 - - [30/Oct/2022:13:17:15 -0500] "GET /BLA/boletinlegal/img/0.png HTTP/1.1" 200 110
172.22.2.4 - - [30/Oct/2022:13:17:15 -0500] "GET /BLA/boletinlegal/img/button-left.png HTTP/1.1" 200 57071
172.22.2.4 - - [30/Oct/2022:13:17:15 -0500] "GET /BLA/boletinlegal/img/button.png HTTP/1.1" 200 43241
172.22.2.4 - - [30/Oct/2022:13:17:15 -0500] "GET /BLA/boletinlegal/img/select-right.png HTTP/1.1" 200 44019
172.22.2.4 - - [30/Oct/2022:13:17:15 -0500] "GET /BLA/boletinlegal/img/select-left.png HTTP/1.1" 200 263
172.22.2.4 - - [30/Oct/2022:13:17:15 -0500] "GET /BLA/boletinlegal/favicon.ico HTTP/1.1" 404 1326
172.22.2.4 - - [30/Oct/2022:13:17:15 -0500] "GET /BLA/boletinlegal/img/button-right.png HTTP/1.1" 200 57878
186.116.213.99 - - [30/Oct/2022:13:17:17 -0500] "GET /BLA/resoluciones/ HTTP/1.1" 200 13093
186.116.213.99 - - [30/Oct/2022:13:17:17 -0500] "GET /BLA/resoluciones/dlf/styles.css HTTP/1.1" 200 3049
186.116.213.99 - - [30/Oct/2022:13:17:20 -0500] "GET /BLA/resoluciones/dlf/folder.png HTTP/1.1" 200 410
186.116.213.99 - - [30/Oct/2022:13:17:21 -0500] "GET /BLA/resoluciones/index.php?dir=RESOLUCIONES+1997%2F HTTP/1.1" 200 16815
186.116.213.99 - - [30/Oct/2022:13:17:44 -0500] "GET /BLA/resoluciones/RESOLUCIONES%201997/RESOLUCION%20250%20DE%201997.pdf HTTP/1.1" 200 149529
201.245.192.253 - - [30/Oct/2022:13:17:52 -0500] "POST /kwsrmcab/Wsrmcab  HTTP/1.1" 200 42272
172.22.2.4 - - [30/Oct/2022:13:16:52 -0500] "GET /BLA/boletinlegal/ HTTP/1.1" 200 36811
172.22.2.4 - - [30/Oct/2022:13:16:50 -0500] "GET /BLA/boletinlegal/ HTTP/1.1" 200 46728
172.22.2.4 - - [30/Oct/2022:13:17:09 -0500] "HEAD /BLA/boletinlegal/ HTTP/1.1" 200 -
172.22.2.4 - - [30/Oct/2022:13:17:59 -0500] "GET /BLA/boletinlegal/ HTTP/1.1" 200 53640
216.245.221.92 - - [30/Oct/2022:13:19:49 -0500] "HEAD / HTTP/1.1" 200 -
77.88.5.214 - - [30/Oct/2022:13:20:20 -0500] "-" 408 -
201.245.192.253 - - [30/Oct/2022:13:21:42 -0500] "POST /kwsrmcab/Wsrmcab HTTP/1.1" 200 40806
201.245.192.253 - - [30/Oct/2022:13:21:44 -0500] "POST /kwsrmcab/Wsrmcab HTTP/1.1" 200 42271
201.245.192.253 - - [30/Oct/2022:13:22:51 -0500] "POST /kwsrmcab/Wsrmcab  HTTP/1.1" 200 42272
191.156.153.188 - - [30/Oct/2022:13:23:19 -0500] "GET /sipse/faces/index.xhtml HTTP/1.1" 200 677
191.156.153.188 - - [30/Oct/2022:13:23:20 -0500] "GET /sipse/faces/javax.faces.resource/theme.css?ln=primefaces-sipse HTTP/1.1" 304 -
191.156.153.170 - - [30/Oct/2022:13:23:20 -0500] "GET /sipse/js/disable_browser_buttons.js HTTP/1.1" 304 -
191.156.153.188 - - [30/Oct/2022:13:23:20 -0500] "GET /sipse/faces/faces/autenticacion.xhtml HTTP/1.1" 200 12181
191.156.157.177 - - [30/Oct/2022:13:23:20 -0500] "GET /sipse/css/custom_css_sg.css HTTP/1.1" 304 -
191.156.158.156 - - [30/Oct/2022:13:23:20 -0500] "GET /sipse/css/custom_css_sg_prime_login.css HTTP/1.1" 304 -
191.156.159.213 - - [30/Oct/2022:13:23:20 -0500] "GET /sipse/faces/javax.faces.resource/primefaces.css?ln=primefaces&v=4.0 HTTP/1.1" 304 -
191.156.153.170 - - [30/Oct/2022:13:23:20 -0500] "GET /sipse/faces/javax.faces.resource/layout/layout.css?ln=primefaces&v=4.0 HTTP/1.1" 304 -
191.156.158.156 - - [30/Oct/2022:13:23:20 -0500] "GET /sipse/faces/javax.faces.resource/theme.css?ln=primefaces-sipse HTTP/1.1" 304 -
191.156.153.188 - - [30/Oct/2022:13:23:20 -0500] "GET /sipse/js/funciones.js HTTP/1.1" 304 -
191.156.157.177 - - [30/Oct/2022:13:23:20 -0500] "GET /sipse/faces/javax.faces.resource/jquery/jquery.js?ln=primefaces&v=4.0 HTTP/1.1" 304 -
191.156.158.156 - - [30/Oct/2022:13:23:20 -0500] "GET /sipse/faces/javax.faces.resource/jquery/jquery-plugins.js?ln=primefaces&v=4.0 HTTP/1.1" 304 -
191.156.159.213 - - [30/Oct/2022:13:23:20 -0500] "GET /sipse/faces/javax.faces.resource/primefaces.js?ln=primefaces&v=4.0 HTTP/1.1" 304 -
191.156.158.156 - - [30/Oct/2022:13:23:20 -0500] "GET /sipse/faces/javax.faces.resource/layout/layout.js?ln=primefaces&v=4.0 HTTP/1.1" 304 -
191.156.158.156 - - [30/Oct/2022:13:23:21 -0500] "GET /sipse/css/imagen/logoSDG.png HTTP/1.1" 304 -
191.156.159.213 - - [30/Oct/2022:13:23:21 -0500] "GET /sipse/css/imagen/loginimg.png HTTP/1.1" 304 -
191.156.157.177 - - [30/Oct/2022:13:23:21 -0500] "GET /sipse/faces/javax.faces.resource/images/ui-icons_898989_256x240.png?ln=primefaces-aristo HTTP/1.1" 304 -
191.156.157.177 - - [30/Oct/2022:13:23:24 -0500] "POST /sipse/faces/autenticacion.xhtml HTTP/1.1" 200 2223
191.156.157.177 - - [30/Oct/2022:13:23:24 -0500] "GET /sipse/faces/javax.faces.resource/messages/messages.png?ln=primefaces&v=4.0 HTTP/1.1" 304 -
191.156.157.177 - - [30/Oct/2022:13:23:26 -0500] "POST /sipse/faces/autenticacion.xhtml HTTP/1.1" 200 16250
191.156.157.177 - - [30/Oct/2022:13:23:27 -0500] "GET /sipse/css/custom_css_sg_prime.css HTTP/1.1" 304 -
191.156.158.156 - - [30/Oct/2022:13:23:27 -0500] "GET /sipse/faces/javax.faces.resource/theme.css?ln=primefaces-sipse HTTP/1.1" 304 -
191.156.159.213 - - [30/Oct/2022:13:23:27 -0500] "GET /sipse/faces/javax.faces.resource/primefaces.css?ln=primefaces&v=4.0 HTTP/1.1" 304 -
191.156.158.156 - - [30/Oct/2022:13:23:27 -0500] "GET /sipse/faces/javax.faces.resource/layout/layout.css?ln=primefaces&v=4.0 HTTP/1.1" 304 -
191.156.153.188 - - [30/Oct/2022:13:23:27 -0500] "GET /sipse/js/jquery.min.js HTTP/1.1" 304 -
191.156.153.188 - - [30/Oct/2022:13:23:27 -0500] "GET /sipse/faces/javax.faces.resource/jquery/jquery.js?ln=primefaces&v=4.0 HTTP/1.1" 304 -
191.156.153.188 - - [30/Oct/2022:13:23:27 -0500] "GET /sipse/faces/javax.faces.resource/jquery/jquery-plugins.js?ln=primefaces&v=4.0 HTTP/1.1" 304 -
191.156.153.188 - - [30/Oct/2022:13:23:28 -0500] "GET /sipse/faces/javax.faces.resource/primefaces.js?ln=primefaces&v=4.0 HTTP/1.1" 304 -
191.156.153.188 - - [30/Oct/2022:13:23:28 -0500] "GET /sipse/faces/javax.faces.resource/layout/layout.js?ln=primefaces&v=4.0 HTTP/1.1" 304 -
191.156.158.156 - - [30/Oct/2022:13:23:28 -0500] "GET /sipse/imagenes/cargando.gif HTTP/1.1" 304 -
191.156.153.188 - - [30/Oct/2022:13:23:28 -0500] "GET /sipse/css/imagen/contrasena.png HTTP/1.1" 404 383
191.156.158.156 - - [30/Oct/2022:13:23:28 -0500] "GET /sipse/imagenes/logoAplicacion.jpg HTTP/1.1" 304 -
