216.245.221.92 - - [30/Oct/2022:09:39:49 -0500] "HEAD / HTTP/1.1" 200 -
201.245.192.253 - - [30/Oct/2022:09:41:42 -0500] "POST /kwsrmcab/Wsrmcab HTTP/1.1" 200 41810
201.245.192.253 - - [30/Oct/2022:09:41:44 -0500] "POST /kwsrmcab/Wsrmcab HTTP/1.1" 200 42009
172.22.2.4 - - [30/Oct/2022:09:42:17 -0500] "GET /BLA/boletinlegal/robots.txt HTTP/1.1" 404 1038
172.22.2.4 - - [30/Oct/2022:09:42:20 -0500] "GET /BLA/boletinlegal/Circulares/2011/Circular%20No.%206%20del%2029%20de%20Julio%20de%202011.pdf HTTP/1.1" 200 262144
172.22.2.4 - - [30/Oct/2022:09:41:20 -0500] "HEAD /BLA/boletinlegal/ HTTP/1.1" 200 -
77.88.5.126 - - [30/Oct/2022:09:43:07 -0500] "-" 408 -
157.55.39.195 - - [30/Oct/2022:09:43:20 -0500] "GET /BLA/resoluciones/AUTOS%202022/2177.pdf HTTP/1.1" 304 -
201.245.192.253 - - [30/Oct/2022:09:43:36 -0500] "POST /kwsrmcab/Wsrmcab  HTTP/1.1" 200 42272
172.22.2.4 - - [30/Oct/2022:09:42:10 -0500] "GET /BLA/boletinlegal/ HTTP/1.1" 200 56014
216.245.221.92 - - [30/Oct/2022:09:44:49 -0500] "HEAD / HTTP/1.1" 200 -
199.16.157.183 - - [30/Oct/2022:09:47:03 -0500] "GET /images/Mujeres%20que%20reverdecen%201%20sept.jpeg HTTP/1.1" 200 134076
201.245.192.253 - - [30/Oct/2022:09:48:34 -0500] "POST /kwsrmcab/Wsrmcab  HTTP/1.1" 200 42272
77.88.5.250 - - [30/Oct/2022:09:48:37 -0500] "-" 408 -
172.22.2.4 - - [30/Oct/2022:09:47:10 -0500] "HEAD /BLA/boletinlegal/ HTTP/1.1" 200 -
172.22.2.4 - - [30/Oct/2022:09:48:57 -0500] "GET /BLA/boletinlegal/jurisprudencia/analisis/AnalisisT-606-15.docx HTTP/1.1" 200 26698
172.22.2.4 - - [30/Oct/2022:09:48:59 -0500] "GET /BLA/boletinlegal/apple-touch-icon-120x120-precomposed.png HTTP/1.1" 404 1140
172.22.2.4 - - [30/Oct/2022:09:48:59 -0500] "GET /BLA/boletinlegal/apple-touch-icon-120x120.png HTTP/1.1" 404 1140
172.22.2.4 - - [30/Oct/2022:09:48:59 -0500] "GET /BLA/boletinlegal/apple-touch-icon-precomposed.png HTTP/1.1" 404 1140
172.22.2.4 - - [30/Oct/2022:09:48:59 -0500] "GET /BLA/boletinlegal/apple-touch-icon.png HTTP/1.1" 404 1140
172.22.2.4 - - [30/Oct/2022:09:48:59 -0500] "GET /BLA/boletinlegal/favicon.ico HTTP/1.1" 404 1140
172.22.2.4 - - [30/Oct/2022:09:48:59 -0500] "GET /BLA/boletinlegal/apple-touch-icon-120x120-precomposed.png HTTP/1.1" 404 1140
172.22.2.4 - - [30/Oct/2022:09:49:00 -0500] "GET /BLA/boletinlegal/apple-touch-icon-120x120.png HTTP/1.1" 404 1140
172.22.2.4 - - [30/Oct/2022:09:49:00 -0500] "GET /BLA/boletinlegal/apple-touch-icon-precomposed.png HTTP/1.1" 404 1140
172.22.2.4 - - [30/Oct/2022:09:49:00 -0500] "GET /BLA/boletinlegal/apple-touch-icon.png HTTP/1.1" 404 1140
172.22.2.4 - - [30/Oct/2022:09:49:00 -0500] "GET /BLA/boletinlegal/favicon.ico HTTP/1.1" 404 1140
172.22.2.4 - - [30/Oct/2022:09:48:00 -0500] "GET /BLA/boletinlegal/ HTTP/1.1" 200 59319
216.245.221.92 - - [30/Oct/2022:09:49:49 -0500] "HEAD / HTTP/1.1" 200 -
167.94.145.58 - - [30/Oct/2022:09:49:54 -0500] "GET / HTTP/1.1" 200 319
167.94.145.58 - - [30/Oct/2022:09:49:54 -0500] "GET / HTTP/1.1" 200 319
167.94.145.58 - - [30/Oct/2022:09:49:54 -0500] "PRI * HTTP/2.0" 400 946
167.94.145.58 - - [30/Oct/2022:09:49:55 -0500] "GET /favicon.ico HTTP/1.1" 200 7782
201.245.192.253 - - [30/Oct/2022:09:53:34 -0500] "POST /kwsrmcab/Wsrmcab  HTTP/1.1" 200 42272
172.22.2.4 - - [30/Oct/2022:09:52:59 -0500] "HEAD /BLA/boletinlegal/ HTTP/1.1" 200 -
207.46.13.18 - - [30/Oct/2022:09:54:44 -0500] "GET /BLA/resoluciones/AUTOS%202022/4074.pdf HTTP/1.1" 200 1539364
216.245.221.92 - - [30/Oct/2022:09:54:49 -0500] "HEAD / HTTP/1.1" 200 -
172.22.2.4 - - [30/Oct/2022:09:53:50 -0500] "GET /BLA/boletinlegal/ HTTP/1.1" 200 56376
77.88.5.165 - - [30/Oct/2022:09:56:37 -0500] "-" 408 -
201.245.192.253 - - [30/Oct/2022:09:58:33 -0500] "POST /kwsrmcab/Wsrmcab  HTTP/1.1" 200 42272
216.245.221.92 - - [30/Oct/2022:09:59:49 -0500] "HEAD / HTTP/1.1" 200 -
172.22.2.4 - - [30/Oct/2022:09:58:49 -0500] "HEAD /BLA/boletinlegal/ HTTP/1.1" 200 -
172.22.2.4 - - [30/Oct/2022:09:59:40 -0500] "GET /BLA/boletinlegal/ HTTP/1.1" 200 57375
201.245.192.253 - - [30/Oct/2022:10:03:32 -0500] "POST /kwsrmcab/Wsrmcab  HTTP/1.1" 200 42272
190.27.27.35 - - [30/Oct/2022:10:03:44 -0500] "GET /secretaria-de-ambiente-reconoce-15-entidades-distritales-por-su-desempeno-ambiental.html HTTP/1.1" 200 978
216.245.221.92 - - [30/Oct/2022:10:04:49 -0500] "HEAD / HTTP/1.1" 200 -
172.22.2.4 - - [30/Oct/2022:10:05:36 -0500] "GET /BLA/boletinlegal/conceptos.php HTTP/1.1" 200 7450
172.22.2.4 - - [30/Oct/2022:10:04:39 -0500] "HEAD /BLA/boletinlegal/ HTTP/1.1" 200 -
77.88.5.162 - - [30/Oct/2022:10:06:37 -0500] "-" 408 -
172.22.2.4 - - [30/Oct/2022:10:05:30 -0500] "GET /BLA/boletinlegal/ HTTP/1.1" 200 59828
201.245.192.253 - - [30/Oct/2022:10:08:31 -0500] "POST /kwsrmcab/Wsrmcab  HTTP/1.1" 200 42272
186.102.32.205 - - [30/Oct/2022:10:08:47 -0500] "GET /kwssiamovil/sm/ldap/au?x=U2FsdGVkX1+QecVV/21jOrQ1uXX3DMlAwPqYsS93+ui0PqG8bB0XkO1pYDMxyeev&y=U2FsdGVkX1/Mj3rjCamffZ9aTBkPbiP9nK0BxgRJyVugZdSuV96/9VGTDmo41YVw HTTP/1.1" 200 30
186.102.32.205 - - [30/Oct/2022:10:08:47 -0500] "GET /kwssiamovil/sm/acme/s?s=U2FsdGVkX1/rWrWyIBMKvquozayY14tM2kt3Qxl2vkhbD2LJzqI581NE1n0GU42OHjbh8hhpbNwEznImVbSPQB6ijQ2OPZf4TyufO9G3qho=&u=U2FsdGVkX18NSk+rvrwN4D9pfLtSQinGFvqE8l+oMZcClaF2yTSTYsRp4zEb1PgD&y=U2FsdGVkX1/Mj3rjCamffZ9aTBkPbiP9nK0BxgRJyVugZdSuV96/9VGTDmo41YVw HTTP/1.1" 200 97
186.102.32.205 - - [30/Oct/2022:10:08:47 -0500] "GET /kwssiamovil/sm/acme/s?s=U2FsdGVkX19fEXdb2su5wMIbawWgThL7bCra6sRSi1nYM0pZ2Is3MSID2N6VPZIF2OfhRW8ZBNog9Tp0fvGsKX1HysgNyfklZFVPFG8zwmgBKF2knYfOR0P5eUkrNojPIznpJgfPvn/5EUYuehrqYlxda5zhTxjAuWVDg39lE/enMxFcDYmp3SPl1qN6cy3MWVfRJ6jht/BCMH5jJMk47hlB5Vmhr99fNpnnR2eXkluHycZm50KhUsx/UefSRcKQZv5asGIX+olG5Kt0weiY2UKS+y7IpEkBvQBbf3GOmQI0L+QuaqpGjywrw/c5lMBToWYvnvtEt3Rl2FQJWxw7u6M2pR20iS/OZp+h2fti7aZJKvVN91CCme860EZ9tpOMe0a09TrISAtr5LxZfTwhvoKYzrK0U6rRl94JjbwcxcBtQHhwDsG3EDI8NjE3ljzqoVmGa5hfCPGEVU8oBp9JNDKQsd/oPbZ+ojZWNSI/6Mym3CMl8U7G8V7z6+8ylc9O10eTgJBSnuX2J7PkyoW8NU7kzmbrK8wRl5Se7dpZ3Da2jg0K5Mh6o7Eg466Aj5fAc2kwixP0fZ93zGThhkmWmDq+bKUrfJb89sVEowoM1CCcqlaWKujpJckVUDjGUrjcn6Pc2YVLG7+4qI6uHhi2+Rc6ZfQqhuKV9sS9yplVvIXbN4i0m09hYJOWynMV4ha9Pox401X3IN62Oygq82kYO4VRf39UaLi/jGpLHESseMclprntx3NThZ3e4liAEWQDWk6EObt8qaIk7WOMIBWz2cvGKdLbAWMBsorAdQHLBUq6Q80Xd+0uXGuFJLpPvYYaSilk+1JAaksStQ/Dysv7RHMxEb5Cxw+4AjXh3NR7RB/wXqp5X41SC927h03W8MmAFHIzdFuoG/pXs5OMUabZg5nHmvuI5SC26smXGZZHkeCBBjLDzONzWUqamKjqiB2ATG1xZJz5bXPccc4x27Gyz5FvMhn4u0hRy7Vm/1/Hks8ERFtKbbgOB2WKgF14bYCbVc8RLyZKlHFEwoscirvyeX+Ns8SknqI5aN8IlFVMlnCko0FswMKDUG6f3YNijPa909d2ShJvUKgCOPOCPWoFpsPIRXHOxIMCTJDRa+9VopqdZue/zi3mKeJedZPD6mBH7xLvTxEHNxeAubw+fuf2uYCLZyPITZSho7y1kP75etNd31L2IG3O+DQUKLHt5lrXjXVMXj3yhM1dftFsZahTqwoQa2Lf/KWdJnqwdXWnmkfFHSJCmaMbtvDHOkEP4IwS5tHHa8pjTMeJyIw5g8C0hY2gQcK4Is7K93zOJwdsYH4xYMJkq9I/Q+05g5ebnKVC8/lfiGhIQ4/9RVz7H6SKjvZ1LXyJeKQhaVcsXJv/h8v3PqxIaZ8C6K5WAlqXQliTfu//WBNOYYEInwSzD5SxLVmVnyW5o/oDtA5HwZoeecY=&u=U2FsdGVkX18NSk+rvrwN4D9pfLtSQinGFvqE8l+oMZcClaF2yTSTYsRp4zEb1PgD&y=U2FsdGVkX1/Mj3rjCamffZ9aTBkPbiP9nK0BxgRJyVugZdSuV96/9VGTDmo41YVw HTTP/1.1" 200 359
186.102.32.205 - - [30/Oct/2022:10:08:47 -0500] "GET /kwssiamovil/sm/acme/s?s=U2FsdGVkX188nOXl5UMlYtSpULOokGoGyvZB+iQiWlaxXY2FfuQsUhwIbnLQgBliui6C/T16T5aGoGdxrjciA735WOZDIH4Pb9j5Zo2vUziyI+tWX3PUjyJheyusOAidqdBQnX8tqmP6dQlFaEXmuZM0YRpqlI9tAhEnd1x/uEa1MW+0Tp08+OD+KT+VHxW1vuKKZZ195/LraEBG9UOkVSdgVMHieod0Am8g1J0SSDAVqcmkza1olaEQvca6F0O+tm9iyWDwgSq5Ep9y3Auie2KTrq6p5JlAB1XJ0eePpk8IRu8uqwQQq+OdLkldlgxki7So66qGe56ZTA2RJr/lNgrwmfbwm3/qC2mRLCCUXJI=&u=U2FsdGVkX18NSk+rvrwN4D9pfLtSQinGFvqE8l+oMZcClaF2yTSTYsRp4zEb1PgD&y=U2FsdGVkX1/Mj3rjCamffZ9aTBkPbiP9nK0BxgRJyVugZdSuV96/9VGTDmo41YVw HTTP/1.1" 200 196
186.102.32.205 - - [30/Oct/2022:10:08:48 -0500] "GET /kwssiamovil/sm/cjson/pre?f=1&x=U2FsdGVkX1+QecVV/21jOrQ1uXX3DMlAwPqYsS93+ui0PqG8bB0XkO1pYDMxyeev HTTP/1.1" 200 30992
216.245.221.92 - - [30/Oct/2022:10:09:49 -0500] "HEAD / HTTP/1.1" 200 -
172.22.2.4 - - [30/Oct/2022:10:10:29 -0500] "HEAD /BLA/boletinlegal/ HTTP/1.1" 200 -
172.22.2.4 - - [30/Oct/2022:10:11:20 -0500] "GET /BLA/boletinlegal/ HTTP/1.1" 200 57725
201.245.192.253 - - [30/Oct/2022:10:13:30 -0500] "POST /kwsrmcab/Wsrmcab  HTTP/1.1" 200 42272
216.245.221.92 - - [30/Oct/2022:10:14:49 -0500] "HEAD / HTTP/1.1" 200 -
190.27.165.204 - - [30/Oct/2022:10:15:09 -0500] "GET /sipse/imagenes/cargando.gif HTTP/1.1" 302 -
190.27.165.204 - - [30/Oct/2022:10:15:09 -0500] "GET /sipse/faces/autenticacion.xhtml HTTP/1.1" 200 12181
190.27.165.204 - - [30/Oct/2022:10:15:09 -0500] "GET /sipse/css/imagen/logoSDG.png HTTP/1.1" 200 15714
190.27.165.204 - - [30/Oct/2022:10:15:09 -0500] "GET /sipse/css/imagen/contrasena.png HTTP/1.1" 404 383
190.27.165.204 - - [30/Oct/2022:10:15:10 -0500] "POST /sipse/faces/presentacion/financiero/solicitudProceso/listarSolicitudProceso.xhtml HTTP/1.1" 302 -
190.27.165.204 - - [30/Oct/2022:10:15:10 -0500] "GET /sipse/faces/autenticacion.xhtml HTTP/1.1" 200 1099
190.27.165.204 - - [30/Oct/2022:10:15:10 -0500] "POST /sipse/faces/presentacion/financiero/solicitudProceso/listarSolicitudProceso.xhtml HTTP/1.1" 302 -
190.27.165.204 - - [30/Oct/2022:10:15:10 -0500] "GET /sipse/faces/autenticacion.xhtml HTTP/1.1" 200 1099
190.27.165.204 - - [30/Oct/2022:10:15:15 -0500] "POST /sipse/faces/presentacion/financiero/solicitudProceso/listarSolicitudProceso.xhtml HTTP/1.1" 302 -
190.27.165.204 - - [30/Oct/2022:10:15:15 -0500] "GET /sipse/faces/autenticacion.xhtml HTTP/1.1" 200 1099
190.27.165.204 - - [30/Oct/2022:10:15:22 -0500] "GET /sipse/faces/faces/faces/faces/faces/faces/faces/faces/faces/faces/faces/faces/faces/faces/autenticacion.xhtml HTTP/1.1" 200 12181
190.27.165.204 - - [30/Oct/2022:10:15:22 -0500] "GET /sipse/faces/javax.faces.resource/theme.css?ln=primefaces-sipse HTTP/1.1" 304 -
190.27.165.204 - - [30/Oct/2022:10:15:22 -0500] "GET /sipse/faces/javax.faces.resource/primefaces.css?ln=primefaces&v=4.0 HTTP/1.1" 304 -
190.27.165.204 - - [30/Oct/2022:10:15:22 -0500] "GET /sipse/faces/javax.faces.resource/layout/layout.css?ln=primefaces&v=4.0 HTTP/1.1" 304 -
190.27.165.204 - - [30/Oct/2022:10:15:22 -0500] "GET /sipse/faces/javax.faces.resource/jquery/jquery.js?ln=primefaces&v=4.0 HTTP/1.1" 304 -
190.27.165.204 - - [30/Oct/2022:10:15:22 -0500] "GET /sipse/faces/javax.faces.resource/jquery/jquery-plugins.js?ln=primefaces&v=4.0 HTTP/1.1" 304 -
190.27.165.204 - - [30/Oct/2022:10:15:22 -0500] "GET /sipse/faces/javax.faces.resource/primefaces.js?ln=primefaces&v=4.0 HTTP/1.1" 304 -
190.27.165.204 - - [30/Oct/2022:10:15:22 -0500] "GET /sipse/faces/javax.faces.resource/layout/layout.js?ln=primefaces&v=4.0 HTTP/1.1" 304 -
190.27.165.204 - - [30/Oct/2022:10:15:23 -0500] "GET /sipse/faces/javax.faces.resource/images/ui-icons_898989_256x240.png?ln=primefaces-aristo HTTP/1.1" 304 -
190.27.165.204 - - [30/Oct/2022:10:15:23 -0500] "GET /sipse/css/imagen/loginimg.png HTTP/1.1" 200 16070
190.27.165.204 - - [30/Oct/2022:10:15:28 -0500] "POST /sipse/faces/autenticacion.xhtml HTTP/1.1" 200 2220
190.27.165.204 - - [30/Oct/2022:10:15:28 -0500] "GET /sipse/faces/javax.faces.resource/messages/messages.png?ln=primefaces&v=4.0 HTTP/1.1" 200 27209
190.27.165.204 - - [30/Oct/2022:10:15:29 -0500] "POST /sipse/faces/autenticacion.xhtml HTTP/1.1" 200 16264
190.27.165.204 - - [30/Oct/2022:10:15:29 -0500] "GET /sipse/faces/javax.faces.resource/jquery/jquery.js?ln=primefaces&v=4.0 HTTP/1.1" 304 -
190.27.165.204 - - [30/Oct/2022:10:15:29 -0500] "GET /sipse/faces/javax.faces.resource/jquery/jquery-plugins.js?ln=primefaces&v=4.0 HTTP/1.1" 304 -
190.27.165.204 - - [30/Oct/2022:10:15:29 -0500] "GET /sipse/faces/javax.faces.resource/primefaces.js?ln=primefaces&v=4.0 HTTP/1.1" 304 -
190.27.165.204 - - [30/Oct/2022:10:15:29 -0500] "GET /sipse/faces/javax.faces.resource/layout/layout.js?ln=primefaces&v=4.0 HTTP/1.1" 304 -
190.27.165.204 - - [30/Oct/2022:10:15:32 -0500] "GET /sipse/faces/javax.faces.resource/images/ui-bg_flat_0_2d5972_40x100.png?ln=primefaces-aristo HTTP/1.1" 304 -
190.27.165.204 - - [30/Oct/2022:10:15:32 -0500] "POST /sipse/faces/bienvenido.xhtml HTTP/1.1" 200 2658
190.27.165.204 - - [30/Oct/2022:10:15:33 -0500] "POST /sipse/faces/bienvenido.xhtml HTTP/1.1" 200 65430
190.27.165.204 - - [30/Oct/2022:10:15:33 -0500] "GET /sipse/faces/javax.faces.resource/jquery/jquery.js?ln=primefaces&v=4.0 HTTP/1.1" 304 -
190.27.165.204 - - [30/Oct/2022:10:15:34 -0500] "GET /sipse/faces/javax.faces.resource/jquery/jquery-plugins.js?ln=primefaces&v=4.0 HTTP/1.1" 304 -
190.27.165.204 - - [30/Oct/2022:10:15:34 -0500] "GET /sipse/faces/javax.faces.resource/primefaces.js?ln=primefaces&v=4.0 HTTP/1.1" 304 -
190.27.165.204 - - [30/Oct/2022:10:15:34 -0500] "GET /sipse/faces/javax.faces.resource/layout/layout.js?ln=primefaces&v=4.0 HTTP/1.1" 304 -
190.27.165.204 - - [30/Oct/2022:10:15:34 -0500] "POST /sipse/faces/presentacion/financiero/solicitudProceso/listarSolicitudProceso.xhtml HTTP/1.1" 200 1560
190.27.165.204 - - [30/Oct/2022:10:15:40 -0500] "POST /sipse/faces/presentacion/financiero/solicitudProceso/listarSolicitudProceso.xhtml HTTP/1.1" 200 114425
190.27.165.204 - - [30/Oct/2022:10:15:41 -0500] "GET /sipse/faces/javax.faces.resource/jquery/jquery.js?ln=primefaces&v=4.0 HTTP/1.1" 304 -
190.27.165.204 - - [30/Oct/2022:10:15:41 -0500] "GET /sipse/faces/javax.faces.resource/jquery/jquery-plugins.js?ln=primefaces&v=4.0 HTTP/1.1" 304 -
190.27.165.204 - - [30/Oct/2022:10:15:41 -0500] "GET /sipse/faces/javax.faces.resource/primefaces.js?ln=primefaces&v=4.0 HTTP/1.1" 304 -
190.27.165.204 - - [30/Oct/2022:10:15:41 -0500] "GET /sipse/faces/javax.faces.resource/layout/layout.js?ln=primefaces&v=4.0 HTTP/1.1" 304 -
190.27.165.204 - - [30/Oct/2022:10:15:41 -0500] "GET /sipse/faces/javax.faces.resource/dynamiccontent.properties?ln=primefaces&pfdrid=XjOR5%2F%2FfPAZAuY9TpWQeCiM0BhlXxYRBGKi%2FQcXXfeA%3D&pfdrid_c=false HTTP/1.1" 500 383
186.102.32.205 - - [30/Oct/2022:10:17:21 -0500] "GET /kwssiamovil/sm/acme/a?s=U2FsdGVkX18ksW/vwDx+5CQolOLPTsKhnDSfHWri3BNPfNEbv795xIoTjeHayf1CSmWtzRDELhB611NqiG6YENYfrJf8BtvMnSe0RNv2VxsYrlXDlx6bxRJJM+8zefX7rPy3crZEl8rT5GnH2wpFx3FjkQ0FmoHORnqPQYoIFUDheGJFRTOpxlf5sopKlwwD31y7w1Xwo95nXtFk1CGZcOB1u/wI0H7K7VAEQCVoaNuszwGfvjkiOavU5ES1eU3ZshC8Cd1no4sjUhcVlrpbpA==&u=U2FsdGVkX18NSk+rvrwN4D9pfLtSQinGFvqE8l+oMZcClaF2yTSTYsRp4zEb1PgD&y=U2FsdGVkX1/Mj3rjCamffZ9aTBkPbiP9nK0BxgRJyVugZdSuV96/9VGTDmo41YVw HTTP/1.1" 200 26
186.102.32.205 - - [30/Oct/2022:10:17:21 -0500] "GET /kwssiamovil/sm/acme/a?s=U2FsdGVkX18yhymfD92FOm2N9TFEJ1qbGEcbq5bWZh73goOQDdYJT21UBrqGRW7An0iEqLhedox2lfKrL7AHVGplSyGDClft1Cb1WhDe56u0XXYpmeYHkJu4UUzMDYN1w0oHvjeoBTBVPCrSJLG8ZIW7aViUcfpfGFxuzViWyk0wDHQWxIKX8TlMocORrAs4m6FQgUzNZGwwr96CsBvBMSTU+sE8qMIJUs3GIxq5W1+0GjVXeDqv+wgrgsrWeu22nINfunTolQOVVKTCjmsA+RoFQyO76ZnKLSjgn/CiG+fwsN3FpNq+zI/SqSuX+Lfo+dxkAcm2kSVlCc5/LpGUhUjmf2Y6KUtnAX5Zct7PTNPieBZ8dRtYZLf4WDOVfeRwBCNeRkkZ/yX00ynFQdlwdCaiRYgley4kd0YySdayp94Tsqxy2Y06BM88rOBwVz9ucnc+7U8JuvE2/v/n/V+bsLafQfET+VouCm9aUbVvcYKjU81SVUpxU7bb2f5qEJyR1O9rIcEEoF0ueFjEYzd3gVXflNg77B+FN2Khf3Pk34/rzriKbK4g8hU3/2mbdnggCK8iFnp1601vWqkkQAnuGjTVlDeJwFnUXkEtO69YgcImu3HbpG5kyZKnvTjZEcUzscsmAybRSVFryVZGfuNqIHEQduZaIYJ/YmIqFy/3cXqQS80sTzreqcEJbfHjZWsfRXTIwsSZXf0DgSzxuEawnMuZV/O9o1+Tb4VvRceieIS9emvZHQy8OJR6mmHHHTcpvwrZEi54ez1tyQDQEoxKLJMj/wvnaFy2iACZmyUC6FBPnKm1BYlzPiJym0pCH4qaqfmLGkMN2Z3F49tjBUQsBxRkLy+Yw/D1mLaGZV7rsGc9bBHRAtucB/b/VPWGEORVLcF+TSeVXDnql5bG4ZfpaQjC1mMDogHjyVREd1hPVvjy5EbatWnnF6Ge7cKfFqVDRN3U7TbTmTuR1qvCxqhgYQi49ddvgpYxhK29Ak8lG+oJzl63GyNipoidhnpZIeyN3ubU4VNua2pCihv0PR7ScoRhxtJSouLmvYq50waKK9Uv6SbJPuyNORTtnD/VADlRqveCQ8eBbQpgHp/stWVlDwIfbtJfOxvVSQfCq6Ecm8g3SpFtAqpNGYYpOrO69jr++XNNv8yVyz0JiaKXkgwgxfqyLGLhHKo1mneNF2xd/qFTdv6YQfuM5WPdnXT0/tO6Ft22D0IBCuZzBPP8uLB8KVTCQ0oAnN6Fa0oTauQBVr5S9N1jZhgyE99vOBcM5HBzqciGiULtDJ+9aO7NXU299a/S92pzg/MtODBCIpbPkr6BK3aWoLn9eucl4sYGk0ehwYigJOoUtv2vG+rZkDw2qC98DkM8/W8Xb2EmfqJUml1ataqPC3IZF2vOCLSuvDytgi9wvzA9M8cmMa6jzQHUaJBVId/OL3DYgnaDmXhJ8eGD9uOGWBjal3i3+j6ggBIAaILTrwwdF4pabiC4If6aUjHjJ5LYZ4ZyskeIPTCTreJSp7lOd2OO1YECiks1M5VK11chGxZd7ctae0UtK/+bwOjTUOyxkPPib6WFhvSPbYV0NpaqrUzePl7E2AxwEmWdm3lIsd7fHJKEu2rKwx6vDqGEv66Q8aC+9HM77TO+Pt9PpaVsNytCT3FejEbQN0Fn0Z9e4vOK8c9h9F6SMXhYmWOKM5z+lAbNwhAnDCxmV5gzhsb5kyiemmRlRMsOThjrizj1+0pJKbfkiOZ352vl10bpeaNCodbDa+iSAePMW7JaXDefMQmaBdCJ6lKKiau95GedkFtiylvVmzBWrPjxyA==&u=U2FsdGVkX18NSk+rvrwN4D9pfLtSQinGFvqE8l+oMZcClaF2yTSTYsRp4zEb1PgD&y=U2FsdGVkX1/Mj3rjCamffZ9aTBkPbiP9nK0BxgRJyVugZdSuV96/9VGTDmo41YVw HTTP/1.1" 200 26
186.102.32.205 - - [30/Oct/2022:10:17:22 -0500] "GET /kwssiamovil/sm/acme/a?s=U2FsdGVkX1+JswV3x4WTjngFnuJnBJgCYolEGqp7HfyRWxMF8mjQGbzBW9zhrDZ5GKDy8JDTKpq7oC3FdHP/4+BZ1snWvhvLKLp8pUbrkp4NODHGgZlzrfeO0AB9ZJCndfOyOEtqzhg7IB0XyOUyLVqoT7OAGZxGHKVVjy3yqjE=&u=U2FsdGVkX18NSk+rvrwN4D9pfLtSQinGFvqE8l+oMZcClaF2yTSTYsRp4zEb1PgD&y=U2FsdGVkX1/Mj3rjCamffZ9aTBkPbiP9nK0BxgRJyVugZdSuV96/9VGTDmo41YVw HTTP/1.1" 200 26
186.102.32.205 - - [30/Oct/2022:10:17:22 -0500] "GET /kwssiamovil/sm/acme/a?s=U2FsdGVkX18zzR4IjSFPQg4b7zoO+LqIASSTL/daqdlsdZu4gGi7k0y7IQtLhnMY9+43VS0dq3HkgVHGuh113lLnwWX3QYOvRquEE2kjMRooxNsZif2I6YS2Eagtl1M96gzLMFwbdZmK+LV1ekU38dMi52t9DcCJpc1cV1/khtk=&u=U2FsdGVkX18NSk+rvrwN4D9pfLtSQinGFvqE8l+oMZcClaF2yTSTYsRp4zEb1PgD&y=U2FsdGVkX1/Mj3rjCamffZ9aTBkPbiP9nK0BxgRJyVugZdSuV96/9VGTDmo41YVw HTTP/1.1" 200 26
186.102.32.205 - - [30/Oct/2022:10:17:22 -0500] "GET /kwssiamovil/sm/acme/a?s=U2FsdGVkX19Fm92ql2rHs11e9Fh2lWjjWid9QqE20gRCfPNu363mnHBTqrUZChSo0mfgClXE+6u0e2/qQ1u+mYc9vaHyxmXyVVhypi9IF6fQ54/4EXg2Tg9LT+q5zHTxta6adOJstl838cr8Tdp2XexGxdQCBBJWr7jeI4Ro710=&u=U2FsdGVkX18NSk+rvrwN4D9pfLtSQinGFvqE8l+oMZcClaF2yTSTYsRp4zEb1PgD&y=U2FsdGVkX1/Mj3rjCamffZ9aTBkPbiP9nK0BxgRJyVugZdSuV96/9VGTDmo41YVw HTTP/1.1" 200 26
186.102.32.205 - - [30/Oct/2022:10:17:22 -0500] "GET /kwssiamovil/sm/acme/a?s=U2FsdGVkX18ZaYHRtpXLIW8QF4oglhp33Mtfo3/rr4agutnY8889ySCCMRFWVS1e8a2J4rov74Sn0ElJCvjbU543Fl23jTAAeKE5YGIx9t1EZNZGUgpgn28SZkbX3EsqEIDSBdcJm3MoZudheeyN1ActwlnnCPfKUmBGjjpWjg2Nxdl3Jtz4W4bCm4kv9gEqHj+rradtdHcw7DM3UQ7MNA==&u=U2FsdGVkX18NSk+rvrwN4D9pfLtSQinGFvqE8l+oMZcClaF2yTSTYsRp4zEb1PgD&y=U2FsdGVkX1/Mj3rjCamffZ9aTBkPbiP9nK0BxgRJyVugZdSuV96/9VGTDmo41YVw HTTP/1.1" 200 26
93.158.161.76 - - [30/Oct/2022:10:17:37 -0500] "-" 408 -
172.22.2.4 - - [30/Oct/2022:10:16:19 -0500] "HEAD /BLA/boletinlegal/ HTTP/1.1" 200 -
201.245.192.253 - - [30/Oct/2022:10:18:29 -0500] "POST /kwsrmcab/Wsrmcab  HTTP/1.1" 200 42272
172.22.2.4 - - [30/Oct/2022:10:17:10 -0500] "GET /BLA/boletinlegal/ HTTP/1.1" 200 59828
207.46.13.50 - - [30/Oct/2022:10:18:52 -0500] "GET /BLA/resoluciones/RESOLUCIONES%202022/0682.pdf HTTP/1.1" 304 -
216.245.221.92 - - [30/Oct/2022:10:19:49 -0500] "HEAD / HTTP/1.1" 200 -
157.55.39.195 - - [30/Oct/2022:10:21:13 -0500] "GET /galeria/galeria/fotos/cusumbo4G.jpg HTTP/1.1" 200 292522
201.245.192.253 - - [30/Oct/2022:10:21:42 -0500] "POST /kwsrmcab/Wsrmcab HTTP/1.1" 200 41195
201.245.192.253 - - [30/Oct/2022:10:21:45 -0500] "POST /kwsrmcab/Wsrmcab HTTP/1.1" 200 42412
201.245.192.253 - - [30/Oct/2022:10:23:28 -0500] "POST /kwsrmcab/Wsrmcab  HTTP/1.1" 200 42272
172.22.2.4 - - [30/Oct/2022:10:22:09 -0500] "HEAD /BLA/boletinlegal/ HTTP/1.1" 200 -
157.55.39.201 - - [30/Oct/2022:10:24:13 -0500] "GET /BLA/resoluciones/AUTOS%202007/0954.pdf HTTP/1.1" 200 23113
172.22.2.4 - - [30/Oct/2022:10:23:00 -0500] "GET /BLA/boletinlegal/ HTTP/1.1" 200 59828
216.245.221.92 - - [30/Oct/2022:10:24:49 -0500] "HEAD / HTTP/1.1" 200 -
172.22.2.4 - - [30/Oct/2022:10:27:21 -0500] "GET /BLA/boletinlegal/actos.php HTTP/1.1" 200 9566
190.24.59.182 - - [30/Oct/2022:10:27:26 -0500] "GET /BLA/resoluciones/ HTTP/1.1" 200 13093
190.24.59.182 - - [30/Oct/2022:10:27:28 -0500] "GET /BLA/resoluciones/index.php?dir=AUTOS+2022%2F HTTP/1.1" 200 324982
201.245.192.253 - - [30/Oct/2022:10:28:27 -0500] "POST /kwsrmcab/Wsrmcab  HTTP/1.1" 200 42272
77.88.5.214 - - [30/Oct/2022:10:28:35 -0500] "-" 408 -
40.77.167.50 - - [30/Oct/2022:10:29:19 -0500] "GET /portaldeninos/wp-content/uploads/2021/11/dibujos-concurso-vuelo-pajaro-relatos-27-mayo-768x760.jpg HTTP/1.1" 200 79739
172.22.2.4 - - [30/Oct/2022:10:27:59 -0500] "HEAD /BLA/boletinlegal/ HTTP/1.1" 200 -
216.245.221.92 - - [30/Oct/2022:10:29:49 -0500] "HEAD / HTTP/1.1" 200 -
172.22.2.4 - - [30/Oct/2022:10:28:50 -0500] "GET /BLA/boletinlegal/ HTTP/1.1" 200 57375
157.55.39.69 - - [30/Oct/2022:10:31:29 -0500] "GET /Publicaciones/2022EE247284.pdf HTTP/1.1" 404 228
201.245.192.253 - - [30/Oct/2022:10:31:42 -0500] "POST /kwsrmcab/Wsrmcab HTTP/1.1" 200 41195
201.245.192.253 - - [30/Oct/2022:10:31:44 -0500] "POST /kwsrmcab/Wsrmcab HTTP/1.1" 200 42412
207.46.13.50 - - [30/Oct/2022:10:32:42 -0500] "GET /BLA/resoluciones/RESOLUCIONES%202018/3423.pdf HTTP/1.1" 304 -
201.245.192.253 - - [30/Oct/2022:10:33:26 -0500] "POST /kwsrmcab/Wsrmcab  HTTP/1.1" 200 42272
172.22.2.4 - - [30/Oct/2022:10:34:09 -0500] "GET /BLA/boletinlegal/robots.txt HTTP/1.1" 404 1038
114.119.130.32 - - [30/Oct/2022:10:34:16 -0500] "GET /portaldeninos/wp-content/uploads/useanyfont/uaf.css?ver=1589905315 HTTP/1.1" 200 408
114.119.130.32 - - [30/Oct/2022:10:34:16 -0500] "GET /portaldeninos/wp-content/themes/betheme/style.css?ver=20.9.6 HTTP/1.1" 200 287
114.119.130.32 - - [30/Oct/2022:10:34:16 -0500] "GET /portaldeninos/wp-content/plugins/gallery-videos/CSS/totalsoft.css?ver=4.9.8 HTTP/1.1" 200 40622
114.119.130.32 - - [30/Oct/2022:10:34:16 -0500] "GET /portaldeninos/wp-content/plugins/gallery-videos/CSS/Total-Soft-Gallery-Video-Widget.css?ver=4.9.8 HTTP/1.1" 200 51554
114.119.130.32 - - [30/Oct/2022:10:34:16 -0500] "GET /portaldeninos/wp-content/themes/betheme/css/base.css?ver=20.9.6 HTTP/1.1" 200 57283
114.119.130.32 - - [30/Oct/2022:10:34:16 -0500] "GET /portaldeninos/wp-content/themes/betheme/assets/animations/animations.min.css?ver=20.9.6 HTTP/1.1" 200 58508
114.119.130.32 - - [30/Oct/2022:10:34:17 -0500] "GET /portaldeninos/wp-content/themes/betheme/assets/ui/jquery.ui.all.css?ver=20.9.6 HTTP/1.1" 200 18765
114.119.130.32 - - [30/Oct/2022:10:34:16 -0500] "GET /portaldeninos/wp-content/themes/betheme/css/layout.css?ver=20.9.6 HTTP/1.1" 200 116639
114.119.130.32 - - [30/Oct/2022:10:34:17 -0500] "GET /portaldeninos/wp-content/themes/betheme/assets/jplayer/css/jplayer.blue.monday.css?ver=20.9.6 HTTP/1.1" 200 9834
114.119.130.32 - - [30/Oct/2022:10:34:18 -0500] "GET /portaldeninos/wp-includes/js/jquery/jquery-migrate.min.js?ver=1.4.1 HTTP/1.1" 200 10056
114.119.130.32 - - [30/Oct/2022:10:34:16 -0500] "GET /portaldeninos/wp-content/themes/betheme/css/shortcodes.css?ver=20.9.6 HTTP/1.1" 200 138889
114.119.130.32 - - [30/Oct/2022:10:34:18 -0500] "GET /portaldeninos/wp-includes/js/jquery/ui/core.min.js?ver=1.11.4 HTTP/1.1" 200 4000
114.119.130.32 - - [30/Oct/2022:10:34:18 -0500] "GET /portaldeninos/wp-content/plugins/google-analytics-for-wordpress/assets/js/frontend-gtag.min.js?ver=8.5.0 HTTP/1.1" 200 11801
114.119.130.32 - - [30/Oct/2022:10:34:18 -0500] "GET /portaldeninos/wp-content/plugins/gallery-videos/JS/modernizr.custom.js?ver=4.9.8 HTTP/1.1" 200 9019
114.119.130.32 - - [30/Oct/2022:10:34:17 -0500] "GET /portaldeninos/wp-content/themes/betheme/css/responsive.css?ver=20.9.6 HTTP/1.1" 200 55740
114.119.130.32 - - [30/Oct/2022:10:34:18 -0500] "GET /portaldeninos/wp-includes/js/jquery/ui/widget.min.js?ver=1.11.4 HTTP/1.1" 200 6908
114.119.130.32 - - [30/Oct/2022:10:34:18 -0500] "GET /portaldeninos/wp-includes/js/jquery/ui/mouse.min.js?ver=1.11.4 HTTP/1.1" 200 3148
114.119.130.32 - - [30/Oct/2022:10:34:18 -0500] "GET /portaldeninos/wp-includes/js/jquery/ui/accordion.min.js?ver=1.11.4 HTTP/1.1" 200 8584
114.119.130.32 - - [30/Oct/2022:10:34:18 -0500] "GET /portaldeninos/wp-includes/js/jquery/jquery.js?ver=1.12.4 HTTP/1.1" 200 97184
114.119.130.32 - - [30/Oct/2022:10:34:18 -0500] "GET /portaldeninos/wp-content/plugins/gallery-videos/JS/Total-Soft-Gallery-Video-Widget.js?ver=4.9.8 HTTP/1.1" 200 80264
114.119.130.32 - - [30/Oct/2022:10:34:18 -0500] "GET /portaldeninos/wp-includes/js/jquery/ui/tabs.min.js?ver=1.11.4 HTTP/1.1" 200 12110
114.119.130.32 - - [30/Oct/2022:10:34:19 -0500] "GET /portaldeninos/wp-content/themes/betheme/js/menu.js?ver=20.9.6 HTTP/1.1" 200 2449
114.119.130.32 - - [30/Oct/2022:10:34:19 -0500] "GET /portaldeninos/wp-content/themes/betheme/assets/animations/animations.min.js?ver=20.9.6 HTTP/1.1" 200 1896
114.119.130.32 - - [30/Oct/2022:10:34:18 -0500] "GET /portaldeninos/wp-includes/js/jquery/ui/sortable.min.js?ver=1.11.4 HTTP/1.1" 200 24899
114.119.130.32 - - [30/Oct/2022:10:34:19 -0500] "GET /portaldeninos/wp-includes/js/wp-embed.min.js?ver=4.9.8 HTTP/1.1" 200 1398
114.119.130.32 - - [30/Oct/2022:10:34:19 -0500] "GET /portaldeninos/wp-includes/js/wp-emoji-release.min.js?ver=4.9.8 HTTP/1.1" 200 12026
114.119.130.32 - - [30/Oct/2022:10:34:19 -0500] "GET /portaldeninos/wp-content/themes/betheme/assets/jplayer/jplayer.min.js?ver=20.9.6 HTTP/1.1" 200 52702
114.119.130.32 - - [30/Oct/2022:10:34:19 -0500] "GET /portaldeninos/wp-content/themes/betheme/js/scripts.js?ver=20.9.6 HTTP/1.1" 200 77162
114.119.130.32 - - [30/Oct/2022:10:34:18 -0500] "GET /portaldeninos/wp-content/themes/betheme/js/plugins.js?ver=20.9.6 HTTP/1.1" 200 197151
216.245.221.92 - - [30/Oct/2022:10:34:49 -0500] "HEAD / HTTP/1.1" 200 -
172.22.2.4 - - [30/Oct/2022:10:33:49 -0500] "HEAD /BLA/boletinlegal/ HTTP/1.1" 200 -
172.22.2.4 - - [30/Oct/2022:10:34:11 -0500] "GET /BLA/boletinlegal/index.php HTTP/1.1" 200 47823
172.22.2.4 - - [30/Oct/2022:10:34:40 -0500] "GET /BLA/boletinlegal/ HTTP/1.1" 200 50395
109.237.98.226 - - [30/Oct/2022:10:37:31 -0500] "GET /.env HTTP/1.1" 404 1018
109.237.98.226 - - [30/Oct/2022:10:37:31 -0500] "\x16\x03\x01\x01H\x01" 400 226
201.245.192.253 - - [30/Oct/2022:10:38:25 -0500] "POST /kwsrmcab/Wsrmcab  HTTP/1.1" 200 42272
77.88.5.10 - - [30/Oct/2022:10:38:42 -0500] "-" 408 -
66.175.213.4 - - [30/Oct/2022:10:39:44 -0500] "\x16\x03\x01" 400 226
216.245.221.92 - - [30/Oct/2022:10:39:49 -0500] "HEAD / HTTP/1.1" 200 -
172.22.2.4 - - [30/Oct/2022:10:39:39 -0500] "HEAD /BLA/boletinlegal/ HTTP/1.1" 200 -
201.245.192.253 - - [30/Oct/2022:10:41:42 -0500] "POST /kwsrmcab/Wsrmcab HTTP/1.1" 200 41195
201.245.192.253 - - [30/Oct/2022:10:41:45 -0500] "POST /kwsrmcab/Wsrmcab HTTP/1.1" 200 42412
172.22.2.4 - - [30/Oct/2022:10:40:30 -0500] "GET /BLA/boletinlegal/ HTTP/1.1" 200 56014
201.245.192.253 - - [30/Oct/2022:10:43:24 -0500] "POST /kwsrmcab/Wsrmcab  HTTP/1.1" 200 42272
216.245.221.92 - - [30/Oct/2022:10:44:49 -0500] "HEAD / HTTP/1.1" 200 -
172.22.2.4 - - [30/Oct/2022:10:45:29 -0500] "HEAD /BLA/boletinlegal/ HTTP/1.1" 200 -
172.22.2.4 - - [30/Oct/2022:10:46:20 -0500] "GET /BLA/boletinlegal/ HTTP/1.1" 200 59828
201.245.192.253 - - [30/Oct/2022:10:48:23 -0500] "POST /kwsrmcab/Wsrmcab  HTTP/1.1" 200 42272
77.88.5.164 - - [30/Oct/2022:10:48:58 -0500] "-" 408 -
216.245.221.92 - - [30/Oct/2022:10:49:49 -0500] "HEAD / HTTP/1.1" 200 -
172.22.2.4 - - [30/Oct/2022:10:51:19 -0500] "HEAD /BLA/boletinlegal/ HTTP/1.1" 200 -
201.245.192.253 - - [30/Oct/2022:10:53:22 -0500] "POST /kwsrmcab/Wsrmcab  HTTP/1.1" 200 42272
172.22.2.4 - - [30/Oct/2022:10:52:10 -0500] "GET /BLA/boletinlegal/ HTTP/1.1" 200 59828
216.245.221.92 - - [30/Oct/2022:10:54:49 -0500] "HEAD / HTTP/1.1" 200 -
40.77.167.69 - - [30/Oct/2022:10:55:08 -0500] "GET /portaldeninos/2021/06/20/mas-de-130-arboles-fueron-plantados-en-el-humedal-la-conejera-con-comunidad-educativa/ HTTP/1.1" 200 107808
207.46.13.209 - - [30/Oct/2022:10:55:24 -0500] "GET /portaldeninos/wp-content/plugins/gallery-videos/CSS/totalsoft.css?ver=4.9.8 HTTP/1.1" 200 40622
207.46.13.209 - - [30/Oct/2022:10:55:24 -0500] "GET /portaldeninos/wp-content/themes/betheme/assets/ui/jquery.ui.all.css?ver=20.9.6 HTTP/1.1" 200 18765
207.46.13.209 - - [30/Oct/2022:10:55:24 -0500] "GET /portaldeninos/wp-content/themes/betheme/css/layout.css?ver=20.9.6 HTTP/1.1" 200 116639
207.46.13.209 - - [30/Oct/2022:10:55:25 -0500] "GET /portaldeninos/wp-content/themes/betheme/js/scripts.js?ver=20.9.6 HTTP/1.1" 200 77162
207.46.13.209 - - [30/Oct/2022:10:55:25 -0500] "GET /portaldeninos/wp-content/uploads/useanyfont/uaf.css?ver=1589905315 HTTP/1.1" 200 408
207.46.13.209 - - [30/Oct/2022:10:55:25 -0500] "GET /portaldeninos/wp-includes/js/jquery/jquery.js?ver=1.12.4 HTTP/1.1" 200 97184
40.77.167.69 - - [30/Oct/2022:10:55:27 -0500] "GET /portaldeninos/wp-content/themes/betheme/assets/jplayer/jplayer.min.js?ver=20.9.6 HTTP/1.1" 200 52702
40.77.167.70 - - [30/Oct/2022:10:55:28 -0500] "GET /portaldeninos/wp-content/themes/betheme/assets/animations/animations.min.js?ver=20.9.6 HTTP/1.1" 200 1896
207.46.13.179 - - [30/Oct/2022:10:55:29 -0500] "GET /portaldeninos/wp-content/themes/betheme/assets/animations/animations.min.css?ver=20.9.6 HTTP/1.1" 200 58508
207.46.13.217 - - [30/Oct/2022:10:55:30 -0500] "GET /portaldeninos/wp-content/themes/betheme/js/menu.js?ver=20.9.6 HTTP/1.1" 200 2449
207.46.13.179 - - [30/Oct/2022:10:55:30 -0500] "GET /portaldeninos/wp-includes/js/jquery/ui/accordion.min.js?ver=1.11.4 HTTP/1.1" 200 8584
207.46.13.179 - - [30/Oct/2022:10:55:30 -0500] "GET /portaldeninos/wp-includes/js/wp-embed.min.js?ver=4.9.8 HTTP/1.1" 200 1398
40.77.167.50 - - [30/Oct/2022:10:55:34 -0500] "GET /portaldeninos/wp-content/plugins/gallery-videos/CSS/Total-Soft-Gallery-Video-Widget.css?ver=4.9.8 HTTP/1.1" 200 51554
40.77.167.50 - - [30/Oct/2022:10:55:34 -0500] "GET /portaldeninos/wp-content/plugins/gallery-videos/JS/modernizr.custom.js?ver=4.9.8 HTTP/1.1" 200 9019
40.77.167.50 - - [30/Oct/2022:10:55:34 -0500] "GET /portaldeninos/wp-content/themes/betheme/assets/jplayer/css/jplayer.blue.monday.css?ver=20.9.6 HTTP/1.1" 200 9834
40.77.167.50 - - [30/Oct/2022:10:55:34 -0500] "GET /portaldeninos/wp-content/themes/betheme/css/base.css?ver=20.9.6 HTTP/1.1" 200 57283
40.77.167.50 - - [30/Oct/2022:10:55:35 -0500] "GET /portaldeninos/wp-content/themes/betheme/css/responsive.css?ver=20.9.6 HTTP/1.1" 200 55740
40.77.167.50 - - [30/Oct/2022:10:55:35 -0500] "GET /portaldeninos/wp-includes/js/comment-reply.min.js?ver=4.9.8 HTTP/1.1" 200 1078
40.77.167.50 - - [30/Oct/2022:10:55:35 -0500] "GET /portaldeninos/wp-includes/js/jquery/jquery-migrate.min.js?ver=1.4.1 HTTP/1.1" 200 10056
40.77.167.70 - - [30/Oct/2022:10:55:41 -0500] "GET /portaldeninos/wp-content/themes/betheme/css/shortcodes.css?ver=20.9.6 HTTP/1.1" 200 138889
40.77.167.70 - - [30/Oct/2022:10:55:41 -0500] "GET /portaldeninos/wp-content/themes/betheme/style.css?ver=20.9.6 HTTP/1.1" 200 287
40.77.167.70 - - [30/Oct/2022:10:55:41 -0500] "GET /portaldeninos/wp-includes/js/jquery/ui/core.min.js?ver=1.11.4 HTTP/1.1" 200 4000
40.77.167.69 - - [30/Oct/2022:10:55:48 -0500] "GET /portaldeninos/wp-content/themes/betheme/js/plugins.js?ver=20.9.6 HTTP/1.1" 200 197151
40.77.167.69 - - [30/Oct/2022:10:55:49 -0500] "GET /portaldeninos/wp-includes/js/jquery/ui/sortable.min.js?ver=1.11.4 HTTP/1.1" 200 24899
40.77.167.69 - - [30/Oct/2022:10:55:49 -0500] "GET /portaldeninos/wp-includes/js/wp-emoji-release.min.js?ver=4.9.8 HTTP/1.1" 200 12026
207.46.13.217 - - [30/Oct/2022:10:55:52 -0500] "GET /portaldeninos/wp-includes/js/jquery/ui/mouse.min.js?ver=1.11.4 HTTP/1.1" 200 3148
207.46.13.217 - - [30/Oct/2022:10:55:52 -0500] "GET /portaldeninos/wp-includes/js/jquery/ui/tabs.min.js?ver=1.11.4 HTTP/1.1" 200 12110
207.46.13.217 - - [30/Oct/2022:10:55:53 -0500] "GET /portaldeninos/wp-includes/js/jquery/ui/widget.min.js?ver=1.11.4 HTTP/1.1" 200 6908
207.46.13.18 - - [30/Oct/2022:10:57:10 -0500] "GET /BLA/resoluciones/RESOLUCIONES%202000/2000%201550-1599.tif HTTP/1.1" 200 4511112
201.245.192.253 - - [30/Oct/2022:10:58:20 -0500] "POST /kwsrmcab/Wsrmcab  HTTP/1.1" 200 42272
172.22.2.4 - - [30/Oct/2022:10:57:09 -0500] "HEAD /BLA/boletinlegal/ HTTP/1.1" 200 -
199.16.157.181 - - [30/Oct/2022:10:59:23 -0500] "GET /images/desayuno-por-el-clima-del-c40-cop26-3-nov.jpg HTTP/1.1" 200 103146
172.22.2.4 - - [30/Oct/2022:10:58:00 -0500] "GET /BLA/boletinlegal/ HTTP/1.1" 200 57725
216.245.221.92 - - [30/Oct/2022:10:59:49 -0500] "HEAD / HTTP/1.1" 200 -
207.46.13.18 - - [30/Oct/2022:10:59:49 -0500] "GET /BLA/resoluciones/0172.tif HTTP/1.1" 404 1018
201.245.192.253 - - [30/Oct/2022:11:03:19 -0500] "POST /kwsrmcab/Wsrmcab  HTTP/1.1" 200 42272
186.102.32.205 - - [30/Oct/2022:11:03:53 -0500] "GET /kwssiamovil/sm/acme/a?s=U2FsdGVkX1+N4rRR+W9vHlOZHZgMnCQYF01Fig8g31oOZQp7RKjvlMtqvznoTDpoIq9WkH0zQVWBktsDvQSM8y1nQ1zRJ3bokRSb2O47hJ1TWuyqnscVIBeTgYmW01NhAzfh22FwLz+hf/QCLP5VfFixKM0E5SLsGfRnyb2tfgpL1iSXRylUxtVib6H+/Z+oxup3iUUUMrcYJC5gBfgUSDjjrHm7RfouzQfdbFCtY3XPLIzDzhJRCLYKzg8RJ34n1ureDnHZbm1f8vLKqRlBPQ==&u=U2FsdGVkX18NSk+rvrwN4D9pfLtSQinGFvqE8l+oMZcClaF2yTSTYsRp4zEb1PgD&y=U2FsdGVkX1/Mj3rjCamffZ9aTBkPbiP9nK0BxgRJyVugZdSuV96/9VGTDmo41YVw HTTP/1.1" 200 26
186.102.32.205 - - [30/Oct/2022:11:03:53 -0500] "GET /kwssiamovil/sm/acme/a?s=U2FsdGVkX1/SggPZh7EEiHxmPvGhbonALcLh6pG4LBRTuKIM++m/6BggMblSZN/8wutBPS4loghCxynAi96ury/mjpPEC5gyDRVehOgsV8EgwY/cag6P7tTlPzusnU+nX6Q0HefY/mmslbgHJSxZtgrdJMVeBPXDx44coGEqLl7UMCAg728IRjjLiwDMWRe4SLab0FmilEjExdIt3Y0WYePWgKRJ9XmpFfHCzCE1CwitIubI/2T/CRvPLFnniM5tNXtcNYktGY6+Ci0Vd1xqOVx1WZJYddhnBhQ5k7I5kLtrlt1hg2fcSjT8hQoGEhoGPvhvh/Cm4UNSjSxxJP5RrSGvGXo1p9UBhHjuqQSATgitRaxy1Mb/JEEpxU7JmSMUslt2K6K/kAGzhNSlH4wgKpi816URucOPZN0lffTyXn26lar22XwPw8qviEzoGsGCD6S1GBa0d7r+UTjXzBSqBcdot3wgn7UeP8izDIHxN2a/emsN0mR+schOBWxdMvO/Rh/rnZxPapyWMPtTPJl8CmbqVzGxVadxSNKEyTJOoq9DF02CHGf/SICtyUH4jPYinT6ep4ldVFseDQC+Qp0PmJSUYxvH9WkCgJdb3vp/Ui6yn8aJKQrm952bIzgXeU2PeuhZnmFHtSYeMp01wFVKT/hmoJRhnNBvhXZCFkFzn3NwMb+CrtOtuvQHRdQhoDjqEdPB/Am8fwgHJDGhw9NwJQIGrn/Eo5FGfsfqs9ySR4hZuBE/KlbxQ+zf8v50HODJmQEzJURRcveyYanR4klA86zavoVHM6ikmREH2gp262fDRaQqpD9DYUcvmiP5heyyDdjCCg3lzBGXNdO+dKAmleg2DIIpZKzfYpX4Adq0W4j/CTkbWc8h1KKi7RlCEsVLpvh3Xb8qkOi4+7Ie35UMht1p8SVfvgRStcq1ffTFYzNomcYmKRpZEDttQbiSCiY0zfHm3c+pLqRBSI2K97uqptOmRVrI67lHxBhBO0CSDKk2kfzPU3FsBOUdPcBSbYUP0OXtF17AGatl3vuTn+XJfjh/0nco3SkB9HElucMYspo28CSt4IwYFwQf41VAFL4nQptfViOoivxh6jMqoFRcF/4h33snhCs+QRAfIOsacN/cOx5V3dp5LEZhncA4IZtYNANTV64n4/k5bbrBo9/zVkxVKX5fE+UvgDEIqSg9sQCAsXhSonO4vewzVixBik/5e+/NFylvqCJPKqHU2Q7UMZqLFX7J1HmdQnj0I+XfulbDW5uVAQHOEwhVfn2bx37YJSa/V4kUBHmEtXQuVCIdU0Npu1zs/TjW5oqJnZ4E5e6qwaxgUZQ5Qulorjm/8IVlrPIYax5ClcWM2eLIOkmzw2kd3mLXSv1H2UqfYdpDKh/QPZXKA28NmE0SxYNpvuIH56JpuQGSF4uQ4G1VHfZ0GK4Al4vEBOOPyvqrbzo6ZZZI7Pk5od55Vez+5djY0iVudTiAi8/J5saGAxHO+1jESAJq0GbKEETOJGyM2yseahm3uMkImxTC7A/HVSnfBpI31k3N3B4U6u1Y9Z3IQ3aknxB/J/1g1fFzPatdjbHiuaJm3S6t3IeB7x1sQZdKIqFz9Vaft/ofREKSEEInU1vfeT2fO5mftm0Hup6AJg/ua+TQqIuZjzJwiSwu5p4I0ttqNQ9xjvpOLgR03KBu8oH0mMrppJLNhebiTopjvoxD4nQgHLHwiT7pqXoEEnqbacPKneA+/e32NdlrqUaUyXqFMaW1FDePQtfnlWT0LdwOt6+Zwf1aRzLPA+W9Cs/v60N5uQsBV5/6nKgbIofFvXP/c0jgQswKy1CBgMMd65BevIO1GVhfMEAarBcR36bmqr4cpEVQdcV04+AjOWpGFoFeY6auWvQsaNAYfC7QqGj/QOBnG9XXrQ3DFaXw8hu1n98m8R0hlx3VShJlscn4Hfv1HRZUmFrQvA3dVNqpYKs4iELas/RZxff+tzFH21sFBDwnffCPd4EBTR8qMiGSSVc9HpUlh3UNXSguig9LlAnvnwoekrMI15243iB3AnRSZmOnZ81Cv7kA4Kgf0HMlELuhOhe86uEswLH9G5a9Ec6HUR/UaUUP1yUN8qt6DL7w5n+Le+ZyTDzJdbWH5DsCbiKPqxV0/chNbCgq6egT1hqYaCZh9cVADKWTMnqC/72kZhejXmIs+Vj1CS/JaifLA55yvOCGjRH5WAD/lEGCrivfYxnNkOUZE5KS6a7rt8vqjVrtSh2r3i8nN2lG8noCWYKzTg==&u=U2FsdGVkX18NSk+rvrwN4D9pfLtSQinGFvqE8l+oMZcClaF2yTSTYsRp4zEb1PgD&y=U2FsdGVkX1/Mj3rjCamffZ9aTBkPbiP9nK0BxgRJyVugZdSuV96/9VGTDmo41YVw HTTP/1.1" 200 26
186.102.32.205 - - [30/Oct/2022:11:03:54 -0500] "GET /kwssiamovil/sm/acme/a?s=U2FsdGVkX18dc90zsbk4Io+NKK7+wiz6lnoCDtbxgK17VyFB30iEs0sh7PDhz8vNndoevZ2ZqE0uoep0FO6FuGbLTCkvmEFEo/07ae89EojIsm90vQntPzgEFDY15xvKETc9DAvOJnfUZZELR0iABJVkXO+5PxdD2Wg+/C7+Et8=&u=U2FsdGVkX18NSk+rvrwN4D9pfLtSQinGFvqE8l+oMZcClaF2yTSTYsRp4zEb1PgD&y=U2FsdGVkX1/Mj3rjCamffZ9aTBkPbiP9nK0BxgRJyVugZdSuV96/9VGTDmo41YVw HTTP/1.1" 200 26
186.102.32.205 - - [30/Oct/2022:11:03:54 -0500] "GET /kwssiamovil/sm/acme/a?s=U2FsdGVkX1+0gorowu0OiW2SlxdvmhCBIADVPEME1HCpo48siogWElbiNQHj8EIew1IfuWGCPZYn2ee388WkSTmyjmHnluPVIbhAMFIkxaNv4PLBTUPVsAvAZ39WijwsT5NQObXaw9mw9RjMix5Q6h4zEOXHKs+7P0uu+a9uqkA=&u=U2FsdGVkX18NSk+rvrwN4D9pfLtSQinGFvqE8l+oMZcClaF2yTSTYsRp4zEb1PgD&y=U2FsdGVkX1/Mj3rjCamffZ9aTBkPbiP9nK0BxgRJyVugZdSuV96/9VGTDmo41YVw HTTP/1.1" 200 26
186.102.32.205 - - [30/Oct/2022:11:03:54 -0500] "GET /kwssiamovil/sm/acme/a?s=U2FsdGVkX19CCdOuiCyJFUgO4jXUPnpcLQsy4wKvFr6lLmNsTfuc447aJ3Fo/rPMfWbS3wjdbp4MbFCimRnNXEGj2SXzEkZd7fotWTmDB0b81GMj4FJo+17PyvKMLhrR7SgARjzzwad2O9Tf8+B61sYESy+RzJPTwGUGnW3iABo=&u=U2FsdGVkX18NSk+rvrwN4D9pfLtSQinGFvqE8l+oMZcClaF2yTSTYsRp4zEb1PgD&y=U2FsdGVkX1/Mj3rjCamffZ9aTBkPbiP9nK0BxgRJyVugZdSuV96/9VGTDmo41YVw HTTP/1.1" 200 26
186.102.32.205 - - [30/Oct/2022:11:03:54 -0500] "GET /kwssiamovil/sm/acme/a?s=U2FsdGVkX19q/XFDcwvTJTOol23aqvrm6i2au1aJUOsghRl+D26Df5xHAs1Ax4UmiPRX6x+rT6DWVD3t0SALLuYd8Ioj1bz5mZhGls/59R+dLmUg8PLX9wjDhksQWQmnNX76x7xfnzkSAOTubKZ1FNNgUDgTiD8nhqSSeMUgTeQvLofAX2tAuudVWC4yjHLm5eQi/QtigY/OHMMup/8vnA==&u=U2FsdGVkX18NSk+rvrwN4D9pfLtSQinGFvqE8l+oMZcClaF2yTSTYsRp4zEb1PgD&y=U2FsdGVkX1/Mj3rjCamffZ9aTBkPbiP9nK0BxgRJyVugZdSuV96/9VGTDmo41YVw HTTP/1.1" 200 26
207.46.13.79 - - [30/Oct/2022:11:04:11 -0500] "GET /BLA/resoluciones/RESOLUCIONES%202020/1361.pdf HTTP/1.1" 200 384330
172.22.2.4 - - [30/Oct/2022:11:02:59 -0500] "HEAD /BLA/boletinlegal/ HTTP/1.1" 200 -
216.245.221.92 - - [30/Oct/2022:11:04:49 -0500] "HEAD / HTTP/1.1" 200 -
172.22.2.4 - - [30/Oct/2022:11:03:50 -0500] "GET /BLA/boletinlegal/ HTTP/1.1" 200 59828
191.95.53.35 - - [30/Oct/2022:11:05:36 -0500] "GET /sipse/faces/faces/faces/faces/faces/faces/faces/faces/faces/faces/faces/faces/faces/faces/index.xhtml HTTP/1.1" 200 677
191.95.53.35 - - [30/Oct/2022:11:05:36 -0500] "GET /sipse/faces/javax.faces.resource/theme.css?ln=primefaces-sipse HTTP/1.1" 304 -
191.95.53.35 - - [30/Oct/2022:11:05:38 -0500] "GET /sipse/faces/faces/faces/faces/faces/faces/faces/faces/faces/faces/faces/faces/faces/faces/faces/autenticacion.xhtml HTTP/1.1" 200 12181
191.95.53.35 - - [30/Oct/2022:11:05:38 -0500] "GET /sipse/faces/javax.faces.resource/theme.css?ln=primefaces-sipse HTTP/1.1" 304 -
191.95.53.35 - - [30/Oct/2022:11:05:38 -0500] "GET /sipse/faces/javax.faces.resource/primefaces.css?ln=primefaces&v=4.0 HTTP/1.1" 304 -
191.95.53.35 - - [30/Oct/2022:11:05:38 -0500] "GET /sipse/faces/javax.faces.resource/layout/layout.css?ln=primefaces&v=4.0 HTTP/1.1" 304 -
191.95.53.35 - - [30/Oct/2022:11:05:38 -0500] "GET /sipse/faces/javax.faces.resource/primefaces.js?ln=primefaces&v=4.0 HTTP/1.1" 304 -
191.95.53.35 - - [30/Oct/2022:11:05:38 -0500] "GET /sipse/faces/javax.faces.resource/jquery/jquery.js?ln=primefaces&v=4.0 HTTP/1.1" 304 -
191.95.53.35 - - [30/Oct/2022:11:05:38 -0500] "GET /sipse/faces/javax.faces.resource/jquery/jquery-plugins.js?ln=primefaces&v=4.0 HTTP/1.1" 304 -
191.95.53.35 - - [30/Oct/2022:11:05:38 -0500] "GET /sipse/faces/javax.faces.resource/layout/layout.js?ln=primefaces&v=4.0 HTTP/1.1" 304 -
191.95.53.35 - - [30/Oct/2022:11:05:38 -0500] "GET /sipse/faces/javax.faces.resource/images/ui-icons_898989_256x240.png?ln=primefaces-aristo HTTP/1.1" 304 -
191.95.53.35 - - [30/Oct/2022:11:05:47 -0500] "POST /sipse/faces/autenticacion.xhtml HTTP/1.1" 200 2220
191.95.53.35 - - [30/Oct/2022:11:05:47 -0500] "GET /sipse/faces/javax.faces.resource/messages/messages.png?ln=primefaces&v=4.0 HTTP/1.1" 304 -
191.95.53.35 - - [30/Oct/2022:11:05:48 -0500] "POST /sipse/faces/autenticacion.xhtml HTTP/1.1" 200 16264
191.95.53.35 - - [30/Oct/2022:11:05:49 -0500] "GET /sipse/faces/javax.faces.resource/jquery/jquery.js?ln=primefaces&v=4.0 HTTP/1.1" 304 -
191.95.53.35 - - [30/Oct/2022:11:05:49 -0500] "GET /sipse/faces/javax.faces.resource/jquery/jquery-plugins.js?ln=primefaces&v=4.0 HTTP/1.1" 304 -
191.95.53.35 - - [30/Oct/2022:11:05:49 -0500] "GET /sipse/faces/javax.faces.resource/primefaces.js?ln=primefaces&v=4.0 HTTP/1.1" 304 -
191.95.53.35 - - [30/Oct/2022:11:05:49 -0500] "GET /sipse/faces/javax.faces.resource/layout/layout.js?ln=primefaces&v=4.0 HTTP/1.1" 304 -
191.95.53.35 - - [30/Oct/2022:11:05:49 -0500] "GET /sipse/css/imagen/contrasena.png HTTP/1.1" 404 383
191.95.53.35 - - [30/Oct/2022:11:05:52 -0500] "GET /sipse/faces/javax.faces.resource/images/ui-bg_flat_0_2d5972_40x100.png?ln=primefaces-aristo HTTP/1.1" 304 -
191.95.53.35 - - [30/Oct/2022:11:05:52 -0500] "POST /sipse/faces/bienvenido.xhtml HTTP/1.1" 200 2658
191.95.53.35 - - [30/Oct/2022:11:05:53 -0500] "POST /sipse/faces/bienvenido.xhtml HTTP/1.1" 200 65430
191.95.53.35 - - [30/Oct/2022:11:05:54 -0500] "GET /sipse/faces/javax.faces.resource/jquery/jquery.js?ln=primefaces&v=4.0 HTTP/1.1" 304 -
191.95.53.35 - - [30/Oct/2022:11:05:55 -0500] "GET /sipse/faces/javax.faces.resource/jquery/jquery-plugins.js?ln=primefaces&v=4.0 HTTP/1.1" 304 -
191.95.53.35 - - [30/Oct/2022:11:05:55 -0500] "GET /sipse/faces/javax.faces.resource/primefaces.js?ln=primefaces&v=4.0 HTTP/1.1" 304 -
191.95.53.35 - - [30/Oct/2022:11:05:55 -0500] "GET /sipse/faces/javax.faces.resource/layout/layout.js?ln=primefaces&v=4.0 HTTP/1.1" 304 -
191.95.53.35 - - [30/Oct/2022:11:05:55 -0500] "POST /sipse/faces/presentacion/financiero/solicitudProceso/listarSolicitudProceso.xhtml HTTP/1.1" 200 1560
191.95.53.35 - - [30/Oct/2022:11:06:06 -0500] "POST /sipse/faces/presentacion/financiero/solicitudProceso/listarSolicitudProceso.xhtml HTTP/1.1" 200 110740
191.95.53.35 - - [30/Oct/2022:11:06:07 -0500] "GET /sipse/faces/javax.faces.resource/jquery/jquery.js?ln=primefaces&v=4.0 HTTP/1.1" 304 -
191.95.53.35 - - [30/Oct/2022:11:06:08 -0500] "GET /sipse/faces/javax.faces.resource/jquery/jquery-plugins.js?ln=primefaces&v=4.0 HTTP/1.1" 304 -
191.95.53.35 - - [30/Oct/2022:11:06:08 -0500] "GET /sipse/faces/javax.faces.resource/primefaces.js?ln=primefaces&v=4.0 HTTP/1.1" 304 -
191.95.53.35 - - [30/Oct/2022:11:06:08 -0500] "GET /sipse/faces/javax.faces.resource/layout/layout.js?ln=primefaces&v=4.0 HTTP/1.1" 304 -
191.95.53.35 - - [30/Oct/2022:11:06:08 -0500] "GET /sipse/faces/javax.faces.resource/dynamiccontent.properties?ln=primefaces&pfdrid=XjOR5%2F%2FfPAZAuY9TpWQeCiM0BhlXxYRBGKi%2FQcXXfeA%3D&pfdrid_c=false HTTP/1.1" 500 383
201.245.192.253 - - [30/Oct/2022:11:08:18 -0500] "POST /kwsrmcab/Wsrmcab  HTTP/1.1" 200 42272
77.88.5.227 - - [30/Oct/2022:11:09:14 -0500] "-" 408 -
216.245.221.92 - - [30/Oct/2022:11:09:49 -0500] "HEAD / HTTP/1.1" 200 -
172.22.2.4 - - [30/Oct/2022:11:08:49 -0500] "HEAD /BLA/boletinlegal/ HTTP/1.1" 200 -
172.22.2.4 - - [30/Oct/2022:11:11:03 -0500] "GET /BLA/boletinlegal/actos.php HTTP/1.1" 200 9566
172.22.2.4 - - [30/Oct/2022:11:11:04 -0500] "GET /BLA/boletinlegal/favicon.ico HTTP/1.1" 404 1326
172.22.2.4 - - [30/Oct/2022:11:11:13 -0500] "GET /BLA/boletinlegal/consulta_actos.php?tipo=resoluciones&no=1914&usuario=&sector=&fecha=2017&resuelve= HTTP/1.1" 200 626
172.22.2.4 - - [30/Oct/2022:11:11:17 -0500] "GET /BLA/boletinlegal/consulta_actos.php?tipo=resoluciones&no=1914&usuario=&sector=&fecha=2017&resuelve= HTTP/1.1" 200 626
172.22.2.4 - - [30/Oct/2022:11:09:39 -0500] "GET /BLA/boletinlegal/ HTTP/1.1" 200 56732
40.77.202.34 - - [30/Oct/2022:11:11:21 -0500] "GET /portaldeninos/wp-content/themes/betheme/fonts/mfn-icons.woff?93978679 HTTP/1.1" 200 80932
172.22.2.4 - - [30/Oct/2022:11:11:00 -0500] "GET /BLA/boletinlegal/ HTTP/1.1" 200 24523
201.245.192.253 - - [30/Oct/2022:11:13:17 -0500] "POST /kwsrmcab/Wsrmcab  HTTP/1.1" 200 42272
216.245.221.92 - - [30/Oct/2022:11:14:49 -0500] "HEAD / HTTP/1.1" 200 -
172.22.2.4 - - [30/Oct/2022:11:14:39 -0500] "HEAD /BLA/boletinlegal/ HTTP/1.1" 200 -
172.22.2.4 - - [30/Oct/2022:11:15:30 -0500] "GET /BLA/boletinlegal/ HTTP/1.1" 200 59319
201.245.192.253 - - [30/Oct/2022:11:18:17 -0500] "POST /kwsrmcab/Wsrmcab  HTTP/1.1" 200 42272
93.158.161.37 - - [30/Oct/2022:11:19:14 -0500] "-" 408 -
216.245.221.92 - - [30/Oct/2022:11:19:49 -0500] "HEAD / HTTP/1.1" 200 -
172.22.2.4 - - [30/Oct/2022:11:19:53 -0500] "GET /BLA/boletinlegal/consulta_actos.php?tipo=resoluciones&no=1914&usuario=&sector=&fecha=2017&resuelve= HTTP/1.1" 200 626
172.22.2.4 - - [30/Oct/2022:11:19:53 -0500] "GET /BLA/boletinlegal/consulta_actos.php?tipo=resoluciones&no=1914&usuario=&sector=&fecha=2017&resuelve= HTTP/1.1" 200 626
172.22.2.4 - - [30/Oct/2022:11:19:54 -0500] "GET /BLA/boletinlegal/consulta_actos.php?tipo=resoluciones&no=1914&usuario=&sector=&fecha=2017&resuelve= HTTP/1.1" 200 626
172.22.2.4 - - [30/Oct/2022:11:19:54 -0500] "GET /BLA/boletinlegal/consulta_actos.php?tipo=resoluciones&no=1914&usuario=&sector=&fecha=2017&resuelve= HTTP/1.1" 200 626
172.22.2.4 - - [30/Oct/2022:11:19:55 -0500] "GET /BLA/boletinlegal/consulta_actos.php?tipo=resoluciones&no=1914&usuario=&sector=&fecha=2017&resuelve= HTTP/1.1" 200 626
172.22.2.4 - - [30/Oct/2022:11:19:55 -0500] "GET /BLA/boletinlegal/consulta_actos.php?tipo=resoluciones&no=1914&usuario=&sector=&fecha=2017&resuelve= HTTP/1.1" 200 626
172.22.2.4 - - [30/Oct/2022:11:19:56 -0500] "GET /BLA/boletinlegal/actos.php HTTP/1.1" 200 9566
172.22.2.4 - - [30/Oct/2022:11:20:06 -0500] "GET /BLA/boletinlegal/consulta_actos.php?tipo=resoluciones&no=1914&usuario=&sector=&fecha=2017&resuelve= HTTP/1.1" 200 626
172.22.2.4 - - [30/Oct/2022:11:20:06 -0500] "GET /BLA/boletinlegal/consulta_actos.php?tipo=resoluciones&no=1914&usuario=&sector=&fecha=2017&resuelve= HTTP/1.1" 200 626
201.245.192.253 - - [30/Oct/2022:11:21:42 -0500] "POST /kwsrmcab/Wsrmcab HTTP/1.1" 200 40447
201.245.192.253 - - [30/Oct/2022:11:21:44 -0500] "POST /kwsrmcab/Wsrmcab HTTP/1.1" 200 42271
172.22.2.4 - - [30/Oct/2022:11:20:29 -0500] "HEAD /BLA/boletinlegal/ HTTP/1.1" 200 -
172.22.2.4 - - [30/Oct/2022:11:21:20 -0500] "GET /BLA/boletinlegal/ HTTP/1.1" 200 59828
201.245.192.253 - - [30/Oct/2022:11:23:16 -0500] "POST /kwsrmcab/Wsrmcab  HTTP/1.1" 200 42272
207.46.13.79 - - [30/Oct/2022:11:23:22 -0500] "GET /BLA/resoluciones/AUTOS%202022/3614.pdf HTTP/1.1" 200 1360016
172.22.2.4 - - [30/Oct/2022:11:24:13 -0500] "GET /BLA/boletinlegal/consulta_actos.php?tipo=resoluciones&no=0539&usuario=&sector=&fecha=2019&resuelve= HTTP/1.1" 200 1421
216.245.221.92 - - [30/Oct/2022:11:24:49 -0500] "HEAD / HTTP/1.1" 200 -
82.65.83.230 - - [30/Oct/2022:11:25:39 -0500] "GET / HTTP/1.1" 200 319
199.16.157.183 - - [30/Oct/2022:11:26:58 -0500] "-" 408 -
172.22.2.4 - - [30/Oct/2022:11:26:19 -0500] "HEAD /BLA/boletinlegal/ HTTP/1.1" 200 -
201.245.192.253 - - [30/Oct/2022:11:28:15 -0500] "POST /kwsrmcab/Wsrmcab  HTTP/1.1" 200 42272
172.22.2.4 - - [30/Oct/2022:11:27:10 -0500] "GET /BLA/boletinlegal/ HTTP/1.1" 200 57725
77.88.5.173 - - [30/Oct/2022:11:29:14 -0500] "-" 408 -
216.245.221.92 - - [30/Oct/2022:11:29:49 -0500] "HEAD / HTTP/1.1" 200 -
201.245.192.253 - - [30/Oct/2022:11:31:42 -0500] "POST /kwsrmcab/Wsrmcab HTTP/1.1" 200 40447
201.245.192.253 - - [30/Oct/2022:11:31:45 -0500] "POST /kwsrmcab/Wsrmcab HTTP/1.1" 200 42271
199.16.157.180 - - [30/Oct/2022:11:32:47 -0500] "GET /images/secretaria-carolina-urrutia_optimized.jpeg HTTP/1.1" 200 167197
199.16.157.180 - - [30/Oct/2022:11:32:47 -0500] "GET /calidad-del-aire-de-bogota-vuelve-a-verse-afectada-por-altas-concentraciones-de-material-particulado.html HTTP/1.1" 200 1152
199.16.157.181 - - [30/Oct/2022:11:33:03 -0500] "GET /images/feria-17-de-septiembre_optimized.jpg HTTP/1.1" 200 40532
199.16.157.183 - - [30/Oct/2022:11:33:07 -0500] "GET /images/Simulacro%2001%20SDA.jpeg HTTP/1.1" 200 60190
201.245.192.253 - - [30/Oct/2022:11:33:15 -0500] "POST /kwsrmcab/Wsrmcab  HTTP/1.1" 200 42272
172.22.2.4 - - [30/Oct/2022:11:32:09 -0500] "HEAD /BLA/boletinlegal/ HTTP/1.1" 200 -
172.22.2.4 - - [30/Oct/2022:11:32:59 -0500] "GET /BLA/boletinlegal/ HTTP/1.1" 200 57375
216.245.221.92 - - [30/Oct/2022:11:34:49 -0500] "HEAD / HTTP/1.1" 200 -
199.16.157.183 - - [30/Oct/2022:11:36:06 -0500] "GET /images/fachada-secretaria-ambiente-15-octubre.jpg HTTP/1.1" 200 148853
192.133.77.14 - - [30/Oct/2022:11:36:08 -0500] "GET /images/fachada-secretaria-ambiente-15-octubre.jpg HTTP/1.1" 200 148853
192.133.77.16 - - [30/Oct/2022:11:36:08 -0500] "GET /consumo-de-energia-en-entidades-del-distrito-tiene-una-tendencia-a-la-baja-en-los-ultimos-anos.html HTTP/1.1" 200 875
201.245.192.253 - - [30/Oct/2022:11:38:13 -0500] "POST /kwsrmcab/Wsrmcab  HTTP/1.1" 200 42272
172.104.145.148 - - [30/Oct/2022:11:38:20 -0500] "GET / HTTP/1.1" 200 319
66.249.73.173 - - [30/Oct/2022:11:38:43 -0500] "-" 408 -
77.88.5.226 - - [30/Oct/2022:11:39:14 -0500] "-" 408 -
172.22.2.4 - - [30/Oct/2022:11:39:35 -0500] "GET /BLA/boletinlegal/js/jquery.scrollShow.js HTTP/1.1" 200 4586
172.22.2.4 - - [30/Oct/2022:11:39:35 -0500] "GET /BLA/boletinlegal/style.css HTTP/1.1" 200 9406
172.22.2.4 - - [30/Oct/2022:11:39:35 -0500] "GET /BLA/boletinlegal/js/jquery.scrollTo-min.js HTTP/1.1" 200 1150
172.22.2.4 - - [30/Oct/2022:11:39:35 -0500] "GET /BLA/boletinlegal/styles2.css HTTP/1.1" 200 1838
172.22.2.4 - - [30/Oct/2022:11:39:35 -0500] "GET /BLA/boletinlegal/js/jquery.js HTTP/1.1" 200 57254
172.22.2.4 - - [30/Oct/2022:11:39:35 -0500] "GET /BLA/boletinlegal/images/cabezote%20BLEGAL.jpg HTTP/1.1" 200 118164
172.22.2.4 - - [30/Oct/2022:11:39:35 -0500] "GET /BLA/boletinlegal/images/registro-usuarios.png HTTP/1.1" 200 8106
172.22.2.4 - - [30/Oct/2022:11:39:35 -0500] "GET /BLA/boletinlegal/images/historia.png HTTP/1.1" 200 52775
172.22.2.4 - - [30/Oct/2022:11:39:35 -0500] "GET /BLA/boletinlegal/images/subscribe-icon-big.png HTTP/1.1" 200 47702
172.22.2.4 - - [30/Oct/2022:11:39:35 -0500] "GET /BLA/boletinlegal/images/arr_l.jpg HTTP/1.1" 200 1979
172.22.2.4 - - [30/Oct/2022:11:39:35 -0500] "GET /BLA/boletinlegal/images/launch.jpg HTTP/1.1" 200 14577
172.22.2.4 - - [30/Oct/2022:11:39:35 -0500] "GET /BLA/boletinlegal/images/screen_1.png HTTP/1.1" 200 202547
172.22.2.4 - - [30/Oct/2022:11:37:59 -0500] "HEAD /BLA/boletinlegal/ HTTP/1.1" 200 -
172.22.2.4 - - [30/Oct/2022:11:39:42 -0500] "GET /BLA/boletinlegal/images/body_bg.jpg HTTP/1.1" 200 1601
172.22.2.4 - - [30/Oct/2022:11:39:42 -0500] "GET /BLA/boletinlegal/images/menu_lft.gif HTTP/1.1" 200 1713
172.22.2.4 - - [30/Oct/2022:11:39:42 -0500] "GET /BLA/boletinlegal/images/menu_bg.jpg HTTP/1.1" 200 620
172.22.2.4 - - [30/Oct/2022:11:39:42 -0500] "GET /BLA/boletinlegal/images/bg_top.jpg HTTP/1.1" 200 522
172.22.2.4 - - [30/Oct/2022:11:39:42 -0500] "GET /BLA/boletinlegal/images/menu_rght.gif HTTP/1.1" 200 1627
172.22.2.4 - - [30/Oct/2022:11:39:42 -0500] "GET /BLA/boletinlegal/images/hover.jpg HTTP/1.1" 200 640
172.22.2.4 - - [30/Oct/2022:11:39:42 -0500] "GET /BLA/boletinlegal/images/text.jpg HTTP/1.1" 200 568
172.22.2.4 - - [30/Oct/2022:11:39:45 -0500] "GET /BLA/boletinlegal/images/screen_3.png HTTP/1.1" 200 210620
