136.243.228.197 - - [30/Oct/2022:22:18:05 -0500] "GET /BLA/resoluciones/index.php?dir=RESOLUCIONES+2005/RES+2005+1751-1800/ HTTP/1.1" 200 12368
136.243.228.197 - - [30/Oct/2022:22:18:12 -0500] "GET /BLA/resoluciones/index.php?dir=RESOLUCIONES+2005/RES+2005+2801-2850/ HTTP/1.1" 200 11939
136.243.228.197 - - [30/Oct/2022:22:18:19 -0500] "GET /BLA/resoluciones/index.php?dir=RESOLUCIONES+2005/RES+2005+601-650/ HTTP/1.1" 200 12246
136.243.228.197 - - [30/Oct/2022:22:18:25 -0500] "GET /BLA/resoluciones/index.php?dir=RESOLUCIONES+2004/RES+2004+2101-2150/ HTTP/1.1" 200 12359
136.243.228.197 - - [30/Oct/2022:22:18:32 -0500] "GET /BLA/resoluciones/index.php?dir=RESOLUCIONES+2005/RES+2005++1601-1650/ HTTP/1.1" 200 12426
136.243.228.197 - - [30/Oct/2022:22:19:24 -0500] "GET /BLA/resoluciones/index.php?dir=RESOLUCIONES+2005/RES+2005+1951-2000/ HTTP/1.1" 200 12359
136.243.228.197 - - [30/Oct/2022:22:19:30 -0500] "GET /BLA/resoluciones/index.php?dir=RESOLUCIONES+2005/RES+2005+1-50/ HTTP/1.1" 200 12563
136.243.228.197 - - [30/Oct/2022:22:19:35 -0500] "GET /BLA/resoluciones/index.php?dir=RESOLUCIONES+2004/RES+2004+1851-1900/ HTTP/1.1" 200 12369
136.243.228.197 - - [30/Oct/2022:22:19:41 -0500] "GET /BLA/resoluciones/index.php?dir=RESOLUCIONES+2004/RES+2004+51-100/ HTTP/1.1" 200 11980
216.245.221.92 - - [30/Oct/2022:22:19:48 -0500] "HEAD / HTTP/1.1" 200 -
136.243.228.197 - - [30/Oct/2022:22:19:47 -0500] "GET /BLA/resoluciones/index.php?dir=RESOLUCIONES+2005/RES+2005++1701-1750/ HTTP/1.1" 200 12210
136.243.228.197 - - [30/Oct/2022:22:19:54 -0500] "GET /BLA/resoluciones/index.php?dir=AUTOS%202002/&sort=name&order=desc HTTP/1.1" 200 1812
136.243.228.197 - - [30/Oct/2022:22:20:00 -0500] "GET /BLA/resoluciones/index.php?dir=RESOLUCIONES+2005/RES+2005+2101-2150/ HTTP/1.1" 200 12346
190.66.109.241 - - [30/Oct/2022:22:20:01 -0500] "GET /kwssiamovil/sm/ldap/au?x=U2FsdGVkX18ESU2uYg67hIkADOK55PLFUKLvdSL2SkkL/YMrv2W8UfI6WnXrXpoc&y=U2FsdGVkX193NLoNOA6R7yEB4loFjA0XdnYY5EyW37X06u279xEBVoSUKvMrl6cs HTTP/1.1" 200 30
190.66.109.241 - - [30/Oct/2022:22:20:02 -0500] "GET /kwssiamovil/sm/acme/s?s=U2FsdGVkX1/1WBf1ugD1WiONG9EtNXjV9k8QJZzvVjpr6PWa5i6NnAz8hv16kGAeUXd3n48Ub585d/+YYjep32ZA+tR0hhKYaEE2EDHtLjI=&u=U2FsdGVkX1/fuBpx58V/cuXW/PD/0GtCWExuRd5Gf+hQfuqgVnp2KmKdp9FqFGA9&y=U2FsdGVkX193NLoNOA6R7yEB4loFjA0XdnYY5EyW37X06u279xEBVoSUKvMrl6cs HTTP/1.1" 200 97
190.66.109.241 - - [30/Oct/2022:22:20:02 -0500] "GET /kwssiamovil/sm/acme/s?s=U2FsdGVkX19mUboiyn+HZ6TcQBgESVfT3TEszXyeWbz78G4pmUNT/L0Mi3/Ce65F0q/8D6kry8ugX+XgIX7TZjfiA57E7yG21E0gM4oK8dyFv8X4BiFP6ymWcDXmpT2KspW9UgwKhE7CnLJUpX56uI59ijw7TcBKP1JekVQQSB4ALocJll8V3w+QgLTHQvKj9nIvpHeA/jD/GDsUERa0RNo2v5w8p2N6FUabAhVnR96kkxgorZ6ZNt9BJDRMjllSvH92b/jRKo9OJfW1rINzB4JqOX6tSyheLS82/taeHL+MMc/XwuLdbYwPN1eCvi8q2fa8F3hA8TytlaZBFF1JDcQWNd260ctCpyD1AFYsu5Ogmj2bv2CxlR8mXIjdImVG0SvXAR0Q8pBjf72NtCpW2l0uzw+5ZWrNdS7JvSXdhxoDb08AUo89kYRsPSTDEed2G86cuonL7pK6u5F2pWGI6hWwNAqj+bZZGe1A5JfPCXCcEYWvBQ2IDqu7oJw7/qBQuYL58qE3XwodIIhs7VaJzwgOCYE0ea0jEA3Bt7mwp38XhUVjE674jJCpwIRBSKiaBFCQnN1qMfy2F3O9S2PHj/IcAbCJcEBRMq/NHHUwUT2mt6OZIeuCrLrzUtNrDObAQ3UqDas1PVaMUWGSawjmzB1e++u7x1JALkBtzXwHSZS7g/G3Mqv+8CPqP/5APB85Yuy7U9CwVGZNvlCVB8IRFXBJhaRb4A6zyqIsy/S98DtfMIaOq3sFHTNT34mkfgyS4kYIBwQdN4N860H2803I+ulR8DPpW4/UgON5vFpwe9CnA3Ljh740XwELcO8+Gsg2VWQQN2Piz/ml2Uc59QjY2pKfr4RAKIG0mgmL/YfYr0MImY+Yj/ZRtO8CnLNM3prBmH3B4mo5aGKwHsqer0qMWktxyx8t/Ej21CHzdfn6GuLkcubwui7KBSCLjaWhYfRgmzhMzMzgbzKvj3+ZBInOVAitWSNc/0gEYiVipH+Pc5N8pc0+2kxwvbiSg+b31l+shEkygQG0g/BS/T9dEBDkp49407mRQXtFqHBmDc4hdrGTSGpv6DTBlUPPQ3gw8Ip6GjeK9SHjA/dnUN3k62LavQvUtFuL1pTpPGDYGMqP1cEwEuL+V9A3zdVXIc2AO9LwB1ZhPQNk72DcxEMzK2xVI4NgRV3Bh6DUPOqx3vVTdyUJtEoWrqDGkZvTLcHqysuySQWHw7yFfgQB3EdV0iA3Zn7amMhHVZcgt+yzSVJhJ/YFcaJ5MGd1gN1lcyX3KeMeMpf5FBF5Vfu6W81E2RLCZYflTcUOTQo7bmSH755G4wSiJi3U1cM6MTA0iSCJVzUDImx2w01faN0FxFip4M/FypSZx5isqCi0b5gY/kPhaWBNAsAaQrb38rLkGsXmuSuUVfl801kBl8dBCxdtnF33PEMvFQJKqEPY4m9W18YbnQg=&u=U2FsdGVkX1/fuBpx58V/cuXW/PD/0GtCWExuRd5Gf+hQfuqgVnp2KmKdp9FqFGA9&y=U2FsdGVkX193NLoNOA6R7yEB4loFjA0XdnYY5EyW37X06u279xEBVoSUKvMrl6cs HTTP/1.1" 200 12419
190.66.109.241 - - [30/Oct/2022:22:20:02 -0500] "GET /kwssiamovil/sm/acme/s?s=U2FsdGVkX18IdtpX4DSdKtWaCyERlnLLk4LUFkuOi0aAYCb4+GfGRxE4rRLLuXhIEweZ93r2GM/KbCgQxvycJaABV6UfPy8A/tQ3oq/ZKv2knFtBeaYRXmLcSUcQLeWgWI8jAk7J1y4NxAV6FZk6rvETeufdN043/ZbEGWeIaTiQeveZbSY532ba0/iXK0Rlbi/w8m7FHFHcRjk4rP6MrbLkZ2qvd6ifJCLLVCZdGFA/cZhsPOtzMpsNKAvR+XcPafpfv9WhCClBgDZmjjHIGTfD5+XjUw7FdTNV1S5P/JPRJ3mpf/Ri2iFyCP1JNRO3JU+n4FEpFGZDEdvjH/04HNfFdib3Ng7W+l0+NZaM2LI=&u=U2FsdGVkX1/fuBpx58V/cuXW/PD/0GtCWExuRd5Gf+hQfuqgVnp2KmKdp9FqFGA9&y=U2FsdGVkX193NLoNOA6R7yEB4loFjA0XdnYY5EyW37X06u279xEBVoSUKvMrl6cs HTTP/1.1" 200 196
190.66.109.241 - - [30/Oct/2022:22:20:03 -0500] "GET /kwssiamovil/sm/cjson/pre?f=1&x=U2FsdGVkX18ESU2uYg67hIkADOK55PLFUKLvdSL2SkkL/YMrv2W8UfI6WnXrXpoc HTTP/1.1" 200 30992
136.243.228.197 - - [30/Oct/2022:22:20:06 -0500] "GET /BLA/resoluciones/index.php?dir=RESOLUCIONES+2005/ANEXO+RES+2643-2005/ HTTP/1.1" 200 2446
136.243.228.197 - - [30/Oct/2022:22:20:12 -0500] "GET /BLA/resoluciones/index.php?dir=RESOLUCIONES+2005/RES+2005+1501-1550/ HTTP/1.1" 200 12365
136.243.228.197 - - [30/Oct/2022:22:20:18 -0500] "GET /BLA/resoluciones/index.php?dir=RESOLUCIONES+2004/RES+2004+751-800/ HTTP/1.1" 200 12053
136.243.228.197 - - [30/Oct/2022:22:20:25 -0500] "GET /BLA/resoluciones/index.php?dir=RESOLUCIONES+2005/RES+2005+2701+-2750/ HTTP/1.1" 200 12404
136.243.228.197 - - [30/Oct/2022:22:20:31 -0500] "GET /BLA/resoluciones/index.php?dir=RESOLUCIONES+2004/RES+2004+1201-1250/ HTTP/1.1" 200 12361
136.243.228.197 - - [30/Oct/2022:22:20:38 -0500] "GET /BLA/resoluciones/index.php?dir=RESOLUCIONES+2004/RES+2004+1051-1100/ HTTP/1.1" 200 12164
136.243.228.197 - - [30/Oct/2022:22:20:44 -0500] "GET /BLA/resoluciones/index.php?dir=RESOLUCIONES+2005/RES+2005+1801-1850/ HTTP/1.1" 200 12362
136.243.228.197 - - [30/Oct/2022:22:20:51 -0500] "GET /BLA/resoluciones/index.php?dir=RESOLUCIONES+2005/RES+2005+2551-2600/ HTTP/1.1" 200 12367
136.243.228.197 - - [30/Oct/2022:22:20:57 -0500] "GET /BLA/resoluciones/index.php?dir=RESOLUCIONES+2004/RES+2004+101-150/ HTTP/1.1" 200 12033
201.245.192.253 - - [30/Oct/2022:22:21:02 -0500] "POST /kwsrmcab/Wsrmcab  HTTP/1.1" 200 42272
136.243.228.197 - - [30/Oct/2022:22:21:04 -0500] "GET /BLA/resoluciones/index.php?dir=RESOLUCIONES+2005/RES+2005+2501-2550/ HTTP/1.1" 200 12365
136.243.228.197 - - [30/Oct/2022:22:21:10 -0500] "GET /BLA/resoluciones/index.php?dir=RESOLUCIONES+2005/RES+2005+451-500/ HTTP/1.1" 200 12244
172.22.2.4 - - [30/Oct/2022:22:19:38 -0500] "HEAD /BLA/boletinlegal/ HTTP/1.1" 200 -
136.243.228.197 - - [30/Oct/2022:22:21:18 -0500] "GET /BLA/resoluciones/index.php?dir=RESOLUCIONES+2004/RES+2004+2251-2300/ HTTP/1.1" 200 12363
136.243.228.197 - - [30/Oct/2022:22:21:24 -0500] "GET /BLA/resoluciones/index.php?dir=RESOLUCIONES+2005/RES+2005+1051-1100/ HTTP/1.1" 200 3976
136.243.228.197 - - [30/Oct/2022:22:21:30 -0500] "GET /BLA/resoluciones/index.php?dir=RESOLUCIONES+2005/RES+2005+3151-3180/ HTTP/1.1" 200 8263
186.102.3.52 - - [30/Oct/2022:22:21:32 -0500] "GET /kwssiamovil/sm/acme/a?s=U2FsdGVkX19aoXwc6L+Hc4BKD0w3SfUBjn2T8DNm9uQuCJiJKzoZq/jrYp81pyczG1fsVTNSZzetijLCyZ19f8QB7mjWlADSQsRtSLkg9PDABxFCIC+WYNn9QKEc8zY3sJv54kI/xfSLJnC7roDfs3RrkPOqEg9Sg2zF30qmG/SwvCPlFzAK0G99MhCU2XO4OAKbRKNwhRZJ27Crs1fvBO1vAwEWDf1cHg2FA4HsqRJUqFSqKcaOuD9ISHx3uj0+iV4RVCX+jiSZ5GWswZxDzA==&u=U2FsdGVkX1/OOUP/xDCrOpvtcQDEV2lYRw3uCrq5xTQ=&y=U2FsdGVkX188MWJrtpnpfvsTa0gheThVZSeAdkHZhRhtLz99ZEwm5zmwoAAgxuuM HTTP/1.1" 200 26
186.102.3.52 - - [30/Oct/2022:22:21:33 -0500] "GET /kwssiamovil/sm/acme/a?s=U2FsdGVkX1/InD7Rz0LWVxNZjANtCgIsgOn3J6Vdf4P2GNREsUHIAVWsU5lCCp9LC4NIxjka0dmgBR/KAVZAQXQVZX1kD+NZtBd1Txi5dAPsHPMXIvzGe7v04QwcSSd62NFkhTBPnJ7oX7fNgtFwGtPtbcUeNzRYPtkZFXi0Ya8PWYBa6Mp8iN7uNQE2C7ZyEiW3WSXefHUEz9Kn8hF0kMr1jYdpajLC/rday+fD3PZMEkib/OZlFeEG6tF7w96h8Wfhes1Yu8Mpgapt/w3p5jqg0OGy/nz6/O2znevJn7RapJmo6uZm/GDwhHP4Df3G7i+Xg8Bdamsi/obb55v2ppprRot7VLAbWL0st/ypvvpn4WH2YGzEwwnkgc7erLlH6BjfJs+4JBl6O0Qnv8xCcK3kzzZA0vd/U9W06Olcloy7cqErcBROPyAICohB24UAhEOnpcnxsmQD+kjr2jvi+YeqnvYUDHV2N80xxbj/EjsJ/NXrBL2PqKilsmetXU9M/N72Tzn9AVA37lx1kPM8jI4nyXbn+eKCQ7cXbsZongT5tgEzBbbAoqd4CKT2zBy3vwnC+XIetJLbeC44jA/mwD/Fdop7dCKbT1+IJsZCqGxupyvsF47z9LWC0nMQ/qyec4lRAumL2uX50sNJ1mpB2PNfagSk4tZHDlBPqEQjXVQxSGTxsovnymA+iGr08eYcboc9FJsoOYTSfkY2dXQTlr90OMXkiIkgbfUPCVSIyFDNimWUraW7Wc1iI2iqJYHgfrt0liVTJXSbrEq/PMWfJ3PvL97up66igHTPwoUKshQIN+oWr1T02y3LjcmASjfn/dkF/dlBuZ92hUM3MKd84f2+rk7BQtU6mvI9fKR+aD1VYJPlk6W82zoRpFzcm572bbWsBqq1rlbGTC91jJv25GW0OFy5YrrxAsg2tEb8UPiFqvbjFuu3La8CHcTN5+ARJ5Zn3Ctm4tNtwNYmuLIrH+wa4rJjoOvHlqDfpHNbQOOLnM2jKXkem9wCfZsngjbeD6NuZPl92ZzYS79TWNMLsd5uyP4GHQaSS1PYkFoVGcBUkAU/X78mvE+ASnVtHo2quZr1jTyRmTws2hs2U+vV5d5TjNt8jhfKUet96uL5X40qNZMBZ/0OEjh8uYlMigShEhYJ1GN0EJzdcEDIFNtzzQD5bFN/gqIiYYuV4wcspB2+P8JuxzRuiXrcr6Eo2/xxxs2XSBCueIPnDO7xemmi6EmWOASJMVDqHe8ZpU2MXHaz7MJew8iMeOKiPRWc8QjldGlRSNoirVjUha+85FaFJMwq9NI7BG/u94vQQh84xf0XQkZhe/R/jCeE7ThXYQjWvfaa0zwBwWZiQ+OuTUr7ycAYBKMjn55pUoqzVw1b9ApNLBVg7odoanqvrmtrPI66UOS5AamwUhjOVn27PXfE3vU+k+F0Gw2cl5biGO+qzaRLl0UmYzB06paf3EyabstgiMpOwYe7dfn9S5fVb/Jb4QqToWu/mQesNulrbi22+N7xqzLxFhBTq2ONZ+mO1h3RcuOBbaqJ8BSGuvQ4IBoqNpZ75ISWlEbJ4bI6IiALzBuqJvaUJ8djR6F2TvwbxNBuet29uZkocmOdOtS7j7PcqLCu0STvD383PQagvNmiwZHGLDkI+evlnV4Z/BoKQbvRbyMyyg3+i6szjYdZx7iCoZfidW9yAI2Nmc3kJZdL30eAig2cNU2TPs+a0drS0C8kvFDu48d/c65/rruK88kO6pdKTMwEaExeYiw3ArhyH6fV/VsKdOOK6eJoklLj/46DqkB4ARaZGjYoiUi213ecjU+E2UFKKgJxaFurO843EAyT9+DlcfN3ZSHckQ8CsJJMXKmb2JKdcSeokIAnACpHtg==&u=U2FsdGVkX1/OOUP/xDCrOpvtcQDEV2lYRw3uCrq5xTQ=&y=U2FsdGVkX188MWJrtpnpfvsTa0gheThVZSeAdkHZhRhtLz99ZEwm5zmwoAAgxuuM HTTP/1.1" 200 26
186.102.3.52 - - [30/Oct/2022:22:21:33 -0500] "GET /kwssiamovil/sm/acme/a?s=U2FsdGVkX199jMjLlkzLtSbGcTvF2Vb11S2XT2Ye4jp14/5gbd1ReyyT3rOafmGrPbwoeDPx8i5/mhLOU16MPsWI1vLhQ53Mpl6UA5dtN3DXaEa3b3bgACEKk5a2cIp0DtegAz/+48c8Ptls1p2wv4uTIf6yFRA4X4yV09lRTwE=&u=U2FsdGVkX1/OOUP/xDCrOpvtcQDEV2lYRw3uCrq5xTQ=&y=U2FsdGVkX188MWJrtpnpfvsTa0gheThVZSeAdkHZhRhtLz99ZEwm5zmwoAAgxuuM HTTP/1.1" 200 26
186.102.3.52 - - [30/Oct/2022:22:21:33 -0500] "GET /kwssiamovil/sm/acme/a?s=U2FsdGVkX1+seAoG3Nru1KdfG//3bUR8ryq9pC4r47OYt+qVyhaKvh7MLOMq3fSTfayCKVZlDJQ4Ymq1cTmqFL6cGMOfieHqgkeQXTlQwgJx2Ww3jVNGfMa1S2U8S0VKcgfH4MoDoMi9XfyocozY6XWoih9qxuImptxxdo8LcAs=&u=U2FsdGVkX1/OOUP/xDCrOpvtcQDEV2lYRw3uCrq5xTQ=&y=U2FsdGVkX188MWJrtpnpfvsTa0gheThVZSeAdkHZhRhtLz99ZEwm5zmwoAAgxuuM HTTP/1.1" 200 26
186.102.3.52 - - [30/Oct/2022:22:21:34 -0500] "GET /kwssiamovil/sm/acme/a?s=U2FsdGVkX1+CSAW8oTJLmSDYQPu71hB1+YcKaY1JTH+i5hN7mjPUmu0HSdadxYuXilvUNPnLuXyafEZdumS/v9stiCl8DAyP+PnY3m8hgm33ka1GGKOJqIhhaIjrkuICVQ7sXqdc616GfXUKC9+SQ56xs8pHnyJZ/8MQVueBCh8=&u=U2FsdGVkX1/OOUP/xDCrOpvtcQDEV2lYRw3uCrq5xTQ=&y=U2FsdGVkX188MWJrtpnpfvsTa0gheThVZSeAdkHZhRhtLz99ZEwm5zmwoAAgxuuM HTTP/1.1" 200 26
186.102.3.52 - - [30/Oct/2022:22:21:34 -0500] "GET /kwssiamovil/sm/acme/a?s=U2FsdGVkX1/GSle40/uDAcxg2lNhomLeFP2RugUIHQuW8xUTtzUug5uw9+NopuIbekkzTExxr0wDrNeaauGC/A+ewRxYx6z8NzVYBmWexR5VpwT/bpgtWilNTzCCgWCa0+TZHxZA4C0o8cK+IP88vPUwbf9WFuXRC4FhGBKt4UU0x138NDW5ukqjGNpNdQMV5ZuSG5g6/r/uGZWBtGv66Q==&u=U2FsdGVkX1/OOUP/xDCrOpvtcQDEV2lYRw3uCrq5xTQ=&y=U2FsdGVkX188MWJrtpnpfvsTa0gheThVZSeAdkHZhRhtLz99ZEwm5zmwoAAgxuuM HTTP/1.1" 200 26
136.243.228.197 - - [30/Oct/2022:22:21:37 -0500] "GET /BLA/resoluciones/index.php?dir=RESOLUCIONES+2005/RES+2005+251-300/ HTTP/1.1" 200 12254
201.245.192.253 - - [30/Oct/2022:22:21:39 -0500] "POST /kwsrmcab/Wsrmcab HTTP/1.1" 200 41945
136.243.228.197 - - [30/Oct/2022:22:21:42 -0500] "GET /BLA/resoluciones/index.php?dir=RESOLUCIONES+2005/RES+2005+1301-1350/ HTTP/1.1" 200 12344
201.245.192.253 - - [30/Oct/2022:22:21:42 -0500] "POST /kwsrmcab/Wsrmcab HTTP/1.1" 200 42409
136.243.228.197 - - [30/Oct/2022:22:21:49 -0500] "GET /BLA/resoluciones/index.php?dir=RESOLUCIONES%202005/&sort=name&order=desc HTTP/1.1" 200 49517
136.243.228.197 - - [30/Oct/2022:22:21:55 -0500] "GET /BLA/resoluciones/index.php?dir=RESOLUCIONES+2004/RES+2004+2301-2350/ HTTP/1.1" 200 12356
136.243.228.197 - - [30/Oct/2022:22:22:06 -0500] "GET /BLA/resoluciones/index.php?dir=RESOLUCIONES+2004/RES+2004+701-750/ HTTP/1.1" 200 12059
172.22.2.4 - - [30/Oct/2022:22:20:28 -0500] "GET /BLA/boletinlegal/ HTTP/1.1" 200 58163
136.243.228.197 - - [30/Oct/2022:22:22:12 -0500] "GET /BLA/resoluciones/index.php?dir=RESOLUCIONES+2005/RES+2005+151-200/ HTTP/1.1" 200 12230
136.243.228.197 - - [30/Oct/2022:22:22:18 -0500] "GET /BLA/resoluciones/index.php?dir=RESOLUCIONES+2005/RES+2005+851-900/ HTTP/1.1" 200 12242
136.243.228.197 - - [30/Oct/2022:22:22:25 -0500] "GET /BLA/resoluciones/index.php?dir=RESOLUCIONES+2005/RES+2005+51-100/ HTTP/1.1" 200 12192
136.243.228.197 - - [30/Oct/2022:22:22:32 -0500] "GET /BLA/resoluciones/index.php?dir=RESOLUCIONES+2004/RES+2004+1651-1700/ HTTP/1.1" 200 12370
136.243.228.197 - - [30/Oct/2022:22:22:38 -0500] "GET /BLA/resoluciones/index.php?dir=RESOLUCIONES+2005/RES+2005+2001-2050/ HTTP/1.1" 200 12358
136.243.228.197 - - [30/Oct/2022:22:22:45 -0500] "GET /BLA/resoluciones/index.php?dir=RESOLUCIONES+2005/RES+2005+2251-2300/ HTTP/1.1" 200 12353
136.243.228.197 - - [30/Oct/2022:22:22:52 -0500] "GET /BLA/resoluciones/index.php?dir=RESOLUCIONES+2005/RES+2005+2601-2650/ HTTP/1.1" 200 12161
136.243.228.197 - - [30/Oct/2022:22:22:59 -0500] "GET /BLA/resoluciones/index.php?dir=RESOLUCIONES+2004/RES+2004+2001-2050/ HTTP/1.1" 200 12347
136.243.228.197 - - [30/Oct/2022:22:23:06 -0500] "GET /BLA/resoluciones/index.php?dir=RESOLUCIONES+2004/RES+2004+351-400/ HTTP/1.1" 200 12050
136.243.228.197 - - [30/Oct/2022:22:23:11 -0500] "GET /BLA/resoluciones/index.php?dir=RESOLUCIONES+2005/RES+2005+801-850/ HTTP/1.1" 200 12246
136.243.228.197 - - [30/Oct/2022:22:23:18 -0500] "GET /BLA/resoluciones/index.php?dir=RESOLUCIONES+2005/RES+2005+2651-2700/ HTTP/1.1" 200 12369
136.243.228.197 - - [30/Oct/2022:22:23:25 -0500] "GET /BLA/resoluciones/index.php?dir=RESOLUCIONES%202005/&sort=size&order=asc HTTP/1.1" 200 49518
136.243.228.197 - - [30/Oct/2022:22:23:31 -0500] "GET /BLA/resoluciones/index.php?dir=RESOLUCIONES+2005/RES+2005+901-950/ HTTP/1.1" 200 12245
136.243.228.197 - - [30/Oct/2022:22:23:38 -0500] "GET /BLA/resoluciones/index.php?dir=RESOLUCIONES+2004/RES+2004+1501-1550/ HTTP/1.1" 200 12358
136.243.228.197 - - [30/Oct/2022:22:23:44 -0500] "GET /BLA/resoluciones/index.php?dir=RESOLUCIONES+2005/RES+2005+651-700/ HTTP/1.1" 200 12232
136.243.228.197 - - [30/Oct/2022:22:23:51 -0500] "GET /BLA/resoluciones/index.php?dir=RESOLUCIONES+2004/RES+2004+01-+50/ HTTP/1.1" 200 11966
136.243.228.197 - - [30/Oct/2022:22:23:58 -0500] "GET /BLA/resoluciones/index.php?dir=RESOLUCIONES+2005/RES+2005+401-450/ HTTP/1.1" 200 12254
136.243.228.197 - - [30/Oct/2022:22:24:05 -0500] "GET /BLA/resoluciones/index.php?dir=RESOLUCIONES+2005/RES+2005+2151-2200/ HTTP/1.1" 200 12146
136.243.228.197 - - [30/Oct/2022:22:24:11 -0500] "GET /BLA/resoluciones/index.php?dir=RESOLUCIONES+2005/RES+2005+201-250/ HTTP/1.1" 200 12248
136.243.228.197 - - [30/Oct/2022:22:24:18 -0500] "GET /BLA/resoluciones/index.php?dir=RESOLUCIONES+2005/RES+2005+3101-3150/ HTTP/1.1" 200 12367
136.243.228.197 - - [30/Oct/2022:22:24:24 -0500] "GET /BLA/resoluciones/index.php?dir=RESOLUCIONES+2005/RES+2005+1451-1500/ HTTP/1.1" 200 12368
136.243.228.197 - - [30/Oct/2022:22:24:30 -0500] "GET /BLA/resoluciones/index.php?dir=RESOLUCIONES+2004/RES+2004+601-650/ HTTP/1.1" 200 12060
136.243.228.197 - - [30/Oct/2022:22:24:37 -0500] "GET /BLA/resoluciones/index.php?dir=RESOLUCIONES+2005/RES+2005+1401-1450/ HTTP/1.1" 200 12365
136.243.228.197 - - [30/Oct/2022:22:24:43 -0500] "GET /BLA/resoluciones/index.php?dir=AUTOS%202006/&sort=date&order=asc HTTP/1.1" 200 9681
216.245.221.92 - - [30/Oct/2022:22:24:48 -0500] "HEAD / HTTP/1.1" 200 -
136.243.228.197 - - [30/Oct/2022:22:24:50 -0500] "GET /BLA/resoluciones/index.php?dir=RESOLUCIONES+2002/RES+2002+1301-1350/ HTTP/1.1" 200 12634
136.243.228.197 - - [30/Oct/2022:22:24:56 -0500] "GET /BLA/resoluciones/index.php?dir=RESOLUCIONES%202002/&sort=size&order=asc HTTP/1.1" 200 24741
136.243.228.197 - - [30/Oct/2022:22:25:03 -0500] "GET /BLA/resoluciones/index.php?dir=RESOLUCIONES+2002/RES+2002+1051-1100/ HTTP/1.1" 200 12143
136.243.228.197 - - [30/Oct/2022:22:25:10 -0500] "GET /BLA/resoluciones/index.php?dir=AUTOS+2006/AUTOS+2006+3101+-+3200/ HTTP/1.1" 200 22189
136.243.228.197 - - [30/Oct/2022:22:25:17 -0500] "GET /BLA/resoluciones/index.php?dir=RESOLUCIONES+2002/RES+2002+701-750/ HTTP/1.1" 200 12223
136.243.228.197 - - [30/Oct/2022:22:25:24 -0500] "GET /BLA/resoluciones/index.php?dir=RESOLUCIONES+2002/RES+2002+351-400/ HTTP/1.1" 200 12209
136.243.228.197 - - [30/Oct/2022:22:25:31 -0500] "GET /BLA/resoluciones/index.php?dir=RESOLUCIONES+2002/RES+2002+1101-1150/ HTTP/1.1" 200 12347
136.243.228.197 - - [30/Oct/2022:22:25:38 -0500] "GET /BLA/resoluciones/index.php?dir=RESOLUCIONES+2002/RES+2002+1951-1971/ HTTP/1.1" 200 6225
136.243.228.197 - - [30/Oct/2022:22:25:45 -0500] "GET /BLA/resoluciones/index.php?dir=RESOLUCIONES+2002/RES+2002+151-200/ HTTP/1.1" 200 12570
136.243.228.197 - - [30/Oct/2022:22:25:52 -0500] "GET /BLA/resoluciones/index.php?dir=AUTOS+2006/AUTOS+2006+301-400/ HTTP/1.1" 200 21781
201.245.192.253 - - [30/Oct/2022:22:26:01 -0500] "POST /kwsrmcab/Wsrmcab  HTTP/1.1" 200 42272
136.243.228.197 - - [30/Oct/2022:22:26:09 -0500] "GET /BLA/resoluciones/index.php?dir=AUTOS+2006/AUTOS+2006+601-700/ HTTP/1.1" 200 21776
136.243.228.197 - - [30/Oct/2022:22:26:16 -0500] "GET /BLA/resoluciones/index.php?dir=AUTOS+2006/AUTOS+2006+2101+-+2200/ HTTP/1.1" 200 22204
136.243.228.197 - - [30/Oct/2022:22:26:22 -0500] "GET /BLA/resoluciones/index.php?dir=RESOLUCIONES+2004/RES+2004+2201-2250/ HTTP/1.1" 200 12358
136.243.228.197 - - [30/Oct/2022:22:26:28 -0500] "GET /BLA/resoluciones/index.php?dir=RESOLUCIONES+2002/RES+2002+1201-1250/ HTTP/1.1" 200 12151
136.243.228.197 - - [30/Oct/2022:22:26:38 -0500] "GET /BLA/resoluciones/index.php?dir=RESOLUCIONES+2002/RES+2002+851-900/ HTTP/1.1" 200 12703
172.22.2.4 - - [30/Oct/2022:22:25:28 -0500] "HEAD /BLA/boletinlegal/ HTTP/1.1" 200 -
136.243.228.197 - - [30/Oct/2022:22:27:36 -0500] "GET /BLA/resoluciones/index.php?dir=AUTOS%202006/&sort=name&order=desc HTTP/1.1" 200 9680
136.243.228.197 - - [30/Oct/2022:22:27:43 -0500] "GET /BLA/resoluciones/index.php?dir=AUTOS+2006/AUTOS+2006+1101-1200/ HTTP/1.1" 200 21976
136.243.228.197 - - [30/Oct/2022:22:27:49 -0500] "GET /BLA/resoluciones/index.php?dir=AUTOS+2006/AUTOS+2006+2901+-+3000/ HTTP/1.1" 200 22191
136.243.228.197 - - [30/Oct/2022:22:27:57 -0500] "GET /BLA/resoluciones/index.php?dir=AUTOS+2006/AUTOS+2006+2301+-+2400/ HTTP/1.1" 200 22197
172.22.2.4 - - [30/Oct/2022:22:26:18 -0500] "GET /BLA/boletinlegal/ HTTP/1.1" 200 58575
136.243.228.197 - - [30/Oct/2022:22:28:04 -0500] "GET /BLA/resoluciones/index.php?dir=AUTOS+2006/AUTOS+2006+401-500/ HTTP/1.1" 200 21769
136.243.228.197 - - [30/Oct/2022:22:28:11 -0500] "GET /BLA/resoluciones/index.php?dir=RESOLUCIONES+2002/RES+2002+1601-1650/ HTTP/1.1" 200 12158
136.243.228.197 - - [30/Oct/2022:22:28:18 -0500] "GET /BLA/resoluciones/index.php?dir=RESOLUCIONES%202002/&sort=date&order=asc HTTP/1.1" 200 24741
136.243.228.197 - - [30/Oct/2022:22:28:27 -0500] "GET /BLA/resoluciones/index.php?dir=RESOLUCIONES+2002/RES+2002+501-550/ HTTP/1.1" 200 12510
136.243.228.197 - - [30/Oct/2022:22:28:33 -0500] "GET /BLA/resoluciones/index.php?dir=RESOLUCIONES%201993/&sort=size&order=asc HTTP/1.1" 200 2879
136.243.228.197 - - [30/Oct/2022:22:28:41 -0500] "GET /BLA/resoluciones/index.php?dir=RESOLUCIONES+2002/RES+2002+801-850/ HTTP/1.1" 200 12225
136.243.228.197 - - [30/Oct/2022:22:28:49 -0500] "GET /BLA/resoluciones/index.php?dir=AUTOS+2006/AUTOS+2006+1-100/ HTTP/1.1" 200 21539
136.243.228.197 - - [30/Oct/2022:22:28:56 -0500] "GET /BLA/resoluciones/index.php?dir=RESOLUCIONES+2002/RES+2002+51-100/ HTTP/1.1" 200 12120
136.243.228.197 - - [30/Oct/2022:22:29:05 -0500] "GET /BLA/resoluciones/index.php?dir=AUTOS+2006/AUTOS+2006+101-200/ HTTP/1.1" 200 21758
136.243.228.197 - - [30/Oct/2022:22:29:11 -0500] "GET /BLA/resoluciones/index.php?dir=AUTOS+2006/AUTOS+2006+2001+-+2100/ HTTP/1.1" 200 22199
136.243.228.197 - - [30/Oct/2022:22:29:18 -0500] "GET /BLA/resoluciones/index.php?dir=RESOLUCIONES+2002/RES+2002+451-500/ HTTP/1.1" 200 12051
136.243.228.197 - - [30/Oct/2022:22:29:25 -0500] "GET /BLA/resoluciones/index.php?dir=AUTOS+2006/AUTOS+2006+901-1000/ HTTP/1.1" 200 21877
136.243.228.197 - - [30/Oct/2022:22:29:33 -0500] "GET /BLA/resoluciones/index.php?dir=RESOLUCIONES%202004/&sort=name&order=desc HTTP/1.1" 200 31993
136.243.228.197 - - [30/Oct/2022:22:29:40 -0500] "GET /BLA/resoluciones/index.php?dir=AUTOS+2006/AUTOS+2006+1001-1100/ HTTP/1.1" 200 21966
136.243.228.197 - - [30/Oct/2022:22:29:47 -0500] "GET /BLA/resoluciones/index.php?dir=RESOLUCIONES+2002/RES+2002+101-150/ HTTP/1.1" 200 12339
216.245.221.92 - - [30/Oct/2022:22:29:48 -0500] "HEAD / HTTP/1.1" 200 -
136.243.228.197 - - [30/Oct/2022:22:29:55 -0500] "GET /BLA/resoluciones/index.php?dir=RESOLUCIONES+2002/RES+2002+1451-1500/ HTTP/1.1" 200 12146
136.243.228.197 - - [30/Oct/2022:22:30:03 -0500] "GET /BLA/resoluciones/index.php?dir=RESOLUCIONES+2002/RES+2002+1751-1800/ HTTP/1.1" 200 12156
136.243.228.197 - - [30/Oct/2022:22:30:10 -0500] "GET /BLA/resoluciones/index.php?dir=AUTOS+2006/AUTOS+2006+201-300/ HTTP/1.1" 200 21766
136.243.228.197 - - [30/Oct/2022:22:30:18 -0500] "GET /BLA/resoluciones/index.php?dir=AUTOS+2006/AUTOS+2006+701-800/ HTTP/1.1" 200 21969
136.243.228.197 - - [30/Oct/2022:22:30:24 -0500] "GET /BLA/resoluciones/index.php?dir=AUTOS+2006/AUTOS+2006+3301+-+3418/ HTTP/1.1" 200 25807
136.243.228.197 - - [30/Oct/2022:22:30:31 -0500] "GET /BLA/resoluciones/index.php?dir=AUTOS+2006/AUTOS+2006+1901+-+2000/ HTTP/1.1" 200 22186
136.243.228.197 - - [30/Oct/2022:22:30:39 -0500] "GET /BLA/resoluciones/index.php?dir=AUTOS+2006/AUTOS+2006+2701+-+2800/ HTTP/1.1" 200 22410
136.243.228.197 - - [30/Oct/2022:22:30:46 -0500] "GET /BLA/resoluciones/index.php?dir=AUTOS+2006/AUTOS+2006+3201+-+3300/ HTTP/1.1" 200 22209
136.243.228.197 - - [30/Oct/2022:22:30:53 -0500] "GET /BLA/resoluciones/index.php?dir=AUTOS+2006/AUTOS+2006+1801-+1900/ HTTP/1.1" 200 22159
201.245.192.253 - - [30/Oct/2022:22:31:00 -0500] "POST /kwsrmcab/Wsrmcab  HTTP/1.1" 200 42272
136.243.228.197 - - [30/Oct/2022:22:31:02 -0500] "GET /BLA/resoluciones/index.php?dir=RESOLUCIONES+2002/RES+2002+551-600/ HTTP/1.1" 200 12948
136.243.228.197 - - [30/Oct/2022:22:31:10 -0500] "GET /BLA/resoluciones/index.php?dir=RESOLUCIONES+2004/RES+2004+2351-2401/ HTTP/1.1" 200 12572
136.243.228.197 - - [30/Oct/2022:22:31:18 -0500] "GET /BLA/resoluciones/index.php?dir=RESOLUCIONES+2002/RES+2002+251-300/ HTTP/1.1" 200 12034
136.243.228.197 - - [30/Oct/2022:22:31:26 -0500] "GET /BLA/resoluciones/index.php?dir=RESOLUCIONES+2002/RES+2002+1151-1200/ HTTP/1.1" 200 12144
136.243.228.197 - - [30/Oct/2022:22:31:36 -0500] "GET /BLA/resoluciones/index.php?dir=RESOLUCIONES+2004/RES+2004+951-1000/ HTTP/1.1" 200 12101
201.245.192.253 - - [30/Oct/2022:22:31:40 -0500] "POST /kwsrmcab/Wsrmcab HTTP/1.1" 200 41945
136.243.228.197 - - [30/Oct/2022:22:31:42 -0500] "GET /BLA/resoluciones/index.php?dir=AUTOS+2006/AUTOS+2006+801-900/ HTTP/1.1" 200 21775
201.245.192.253 - - [30/Oct/2022:22:31:42 -0500] "POST /kwsrmcab/Wsrmcab HTTP/1.1" 200 42409
136.243.228.197 - - [30/Oct/2022:22:31:49 -0500] "GET /BLA/resoluciones/index.php?dir=AUTOS+2006/AUTOS+2006+2501+-+2600/ HTTP/1.1" 200 22209
136.243.228.197 - - [30/Oct/2022:22:31:56 -0500] "GET /BLA/resoluciones/index.php?dir=RESOLUCIONES%201993/&sort=date&order=asc HTTP/1.1" 200 2879
136.243.228.197 - - [30/Oct/2022:22:32:05 -0500] "GET /BLA/resoluciones/index.php?dir=RESOLUCIONES%201993/&sort=name&order=desc HTTP/1.1" 200 2878
136.243.228.197 - - [30/Oct/2022:22:32:12 -0500] "GET /BLA/resoluciones/index.php?dir=RESOLUCIONES+2002/RES+2002+1551-1600/ HTTP/1.1" 200 12155
136.243.228.197 - - [30/Oct/2022:22:32:20 -0500] "GET /BLA/resoluciones/index.php?dir=RESOLUCIONES+2002/RES+2002+1701-1750/ HTTP/1.1" 200 12141
136.243.228.197 - - [30/Oct/2022:22:32:26 -0500] "GET /BLA/resoluciones/index.php?dir=RESOLUCIONES+2002/RES+2002+1901-1950/ HTTP/1.1" 200 12149
136.243.228.197 - - [30/Oct/2022:22:32:34 -0500] "GET /BLA/resoluciones/index.php?dir=RESOLUCIONES+2002/RES+2002+1251-1301/ HTTP/1.1" 200 12148
136.243.228.197 - - [30/Oct/2022:22:32:42 -0500] "GET /BLA/resoluciones/index.php?dir=RESOLUCIONES%202002/&sort=name&order=desc HTTP/1.1" 200 24740
136.243.228.197 - - [30/Oct/2022:22:32:49 -0500] "GET /BLA/resoluciones/index.php?dir=RESOLUCIONES+2004/RES+2004+451-500/ HTTP/1.1" 200 12037
136.243.228.197 - - [30/Oct/2022:22:32:57 -0500] "GET /BLA/resoluciones/index.php?dir=AUTOS+2006/AUTOS+2006+2601+-+2700/ HTTP/1.1" 200 22189
172.22.2.4 - - [30/Oct/2022:22:31:18 -0500] "HEAD /BLA/boletinlegal/ HTTP/1.1" 200 -
136.243.228.197 - - [30/Oct/2022:22:33:05 -0500] "GET /BLA/resoluciones/index.php?dir=AUTOS+2006/AUTOS+2006+501-600/ HTTP/1.1" 200 21780
136.243.228.197 - - [30/Oct/2022:22:33:13 -0500] "GET /BLA/resoluciones/index.php?dir=AUTOS+2006/AUTOS+2006+1301-1400/ HTTP/1.1" 200 22002
136.243.228.197 - - [30/Oct/2022:22:33:22 -0500] "GET /BLA/resoluciones/index.php?dir=AUTOS+2006/AUTOS+2006+1601+-+1700/ HTTP/1.1" 200 22248
136.243.228.197 - - [30/Oct/2022:22:33:30 -0500] "GET /BLA/resoluciones/index.php?dir=RESOLUCIONES+2002/RES+2002+301-350/ HTTP/1.1" 200 12274
136.243.228.197 - - [30/Oct/2022:22:33:39 -0500] "GET /BLA/resoluciones/index.php?dir=AUTOS+2006/AUTOS+2006+1501+-+1600/ HTTP/1.1" 200 22232
136.243.228.197 - - [30/Oct/2022:22:33:47 -0500] "GET /BLA/resoluciones/index.php?dir=RESOLUCIONES+2002/RES+2002+201-250/ HTTP/1.1" 200 12325
172.22.2.4 - - [30/Oct/2022:22:32:08 -0500] "GET /BLA/boletinlegal/ HTTP/1.1" 200 50395
136.243.228.197 - - [30/Oct/2022:22:33:55 -0500] "GET /BLA/resoluciones/index.php?dir=AUTOS+2006/AUTOS+2006+2401+-+2500/ HTTP/1.1" 200 22199
136.243.228.197 - - [30/Oct/2022:22:34:04 -0500] "GET /BLA/resoluciones/index.php?dir=RESOLUCIONES+2002/RES+2002+651-700/ HTTP/1.1" 200 12213
136.243.228.197 - - [30/Oct/2022:22:34:13 -0500] "GET /BLA/resoluciones/index.php?dir=RESOLUCIONES+2002/RES+2002+1401-1450/ HTTP/1.1" 200 12162
172.22.2.4 - - [30/Oct/2022:22:32:53 -0500] "GET /BLA/boletinlegal/ HTTP/1.1" 200 49099
136.243.228.197 - - [30/Oct/2022:22:34:22 -0500] "GET /BLA/resoluciones/index.php?dir=RESOLUCIONES+2002/RES+2002+1001-1050/ HTTP/1.1" 200 12610
136.243.228.197 - - [30/Oct/2022:22:34:31 -0500] "GET /BLA/resoluciones/index.php?dir=AUTOS+2006/AUTOS+2006+1401+-+1500/ HTTP/1.1" 200 13545
136.243.228.197 - - [30/Oct/2022:22:34:39 -0500] "GET /BLA/resoluciones/index.php?dir=RESOLUCIONES+2002/RES+2002+1801-1850/ HTTP/1.1" 200 12158
216.245.221.92 - - [30/Oct/2022:22:34:48 -0500] "HEAD / HTTP/1.1" 200 -
136.243.228.197 - - [30/Oct/2022:22:34:49 -0500] "GET /BLA/resoluciones/index.php?dir=RESOLUCIONES+2002/RES+2002+751-800/ HTTP/1.1" 200 12567
136.243.228.197 - - [30/Oct/2022:22:34:57 -0500] "GET /BLA/resoluciones/index.php?dir=RESOLUCIONES%201997/&sort=date&order=asc HTTP/1.1" 200 16815
136.243.228.197 - - [30/Oct/2022:22:35:06 -0500] "GET /BLA/resoluciones/index.php?dir=AUTOS+2006/AUTOS+2006+1701+-+1800/ HTTP/1.1" 200 22247
136.243.228.197 - - [30/Oct/2022:22:35:13 -0500] "GET /BLA/resoluciones/index.php?dir=RESOLUCIONES%201997/&sort=name&order=desc HTTP/1.1" 200 16814
136.243.228.197 - - [30/Oct/2022:22:35:21 -0500] "GET /BLA/resoluciones/index.php?dir=AUTOS%202006/&sort=size&order=asc HTTP/1.1" 200 9681
136.243.228.197 - - [30/Oct/2022:22:35:29 -0500] "GET /BLA/resoluciones/index.php?dir=AUTOS+2006/AUTOS+2006+2201+-+2300/ HTTP/1.1" 200 22194
136.243.228.197 - - [30/Oct/2022:22:35:38 -0500] "GET /BLA/resoluciones/index.php?dir=RESOLUCIONES+2002/RES+2002+951-1000/ HTTP/1.1" 200 12521
136.243.228.197 - - [30/Oct/2022:22:35:46 -0500] "GET /BLA/resoluciones/index.php?dir=RESOLUCIONES+2002/RES+2002+1501-1550/ HTTP/1.1" 200 12147
136.243.228.197 - - [30/Oct/2022:22:35:54 -0500] "GET /BLA/resoluciones/index.php?dir=AUTOS+2006/AUTOS+2006+1201-1300/ HTTP/1.1" 200 22013
201.245.192.253 - - [30/Oct/2022:22:35:58 -0500] "POST /kwsrmcab/Wsrmcab  HTTP/1.1" 200 42272
136.243.228.197 - - [30/Oct/2022:22:36:03 -0500] "GET /BLA/resoluciones/index.php?dir=RESOLUCIONES+2002/RES+2002+901-950/ HTTP/1.1" 200 12468
136.243.228.197 - - [30/Oct/2022:22:36:10 -0500] "GET /BLA/resoluciones/index.php?dir=AUTOS+2006/AUTOS+2006+2801+-+2900/ HTTP/1.1" 200 22229
172.22.2.4 - - [30/Oct/2022:22:34:37 -0500] "GET /BLA/boletinlegal/ HTTP/1.1" 200 62772
136.243.228.197 - - [30/Oct/2022:22:36:18 -0500] "GET /BLA/resoluciones/index.php?dir=RESOLUCIONES+2002/ANEXOS/ HTTP/1.1" 200 2240
136.243.228.197 - - [30/Oct/2022:22:36:26 -0500] "GET /BLA/resoluciones/index.php?dir=RESOLUCIONES+2002/RES+2002+601-650/ HTTP/1.1" 200 12037
136.243.228.197 - - [30/Oct/2022:22:36:35 -0500] "GET /BLA/resoluciones/index.php?dir=RESOLUCIONES%201997/&sort=size&order=asc HTTP/1.1" 200 16815
136.243.228.197 - - [30/Oct/2022:22:36:43 -0500] "GET /BLA/resoluciones/index.php?dir=RESOLUCIONES+2002/RES+2002+1651-1700/ HTTP/1.1" 200 12155
181.53.13.107 - - [30/Oct/2022:22:37:08 -0500] "GET /sipse/faces/javax.faces.resource/images/ui-bg_flat_0_2d5972_40x100.png?ln=primefaces-aristo HTTP/1.1" 304 -
181.53.13.107 - - [30/Oct/2022:22:37:08 -0500] "POST /sipse/faces/presentacion/sistema/reporte/ventanaVerReporteParametros.xhtml HTTP/1.1" 200 2073
181.53.13.107 - - [30/Oct/2022:22:37:13 -0500] "POST /sipse/faces/presentacion/sistema/reporte/ventanaVerReporteParametros.xhtml HTTP/1.1" 200 58048
181.53.13.107 - - [30/Oct/2022:22:37:13 -0500] "GET /sipse/faces/javax.faces.resource/theme.css?ln=primefaces-sipse HTTP/1.1" 304 -
181.53.13.107 - - [30/Oct/2022:22:37:13 -0500] "GET /sipse/faces/javax.faces.resource/primefaces.css?ln=primefaces&v=4.0 HTTP/1.1" 304 -
181.53.13.107 - - [30/Oct/2022:22:37:13 -0500] "GET /sipse/faces/javax.faces.resource/jquery/jquery.js?ln=primefaces&v=4.0 HTTP/1.1" 304 -
181.53.13.107 - - [30/Oct/2022:22:37:13 -0500] "GET /sipse/faces/javax.faces.resource/layout/layout.css?ln=primefaces&v=4.0 HTTP/1.1" 304 -
181.53.13.107 - - [30/Oct/2022:22:37:13 -0500] "GET /sipse/css/imagen/contrasena.png HTTP/1.1" 404 383
181.53.13.107 - - [30/Oct/2022:22:37:13 -0500] "GET /sipse/faces/javax.faces.resource/jquery/jquery-plugins.js?ln=primefaces&v=4.0 HTTP/1.1" 304 -
181.53.13.107 - - [30/Oct/2022:22:37:13 -0500] "GET /sipse/faces/javax.faces.resource/primefaces.js?ln=primefaces&v=4.0 HTTP/1.1" 304 -
181.53.13.107 - - [30/Oct/2022:22:37:13 -0500] "GET /sipse/faces/javax.faces.resource/layout/layout.js?ln=primefaces&v=4.0 HTTP/1.1" 304 -
181.53.13.107 - - [30/Oct/2022:22:37:13 -0500] "GET /sipse/faces/javax.faces.resource/images/ui-icons_898989_256x240.png?ln=primefaces-aristo HTTP/1.1" 304 -
181.53.13.107 - - [30/Oct/2022:22:37:13 -0500] "POST /sipse/faces/presentacion/financiero/solicitudProceso/listarSolicitudProceso.xhtml HTTP/1.1" 200 1492
181.53.13.107 - - [30/Oct/2022:22:37:27 -0500] "POST /sipse/faces/presentacion/financiero/solicitudProceso/listarSolicitudProceso.xhtml HTTP/1.1" 200 146171
181.53.13.107 - - [30/Oct/2022:22:37:29 -0500] "GET /sipse/faces/javax.faces.resource/primefaces.css?ln=primefaces&v=4.0 HTTP/1.1" 304 -
181.53.13.107 - - [30/Oct/2022:22:37:29 -0500] "GET /sipse/faces/javax.faces.resource/theme.css?ln=primefaces-sipse HTTP/1.1" 304 -
181.53.13.107 - - [30/Oct/2022:22:37:29 -0500] "GET /sipse/faces/javax.faces.resource/layout/layout.css?ln=primefaces&v=4.0 HTTP/1.1" 304 -
181.53.13.107 - - [30/Oct/2022:22:37:29 -0500] "GET /sipse/faces/javax.faces.resource/jquery/jquery.js?ln=primefaces&v=4.0 HTTP/1.1" 304 -
181.53.13.107 - - [30/Oct/2022:22:37:29 -0500] "GET /sipse/faces/javax.faces.resource/jquery/jquery-plugins.js?ln=primefaces&v=4.0 HTTP/1.1" 304 -
181.53.13.107 - - [30/Oct/2022:22:37:29 -0500] "GET /sipse/faces/javax.faces.resource/primefaces.js?ln=primefaces&v=4.0 HTTP/1.1" 304 -
181.53.13.107 - - [30/Oct/2022:22:37:29 -0500] "GET /sipse/faces/javax.faces.resource/layout/layout.js?ln=primefaces&v=4.0 HTTP/1.1" 304 -
136.243.228.197 - - [30/Oct/2022:22:37:36 -0500] "GET /BLA/resoluciones/index.php?dir=RESOLUCIONES+2002/RES+2002+1351-1400/ HTTP/1.1" 200 12141
136.243.228.197 - - [30/Oct/2022:22:37:44 -0500] "GET /BLA/resoluciones/index.php?dir=RESOLUCIONES+2002/RES+2002+01-50/ HTTP/1.1" 200 13729
181.53.13.107 - - [30/Oct/2022:22:37:46 -0500] "POST /sipse/faces/presentacion/financiero/solicitudProceso/consultarSolicitudProceso.xhtml HTTP/1.1" 200 152277
136.243.228.197 - - [30/Oct/2022:22:37:52 -0500] "GET /BLA/resoluciones/index.php?dir=RESOLUCIONES+2002/RES+2002+1851-1900/ HTTP/1.1" 200 12150
172.22.2.4 - - [30/Oct/2022:22:38:26 -0500] "GET /BLA/boletinlegal/Circulares/2019/.pdf HTTP/1.1" 404 1218
157.55.39.195 - - [30/Oct/2022:22:38:32 -0500] "GET /BLA/resoluciones/RESOLUCIONES%202015/0525.pdf HTTP/1.1" 304 -
172.22.2.4 - - [30/Oct/2022:22:38:35 -0500] "GET /BLA/boletinlegal/Circulares/2012/Circular%20No.%2010%20del%2026%20de%20Enero%20de%202012.pdf HTTP/1.1" 404 1218
186.102.3.52 - - [30/Oct/2022:22:38:45 -0500] "GET /kwssiamovil/sm/acme/a?s=U2FsdGVkX1+CYxRdYNrCtD78BmBN/lROItDXoTIkJd0Myuw/dy1ElsLrtNBxO6CAodx+KvDnUIjVi6WIHvZV34Is78MmQtov4xa3gKMZQpM7cj+pM1bWWdb9X8XF6ztzedYj2pBHlWm74JvMN3Q97KNxfynLzk0M25LmvCwoi/Qt9yH0N0n+HaxrEMNLUNUV8pkOGrnnedGMNI7Zxx2CgyQPNPbe8gl0z4mUDLvGq0LSlLFOcAoh2wFneZBD3EwCOanC+Jjx1llUOP2lnfEHow==&u=U2FsdGVkX1/OOUP/xDCrOpvtcQDEV2lYRw3uCrq5xTQ=&y=U2FsdGVkX188MWJrtpnpfvsTa0gheThVZSeAdkHZhRhtLz99ZEwm5zmwoAAgxuuM HTTP/1.1" 200 26
186.102.3.52 - - [30/Oct/2022:22:38:45 -0500] "GET /kwssiamovil/sm/acme/a?s=U2FsdGVkX19+9d01HMoerPFROTaOqWN26CzVZ0cKo4zBSdO9eQB6+KI8CIyTfgba+sFu8TFCMd7Npn6MYNNwZjuwtEgvN7P/uoo+kub+qDxillyU9YAm3pc885+Lmt48PljwpUqd8GocfmtjQ8RSscIYJ3t6OQWUPpTG2/pnu77kxx8DAW6Yd0DgdG72TUhiWTlEuVs4PVOAy28pNtKtZ0Kb/KG+jLZjAhyKouiO0dSYj+AwZgVeHgCaKF8h/ngg1BkWGtQ4iD5Qaz6NTH/d+9ozxOTE6u13BpTGVIfgVuECuAlDx3GfMzr1Sra3guaSZXx7GiCzwgyTz5OXtdTye0Tb6sI7c48MlA5X/z6QU//H+nLDmWVbzxk3p7WNMHXAUB5mZICTgGBmegcHo+nzdP/nyzXfdphZEvA09MR+P/L0oQ5TwdYfTKaAMp2CCz6Plb8t6gCu81uC80PLYQkc32bA2DIqagrau7fy2qFaVsDVLTdaEp5K+sjn3R+eeMNYchPCPePZYw9dCpuo0piJhxYvKlSGXCzkEqKwq7fW6FVwCYf3rCYS5KxwVKXeOmD7w28HKgW5EoNAdLHuJoPSHAnBaoej8DaFfeJui7JjhMpYQYs06/4+W8tvS/248At90R1yW/cwMVNaRhtN2JtkVQfSWInZei01Hz2H1aycq/ywO/9R7A1bNIWY5E6bLaLmLFPpecDLHshVS8ORHMUvslSG3fQ/6gSs9jIVR0y56ZV0GRH/YLH4uEah5OCKlvDv1suL3SV9yRnvO8jtI/CSF6zevdlXavoD3Jh6eFg02d1jbaih9UkBzO0NXanj6qjlMAkjlDL0O9uyJ+AaD7CG/gkUrueymZTMhMMD/6VbJx7PqixZPnMbGzduS5exKXkTPS2A00TqOdZwUWPNcw+RRmv6zpLwafAIJCOMpsdqVsoAykDIOSUYRo47geci9SllmWH/vawv9WJuioBXIKxBO3QgdaVVxL5gCCromE+6/C1m+eHvy4HByZQ9zW0LZ//M5XqLXmhp9cTG5AuqCo28R5ZJxjcT6qLNS8qKIVobZacZkqh+VgFRiJExkAeDNCuhBcWJC9/Ic7ypay9nYzuL5UuSBeWY4OQI5k1g3fgjssufRhsLhbPfIkYL+WXsy98ax+A3lqrUdMW/PxX5DprI6TEaWgBzwUtuvoy6XcWWvt+PoZ0EDvrUUMAy96BNF1SoVS82t3G9tPmCpY+hLNwRZACunxZEsuMjBrZct67xJbY2hAS2q7BUeOzlrwl6tagjPsLj7AuiOY4U8CyEJ0YelsFpnv4aoczQFFG3EYQBeUKLV1YJJRJ33y+ezzP2qysNfzzMgaWckm1ztDYoc6uiMR7MZKYgOCppiZZoBcTgeb4+OgnfR1a4LdWZbzbQlvoQmo5Eo0n/2d7IjVuS9T7LcIsf0ttg/pz8M71BoxrR6tOLmNKWXmJyhmMxBXe83TvcsMjKHPXHjIJDfTMiO5zdHVjqr8RA3Pc85mlGIusEJsTyn7AQa/yTw48nFjUSH9yj0IXeWz5sOJd3h/XG/CQx+YgwGFsyg9VazuL5ZRvJS0uDMRmbs9vX9kGGkJazpAtHqZOkk3sKl5RGQF1ovkkRZ/S8DvNWyv2BLrYjSHRymtoJkglfNnWrBmc13JjSeUNL1OZlc6MkZyrOCvOtvNznS7/8EU98eb3WUXofeH6q3N3tObcfJPgqLPRJ3wTCF980lZb6fohT2rZspR3m3+MXTEm+/tQZ8VP1MPiyHSV48W+Ahczi+L0sPumg8FVAua7Pbmpq2750C5+FgGTqULXva7w3RpwlZn6RBwjR2UJ6VKTb0b5I9W2F7xY0dZjkgJWZ76uoDFb77toVdL2b/OhlaYBR0oboThoN0ggtTJcHyT02CKhnwVWDpHXQLGnvsX82m9f+McHxgEcnnD3AL5BDvL95YHbp4QVkKvmMMp3Pbkz0T3wIpDRl5mMfKpTyBMVeiAflNVx00ZAYETyaj+f8wQ==&u=U2FsdGVkX1/OOUP/xDCrOpvtcQDEV2lYRw3uCrq5xTQ=&y=U2FsdGVkX188MWJrtpnpfvsTa0gheThVZSeAdkHZhRhtLz99ZEwm5zmwoAAgxuuM HTTP/1.1" 200 26
186.102.3.52 - - [30/Oct/2022:22:38:45 -0500] "GET /kwssiamovil/sm/acme/a?s=U2FsdGVkX1+Q/s+wMbOd6I9lv/GkWAIFYdj4rLXUkFN7ht54C3hq4K3jDW+pfHXcpuI2teKbyYli8zguIqklMGVmMh2nznAKf9WGu2Q4X5vtmgC2J0aF2Aay7aEk3n7FLDOYTtAr8zlzuqLEvUiUo68eePT33qlQ0hwRwULaIkU=&u=U2FsdGVkX1/OOUP/xDCrOpvtcQDEV2lYRw3uCrq5xTQ=&y=U2FsdGVkX188MWJrtpnpfvsTa0gheThVZSeAdkHZhRhtLz99ZEwm5zmwoAAgxuuM HTTP/1.1" 200 26
186.102.3.52 - - [30/Oct/2022:22:38:46 -0500] "GET /kwssiamovil/sm/acme/a?s=U2FsdGVkX1/RsENeBfrZpMANAz+2LkLm4jQXR6AISqF6g6vILbNJWji3GDBFOEWka8eJMVDHVpaJymyFhLiiQ0FyuyfmYkJdMXkCuocJdFQgg6rIdC2RiVfhnt79XOdKxWeZdvoLM2AfAV4pgD2WAikrOczFugBBhuTuFtkWrfM=&u=U2FsdGVkX1/OOUP/xDCrOpvtcQDEV2lYRw3uCrq5xTQ=&y=U2FsdGVkX188MWJrtpnpfvsTa0gheThVZSeAdkHZhRhtLz99ZEwm5zmwoAAgxuuM HTTP/1.1" 200 26
186.102.3.52 - - [30/Oct/2022:22:38:46 -0500] "GET /kwssiamovil/sm/acme/a?s=U2FsdGVkX1/ptpa/QMXAbOwjqj5OynCqAvgXDebu+3Qq4UIcqdRjbcqEHsnOe8B9DP7PZoovkSbEj/QMQRsxz7WaTBlh7Iy1rl7ZWrq+ZEdKYp5aSHMqfd8uWLqNBuWlx4goYSJpMhLFF8Eayal+52+93Fi27Vqr2Z8EyugmMl8=&u=U2FsdGVkX1/OOUP/xDCrOpvtcQDEV2lYRw3uCrq5xTQ=&y=U2FsdGVkX188MWJrtpnpfvsTa0gheThVZSeAdkHZhRhtLz99ZEwm5zmwoAAgxuuM HTTP/1.1" 200 26
186.102.3.52 - - [30/Oct/2022:22:38:46 -0500] "GET /kwssiamovil/sm/acme/a?s=U2FsdGVkX1+Wj4c6UtQOJxut9+NksL9vF1xRwvOMKL0btmO5CS4LKlMzEfXJ9BvAGY2+spl13r3m9VO28JGlySk+7Q5eZjzDLpLuvimDEYr8rsZ/P/U1+mN9HtqZQwljTYl972iACwqjkBO2Scek9lGOhnddcU4trNf+RRq/Pmea4nwPgIU40Y626ez1kKjk9lgDfx8WKJo+kLZImqmaxg==&u=U2FsdGVkX1/OOUP/xDCrOpvtcQDEV2lYRw3uCrq5xTQ=&y=U2FsdGVkX188MWJrtpnpfvsTa0gheThVZSeAdkHZhRhtLz99ZEwm5zmwoAAgxuuM HTTP/1.1" 200 26
172.22.2.4 - - [30/Oct/2022:22:37:08 -0500] "HEAD /BLA/boletinlegal/ HTTP/1.1" 200 -
181.53.13.107 - - [30/Oct/2022:22:39:17 -0500] "POST /sipse/faces/presentacion/financiero/solicitudProceso/consultarSolicitudProceso.xhtml HTTP/1.1" 200 87289
172.22.2.4 - - [30/Oct/2022:22:37:58 -0500] "GET /BLA/boletinlegal/ HTTP/1.1" 200 59828
216.245.221.92 - - [30/Oct/2022:22:39:48 -0500] "HEAD / HTTP/1.1" 200 -
181.53.13.107 - - [30/Oct/2022:22:40:25 -0500] "POST /sipse/faces/presentacion/financiero/solicitudProceso/consultarSolicitudProceso.xhtml HTTP/1.1" 200 911
201.245.192.253 - - [30/Oct/2022:22:40:57 -0500] "POST /kwsrmcab/Wsrmcab  HTTP/1.1" 200 42272
201.245.192.253 - - [30/Oct/2022:22:41:40 -0500] "POST /kwsrmcab/Wsrmcab HTTP/1.1" 200 41945
201.245.192.253 - - [30/Oct/2022:22:41:43 -0500] "POST /kwsrmcab/Wsrmcab HTTP/1.1" 200 42409
173.252.107.12 - - [30/Oct/2022:22:43:00 -0500] "GET /secretaria-de-ambiente-abre-espacio-de-formacion-para-comunicadores-sociales-y-periodistas.html HTTP/1.1" 206 860
172.22.2.4 - - [30/Oct/2022:22:42:58 -0500] "HEAD /BLA/boletinlegal/ HTTP/1.1" 200 -
216.245.221.92 - - [30/Oct/2022:22:44:48 -0500] "HEAD / HTTP/1.1" 200 -
172.22.2.4 - - [30/Oct/2022:22:43:48 -0500] "GET /BLA/boletinlegal/ HTTP/1.1" 200 57725
201.245.192.253 - - [30/Oct/2022:22:45:56 -0500] "POST /kwsrmcab/Wsrmcab  HTTP/1.1" 200 42272
216.245.221.92 - - [30/Oct/2022:22:49:47 -0500] "HEAD / HTTP/1.1" 200 -
207.46.13.79 - - [30/Oct/2022:22:50:07 -0500] "GET /BLA/resoluciones/AUTOS%202022/2949.pdf HTTP/1.1" 200 654095
172.22.2.4 - - [30/Oct/2022:22:48:48 -0500] "HEAD /BLA/boletinlegal/ HTTP/1.1" 200 -
201.245.192.253 - - [30/Oct/2022:22:50:55 -0500] "POST /kwsrmcab/Wsrmcab  HTTP/1.1" 200 42272
172.22.2.4 - - [30/Oct/2022:22:49:38 -0500] "GET /BLA/boletinlegal/ HTTP/1.1" 200 57725
186.102.21.182 - - [30/Oct/2022:22:52:46 -0500] "-" 408 -
216.245.221.92 - - [30/Oct/2022:22:54:48 -0500] "HEAD / HTTP/1.1" 200 -
192.241.195.40 - - [30/Oct/2022:22:55:26 -0500] "MGLNDD_190.27.245.106_80" 501 953
201.245.192.253 - - [30/Oct/2022:22:55:54 -0500] "POST /kwsrmcab/Wsrmcab  HTTP/1.1" 200 42272
172.22.2.4 - - [30/Oct/2022:22:56:10 -0500] "GET /BLA/boletinlegal/actos.php HTTP/1.1" 200 9566
172.22.2.4 - - [30/Oct/2022:22:54:38 -0500] "HEAD /BLA/boletinlegal/ HTTP/1.1" 200 -
172.22.2.4 - - [30/Oct/2022:22:55:28 -0500] "GET /BLA/boletinlegal/ HTTP/1.1" 200 59828
186.102.3.52 - - [30/Oct/2022:22:58:46 -0500] "GET /kwssiamovil/sm/acme/a?s=U2FsdGVkX1/aIDqiqGEaj9+xIsL3T6jgHupxBNFzvnHXAoMratuCq2ylV1amT/OQxAw/25vrwmY8/0VOJyVR9J1Aw6CpUWj2aYJtApR0q4UwEA+VphsevxeLhhPsona8ym/BI/UcCNpQGz80jie32SZDMbQUbqtMhd9xEV7BuMwgofva4daApXRiX8yyXPxVCpZ5695YASFqbWUqHjVoHj/qf1BiQzHuImyaJ9Fjxy2NlW1HLiGFUXPOFHdZkaFJ6xcO2wOHUL25QeH6WbxO1A==&u=U2FsdGVkX1/OOUP/xDCrOpvtcQDEV2lYRw3uCrq5xTQ=&y=U2FsdGVkX188MWJrtpnpfvsTa0gheThVZSeAdkHZhRhtLz99ZEwm5zmwoAAgxuuM HTTP/1.1" 200 26
186.102.3.52 - - [30/Oct/2022:22:58:46 -0500] "GET /kwssiamovil/sm/acme/a?s=U2FsdGVkX1+Hjp5j4A7RIRqxLTW2+yeyfsJ/fQ7+DplvYUYR9AmoxkSQIL60LKObWUL4h6c12rcpOXDS4M0u6BAtNmjRCzu4eA2lmDSKfRqO0XG1LfmR+rvohwh4dJ3jdpqXOIuJ3pA0+zqdRrKFdC4T3RG+3g3gYYNazXf8SfX96jW+k+gxFfhZN99ScmP2K4Qs09CXHZVc2N9YRgjVvxZXiAwoDFZQles6h5dBmfRkGR0W+XJb5L9JDDlE/hTZAN7xVqX2z0iFushyQT/UZYm+PEMmWdmX4Z5nopXFZeYSMHiqRUgr2XtyM3UvzI3MKC0qegFlgQMCzDKy5DsYuS0XyQWng1Vew+79DlABzQT6pdhwvEwO4Ak+dAIhf2SqkDSjgjFD1w3QQJViZS74lG1syK7Z/9DWDsKw9PHsKW+ZMQCiqc7QjktCvhDbBfFP4+xA+9vg8hvPJ0W/lVWYkDKkLxZ2Gs/1bNhNKYowE7Wt8Z+eorN6E8WoSJJn0OhiCK/0zaSkQosXbeVTfmqcwoXrOWuwLWRioumeE3A4gfx/L98o1+i18tyFEH+HmMsTMQoAAJJfaUi6xA7PYTtIg9xqh9zWh8vhDshtmWF1jim9+MCaSAid11s1fM+mhRDNV61wvhSsX6Kl/WMhhcIY25RuORnrII8zgIuLYgndk4B0xMK0LOp6EgJHAMi+N4+3YhykscOgLeK+vDRHR8kSK+Ey7Nj5pRdXAHYNWG8QHt4GkaPEPll0onkJZS1kASjdVPKmRvhzdWIXjEpGFoYAVV+wIzTAP5gnFnvCyhJvv4mJJ7yb+LfcEurOpP+00lnqW0dy3TVFmIj0nh/e8jWbO/jWErB533cSLFSMdo2N+eOny4diqOpLEeMjPZ9vdUNNBS9Ua1fPpdaLZtPOe46nzk6O81HmRtA3xwf5rhpgFczD4WZiT7OXSOVgBgw+/cqgs0/uzX2a8cazGSbyNPjkzr1FnhPz0AP7ztTHUBd4jujPp9dFIaksJ7XmrEFg1N1EKLc8G7GTr+oItESe0qIKb8syoLbgchvAZCBvdYyppxQ32f1aMXwlI4vA3tsfZ+hNBo5qieHEBIYvq//qogGrvJ2Jyu5QJGtiamfqxomHbXxISxkOthEXwbHjtfP6XkILlurLuzaCe/5TLKOxYZJo8QIoUAdiuAKDk8NalzfPLjQ9kNaOad4Ldk8K8BwTfh5XH+jT4y+oklUnBaeAnrfEU6pV98hAEQ0eWkhbXt4ASzmQDJbJ4SY/NFYtUbqsLG33R7z8aOKxYjypgU+CyABuc1vUApOPf+wMA/nuF3qwKf0/mXNRd/xL80ejomLoRuP8jTHApa1aGAGeX4lNLz2zolM3pQM4keV2sMUpWv/FZJe5p5wULpoAVe98RAdsgghTKepZjdTJo59TF2pIsoQNliNZoEoPXnrM0MZAxwCjen7DRi1uSebLhsLRi887JfCd61MBQOKcmjiqXa4rqnyP9dkydrUGz4/CEOZrwH1vS33s3//B4fGA9PEbtgPVVWqo4l+g9AAC8VhNdk+OiC/cnXOf4ojCr6z4CCsgBOXORkV+oA31pF3Im2n+srjp1wiuiuVNYS38zPYQlMAWFnLVX+pkHnF6lrJn6IhL2OoJTkr5O/UymgYtxyMxl4Hlf8eIjrOckeIjQmZ65F0cQ1fP7Cqz26sRcr7eoYPJ9nje5DWPVqjFm6YuV+It+SYBnrILryBlr8JA8c6U37EPOQY3dRrrW2Lr0HVzBsmHk9XYlgpsT/WhMy0yXpzMYa8s49AtUAu2WtRlfH9AVRNZGwl3d3U7XmFhl3G1vB80ENZW8wOWQ9z6LunSAzmZkIRGeXHytzZ6+SKpVoAj96fz4Mu7985MYjzjhMpg8sHV56HMvfs=&u=U2FsdGVkX1/OOUP/xDCrOpvtcQDEV2lYRw3uCrq5xTQ=&y=U2FsdGVkX188MWJrtpnpfvsTa0gheThVZSeAdkHZhRhtLz99ZEwm5zmwoAAgxuuM HTTP/1.1" 200 26
186.102.3.52 - - [30/Oct/2022:22:58:46 -0500] "GET /kwssiamovil/sm/acme/a?s=U2FsdGVkX18eAV5Xfe17L3FUQmESN+uFrC8hABJ7FesjF8vrNCDaqqLXKrODjUhTm1uneHgZbWcVw4AzYiLU+lLKaacXD2PUY7yZPko3f0iC5zh7lb7clvb7DFM6PANAsiBLO/SH0bYcCF3G5vjUam5MgosGRcvVTs3wEjx0PMk=&u=U2FsdGVkX1/OOUP/xDCrOpvtcQDEV2lYRw3uCrq5xTQ=&y=U2FsdGVkX188MWJrtpnpfvsTa0gheThVZSeAdkHZhRhtLz99ZEwm5zmwoAAgxuuM HTTP/1.1" 200 26
186.102.3.52 - - [30/Oct/2022:22:58:46 -0500] "GET /kwssiamovil/sm/acme/a?s=U2FsdGVkX1+s2Wc47SROW489HVsUXJoewJvKUZ3h9/AdrA6SXwXD3eJT48/PR0Y2YEk2DflQyr1nbePagwiOY+hjFUx2CPfZGr4m9TJcQL/qP8rg7d/o5vWDy0YEYm//GQQ+ooc9CtJolcTYB7cBpj7bGFpHqJ+DiZO5m+49SV0=&u=U2FsdGVkX1/OOUP/xDCrOpvtcQDEV2lYRw3uCrq5xTQ=&y=U2FsdGVkX188MWJrtpnpfvsTa0gheThVZSeAdkHZhRhtLz99ZEwm5zmwoAAgxuuM HTTP/1.1" 200 26
186.102.3.52 - - [30/Oct/2022:22:58:46 -0500] "GET /kwssiamovil/sm/acme/a?s=U2FsdGVkX19TdX7KSuHcoRB9sy+vDGm42ijawAqNJwMDDOcjQsysRmIn56FE9v4XfBivFwde5FOkkU9iXbG/FVrCRyvu/10AudNrzsoaQDKQEfckGt6olTUpg7Vt0xULvpXq4lYVcyeEgqXAfLgcN2z6bTW93V01Vthvv/lOE78=&u=U2FsdGVkX1/OOUP/xDCrOpvtcQDEV2lYRw3uCrq5xTQ=&y=U2FsdGVkX188MWJrtpnpfvsTa0gheThVZSeAdkHZhRhtLz99ZEwm5zmwoAAgxuuM HTTP/1.1" 200 26
186.102.3.52 - - [30/Oct/2022:22:58:47 -0500] "GET /kwssiamovil/sm/acme/a?s=U2FsdGVkX1/Cx86xfkpiwAitr4O8bmhqniJvdOBGURj9DJ4+1nwskom4k8mPTf82lzwbGJyjDv/t5ji25GWXnDU9pTkKdNaTyHVnY9VMtpvpjSqo+i3gXEZUnZkz6eKpWpaf8OVoYvJ9LmKvN8E+DxxrOip2tqenRasR+GgcFjf369wG1dy1JbhsiiNnm+sV1AwBCdC2L6BqSExuxUTfGg==&u=U2FsdGVkX1/OOUP/xDCrOpvtcQDEV2lYRw3uCrq5xTQ=&y=U2FsdGVkX188MWJrtpnpfvsTa0gheThVZSeAdkHZhRhtLz99ZEwm5zmwoAAgxuuM HTTP/1.1" 200 26
216.245.221.92 - - [30/Oct/2022:22:59:48 -0500] "HEAD / HTTP/1.1" 200 -
201.245.192.253 - - [30/Oct/2022:23:00:53 -0500] "POST /kwsrmcab/Wsrmcab  HTTP/1.1" 200 42272
172.22.2.4 - - [30/Oct/2022:23:00:28 -0500] "HEAD /BLA/boletinlegal/ HTTP/1.1" 200 -
172.22.2.4 - - [30/Oct/2022:23:01:18 -0500] "GET /BLA/boletinlegal/ HTTP/1.1" 200 54356
216.245.221.92 - - [30/Oct/2022:23:04:47 -0500] "HEAD / HTTP/1.1" 200 -
201.245.192.253 - - [30/Oct/2022:23:05:52 -0500] "POST /kwsrmcab/Wsrmcab  HTTP/1.1" 200 42272
173.252.83.120 - - [30/Oct/2022:23:06:15 -0500] "GET /images/reunion-planta-termovalorizacion-11-mayo.jpg HTTP/1.1" 200 34782
54.187.130.194 - - [30/Oct/2022:23:06:32 -0500] "GET / HTTP/1.1" 200 319
172.22.2.4 - - [30/Oct/2022:23:06:57 -0500] "GET /BLA/boletinlegal/.env HTTP/1.1" 404 1018
172.22.2.4 - - [30/Oct/2022:23:06:58 -0500] "POST /BLA/boletinlegal/ HTTP/1.1" 200 24523
172.22.2.4 - - [30/Oct/2022:23:06:18 -0500] "HEAD /BLA/boletinlegal/ HTTP/1.1" 200 -
172.22.2.4 - - [30/Oct/2022:23:07:08 -0500] "GET /BLA/boletinlegal/ HTTP/1.1" 200 56732
216.245.221.92 - - [30/Oct/2022:23:09:47 -0500] "HEAD / HTTP/1.1" 200 -
201.245.192.253 - - [30/Oct/2022:23:10:51 -0500] "POST /kwsrmcab/Wsrmcab  HTTP/1.1" 200 42272
172.22.2.4 - - [30/Oct/2022:23:11:58 -0500] "GET /BLA/boletinlegal/actos.php HTTP/1.1" 200 9566
172.22.2.4 - - [30/Oct/2022:23:11:59 -0500] "GET /BLA/boletinlegal/styles2.css HTTP/1.1" 200 1838
172.22.2.4 - - [30/Oct/2022:23:11:59 -0500] "GET /BLA/boletinlegal/js/ajax_actos.js HTTP/1.1" 200 1322
172.22.2.4 - - [30/Oct/2022:23:11:59 -0500] "GET /BLA/boletinlegal/niceforms-default.css HTTP/1.1" 200 6694
172.22.2.4 - - [30/Oct/2022:23:11:59 -0500] "GET /BLA/boletinlegal/style.css HTTP/1.1" 200 9406
172.22.2.4 - - [30/Oct/2022:23:11:59 -0500] "GET /BLA/boletinlegal/niceforms.js HTTP/1.1" 200 22876
172.22.2.4 - - [30/Oct/2022:23:11:59 -0500] "GET /BLA/boletinlegal/js/lib.js HTTP/1.1" 200 6474
172.22.2.4 - - [30/Oct/2022:23:11:59 -0500] "GET /BLA/boletinlegal/js/popup.js HTTP/1.1" 200 1270
172.22.2.4 - - [30/Oct/2022:23:11:59 -0500] "GET /BLA/boletinlegal/js/jquery1.js HTTP/1.1" 200 29846
172.22.2.4 - - [30/Oct/2022:23:11:59 -0500] "GET /BLA/boletinlegal/images/cabezote%20BLEGAL.jpg HTTP/1.1" 200 118164
172.22.2.4 - - [30/Oct/2022:23:11:59 -0500] "GET /BLA/boletinlegal/images/subscribe-icon-big.png HTTP/1.1" 200 47702
172.22.2.4 - - [30/Oct/2022:23:11:59 -0500] "GET /BLA/boletinlegal/images/historia.png HTTP/1.1" 200 52775
172.22.2.4 - - [30/Oct/2022:23:11:59 -0500] "GET /BLA/boletinlegal/images/registro-usuarios.png HTTP/1.1" 200 8106
172.22.2.4 - - [30/Oct/2022:23:11:59 -0500] "GET /BLA/boletinlegal/images/green-yellow-blue-pink-th.png HTTP/1.1" 200 7394
172.22.2.4 - - [30/Oct/2022:23:11:59 -0500] "GET /BLA/boletinlegal/images/tel.png HTTP/1.1" 200 14477
172.22.2.4 - - [30/Oct/2022:23:11:59 -0500] "GET /BLA/boletinlegal/images/icono-email.png HTTP/1.1" 200 5544
172.22.2.4 - - [30/Oct/2022:23:11:59 -0500] "GET /BLA/boletinlegal/images/menu_lft.gif HTTP/1.1" 200 1713
172.22.2.4 - - [30/Oct/2022:23:11:59 -0500] "GET /BLA/boletinlegal/images/body_bg.jpg HTTP/1.1" 200 1601
172.22.2.4 - - [30/Oct/2022:23:11:59 -0500] "GET /BLA/boletinlegal/images/bg_top.jpg HTTP/1.1" 200 522
172.22.2.4 - - [30/Oct/2022:23:11:59 -0500] "GET /BLA/boletinlegal/images/menu_rght.gif HTTP/1.1" 200 1627
172.22.2.4 - - [30/Oct/2022:23:11:59 -0500] "GET /BLA/boletinlegal/images/menu_bg.jpg HTTP/1.1" 200 620
172.22.2.4 - - [30/Oct/2022:23:11:59 -0500] "GET /BLA/boletinlegal/images/footer_bg.jpg HTTP/1.1" 200 586
172.22.2.4 - - [30/Oct/2022:23:11:59 -0500] "GET /BLA/boletinlegal/images/hover.jpg HTTP/1.1" 200 640
172.22.2.4 - - [30/Oct/2022:23:11:59 -0500] "GET /BLA/boletinlegal/images/text.jpg HTTP/1.1" 200 568
172.22.2.4 - - [30/Oct/2022:23:11:59 -0500] "GET /BLA/boletinlegal/images/footer_bg_l.jpg HTTP/1.1" 200 776
172.22.2.4 - - [30/Oct/2022:23:11:59 -0500] "GET /BLA/boletinlegal/img/0.png HTTP/1.1" 200 110
172.22.2.4 - - [30/Oct/2022:23:11:59 -0500] "GET /BLA/boletinlegal/img/select-left.png HTTP/1.1" 200 263
172.22.2.4 - - [30/Oct/2022:23:11:59 -0500] "GET /BLA/boletinlegal/img/select-right.png HTTP/1.1" 200 44019
172.22.2.4 - - [30/Oct/2022:23:11:59 -0500] "GET /BLA/boletinlegal/img/button-left.png HTTP/1.1" 200 57071
172.22.2.4 - - [30/Oct/2022:23:11:59 -0500] "GET /BLA/boletinlegal/img/button.png HTTP/1.1" 200 43241
172.22.2.4 - - [30/Oct/2022:23:11:59 -0500] "GET /BLA/boletinlegal/img/button-right.png HTTP/1.1" 200 57878
172.22.2.4 - - [30/Oct/2022:23:11:59 -0500] "GET /BLA/boletinlegal/favicon.ico HTTP/1.1" 404 1326
173.252.107.10 - - [30/Oct/2022:23:12:16 -0500] "GET /images/mercados-campesinos-5-mayo.jpg HTTP/1.1" 200 95848
172.22.2.4 - - [30/Oct/2022:23:12:17 -0500] "GET /BLA/boletinlegal/consulta_actos.php?tipo=resoluciones&no=0387&usuario=&sector=&fecha=2022&resuelve= HTTP/1.1" 200 1116
172.22.2.4 - - [30/Oct/2022:23:12:17 -0500] "GET /BLA/boletinlegal/images/pdf.gif HTTP/1.1" 200 567
172.22.2.4 - - [30/Oct/2022:23:12:30 -0500] "GET /BLA/boletinlegal/consulta_actos.php?tipo=resoluciones&no=3872&usuario=&sector=&fecha=2022&resuelve= HTTP/1.1" 200 1308
172.22.2.4 - - [30/Oct/2022:23:12:33 -0500] "GET /BLA/boletinlegal/consulta_actos.php?tipo=resoluciones&no=3872&usuario=&sector=&fecha=2022&resuelve= HTTP/1.1" 200 1308
181.58.38.255 - - [30/Oct/2022:23:12:41 -0500] "GET /BLA/resoluciones/RESOLUCIONES%202022/3872.pdf HTTP/1.1" 200 390530
181.58.38.255 - - [30/Oct/2022:23:12:41 -0500] "GET /favicon.ico HTTP/1.1" 200 7782
172.22.2.4 - - [30/Oct/2022:23:12:08 -0500] "HEAD /BLA/boletinlegal/ HTTP/1.1" 200 -
172.22.2.4 - - [30/Oct/2022:23:12:58 -0500] "GET /BLA/boletinlegal/ HTTP/1.1" 200 58163
216.245.221.92 - - [30/Oct/2022:23:14:47 -0500] "HEAD / HTTP/1.1" 200 -
201.245.192.253 - - [30/Oct/2022:23:15:50 -0500] "POST /kwsrmcab/Wsrmcab  HTTP/1.1" 200 42272
172.22.2.4 - - [30/Oct/2022:23:18:40 -0500] "GET /BLA/boletinlegal/Circulares/2018/Circular%20No.%200015%20del%207%20de%20Diciembre%20de%202018.pdf HTTP/1.1" 304 -
172.22.2.4 - - [30/Oct/2022:23:17:57 -0500] "HEAD /BLA/boletinlegal/ HTTP/1.1" 200 -
216.245.221.92 - - [30/Oct/2022:23:19:47 -0500] "HEAD / HTTP/1.1" 200 -
172.22.2.4 - - [30/Oct/2022:23:18:48 -0500] "GET /BLA/boletinlegal/ HTTP/1.1" 200 57725
