190.26.44.129 - - [30/Oct/2022:21:25:26 -0500] "GET /kwssiamovil/sm/acme/s?s=U2FsdGVkX1+N0R/xnMocBFFAqFmUK8sYMcqqKOQ/zfTaVJSMG+HDhnTDSLzAQY6fM6PZ1oeNgyEdaAFIiChmdYr4JqodCbPRt26OiQb6BdraWlqLTpIv8ypqJ8lsdkYlsaue+Tu+NOI+Pw6UYiL4RwpGoHvLwQZ1wNCDunZG7aDJm/DvXss660rNrvM0iwvx4XKOE+qR8TlIZe41wmyBGxVkoWRG9cvg0NvgtH6EgQTyXMjUqZlEe93rbFi1nrFus6qylMeZaGp02VEHf5iMLaeZvhENaBd1Hayv4EAYSb3DED7UKPPeraUIYaqXGpe/6nOAXsy7g5VvuThWyAw53DZyiGCoxS6A0d19Dcfx3bpi4K4I8ykk+FfFb2qa+sAcTn8/OGIvVQW7rdqKQnIeY9Bl2uzE2bg9PvGNE7Jx7k5ocFXHuevpp8WSn0dfyWe5JSGeofSsy62/J667HkRjGICiJOdsK2IovigVbZiQC9LlKweCZzfT4MgWeAgRXZBgmfMLOrEe5/kslznYIZrLr/8VGaxGApUXuCwJ4dAEWJ1EtmHiXjrB14FET/1jnVnwjRTteuQf8WCjWToy7vsUXMoULOHW4iqA62ZVfdHjpotxAAMqJyDtvtBdEzxgYzShNYNaZRS8+D/oA/V96kf0pnH5L2PFY9AkqSe6cPPZ7vCWePoLT0rH6ZOvZv60STCDIDtF6B4IVRCSR/Jjhtkx49POGLDuOVajg8erBhhK0WN8o5aGPdmQdwGUgp85/cCSmBODL69iFci9ia8JRGhuK0s/jemklKt6uffbkLPurCGkC0rrv1kjvviz2YNhu5SUecpffEyKmMI3iPzESmZx8Y1ytA/sbp3/3cQj3qb9mAkZ6bF5Ml4dKxGtQLs/mDIJHeAQYGlOmErkzWZW5pGoESRjqmFMJz3SMuG8alqiojMA1nroup8cWA43bZ+YbwojAQEDnOKVfWty9ykjG+Intw13hPReiWX8qSR9JDJuXDc+WE1dTS+RDLGxum3u+BmVPMgmFkOYvDTD5brZvxBQTj5v+G6/oeYfK8MUWRiyljnlOCzRPqdR0ZGr6SwfPhee+26YSOY1elM3+vyDpCIudLp6mmtK41xaCWAm6K5c49mUQqWc161K7Le/gQrSlEnCGYXkaeKvqDU37WwyqIBIT0uL5aQR4m7pTxJBZa2vV0ZFljgB+xB5z6g3aLailXCDkSlzF5mZi5ej6ByraE+axZ0ZV/ouyUwpH+SNPJUnopgu3m3RRn3MCazPnf6D6Z7Fx087NZO2Fq+rZ63CISpN201YcCjMQGJ/Y2jkTjUpUhzXp8WHGT+PU9blyVkm0Q2mWgzQWLZ34g80EnBdeZSK0X7qhDfXpBGSOFalpSyJmIbfxPvQndVybLlbGAJhV43aKx8Zpmr7POCDqMRuAAcky+ZLMAl6CBGzzL9qiy328P4=&u=U2FsdGVkX19aWLaN5s2oaEqlgr1Yqb7KWIBboAOpd3gvGW/rI3groJe2niOMqhyc&y=U2FsdGVkX18GfnflrwETP9VPoxCJ8lB2zx11Y9ivZUslr45eo4YOc8RKTLrtZheK HTTP/1.1" 200 3093
190.26.44.129 - - [30/Oct/2022:21:25:27 -0500] "GET /kwssiamovil/sm/acme/s?s=U2FsdGVkX1/FHb0NnYDPtK6nUxZD/1pdG8VuEKMRILnPlJzSqq6udVhk8PgHDUYmqFVuGl/IG5ssCwXhNmUzSf3NoyZGwD9AmxSUUi3TEyl+4MYljusbyd1By9SD6hCJaiTmGOPdmdt7mkmyZphP6+PLWT5S2QtcGmqekX2WUpxqqhpHdz0lhRmsHt4AdQsh0k6Q2jXF52/baOv7C/5TjzqKdKCrUXdf3f1kaZEzjf8pr/DXl7ZJG/VFlJvfKtihBEFunoynm8z3zUClpm+iIMsBp2c3zGn31WAZHAaiHs6/qbi+4Uk+e9V5YD25R8akapRemI3qKoC7i6/DSjmKWSRv33VTIkwS6OOjEhPTwL4=&u=U2FsdGVkX19aWLaN5s2oaEqlgr1Yqb7KWIBboAOpd3gvGW/rI3groJe2niOMqhyc&y=U2FsdGVkX18GfnflrwETP9VPoxCJ8lB2zx11Y9ivZUslr45eo4YOc8RKTLrtZheK HTTP/1.1" 200 196
190.26.44.129 - - [30/Oct/2022:21:25:27 -0500] "GET /kwssiamovil/sm/cjson/pre?f=1&x=U2FsdGVkX1/Z10dG4Ud/2WRkq3MIugEoWJ8r1SrZxVr1Hiu17J8mHDypQij2DMWY HTTP/1.1" 200 30992
172.22.2.4 - - [30/Oct/2022:21:25:28 -0500] "GET /BLA/boletinlegal/jurisprudencia.php HTTP/1.1" 200 17573
190.27.85.114 - - [30/Oct/2022:21:25:28 -0500] "POST /sipse/faces/presentacion/financiero/solicitudProceso/listarSolicitudProceso.xhtml HTTP/1.1" 200 118640
190.27.85.114 - - [30/Oct/2022:21:25:29 -0500] "GET /sipse/faces/javax.faces.resource/theme.css?ln=primefaces-sipse HTTP/1.1" 304 -
190.27.85.114 - - [30/Oct/2022:21:25:29 -0500] "GET /sipse/faces/javax.faces.resource/primefaces.css?ln=primefaces&v=4.0 HTTP/1.1" 304 -
190.27.85.114 - - [30/Oct/2022:21:25:29 -0500] "GET /sipse/faces/javax.faces.resource/layout/layout.css?ln=primefaces&v=4.0 HTTP/1.1" 304 -
190.27.85.114 - - [30/Oct/2022:21:25:29 -0500] "GET /sipse/faces/javax.faces.resource/jquery/jquery.js?ln=primefaces&v=4.0 HTTP/1.1" 304 -
190.27.85.114 - - [30/Oct/2022:21:25:29 -0500] "GET /sipse/faces/javax.faces.resource/jquery/jquery-plugins.js?ln=primefaces&v=4.0 HTTP/1.1" 304 -
190.27.85.114 - - [30/Oct/2022:21:25:29 -0500] "GET /sipse/faces/javax.faces.resource/primefaces.js?ln=primefaces&v=4.0 HTTP/1.1" 304 -
190.27.85.114 - - [30/Oct/2022:21:25:29 -0500] "GET /sipse/faces/javax.faces.resource/layout/layout.js?ln=primefaces&v=4.0 HTTP/1.1" 304 -
190.27.85.114 - - [30/Oct/2022:21:25:29 -0500] "GET /sipse/faces/javax.faces.resource/dynamiccontent.properties?ln=primefaces&pfdrid=XjOR5%2F%2FfPAZAuY9TpWQeCiM0BhlXxYRBGKi%2FQcXXfeA%3D&pfdrid_c=false HTTP/1.1" 500 383
136.243.228.179 - - [30/Oct/2022:21:25:30 -0500] "GET /portaldeninos/parque-mirador-de-los-nevados/ HTTP/1.1" 200 89855
190.27.85.114 - - [30/Oct/2022:21:25:34 -0500] "POST /sipse/faces/presentacion/financiero/solicitudProceso/consultarSolicitudProceso.xhtml HTTP/1.1" 200 5573
190.27.85.114 - - [30/Oct/2022:21:25:34 -0500] "GET /sipse/faces/javax.faces.resource/dynamiccontent.properties?ln=primefaces&pfdrid=XjOR5%2F%2FfPAZAuY9TpWQeCiM0BhlXxYRBGKi%2FQcXXfeA%3D&pfdrid_c=false HTTP/1.1" 200 165384
136.243.228.179 - - [30/Oct/2022:21:25:37 -0500] "GET /portaldeninos/glosario/ HTTP/1.1" 200 97198
136.243.228.179 - - [30/Oct/2022:21:25:44 -0500] "GET /portaldeninos/fauna/ HTTP/1.1" 200 88429
136.243.228.179 - - [30/Oct/2022:21:25:53 -0500] "GET /portaldeninos/humedal-la-conejera-2/ HTTP/1.1" 200 88020
190.27.85.114 - - [30/Oct/2022:21:25:55 -0500] "POST /sipse/faces/presentacion/financiero/solicitudProceso/consultarSolicitudProceso.xhtml HTTP/1.1" 200 5551
136.243.228.179 - - [30/Oct/2022:21:26:00 -0500] "GET /portaldeninos/humedal-cordoba-2/ HTTP/1.1" 200 88041
136.243.228.179 - - [30/Oct/2022:21:26:08 -0500] "GET /portaldeninos/residuos HTTP/1.1" 301 -
172.22.2.4 - - [30/Oct/2022:21:24:30 -0500] "GET /BLA/boletinlegal/ HTTP/1.1" 200 52493
201.245.192.253 - - [30/Oct/2022:21:26:11 -0500] "POST /kwsrmcab/Wsrmcab  HTTP/1.1" 200 42272
136.243.228.179 - - [30/Oct/2022:21:26:14 -0500] "GET /portaldeninos/gestion-del-riesgo-incendios-forestales HTTP/1.1" 301 -
136.243.228.179 - - [30/Oct/2022:21:26:21 -0500] "GET /portaldeninos/humedal-tibanica-2/ HTTP/1.1" 200 87771
136.243.228.179 - - [30/Oct/2022:21:26:31 -0500] "GET /portaldeninos/humedal-torca-y-guaymaral-2/ HTTP/1.1" 200 88086
207.46.13.79 - - [30/Oct/2022:21:26:38 -0500] "GET /BLA/resoluciones/RESOLUCIONES%202022/3401.pdf HTTP/1.1" 200 473411
136.243.228.179 - - [30/Oct/2022:21:26:38 -0500] "GET /portaldeninos/humedal-el-burro-2/ HTTP/1.1" 200 87926
136.243.228.179 - - [30/Oct/2022:21:26:45 -0500] "GET /portaldeninos/aulas-ambientales/aula-ambiental-sorotama/ HTTP/1.1" 200 89596
136.243.228.179 - - [30/Oct/2022:21:26:53 -0500] "GET /portaldeninos/publicidad/ HTTP/1.1" 200 87569
136.243.228.179 - - [30/Oct/2022:21:26:59 -0500] "GET /portaldeninos/tipos-de-arboles-en-bogota/ HTTP/1.1" 200 109802
136.243.228.179 - - [30/Oct/2022:21:27:07 -0500] "GET /portaldeninos/biodiversidad HTTP/1.1" 301 -
136.243.228.179 - - [30/Oct/2022:21:27:13 -0500] "GET /portaldeninos/corresponsal-ambiental/ HTTP/1.1" 200 93768
172.22.2.4 - - [30/Oct/2022:21:27:22 -0500] "GET /BLA/boletinlegal/jurisprudencia/analisis/null HTTP/1.1" 404 1038
136.243.228.179 - - [30/Oct/2022:21:27:21 -0500] "GET /portaldeninos/humedal-santa-maria-del-lago/ HTTP/1.1" 200 88988
136.243.228.179 - - [30/Oct/2022:21:27:29 -0500] "GET /portaldeninos/los-arboles/tips/ HTTP/1.1" 200 87677
136.243.228.179 - - [30/Oct/2022:21:27:35 -0500] "GET /portaldeninos/humedal-capellania-2/ HTTP/1.1" 200 87949
136.243.228.179 - - [30/Oct/2022:21:27:43 -0500] "GET /portaldeninos/agua-y-estructura-ecologica-principal HTTP/1.1" 301 -
136.243.228.179 - - [30/Oct/2022:21:27:48 -0500] "GET /portaldeninos/humedal-jaboque-2/ HTTP/1.1" 200 87846
172.22.2.4 - - [30/Oct/2022:21:26:27 -0500] "GET /BLA/boletinlegal/index.php HTTP/1.1" 200 49099
136.243.228.179 - - [30/Oct/2022:21:27:55 -0500] "GET /portaldeninos/humedal-juan-amarillo-2/ HTTP/1.1" 200 88155
136.243.228.179 - - [30/Oct/2022:21:28:05 -0500] "GET /portaldeninos/ruido/ HTTP/1.1" 200 88494
136.243.228.197 - - [30/Oct/2022:21:28:07 -0500] "GET /BLA/resoluciones/ HTTP/1.1" 200 13093
136.243.228.179 - - [30/Oct/2022:21:28:10 -0500] "GET /portaldeninos/que-es-cambio-climatico/ HTTP/1.1" 200 86727
136.243.228.179 - - [30/Oct/2022:21:28:19 -0500] "GET /portaldeninos/residuos/ HTTP/1.1" 200 87443
136.243.228.179 - - [30/Oct/2022:21:28:31 -0500] "GET /portaldeninos/gestion-del-riesgo-incendios-forestales/ HTTP/1.1" 200 86825
136.243.228.179 - - [30/Oct/2022:21:28:39 -0500] "GET /portaldeninos/biodiversidad/ HTTP/1.1" 200 86633
172.22.2.4 - - [30/Oct/2022:21:27:08 -0500] "HEAD /BLA/boletinlegal/ HTTP/1.1" 200 -
136.243.228.197 - - [30/Oct/2022:21:28:52 -0500] "GET /BLA/resoluciones/index.php?dir=RESOLUCIONES+2014/ HTTP/1.1" 200 333849
136.243.228.197 - - [30/Oct/2022:21:29:02 -0500] "GET /BLA/resoluciones/index.php?dir=RESOLUCIONES+2000/ HTTP/1.1" 200 27659
136.243.228.197 - - [30/Oct/2022:21:29:11 -0500] "GET /BLA/resoluciones/index.php?dir=AUTOS+2012/ HTTP/1.1" 200 274522
190.27.85.114 - - [30/Oct/2022:21:29:13 -0500] "POST /sipse/faces/presentacion/financiero/solicitudProceso/consultarSolicitudProceso.xhtml HTTP/1.1" 200 5551
136.243.228.197 - - [30/Oct/2022:21:29:19 -0500] "GET /BLA/resoluciones/index.php?dir=RESOLUCIONES+1998/ HTTP/1.1" 200 13225
136.243.228.197 - - [30/Oct/2022:21:29:28 -0500] "GET /BLA/resoluciones/index.php?dir=RESOLUCIONES+2001/ HTTP/1.1" 200 24983
136.243.228.197 - - [30/Oct/2022:21:29:36 -0500] "GET /BLA/resoluciones/index.php?dir=RESOLUCIONES+2013/ HTTP/1.1" 200 238278
172.22.2.4 - - [30/Oct/2022:21:27:58 -0500] "GET /BLA/boletinlegal/ HTTP/1.1" 200 53640
172.22.2.4 - - [30/Oct/2022:21:29:40 -0500] "GET /BLA/boletinlegal/favicon.ico HTTP/1.1" 404 1018
172.22.2.4 - - [30/Oct/2022:21:29:43 -0500] "GET /BLA/boletinlegal/favicon.ico HTTP/1.1" 404 1018
136.243.228.197 - - [30/Oct/2022:21:29:44 -0500] "GET /BLA/resoluciones/index.php?dir=RESOLUCIONES+1995/ HTTP/1.1" 200 12327
172.22.2.4 - - [30/Oct/2022:21:29:46 -0500] "GET /BLA/boletinlegal/manage/account/login HTTP/1.1" 404 1018
216.245.221.92 - - [30/Oct/2022:21:29:48 -0500] "HEAD / HTTP/1.1" 200 -
172.22.2.4 - - [30/Oct/2022:21:29:49 -0500] "GET /BLA/boletinlegal/manage/account/login HTTP/1.1" 404 1018
172.22.2.4 - - [30/Oct/2022:21:29:52 -0500] "GET /BLA/boletinlegal/admin/index.html HTTP/1.1" 200 1692
136.243.228.197 - - [30/Oct/2022:21:29:52 -0500] "GET /BLA/resoluciones/index.php?dir=Acuerdos/ HTTP/1.1" 200 3396
172.22.2.4 - - [30/Oct/2022:21:29:55 -0500] "GET /BLA/boletinlegal/admin/index.html HTTP/1.1" 200 1692
172.22.2.4 - - [30/Oct/2022:21:29:58 -0500] "GET /BLA/boletinlegal/index.html HTTP/1.1" 404 1018
136.243.228.197 - - [30/Oct/2022:21:30:00 -0500] "GET /BLA/resoluciones/index.php?dir=RESOLUCIONES+2022/ HTTP/1.1" 200 207664
172.22.2.4 - - [30/Oct/2022:21:30:02 -0500] "GET /BLA/boletinlegal/index.html HTTP/1.1" 404 1018
136.243.228.197 - - [30/Oct/2022:21:30:10 -0500] "GET /BLA/resoluciones/index.php?dir=AUTOS+2014/ HTTP/1.1" 200 884169
136.243.228.197 - - [30/Oct/2022:21:30:19 -0500] "GET /BLA/resoluciones/index.php?dir=AUTOS+2017/ HTTP/1.1" 200 458531
136.243.228.197 - - [30/Oct/2022:21:30:27 -0500] "GET /BLA/resoluciones/index.php?dir=RESOLUCIONES+2006/ HTTP/1.1" 200 38542
136.243.228.197 - - [30/Oct/2022:21:30:36 -0500] "GET /BLA/resoluciones/index.php?dir=RESOLUCIONES+2007/ HTTP/1.1" 200 35450
136.243.228.197 - - [30/Oct/2022:21:30:44 -0500] "GET /BLA/resoluciones/index.php?dir=Notificaciones/ HTTP/1.1" 200 10351
136.243.228.197 - - [30/Oct/2022:21:30:51 -0500] "GET /BLA/resoluciones/index.php?dir=RESOLUCIONES+2011/ HTTP/1.1" 200 746823
136.243.228.197 - - [30/Oct/2022:21:31:01 -0500] "GET /BLA/resoluciones/index.php?dir=RESOLUCIONES+2016/ HTTP/1.1" 200 170796
136.243.228.197 - - [30/Oct/2022:21:31:10 -0500] "GET /BLA/resoluciones/index.php?dir=AUTOS+2016/ HTTP/1.1" 200 327058
201.245.192.253 - - [30/Oct/2022:21:31:10 -0500] "POST /kwsrmcab/Wsrmcab  HTTP/1.1" 200 42272
136.243.228.197 - - [30/Oct/2022:21:31:18 -0500] "GET /BLA/resoluciones/index.php?dir=AUTOS+2004/ HTTP/1.1" 200 2786
136.243.228.197 - - [30/Oct/2022:21:31:26 -0500] "GET /BLA/resoluciones/index.php?dir=RESOLUCIONES+1996/ HTTP/1.1" 200 8967
136.243.228.197 - - [30/Oct/2022:21:31:35 -0500] "GET /BLA/resoluciones/index.php?dir=AUTOS+2018/ HTTP/1.1" 200 438883
190.27.85.114 - - [30/Oct/2022:21:31:39 -0500] "POST /sipse/faces/presentacion/financiero/solicitudProceso/consultarSolicitudProceso.xhtml HTTP/1.1" 200 37280
190.27.85.114 - - [30/Oct/2022:21:31:40 -0500] "GET /sipse/faces/javax.faces.resource/theme.css?ln=primefaces-sipse HTTP/1.1" 304 -
190.27.85.114 - - [30/Oct/2022:21:31:40 -0500] "GET /sipse/faces/javax.faces.resource/primefaces.css?ln=primefaces&v=4.0 HTTP/1.1" 304 -
190.27.85.114 - - [30/Oct/2022:21:31:40 -0500] "GET /sipse/faces/javax.faces.resource/layout/layout.css?ln=primefaces&v=4.0 HTTP/1.1" 304 -
190.27.85.114 - - [30/Oct/2022:21:31:40 -0500] "GET /sipse/faces/javax.faces.resource/jquery/jquery.js?ln=primefaces&v=4.0 HTTP/1.1" 304 -
190.27.85.114 - - [30/Oct/2022:21:31:40 -0500] "GET /sipse/faces/javax.faces.resource/jquery/jquery-plugins.js?ln=primefaces&v=4.0 HTTP/1.1" 304 -
190.27.85.114 - - [30/Oct/2022:21:31:40 -0500] "GET /sipse/faces/javax.faces.resource/primefaces.js?ln=primefaces&v=4.0 HTTP/1.1" 304 -
190.27.85.114 - - [30/Oct/2022:21:31:40 -0500] "GET /sipse/faces/javax.faces.resource/layout/layout.js?ln=primefaces&v=4.0 HTTP/1.1" 304 -
190.27.85.114 - - [30/Oct/2022:21:31:40 -0500] "POST /sipse/faces/presentacion/financiero/solicitudProceso/listarSolicitudProceso.xhtml HTTP/1.1" 200 30651
190.27.85.114 - - [30/Oct/2022:21:31:40 -0500] "POST /sipse/faces/presentacion/financiero/solicitudProceso/listarSolicitudProceso.xhtml HTTP/1.1" 200 30651
190.27.85.114 - - [30/Oct/2022:21:31:40 -0500] "POST /sipse/faces/presentacion/financiero/solicitudProceso/listarSolicitudProceso.xhtml HTTP/1.1" 200 1400
190.27.85.114 - - [30/Oct/2022:21:31:41 -0500] "POST /sipse/faces/presentacion/financiero/solicitudProceso/listarSolicitudProceso.xhtml HTTP/1.1" 200 1396
190.27.85.114 - - [30/Oct/2022:21:31:41 -0500] "POST /sipse/faces/presentacion/financiero/solicitudProceso/listarSolicitudProceso.xhtml HTTP/1.1" 200 1404
201.245.192.253 - - [30/Oct/2022:21:31:40 -0500] "POST /kwsrmcab/Wsrmcab HTTP/1.1" 200 41902
201.245.192.253 - - [30/Oct/2022:21:31:42 -0500] "POST /kwsrmcab/Wsrmcab HTTP/1.1" 200 42230
172.22.2.4 - - [30/Oct/2022:21:30:04 -0500] "GET /BLA/boletinlegal/ HTTP/1.1" 200 44896
136.243.228.197 - - [30/Oct/2022:21:31:44 -0500] "GET /BLA/resoluciones/index.php?dir=AUTOS+2021/ HTTP/1.1" 200 395935
172.22.2.4 - - [30/Oct/2022:21:30:09 -0500] "GET /BLA/boletinlegal/ HTTP/1.1" 200 45693
136.243.228.197 - - [30/Oct/2022:21:31:53 -0500] "GET /BLA/resoluciones/index.php?dir=&sort=name&order=desc HTTP/1.1" 200 13092
136.243.228.197 - - [30/Oct/2022:21:32:00 -0500] "GET /BLA/resoluciones/index.php?dir=RESOLUCIONES+1994/ HTTP/1.1" 200 2479
136.243.228.197 - - [30/Oct/2022:21:32:10 -0500] "GET /BLA/resoluciones/index.php?dir=RESOLUCIONES+1999/ HTTP/1.1" 200 10377
136.243.228.197 - - [30/Oct/2022:21:32:21 -0500] "GET /BLA/resoluciones/index.php?dir=RESOLUCIONES+2018/ HTTP/1.1" 200 271436
136.243.228.197 - - [30/Oct/2022:21:32:30 -0500] "GET /BLA/resoluciones/index.php?dir=AUTOS+2007/ HTTP/1.1" 200 628423
136.243.228.197 - - [30/Oct/2022:21:32:41 -0500] "GET /BLA/resoluciones/index.php?dir=&sort=size&order=asc HTTP/1.1" 200 13093
136.243.228.197 - - [30/Oct/2022:21:32:49 -0500] "GET /BLA/resoluciones/index.php?dir=2018/ HTTP/1.1" 200 1608
136.243.228.197 - - [30/Oct/2022:21:32:59 -0500] "GET /BLA/resoluciones/index.php?dir=AUTOS+2013/ HTTP/1.1" 200 406613
136.243.228.197 - - [30/Oct/2022:21:33:08 -0500] "GET /BLA/resoluciones/index.php?dir=RESOLUCIONES+CONJUNTAS/ HTTP/1.1" 200 4762
136.243.228.197 - - [30/Oct/2022:21:33:18 -0500] "GET /BLA/resoluciones/index.php?dir=AUTOS+2009/ HTTP/1.1" 200 399860
66.249.73.173 - - [30/Oct/2022:21:33:27 -0500] "-" 408 -
136.243.228.197 - - [30/Oct/2022:21:33:28 -0500] "GET /BLA/resoluciones/index.php?dir=RESOLUCIONES+2017/ HTTP/1.1" 200 284446
136.243.228.197 - - [30/Oct/2022:21:33:39 -0500] "GET /BLA/resoluciones/index.php?dir=AUTOS+2008/ HTTP/1.1" 200 569644
136.243.228.197 - - [30/Oct/2022:21:33:49 -0500] "GET /BLA/resoluciones/index.php?dir=RESOLUCIONES+2010/ HTTP/1.1" 200 1307967
136.243.228.197 - - [30/Oct/2022:21:34:00 -0500] "GET /BLA/resoluciones/index.php?dir=Decretos/ HTTP/1.1" 200 6804
136.243.228.197 - - [30/Oct/2022:21:34:10 -0500] "GET /BLA/resoluciones/index.php?dir=RESOLUCIONES+2009/ HTTP/1.1" 200 1694101
136.243.228.197 - - [30/Oct/2022:21:34:25 -0500] "GET /BLA/resoluciones/index.php?dir=AUTOS+2015/ HTTP/1.1" 200 577485
172.22.2.4 - - [30/Oct/2022:21:32:58 -0500] "HEAD /BLA/boletinlegal/ HTTP/1.1" 200 -
136.243.228.197 - - [30/Oct/2022:21:34:35 -0500] "GET /BLA/resoluciones/index.php?dir=RESOLUCIONES+2021/ HTTP/1.1" 200 429094
216.245.221.92 - - [30/Oct/2022:21:34:48 -0500] "HEAD / HTTP/1.1" 200 -
136.243.228.197 - - [30/Oct/2022:21:34:46 -0500] "GET /BLA/resoluciones/index.php?dir=AUTOS+2010/ HTTP/1.1" 200 277434
136.243.228.179 - - [30/Oct/2022:21:34:49 -0500] "GET /portaldeninos/agua-y-estructura-ecologica-principal/ HTTP/1.1" 200 87488
136.243.228.197 - - [30/Oct/2022:21:34:51 -0500] "GET /BLA/resoluciones/index.php?dir=RESOLUCIONES+2020/ HTTP/1.1" 200 166164
136.243.228.197 - - [30/Oct/2022:21:35:03 -0500] "GET /BLA/resoluciones/index.php?dir=AUTOS+1997/ HTTP/1.1" 200 2025
136.243.228.197 - - [30/Oct/2022:21:35:13 -0500] "GET /BLA/resoluciones/index.php?dir=RESOLUCIONES+2019/ HTTP/1.1" 200 247791
136.243.228.197 - - [30/Oct/2022:21:35:26 -0500] "GET /BLA/resoluciones/index.php?dir=AUTOS+2022/ HTTP/1.1" 200 325146
172.22.2.4 - - [30/Oct/2022:21:33:48 -0500] "GET /BLA/boletinlegal/ HTTP/1.1" 200 53640
136.243.228.197 - - [30/Oct/2022:21:35:36 -0500] "GET /BLA/resoluciones/index.php?dir=AUTOS+2005/ HTTP/1.1" 200 2791
136.243.228.197 - - [30/Oct/2022:21:35:46 -0500] "GET /BLA/resoluciones/index.php?dir=RESOLUCIONES+2008/ HTTP/1.1" 200 976272
136.243.228.197 - - [30/Oct/2022:21:35:57 -0500] "GET /BLA/resoluciones/index.php?dir=RESOLUCIONES+2003/ HTTP/1.1" 200 31404
201.245.192.253 - - [30/Oct/2022:21:36:09 -0500] "POST /kwsrmcab/Wsrmcab  HTTP/1.1" 200 42272
136.243.228.197 - - [30/Oct/2022:21:36:09 -0500] "GET /BLA/resoluciones/index.php?dir=AUTOS+2011/ HTTP/1.1" 200 636098
136.243.228.197 - - [30/Oct/2022:21:36:19 -0500] "GET /BLA/resoluciones/index.php?dir=RESOLUCIONES+1992/ HTTP/1.1" 200 2871
136.243.228.197 - - [30/Oct/2022:21:36:28 -0500] "GET /BLA/resoluciones/index.php?dir=AUTOS+2002/ HTTP/1.1" 200 1813
172.22.2.4 - - [30/Oct/2022:21:34:49 -0500] "GET /BLA/boletinlegal/ HTTP/1.1" 200 58955
136.243.228.197 - - [30/Oct/2022:21:36:36 -0500] "GET /BLA/resoluciones/index.php?dir=RESOLUCIONES+2005/ HTTP/1.1" 200 49518
136.243.228.197 - - [30/Oct/2022:21:36:43 -0500] "GET /BLA/resoluciones/index.php?dir=RESOLUCIONES+2004/ HTTP/1.1" 200 31994
136.243.228.197 - - [30/Oct/2022:21:36:53 -0500] "GET /BLA/resoluciones/index.php?dir=AUTOS+2019/ HTTP/1.1" 200 347872
136.243.228.197 - - [30/Oct/2022:21:37:01 -0500] "GET /BLA/resoluciones/index.php?dir=AUTOS+2006/ HTTP/1.1" 200 9681
177.255.208.70 - - [30/Oct/2022:21:37:08 -0500] "GET /privados-y-distrito-inauguraron-vivero-en-la-reserva-van-der-hammen-con-capacidad-para-producir-50-mil-arboles-al-ano.html HTTP/1.1" 200 899
136.243.228.197 - - [30/Oct/2022:21:37:09 -0500] "GET /BLA/resoluciones/index.php?dir=AUTOS+2020/ HTTP/1.1" 200 326492
136.243.228.197 - - [30/Oct/2022:21:37:16 -0500] "GET /BLA/resoluciones/index.php HTTP/1.1" 200 13093
136.243.228.197 - - [30/Oct/2022:21:37:23 -0500] "GET /BLA/resoluciones/index.php?dir=RESOLUCIONES+1997/ HTTP/1.1" 200 16815
136.243.228.197 - - [30/Oct/2022:21:37:29 -0500] "GET /BLA/resoluciones/index.php?dir=RESOLUCIONES+2012/ HTTP/1.1" 200 140066
136.243.228.197 - - [30/Oct/2022:21:37:35 -0500] "GET /BLA/resoluciones/index.php?dir=&sort=date&order=asc HTTP/1.1" 200 13093
136.243.228.197 - - [30/Oct/2022:21:37:42 -0500] "GET /BLA/resoluciones/index.php?dir=RESOLUCIONES+1993/ HTTP/1.1" 200 2879
136.243.228.197 - - [30/Oct/2022:21:37:48 -0500] "GET /BLA/resoluciones/index.php?dir=RESOLUCIONES+2015/ HTTP/1.1" 200 130562
136.243.228.197 - - [30/Oct/2022:21:37:53 -0500] "GET /BLA/resoluciones/index.php?dir=RESOLUCIONES+2002/ HTTP/1.1" 200 24741
136.243.228.197 - - [30/Oct/2022:21:37:59 -0500] "GET /BLA/resoluciones/index.php?dir=RESOLUCIONES%202000/&sort=name&order=desc HTTP/1.1" 200 27658
186.102.3.52 - - [30/Oct/2022:21:38:03 -0500] "GET /kwssiamovil/sm/acme/a?s=U2FsdGVkX1+541+5WbhrYIQLtlHxZB+ELTc5uEXTv7ErOnybhREW9CJ4kg5FNozTGnVsrkKHUHMvGVyRPEydU1Bi0ruGxVq/3oIphXPaANStXdTdxDycTt2M3mZ8n1la1qdlGGyZc1kmsunzgx6B9fz/qJZCgUlmDvycw4JfIsgmnunjVd4Pfrxw8Csl2c9JXj9sgUZ+lfU9PI4ScLSiDBczXTwz2tNOy0wzEzk5k/5oZy6xlJEA3tGevqrzfhzpHf88hVBrHKvymxlJiu7QVg==&u=U2FsdGVkX1/OOUP/xDCrOpvtcQDEV2lYRw3uCrq5xTQ=&y=U2FsdGVkX188MWJrtpnpfvsTa0gheThVZSeAdkHZhRhtLz99ZEwm5zmwoAAgxuuM HTTP/1.1" 200 26
186.102.3.52 - - [30/Oct/2022:21:38:04 -0500] "GET /kwssiamovil/sm/acme/a?s=U2FsdGVkX18sPd1AQcypHwWJBPkWgHMX+rGtFssQQIfZ01nF5z25BgtFzv5esO23L9U1QhHAtLUNOL17n7irhTZ9+ud4bVKBuOIqy4k8DdSskomE1EvdzFzq0GuMgpr7XKoNilz6fWTJGbdS0/5pgH2JDZ4R0xxRyA3CvIfi+9r/KDlvJHwlcYiRbHgKnLc3qP43oaheLit5uHYwPqgc7/IA+27ShnkO/3JZH0GDiDX5pO72b9Et6PfeRfmAV7T7zl/R8S/6KiT1h9BY4Q/T/sWHfSs9SNUP+/S8zBMc378qH3myc0vwJFoXViGg920qYYAnituKX3hjO0Ypnt+uoLmuAyhsYcmoh7ztsV7gX4HIvSIV1y44Ti+LgSxHPlwJJGLXILxwK7vPBan95IMs7iW+/CO5NPXUgEdWThQREnF+yDa+hFUuJA+9TIG4CzqUgT4cVzI+Y94zduZdFDn2LG3TxxZbugQgPCpr6/17JDAYPpvGS9z2n7EV1kwnY+ym+tBczgQXAmRfuIleAM4Z/I+zwt29YhkNENb0lhDLzityGPqy4xx1Hf9SPlKs8GIs54rgpUa6yzkQM9cabA/qJwY8JnkqCZp0jR5iZ0dxP1Kr+1G3Rm7aQleUIhrsI56TLJnF59lZMZjJRTMEeNq8hD/ipOZ3EhbPYJiwQGetnHBeo8NcQKQouOoEcgqgw8rHpIdQboMRp9G8ANQPNZqbNtTcwkIlfgEsaPk3UsEbX0uPDraUrj3BILZAlKU4wtEnFUW85HWky/CHYv7wSNr2XqfbfuDzovAYej8heq97M+S1RCBzkg2t7vz3pIQFZ76sYZR3rTohOF+COtuDOmvpC7IYtxPdW+Ay/jcJZf+ceygk+Cq0DCU37w8ne7KZZZJuCESMCiOxfUkzuQSemV27ZRlf8NtSfrHFZ8YA8BtqyWzN2Il7N7GWLlZjhPv8GCOK24watN2bteCUaGuPpWpJ72q8DGLcGJbBUHZeYW6CU4t9/c9j+UI+nmMGQlNSLXtEyKwyOJv21EZ1ca/wgOmntIW8lrPXUijNf7b/EQyxrKdO42yoKK2Rmv/it6zcXRwy7kuW+ub+6xJVRTpZYJxULLg8zjf8mJEcGHYY7kOBuOoGl+4zIYRSIB29n1XJvW5uD4PL6qHFFatY6/qKxRY1qYb+7gLsmi3zYwj+O508y8WbP/FVedp4ZVkz2VasQCA41jKTAIMBz+dNPK/mRmG3+kRJNZEwsOUpqWjwzsZZhGZUzOu0zs5iOuRsg3uq4rCnQoPe6wAyP3dsEDYDtFsgtl3VptAE1V2RCdDvbvwJbEXaEmk1BxpcuaYpdD4NTTznr9w44ic9FnhuMAJPaiKHkBoqw3/HU8CBH8wUOwm7yeecrT5NPgIT6NuQjnwzE4gSHxf2OaGBj+AZCtOouSQ9iym9vBcLcoQMnjRHx1LChW5RbrLvBGN/nFx3PHTV4OVWeoWU14sdoXUoYMGcbPK8xY9BHLMkeYE//i0mlL2pATWGOX2MebZYrPv7wYb2h0MWzlRKG6NuokSRWiOxpkZO19SuHNKOE6x/netvVVtFQkZeHH9uGifr+ylK/tFu/ODajU6t8947jQBslMNT9c5yxdrz1jJMaW/dfZst0MompKTJ51bvdKiEHgwffZGUO7lxfExidneNOPClE/jgNNdX+PAfZv25ZsQK4msStCjz3Ir0xLI2pf511Du+aeyElz0MaKlIQHbGtLQvNRKZGU3DX5LVjcBha0IUqKhIy3fmdYUDiOHzPhTWnuQ3aZjH6hhBLKYlE1h95jkECa5LD9Y6VUZ7Gs+9dpOvmB5JoG4OQ2n6GoPFV6GA/Z3+KhcYHGUo1xWKeSbCu0Vl/LFeGQYTVnijNCwEZgYnjC9E8P8gpcU=&u=U2FsdGVkX1/OOUP/xDCrOpvtcQDEV2lYRw3uCrq5xTQ=&y=U2FsdGVkX188MWJrtpnpfvsTa0gheThVZSeAdkHZhRhtLz99ZEwm5zmwoAAgxuuM HTTP/1.1" 200 26
186.102.3.52 - - [30/Oct/2022:21:38:04 -0500] "GET /kwssiamovil/sm/acme/a?s=U2FsdGVkX1+bmcOWKsB6XOCVQsIe3SrPG866Lw6ldu7evSsChuFpYvAi7w8bTGGmRIPAXgv4FWqnPF+bVnDK6N/v8paOAPk/Y97Q4wRGkoaJa5MXdkziYqf4WYfnVqvz0qzBBmLvkgNGuYG/J/fDkVff8Q9a8o48cpuUYomZl8E=&u=U2FsdGVkX1/OOUP/xDCrOpvtcQDEV2lYRw3uCrq5xTQ=&y=U2FsdGVkX188MWJrtpnpfvsTa0gheThVZSeAdkHZhRhtLz99ZEwm5zmwoAAgxuuM HTTP/1.1" 200 26
186.102.3.52 - - [30/Oct/2022:21:38:04 -0500] "GET /kwssiamovil/sm/acme/a?s=U2FsdGVkX1/wf4Gic5o3oQ/YP84AtNVu3+Mvn7t3YyYsdL7oD/Mjz7rUBNatb3tWMchayigeaxrW7B22Od/Yc94aanXcdPVridOxuwMlNvOb6OJGl9MIbjn24KhS3pFQFF6JEriETDjC+YrHH+JXLyMe7LQ2sQCC4xqBdNIzs3U=&u=U2FsdGVkX1/OOUP/xDCrOpvtcQDEV2lYRw3uCrq5xTQ=&y=U2FsdGVkX188MWJrtpnpfvsTa0gheThVZSeAdkHZhRhtLz99ZEwm5zmwoAAgxuuM HTTP/1.1" 200 26
186.102.3.52 - - [30/Oct/2022:21:38:04 -0500] "GET /kwssiamovil/sm/acme/a?s=U2FsdGVkX1+ZzryYiegfNv7IBiAA4dqvfojuyCCRDwHTKWPQA4BI4EqEGk7Db+xJ45s9DeZf4LuQsYAUO+nTGRxX+HHh3yVvErtTbL2xcONvmAVzxDsnH739BVjmf+AZV57fV3plp/zbs2isfFZhUTESW5ey0O0sP/D44JPB3VA=&u=U2FsdGVkX1/OOUP/xDCrOpvtcQDEV2lYRw3uCrq5xTQ=&y=U2FsdGVkX188MWJrtpnpfvsTa0gheThVZSeAdkHZhRhtLz99ZEwm5zmwoAAgxuuM HTTP/1.1" 200 26
186.102.3.52 - - [30/Oct/2022:21:38:05 -0500] "GET /kwssiamovil/sm/acme/a?s=U2FsdGVkX1+++XyeFH6X1724AONmJHw07mHUIRkCIQXQSkDSvffRYQescxnmwIu5F6h+kHkiZy/rTa7H8+Y01uI0hqP7kwccF6lt/KBV+JQiPCRT6Uh+v2eQJ3N+TnIUIgReMs3NsIVuXcYbdO+swNKkCVqec/QAFm2c/4yTU8C9QRlm6j/cE2cV3xtnKjPdSqURFct2RQCfx7YL1DHrWg==&u=U2FsdGVkX1/OOUP/xDCrOpvtcQDEV2lYRw3uCrq5xTQ=&y=U2FsdGVkX188MWJrtpnpfvsTa0gheThVZSeAdkHZhRhtLz99ZEwm5zmwoAAgxuuM HTTP/1.1" 200 26
136.243.228.197 - - [30/Oct/2022:21:38:06 -0500] "GET /BLA/resoluciones/index.php?dir= HTTP/1.1" 200 13093
136.243.228.197 - - [30/Oct/2022:21:38:12 -0500] "GET /BLA/resoluciones/index.php?dir=RESOLUCIONES%202000/&sort=size&order=asc HTTP/1.1" 200 27659
136.243.228.197 - - [30/Oct/2022:21:38:18 -0500] "GET /BLA/resoluciones/index.php?dir=RESOLUCIONES%202000/&sort=date&order=asc HTTP/1.1" 200 27659
136.243.228.197 - - [30/Oct/2022:21:38:24 -0500] "GET /BLA/resoluciones/index.php?dir=RESOLUCIONES%201998/&sort=size&order=asc HTTP/1.1" 200 13225
136.243.228.197 - - [30/Oct/2022:21:38:30 -0500] "GET /BLA/resoluciones/index.php?dir=RESOLUCIONES%201998/&sort=date&order=asc HTTP/1.1" 200 13225
136.243.228.197 - - [30/Oct/2022:21:38:36 -0500] "GET /BLA/resoluciones/index.php?dir=RESOLUCIONES%202001/&sort=date&order=asc HTTP/1.1" 200 24983
172.22.2.4 - - [30/Oct/2022:21:38:38 -0500] "GET /BLA/boletinlegal/Circulares/2019/.pdf HTTP/1.1" 404 1218
136.243.228.197 - - [30/Oct/2022:21:38:42 -0500] "GET /BLA/resoluciones/index.php?dir=RESOLUCIONES%202001/&sort=size&order=asc HTTP/1.1" 200 24983
172.22.2.4 - - [30/Oct/2022:21:38:46 -0500] "GET /BLA/boletinlegal/Circulares/2012/Circular%20No.%2010%20del%2026%20de%20Enero%20de%202012.pdf HTTP/1.1" 404 1218
136.243.228.197 - - [30/Oct/2022:21:38:48 -0500] "GET /BLA/resoluciones/index.php?dir=RESOLUCIONES%201998/&sort=name&order=desc HTTP/1.1" 200 13224
136.243.228.197 - - [30/Oct/2022:21:38:55 -0500] "GET /BLA/resoluciones/index.php?dir=RESOLUCIONES%202001/&sort=name&order=desc HTTP/1.1" 200 24982
136.243.228.197 - - [30/Oct/2022:21:39:02 -0500] "GET /BLA/resoluciones/index.php?dir=Acuerdos/&sort=date&order=asc HTTP/1.1" 200 3396
136.243.228.197 - - [30/Oct/2022:21:39:07 -0500] "GET /BLA/resoluciones/index.php?dir=Acuerdos/&sort=name&order=desc HTTP/1.1" 200 3395
136.243.228.197 - - [30/Oct/2022:21:39:13 -0500] "GET /BLA/resoluciones/index.php?dir=RESOLUCIONES%201995/&sort=name&order=desc HTTP/1.1" 200 12326
136.243.228.197 - - [30/Oct/2022:21:39:19 -0500] "GET /BLA/resoluciones/index.php?dir=Acuerdos/&sort=size&order=asc HTTP/1.1" 200 3396
136.243.228.197 - - [30/Oct/2022:21:39:27 -0500] "GET /BLA/resoluciones/index.php?dir=RESOLUCIONES%201995/&sort=date&order=asc HTTP/1.1" 200 12327
136.243.228.197 - - [30/Oct/2022:21:39:32 -0500] "GET /BLA/resoluciones/index.php?dir=RESOLUCIONES%201995/&sort=size&order=asc HTTP/1.1" 200 12327
136.243.228.197 - - [30/Oct/2022:21:39:40 -0500] "GET /BLA/resoluciones/index.php?dir=RESOLUCIONES+2007/RES+2007+1501+AL+1600/ HTTP/1.1" 200 26868
136.243.228.197 - - [30/Oct/2022:21:39:45 -0500] "GET /BLA/resoluciones/index.php?dir=RESOLUCIONES+2006/RES+2006+1651-1700/ HTTP/1.1" 200 12354
216.245.221.92 - - [30/Oct/2022:21:39:48 -0500] "HEAD / HTTP/1.1" 200 -
136.243.228.197 - - [30/Oct/2022:21:39:51 -0500] "GET /BLA/resoluciones/index.php?dir=RESOLUCIONES+2007/RES+2007+2601+AL+2700/ HTTP/1.1" 200 26865
136.243.228.197 - - [30/Oct/2022:21:39:57 -0500] "GET /BLA/resoluciones/index.php?dir=RESOLUCIONES+2007/RES+2007+1801+AL+1900/ HTTP/1.1" 200 26857
136.243.228.197 - - [30/Oct/2022:21:40:04 -0500] "GET /BLA/resoluciones/index.php?dir=RESOLUCIONES+2006/RES+2006+1251-1300/ HTTP/1.1" 200 12368
136.243.228.197 - - [30/Oct/2022:21:40:11 -0500] "GET /BLA/resoluciones/index.php?dir=RESOLUCIONES+2006/RES+2006+1851-1900/ HTTP/1.1" 200 12364
136.243.228.197 - - [30/Oct/2022:21:40:17 -0500] "GET /BLA/resoluciones/index.php?dir=RESOLUCIONES+2007/RES+2007+601+AL+700/ HTTP/1.1" 200 26655
136.243.228.197 - - [30/Oct/2022:21:40:22 -0500] "GET /BLA/resoluciones/index.php?dir=RESOLUCIONES+2007/RES+2007+3701+AL+3800/ HTTP/1.1" 200 26851
172.22.2.4 - - [30/Oct/2022:21:38:48 -0500] "HEAD /BLA/boletinlegal/ HTTP/1.1" 200 -
136.243.228.197 - - [30/Oct/2022:21:40:28 -0500] "GET /BLA/resoluciones/index.php?dir=RESOLUCIONES+2006/RES+2006+2101-2150/ HTTP/1.1" 200 12369
136.243.228.197 - - [30/Oct/2022:21:40:35 -0500] "GET /BLA/resoluciones/index.php?dir=Notificaciones/RESOLUCIONES+2018/ HTTP/1.1" 200 19166
136.243.228.197 - - [30/Oct/2022:21:40:41 -0500] "GET /BLA/resoluciones/index.php?dir=Notificaciones/&sort=size&order=asc HTTP/1.1" 200 10351
136.243.228.197 - - [30/Oct/2022:21:40:48 -0500] "GET /BLA/resoluciones/index.php?dir=RESOLUCIONES+2006/RES+2006+1751-1800/ HTTP/1.1" 200 12368
136.243.228.197 - - [30/Oct/2022:21:40:54 -0500] "GET /BLA/resoluciones/index.php?dir=RESOLUCIONES+2007/RES+2007+3801+AL+3900/ HTTP/1.1" 200 26637
136.243.228.197 - - [30/Oct/2022:21:40:59 -0500] "GET /BLA/resoluciones/index.php?dir=RESOLUCIONES+2006/RES+2006+1451-1500/ HTTP/1.1" 200 12370
136.243.228.197 - - [30/Oct/2022:21:41:07 -0500] "GET /BLA/resoluciones/index.php?dir=RESOLUCIONES+2006/RES+2006+1701-1751/ HTTP/1.1" 200 12369
201.245.192.253 - - [30/Oct/2022:21:41:08 -0500] "POST /kwsrmcab/Wsrmcab  HTTP/1.1" 200 42272
136.243.228.197 - - [30/Oct/2022:21:41:12 -0500] "GET /BLA/resoluciones/index.php?dir=RESOLUCIONES+2007/RES+2007+1401+AL+1500/ HTTP/1.1" 200 26854
172.22.2.4 - - [30/Oct/2022:21:39:38 -0500] "GET /BLA/boletinlegal/ HTTP/1.1" 200 59319
136.243.228.197 - - [30/Oct/2022:21:41:18 -0500] "GET /BLA/resoluciones/index.php?dir=Notificaciones/&sort=date&order=asc HTTP/1.1" 200 10351
136.243.228.197 - - [30/Oct/2022:21:41:24 -0500] "GET /BLA/resoluciones/index.php?dir=RESOLUCIONES%202007/&sort=date&order=asc HTTP/1.1" 200 35450
136.243.228.197 - - [30/Oct/2022:21:41:31 -0500] "GET /BLA/resoluciones/index.php?dir=RESOLUCIONES+2006/RES+2006+2301-2350/ HTTP/1.1" 200 12364
136.243.228.197 - - [30/Oct/2022:21:41:37 -0500] "GET /BLA/resoluciones/index.php?dir=RESOLUCIONES+2006/RES+2006+1001-1050/ HTTP/1.1" 200 12341
201.245.192.253 - - [30/Oct/2022:21:41:40 -0500] "POST /kwsrmcab/Wsrmcab HTTP/1.1" 200 41902
136.243.228.197 - - [30/Oct/2022:21:41:42 -0500] "GET /BLA/resoluciones/index.php?dir=RESOLUCIONES+2006/RES+2006++3001-3054/ HTTP/1.1" 200 13210
201.245.192.253 - - [30/Oct/2022:21:41:42 -0500] "POST /kwsrmcab/Wsrmcab HTTP/1.1" 200 42230
136.243.228.197 - - [30/Oct/2022:21:41:48 -0500] "GET /BLA/resoluciones/index.php?dir=RESOLUCIONES+2007/RES+2007+2801+AL+2900/ HTTP/1.1" 200 26859
136.243.228.197 - - [30/Oct/2022:21:41:54 -0500] "GET /BLA/resoluciones/index.php?dir=RESOLUCIONES+2007/RES+2007+301+AL+400/ HTTP/1.1" 200 26381
136.243.228.197 - - [30/Oct/2022:21:42:00 -0500] "GET /BLA/resoluciones/index.php?dir=RESOLUCIONES+2007/RES+2007+401+AL+500/ HTTP/1.1" 200 26642
136.243.228.197 - - [30/Oct/2022:21:42:08 -0500] "GET /BLA/resoluciones/index.php?dir=RESOLUCIONES+2006/RES+2006+1901-1950/ HTTP/1.1" 200 12360
136.243.228.197 - - [30/Oct/2022:21:42:17 -0500] "GET /BLA/resoluciones/index.php?dir=RESOLUCIONES+2007/RES+2007+101+AL+200/ HTTP/1.1" 200 26931
136.243.228.197 - - [30/Oct/2022:21:42:24 -0500] "GET /BLA/resoluciones/index.php?dir=RESOLUCIONES+2006/RES+2006+2351-2400/ HTTP/1.1" 200 12357
136.243.228.197 - - [30/Oct/2022:21:42:29 -0500] "GET /BLA/resoluciones/index.php?dir=RESOLUCIONES+2006/RES+2006+851-900/ HTTP/1.1" 200 12234
136.243.228.197 - - [30/Oct/2022:21:42:36 -0500] "GET /BLA/resoluciones/index.php?dir=RESOLUCIONES+2006/RES+2006+2501-2550/ HTTP/1.1" 200 12235
191.102.89.4 - - [30/Oct/2022:21:43:23 -0500] "GET /sipse/faces/index.xhtml HTTP/1.1" 200 677
191.102.89.4 - - [30/Oct/2022:21:43:23 -0500] "GET /sipse/faces/javax.faces.resource/theme.css?ln=primefaces-sipse HTTP/1.1" 200 50058
191.102.89.4 - - [30/Oct/2022:21:43:24 -0500] "GET /sipse/faces/faces/autenticacion.xhtml HTTP/1.1" 200 12181
191.102.89.4 - - [30/Oct/2022:21:43:24 -0500] "GET /sipse/js/disable_browser_buttons.js HTTP/1.1" 304 -
191.102.89.4 - - [30/Oct/2022:21:43:24 -0500] "GET /sipse/faces/javax.faces.resource/jquery/jquery-plugins.js?ln=primefaces&v=4.0 HTTP/1.1" 304 -
191.102.89.4 - - [30/Oct/2022:21:43:24 -0500] "GET /sipse/faces/javax.faces.resource/primefaces.css?ln=primefaces&v=4.0 HTTP/1.1" 304 -
191.102.89.4 - - [30/Oct/2022:21:43:24 -0500] "GET /sipse/faces/javax.faces.resource/layout/layout.css?ln=primefaces&v=4.0 HTTP/1.1" 304 -
191.102.89.4 - - [30/Oct/2022:21:43:24 -0500] "GET /sipse/faces/javax.faces.resource/layout/layout.js?ln=primefaces&v=4.0 HTTP/1.1" 304 -
191.102.89.4 - - [30/Oct/2022:21:43:24 -0500] "GET /sipse/faces/javax.faces.resource/jquery/jquery.js?ln=primefaces&v=4.0 HTTP/1.1" 304 -
191.102.89.4 - - [30/Oct/2022:21:43:24 -0500] "GET /sipse/faces/javax.faces.resource/theme.css?ln=primefaces-sipse HTTP/1.1" 304 -
191.102.89.4 - - [30/Oct/2022:21:43:24 -0500] "GET /sipse/faces/javax.faces.resource/primefaces.js?ln=primefaces&v=4.0 HTTP/1.1" 304 -
191.102.89.4 - - [30/Oct/2022:21:43:24 -0500] "GET /sipse/js/funciones.js HTTP/1.1" 304 -
191.102.89.4 - - [30/Oct/2022:21:43:25 -0500] "GET /sipse/faces/javax.faces.resource/images/ui-icons_898989_256x240.png?ln=primefaces-aristo HTTP/1.1" 200 5355
191.102.89.4 - - [30/Oct/2022:21:43:25 -0500] "GET /sipse/css/imagen/loginimg.png HTTP/1.1" 200 16070
191.102.89.4 - - [30/Oct/2022:21:43:25 -0500] "GET /sipse/css/imagen/logoSDG.png HTTP/1.1" 200 53064
136.243.228.197 - - [30/Oct/2022:21:43:30 -0500] "GET /BLA/resoluciones/index.php?dir=RESOLUCIONES+2007/RES+2007+201+AL+300/ HTTP/1.1" 200 27110
136.243.228.197 - - [30/Oct/2022:21:43:38 -0500] "GET /BLA/resoluciones/index.php?dir=RESOLUCIONES%202007/&sort=name&order=desc HTTP/1.1" 200 35449
136.243.228.197 - - [30/Oct/2022:21:43:45 -0500] "GET /BLA/resoluciones/index.php?dir=RESOLUCIONES+2006/RES+2006+1301-1350/ HTTP/1.1" 200 12365
136.243.228.197 - - [30/Oct/2022:21:43:52 -0500] "GET /BLA/resoluciones/index.php?dir=RESOLUCIONES+2007/RES+2007+801+AL+900/ HTTP/1.1" 200 26642
136.243.228.197 - - [30/Oct/2022:21:43:59 -0500] "GET /BLA/resoluciones/index.php?dir=RESOLUCIONES%202006/&sort=date&order=asc HTTP/1.1" 200 38542
136.243.228.197 - - [30/Oct/2022:21:44:05 -0500] "GET /BLA/resoluciones/index.php?dir=RESOLUCIONES+2006/RES+2006+1151-1200/ HTTP/1.1" 200 12365
136.243.228.197 - - [30/Oct/2022:21:44:12 -0500] "GET /BLA/resoluciones/index.php?dir=RESOLUCIONES+2006/RES+2006+501-550/ HTTP/1.1" 200 12241
136.243.228.197 - - [30/Oct/2022:21:44:19 -0500] "GET /BLA/resoluciones/index.php?dir=RESOLUCIONES+2006/RES+2006+1-50/ HTTP/1.1" 200 11867
136.243.228.197 - - [30/Oct/2022:21:44:25 -0500] "GET /BLA/resoluciones/index.php?dir=RESOLUCIONES+2007/RES+2007+4101+AL+4200/ HTTP/1.1" 200 26886
136.243.228.197 - - [30/Oct/2022:21:44:33 -0500] "GET /BLA/resoluciones/index.php?dir=RESOLUCIONES+2006/RES+2006+2601-2650/ HTTP/1.1" 200 11939
136.243.228.197 - - [30/Oct/2022:21:44:40 -0500] "GET /BLA/resoluciones/index.php?dir=RESOLUCIONES+2007/RES+2007+2501+AL+2600/ HTTP/1.1" 200 26847
136.243.228.197 - - [30/Oct/2022:21:44:46 -0500] "GET /BLA/resoluciones/index.php?dir=RESOLUCIONES+2006/RES+2006+2551-2600/ HTTP/1.1" 200 12354
216.245.221.92 - - [30/Oct/2022:21:44:48 -0500] "HEAD / HTTP/1.1" 200 -
136.243.228.197 - - [30/Oct/2022:21:44:54 -0500] "GET /BLA/resoluciones/index.php?dir=RESOLUCIONES+2006/RES+2006+2401-2450/ HTTP/1.1" 200 12370
136.243.228.197 - - [30/Oct/2022:21:45:01 -0500] "GET /BLA/resoluciones/index.php?dir=RESOLUCIONES+2006/RES+2006+1601-1650/ HTTP/1.1" 200 12366
136.243.228.197 - - [30/Oct/2022:21:45:09 -0500] "GET /BLA/resoluciones/index.php?dir=Notificaciones/RESOLUCIONES+2015/ HTTP/1.1" 200 14394
136.243.228.197 - - [30/Oct/2022:21:45:20 -0500] "GET /BLA/resoluciones/index.php?dir=RESOLUCIONES+2007/RES+2007+1+AL+100/ HTTP/1.1" 200 26175
136.243.228.197 - - [30/Oct/2022:21:45:27 -0500] "GET /BLA/resoluciones/index.php?dir=RESOLUCIONES+2006/RES+2006+951-1000/ HTTP/1.1" 200 12308
136.243.228.197 - - [30/Oct/2022:21:45:37 -0500] "GET /BLA/resoluciones/index.php?dir=RESOLUCIONES+2007/RES+2007+901+AL+1000/ HTTP/1.1" 200 26734
136.243.228.197 - - [30/Oct/2022:21:45:46 -0500] "GET /BLA/resoluciones/index.php?dir=RESOLUCIONES+2006/RES+2006+601-650/ HTTP/1.1" 200 12250
136.243.228.197 - - [30/Oct/2022:21:45:54 -0500] "GET /BLA/resoluciones/index.php?dir=RESOLUCIONES+2007/RES+2007+501+AL+600/ HTTP/1.1" 200 26888
136.243.228.197 - - [30/Oct/2022:21:46:02 -0500] "GET /BLA/resoluciones/index.php?dir=RESOLUCIONES+2006/RES+2006++2801-2850/ HTTP/1.1" 200 12415
201.245.192.253 - - [30/Oct/2022:21:46:07 -0500] "POST /kwsrmcab/Wsrmcab  HTTP/1.1" 200 42272
136.243.228.197 - - [30/Oct/2022:21:46:11 -0500] "GET /BLA/resoluciones/index.php?dir=RESOLUCIONES+2006/RES+2006+2001-2050/ HTTP/1.1" 200 12363
172.22.2.4 - - [30/Oct/2022:21:44:38 -0500] "HEAD /BLA/boletinlegal/ HTTP/1.1" 200 -
136.243.228.197 - - [30/Oct/2022:21:46:20 -0500] "GET /BLA/resoluciones/index.php?dir=RESOLUCIONES+2006/RES+2006+2151-2200/ HTTP/1.1" 200 12368
136.243.228.197 - - [30/Oct/2022:21:46:28 -0500] "GET /BLA/resoluciones/index.php?dir=RESOLUCIONES+2007/RES+2007+3201+AL+3300/ HTTP/1.1" 200 27414
136.243.228.197 - - [30/Oct/2022:21:46:37 -0500] "GET /BLA/resoluciones/index.php?dir=RESOLUCIONES+2007/RES+2007+2001+AL+2100/ HTTP/1.1" 200 26870
136.243.228.197 - - [30/Oct/2022:21:46:47 -0500] "GET /BLA/resoluciones/index.php?dir=RESOLUCIONES+2007/RES+2007+1601+AL+1725/ HTTP/1.1" 200 7202
103.129.209.106 - - [30/Oct/2022:21:46:49 -0500] "GET / HTTP/1.1" 200 319
136.243.228.197 - - [30/Oct/2022:21:46:54 -0500] "GET /BLA/resoluciones/index.php?dir=RESOLUCIONES+2006/RES+2006+2651-2700/ HTTP/1.1" 200 12365
136.243.228.197 - - [30/Oct/2022:21:47:02 -0500] "GET /BLA/resoluciones/index.php?dir=RESOLUCIONES%202007/&sort=size&order=asc HTTP/1.1" 200 35450
172.22.2.4 - - [30/Oct/2022:21:45:28 -0500] "GET /BLA/boletinlegal/ HTTP/1.1" 200 57375
136.243.228.197 - - [30/Oct/2022:21:47:11 -0500] "GET /BLA/resoluciones/index.php?dir=RESOLUCIONES+2006/RES+2006+2051-2100/ HTTP/1.1" 200 12363
136.243.228.197 - - [30/Oct/2022:21:47:18 -0500] "GET /BLA/resoluciones/index.php?dir=Notificaciones/&sort=name&order=desc HTTP/1.1" 200 10350
136.243.228.197 - - [30/Oct/2022:21:47:27 -0500] "GET /BLA/resoluciones/index.php?dir=RESOLUCIONES+2006/RES+2006+1551-1600/ HTTP/1.1" 200 12369
136.243.228.197 - - [30/Oct/2022:21:47:33 -0500] "GET /BLA/resoluciones/index.php?dir=RESOLUCIONES+2006/RES+2006+2451-2500/ HTTP/1.1" 200 12154
136.243.228.197 - - [30/Oct/2022:21:47:40 -0500] "GET /BLA/resoluciones/index.php?dir=RESOLUCIONES+2006/RES+2006+2201-2250/ HTTP/1.1" 200 12366
136.243.228.197 - - [30/Oct/2022:21:47:47 -0500] "GET /BLA/resoluciones/index.php?dir=Notificaciones/RESOLUCIONES+2017/ HTTP/1.1" 200 13091
136.243.228.197 - - [30/Oct/2022:21:47:53 -0500] "GET /BLA/resoluciones/index.php?dir=Notificaciones/AUTOS+2022/ HTTP/1.1" 200 107132
136.243.228.197 - - [30/Oct/2022:21:48:00 -0500] "GET /BLA/resoluciones/index.php?dir=RESOLUCIONES+2007/RES+2007+1201+AL+1300/ HTTP/1.1" 200 26864
136.243.228.197 - - [30/Oct/2022:21:48:07 -0500] "GET /BLA/resoluciones/index.php?dir=RESOLUCIONES+2007/RES+2007+1301+AL+1400/ HTTP/1.1" 200 26817
136.243.228.197 - - [30/Oct/2022:21:48:13 -0500] "GET /BLA/resoluciones/index.php?dir=RESOLUCIONES+2007/RES+2007+2901+AL+3000/ HTTP/1.1" 200 26859
172.22.2.4 - - [30/Oct/2022:21:48:19 -0500] "GET /BLA/boletinlegal/jurisprudencia/analisis/CUADRO%20ANALISIS%20SENTENCIA%20T-411%20DE%201992.doc HTTP/1.1" 200 41984
136.243.228.197 - - [30/Oct/2022:21:48:20 -0500] "GET /BLA/resoluciones/index.php?dir=RESOLUCIONES+2006/RES+2006+1351-1400/ HTTP/1.1" 200 12367
136.243.228.197 - - [30/Oct/2022:21:48:28 -0500] "GET /BLA/resoluciones/index.php?dir=RESOLUCIONES+2006/RES+2006+2751-2800/ HTTP/1.1" 200 12358
136.243.228.197 - - [30/Oct/2022:21:48:34 -0500] "GET /BLA/resoluciones/index.php?dir=RESOLUCIONES+2007/RES+2007+2201+AL+2300/ HTTP/1.1" 200 27114
136.243.228.197 - - [30/Oct/2022:21:48:41 -0500] "GET /BLA/resoluciones/index.php?dir=RESOLUCIONES+2007/RES+2007+701+AL+800/ HTTP/1.1" 200 26639
136.243.228.197 - - [30/Oct/2022:21:48:48 -0500] "GET /BLA/resoluciones/index.php?dir=RESOLUCIONES+2007/RES+2007+1101+AL+1200/ HTTP/1.1" 200 26852
172.22.2.4 - - [30/Oct/2022:21:48:50 -0500] "GET /BLA/boletinlegal/style.css HTTP/1.1" 200 9406
172.22.2.4 - - [30/Oct/2022:21:48:50 -0500] "GET /BLA/boletinlegal/styles2.css HTTP/1.1" 200 1838
172.22.2.4 - - [30/Oct/2022:21:48:50 -0500] "GET /BLA/boletinlegal/js/jquery.scrollShow.js HTTP/1.1" 200 4586
172.22.2.4 - - [30/Oct/2022:21:48:50 -0500] "GET /BLA/boletinlegal/js/jquery.js HTTP/1.1" 200 57254
172.22.2.4 - - [30/Oct/2022:21:48:50 -0500] "GET /BLA/boletinlegal/js/jquery.scrollTo-min.js HTTP/1.1" 200 1150
172.22.2.4 - - [30/Oct/2022:21:48:50 -0500] "GET /BLA/boletinlegal/images/cabezote%20BLEGAL.jpg HTTP/1.1" 200 118164
172.22.2.4 - - [30/Oct/2022:21:48:50 -0500] "GET /BLA/boletinlegal/images/subscribe-icon-big.png HTTP/1.1" 200 47702
172.22.2.4 - - [30/Oct/2022:21:48:50 -0500] "GET /BLA/boletinlegal/images/historia.png HTTP/1.1" 200 52775
172.22.2.4 - - [30/Oct/2022:21:48:50 -0500] "GET /BLA/boletinlegal/images/registro-usuarios.png HTTP/1.1" 200 8106
172.22.2.4 - - [30/Oct/2022:21:48:50 -0500] "GET /BLA/boletinlegal/images/arr_l.jpg HTTP/1.1" 200 1979
172.22.2.4 - - [30/Oct/2022:21:48:50 -0500] "GET /BLA/boletinlegal/images/screen_1.png HTTP/1.1" 200 202547
172.22.2.4 - - [30/Oct/2022:21:48:50 -0500] "GET /BLA/boletinlegal/images/launch.jpg HTTP/1.1" 200 14577
172.22.2.4 - - [30/Oct/2022:21:48:51 -0500] "GET /BLA/boletinlegal/images/menu_lft.gif HTTP/1.1" 200 1713
172.22.2.4 - - [30/Oct/2022:21:48:51 -0500] "GET /BLA/boletinlegal/images/menu_rght.gif HTTP/1.1" 200 1627
172.22.2.4 - - [30/Oct/2022:21:48:51 -0500] "GET /BLA/boletinlegal/images/body_bg.jpg HTTP/1.1" 200 1601
172.22.2.4 - - [30/Oct/2022:21:48:51 -0500] "GET /BLA/boletinlegal/images/bg_top.jpg HTTP/1.1" 200 522
172.22.2.4 - - [30/Oct/2022:21:48:51 -0500] "GET /BLA/boletinlegal/images/menu_bg.jpg HTTP/1.1" 200 620
172.22.2.4 - - [30/Oct/2022:21:48:52 -0500] "GET /BLA/boletinlegal/images/hover.jpg HTTP/1.1" 200 640
172.22.2.4 - - [30/Oct/2022:21:48:52 -0500] "GET /BLA/boletinlegal/images/text.jpg HTTP/1.1" 200 568
172.22.2.4 - - [30/Oct/2022:21:48:53 -0500] "GET /BLA/boletinlegal/actos.php HTTP/1.1" 200 9566
172.22.2.4 - - [30/Oct/2022:21:48:53 -0500] "GET /BLA/boletinlegal/js/ajax_actos.js HTTP/1.1" 200 1322
172.22.2.4 - - [30/Oct/2022:21:48:53 -0500] "GET /BLA/boletinlegal/niceforms-default.css HTTP/1.1" 200 6694
172.22.2.4 - - [30/Oct/2022:21:48:53 -0500] "GET /BLA/boletinlegal/niceforms.js HTTP/1.1" 200 22876
172.22.2.4 - - [30/Oct/2022:21:48:53 -0500] "GET /BLA/boletinlegal/js/lib.js HTTP/1.1" 200 6474
172.22.2.4 - - [30/Oct/2022:21:48:53 -0500] "GET /BLA/boletinlegal/js/popup.js HTTP/1.1" 200 1270
172.22.2.4 - - [30/Oct/2022:21:48:53 -0500] "GET /BLA/boletinlegal/js/jquery1.js HTTP/1.1" 200 29846
172.22.2.4 - - [30/Oct/2022:21:48:53 -0500] "GET /BLA/boletinlegal/images/green-yellow-blue-pink-th.png HTTP/1.1" 200 7394
172.22.2.4 - - [30/Oct/2022:21:48:53 -0500] "GET /BLA/boletinlegal/images/tel.png HTTP/1.1" 200 14477
172.22.2.4 - - [30/Oct/2022:21:48:53 -0500] "GET /BLA/boletinlegal/images/icono-email.png HTTP/1.1" 200 5544
172.22.2.4 - - [30/Oct/2022:21:48:53 -0500] "GET /BLA/boletinlegal/images/footer_bg.jpg HTTP/1.1" 200 586
172.22.2.4 - - [30/Oct/2022:21:48:53 -0500] "GET /BLA/boletinlegal/images/footer_bg_l.jpg HTTP/1.1" 200 776
172.22.2.4 - - [30/Oct/2022:21:48:53 -0500] "GET /BLA/boletinlegal/img/0.png HTTP/1.1" 200 110
172.22.2.4 - - [30/Oct/2022:21:48:53 -0500] "GET /BLA/boletinlegal/img/select-left.png HTTP/1.1" 200 263
172.22.2.4 - - [30/Oct/2022:21:48:53 -0500] "GET /BLA/boletinlegal/img/select-right.png HTTP/1.1" 200 44019
172.22.2.4 - - [30/Oct/2022:21:48:53 -0500] "GET /BLA/boletinlegal/img/button-left.png HTTP/1.1" 200 57071
172.22.2.4 - - [30/Oct/2022:21:48:53 -0500] "GET /BLA/boletinlegal/img/button.png HTTP/1.1" 200 43241
172.22.2.4 - - [30/Oct/2022:21:48:53 -0500] "GET /BLA/boletinlegal/favicon.ico HTTP/1.1" 404 1326
172.22.2.4 - - [30/Oct/2022:21:48:53 -0500] "GET /BLA/boletinlegal/img/button-right.png HTTP/1.1" 200 57878
136.243.228.197 - - [30/Oct/2022:21:48:53 -0500] "GET /BLA/resoluciones/index.php?dir=RESOLUCIONES+2007/RES+2007+2701+AL+2800/ HTTP/1.1" 200 26889
191.102.196.248 - - [30/Oct/2022:21:48:55 -0500] "GET /BLA/resoluciones/dlf/styles.css HTTP/1.1" 200 3049
191.102.196.248 - - [30/Oct/2022:21:48:55 -0500] "GET /BLA/resoluciones/ HTTP/1.1" 200 13093
191.102.196.248 - - [30/Oct/2022:21:48:55 -0500] "GET /BLA/resoluciones/dlf/folder.png HTTP/1.1" 200 410
191.102.196.248 - - [30/Oct/2022:21:48:55 -0500] "GET /BLA/resoluciones/dlf/bg.gif HTTP/1.1" 200 54
191.102.196.248 - - [30/Oct/2022:21:48:56 -0500] "GET /favicon.ico HTTP/1.1" 200 7782
172.22.2.4 - - [30/Oct/2022:21:48:57 -0500] "GET /BLA/boletinlegal/images/arr_r.jpg HTTP/1.1" 200 1998
172.22.2.4 - - [30/Oct/2022:21:48:57 -0500] "GET /BLA/boletinlegal/images/screen_3.png HTTP/1.1" 200 210620
172.22.2.4 - - [30/Oct/2022:21:48:57 -0500] "GET /BLA/boletinlegal/images/screen_2.png HTTP/1.1" 200 362502
172.22.2.4 - - [30/Oct/2022:21:48:57 -0500] "GET /BLA/boletinlegal/images/screen_5.png HTTP/1.1" 200 368876
136.243.228.197 - - [30/Oct/2022:21:49:00 -0500] "GET /BLA/resoluciones/index.php?dir=RESOLUCIONES+2006/RES+2006+351-400/ HTTP/1.1" 200 12234
172.22.2.4 - - [30/Oct/2022:21:49:05 -0500] "GET /BLA/boletinlegal/images/pdf.gif HTTP/1.1" 200 567
136.243.228.197 - - [30/Oct/2022:21:49:07 -0500] "GET /BLA/resoluciones/index.php?dir=RESOLUCIONES+2007/RES+2007+2301+AL+2400/ HTTP/1.1" 200 26611
136.243.228.197 - - [30/Oct/2022:21:49:13 -0500] "GET /BLA/resoluciones/index.php?dir=RESOLUCIONES+2007/RES+2007+1001+AL+1100/ HTTP/1.1" 200 26838
191.102.196.248 - - [30/Oct/2022:21:49:15 -0500] "GET /BLA/resoluciones/dlf/dirup.png HTTP/1.1" 200 644
191.102.196.248 - - [30/Oct/2022:21:49:15 -0500] "GET /BLA/resoluciones/dlf/pdf.gif HTTP/1.1" 200 272
191.102.196.248 - - [30/Oct/2022:21:49:15 -0500] "GET /BLA/resoluciones/index.php?dir=RESOLUCIONES+2018%2F HTTP/1.1" 200 271436
136.243.228.197 - - [30/Oct/2022:21:49:20 -0500] "GET /BLA/resoluciones/index.php?dir=RESOLUCIONES+2007/RES+2007+3001+AL+3100/ HTTP/1.1" 200 26891
136.243.228.197 - - [30/Oct/2022:21:49:25 -0500] "GET /BLA/resoluciones/index.php?dir=RESOLUCIONES+2006/RES+2006+651-700/ HTTP/1.1" 200 12252
136.243.228.197 - - [30/Oct/2022:21:49:32 -0500] "GET /BLA/resoluciones/index.php?dir=RESOLUCIONES+2006/RES+2006+1501-1550/ HTTP/1.1" 200 12370
136.243.228.197 - - [30/Oct/2022:21:49:40 -0500] "GET /BLA/resoluciones/index.php?dir=RESOLUCIONES+2007/RES+2007+3101+AL+3200/ HTTP/1.1" 200 26880
191.102.196.248 - - [30/Oct/2022:21:49:44 -0500] "GET /BLA/resoluciones/index.php?dir=AUTOS+2018%2F HTTP/1.1" 200 438883
216.245.221.92 - - [30/Oct/2022:21:49:48 -0500] "HEAD / HTTP/1.1" 200 -
136.243.228.197 - - [30/Oct/2022:21:49:48 -0500] "GET /BLA/resoluciones/index.php?dir=RESOLUCIONES+2006/RES+2006+51-100/ HTTP/1.1" 200 11996
136.243.228.197 - - [30/Oct/2022:21:49:54 -0500] "GET /BLA/resoluciones/index.php?dir=RESOLUCIONES+2006/RES+2006+901-950/ HTTP/1.1" 200 12239
191.102.196.248 - - [30/Oct/2022:21:49:59 -0500] "GET /BLA/resoluciones/AUTOS%202018/6721.pdf HTTP/1.1" 200 241491
136.243.228.197 - - [30/Oct/2022:21:50:00 -0500] "GET /BLA/resoluciones/index.php?dir=RESOLUCIONES+2007/RES+2007+1726+AL+1800/ HTTP/1.1" 200 20645
136.243.228.197 - - [30/Oct/2022:21:50:07 -0500] "GET /BLA/resoluciones/index.php?dir=RESOLUCIONES+2006/RES+2006+1801-1850/ HTTP/1.1" 200 12357
136.243.228.197 - - [30/Oct/2022:21:50:14 -0500] "GET /BLA/resoluciones/index.php?dir=RESOLUCIONES+2006/RES+2006+551-600/ HTTP/1.1" 200 12250
136.243.228.197 - - [30/Oct/2022:21:50:21 -0500] "GET /BLA/resoluciones/index.php?dir=RESOLUCIONES+2006/RES+2006+451-500/ HTTP/1.1" 200 12244
136.243.228.197 - - [30/Oct/2022:21:50:28 -0500] "GET /BLA/resoluciones/index.php?dir=Notificaciones/REGISTROS+2022/ HTTP/1.1" 200 3891
172.22.2.4 - - [30/Oct/2022:21:48:49 -0500] "GET /BLA/boletinlegal/ HTTP/1.1" 200 62380
136.243.228.197 - - [30/Oct/2022:21:50:35 -0500] "GET /BLA/resoluciones/index.php?dir=RESOLUCIONES+2006/RES+2006++2901-2950/ HTTP/1.1" 200 12406
136.243.228.197 - - [30/Oct/2022:21:50:43 -0500] "GET /BLA/resoluciones/index.php?dir=RESOLUCIONES+2006/RES+2006+151-200/ HTTP/1.1" 200 12238
136.243.228.197 - - [30/Oct/2022:21:50:51 -0500] "GET /BLA/resoluciones/index.php?dir=RESOLUCIONES+2006/RES+2006+701-750/ HTTP/1.1" 200 12251
136.243.228.197 - - [30/Oct/2022:21:50:57 -0500] "GET /BLA/resoluciones/index.php?dir=RESOLUCIONES+2006/RES+2006+101-150/ HTTP/1.1" 200 12241
136.243.228.197 - - [30/Oct/2022:21:51:04 -0500] "GET /BLA/resoluciones/index.php?dir=RESOLUCIONES+2007/RES+2007+4001+AL+4100/ HTTP/1.1" 200 26864
201.245.192.253 - - [30/Oct/2022:21:51:07 -0500] "POST /kwsrmcab/Wsrmcab  HTTP/1.1" 200 42272
136.243.228.197 - - [30/Oct/2022:21:51:12 -0500] "GET /BLA/resoluciones/index.php?dir=RESOLUCIONES+2006/RES+2006+2251-2300/ HTTP/1.1" 200 12361
136.243.228.197 - - [30/Oct/2022:21:51:21 -0500] "GET /BLA/resoluciones/index.php?dir=RESOLUCIONES+2007/RES+2007+3901+AL+4000/ HTTP/1.1" 200 26851
136.243.228.197 - - [30/Oct/2022:21:51:29 -0500] "GET /BLA/resoluciones/index.php?dir=RESOLUCIONES+2006/RES+2006+1051-1100/ HTTP/1.1" 200 12369
136.243.228.197 - - [30/Oct/2022:21:51:37 -0500] "GET /BLA/resoluciones/index.php?dir=RESOLUCIONES+2006/RES+2006+1951-2000/ HTTP/1.1" 200 12349
136.243.228.197 - - [30/Oct/2022:21:51:45 -0500] "GET /BLA/resoluciones/index.php?dir=RESOLUCIONES+2006/RES+2006+1101-1150/ HTTP/1.1" 200 12368
136.243.228.197 - - [30/Oct/2022:21:51:53 -0500] "GET /BLA/resoluciones/index.php?dir=RESOLUCIONES+2007/RES+2007+2101+AL+2200/ HTTP/1.1" 200 26622
136.243.228.197 - - [30/Oct/2022:21:52:01 -0500] "GET /BLA/resoluciones/index.php?dir=RESOLUCIONES+2006/RES+2006+1201-1250/ HTTP/1.1" 200 12346
136.243.228.197 - - [30/Oct/2022:21:52:07 -0500] "GET /BLA/resoluciones/index.php?dir=RESOLUCIONES+2006/RES+2006++2951-3000/ HTTP/1.1" 200 12390
172.22.2.4 - - [30/Oct/2022:21:50:28 -0500] "HEAD /BLA/boletinlegal/ HTTP/1.1" 200 -
136.243.228.197 - - [30/Oct/2022:21:52:16 -0500] "GET /BLA/resoluciones/index.php?dir=RESOLUCIONES+2006/RES+2006+751-800/ HTTP/1.1" 200 12235
