172.22.2.4 - - [03/Nov/2022:04:31:09 -0500] "GET /BLA/boletinlegal/ HTTP/1.1" 200 24523
172.22.2.4 - - [03/Nov/2022:04:31:24 -0500] "GET /BLA/boletinlegal/ HTTP/1.1" 200 24523
172.22.2.4 - - [03/Nov/2022:04:31:54 -0500] "GET /BLA/boletinlegal/ HTTP/1.1" 200 24523
172.22.2.4 - - [03/Nov/2022:04:31:39 -0500] "GET /BLA/boletinlegal/ HTTP/1.1" 200 24523
172.22.2.4 - - [03/Nov/2022:04:32:09 -0500] "GET /BLA/boletinlegal/ HTTP/1.1" 200 32715
216.245.221.92 - - [03/Nov/2022:04:33:32 -0500] "HEAD / HTTP/1.1" 200 -
172.22.2.4 - - [03/Nov/2022:04:32:24 -0500] "GET /BLA/boletinlegal/ HTTP/1.1" 200 24523
172.22.2.4 - - [03/Nov/2022:04:32:54 -0500] "GET /BLA/boletinlegal/ HTTP/1.1" 200 24523
172.22.2.4 - - [03/Nov/2022:04:32:39 -0500] "GET /BLA/boletinlegal/ HTTP/1.1" 200 24523
172.22.2.4 - - [03/Nov/2022:04:33:09 -0500] "GET /BLA/boletinlegal/ HTTP/1.1" 200 24523
172.22.2.4 - - [03/Nov/2022:04:33:24 -0500] "GET /BLA/boletinlegal/ HTTP/1.1" 200 24523
172.22.2.4 - - [03/Nov/2022:04:33:40 -0500] "GET /BLA/boletinlegal/ HTTP/1.1" 200 24523
172.22.2.4 - - [03/Nov/2022:04:33:54 -0500] "GET /BLA/boletinlegal/ HTTP/1.1" 200 24523
172.22.2.4 - - [03/Nov/2022:04:33:15 -0500] "GET /BLA/boletinlegal/ HTTP/1.1" 200 38955
201.245.192.253 - - [03/Nov/2022:04:35:01 -0500] "POST /kwsrmcab/Wsrmcab  HTTP/1.1" 200 40655
193.142.146.35 - - [03/Nov/2022:04:38:18 -0500] "GET / HTTP/1.1" 200 319
193.142.146.35 - - [03/Nov/2022:04:38:19 -0500] "POST /HNAP1/ HTTP/1.1" 404 1018
216.245.221.92 - - [03/Nov/2022:04:38:32 -0500] "HEAD / HTTP/1.1" 200 -
172.22.2.4 - - [03/Nov/2022:04:38:15 -0500] "HEAD /BLA/boletinlegal/ HTTP/1.1" 200 -
201.245.192.253 - - [03/Nov/2022:04:40:00 -0500] "POST /kwsrmcab/Wsrmcab  HTTP/1.1" 200 40655
172.22.2.4 - - [03/Nov/2022:04:39:05 -0500] "GET /BLA/boletinlegal/ HTTP/1.1" 200 59828
201.245.192.253 - - [03/Nov/2022:04:41:24 -0500] "POST /kwsrmcab/Wsrmcab HTTP/1.1" 200 40352
201.245.192.253 - - [03/Nov/2022:04:41:26 -0500] "POST /kwsrmcab/Wsrmcab HTTP/1.1" 200 44098
216.245.221.92 - - [03/Nov/2022:04:43:32 -0500] "HEAD / HTTP/1.1" 200 -
66.249.79.111 - - [03/Nov/2022:04:44:41 -0500] "-" 408 -
201.245.192.253 - - [03/Nov/2022:04:44:59 -0500] "POST /kwsrmcab/Wsrmcab  HTTP/1.1" 200 40655
207.46.13.18 - - [03/Nov/2022:04:45:40 -0500] "GET /BLA/resoluciones/AUTOS%202020/2978.pdf HTTP/1.1" 304 -
172.22.2.4 - - [03/Nov/2022:04:44:05 -0500] "HEAD /BLA/boletinlegal/ HTTP/1.1" 200 -
157.55.39.69 - - [03/Nov/2022:04:46:21 -0500] "GET /BLA/resoluciones/AUTOS%202022/4734.pdf HTTP/1.1" 200 374665
172.22.2.4 - - [03/Nov/2022:04:44:55 -0500] "GET /BLA/boletinlegal/ HTTP/1.1" 200 57725
216.245.221.92 - - [03/Nov/2022:04:48:32 -0500] "HEAD / HTTP/1.1" 200 -
201.245.192.253 - - [03/Nov/2022:04:49:58 -0500] "POST /kwsrmcab/Wsrmcab  HTTP/1.1" 200 40655
172.22.2.4 - - [03/Nov/2022:04:49:55 -0500] "HEAD /BLA/boletinlegal/ HTTP/1.1" 200 -
172.22.2.4 - - [03/Nov/2022:04:50:45 -0500] "GET /BLA/boletinlegal/ HTTP/1.1" 200 56014
216.245.221.92 - - [03/Nov/2022:04:53:32 -0500] "HEAD / HTTP/1.1" 200 -
201.245.192.253 - - [03/Nov/2022:04:54:57 -0500] "POST /kwsrmcab/Wsrmcab  HTTP/1.1" 200 40655
172.22.2.4 - - [03/Nov/2022:04:55:45 -0500] "HEAD /BLA/boletinlegal/ HTTP/1.1" 200 -
128.14.134.134 - - [03/Nov/2022:04:58:05 -0500] "GET / HTTP/1.1" 200 319
172.22.2.4 - - [03/Nov/2022:04:56:35 -0500] "GET /BLA/boletinlegal/ HTTP/1.1" 200 56376
216.245.221.92 - - [03/Nov/2022:04:58:32 -0500] "HEAD / HTTP/1.1" 200 -
201.245.192.253 - - [03/Nov/2022:04:59:56 -0500] "POST /kwsrmcab/Wsrmcab  HTTP/1.1" 200 40655
172.22.2.4 - - [03/Nov/2022:05:01:35 -0500] "HEAD /BLA/boletinlegal/ HTTP/1.1" 200 -
216.245.221.92 - - [03/Nov/2022:05:03:32 -0500] "HEAD / HTTP/1.1" 200 -
172.22.2.4 - - [03/Nov/2022:05:02:25 -0500] "GET /BLA/boletinlegal/ HTTP/1.1" 200 59828
201.245.192.253 - - [03/Nov/2022:05:04:55 -0500] "POST /kwsrmcab/Wsrmcab  HTTP/1.1" 200 40655
186.80.52.211 - - [03/Nov/2022:05:07:14 -0500] "GET /sipse/faces/javax.faces.resource/theme.css?ln=primefaces-sipse HTTP/1.1" 304 -
186.80.52.211 - - [03/Nov/2022:05:07:14 -0500] "GET /sipse/faces/faces/autenticacion.xhtml HTTP/1.1" 200 12181
186.80.52.211 - - [03/Nov/2022:05:07:14 -0500] "GET /sipse/faces/javax.faces.resource/theme.css?ln=primefaces-sipse HTTP/1.1" 304 -
186.80.52.211 - - [03/Nov/2022:05:07:14 -0500] "GET /sipse/faces/javax.faces.resource/primefaces.css?ln=primefaces&v=4.0 HTTP/1.1" 304 -
186.80.52.211 - - [03/Nov/2022:05:07:14 -0500] "GET /sipse/faces/javax.faces.resource/layout/layout.css?ln=primefaces&v=4.0 HTTP/1.1" 304 -
186.80.52.211 - - [03/Nov/2022:05:07:14 -0500] "GET /sipse/faces/javax.faces.resource/jquery/jquery.js?ln=primefaces&v=4.0 HTTP/1.1" 304 -
186.80.52.211 - - [03/Nov/2022:05:07:14 -0500] "GET /sipse/faces/javax.faces.resource/primefaces.js?ln=primefaces&v=4.0 HTTP/1.1" 304 -
186.80.52.211 - - [03/Nov/2022:05:07:14 -0500] "GET /sipse/faces/javax.faces.resource/jquery/jquery-plugins.js?ln=primefaces&v=4.0 HTTP/1.1" 304 -
186.80.52.211 - - [03/Nov/2022:05:07:14 -0500] "GET /sipse/faces/javax.faces.resource/layout/layout.js?ln=primefaces&v=4.0 HTTP/1.1" 304 -
186.80.52.211 - - [03/Nov/2022:05:07:15 -0500] "GET /sipse/faces/javax.faces.resource/images/ui-icons_898989_256x240.png?ln=primefaces-aristo HTTP/1.1" 304 -
216.245.221.92 - - [03/Nov/2022:05:08:32 -0500] "HEAD / HTTP/1.1" 200 -
172.22.2.4 - - [03/Nov/2022:05:07:25 -0500] "HEAD /BLA/boletinlegal/ HTTP/1.1" 200 -
114.119.141.53 - - [03/Nov/2022:05:09:46 -0500] "GET /BLA/resoluciones/AUTOS%202015/0621.pdf HTTP/1.1" 200 608570
172.22.2.4 - - [03/Nov/2022:05:08:15 -0500] "GET /BLA/boletinlegal/ HTTP/1.1" 200 57725
201.245.192.253 - - [03/Nov/2022:05:09:54 -0500] "POST /kwsrmcab/Wsrmcab  HTTP/1.1" 200 40655
66.249.79.115 - - [03/Nov/2022:05:10:49 -0500] "-" 408 -
216.245.221.92 - - [03/Nov/2022:05:13:32 -0500] "HEAD / HTTP/1.1" 200 -
201.245.192.253 - - [03/Nov/2022:05:14:53 -0500] "POST /kwsrmcab/Wsrmcab  HTTP/1.1" 200 40655
172.22.2.4 - - [03/Nov/2022:05:13:15 -0500] "HEAD /BLA/boletinlegal/ HTTP/1.1" 200 -
172.22.2.4 - - [03/Nov/2022:05:14:05 -0500] "GET /BLA/boletinlegal/ HTTP/1.1" 200 57725
216.245.221.92 - - [03/Nov/2022:05:18:32 -0500] "HEAD / HTTP/1.1" 200 -
201.245.192.253 - - [03/Nov/2022:05:19:52 -0500] "POST /kwsrmcab/Wsrmcab  HTTP/1.1" 200 40655
172.22.2.4 - - [03/Nov/2022:05:19:05 -0500] "HEAD /BLA/boletinlegal/ HTTP/1.1" 200 -
157.55.39.195 - - [03/Nov/2022:05:20:47 -0500] "GET /BLA/resoluciones/RESOLUCIONES%202008/2147.pdf HTTP/1.1" 304 -
201.245.192.253 - - [03/Nov/2022:05:21:24 -0500] "POST /kwsrmcab/Wsrmcab HTTP/1.1" 200 40373
201.245.192.253 - - [03/Nov/2022:05:21:26 -0500] "POST /kwsrmcab/Wsrmcab HTTP/1.1" 200 44084
172.22.2.4 - - [03/Nov/2022:05:19:55 -0500] "GET /BLA/boletinlegal/ HTTP/1.1" 200 59828
114.119.141.71 - - [03/Nov/2022:05:21:59 -0500] "GET /BLA/resoluciones/RESOLUCIONES%202010/3140.pdf HTTP/1.1" 200 753773
114.119.141.53 - - [03/Nov/2022:05:23:23 -0500] "GET /BLA/resoluciones/AUTOS%202017/2522.pdf HTTP/1.1" 200 11653884
216.245.221.92 - - [03/Nov/2022:05:23:32 -0500] "HEAD / HTTP/1.1" 200 -
114.119.132.76 - - [03/Nov/2022:05:24:48 -0500] "GET /BLA/resoluciones/index.php?dir=AUTOS%2B2016/&sort=name&order=desc HTTP/1.1" 200 13278
201.245.192.253 - - [03/Nov/2022:05:24:51 -0500] "POST /kwsrmcab/Wsrmcab  HTTP/1.1" 200 40655
66.249.79.111 - - [03/Nov/2022:05:25:02 -0500] "-" 408 -
172.22.2.4 - - [03/Nov/2022:05:24:55 -0500] "HEAD /BLA/boletinlegal/ HTTP/1.1" 200 -
172.22.2.4 - - [03/Nov/2022:05:25:45 -0500] "GET /BLA/boletinlegal/ HTTP/1.1" 200 59828
216.245.221.92 - - [03/Nov/2022:05:28:32 -0500] "HEAD / HTTP/1.1" 200 -
201.245.192.253 - - [03/Nov/2022:05:29:49 -0500] "POST /kwsrmcab/Wsrmcab  HTTP/1.1" 200 40655
201.245.192.253 - - [03/Nov/2022:05:31:23 -0500] "POST /kwsrmcab/Wsrmcab HTTP/1.1" 200 40373
201.245.192.253 - - [03/Nov/2022:05:31:26 -0500] "POST /kwsrmcab/Wsrmcab HTTP/1.1" 200 44084
172.22.2.4 - - [03/Nov/2022:05:30:45 -0500] "HEAD /BLA/boletinlegal/ HTTP/1.1" 200 -
172.22.2.4 - - [03/Nov/2022:05:31:35 -0500] "GET /BLA/boletinlegal/ HTTP/1.1" 200 57725
216.245.221.92 - - [03/Nov/2022:05:33:32 -0500] "HEAD / HTTP/1.1" 200 -
201.245.192.253 - - [03/Nov/2022:05:34:48 -0500] "POST /kwsrmcab/Wsrmcab  HTTP/1.1" 200 40655
172.22.2.4 - - [03/Nov/2022:05:36:35 -0500] "HEAD /BLA/boletinlegal/ HTTP/1.1" 200 -
216.245.221.92 - - [03/Nov/2022:05:38:32 -0500] "HEAD / HTTP/1.1" 200 -
172.22.2.4 - - [03/Nov/2022:05:37:25 -0500] "GET /BLA/boletinlegal/ HTTP/1.1" 200 58163
201.245.192.253 - - [03/Nov/2022:05:39:47 -0500] "POST /kwsrmcab/Wsrmcab  HTTP/1.1" 200 40655
173.252.107.19 - - [03/Nov/2022:05:40:09 -0500] "GET /30-tinguas-azules-volvieron-a-alzar-vuelo-en-el-humedal-jaboque-en-engativa.html HTTP/1.1" 206 1102
66.220.149.7 - - [03/Nov/2022:05:41:22 -0500] "GET /images/Humedal%20SDA%2001.jpeg HTTP/1.1" 200 80229
201.245.192.253 - - [03/Nov/2022:05:41:24 -0500] "POST /kwsrmcab/Wsrmcab HTTP/1.1" 200 40373
201.245.192.253 - - [03/Nov/2022:05:41:26 -0500] "POST /kwsrmcab/Wsrmcab HTTP/1.1" 200 44084
216.245.221.92 - - [03/Nov/2022:05:43:32 -0500] "HEAD / HTTP/1.1" 200 -
193.142.146.35 - - [03/Nov/2022:05:43:43 -0500] "GET / HTTP/1.1" 200 319
193.142.146.35 - - [03/Nov/2022:05:43:44 -0500] "POST /HNAP1/ HTTP/1.1" 404 1018
172.22.2.4 - - [03/Nov/2022:05:42:25 -0500] "HEAD /BLA/boletinlegal/ HTTP/1.1" 200 -
201.245.192.253 - - [03/Nov/2022:05:44:46 -0500] "POST /kwsrmcab/Wsrmcab  HTTP/1.1" 200 40655
172.22.2.4 - - [03/Nov/2022:05:43:15 -0500] "GET /BLA/boletinlegal/ HTTP/1.1" 200 57725
173.252.79.116 - - [03/Nov/2022:05:45:24 -0500] "GET /images/mercados-campesinos-5-mayo.jpg HTTP/1.1" 200 95848
66.249.79.111 - - [03/Nov/2022:05:45:39 -0500] "-" 408 -
59.110.152.129 - - [03/Nov/2022:05:48:18 -0500] "GET /galeria/galeria/fotos/GuaymaralTorca4G.jpg HTTP/1.1" 200 373786
216.245.221.92 - - [03/Nov/2022:05:48:32 -0500] "HEAD / HTTP/1.1" 200 -
207.46.13.79 - - [03/Nov/2022:05:48:58 -0500] "GET /BLA/resoluciones/AUTOS%202022/4068.pdf HTTP/1.1" 200 351471
201.245.192.253 - - [03/Nov/2022:05:49:45 -0500] "POST /kwsrmcab/Wsrmcab  HTTP/1.1" 200 40655
172.22.2.4 - - [03/Nov/2022:05:48:15 -0500] "HEAD /BLA/boletinlegal/ HTTP/1.1" 200 -
190.248.241.140 - - [03/Nov/2022:05:50:34 -0500] "GET /cinco-humedales-cerrados-por-fuertes-lluvias.html HTTP/1.1" 200 785
172.22.2.4 - - [03/Nov/2022:05:49:05 -0500] "GET /BLA/boletinlegal/ HTTP/1.1" 200 57725
40.77.167.50 - - [03/Nov/2022:05:50:58 -0500] "GET /portaldeninos/contactanos/ HTTP/1.1" 200 88135
207.46.13.217 - - [03/Nov/2022:05:51:16 -0500] "GET /portaldeninos/wp-content/themes/betheme/js/menu.js?ver=20.9.6 HTTP/1.1" 200 2449
207.46.13.217 - - [03/Nov/2022:05:51:17 -0500] "GET /portaldeninos/wp-includes/js/jquery/ui/mouse.min.js?ver=1.11.4 HTTP/1.1" 200 3148
207.46.13.217 - - [03/Nov/2022:05:51:17 -0500] "GET /portaldeninos/wp-includes/js/jquery/ui/tabs.min.js?ver=1.11.4 HTTP/1.1" 200 12110
207.46.13.217 - - [03/Nov/2022:05:51:17 -0500] "GET /portaldeninos/wp-includes/js/jquery/ui/widget.min.js?ver=1.11.4 HTTP/1.1" 200 6908
40.77.167.69 - - [03/Nov/2022:05:51:18 -0500] "GET /portaldeninos/wp-content/themes/betheme/assets/jplayer/jplayer.min.js?ver=20.9.6 HTTP/1.1" 200 52702
40.77.167.70 - - [03/Nov/2022:05:51:19 -0500] "GET /portaldeninos/wp-content/themes/betheme/assets/animations/animations.min.js?ver=20.9.6 HTTP/1.1" 200 1896
207.46.13.209 - - [03/Nov/2022:05:51:21 -0500] "GET /portaldeninos/wp-content/plugins/gallery-videos/CSS/totalsoft.css?ver=4.9.8 HTTP/1.1" 200 40622
207.46.13.209 - - [03/Nov/2022:05:51:21 -0500] "GET /portaldeninos/wp-content/themes/betheme/assets/ui/jquery.ui.all.css?ver=20.9.6 HTTP/1.1" 200 18765
207.46.13.179 - - [03/Nov/2022:05:51:21 -0500] "GET /portaldeninos/wp-content/themes/betheme/assets/animations/animations.min.css?ver=20.9.6 HTTP/1.1" 200 58508
207.46.13.209 - - [03/Nov/2022:05:51:21 -0500] "GET /portaldeninos/wp-content/themes/betheme/css/layout.css?ver=20.9.6 HTTP/1.1" 200 116639
207.46.13.209 - - [03/Nov/2022:05:51:22 -0500] "GET /portaldeninos/wp-content/themes/betheme/js/scripts.js?ver=20.9.6 HTTP/1.1" 200 77162
207.46.13.209 - - [03/Nov/2022:05:51:22 -0500] "GET /portaldeninos/wp-content/uploads/useanyfont/uaf.css?ver=1589905315 HTTP/1.1" 200 408
207.46.13.209 - - [03/Nov/2022:05:51:23 -0500] "GET /portaldeninos/wp-includes/js/jquery/jquery.js?ver=1.12.4 HTTP/1.1" 200 97184
40.77.167.50 - - [03/Nov/2022:05:51:27 -0500] "GET /portaldeninos/wp-content/plugins/gallery-videos/CSS/Total-Soft-Gallery-Video-Widget.css?ver=4.9.8 HTTP/1.1" 200 51554
40.77.167.50 - - [03/Nov/2022:05:51:28 -0500] "GET /portaldeninos/wp-content/plugins/gallery-videos/JS/modernizr.custom.js?ver=4.9.8 HTTP/1.1" 200 9019
40.77.167.50 - - [03/Nov/2022:05:51:28 -0500] "GET /portaldeninos/wp-content/themes/betheme/assets/jplayer/css/jplayer.blue.monday.css?ver=20.9.6 HTTP/1.1" 200 9834
40.77.167.50 - - [03/Nov/2022:05:51:28 -0500] "GET /portaldeninos/wp-content/themes/betheme/css/base.css?ver=20.9.6 HTTP/1.1" 200 57283
40.77.167.50 - - [03/Nov/2022:05:51:28 -0500] "GET /portaldeninos/wp-content/themes/betheme/css/responsive.css?ver=20.9.6 HTTP/1.1" 200 55740
40.77.167.50 - - [03/Nov/2022:05:51:28 -0500] "GET /portaldeninos/wp-includes/js/jquery/jquery-migrate.min.js?ver=1.4.1 HTTP/1.1" 200 10056
40.77.167.69 - - [03/Nov/2022:05:51:33 -0500] "GET /portaldeninos/wp-content/themes/betheme/js/plugins.js?ver=20.9.6 HTTP/1.1" 200 197151
40.77.167.69 - - [03/Nov/2022:05:51:34 -0500] "GET /portaldeninos/wp-includes/js/jquery/ui/sortable.min.js?ver=1.11.4 HTTP/1.1" 200 24899
40.77.167.69 - - [03/Nov/2022:05:51:34 -0500] "GET /portaldeninos/wp-includes/js/wp-emoji-release.min.js?ver=4.9.8 HTTP/1.1" 200 12026
40.77.167.70 - - [03/Nov/2022:05:51:39 -0500] "GET /portaldeninos/wp-content/themes/betheme/css/shortcodes.css?ver=20.9.6 HTTP/1.1" 200 138889
40.77.167.70 - - [03/Nov/2022:05:51:40 -0500] "GET /portaldeninos/wp-content/themes/betheme/style.css?ver=20.9.6 HTTP/1.1" 200 287
40.77.167.70 - - [03/Nov/2022:05:51:40 -0500] "GET /portaldeninos/wp-includes/js/jquery/ui/core.min.js?ver=1.11.4 HTTP/1.1" 200 4000
207.46.13.179 - - [03/Nov/2022:05:51:43 -0500] "GET /portaldeninos/wp-includes/js/jquery/ui/accordion.min.js?ver=1.11.4 HTTP/1.1" 200 8584
207.46.13.179 - - [03/Nov/2022:05:51:44 -0500] "GET /portaldeninos/wp-includes/js/wp-embed.min.js?ver=4.9.8 HTTP/1.1" 200 1398
216.245.221.92 - - [03/Nov/2022:05:53:32 -0500] "HEAD / HTTP/1.1" 200 -
114.119.141.53 - - [03/Nov/2022:05:54:07 -0500] "GET /BLA/resoluciones/AUTOS%202009/1216.pdf HTTP/1.1" 200 123018
201.245.192.253 - - [03/Nov/2022:05:54:43 -0500] "POST /kwsrmcab/Wsrmcab  HTTP/1.1" 200 40655
190.68.153.222 - - [03/Nov/2022:05:55:13 -0500] "GET /BLA/resoluciones/RESOLUCIONES%202021/4048.pdf HTTP/1.1" 200 785153
172.22.2.4 - - [03/Nov/2022:05:54:05 -0500] "HEAD /BLA/boletinlegal/ HTTP/1.1" 200 -
40.77.167.50 - - [03/Nov/2022:05:55:46 -0500] "GET / HTTP/1.1" 200 319
172.22.2.4 - - [03/Nov/2022:05:54:55 -0500] "GET /BLA/boletinlegal/ HTTP/1.1" 200 59828
216.245.221.92 - - [03/Nov/2022:05:58:32 -0500] "HEAD / HTTP/1.1" 200 -
201.245.192.253 - - [03/Nov/2022:05:59:42 -0500] "POST /kwsrmcab/Wsrmcab  HTTP/1.1" 200 40655
172.22.2.4 - - [03/Nov/2022:05:59:55 -0500] "HEAD /BLA/boletinlegal/ HTTP/1.1" 200 -
172.22.2.4 - - [03/Nov/2022:06:00:45 -0500] "GET /BLA/boletinlegal/ HTTP/1.1" 200 59828
114.119.141.51 - - [03/Nov/2022:06:02:28 -0500] "GET /BLA/resoluciones/AUTOS%202016/1929.pdf HTTP/1.1" 200 573201
173.252.79.17 - - [03/Nov/2022:06:02:58 -0500] "GET /images/jardines-verticales-plantas-24-mayo.jpg HTTP/1.1" 200 148288
216.245.221.92 - - [03/Nov/2022:06:03:32 -0500] "HEAD / HTTP/1.1" 200 -
201.245.192.253 - - [03/Nov/2022:06:04:40 -0500] "POST /kwsrmcab/Wsrmcab  HTTP/1.1" 200 40655
172.22.2.4 - - [03/Nov/2022:06:03:48 -0500] "GET /BLA/boletinlegal/ HTTP/1.1" 200 62772
35.216.132.205 - - [03/Nov/2022:06:07:02 -0500] "\x16\x03\x01" 400 226
35.216.132.205 - - [03/Nov/2022:06:07:02 -0500] "GET / HTTP/1.1" 200 319
35.216.132.205 - - [03/Nov/2022:06:07:02 -0500] "HELP" 501 953
35.216.132.205 - - [03/Nov/2022:06:07:02 -0500] "GET / HTTP/1.1" 200 319
40.77.202.50 - - [03/Nov/2022:06:07:10 -0500] "GET /portaldeninos/wp-content/themes/betheme/fonts/mfn-icons.woff?93978679 HTTP/1.1" 200 80932
172.22.2.4 - - [03/Nov/2022:06:05:45 -0500] "HEAD /BLA/boletinlegal/ HTTP/1.1" 200 -
172.22.2.4 - - [03/Nov/2022:06:06:35 -0500] "GET /BLA/boletinlegal/ HTTP/1.1" 200 58163
172.22.2.4 - - [03/Nov/2022:06:08:15 -0500] "GET /BLA/boletinlegal/robots.txt HTTP/1.1" 404 1038
172.22.2.4 - - [03/Nov/2022:06:08:16 -0500] "GET /BLA/boletinlegal/doctrina.php HTTP/1.1" 200 5604
216.245.221.92 - - [03/Nov/2022:06:08:32 -0500] "HEAD / HTTP/1.1" 200 -
201.245.192.253 - - [03/Nov/2022:06:09:39 -0500] "POST /kwsrmcab/Wsrmcab  HTTP/1.1" 200 40655
172.22.2.4 - - [03/Nov/2022:06:11:35 -0500] "HEAD /BLA/boletinlegal/ HTTP/1.1" 200 -
216.245.221.92 - - [03/Nov/2022:06:13:32 -0500] "HEAD / HTTP/1.1" 200 -
172.22.2.4 - - [03/Nov/2022:06:12:25 -0500] "GET /BLA/boletinlegal/ HTTP/1.1" 200 59828
201.245.192.253 - - [03/Nov/2022:06:14:39 -0500] "POST /kwsrmcab/Wsrmcab  HTTP/1.1" 200 40655
216.245.221.92 - - [03/Nov/2022:06:18:32 -0500] "HEAD / HTTP/1.1" 200 -
172.22.2.4 - - [03/Nov/2022:06:17:25 -0500] "HEAD /BLA/boletinlegal/ HTTP/1.1" 200 -
201.245.192.253 - - [03/Nov/2022:06:19:38 -0500] "POST /kwsrmcab/Wsrmcab  HTTP/1.1" 200 40655
172.22.2.4 - - [03/Nov/2022:06:18:15 -0500] "GET /BLA/boletinlegal/ HTTP/1.1" 200 59319
201.245.192.253 - - [03/Nov/2022:06:21:24 -0500] "POST /kwsrmcab/Wsrmcab HTTP/1.1" 200 40391
201.245.192.253 - - [03/Nov/2022:06:21:26 -0500] "POST /kwsrmcab/Wsrmcab HTTP/1.1" 200 44121
216.245.221.92 - - [03/Nov/2022:06:23:32 -0500] "HEAD / HTTP/1.1" 200 -
185.119.81.102 - - [03/Nov/2022:06:24:10 -0500] "GET /portaldeninos/wp-login.php HTTP/1.1" 200 2592
185.119.81.102 - - [03/Nov/2022:06:24:11 -0500] "POST /portaldeninos/wp-login.php HTTP/1.1" 200 3650
128.1.248.26 - - [03/Nov/2022:06:24:35 -0500] "GET /portaldeninos/ HTTP/1.1" 200 110197
201.245.192.253 - - [03/Nov/2022:06:24:37 -0500] "POST /kwsrmcab/Wsrmcab  HTTP/1.1" 200 40655
172.22.2.4 - - [03/Nov/2022:06:23:15 -0500] "HEAD /BLA/boletinlegal/ HTTP/1.1" 200 -
157.55.39.195 - - [03/Nov/2022:06:25:14 -0500] "GET /Publicaciones/2022EE246564.pdf HTTP/1.1" 404 228
172.22.2.4 - - [03/Nov/2022:06:24:05 -0500] "GET /BLA/boletinlegal/ HTTP/1.1" 200 57725
216.245.221.92 - - [03/Nov/2022:06:28:32 -0500] "HEAD / HTTP/1.1" 200 -
201.245.192.253 - - [03/Nov/2022:06:29:37 -0500] "POST /kwsrmcab/Wsrmcab  HTTP/1.1" 200 40655
207.46.13.79 - - [03/Nov/2022:06:29:52 -0500] "GET /forest/ HTTP/1.1" 200 12041
172.22.2.4 - - [03/Nov/2022:06:30:05 -0500] "GET /BLA/boletinlegal/ab2g HTTP/1.1" 404 1018
172.22.2.4 - - [03/Nov/2022:06:30:06 -0500] "GET /BLA/boletinlegal/ab2h HTTP/1.1" 404 1018
172.22.2.4 - - [03/Nov/2022:06:29:05 -0500] "HEAD /BLA/boletinlegal/ HTTP/1.1" 200 -
172.22.2.4 - - [03/Nov/2022:06:30:14 -0500] "GET /BLA/boletinlegal/ HTTP/1.1" 200 24523
201.245.192.253 - - [03/Nov/2022:06:31:24 -0500] "POST /kwsrmcab/Wsrmcab HTTP/1.1" 200 40391
201.245.192.253 - - [03/Nov/2022:06:31:26 -0500] "GET /kwsrmcab/Wsrmcab?wsdl HTTP/1.1" 200 6948
201.245.192.253 - - [03/Nov/2022:06:31:27 -0500] "POST /kwsrmcab/Wsrmcab HTTP/1.1" 200 44121
172.22.2.4 - - [03/Nov/2022:06:29:55 -0500] "GET /BLA/boletinlegal/ HTTP/1.1" 200 50799
216.245.221.92 - - [03/Nov/2022:06:33:32 -0500] "HEAD / HTTP/1.1" 200 -
201.245.192.253 - - [03/Nov/2022:06:34:36 -0500] "POST /kwsrmcab/Wsrmcab  HTTP/1.1" 200 40655
54.229.228.173 - - [03/Nov/2022:06:34:39 -0500] "GET /galeria/nivo-slider/demo/banner.html#? HTTP/1.0" 200 5446
165.22.211.122 - - [03/Nov/2022:06:35:38 -0500] "HEAD / HTTP/1.0" 200 -
165.22.211.122 - - [03/Nov/2022:06:35:41 -0500] "GET /system_api.php HTTP/1.1" 404 1018
165.22.211.122 - - [03/Nov/2022:06:35:45 -0500] "GET /c/version.js HTTP/1.1" 404 1018
165.22.211.122 - - [03/Nov/2022:06:35:49 -0500] "GET /streaming/clients_live.php HTTP/1.1" 404 1018
165.22.211.122 - - [03/Nov/2022:06:35:54 -0500] "GET /stalker_portal/c/version.js HTTP/1.1" 404 1018
165.22.211.122 - - [03/Nov/2022:06:35:58 -0500] "GET /stream/live.php HTTP/1.1" 404 1018
165.22.211.122 - - [03/Nov/2022:06:36:02 -0500] "GET /flu/403.html HTTP/1.1" 404 1018
165.22.211.122 - - [03/Nov/2022:06:36:07 -0500] "GET / HTTP/1.1" 200 319
172.22.2.4 - - [03/Nov/2022:06:34:55 -0500] "HEAD /BLA/boletinlegal/ HTTP/1.1" 200 -
172.22.2.4 - - [03/Nov/2022:06:35:45 -0500] "GET /BLA/boletinlegal/ HTTP/1.1" 200 56014
216.245.221.92 - - [03/Nov/2022:06:38:32 -0500] "HEAD / HTTP/1.1" 200 -
201.245.192.253 - - [03/Nov/2022:06:39:35 -0500] "POST /kwsrmcab/Wsrmcab  HTTP/1.1" 200 40655
201.245.192.253 - - [03/Nov/2022:06:41:23 -0500] "POST /kwsrmcab/Wsrmcab HTTP/1.1" 200 40391
201.245.192.253 - - [03/Nov/2022:06:41:26 -0500] "POST /kwsrmcab/Wsrmcab HTTP/1.1" 200 44121
172.22.2.4 - - [03/Nov/2022:06:40:45 -0500] "HEAD /BLA/boletinlegal/ HTTP/1.1" 200 -
193.142.146.35 - - [03/Nov/2022:06:43:05 -0500] "GET / HTTP/1.1" 200 319
193.142.146.35 - - [03/Nov/2022:06:43:06 -0500] "POST /HNAP1/ HTTP/1.1" 404 1018
172.22.2.4 - - [03/Nov/2022:06:41:35 -0500] "GET /BLA/boletinlegal/ HTTP/1.1" 200 54823
216.245.221.92 - - [03/Nov/2022:06:43:32 -0500] "HEAD / HTTP/1.1" 200 -
201.245.192.253 - - [03/Nov/2022:06:44:33 -0500] "POST /kwsrmcab/Wsrmcab  HTTP/1.1" 200 40655
172.22.2.4 - - [03/Nov/2022:06:46:35 -0500] "HEAD /BLA/boletinlegal/ HTTP/1.1" 200 -
185.119.81.97 - - [03/Nov/2022:06:48:17 -0500] "GET /portaldeninos/wp-login.php HTTP/1.1" 200 2592
185.119.81.97 - - [03/Nov/2022:06:48:18 -0500] "POST /portaldeninos/wp-login.php HTTP/1.1" 200 3605
216.245.221.92 - - [03/Nov/2022:06:48:32 -0500] "HEAD / HTTP/1.1" 200 -
172.22.2.4 - - [03/Nov/2022:06:47:25 -0500] "GET /BLA/boletinlegal/ HTTP/1.1" 200 57725
201.245.192.253 - - [03/Nov/2022:06:49:33 -0500] "POST /kwsrmcab/Wsrmcab  HTTP/1.1" 200 40655
176.154.81.175 - - [03/Nov/2022:06:50:38 -0500] "GET /webdav/x32.php?host=176.154.81.175&time=6&port=80 HTTP/1.1" 404 1018
157.55.39.201 - - [03/Nov/2022:06:51:48 -0500] "GET /sipse/faces/autenticacion.xhtml HTTP/1.1" 200 12503
157.55.39.195 - - [03/Nov/2022:06:52:06 -0500] "GET /sipse/faces/javax.faces.resource/theme.css?ln=primefaces-sipse HTTP/1.1" 200 50058
157.55.39.195 - - [03/Nov/2022:06:52:07 -0500] "GET /sipse/js/disable_browser_buttons.js HTTP/1.1" 200 3230
157.55.39.201 - - [03/Nov/2022:06:52:10 -0500] "GET /sipse/css/custom_css_sg.css HTTP/1.1" 200 9694
207.46.13.79 - - [03/Nov/2022:06:52:14 -0500] "GET /sipse/css/custom_css_sg_prime_login.css HTTP/1.1" 200 443
157.55.39.69 - - [03/Nov/2022:06:52:16 -0500] "GET /sipse/js/funciones.js HTTP/1.1" 200 12592
207.46.13.79 - - [03/Nov/2022:06:52:24 -0500] "GET /sipse/faces/javax.faces.resource/jquery/jquery-plugins.js;jsessionid=Su0LV2dBlbN5d-BCHHWM3rF0.undefined?ln=primefaces&v=4.0 HTTP/1.1" 200 220526
207.46.13.79 - - [03/Nov/2022:06:52:26 -0500] "GET /sipse/faces/javax.faces.resource/jquery/jquery.js;jsessionid=Su0LV2dBlbN5d-BCHHWM3rF0.undefined?ln=primefaces&v=4.0 HTTP/1.1" 200 105384
186.102.43.200 - - [03/Nov/2022:06:53:23 -0500] "GET /kwssiamovil/sm/acme/a?s=U2FsdGVkX189gTzoSTnaawyAzuxD+pFs0hoS4icodMOrxiEW7K7wFg1gp5FvDe/bgcGxYhO7dkQ0jw1qD5j3i2ebrYx1P/na1M2yiwvzCWLnebtevSxJK/NgmvkAc70Bx49YaUgf83RVK0oOUebPucbvLwGnyIR4U2JpbI/yYVBcCesAin7bfxRO5cV+/c5yl8akVLbs9WIF0JhxaP3FPh1lKOPuH3A7PHGa6XX1ZWYi9Ljr9JwRz29OzkJbJ9EWpBrEixo16Gi4/S6BARZrXw==&u=U2FsdGVkX1+RXvA3DmlSnG0Pfmr0SgGoP5x8IQSvs91Kxa+/fGr+ZsSCmQE2nQTT&y=U2FsdGVkX1+vuDgGgCpJqw7xoRbr5NRbF9rAVQmjH1mydLnH72PlAUv6J4662/Yn HTTP/1.1" 200 26
186.102.43.200 - - [03/Nov/2022:06:53:24 -0500] "GET /kwssiamovil/sm/acme/a?s=U2FsdGVkX18bdMn+0wU+OjduEVLUA03JtzStmgSq22z0EjSUQuBAOS4k0VzC6eQH+9IaTRTOHkJBia2fFVjQXsxCS+fVuh37PWYzCR4qCOs9mCPkHq/wnNhEPbeVk2vwtfT9hAb9eSZTMUPZpN1z8175P3PG5xx3p/lyC4Kaw612dPUxXApevqxGzIGw/TwHkqnUwgUiK6M6qmXIB0wnOZcQch7w3GEcC+pn4c3eWp98X0aeqElEgG0m/c8m9A2ZOISwBlwUcERSq5PHq9pi+sbtOzW5yf3CWUzHg3ZZETOottTo04tQKue8sNHoieHjROHZ8GHm/47XGrx3pP45P8xUBx0j3TPjWQCzK9EABn0YmnQgQHqMNySFuiS9RLU/ETLpVzYhT1c9TBIpm7sdwAsZbibqa5xdSkPYiYnTLUYDNeuR7OBh09EKj0kawmnZTLeOg820jespNAxj82GRvq6ZBU9mHlSSVPbZDZTGgQxSeLQJspErsdBjr1sa2P1rFWvB5jdkDHa3pqHbeOPvIZ3EBiixWLfJgGJ6NPnvAiZLwdLlp1RA45bsqyPznNnMYpK2FI+xxv7qwTD4gIamfQNkOR//PzPZmFUlfLnqaUomBbfbmUbNLEZWDBfxkF2oe1ff1f+AnxTnIKhlON1YRUDK+pQs9MUj+LU710JTr+LsY1UyRu7Z+kOUgEdWGMylWfe3Ra82pBn+A7gJm8keN7DwwmfvNZwh5MCy9hx37ZX7EM3M19vTYjVTvAaw4vmaepO8DnSJVxsH03U+aheb+YIV/p9gKkRFLjrnDL3joGtsFlVrbOxSXTjdSh73YYtex56rGU2OxQd5HyC+fuOo9+8/1S9Km9QvO1XC2kqRnZ3Dn95WeCbj6tOYHC32IB9QzGMwZIXYrC7Cu4fwfi7zgVB0BLw+6YoSjB7ULaVWYt0QM1f4HzqRhI0S9m2w1UocFvfRw0dGsZ7s5HY5iwzzt6M/d9Unjx1YGbBgfnbfvcedRkChd4tKuMBUIYMIu2hgTH2C83+Z4qQfJTYGwqXuR5SivmTkZ5vyk1p9iklNk+7q5tRSii2uBNTipWVU++/pyGDXaZNyzbT0rp2XJmePTbd7n1SiVpOIP2pmQrcYDeRaWN/00Gm71TZHx8KBKPNGKpaxEAbfLKcORC4hfZwSmyI1mkAgyNvQhdR6cZQe4NMqyutc+50qe5dVjRzVJ5js8FD6kip/FM5XcCdWCnSXf82yqBcKCHvDnKb0ZygDox7fnW5a02HA7sBbKMGAgDMvevM/cpaHwKiWeiQ0D/3IYbe9IAjtnWMoq0VjGrmNLxemwRVz6tB8sNnvn//aJ+9lT9YPDTxtdWvXwE32ug52sw3cQQICC7pDvuwj5hWU/LkvTtOjZ5kW0xa6cwiBe9RCl7F0z+31wtTF7YbXBAHeB9RRnMOPAMrMA6b/11Yc7uOmZzYByoDr4UTOBCe3oXKG21/Yd5Whe8Mr9g0b5y3wt393aEbUudOlhuKfD58UQGG0VJHOYNOjEhwoQKsLoTWAJfdFhSvx+Wd4MHmTHXzcyEwB4tR8UK3DtcLpaL0b72SefDvpgV3mfsNMoDVvoBXee0xho/LbPzWEOOWW3MeVYyptC3iihkOED6MEzWj0IEeplFL+1LZNCg9FI/fMJDcwXj+2RtHzQ5RjwzfHlKnlZkZ8KTfzHEgV5FxiUvvi82acrm/jcdEy/821r75nFFspSJW3EF5OWMJPjDNvoqUnorD5sJRY7h5Roy3YcfS3YSWIvI2JNZ7wwt9DEIOztLAGsi+Jj7+5mSALJgoAXul0/FJCuXEJbJlgiYAB6aSvEdAGEuWkxuIbt5ajQJGPROMTJ+oKqsXxCsY73/6OFewNfrW0+jJ+RVHiibd25dTeaaKh7lOeHh+dC38VOO/vchCQVY5mP6+OxyUawmncFfVMhvbnPrV3x/oonaPq9Fzfwl8549GXUbVzAxkC+RHbGpHRmsRA3Mzz2oCZeCBj3DOYfrZ/YPitef6kbAcKwaapquo/pceBxRgiD9B+bT5+X1R7E/qRnqcrXmCDDPNWVqA7R7LN6FLZJsTLFejfStpoq+Cqo+yD3Sog3q51hAaIMUg9+sKQlG3o0QZfyT2+ARy8ydcVFQi5upTJEvvBJfNe2SB3myKT8SDXhdNQCXs1bci6VhH0z39aTq5nVcDIQQaUnFqWp3pflOPOJ2uBndloeP/oIO5Bk/yNCvOrdhqJAYFzjjMdk2NTBFVThPY2ChTxqyRhwxv9R3hbmVORTQVyICxHicBT86EJ3tVzY7MjIJgBKNdlZ9sooB9/nWTo7ZGnOSTqxeeMOMMVLHBrdKMvahmF8uZXfOQARykoedwPolKBQIiGoFEuXTb4gvDfI3Ghv4+VNGIUqJw8k4zy++9OGN0cer47lMmdgxQHYvQaG5kxDuEtCyhTgW78B17aXmIUYm7zwLamueVh09errdoQYBYCRjAyIaywS8sGDUA/NddgRqiEJMrLiIYAPSiK83wBpLEPBlYwiU/XatDiTWIHPMZBy2XnY4l87GjWLVJpIbTnMItbySie1wTJzNhY8SNfQTw0UphhI6p1bFBJ1Bl7q+OTt3pxRBlmfL3ZCdrNgvslAp4gexJtjPwAds/8YsVrNv3EAERxQogE4bO02whrcIQ=&u=U2FsdGVkX1+RXvA3DmlSnG0Pfmr0SgGoP5x8IQSvs91Kxa+/fGr+ZsSCmQE2nQTT&y=U2FsdGVkX1+vuDgGgCpJqw7xoRbr5NRbF9rAVQmjH1mydLnH72PlAUv6J4662/Yn HTTP/1.1" 200 26
186.102.43.200 - - [03/Nov/2022:06:53:24 -0500] "GET /kwssiamovil/sm/acme/a?s=U2FsdGVkX1+M5qPqCaKrbG7wYgXZoOq7GbbISYfpM5gpCoRAZ2HmO9dg+XkPpADUZ+wS3wR0QJFsGPqCmbmY3z2d2kIfXZXzEgAgVPIc5l+u0HjMG8q2czem1pQVO8aqDD1zgea+hkyYF1XVTyfOvCqPPYBEe8HUtBzMf5j8mnA=&u=U2FsdGVkX1+RXvA3DmlSnG0Pfmr0SgGoP5x8IQSvs91Kxa+/fGr+ZsSCmQE2nQTT&y=U2FsdGVkX1+vuDgGgCpJqw7xoRbr5NRbF9rAVQmjH1mydLnH72PlAUv6J4662/Yn HTTP/1.1" 200 26
186.102.43.200 - - [03/Nov/2022:06:53:24 -0500] "GET /kwssiamovil/sm/acme/a?s=U2FsdGVkX1+jIMFpyjH37s74kEhcmS4R4xZzmc7xLqiS6b8TqOs+Vwoa6919mmwpTPJTsPhjSI29aNCtcZ/l94JIJ6eRNoG6bNG4+gZV9DUxrzX5kt3+IbRC/Pb4u9Ef9eA6cSamH+yYi7SZ2u7sjw+YCK/E1Girp6GD+HBNFyU=&u=U2FsdGVkX1+RXvA3DmlSnG0Pfmr0SgGoP5x8IQSvs91Kxa+/fGr+ZsSCmQE2nQTT&y=U2FsdGVkX1+vuDgGgCpJqw7xoRbr5NRbF9rAVQmjH1mydLnH72PlAUv6J4662/Yn HTTP/1.1" 200 26
186.102.43.200 - - [03/Nov/2022:06:53:25 -0500] "GET /kwssiamovil/sm/acme/a?s=U2FsdGVkX18iQubHb7rP8dQXfix5cMi/YRDR+TyAwBPRGBoel03NRZgNHutqLiFJxw7G+Cuf86WWimDWi38X+Ykjkb7AkE1mVxCFkLHsY8Oqook2AE2vCZluW2Cd8DnyjUz5ebuuhzeS6JNKWKgEtd1DuFBK4VhXId+2v1ehw/U=&u=U2FsdGVkX1+RXvA3DmlSnG0Pfmr0SgGoP5x8IQSvs91Kxa+/fGr+ZsSCmQE2nQTT&y=U2FsdGVkX1+vuDgGgCpJqw7xoRbr5NRbF9rAVQmjH1mydLnH72PlAUv6J4662/Yn HTTP/1.1" 200 26
186.102.43.200 - - [03/Nov/2022:06:53:25 -0500] "GET /kwssiamovil/sm/acme/a?s=U2FsdGVkX1/ghQm8xtbnc2GDe4cdEze8tTWD8iqz5LJOh4E31qlyDtlDqLNTiV4vPZlzgsfF2g8gL2nNmyAo+oxXhdNzs56A+uUGfgibXY9zQ1zMUAeJPW2rpmpC8HXEb4trUgqYysm4zOkWnyPbEV4nvsMMhhj8/c2HOOfOoTwUzXPhWBRky0v6GdG4sln9KITDPwQKFV/3StIKe7UPqQ==&u=U2FsdGVkX1+RXvA3DmlSnG0Pfmr0SgGoP5x8IQSvs91Kxa+/fGr+ZsSCmQE2nQTT&y=U2FsdGVkX1+vuDgGgCpJqw7xoRbr5NRbF9rAVQmjH1mydLnH72PlAUv6J4662/Yn HTTP/1.1" 200 26
216.245.221.92 - - [03/Nov/2022:06:53:32 -0500] "HEAD / HTTP/1.1" 200 -
172.22.2.4 - - [03/Nov/2022:06:52:25 -0500] "HEAD /BLA/boletinlegal/ HTTP/1.1" 200 -
201.245.192.253 - - [03/Nov/2022:06:54:32 -0500] "POST /kwsrmcab/Wsrmcab  HTTP/1.1" 200 40655
172.22.2.4 - - [03/Nov/2022:06:53:15 -0500] "GET /BLA/boletinlegal/ HTTP/1.1" 200 48733
157.55.39.201 - - [03/Nov/2022:06:57:57 -0500] "GET /sipse/faces/autenticacion.xhtml HTTP/1.1" 200 12503
216.245.221.92 - - [03/Nov/2022:06:58:32 -0500] "HEAD / HTTP/1.1" 200 -
66.249.79.115 - - [03/Nov/2022:06:58:53 -0500] "-" 408 -
201.245.192.253 - - [03/Nov/2022:06:59:31 -0500] "POST /kwsrmcab/Wsrmcab  HTTP/1.1" 200 40655
172.22.2.4 - - [03/Nov/2022:06:58:15 -0500] "HEAD /BLA/boletinlegal/ HTTP/1.1" 200 -
176.154.81.175 - - [03/Nov/2022:06:59:58 -0500] "GET /webdav/x32.php?host=176.154.81.175&time=60&port=80 HTTP/1.1" 404 1018
172.22.2.4 - - [03/Nov/2022:06:59:05 -0500] "GET /BLA/boletinlegal/ HTTP/1.1" 200 58163
104.152.52.105 - - [03/Nov/2022:07:01:12 -0500] "GET / HTTP/1.0" 200 319
216.245.221.92 - - [03/Nov/2022:07:03:32 -0500] "HEAD / HTTP/1.1" 200 -
201.245.192.253 - - [03/Nov/2022:07:04:30 -0500] "POST /kwsrmcab/Wsrmcab  HTTP/1.1" 200 40655
157.55.39.69 - - [03/Nov/2022:07:05:04 -0500] "GET /catalogoisis/ HTTP/1.1" 200 8575
172.22.2.4 - - [03/Nov/2022:07:04:05 -0500] "HEAD /BLA/boletinlegal/ HTTP/1.1" 200 -
185.119.81.102 - - [03/Nov/2022:07:05:46 -0500] "GET /portaldeninos/wp-login.php HTTP/1.1" 200 2592
185.119.81.102 - - [03/Nov/2022:07:05:47 -0500] "POST /portaldeninos/wp-login.php HTTP/1.1" 200 3605
172.22.2.4 - - [03/Nov/2022:07:04:55 -0500] "GET /BLA/boletinlegal/ HTTP/1.1" 200 59828
186.31.147.149 - - [03/Nov/2022:07:07:19 -0500] "GET /sipse/faces/index.xhtml HTTP/1.1" 200 677
186.31.147.149 - - [03/Nov/2022:07:07:19 -0500] "GET /sipse/faces/javax.faces.resource/theme.css?ln=primefaces-sipse HTTP/1.1" 200 50058
186.31.147.149 - - [03/Nov/2022:07:07:19 -0500] "GET /sipse/faces/faces/autenticacion.xhtml HTTP/1.1" 200 12181
186.31.147.149 - - [03/Nov/2022:07:07:20 -0500] "GET /sipse/css/custom_css_sg.css HTTP/1.1" 304 -
186.31.147.149 - - [03/Nov/2022:07:07:20 -0500] "GET /sipse/css/custom_css_sg_prime_login.css HTTP/1.1" 304 -
186.31.147.149 - - [03/Nov/2022:07:07:20 -0500] "GET /sipse/faces/javax.faces.resource/layout/layout.css?ln=primefaces&v=4.0 HTTP/1.1" 304 -
186.31.147.149 - - [03/Nov/2022:07:07:20 -0500] "GET /sipse/faces/javax.faces.resource/primefaces.css?ln=primefaces&v=4.0 HTTP/1.1" 200 53295
186.31.147.149 - - [03/Nov/2022:07:07:20 -0500] "GET /sipse/js/disable_browser_buttons.js HTTP/1.1" 304 -
186.31.147.149 - - [03/Nov/2022:07:07:20 -0500] "GET /sipse/js/funciones.js HTTP/1.1" 304 -
186.31.147.149 - - [03/Nov/2022:07:07:20 -0500] "GET /sipse/faces/javax.faces.resource/jquery/jquery.js?ln=primefaces&v=4.0 HTTP/1.1" 200 105384
186.31.147.149 - - [03/Nov/2022:07:07:20 -0500] "GET /sipse/faces/javax.faces.resource/jquery/jquery-plugins.js?ln=primefaces&v=4.0 HTTP/1.1" 200 220526
186.31.147.149 - - [03/Nov/2022:07:07:20 -0500] "GET /sipse/faces/javax.faces.resource/layout/layout.js?ln=primefaces&v=4.0 HTTP/1.1" 200 87560
186.31.147.149 - - [03/Nov/2022:07:07:20 -0500] "GET /sipse/faces/javax.faces.resource/primefaces.js?ln=primefaces&v=4.0 HTTP/1.1" 200 276924
186.31.147.149 - - [03/Nov/2022:07:07:21 -0500] "GET /sipse/faces/javax.faces.resource/images/ui-icons_898989_256x240.png?ln=primefaces-aristo HTTP/1.1" 304 -
186.31.147.149 - - [03/Nov/2022:07:07:21 -0500] "GET /sipse/css/imagen/logoSDG.png HTTP/1.1" 200 53064
186.31.147.149 - - [03/Nov/2022:07:07:21 -0500] "GET /sipse/css/imagen/loginimg.png HTTP/1.1" 200 71635
186.31.147.149 - - [03/Nov/2022:07:07:24 -0500] "POST /sipse/faces/autenticacion.xhtml HTTP/1.1" 200 2224
186.31.147.149 - - [03/Nov/2022:07:07:24 -0500] "GET /sipse/faces/javax.faces.resource/messages/messages.png?ln=primefaces&v=4.0 HTTP/1.1" 200 27209
186.31.147.149 - - [03/Nov/2022:07:07:25 -0500] "POST /sipse/faces/autenticacion.xhtml HTTP/1.1" 200 16257
186.31.147.149 - - [03/Nov/2022:07:07:25 -0500] "GET /sipse/faces/javax.faces.resource/theme.css?ln=primefaces-sipse HTTP/1.1" 304 -
186.31.147.149 - - [03/Nov/2022:07:07:25 -0500] "GET /sipse/faces/javax.faces.resource/layout/layout.css?ln=primefaces&v=4.0 HTTP/1.1" 304 -
186.31.147.149 - - [03/Nov/2022:07:07:25 -0500] "GET /sipse/css/custom_css_sg_prime.css HTTP/1.1" 304 -
186.31.147.149 - - [03/Nov/2022:07:07:25 -0500] "GET /sipse/faces/javax.faces.resource/primefaces.css?ln=primefaces&v=4.0 HTTP/1.1" 304 -
186.31.147.149 - - [03/Nov/2022:07:07:25 -0500] "GET /sipse/js/jquery.min.js HTTP/1.1" 200 85582
186.31.147.149 - - [03/Nov/2022:07:07:26 -0500] "GET /sipse/faces/javax.faces.resource/jquery/jquery.js?ln=primefaces&v=4.0 HTTP/1.1" 304 -
186.31.147.149 - - [03/Nov/2022:07:07:26 -0500] "GET /sipse/faces/javax.faces.resource/jquery/jquery-plugins.js?ln=primefaces&v=4.0 HTTP/1.1" 304 -
186.31.147.149 - - [03/Nov/2022:07:07:26 -0500] "GET /sipse/faces/javax.faces.resource/primefaces.js?ln=primefaces&v=4.0 HTTP/1.1" 304 -
186.31.147.149 - - [03/Nov/2022:07:07:26 -0500] "GET /sipse/faces/javax.faces.resource/layout/layout.js?ln=primefaces&v=4.0 HTTP/1.1" 304 -
186.31.147.149 - - [03/Nov/2022:07:07:26 -0500] "GET /sipse/css/imagen/contrasena.png HTTP/1.1" 404 383
186.31.147.149 - - [03/Nov/2022:07:07:26 -0500] "GET /sipse/imagenes/cargando.gif HTTP/1.1" 200 36959
186.31.147.149 - - [03/Nov/2022:07:07:26 -0500] "GET /sipse/imagenes/logoAplicacion.jpg HTTP/1.1" 200 155084
186.31.147.149 - - [03/Nov/2022:07:07:29 -0500] "GET /sipse/faces/javax.faces.resource/images/ui-bg_flat_0_2d5972_40x100.png?ln=primefaces-aristo HTTP/1.1" 304 -
186.31.147.149 - - [03/Nov/2022:07:07:29 -0500] "POST /sipse/faces/bienvenido.xhtml HTTP/1.1" 200 2658
186.31.147.149 - - [03/Nov/2022:07:07:31 -0500] "POST /sipse/faces/bienvenido.xhtml HTTP/1.1" 200 66480
186.31.147.149 - - [03/Nov/2022:07:07:33 -0500] "GET /sipse/faces/javax.faces.resource/theme.css?ln=primefaces-sipse HTTP/1.1" 304 -
186.31.147.149 - - [03/Nov/2022:07:07:33 -0500] "GET /sipse/faces/javax.faces.resource/primefaces.css?ln=primefaces&v=4.0 HTTP/1.1" 304 -
186.31.147.149 - - [03/Nov/2022:07:07:33 -0500] "GET /sipse/faces/javax.faces.resource/layout/layout.css?ln=primefaces&v=4.0 HTTP/1.1" 304 -
186.31.147.149 - - [03/Nov/2022:07:07:33 -0500] "GET /sipse/faces/javax.faces.resource/jquery/jquery.js?ln=primefaces&v=4.0 HTTP/1.1" 304 -
186.31.147.149 - - [03/Nov/2022:07:07:33 -0500] "GET /sipse/faces/javax.faces.resource/jquery/jquery-plugins.js?ln=primefaces&v=4.0 HTTP/1.1" 304 -
186.31.147.149 - - [03/Nov/2022:07:07:33 -0500] "GET /sipse/faces/javax.faces.resource/primefaces.js?ln=primefaces&v=4.0 HTTP/1.1" 304 -
186.31.147.149 - - [03/Nov/2022:07:07:33 -0500] "GET /sipse/faces/javax.faces.resource/layout/layout.js?ln=primefaces&v=4.0 HTTP/1.1" 304 -
186.31.147.149 - - [03/Nov/2022:07:07:33 -0500] "POST /sipse/faces/presentacion/financiero/solicitudProceso/listarSolicitudProceso.xhtml HTTP/1.1" 200 1560
186.31.147.149 - - [03/Nov/2022:07:07:39 -0500] "POST /sipse/faces/presentacion/financiero/solicitudProceso/listarSolicitudProceso.xhtml HTTP/1.1" 200 43178
186.31.147.149 - - [03/Nov/2022:07:07:39 -0500] "POST /sipse/faces/presentacion/financiero/solicitudProceso/listarSolicitudProceso.xhtml HTTP/1.1" 200 15235
186.31.147.149 - - [03/Nov/2022:07:07:41 -0500] "POST /sipse/faces/presentacion/financiero/solicitudProceso/listarSolicitudProceso.xhtml HTTP/1.1" 200 43178
186.31.147.149 - - [03/Nov/2022:07:07:47 -0500] "POST /sipse/faces/presentacion/financiero/solicitudProceso/listarSolicitudProceso.xhtml HTTP/1.1" 200 43099
186.31.147.149 - - [03/Nov/2022:07:07:48 -0500] "POST /sipse/faces/presentacion/financiero/solicitudProceso/listarSolicitudProceso.xhtml HTTP/1.1" 200 34075
186.31.147.149 - - [03/Nov/2022:07:07:50 -0500] "POST /sipse/faces/presentacion/financiero/solicitudProceso/listarSolicitudProceso.xhtml HTTP/1.1" 200 15550
186.31.147.149 - - [03/Nov/2022:07:07:53 -0500] "POST /sipse/faces/presentacion/financiero/solicitudProceso/listarSolicitudProceso.xhtml HTTP/1.1" 200 34075
40.77.189.206 - - [03/Nov/2022:07:08:00 -0500] "GET /sipse/faces/javax.faces.resource/layout/layout.css;jsessionid=Su0LV2dBlbN5d-BCHHWM3rF0.undefined?ln=primefaces&v=4.0 HTTP/1.1" 200 542
40.77.189.206 - - [03/Nov/2022:07:08:00 -0500] "GET /sipse/faces/javax.faces.resource/primefaces.css;jsessionid=Su0LV2dBlbN5d-BCHHWM3rF0.undefined?ln=primefaces&v=4.0 HTTP/1.1" 200 53295
40.77.189.206 - - [03/Nov/2022:07:08:00 -0500] "GET /sipse/faces/javax.faces.resource/layout/layout.js;jsessionid=Su0LV2dBlbN5d-BCHHWM3rF0.undefined?ln=primefaces&v=4.0 HTTP/1.1" 200 87560
40.77.189.206 - - [03/Nov/2022:07:08:00 -0500] "GET /sipse/faces/javax.faces.resource/primefaces.js;jsessionid=Su0LV2dBlbN5d-BCHHWM3rF0.undefined?ln=primefaces&v=4.0 HTTP/1.1" 200 276924
40.77.189.206 - - [03/Nov/2022:07:08:02 -0500] "GET /sipse/faces/index.xhtml HTTP/1.1" 200 677
40.77.189.206 - - [03/Nov/2022:07:08:02 -0500] "GET /sipse/faces/faces/autenticacion.xhtml HTTP/1.1" 200 12181
40.77.189.206 - - [03/Nov/2022:07:08:02 -0500] "GET /sipse/faces/javax.faces.resource/theme.css?ln=primefaces-sipse HTTP/1.1" 304 -
40.77.189.206 - - [03/Nov/2022:07:08:02 -0500] "GET /sipse/faces/javax.faces.resource/layout/layout.css?ln=primefaces&v=4.0 HTTP/1.1" 200 542
40.77.189.206 - - [03/Nov/2022:07:08:02 -0500] "GET /sipse/faces/javax.faces.resource/primefaces.css?ln=primefaces&v=4.0 HTTP/1.1" 200 53295
40.77.189.206 - - [03/Nov/2022:07:08:02 -0500] "GET /sipse/faces/javax.faces.resource/jquery/jquery.js?ln=primefaces&v=4.0 HTTP/1.1" 200 105384
40.77.189.206 - - [03/Nov/2022:07:08:03 -0500] "GET /sipse/faces/javax.faces.resource/layout/layout.js?ln=primefaces&v=4.0 HTTP/1.1" 200 87560
40.77.189.206 - - [03/Nov/2022:07:08:03 -0500] "GET /sipse/faces/javax.faces.resource/jquery/jquery-plugins.js?ln=primefaces&v=4.0 HTTP/1.1" 200 220526
40.77.189.206 - - [03/Nov/2022:07:08:03 -0500] "GET /sipse/faces/javax.faces.resource/primefaces.js?ln=primefaces&v=4.0 HTTP/1.1" 200 276924
40.77.189.206 - - [03/Nov/2022:07:08:04 -0500] "GET /sipse/faces/javax.faces.resource/images/ui-icons_898989_256x240.png?ln=primefaces-aristo HTTP/1.1" 200 5355
172.22.2.4 - - [03/Nov/2022:07:08:19 -0500] "GET /BLA/boletinlegal/robots.txt HTTP/1.1" 404 1118
216.245.221.92 - - [03/Nov/2022:07:08:32 -0500] "HEAD / HTTP/1.1" 200 -
201.245.192.253 - - [03/Nov/2022:07:09:29 -0500] "POST /kwsrmcab/Wsrmcab  HTTP/1.1" 200 40655
191.156.73.90 - - [03/Nov/2022:07:09:53 -0500] "GET /cinco-humedales-cerrados-por-fuertes-lluvias.html HTTP/1.1" 200 785
172.22.2.4 - - [03/Nov/2022:07:08:24 -0500] "GET /BLA/boletinlegal/ HTTP/1.1" 200 57291
172.22.2.4 - - [03/Nov/2022:07:09:55 -0500] "HEAD /BLA/boletinlegal/ HTTP/1.1" 200 -
172.22.2.4 - - [03/Nov/2022:07:10:45 -0500] "GET /BLA/boletinlegal/ HTTP/1.1" 200 57375
172.22.2.4 - - [03/Nov/2022:07:12:27 -0500] "GET /BLA/boletinlegal/ HTTP/1.1" 200 32715
216.245.221.92 - - [03/Nov/2022:07:13:32 -0500] "HEAD / HTTP/1.1" 200 -
201.245.192.253 - - [03/Nov/2022:07:14:28 -0500] "POST /kwsrmcab/Wsrmcab  HTTP/1.1" 200 40655
172.22.2.4 - - [03/Nov/2022:07:15:45 -0500] "HEAD /BLA/boletinlegal/ HTTP/1.1" 200 -
172.22.2.4 - - [03/Nov/2022:07:16:35 -0500] "GET /BLA/boletinlegal/ HTTP/1.1" 200 57725
216.245.221.92 - - [03/Nov/2022:07:18:32 -0500] "HEAD / HTTP/1.1" 200 -
185.189.182.234 - - [03/Nov/2022:07:19:12 -0500] "GET / HTTP/1.1" 400 946
201.245.192.253 - - [03/Nov/2022:07:19:27 -0500] "POST /kwsrmcab/Wsrmcab  HTTP/1.1" 200 40655
186.102.53.5 - - [03/Nov/2022:07:21:12 -0500] "GET /kwssiamovil/sm/ldap/au?x=U2FsdGVkX1/YsVaT3DCGFkQLvR1IQ6kxG2NY3o8js9/FHIv1c3OKdAaIlXTL3r9z&y=U2FsdGVkX1+edQ9bS+WWUNt0wfn6ulEJEf/7mEsTd5kQnuwMola8V8Bn7oOJu7j1 HTTP/1.1" 200 30
186.102.53.5 - - [03/Nov/2022:07:21:12 -0500] "GET /kwssiamovil/sm/acme/s?s=U2FsdGVkX1/SIhswfhT/P0NBgRPXrwrfhlgrdotbp5i4mmXBe0qKbH/9mm+JsALMQ/dxzuZ2+X3zDU/3Isqmfx3mIPC7yv4BiNwYmaABbyw=&u=U2FsdGVkX18YfKHN2pXfrdiPCoas4nFZpUMhD5m8+Rw=&y=U2FsdGVkX1+edQ9bS+WWUNt0wfn6ulEJEf/7mEsTd5kQnuwMola8V8Bn7oOJu7j1 HTTP/1.1" 200 97
186.102.53.5 - - [03/Nov/2022:07:21:12 -0500] "GET /kwssiamovil/sm/acme/s?s=U2FsdGVkX19WwDk8qGtxmvlVJu/TCCY1qzbdQrJlTEMOa2Vm88s8qMynk7F2Taogrm2a2nYHe1J7Nj8TmE+cwjhnq+EJBtaAPJmcLAiJ+dAxJ04cqnKyX2tfDBkp0R5EoKKlq77rZyDAtNKnxXQckIUAblWnj9FoWvp4ymm+iozhiuh1F4pbVEgUwPhGx4f/AzG9UQ55skmH+fBLkbZ7w1km51pI2DOXWtj7pcUo3o15vU2tF0q4f3DMjMReGNVRc6GFhNrT+ZWUg4IMQLW4XsiKX9XJ9elAYZ7tOXmkJTSPtYhPhUchDARIZOUlgjlkUe6TrRpWOTFoum9OIR7rmd/HSJZlU99GYDK0hEkURgs8bYbMR3h7i588e9Dh5JEo+ZlCN2kYG3RthDvdT6vwoKoLb/XvPB2ISgD/+MghRvT/iGZ5LOoh15ZR3Nw45zPi3avlBOq9yr6RM8zK+wCyn8wonPrSU9ERMERU/yD/DGCR5CaO6xhsGdxmJ46dDuAej60n4HxKW07bnPxEgYenKpCV5lHJrPiZJM7z+8ndI9UOPFS31KPiChk4qECV1FviNH8MueM87rkWMsiLC/IPPWymlsNBylSX/nVWb3bxnWx6ofvQ7m5hN8/mP7zXCn/JILo/GjKAjc3fD6G/ARjluaTNgwhDNilsVIW9ZbyClTEhIa/ZD3EVsejT4DmX3r47/1eviXWEid+0OPf8mSmXa2OYDjz4VXYarWlLlJAoJUUi/f3lmSVAPoTAIM2WAbPnZwG9ZfQKtt5+U2jPsqKE0fvNmbJXH9NVejCf8m3bnPabfIC+/gQVt+r4Rf4LWVoJ5uDUmpk/4Oo/Rma4hE/35w/PMV/VWH2AnfyNMxizHYXYTZsZ/Lla2g0oj3mExczbqygaymBS7Gq8aIJD+sWB6vQBX+fdgDKv4DgpPuGDBuhx4JvLQQCOY3yWJ15fD0c5QGC4qApnx3in6UQxpDsOJYYi6TTB2a99c0cLAaLOA6e0KnIkhvfMcCPTRW2NIRk6Yl0OslGWZA4TDXt6BLSXl1Hqr0LDSYambt9z80ItqYnG2tkE/3wDi7PXpJ7ASy2YxBe9+f8x6c6ZfOmwab5cSVeZlHpVXn65yqVE4Ab3rSGwTdUOrVhbGLyHy0izWnr8POc3GaZquHTzDs3wpEYPZTaqo+hu9ugNvZyhJj699TpxqgUFVjP/3J9Kd7XTBAtT6hIWp3pHrdn28aLvwl+wSf5WY5x5SqO7WVHhlo0XKT+6z+ex4ZMiV8emnovpYitPzPa3cwUn1sctJPebgHspsVehe8J6BE4RN8stLi/CAoxGEnWJrwmyEtkr9icwrD5AkRZir/IeCIHCPRGwwtD7x9bgz09UczbRjQXddW+lrpuVsJU75grHV6qBx9Ah8j799PCmUL5EFk6XRLMnNqBWlcQIfmhn/X5ER44uRZb+V+8=&u=U2FsdGVkX18YfKHN2pXfrdiPCoas4nFZpUMhD5m8+Rw=&y=U2FsdGVkX1+edQ9bS+WWUNt0wfn6ulEJEf/7mEsTd5kQnuwMola8V8Bn7oOJu7j1 HTTP/1.1" 200 3066
186.102.53.5 - - [03/Nov/2022:07:21:12 -0500] "GET /kwssiamovil/sm/acme/s?s=U2FsdGVkX1/77+wSCzupeX5DaivBQHSMWXIhTyW3ShKuZm3/pqyKKUz1iWy6WHHBnRQYILQEsTxlVeE4rWGrarTbCD5XG47PSOzJ5AvEUc1yiJl5QZX3s6sCfW7gq0ZH4hKN1bEoOZ4lLo2+NRNSkAJzXZrQ6ZxzwqFtmyiAQgi+VhwRJjwxMde+zj9hm+Fs4GxThg87GuKoy1SAqDUlA6ThOPbGcpPhS+nX5NeU8gCAZV4/Q9+Oms9RMu2xiuihKkSdAj7uYUy8gol2rRSjaLS8asnwKRE4seMaUvbPfGDHuzepa2+3562ZuZuMYfNr3E4taZBwYpLiLtbKwcYAmA==&u=U2FsdGVkX18YfKHN2pXfrdiPCoas4nFZpUMhD5m8+Rw=&y=U2FsdGVkX1+edQ9bS+WWUNt0wfn6ulEJEf/7mEsTd5kQnuwMola8V8Bn7oOJu7j1 HTTP/1.1" 200 196
186.102.53.5 - - [03/Nov/2022:07:21:12 -0500] "GET /kwssiamovil/sm/cjson/pre?f=1&x=U2FsdGVkX1/YsVaT3DCGFkQLvR1IQ6kxG2NY3o8js9/FHIv1c3OKdAaIlXTL3r9z HTTP/1.1" 200 30992
201.245.192.253 - - [03/Nov/2022:07:21:23 -0500] "POST /kwsrmcab/Wsrmcab HTTP/1.1" 200 40392
201.245.192.253 - - [03/Nov/2022:07:21:26 -0500] "POST /kwsrmcab/Wsrmcab HTTP/1.1" 200 44111
172.22.2.4 - - [03/Nov/2022:07:21:35 -0500] "HEAD /BLA/boletinlegal/ HTTP/1.1" 200 -
216.245.221.92 - - [03/Nov/2022:07:23:32 -0500] "HEAD / HTTP/1.1" 200 -
172.22.2.4 - - [03/Nov/2022:07:22:25 -0500] "GET /BLA/boletinlegal/ HTTP/1.1" 200 59828
201.245.192.253 - - [03/Nov/2022:07:24:26 -0500] "POST /kwsrmcab/Wsrmcab  HTTP/1.1" 200 40655
207.46.13.18 - - [03/Nov/2022:07:24:54 -0500] "GET /sipse/faces/faces/autenticacion.xhtml HTTP/1.1" 200 12503
216.245.221.92 - - [03/Nov/2022:07:28:32 -0500] "HEAD / HTTP/1.1" 200 -
172.22.2.4 - - [03/Nov/2022:07:27:25 -0500] "HEAD /BLA/boletinlegal/ HTTP/1.1" 200 -
101.200.154.185 - - [03/Nov/2022:07:29:17 -0500] "GET /galeria/galeria/fotos/Huemdal-el-Tunjo4P.jpg HTTP/1.1" 200 18710
201.245.192.253 - - [03/Nov/2022:07:29:25 -0500] "POST /kwsrmcab/Wsrmcab  HTTP/1.1" 200 40655
181.48.188.99 - - [03/Nov/2022:07:29:41 -0500] "GET /portaldeninos/ HTTP/1.1" 200 110197
181.48.188.99 - - [03/Nov/2022:07:29:43 -0500] "GET /portaldeninos/wp-content/plugins/gallery-videos/CSS/Total-Soft-Gallery-Video-Widget.css?ver=4.9.8 HTTP/1.1" 200 51554
181.48.188.99 - - [03/Nov/2022:07:29:43 -0500] "GET /portaldeninos/wp-content/themes/betheme/css/shortcodes.css?ver=20.9.6 HTTP/1.1" 200 138889
181.48.188.99 - - [03/Nov/2022:07:29:43 -0500] "GET /portaldeninos/wp-content/themes/betheme/assets/animations/animations.min.css?ver=20.9.6 HTTP/1.1" 200 58508
181.48.188.99 - - [03/Nov/2022:07:29:43 -0500] "GET /portaldeninos/wp-content/themes/betheme/assets/ui/jquery.ui.all.css?ver=20.9.6 HTTP/1.1" 200 18765
181.48.188.99 - - [03/Nov/2022:07:29:43 -0500] "GET /portaldeninos/wp-content/themes/betheme/assets/jplayer/css/jplayer.blue.monday.css?ver=20.9.6 HTTP/1.1" 200 9834
181.48.188.99 - - [03/Nov/2022:07:29:43 -0500] "GET /portaldeninos/wp-content/themes/betheme/css/layout.css?ver=20.9.6 HTTP/1.1" 200 116639
181.48.188.99 - - [03/Nov/2022:07:29:43 -0500] "GET /portaldeninos/wp-content/themes/betheme/css/responsive.css?ver=20.9.6 HTTP/1.1" 200 55740
181.48.188.99 - - [03/Nov/2022:07:29:43 -0500] "GET /portaldeninos/wp-content/uploads/useanyfont/uaf.css?ver=1589905315 HTTP/1.1" 200 408
181.48.188.99 - - [03/Nov/2022:07:29:43 -0500] "GET /portaldeninos/wp-content/plugins/popup-maker/assets/css/site.min.css?ver=1.8.14 HTTP/1.1" 200 8260
181.48.188.99 - - [03/Nov/2022:07:29:43 -0500] "GET /portaldeninos/wp-content/plugins/gallery-videos/CSS/totalsoft.css?ver=4.9.8 HTTP/1.1" 200 40622
181.48.188.99 - - [03/Nov/2022:07:29:43 -0500] "GET /portaldeninos/wp-content/themes/betheme/css/base.css?ver=20.9.6 HTTP/1.1" 200 57283
181.48.188.99 - - [03/Nov/2022:07:29:43 -0500] "GET /portaldeninos/wp-content/themes/betheme/style.css?ver=20.9.6 HTTP/1.1" 200 287
181.48.188.99 - - [03/Nov/2022:07:29:43 -0500] "GET /portaldeninos/wp-content/plugins/google-analytics-for-wordpress/assets/js/frontend-gtag.min.js?ver=8.5.0 HTTP/1.1" 200 11801
181.48.188.99 - - [03/Nov/2022:07:29:43 -0500] "GET /portaldeninos/wp-includes/js/jquery/jquery.js?ver=1.12.4 HTTP/1.1" 200 97184
181.48.188.99 - - [03/Nov/2022:07:29:43 -0500] "GET /portaldeninos/wp-includes/js/jquery/ui/core.min.js?ver=1.11.4 HTTP/1.1" 200 4000
181.48.188.99 - - [03/Nov/2022:07:29:43 -0500] "GET /portaldeninos/wp-includes/js/jquery/jquery-migrate.min.js?ver=1.4.1 HTTP/1.1" 200 10056
181.48.188.99 - - [03/Nov/2022:07:29:44 -0500] "GET /portaldeninos/wp-content/plugins/gallery-videos/JS/modernizr.custom.js?ver=4.9.8 HTTP/1.1" 200 9019
181.48.188.99 - - [03/Nov/2022:07:29:44 -0500] "GET /portaldeninos/wp-content/plugins/gallery-videos/JS/Total-Soft-Gallery-Video-Widget.js?ver=4.9.8 HTTP/1.1" 200 80264
181.48.188.99 - - [03/Nov/2022:07:29:44 -0500] "GET /portaldeninos/wp-includes/js/jquery/ui/tabs.min.js?ver=1.11.4 HTTP/1.1" 200 12110
181.48.188.99 - - [03/Nov/2022:07:29:44 -0500] "GET /portaldeninos/wp-content/themes/betheme/js/menu.js?ver=20.9.6 HTTP/1.1" 200 2449
181.48.188.99 - - [03/Nov/2022:07:29:44 -0500] "GET /portaldeninos/wp-includes/js/jquery/ui/widget.min.js?ver=1.11.4 HTTP/1.1" 200 6908
181.48.188.99 - - [03/Nov/2022:07:29:44 -0500] "GET /portaldeninos/wp-includes/js/jquery/ui/mouse.min.js?ver=1.11.4 HTTP/1.1" 200 3148
181.48.188.99 - - [03/Nov/2022:07:29:44 -0500] "GET /portaldeninos/wp-includes/js/jquery/ui/accordion.min.js?ver=1.11.4 HTTP/1.1" 200 8584
181.48.188.99 - - [03/Nov/2022:07:29:44 -0500] "GET /portaldeninos/wp-includes/js/jquery/ui/sortable.min.js?ver=1.11.4 HTTP/1.1" 200 24899
181.48.188.99 - - [03/Nov/2022:07:29:44 -0500] "GET /portaldeninos/wp-content/themes/betheme/assets/animations/animations.min.js?ver=20.9.6 HTTP/1.1" 200 1896
181.48.188.99 - - [03/Nov/2022:07:29:44 -0500] "GET /portaldeninos/wp-content/themes/betheme/assets/jplayer/jplayer.min.js?ver=20.9.6 HTTP/1.1" 200 52702
181.48.188.99 - - [03/Nov/2022:07:29:44 -0500] "GET /portaldeninos/wp-includes/js/jquery/ui/position.min.js?ver=1.11.4 HTTP/1.1" 200 6527
181.48.188.99 - - [03/Nov/2022:07:29:44 -0500] "GET /portaldeninos/wp-content/plugins/popup-maker/assets/js/site.min.js?defer&ver=1.8.14 HTTP/1.1" 200 48457
181.48.188.99 - - [03/Nov/2022:07:29:44 -0500] "GET /portaldeninos/wp-content/themes/betheme/js/plugins.js?ver=20.9.6 HTTP/1.1" 200 197151
181.48.188.99 - - [03/Nov/2022:07:29:44 -0500] "GET /portaldeninos/wp-content/themes/betheme/js/scripts.js?ver=20.9.6 HTTP/1.1" 200 77162
181.48.188.99 - - [03/Nov/2022:07:29:45 -0500] "GET /portaldeninos/wp-includes/js/wp-embed.min.js?ver=4.9.8 HTTP/1.1" 200 1398
181.48.188.99 - - [03/Nov/2022:07:29:45 -0500] "GET /portaldeninos/wp-content/uploads/2021/06/titulo-cabezote-ni%C3%B1os.png HTTP/1.1" 200 64425
181.48.188.99 - - [03/Nov/2022:07:29:45 -0500] "GET /portaldeninos/wp-includes/js/wp-emoji-release.min.js?ver=4.9.8 HTTP/1.1" 200 12026
181.48.188.99 - - [03/Nov/2022:07:29:45 -0500] "GET /portaldeninos/wp-content/themes/betheme/fonts/mfn-icons.woff?93978679 HTTP/1.1" 200 80932
181.48.188.99 - - [03/Nov/2022:07:29:45 -0500] "GET /portaldeninos/wp-content/uploads/2021/06/titulo-miambiente-ni%C3%B1os.png HTTP/1.1" 200 11944
181.48.188.99 - - [03/Nov/2022:07:29:45 -0500] "GET /portaldeninos/wp-content/uploads/2019/08/Logo-Ambientic.png HTTP/1.1" 200 22941
181.48.188.99 - - [03/Nov/2022:07:29:45 -0500] "GET /portaldeninos/wp-content/uploads/2021/06/titulo-videos-ni%C3%B1os.png HTTP/1.1" 200 10502
181.48.188.99 - - [03/Nov/2022:07:29:45 -0500] "GET /portaldeninos/wp-content/uploads/2018/11/caneca.jpg HTTP/1.1" 200 262661
181.48.188.99 - - [03/Nov/2022:07:29:45 -0500] "GET /portaldeninos/wp-content/uploads/2021/06/titulo-humedales-ni%C3%B1os.png HTTP/1.1" 200 13361
181.48.188.99 - - [03/Nov/2022:07:29:45 -0500] "GET /portaldeninos/wp-content/uploads/2020/01/Tierra-escenario.jpg HTTP/1.1" 200 181491
181.48.188.99 - - [03/Nov/2022:07:29:45 -0500] "GET /portaldeninos/wp-content/uploads/2020/05/fb.jpg HTTP/1.1" 200 9893
181.48.188.99 - - [03/Nov/2022:07:29:45 -0500] "GET /portaldeninos/wp-content/uploads/2018/11/tigrillo.jpg HTTP/1.1" 200 402961
181.48.188.99 - - [03/Nov/2022:07:29:46 -0500] "GET /portaldeninos/wp-content/uploads/2020/05/ig.jpg HTTP/1.1" 200 11470
181.48.188.99 - - [03/Nov/2022:07:29:45 -0500] "GET /portaldeninos/wp-content/uploads/2020/01/Frailejon-escenario.jpg HTTP/1.1" 200 357472
181.48.188.99 - - [03/Nov/2022:07:29:45 -0500] "GET /portaldeninos/wp-content/uploads/2018/10/oso.jpg HTTP/1.1" 200 305180
