172.22.2.4 - - [04/Nov/2022:05:09:09 -0500] "GET /BLA/boletinlegal/index.php/js/jquery.js HTTP/1.1" 200 53640
201.245.192.253 - - [04/Nov/2022:05:12:13 -0500] "POST /kwsrmcab/Wsrmcab  HTTP/1.1" 200 40655
66.249.66.85 - - [04/Nov/2022:05:13:19 -0500] "-" 408 -
216.245.221.92 - - [04/Nov/2022:05:13:28 -0500] "HEAD / HTTP/1.1" 200 -
185.119.81.102 - - [04/Nov/2022:05:13:46 -0500] "GET /portaldeninos/wp-login.php HTTP/1.1" 200 2592
185.119.81.102 - - [04/Nov/2022:05:13:47 -0500] "POST /portaldeninos/wp-login.php HTTP/1.1" 200 3605
172.22.2.4 - - [04/Nov/2022:05:14:02 -0500] "HEAD /BLA/boletinlegal/ HTTP/1.1" 200 -
172.22.2.4 - - [04/Nov/2022:05:14:53 -0500] "GET /BLA/boletinlegal/ HTTP/1.1" 200 57725
77.88.5.83 - - [04/Nov/2022:05:17:03 -0500] "-" 408 -
201.245.192.253 - - [04/Nov/2022:05:17:12 -0500] "POST /kwsrmcab/Wsrmcab  HTTP/1.1" 200 40655
172.22.2.4 - - [04/Nov/2022:05:18:26 -0500] "GET /BLA/boletinlegal/actos.php HTTP/1.1" 200 9566
172.22.2.4 - - [04/Nov/2022:05:18:27 -0500] "GET /BLA/boletinlegal/styles2.css HTTP/1.1" 200 1838
172.22.2.4 - - [04/Nov/2022:05:18:27 -0500] "GET /BLA/boletinlegal/js/ajax_actos.js HTTP/1.1" 200 1322
172.22.2.4 - - [04/Nov/2022:05:18:27 -0500] "GET /BLA/boletinlegal/niceforms.js HTTP/1.1" 200 22876
172.22.2.4 - - [04/Nov/2022:05:18:27 -0500] "GET /BLA/boletinlegal/niceforms-default.css HTTP/1.1" 200 6694
172.22.2.4 - - [04/Nov/2022:05:18:27 -0500] "GET /BLA/boletinlegal/style.css HTTP/1.1" 200 9406
172.22.2.4 - - [04/Nov/2022:05:18:27 -0500] "GET /BLA/boletinlegal/js/lib.js HTTP/1.1" 200 6474
172.22.2.4 - - [04/Nov/2022:05:18:27 -0500] "GET /BLA/boletinlegal/js/popup.js HTTP/1.1" 200 1270
172.22.2.4 - - [04/Nov/2022:05:18:27 -0500] "GET /BLA/boletinlegal/js/jquery1.js HTTP/1.1" 200 29846
216.245.221.92 - - [04/Nov/2022:05:18:28 -0500] "HEAD / HTTP/1.1" 200 -
172.22.2.4 - - [04/Nov/2022:05:18:30 -0500] "GET /BLA/boletinlegal/images/cabezote%20BLEGAL.jpg HTTP/1.1" 200 118164
172.22.2.4 - - [04/Nov/2022:05:18:32 -0500] "GET /BLA/boletinlegal/images/subscribe-icon-big.png HTTP/1.1" 200 47702
172.22.2.4 - - [04/Nov/2022:05:18:33 -0500] "GET /BLA/boletinlegal/images/historia.png HTTP/1.1" 200 52775
172.22.2.4 - - [04/Nov/2022:05:18:35 -0500] "GET /BLA/boletinlegal/images/body_bg.jpg HTTP/1.1" 200 1601
172.22.2.4 - - [04/Nov/2022:05:18:35 -0500] "GET /BLA/boletinlegal/images/footer_bg.jpg HTTP/1.1" 200 586
172.22.2.4 - - [04/Nov/2022:05:18:35 -0500] "GET /BLA/boletinlegal/images/menu_lft.gif HTTP/1.1" 200 1713
172.22.2.4 - - [04/Nov/2022:05:18:36 -0500] "GET /BLA/boletinlegal/images/menu_rght.gif HTTP/1.1" 200 1627
172.22.2.4 - - [04/Nov/2022:05:18:36 -0500] "GET /BLA/boletinlegal/images/bg_top.jpg HTTP/1.1" 200 522
172.22.2.4 - - [04/Nov/2022:05:18:36 -0500] "GET /BLA/boletinlegal/images/menu_bg.jpg HTTP/1.1" 200 620
172.22.2.4 - - [04/Nov/2022:05:18:36 -0500] "GET /BLA/boletinlegal/images/text.jpg HTTP/1.1" 200 568
172.22.2.4 - - [04/Nov/2022:05:18:36 -0500] "GET /BLA/boletinlegal/images/hover.jpg HTTP/1.1" 200 640
172.22.2.4 - - [04/Nov/2022:05:18:37 -0500] "GET /BLA/boletinlegal/images/registro-usuarios.png HTTP/1.1" 200 8106
172.22.2.4 - - [04/Nov/2022:05:18:37 -0500] "GET /BLA/boletinlegal/images/green-yellow-blue-pink-th.png HTTP/1.1" 200 7394
172.22.2.4 - - [04/Nov/2022:05:18:37 -0500] "GET /BLA/boletinlegal/images/tel.png HTTP/1.1" 200 14477
172.22.2.4 - - [04/Nov/2022:05:18:38 -0500] "GET /BLA/boletinlegal/images/icono-email.png HTTP/1.1" 200 5544
172.22.2.4 - - [04/Nov/2022:05:18:39 -0500] "GET /BLA/boletinlegal/images/footer_bg_l.jpg HTTP/1.1" 200 776
201.245.192.253 - - [04/Nov/2022:05:21:19 -0500] "POST /kwsrmcab/Wsrmcab HTTP/1.1" 200 40209
201.245.192.253 - - [04/Nov/2022:05:21:21 -0500] "POST /kwsrmcab/Wsrmcab HTTP/1.1" 200 43665
172.22.2.4 - - [04/Nov/2022:05:19:52 -0500] "HEAD /BLA/boletinlegal/ HTTP/1.1" 200 -
66.249.66.85 - - [04/Nov/2022:05:21:35 -0500] "-" 408 -
201.245.192.253 - - [04/Nov/2022:05:22:11 -0500] "POST /kwsrmcab/Wsrmcab  HTTP/1.1" 200 40655
172.22.2.4 - - [04/Nov/2022:05:20:43 -0500] "GET /BLA/boletinlegal/ HTTP/1.1" 200 59828
185.119.81.103 - - [04/Nov/2022:05:23:13 -0500] "GET /portaldeninos/wp-login.php HTTP/1.1" 200 2592
185.119.81.103 - - [04/Nov/2022:05:23:14 -0500] "POST /portaldeninos/wp-login.php HTTP/1.1" 200 3605
216.245.221.92 - - [04/Nov/2022:05:23:28 -0500] "HEAD / HTTP/1.1" 200 -
185.119.81.103 - - [04/Nov/2022:05:25:15 -0500] "GET /portaldeninos/wp-login.php HTTP/1.1" 200 2592
185.119.81.103 - - [04/Nov/2022:05:25:16 -0500] "POST /portaldeninos/wp-login.php HTTP/1.1" 200 3670
77.88.5.3 - - [04/Nov/2022:05:27:03 -0500] "-" 408 -
172.22.2.4 - - [04/Nov/2022:05:27:07 -0500] "GET /BLA/boletinlegal/img/0.png HTTP/1.1" 200 110
172.22.2.4 - - [04/Nov/2022:05:27:07 -0500] "GET /BLA/boletinlegal/img/select-left.png HTTP/1.1" 200 263
172.22.2.4 - - [04/Nov/2022:05:27:07 -0500] "GET /BLA/boletinlegal/img/button.png HTTP/1.1" 200 43241
172.22.2.4 - - [04/Nov/2022:05:27:07 -0500] "GET /BLA/boletinlegal/img/select-right.png HTTP/1.1" 200 44019
172.22.2.4 - - [04/Nov/2022:05:27:09 -0500] "GET /BLA/boletinlegal/img/button-left.png HTTP/1.1" 200 57071
201.245.192.253 - - [04/Nov/2022:05:27:10 -0500] "POST /kwsrmcab/Wsrmcab  HTTP/1.1" 200 40655
172.22.2.4 - - [04/Nov/2022:05:27:15 -0500] "GET /BLA/boletinlegal/img/button-right.png HTTP/1.1" 200 57878
172.22.2.4 - - [04/Nov/2022:05:27:16 -0500] "GET /BLA/boletinlegal/favicon.ico HTTP/1.1" 404 1326
172.22.2.4 - - [04/Nov/2022:05:25:42 -0500] "HEAD /BLA/boletinlegal/ HTTP/1.1" 200 -
66.249.66.85 - - [04/Nov/2022:05:27:44 -0500] "-" 408 -
172.22.2.4 - - [04/Nov/2022:05:26:33 -0500] "GET /BLA/boletinlegal/ HTTP/1.1" 200 59828
216.245.221.92 - - [04/Nov/2022:05:28:28 -0500] "HEAD / HTTP/1.1" 200 -
64.124.8.35 - - [04/Nov/2022:05:29:13 -0500] "GET /BLA/boletinlegal/images/arr_l.jpg HTTP/1.1" 200 1979
201.245.192.253 - - [04/Nov/2022:05:31:19 -0500] "POST /kwsrmcab/Wsrmcab HTTP/1.1" 200 40209
201.245.192.253 - - [04/Nov/2022:05:31:21 -0500] "POST /kwsrmcab/Wsrmcab HTTP/1.1" 200 43665
201.245.192.253 - - [04/Nov/2022:05:32:09 -0500] "POST /kwsrmcab/Wsrmcab  HTTP/1.1" 200 40655
172.22.2.4 - - [04/Nov/2022:05:31:32 -0500] "HEAD /BLA/boletinlegal/ HTTP/1.1" 200 -
216.245.221.92 - - [04/Nov/2022:05:33:28 -0500] "HEAD / HTTP/1.1" 200 -
93.158.161.72 - - [04/Nov/2022:05:33:44 -0500] "-" 408 -
77.88.5.232 - - [04/Nov/2022:05:33:49 -0500] "-" 408 -
93.158.161.29 - - [04/Nov/2022:05:33:55 -0500] "-" 408 -
77.88.5.27 - - [04/Nov/2022:05:34:00 -0500] "-" 408 -
172.22.2.4 - - [04/Nov/2022:05:32:23 -0500] "GET /BLA/boletinlegal/ HTTP/1.1" 200 57725
77.88.5.249 - - [04/Nov/2022:05:34:15 -0500] "-" 408 -
77.88.5.49 - - [04/Nov/2022:05:34:30 -0500] "-" 408 -
77.88.5.82 - - [04/Nov/2022:05:35:00 -0500] "-" 408 -
77.88.5.5 - - [04/Nov/2022:05:36:00 -0500] "-" 408 -
66.249.66.85 - - [04/Nov/2022:05:36:29 -0500] "-" 408 -
186.84.20.197 - - [04/Nov/2022:05:36:43 -0500] "GET /BLA/resoluciones/ HTTP/1.1" 200 13093
186.84.20.197 - - [04/Nov/2022:05:36:43 -0500] "GET /BLA/resoluciones/dlf/styles.css HTTP/1.1" 200 3049
186.84.20.197 - - [04/Nov/2022:05:36:43 -0500] "GET /BLA/resoluciones/dlf/folder.png HTTP/1.1" 200 410
186.84.20.197 - - [04/Nov/2022:05:36:43 -0500] "GET /BLA/resoluciones/dlf/bg.gif HTTP/1.1" 200 54
186.84.20.197 - - [04/Nov/2022:05:36:43 -0500] "GET /favicon.ico HTTP/1.1" 200 7782
186.84.20.197 - - [04/Nov/2022:05:36:45 -0500] "GET /BLA/resoluciones/dlf/pdf.gif HTTP/1.1" 200 272
186.84.20.197 - - [04/Nov/2022:05:36:45 -0500] "GET /BLA/resoluciones/dlf/dirup.png HTTP/1.1" 200 644
186.84.20.197 - - [04/Nov/2022:05:36:45 -0500] "GET /BLA/resoluciones/index.php?dir=RESOLUCIONES+2020%2F HTTP/1.1" 200 166164
186.84.20.197 - - [04/Nov/2022:05:36:50 -0500] "GET /BLA/resoluciones/RESOLUCIONES%202020/0279.pdf HTTP/1.1" 200 424996
186.84.20.197 - - [04/Nov/2022:05:36:51 -0500] "GET /BLA/resoluciones/RESOLUCIONES%202020/0279.pdf HTTP/1.1" 206 1025
186.84.20.197 - - [04/Nov/2022:05:36:51 -0500] "GET /BLA/resoluciones/RESOLUCIONES%202020/0279.pdf HTTP/1.1" 200 424996
186.84.20.197 - - [04/Nov/2022:05:36:51 -0500] "GET /BLA/resoluciones/RESOLUCIONES%202020/0279.pdf HTTP/1.1" 206 3072
186.84.20.197 - - [04/Nov/2022:05:36:52 -0500] "GET /BLA/resoluciones/RESOLUCIONES%202020/0279.pdf HTTP/1.1" 206 420899
93.158.161.50 - - [04/Nov/2022:05:37:00 -0500] "-" 408 -
201.245.192.253 - - [04/Nov/2022:05:37:07 -0500] "POST /kwsrmcab/Wsrmcab  HTTP/1.1" 200 40655
216.245.221.92 - - [04/Nov/2022:05:38:28 -0500] "HEAD / HTTP/1.1" 200 -
192.109.145.231 - - [04/Nov/2022:05:38:59 -0500] "GET /galeria/nivo-slider/demo/images/Banner_micrositio.png HTTP/1.1" 304 -
77.88.5.214 - - [04/Nov/2022:05:39:02 -0500] "-" 408 -
172.22.2.4 - - [04/Nov/2022:05:37:22 -0500] "HEAD /BLA/boletinlegal/ HTTP/1.1" 200 -
172.22.2.4 - - [04/Nov/2022:05:38:13 -0500] "GET /BLA/boletinlegal/ HTTP/1.1" 200 59828
130.61.236.53 - - [04/Nov/2022:05:41:04 -0500] "GET /Security/users?auth=YWRtaW46MTEK HTTP/1.1" 404 1018
201.245.192.253 - - [04/Nov/2022:05:41:19 -0500] "POST /kwsrmcab/Wsrmcab HTTP/1.1" 200 40209
201.245.192.253 - - [04/Nov/2022:05:41:21 -0500] "POST /kwsrmcab/Wsrmcab HTTP/1.1" 200 43665
77.88.5.162 - - [04/Nov/2022:05:42:01 -0500] "-" 408 -
201.245.192.253 - - [04/Nov/2022:05:42:07 -0500] "POST /kwsrmcab/Wsrmcab  HTTP/1.1" 200 40655
41.216.183.144 - - [04/Nov/2022:05:43:26 -0500] "GET /muieblackcat HTTP/1.1" 404 1018
41.216.183.144 - - [04/Nov/2022:05:43:26 -0500] "GET //phpMyAdmin/scripts/setup.php HTTP/1.1" 403 1165
41.216.183.144 - - [04/Nov/2022:05:43:26 -0500] "GET //phpmyadmin/scripts/setup.php HTTP/1.1" 403 1165
41.216.183.144 - - [04/Nov/2022:05:43:27 -0500] "GET //pma/scripts/setup.php HTTP/1.1" 404 1018
41.216.183.144 - - [04/Nov/2022:05:43:27 -0500] "GET //myadmin/scripts/setup.php HTTP/1.1" 404 1018
41.216.183.144 - - [04/Nov/2022:05:43:27 -0500] "GET //MyAdmin/scripts/setup.php HTTP/1.1" 404 1018
216.245.221.92 - - [04/Nov/2022:05:43:28 -0500] "HEAD / HTTP/1.1" 200 -
172.22.2.4 - - [04/Nov/2022:05:43:12 -0500] "HEAD /BLA/boletinlegal/ HTTP/1.1" 200 -
186.102.36.208 - - [04/Nov/2022:05:45:16 -0500] "OPTIONS /kwssiamovil/sm/setfile/f? HTTP/1.1" 200 13
186.102.36.208 - - [04/Nov/2022:05:45:16 -0500] "POST /kwssiamovil/sm/setfile/f? HTTP/1.1" 200 381
186.102.36.208 - - [04/Nov/2022:05:45:28 -0500] "GET /kwssiamovil/sm/acme/a?s=U2FsdGVkX1/jQUZbe6YGk3ak7H8oZJrclnsbvVEtQfYv8RIr/O35mlQYy1//x8uRzHD1CNqtDB9YPhpVsJGzEzGPFCBcv7WlTAmmkhQk+wrkAYdy9HVucxF63kbo5uKpONj4xaDunJNYcXU7XYEBD3ADLCuAQo/EKbE32Ei0E2GtlzisAIH6UrvkUZ3WDxv56De1W9lVtRbtNjOMJ0iXujpB53ukpJY7HJ0OoHdXvXCJe1CS4utc6+k9xbtbT5mOdEZs5QlGNSvIHVfvmWc9VQ==&u=U2FsdGVkX18yPGZ5aErQnqKDkJboMkAGNiko0Zqah8c=&y=U2FsdGVkX1/Th2ps9gb+qqzYXOws7Nz9kH0SxvJlUR0= HTTP/1.1" 200 26
186.102.36.208 - - [04/Nov/2022:05:45:29 -0500] "GET /kwssiamovil/sm/acme/a?s=U2FsdGVkX1/AsPLHY2gfI8DHnbebTqInuM2c8fS1NeAhwWVrwVS8O96socpm3mssEaVxRfm5k8iKHStMlOy4FYmbR0lM6wQeaJOCR8QKbNoWZrk3eyGuLh4PyP3lK2lGRj2QuSXO8t6kaNwULixmXYM7v4CdjEx2tik0dp2adZrWw70kUPSFNwL+hXr1F1c9VaE2nzCBrDxAvZ2MMK4f0K3Zn7RrPn692yrqktygEFH0OKbQnPoB6qXqA4wrz6biwFTmKnsD1OOUpT+LnelwIO/kliOwe1k+B9ZTnWnYkzWxqKKL9t3m4AlYsxQObqUN9D+co0l5SHZ3dtohDdn0F5M7a6yLcRsKUewp9iXD85eBoSeckZCeAOrquvO8StDoALMvc6pj6U455cr0LsH//fAAbqXDi/tP4+KUbZyd8yyzWQiMZ1DGJzfLCDBm2hTfBZ8aQBTcizgF4Pt+16vktpbeqRJuzqKpbYIgvc4z1AQoEoq897t4/zbRFYdeyZEhLXev13l6NHqkgPMNTES+pjCNd2PdkzGXZNhK3ql7jVQ4kCA6HegZ4u44a26rK+fvTty3/gRhFCiIAd7IRVmWPbJz/gl6S9XjAHRHMFDZHg9LzDrttdgyRYNcvwgzk8qemh9OFZC3yKTTyYGUhAXiFMqBHc6ALeVizql8mrpJ2zpyrvHEfD1zJWa/yRmjPUz+T/GXAxKZTUohGldivPaexZbBwNDH1ewi7i7QZCB/RgbkioHEq7Ya13+4lmtQ+OfWPFGx51SNMDQJ0uPdsjJNUQwpilaNxDhokqZ3y91Nux1KcdNSewzj38ulcRc/mxjetwjUDPWTHgVr69T4T/bINueNJkjN7t3k5zM+6qR8U7wQ1kBp4bO268Ay/947tftI8gT/iL0VPVuDXW5GDeOgyDLN72s0MqrXMRu2I2n8CRoD99x5Voe4ADZhBi0HHLcjmtS7sQmCVjidZVKouu3yoXQH/f4B/7bommQwclHE5/ZjQ4kJj4hWLsfypVCErtih6E25ifCOzdcRqXwyCNGAOu8EBWqO6XXMmyOCWytE2u5VXEIhkieNTU8Hn0pI21KnPtMs/Gym5uNmiXt83RoQhkXOgoaupyW0vEcbRji7W/3urfvLLduwwvCfURByRQxE95pAYA4WxP3Iku3yXgDpKrl3NNTaEwgUgXK4Z1of5GuQlTcDAdyStRi4GrKHv0m5C0TkKU8NCIF7zbof5e2ba9zVe3qyF4AyFB94iAI7QE1JxwYOR1gJidyjhetUGhSL568107E2hx+8dah7PoOnyZWekwBy+d+GB20YnQ11Y7wkyoDf9IDFHQ/t47+ur00Yt6DaWhn746OSWlk/g9W7xuKmrxrjamm8GbuIQi0DwEfNHEp29RVxzOvfRbPBteSrDdL91k8Xa8UWWmGpDreSoIDh7VXCOw526KPFu4XpUZCtthd8UJuadinvkuOfi7sMr/tYHkESh/GMoNQiAYVoEouIkBxfq+TJ8gLZFOuO5COnoHNkoLrSYfTsfnCAkDGmc7mCdk+wmbB/VN2WDKGaGuWvoIRPeuRvkhTRULyjcrLsJyplxe/M8oE6w3oBdcOKqVXeZJ0duSMTqMLr2+GgVKth+R0mQE6eWj4ocbSoQLV8RmYd1JBNcsIEsTncdSq+OfSC5TBW1v62bGAFPGgWoOwY051N6OVFtfc2qQNIYlkCeQ/Cn1ik5j5CHccKeHUQwc4X443Lelz+oPx8fdV1MSQAQihJpOaVIg789hp5u+vY2CoLF7XUG+Go+WJx1vQAnRGwYGmZTdex/72tpzus2A==&u=U2FsdGVkX18yPGZ5aErQnqKDkJboMkAGNiko0Zqah8c=&y=U2FsdGVkX1/Th2ps9gb+qqzYXOws7Nz9kH0SxvJlUR0= HTTP/1.1" 200 26
186.102.36.208 - - [04/Nov/2022:05:45:29 -0500] "GET /kwssiamovil/sm/acme/a?s=U2FsdGVkX1/0uMcHaEXlmQeQwt+1IJ/JvEgOjTO8UUvNSAvVc6b9SI/lnPvPug3lM6RSlgLWHgol/tIc8slniFMTkzUe6OAa85uzKCotAdICwETB8N/iXBVOeTPjRdKhp4Fj21A2FO2zNVknfPeMVl2s4+0WCpUiSJtzyPXTHuA=&u=U2FsdGVkX18yPGZ5aErQnqKDkJboMkAGNiko0Zqah8c=&y=U2FsdGVkX1/Th2ps9gb+qqzYXOws7Nz9kH0SxvJlUR0= HTTP/1.1" 200 26
186.102.36.208 - - [04/Nov/2022:05:45:30 -0500] "GET /kwssiamovil/sm/acme/a?s=U2FsdGVkX18lqu0c6O4o2Zxsj9Qgfe0HZlhAsdLSRX0CIsJln5muLA+IjM3rGa1WwSvD0EOaGQnLGkNXhaS+7D+vKxf0PjaddJG3xX1bApYRI1O/nTmCC34ACC/pOedsG0ST3GrzYPvXSnAPMx+L30NjicMX8vAYzQV22q8IGRk=&u=U2FsdGVkX18yPGZ5aErQnqKDkJboMkAGNiko0Zqah8c=&y=U2FsdGVkX1/Th2ps9gb+qqzYXOws7Nz9kH0SxvJlUR0= HTTP/1.1" 200 26
186.102.36.208 - - [04/Nov/2022:05:45:30 -0500] "GET /kwssiamovil/sm/acme/a?s=U2FsdGVkX1+sYEzkhsUWkKsr3zMG0TbSEMA6oo/SIoCadVAmvMWkf/Wcu02Gs8tLm2pfDSIOu1knMj6QSvYsWx2CNooROBZpLzRPkG4roaJYcozgE5Nsy81Lh+wkVpFtSJo8YJJgetAvJ2CXPDpUGeobTj1wXmgC7nS6wowQKIk=&u=U2FsdGVkX18yPGZ5aErQnqKDkJboMkAGNiko0Zqah8c=&y=U2FsdGVkX1/Th2ps9gb+qqzYXOws7Nz9kH0SxvJlUR0= HTTP/1.1" 200 26
186.102.36.208 - - [04/Nov/2022:05:45:30 -0500] "GET /kwssiamovil/sm/acme/a?s=U2FsdGVkX18c0ylPOg57fRye2hDGO/lyoQXropELgzpEjaPIfYxY5/iR3i6AokgBl+0dntt9grOvuLIfKqk6d/ytwXwhpFmFxOQpWpKraLCrGrwZa/WJNyF3b3ygxw1PsEZwauJG+8YwuROVBmGsBtIiZl5mrqV8qMHQBbAFY6LkkGDtogw9BsMfbfxdZaUc&u=U2FsdGVkX18yPGZ5aErQnqKDkJboMkAGNiko0Zqah8c=&y=U2FsdGVkX1/Th2ps9gb+qqzYXOws7Nz9kH0SxvJlUR0= HTTP/1.1" 200 26
186.102.36.208 - - [04/Nov/2022:05:45:30 -0500] "GET /kwssiamovil/sm/acme/a?s=U2FsdGVkX19R0a/efV7GbB56SybjVbEX2LVd9gFKD4ymv2O2rF6O/MwBwFm/jc/vcFt+tHoyUojbR7fuZkvJtEncox6sLUdmaZHghzJBJ2H9X23Cxj14CNYBsfnVMAKgi8S7C7b8Xt2gFXrTyjDGBZur+u5y58BWrwseSd6rhjcNkh6f9wZszdD/yXIrToJ7fVu6qkv8MZwR7GRPLtfGeQ==&u=U2FsdGVkX18yPGZ5aErQnqKDkJboMkAGNiko0Zqah8c=&y=U2FsdGVkX1/Th2ps9gb+qqzYXOws7Nz9kH0SxvJlUR0= HTTP/1.1" 200 25
186.102.36.208 - - [04/Nov/2022:05:45:31 -0500] "GET /kwssiamovil/sm/acme/a?s=U2FsdGVkX19UhzGp3lvwVVN919Rs/Sum/ErdFoGvlpxKtxUZR/J7eK5T3SD/x2N1wawl2MQX8JVBHI/ezQKrB8Aa9QBTC+lmZcuB5u0wgRt2u5gm6xI+GGc3VRodt8aN31uzSePbz9c0HFtAYo+E41QfxgMKoMSL+CoXu/OFITAUMlHU2oGnO+U1eN9FnGI8&u=U2FsdGVkX18yPGZ5aErQnqKDkJboMkAGNiko0Zqah8c=&y=U2FsdGVkX1/Th2ps9gb+qqzYXOws7Nz9kH0SxvJlUR0= HTTP/1.1" 200 25
85.31.44.178 - - [04/Nov/2022:05:45:36 -0500] "GET / HTTP/1.1" 200 319
172.22.2.4 - - [04/Nov/2022:05:44:03 -0500] "GET /BLA/boletinlegal/ HTTP/1.1" 200 57725
85.31.44.178 - - [04/Nov/2022:05:46:03 -0500] "POST /GponForm/diag_Form?images/ HTTP/1.1" 404 1018
77.88.5.10 - - [04/Nov/2022:05:47:01 -0500] "-" 408 -
201.245.192.253 - - [04/Nov/2022:05:47:05 -0500] "POST /kwsrmcab/Wsrmcab  HTTP/1.1" 200 40655
69.63.189.5 - - [04/Nov/2022:05:48:25 -0500] "GET /la-propuesta-de-pot-esta-pensada-para-que-bogota-enfrente-la-crisis-climatica.html HTTP/1.1" 206 919
216.245.221.92 - - [04/Nov/2022:05:48:28 -0500] "HEAD / HTTP/1.1" 200 -
172.22.2.4 - - [04/Nov/2022:05:49:02 -0500] "HEAD /BLA/boletinlegal/ HTTP/1.1" 200 -
172.22.2.4 - - [04/Nov/2022:05:51:18 -0500] "GET /BLA/boletinlegal/style.css HTTP/1.1" 200 9406
172.22.2.4 - - [04/Nov/2022:05:51:18 -0500] "GET /BLA/boletinlegal/styles2.css HTTP/1.1" 200 1838
172.22.2.4 - - [04/Nov/2022:05:51:18 -0500] "GET /BLA/boletinlegal/js/jquery.js HTTP/1.1" 200 57254
172.22.2.4 - - [04/Nov/2022:05:51:18 -0500] "GET /BLA/boletinlegal/js/jquery.scrollTo-min.js HTTP/1.1" 200 1150
172.22.2.4 - - [04/Nov/2022:05:51:18 -0500] "GET /BLA/boletinlegal/js/jquery.scrollShow.js HTTP/1.1" 200 4586
172.22.2.4 - - [04/Nov/2022:05:51:18 -0500] "GET /BLA/boletinlegal/images/cabezote%20BLEGAL.jpg HTTP/1.1" 200 118164
172.22.2.4 - - [04/Nov/2022:05:51:18 -0500] "GET /BLA/boletinlegal/images/subscribe-icon-big.png HTTP/1.1" 200 47702
172.22.2.4 - - [04/Nov/2022:05:51:18 -0500] "GET /BLA/boletinlegal/images/historia.png HTTP/1.1" 200 52775
172.22.2.4 - - [04/Nov/2022:05:51:18 -0500] "GET /BLA/boletinlegal/images/registro-usuarios.png HTTP/1.1" 200 8106
172.22.2.4 - - [04/Nov/2022:05:51:18 -0500] "GET /BLA/boletinlegal/images/arr_l.jpg HTTP/1.1" 200 1979
172.22.2.4 - - [04/Nov/2022:05:51:18 -0500] "GET /BLA/boletinlegal/images/body_bg.jpg HTTP/1.1" 200 1601
172.22.2.4 - - [04/Nov/2022:05:51:18 -0500] "GET /BLA/boletinlegal/images/menu_rght.gif HTTP/1.1" 200 1627
172.22.2.4 - - [04/Nov/2022:05:51:19 -0500] "GET /BLA/boletinlegal/images/menu_lft.gif HTTP/1.1" 200 1713
172.22.2.4 - - [04/Nov/2022:05:51:19 -0500] "GET /BLA/boletinlegal/images/bg_top.jpg HTTP/1.1" 200 522
172.22.2.4 - - [04/Nov/2022:05:51:19 -0500] "GET /BLA/boletinlegal/images/menu_bg.jpg HTTP/1.1" 200 620
172.22.2.4 - - [04/Nov/2022:05:51:19 -0500] "GET /BLA/boletinlegal/images/text.jpg HTTP/1.1" 200 568
172.22.2.4 - - [04/Nov/2022:05:51:19 -0500] "GET /BLA/boletinlegal/images/launch.jpg HTTP/1.1" 200 14577
172.22.2.4 - - [04/Nov/2022:05:51:19 -0500] "GET /BLA/boletinlegal/images/hover.jpg HTTP/1.1" 200 640
172.22.2.4 - - [04/Nov/2022:05:51:19 -0500] "GET /BLA/boletinlegal/images/screen_1.png HTTP/1.1" 200 202547
172.22.2.4 - - [04/Nov/2022:05:51:26 -0500] "GET /BLA/boletinlegal/images/screen_3.png HTTP/1.1" 200 210620
172.22.2.4 - - [04/Nov/2022:05:51:26 -0500] "GET /BLA/boletinlegal/images/screen_5.png HTTP/1.1" 200 368876
172.22.2.4 - - [04/Nov/2022:05:51:26 -0500] "GET /BLA/boletinlegal/images/arr_r.jpg HTTP/1.1" 200 1998
172.22.2.4 - - [04/Nov/2022:05:51:26 -0500] "GET /BLA/boletinlegal/images/footer_bg.jpg HTTP/1.1" 200 586
172.22.2.4 - - [04/Nov/2022:05:51:26 -0500] "GET /BLA/boletinlegal/images/screen_2.png HTTP/1.1" 200 362502
172.22.2.4 - - [04/Nov/2022:05:49:53 -0500] "GET /BLA/boletinlegal/ HTTP/1.1" 200 56732
172.22.2.4 - - [04/Nov/2022:05:51:35 -0500] "GET /BLA/boletinlegal/images/pdf.gif HTTP/1.1" 200 567
201.245.192.253 - - [04/Nov/2022:05:52:05 -0500] "POST /kwsrmcab/Wsrmcab  HTTP/1.1" 200 40655
172.22.2.4 - - [04/Nov/2022:05:51:18 -0500] "GET /BLA/boletinlegal/ HTTP/1.1" 200 62380
172.22.2.4 - - [04/Nov/2022:05:52:58 -0500] "GET /BLA/boletinlegal/favicon.ico HTTP/1.1" 404 1212
172.22.2.4 - - [04/Nov/2022:05:53:04 -0500] "GET /BLA/boletinlegal/.well-known/assetlinks.json HTTP/1.1" 404 1212
172.22.2.4 - - [04/Nov/2022:05:53:04 -0500] "GET /BLA/boletinlegal/.well-known/apple-app-site-association HTTP/1.1" 404 1212
172.22.2.4 - - [04/Nov/2022:05:53:04 -0500] "GET /BLA/boletinlegal/robots.txt HTTP/1.1" 404 1212
172.22.2.4 - - [04/Nov/2022:05:53:05 -0500] "GET /BLA/boletinlegal/.well-known/apple-app-site-association HTTP/1.1" 404 1212
172.22.2.4 - - [04/Nov/2022:05:53:05 -0500] "GET /BLA/boletinlegal/.well-known/assetlinks.json HTTP/1.1" 404 1212
172.22.2.4 - - [04/Nov/2022:05:53:05 -0500] "GET /BLA/boletinlegal/.well-known/gpc.json HTTP/1.1" 404 1212
172.22.2.4 - - [04/Nov/2022:05:53:05 -0500] "GET /BLA/boletinlegal/robots.txt HTTP/1.1" 404 1212
172.22.2.4 - - [04/Nov/2022:05:53:05 -0500] "GET /BLA/boletinlegal/.well-known/security.txt HTTP/1.1" 404 1212
172.22.2.4 - - [04/Nov/2022:05:53:05 -0500] "GET /BLA/boletinlegal/.well-known/change-password HTTP/1.1" 404 1212
172.22.2.4 - - [04/Nov/2022:05:53:05 -0500] "GET /BLA/boletinlegal/.well-known/resource-that-should-not-exist-whose-status-code-should-not-be-200/ HTTP/1.1" 404 1212
40.77.167.57 - - [04/Nov/2022:05:53:27 -0500] "GET /galeria/galeria/jquery.fancybox.js?v=2.1.5 HTTP/1.1" 200 48706
216.245.221.92 - - [04/Nov/2022:05:53:28 -0500] "HEAD / HTTP/1.1" 200 -
172.22.2.4 - - [04/Nov/2022:05:53:35 -0500] "GET /BLA/boletinlegal/style.css HTTP/1.1" 200 9406
172.22.2.4 - - [04/Nov/2022:05:53:36 -0500] "GET /BLA/boletinlegal/styles2.css HTTP/1.1" 200 1838
172.22.2.4 - - [04/Nov/2022:05:53:36 -0500] "GET /BLA/boletinlegal/js/jquery.js HTTP/1.1" 200 57254
172.22.2.4 - - [04/Nov/2022:05:53:36 -0500] "GET /BLA/boletinlegal/js/jquery.scrollTo-min.js HTTP/1.1" 200 1150
172.22.2.4 - - [04/Nov/2022:05:53:36 -0500] "GET /BLA/boletinlegal/js/jquery.scrollShow.js HTTP/1.1" 200 4586
172.22.2.4 - - [04/Nov/2022:05:53:36 -0500] "GET /BLA/boletinlegal/images/cabezote%20BLEGAL.jpg HTTP/1.1" 200 118164
172.22.2.4 - - [04/Nov/2022:05:53:36 -0500] "GET /BLA/boletinlegal/images/subscribe-icon-big.png HTTP/1.1" 200 47702
172.22.2.4 - - [04/Nov/2022:05:53:36 -0500] "GET /BLA/boletinlegal/images/historia.png HTTP/1.1" 200 52775
172.22.2.4 - - [04/Nov/2022:05:53:36 -0500] "GET /BLA/boletinlegal/images/registro-usuarios.png HTTP/1.1" 200 8106
172.22.2.4 - - [04/Nov/2022:05:53:36 -0500] "GET /BLA/boletinlegal/images/arr_l.jpg HTTP/1.1" 200 1979
172.22.2.4 - - [04/Nov/2022:05:53:37 -0500] "GET /BLA/boletinlegal/images/menu_lft.gif HTTP/1.1" 200 1713
172.22.2.4 - - [04/Nov/2022:05:53:37 -0500] "GET /BLA/boletinlegal/images/menu_bg.jpg HTTP/1.1" 200 620
172.22.2.4 - - [04/Nov/2022:05:53:37 -0500] "GET /BLA/boletinlegal/images/body_bg.jpg HTTP/1.1" 200 1601
172.22.2.4 - - [04/Nov/2022:05:53:37 -0500] "GET /BLA/boletinlegal/images/menu_rght.gif HTTP/1.1" 200 1627
172.22.2.4 - - [04/Nov/2022:05:53:37 -0500] "GET /BLA/boletinlegal/images/bg_top.jpg HTTP/1.1" 200 522
172.22.2.4 - - [04/Nov/2022:05:53:38 -0500] "GET /BLA/boletinlegal/images/text.jpg HTTP/1.1" 200 568
172.22.2.4 - - [04/Nov/2022:05:53:38 -0500] "GET /BLA/boletinlegal/images/launch.jpg HTTP/1.1" 200 14577
172.22.2.4 - - [04/Nov/2022:05:53:38 -0500] "GET /BLA/boletinlegal/images/hover.jpg HTTP/1.1" 200 640
172.22.2.4 - - [04/Nov/2022:05:53:38 -0500] "GET /BLA/boletinlegal/images/screen_1.png HTTP/1.1" 200 202547
172.22.2.4 - - [04/Nov/2022:05:53:42 -0500] "GET /BLA/boletinlegal/images/screen_2.png HTTP/1.1" 200 362502
172.22.2.4 - - [04/Nov/2022:05:53:42 -0500] "GET /BLA/boletinlegal/images/screen_3.png HTTP/1.1" 200 210620
172.22.2.4 - - [04/Nov/2022:05:53:42 -0500] "GET /BLA/boletinlegal/images/screen_5.png HTTP/1.1" 200 368876
172.22.2.4 - - [04/Nov/2022:05:53:42 -0500] "GET /BLA/boletinlegal/images/arr_r.jpg HTTP/1.1" 200 1998
172.22.2.4 - - [04/Nov/2022:05:53:43 -0500] "GET /BLA/boletinlegal/images/footer_bg.jpg HTTP/1.1" 200 586
172.22.2.4 - - [04/Nov/2022:05:53:50 -0500] "GET /BLA/boletinlegal/images/pdf.gif HTTP/1.1" 200 567
77.88.5.221 - - [04/Nov/2022:05:55:01 -0500] "-" 408 -
172.22.2.4 - - [04/Nov/2022:05:53:35 -0500] "GET /BLA/boletinlegal/ HTTP/1.1" 200 61445
172.22.2.4 - - [04/Nov/2022:05:55:15 -0500] "GET /BLA/boletinlegal/images/background.gif HTTP/1.1" 200 -
172.22.2.4 - - [04/Nov/2022:05:55:18 -0500] "GET /BLA/boletinlegal/robots.txt HTTP/1.1" 404 1038
172.22.2.4 - - [04/Nov/2022:05:54:52 -0500] "HEAD /BLA/boletinlegal/ HTTP/1.1" 200 -
172.22.2.4 - - [04/Nov/2022:05:55:19 -0500] "GET /BLA/boletinlegal/ HTTP/1.1" 200 53290
201.245.192.253 - - [04/Nov/2022:05:57:04 -0500] "POST /kwsrmcab/Wsrmcab  HTTP/1.1" 200 40655
172.22.2.4 - - [04/Nov/2022:05:55:43 -0500] "GET /BLA/boletinlegal/ HTTP/1.1" 200 55220
216.245.221.92 - - [04/Nov/2022:05:58:28 -0500] "HEAD / HTTP/1.1" 200 -
186.102.23.61 - - [04/Nov/2022:05:59:13 -0500] "GET /kwssiamovil/sm/ldap/au?x=U2FsdGVkX185AgeAKmnAciDJvRhlsypHnhJN6Z5wzAIYVkrY2+eyUJReCM2PJFdL&y=U2FsdGVkX1/Eb9/p3cHsRo0VGcuBJXztjq3jBX1Csb+AR5tDnBjhPzGsbzTFUhoc HTTP/1.1" 200 30
186.102.23.61 - - [04/Nov/2022:05:59:13 -0500] "GET /kwssiamovil/sm/acme/s?s=U2FsdGVkX18YyujIjEoXzbzQnyGZzwdl5r21OIE1O0HJIwp7klZIQmUet6f5b/domo3hsta5TAdCguPEYKKIstP+PCKp06pGtIf7T7mR9Cg=&u=U2FsdGVkX19lk1M/YNgXeoVqxckFpWJ/Sq1+hovqn9E=&y=U2FsdGVkX1/Eb9/p3cHsRo0VGcuBJXztjq3jBX1Csb+AR5tDnBjhPzGsbzTFUhoc HTTP/1.1" 200 97
186.102.23.61 - - [04/Nov/2022:05:59:13 -0500] "GET /kwssiamovil/sm/acme/s?s=U2FsdGVkX1/CVYk8DqxHYdEhOZhF+Bv0lROk8mWXR7Pj8SYMi3D1Q6M0F0CVUG8wxMLnHpCTEiRUbwSszejlfH0amiH/S59JzciRvfSoU68SURJGGV6XrKmMM/b0zKtaAgxi+jSOuf0jplhb01MbNx5r/KqUIry6aN0wUTNGNKcjZBiCeE7GaejQArBx9sKWW8k1ZGI6R8JUrhZqDVI8knlBA7/GlIPW47POGDIDhJBIHSNk/vK6udxU/b0ITC1YyF3A72e0LKajoVKBl+CZfM4s0efl8PWx9Juxx5Djrp2cJKoSTQrMeTxtnGveIF6UqgR2BVKx6oJao7PjEz+lQNZVHrUqMrGq24GquRM4SaRov1KnZNgdSM8jpnS329nN+mOajBPw8BF0UgsxKdFUrJ8Mi7Wdq/kZCHrpkiDgiPPRs6+NBAJpwL1iqjs9VzrpZMrAAzujn2neKKlyVNIOi+2ouzjuoW8yCMcqZ8ZoS5rwjmIWGk3g7kjM8nj9toX2QOm1bqHdKb80K/Ooabsqe7QIDs7dLDwYBO1KcVDphW+2ie2LScJhRSq1m3WgJ0jBQvqYFSp7v8oKAGUD6M6PWv5kkN+0N6HdXxG/kaSnBDe1y+h6LIpWoTWKHaAcNApY1CVChZH0Kn0KzK8amniAEWjFcRR0XN2Fsyl22L5jPMPL4N03Hdll3UUDP/r4kUBaQa3FgAZZ+PuN3DHAe/3GAekAEvNMqJUYqF4WVhzDPe+pM3WxnqN17ijsgE74Qgx8ShPZNeRTuLAiIgyRpMS1gGIBzrCJxtuIIgWgPhhwCvU9ElSqi83C/GhvTQQ3DfsQK8V0frk+FGBRiKyoFEOycLIM9Hqbn8VsO5I5KDjwOFtQh2L90yKn6PdEscGrPaYjPQzEZJumpBSrRtZkUEbbIxUYxB06cwcdHII+7Z0iAwjvztiZ38/IrWk5R+3UtQfl9JM6baPYhiwUb/YvSTmIU5F7ObUTOl3EpF34wxHtzgLxlp+To0YlQ4H+Ml5l4xmQofqumwQdtO8ztdjMJCmXbhRedpCSRRePogu9mMxJxwApCmqogDIMTUW+1pkgUQlHPq6rOLywSrRAMI40ogoAUk09KslHCkC84CqUVSWPxFsdb0SXxk/By89CvWOxSV24jBgDfruZAkyLprAt5x4P/XG6rZyIHwJcTc2DK6S5sNzJy6a7Q4GYqcMhQZd/8ge3j7gs42/vatbQzxGw7DFftCX+Xj/4OfFXnA/B3p6CsaIDW0jSjHmnqVBHeDKizKu4WitAyPBYKnijYOGLLHUa7RPUrznREaUZd6UV3OZ+8CuXEjwJDWDSrqnLmgPfFHSaBU83W09SCqVNS6JB6XFsTq+kiJr9OCRbmmkb4yYEo6VO3FyWD00zNo1vLdOf5XBb0CEiWkhgW1+tEXxLf9xbsEfZbpjR2o2qWz4J4TE/a1w=&u=U2FsdGVkX19lk1M/YNgXeoVqxckFpWJ/Sq1+hovqn9E=&y=U2FsdGVkX1/Eb9/p3cHsRo0VGcuBJXztjq3jBX1Csb+AR5tDnBjhPzGsbzTFUhoc HTTP/1.1" 200 2421
186.102.23.61 - - [04/Nov/2022:05:59:13 -0500] "GET /kwssiamovil/sm/acme/s?s=U2FsdGVkX18ZOrfyWTYp4i1fhN2B5wfCmOdixHEkns57g+SQHnuB3f1lfOKQ/yUiWEWro+uXUzZHgNlb2NSiZImsgfg2T2VFRFuZIc1bNLx67umWwQX73PVjDs+W9Yp4B8mP/Kq4RAqSHBvud+zcUaxpKCJ2btLWEs/SXEtuIMWy8C8TauWMGyQ/m0osO5SHKUWZHoZ/Sofg2NEzI1GZ97LPvyvAmVCtVt5l/KlDwqs7qeiGWj2vzEqGYNJeeu6ZjVZKNxld6zfm6LE8c/r6fASou+C8cao3GIW2iBpyUS69aiEeWPADaKb5o/fl8/CmBycJjZRJf8Jv0igUWbgk871v7+2Djqgy1Cd4xJtjvVs=&u=U2FsdGVkX19lk1M/YNgXeoVqxckFpWJ/Sq1+hovqn9E=&y=U2FsdGVkX1/Eb9/p3cHsRo0VGcuBJXztjq3jBX1Csb+AR5tDnBjhPzGsbzTFUhoc HTTP/1.1" 200 196
186.102.23.61 - - [04/Nov/2022:05:59:14 -0500] "GET /kwssiamovil/sm/cjson/pre?f=1&x=U2FsdGVkX185AgeAKmnAciDJvRhlsypHnhJN6Z5wzAIYVkrY2+eyUJReCM2PJFdL HTTP/1.1" 200 30992
69.63.184.112 - - [04/Nov/2022:05:59:20 -0500] "GET /distrito-declara-alerta-ambiental-por-calidad-del-aire-y-apoyara-extincion-de-incendios-en-la-amazonia.html HTTP/1.1" 206 928
66.249.66.85 - - [04/Nov/2022:06:00:31 -0500] "-" 408 -
201.245.192.253 - - [04/Nov/2022:06:02:02 -0500] "POST /kwsrmcab/Wsrmcab  HTTP/1.1" 200 40655
172.22.2.4 - - [04/Nov/2022:06:00:42 -0500] "HEAD /BLA/boletinlegal/ HTTP/1.1" 200 -
172.22.2.4 - - [04/Nov/2022:06:01:33 -0500] "GET /BLA/boletinlegal/ HTTP/1.1" 200 59828
216.245.221.92 - - [04/Nov/2022:06:03:28 -0500] "HEAD / HTTP/1.1" 200 -
77.88.5.167 - - [04/Nov/2022:06:05:01 -0500] "-" 408 -
201.245.192.253 - - [04/Nov/2022:06:07:02 -0500] "POST /kwsrmcab/Wsrmcab  HTTP/1.1" 200 40655
172.22.2.4 - - [04/Nov/2022:06:06:32 -0500] "HEAD /BLA/boletinlegal/ HTTP/1.1" 200 -
216.245.221.92 - - [04/Nov/2022:06:08:28 -0500] "HEAD / HTTP/1.1" 200 -
172.22.2.4 - - [04/Nov/2022:06:07:23 -0500] "GET /BLA/boletinlegal/ HTTP/1.1" 200 55630
201.245.192.253 - - [04/Nov/2022:06:12:01 -0500] "POST /kwsrmcab/Wsrmcab  HTTP/1.1" 200 40655
216.245.221.92 - - [04/Nov/2022:06:13:28 -0500] "HEAD / HTTP/1.1" 200 -
66.249.66.85 - - [04/Nov/2022:06:13:28 -0500] "-" 408 -
185.119.81.103 - - [04/Nov/2022:06:14:02 -0500] "GET /portaldeninos/wp-login.php HTTP/1.1" 200 2592
172.22.2.4 - - [04/Nov/2022:06:12:22 -0500] "HEAD /BLA/boletinlegal/ HTTP/1.1" 200 -
185.119.81.103 - - [04/Nov/2022:06:14:03 -0500] "POST /portaldeninos/wp-login.php HTTP/1.1" 200 3650
172.22.2.4 - - [04/Nov/2022:06:13:13 -0500] "GET /BLA/boletinlegal/ HTTP/1.1" 200 57725
196.12.220.146 - - [04/Nov/2022:06:14:57 -0500] "GET / HTTP/1.1" 200 319
77.88.5.29 - - [04/Nov/2022:06:15:01 -0500] "-" 408 -
181.59.3.1 - - [04/Nov/2022:06:15:11 -0500] "GET /BLA/resoluciones/AUTOS%202010/4858.pdf HTTP/1.1" 200 2084132
178.79.142.129 - - [04/Nov/2022:06:15:20 -0500] "GET /portaldeninos/ HTTP/1.1" 200 110197
181.59.3.1 - - [04/Nov/2022:06:16:25 -0500] "GET /BLA/resoluciones/AUTOS%202010/4858.pdf HTTP/1.1" 206 1
181.59.3.1 - - [04/Nov/2022:06:16:25 -0500] "GET /favicon.ico HTTP/1.1" 200 7782
181.59.3.1 - - [04/Nov/2022:06:16:25 -0500] "GET /BLA/resoluciones/AUTOS%202010/4858.pdf HTTP/1.1" 206 1788026
181.59.3.1 - - [04/Nov/2022:06:16:29 -0500] "GET /BLA/resoluciones/AUTOS%202010/4858.pdf HTTP/1.1" 304 -
181.59.3.1 - - [04/Nov/2022:06:16:49 -0500] "GET /BLA/resoluciones/AUTOS%202010/4858.pdf HTTP/1.1" 200 2084132
201.245.192.253 - - [04/Nov/2022:06:16:59 -0500] "POST /kwsrmcab/Wsrmcab  HTTP/1.1" 200 40655
216.245.221.92 - - [04/Nov/2022:06:18:28 -0500] "HEAD / HTTP/1.1" 200 -
181.59.3.1 - - [04/Nov/2022:06:18:38 -0500] "GET /BLA/resoluciones/AUTOS%202010/4858.pdf HTTP/1.1" 200 2084132
172.22.2.4 - - [04/Nov/2022:06:19:12 -0500] "GET /BLA/boletinlegal/actos.php HTTP/1.1" 200 9566
172.22.2.4 - - [04/Nov/2022:06:19:21 -0500] "GET /BLA/boletinlegal/images/cabezote%20BLEGAL.jpg HTTP/1.1" 206 1
172.22.2.4 - - [04/Nov/2022:06:19:21 -0500] "GET /BLA/boletinlegal/images/cabezote%20BLEGAL.jpg HTTP/1.1" 206 44436
172.22.2.4 - - [04/Nov/2022:06:18:12 -0500] "HEAD /BLA/boletinlegal/ HTTP/1.1" 200 -
172.22.2.4 - - [04/Nov/2022:06:19:02 -0500] "GET /BLA/boletinlegal/ HTTP/1.1" 200 55630
201.245.192.253 - - [04/Nov/2022:06:21:18 -0500] "POST /kwsrmcab/Wsrmcab HTTP/1.1" 200 40533
201.245.192.253 - - [04/Nov/2022:06:21:21 -0500] "POST /kwsrmcab/Wsrmcab HTTP/1.1" 200 43697
201.245.192.253 - - [04/Nov/2022:06:21:59 -0500] "POST /kwsrmcab/Wsrmcab  HTTP/1.1" 200 40655
181.59.3.1 - - [04/Nov/2022:06:23:22 -0500] "GET /BLA/resoluciones/AUTOS%202010/4858.pdf HTTP/1.1" 304 -
216.245.221.92 - - [04/Nov/2022:06:23:28 -0500] "HEAD / HTTP/1.1" 200 -
93.158.161.41 - - [04/Nov/2022:06:25:01 -0500] "-" 408 -
172.22.2.4 - - [04/Nov/2022:06:24:02 -0500] "HEAD /BLA/boletinlegal/ HTTP/1.1" 200 -
172.22.2.4 - - [04/Nov/2022:06:25:44 -0500] "GET /BLA/boletinlegal/robots.txt HTTP/1.1" 404 1038
64.124.8.35 - - [04/Nov/2022:06:25:45 -0500] "GET /portaldeninos/wp-content/uploads/2021/11/cronica-mujer-junio-29-junio-ambiente.png HTTP/1.1" 200 102849
40.77.167.52 - - [04/Nov/2022:06:25:46 -0500] "GET /BLA/resoluciones/RESOLUCIONES%202022/0980.pdf HTTP/1.1" 304 -
172.22.2.4 - - [04/Nov/2022:06:25:47 -0500] "GET /BLA/boletinlegal/Directivas/2011/Directiva%20No.%209%20del%2023%20de%20Septiembre%20de%202011.pdf HTTP/1.1" 200 326687
172.22.2.4 - - [04/Nov/2022:06:24:53 -0500] "GET /BLA/boletinlegal/ HTTP/1.1" 200 58163
201.245.192.253 - - [04/Nov/2022:06:26:58 -0500] "POST /kwsrmcab/Wsrmcab  HTTP/1.1" 200 40655
216.245.221.92 - - [04/Nov/2022:06:28:28 -0500] "HEAD / HTTP/1.1" 200 -
181.63.70.130 - - [04/Nov/2022:06:29:34 -0500] "GET /vota-por-bogota-en-we-love-cities-pioneros-en-sostenibilidad.html HTTP/1.1" 200 850
66.249.66.85 - - [04/Nov/2022:06:30:39 -0500] "-" 408 -
40.77.167.69 - - [04/Nov/2022:06:30:57 -0500] "GET /portaldeninos/agua-y-estructura-ecologica-principal/ HTTP/1.1" 200 87488
40.77.167.33 - - [04/Nov/2022:06:31:11 -0500] "GET /portaldeninos/wp-content/plugins/gallery-videos/CSS/totalsoft.css?ver=4.9.8 HTTP/1.1" 200 40622
40.77.167.33 - - [04/Nov/2022:06:31:11 -0500] "GET /portaldeninos/wp-content/themes/betheme/assets/ui/jquery.ui.all.css?ver=20.9.6 HTTP/1.1" 200 18765
40.77.167.33 - - [04/Nov/2022:06:31:12 -0500] "GET /portaldeninos/wp-content/themes/betheme/css/layout.css?ver=20.9.6 HTTP/1.1" 200 116639
40.77.167.33 - - [04/Nov/2022:06:31:12 -0500] "GET /portaldeninos/wp-content/themes/betheme/js/scripts.js?ver=20.9.6 HTTP/1.1" 200 77162
40.77.167.33 - - [04/Nov/2022:06:31:12 -0500] "GET /portaldeninos/wp-content/uploads/useanyfont/uaf.css?ver=1589905315 HTTP/1.1" 200 408
40.77.167.41 - - [04/Nov/2022:06:31:15 -0500] "GET /portaldeninos/wp-content/themes/betheme/assets/animations/animations.min.css?ver=20.9.6 HTTP/1.1" 200 58508
157.55.39.15 - - [04/Nov/2022:06:31:15 -0500] "GET /portaldeninos/wp-content/themes/betheme/assets/animations/animations.min.js?ver=20.9.6 HTTP/1.1" 200 1896
40.77.167.46 - - [04/Nov/2022:06:31:15 -0500] "GET /portaldeninos/wp-includes/js/jquery/ui/mouse.min.js?ver=1.11.4 HTTP/1.1" 200 3148
40.77.167.46 - - [04/Nov/2022:06:31:15 -0500] "GET /portaldeninos/wp-includes/js/jquery/ui/tabs.min.js?ver=1.11.4 HTTP/1.1" 200 12110
40.77.167.46 - - [04/Nov/2022:06:31:16 -0500] "GET /portaldeninos/wp-includes/js/jquery/ui/widget.min.js?ver=1.11.4 HTTP/1.1" 200 6908
40.77.167.69 - - [04/Nov/2022:06:31:15 -0500] "GET /portaldeninos/wp-content/themes/betheme/assets/jplayer/jplayer.min.js?ver=20.9.6 HTTP/1.1" 200 52702
201.245.192.253 - - [04/Nov/2022:06:31:19 -0500] "POST /kwsrmcab/Wsrmcab HTTP/1.1" 200 40533
207.46.13.131 - - [04/Nov/2022:06:31:20 -0500] "GET /portaldeninos/wp-content/plugins/gallery-videos/CSS/Total-Soft-Gallery-Video-Widget.css?ver=4.9.8 HTTP/1.1" 200 51554
207.46.13.131 - - [04/Nov/2022:06:31:21 -0500] "GET /portaldeninos/wp-content/plugins/gallery-videos/JS/modernizr.custom.js?ver=4.9.8 HTTP/1.1" 200 9019
207.46.13.131 - - [04/Nov/2022:06:31:21 -0500] "GET /portaldeninos/wp-content/themes/betheme/assets/jplayer/css/jplayer.blue.monday.css?ver=20.9.6 HTTP/1.1" 200 9834
207.46.13.131 - - [04/Nov/2022:06:31:21 -0500] "GET /portaldeninos/wp-content/themes/betheme/css/base.css?ver=20.9.6 HTTP/1.1" 200 57283
207.46.13.131 - - [04/Nov/2022:06:31:22 -0500] "GET /portaldeninos/wp-content/themes/betheme/css/responsive.css?ver=20.9.6 HTTP/1.1" 200 55740
207.46.13.131 - - [04/Nov/2022:06:31:22 -0500] "GET /portaldeninos/wp-includes/js/jquery/jquery-migrate.min.js?ver=1.4.1 HTTP/1.1" 200 10056
201.245.192.253 - - [04/Nov/2022:06:31:22 -0500] "POST /kwsrmcab/Wsrmcab HTTP/1.1" 200 43697
40.77.167.41 - - [04/Nov/2022:06:31:26 -0500] "GET /portaldeninos/wp-includes/js/jquery/ui/accordion.min.js?ver=1.11.4 HTTP/1.1" 200 8584
40.77.167.41 - - [04/Nov/2022:06:31:27 -0500] "GET /portaldeninos/wp-includes/js/wp-embed.min.js?ver=4.9.8 HTTP/1.1" 200 1398
172.22.2.4 - - [04/Nov/2022:06:29:52 -0500] "HEAD /BLA/boletinlegal/ HTTP/1.1" 200 -
157.55.39.15 - - [04/Nov/2022:06:31:35 -0500] "GET /portaldeninos/wp-content/themes/betheme/css/shortcodes.css?ver=20.9.6 HTTP/1.1" 200 138889
157.55.39.15 - - [04/Nov/2022:06:31:37 -0500] "GET /portaldeninos/wp-content/themes/betheme/style.css?ver=20.9.6 HTTP/1.1" 200 287
157.55.39.15 - - [04/Nov/2022:06:31:37 -0500] "GET /portaldeninos/wp-includes/js/jquery/ui/core.min.js?ver=1.11.4 HTTP/1.1" 200 4000
40.77.167.69 - - [04/Nov/2022:06:31:40 -0500] "GET /portaldeninos/wp-content/themes/betheme/js/plugins.js?ver=20.9.6 HTTP/1.1" 200 197151
40.77.167.69 - - [04/Nov/2022:06:31:41 -0500] "GET /portaldeninos/wp-includes/js/wp-emoji-release.min.js?ver=4.9.8 HTTP/1.1" 200 12026
201.245.192.253 - - [04/Nov/2022:06:31:57 -0500] "POST /kwsrmcab/Wsrmcab  HTTP/1.1" 200 40655
172.22.2.4 - - [04/Nov/2022:06:30:43 -0500] "GET /BLA/boletinlegal/ HTTP/1.1" 200 59319
216.245.221.92 - - [04/Nov/2022:06:33:28 -0500] "HEAD / HTTP/1.1" 200 -
172.22.2.4 - - [04/Nov/2022:06:33:39 -0500] "GET /BLA/boletinlegal/owa/auth/logon.aspx HTTP/1.1" 404 1018
172.22.2.4 - - [04/Nov/2022:06:34:54 -0500] "GET /BLA/boletinlegal/ecp/Current/exporttool/microsoft.exchange.ediscovery.exporttool.application HTTP/1.1" 404 1018
77.88.5.171 - - [04/Nov/2022:06:35:01 -0500] "-" 408 -
172.22.2.4 - - [04/Nov/2022:06:36:16 -0500] "GET /BLA/boletinlegal/actos.php HTTP/1.1" 200 9566
172.22.2.4 - - [04/Nov/2022:06:36:16 -0500] "GET /BLA/boletinlegal/images/cabezote%20BLEGAL.jpg HTTP/1.1" 206 1
172.22.2.4 - - [04/Nov/2022:06:36:17 -0500] "GET /BLA/boletinlegal/images/cabezote%20BLEGAL.jpg HTTP/1.1" 206 11453
172.22.2.4 - - [04/Nov/2022:06:36:21 -0500] "GET /BLA/boletinlegal/img/button.png HTTP/1.1" 206 1
172.22.2.4 - - [04/Nov/2022:06:36:21 -0500] "GET /BLA/boletinlegal/img/button.png HTTP/1.1" 206 26129
201.245.192.253 - - [04/Nov/2022:06:36:56 -0500] "POST /kwsrmcab/Wsrmcab  HTTP/1.1" 200 40655
172.22.2.4 - - [04/Nov/2022:06:35:42 -0500] "HEAD /BLA/boletinlegal/ HTTP/1.1" 200 -
172.22.2.4 - - [04/Nov/2022:06:37:28 -0500] "GET /BLA/boletinlegal/consulta_actos.php?tipo=autos&no=4858&usuario=&sector=&fecha=2010&resuelve= HTTP/1.1" 200 1047
172.22.2.4 - - [04/Nov/2022:06:37:29 -0500] "GET /BLA/boletinlegal/images/pdf.gif HTTP/1.1" 200 567
191.156.182.40 - - [04/Nov/2022:06:37:49 -0500] "GET /BLA/resoluciones/AUTOS%202010/4858.pdf HTTP/1.1" 206 1
191.156.182.40 - - [04/Nov/2022:06:37:49 -0500] "GET /BLA/resoluciones/AUTOS%202010/4858.pdf HTTP/1.1" 206 1856646
172.22.2.4 - - [04/Nov/2022:06:36:32 -0500] "GET /BLA/boletinlegal/ HTTP/1.1" 200 56014
216.245.221.92 - - [04/Nov/2022:06:38:28 -0500] "HEAD / HTTP/1.1" 200 -
172.22.2.4 - - [04/Nov/2022:06:39:14 -0500] "GET /BLA/boletinlegal/owa/auth/x.js HTTP/1.1" 404 1018
173.252.107.8 - - [04/Nov/2022:06:40:17 -0500] "GET /asi-las-mujeres-que-reverdecen-cuidan-los-arboles-para-la-restauracion-ecologica-de-bogota.html HTTP/1.1" 206 911
201.245.192.253 - - [04/Nov/2022:06:41:18 -0500] "GET /kwsrmcab/Wsrmcab?wsdl HTTP/1.1" 200 6948
201.245.192.253 - - [04/Nov/2022:06:41:19 -0500] "POST /kwsrmcab/Wsrmcab HTTP/1.1" 200 40533
201.245.192.253 - - [04/Nov/2022:06:41:21 -0500] "POST /kwsrmcab/Wsrmcab HTTP/1.1" 200 43697
128.14.134.170 - - [04/Nov/2022:06:41:40 -0500] "GET / HTTP/1.1" 200 319
201.245.192.253 - - [04/Nov/2022:06:41:55 -0500] "POST /kwsrmcab/Wsrmcab  HTTP/1.1" 200 40655
172.22.2.4 - - [04/Nov/2022:06:41:32 -0500] "HEAD /BLA/boletinlegal/ HTTP/1.1" 200 -
216.245.221.92 - - [04/Nov/2022:06:43:28 -0500] "HEAD / HTTP/1.1" 200 -
172.22.2.4 - - [04/Nov/2022:06:42:23 -0500] "GET /BLA/boletinlegal/ HTTP/1.1" 200 57725
40.77.167.52 - - [04/Nov/2022:06:44:46 -0500] "GET /galeria/carrusel/Carrusel/jquery.thumbnailScroller.js HTTP/1.1" 200 8157
40.77.167.33 - - [04/Nov/2022:06:44:51 -0500] "GET /bla/resoluciones/autos%202010/5779.pdf HTTP/1.1" 304 -
40.77.167.33 - - [04/Nov/2022:06:44:51 -0500] "GET /galeria/carrusel/Carrusel/jquery.thumbnailScroller.css HTTP/1.1" 200 2066
40.77.167.33 - - [04/Nov/2022:06:44:51 -0500] "GET /galeria/nivo-slider/demo/banner.html HTTP/1.1" 200 5446
40.77.167.33 - - [04/Nov/2022:06:44:52 -0500] "GET /sipse/faces/javax.faces.resource/layout/layout.js;jsessionid=qr0c+tszehnqjjatcmwglvzc.undefined?ln=primefaces&v=4.0 HTTP/1.1" 200 87560
40.77.167.57 - - [04/Nov/2022:06:44:56 -0500] "GET /galeria/carrusel/Carrusel/jquery-ui-1.8.13.custom.min.js HTTP/1.1" 200 10800
77.88.5.173 - - [04/Nov/2022:06:45:01 -0500] "-" 408 -
201.245.192.253 - - [04/Nov/2022:06:46:54 -0500] "POST /kwsrmcab/Wsrmcab  HTTP/1.1" 200 40655
40.77.190.122 - - [04/Nov/2022:06:47:12 -0500] "GET /portaldeninos/wp-content/themes/betheme/fonts/mfn-icons.woff?93978679 HTTP/1.1" 200 80932
216.245.221.92 - - [04/Nov/2022:06:48:28 -0500] "HEAD / HTTP/1.1" 200 -
172.22.2.4 - - [04/Nov/2022:06:47:22 -0500] "HEAD /BLA/boletinlegal/ HTTP/1.1" 200 -
185.119.81.103 - - [04/Nov/2022:06:49:45 -0500] "GET /portaldeninos/wp-login.php HTTP/1.1" 200 2592
185.119.81.103 - - [04/Nov/2022:06:49:46 -0500] "POST /portaldeninos/wp-login.php HTTP/1.1" 200 3670
172.22.2.4 - - [04/Nov/2022:06:48:12 -0500] "GET /BLA/boletinlegal/ HTTP/1.1" 200 50395
40.77.167.3 - - [04/Nov/2022:06:50:38 -0500] "GET /sipse/faces/autenticacion.xhtml HTTP/1.1" 200 12504
201.245.192.253 - - [04/Nov/2022:06:51:53 -0500] "POST /kwsrmcab/Wsrmcab  HTTP/1.1" 200 40655
185.119.81.103 - - [04/Nov/2022:06:52:17 -0500] "GET /portaldeninos/wp-login.php HTTP/1.1" 200 2592
185.119.81.103 - - [04/Nov/2022:06:52:18 -0500] "POST /portaldeninos/wp-login.php HTTP/1.1" 200 3605
109.237.98.226 - - [04/Nov/2022:06:53:13 -0500] "GET /.env HTTP/1.1" 404 1018
109.237.98.226 - - [04/Nov/2022:06:53:13 -0500] "\x16\x03\x01\x01H\x01" 400 226
216.245.221.92 - - [04/Nov/2022:06:53:28 -0500] "HEAD / HTTP/1.1" 200 -
172.22.2.4 - - [04/Nov/2022:06:53:12 -0500] "HEAD /BLA/boletinlegal/ HTTP/1.1" 200 -
173.252.87.17 - - [04/Nov/2022:06:54:53 -0500] "GET /images/jardines-verticales-4-marzo.jpg HTTP/1.1" 200 54804
93.158.161.71 - - [04/Nov/2022:06:55:01 -0500] "-" 408 -
190.9.218.188 - - [04/Nov/2022:06:55:11 -0500] "GET /kwssiamovil/sm/ldap/au?x=U2FsdGVkX19zXFW/dXAnhFAUJ0vOjmkIFU2olK/QcXG4PZM66jGPtgKhJt9kgryo&y=U2FsdGVkX18yhG9k0fvynlv7xxRSxB7N4JM7nVKQ3JhW61blsPOFjyySXx96WkYQ HTTP/1.1" 200 31
190.9.218.188 - - [04/Nov/2022:06:55:13 -0500] "GET /kwssiamovil/sm/ldap/au?x=U2FsdGVkX1+GDOtJ2Ak19C6g967/fI6F8DYeqSqhyQyjzB4Gv26BQrJ6TP+IAnKX&y=U2FsdGVkX18xQyX9mgNDatLKkFJE1+SA0tMlmm4fZBiYf1w501gDCmo/r/5v/3Dd HTTP/1.1" 200 31
190.9.218.188 - - [04/Nov/2022:06:55:14 -0500] "GET /kwssiamovil/sm/ldap/au?x=U2FsdGVkX18K+qxBUoh4jt+0EQqDCJkcAhmzJFImU6cCxYSERWpb9W1c91wniUR5&y=U2FsdGVkX19XOALeuiUV4OKlhvezG5zhLljVQC8dir/lsmoF5YbGw7lPtRwFRfPE HTTP/1.1" 200 31
190.9.218.188 - - [04/Nov/2022:06:55:15 -0500] "GET /kwssiamovil/sm/ldap/au?x=U2FsdGVkX19Ff+uNC6KtvNH8z6k66802eS0vachZLrLiVGbbjK1J1QwFfNlNnllV&y=U2FsdGVkX1/ufqA0TTpm8vr5nQmSWXq5uICEZ4UsQalRDgMqAyG5oVqDUzw7V33O HTTP/1.1" 200 31
190.9.218.188 - - [04/Nov/2022:06:55:15 -0500] "GET /kwssiamovil/sm/ldap/au?x=U2FsdGVkX18HhjHq/ONyOhOJN1VzZ48wXeUwvp6vO5BrEgZLTQn9OPm8KkWNG8NH&y=U2FsdGVkX19UcuI5mHRdsZWTxnFPcecP7KXPRvFehZnLBMpX9yZ6xu1NyvANtQGQ HTTP/1.1" 200 31
173.252.107.11 - - [04/Nov/2022:06:55:20 -0500] "GET /secretaria-de-ambiente-abre-ciclo-de-capacitaciones-sobre-techos-verdes-y-jardines-verticales.html HTTP/1.1" 206 1078
172.22.2.4 - - [04/Nov/2022:06:54:02 -0500] "GET /BLA/boletinlegal/ HTTP/1.1" 200 59828
183.136.225.32 - - [04/Nov/2022:06:56:31 -0500] "GET / HTTP/1.1" 200 319
201.245.192.253 - - [04/Nov/2022:06:56:52 -0500] "POST /kwsrmcab/Wsrmcab  HTTP/1.1" 200 40655
216.245.221.92 - - [04/Nov/2022:06:58:28 -0500] "HEAD / HTTP/1.1" 200 -
172.22.2.4 - - [04/Nov/2022:06:59:02 -0500] "HEAD /BLA/boletinlegal/ HTTP/1.1" 200 -
40.77.188.202 - - [04/Nov/2022:07:00:45 -0500] "GET /galeria/nivo-slider/themes/pascal/pascal.css HTTP/1.1" 200 2258
40.77.189.100 - - [04/Nov/2022:07:00:45 -0500] "GET /galeria/nivo-slider/themes/default/default.css HTTP/1.1" 200 1569
40.77.188.42 - - [04/Nov/2022:07:00:45 -0500] "GET /galeria/nivo-slider/themes/orman/orman.css HTTP/1.1" 200 2152
40.77.190.106 - - [04/Nov/2022:07:00:46 -0500] "GET /galeria/nivo-slider/nivo-slider.css HTTP/1.1" 200 1507
40.77.189.11 - - [04/Nov/2022:07:00:46 -0500] "GET /galeria/nivo-slider/jquery.nivo.slider.pack.js HTTP/1.1" 200 11561
40.77.188.160 - - [04/Nov/2022:07:00:46 -0500] "GET /galeria/nivo-slider/demo/style.css HTTP/1.1" 200 2222
40.77.190.106 - - [04/Nov/2022:07:00:49 -0500] "GET /galeria/nivo-slider/demo/scripts/jquery-1.7.1.min.js HTTP/1.1" 200 93868
172.22.2.4 - - [04/Nov/2022:06:59:52 -0500] "GET /BLA/boletinlegal/ HTTP/1.1" 200 59828
201.245.192.253 - - [04/Nov/2022:07:01:53 -0500] "POST /kwsrmcab/Wsrmcab  HTTP/1.1" 200 40655
216.245.221.92 - - [04/Nov/2022:07:03:28 -0500] "HEAD / HTTP/1.1" 200 -
77.88.5.209 - - [04/Nov/2022:07:05:01 -0500] "-" 408 -
172.22.2.4 - - [04/Nov/2022:07:04:52 -0500] "HEAD /BLA/boletinlegal/ HTTP/1.1" 200 -
201.245.192.253 - - [04/Nov/2022:07:06:50 -0500] "POST /kwsrmcab/Wsrmcab  HTTP/1.1" 200 40655
128.1.248.34 - - [04/Nov/2022:07:06:58 -0500] "GET / HTTP/1.1" 200 319
122.194.11.119 - - [04/Nov/2022:07:06:59 -0500] "GET /boaform/admin/formLogin?username=adminisp&psd=adminisp HTTP/1.0" 404 1019
172.22.2.4 - - [04/Nov/2022:07:05:42 -0500] "GET /BLA/boletinlegal/ HTTP/1.1" 200 58163
172.22.2.4 - - [04/Nov/2022:07:07:26 -0500] "GET /BLA/boletinlegal/ab2g HTTP/1.1" 404 1018
172.22.2.4 - - [04/Nov/2022:07:07:33 -0500] "GET /BLA/boletinlegal/ HTTP/1.1" 200 32715
216.245.221.92 - - [04/Nov/2022:07:08:28 -0500] "HEAD / HTTP/1.1" 200 -
201.245.192.253 - - [04/Nov/2022:07:08:38 -0500] "GET /sipse/faces/index.xhtml HTTP/1.1" 200 677
201.245.192.253 - - [04/Nov/2022:07:08:38 -0500] "GET /sipse/faces/javax.faces.resource/theme.css?ln=primefaces-sipse HTTP/1.1" 304 -
201.245.192.253 - - [04/Nov/2022:07:08:38 -0500] "GET /sipse/faces/faces/autenticacion.xhtml HTTP/1.1" 200 12182
201.245.192.253 - - [04/Nov/2022:07:08:38 -0500] "GET /sipse/faces/javax.faces.resource/theme.css?ln=primefaces-sipse HTTP/1.1" 304 -
201.245.192.253 - - [04/Nov/2022:07:08:38 -0500] "GET /sipse/faces/javax.faces.resource/primefaces.css?ln=primefaces&v=4.0 HTTP/1.1" 304 -
201.245.192.253 - - [04/Nov/2022:07:08:38 -0500] "GET /sipse/faces/javax.faces.resource/layout/layout.js?ln=primefaces&v=4.0 HTTP/1.1" 304 -
201.245.192.253 - - [04/Nov/2022:07:08:38 -0500] "GET /sipse/faces/javax.faces.resource/primefaces.js?ln=primefaces&v=4.0 HTTP/1.1" 304 -
201.245.192.253 - - [04/Nov/2022:07:08:38 -0500] "GET /sipse/faces/javax.faces.resource/jquery/jquery.js?ln=primefaces&v=4.0 HTTP/1.1" 304 -
201.245.192.253 - - [04/Nov/2022:07:08:38 -0500] "GET /sipse/faces/javax.faces.resource/jquery/jquery-plugins.js?ln=primefaces&v=4.0 HTTP/1.1" 304 -
201.245.192.253 - - [04/Nov/2022:07:08:38 -0500] "GET /sipse/faces/javax.faces.resource/layout/layout.css?ln=primefaces&v=4.0 HTTP/1.1" 304 -
201.245.192.253 - - [04/Nov/2022:07:08:38 -0500] "GET /sipse/faces/javax.faces.resource/images/ui-icons_898989_256x240.png?ln=primefaces-aristo HTTP/1.1" 304 -
201.245.192.253 - - [04/Nov/2022:07:08:40 -0500] "POST /sipse/faces/autenticacion.xhtml HTTP/1.1" 200 2221
201.245.192.253 - - [04/Nov/2022:07:08:40 -0500] "GET /sipse/faces/javax.faces.resource/messages/messages.png?ln=primefaces&v=4.0 HTTP/1.1" 304 -
201.245.192.253 - - [04/Nov/2022:07:08:41 -0500] "POST /sipse/faces/autenticacion.xhtml HTTP/1.1" 200 16234
201.245.192.253 - - [04/Nov/2022:07:08:41 -0500] "GET /sipse/faces/javax.faces.resource/theme.css?ln=primefaces-sipse HTTP/1.1" 304 -
201.245.192.253 - - [04/Nov/2022:07:08:41 -0500] "GET /sipse/faces/javax.faces.resource/primefaces.css?ln=primefaces&v=4.0 HTTP/1.1" 304 -
201.245.192.253 - - [04/Nov/2022:07:08:41 -0500] "GET /sipse/faces/javax.faces.resource/layout/layout.css?ln=primefaces&v=4.0 HTTP/1.1" 304 -
201.245.192.253 - - [04/Nov/2022:07:08:41 -0500] "GET /sipse/faces/javax.faces.resource/jquery/jquery.js?ln=primefaces&v=4.0 HTTP/1.1" 304 -
201.245.192.253 - - [04/Nov/2022:07:08:41 -0500] "GET /sipse/faces/javax.faces.resource/jquery/jquery-plugins.js?ln=primefaces&v=4.0 HTTP/1.1" 304 -
201.245.192.253 - - [04/Nov/2022:07:08:41 -0500] "GET /sipse/faces/javax.faces.resource/primefaces.js?ln=primefaces&v=4.0 HTTP/1.1" 304 -
201.245.192.253 - - [04/Nov/2022:07:08:41 -0500] "GET /sipse/faces/javax.faces.resource/layout/layout.js?ln=primefaces&v=4.0 HTTP/1.1" 304 -
201.245.192.253 - - [04/Nov/2022:07:08:41 -0500] "GET /sipse/css/imagen/contrasena.png HTTP/1.1" 404 383
201.245.192.253 - - [04/Nov/2022:07:08:42 -0500] "GET /sipse/faces/javax.faces.resource/images/ui-bg_flat_0_2d5972_40x100.png?ln=primefaces-aristo HTTP/1.1" 304 -
201.245.192.253 - - [04/Nov/2022:07:08:42 -0500] "POST /sipse/faces/bienvenido.xhtml HTTP/1.1" 200 2658
201.245.192.253 - - [04/Nov/2022:07:08:43 -0500] "POST /sipse/faces/bienvenido.xhtml HTTP/1.1" 200 66403
201.245.192.253 - - [04/Nov/2022:07:08:45 -0500] "GET /sipse/faces/javax.faces.resource/primefaces.css?ln=primefaces&v=4.0 HTTP/1.1" 304 -
201.245.192.253 - - [04/Nov/2022:07:08:45 -0500] "GET /sipse/faces/javax.faces.resource/layout/layout.css?ln=primefaces&v=4.0 HTTP/1.1" 304 -
201.245.192.253 - - [04/Nov/2022:07:08:45 -0500] "GET /sipse/faces/javax.faces.resource/theme.css?ln=primefaces-sipse HTTP/1.1" 304 -
201.245.192.253 - - [04/Nov/2022:07:08:45 -0500] "GET /sipse/faces/javax.faces.resource/jquery/jquery.js?ln=primefaces&v=4.0 HTTP/1.1" 304 -
201.245.192.253 - - [04/Nov/2022:07:08:45 -0500] "GET /sipse/faces/javax.faces.resource/jquery/jquery-plugins.js?ln=primefaces&v=4.0 HTTP/1.1" 304 -
201.245.192.253 - - [04/Nov/2022:07:08:45 -0500] "GET /sipse/faces/javax.faces.resource/primefaces.js?ln=primefaces&v=4.0 HTTP/1.1" 304 -
201.245.192.253 - - [04/Nov/2022:07:08:45 -0500] "GET /sipse/faces/javax.faces.resource/layout/layout.js?ln=primefaces&v=4.0 HTTP/1.1" 304 -
201.245.192.253 - - [04/Nov/2022:07:08:45 -0500] "POST /sipse/faces/presentacion/financiero/solicitudProceso/listarSolicitudProceso.xhtml HTTP/1.1" 200 1560
201.245.192.253 - - [04/Nov/2022:07:09:08 -0500] "POST /sipse/faces/presentacion/financiero/solicitudProceso/listarSolicitudProceso.xhtml HTTP/1.1" 200 139514
201.245.192.253 - - [04/Nov/2022:07:09:09 -0500] "GET /sipse/faces/javax.faces.resource/theme.css?ln=primefaces-sipse HTTP/1.1" 304 -
201.245.192.253 - - [04/Nov/2022:07:09:09 -0500] "GET /sipse/faces/javax.faces.resource/primefaces.css?ln=primefaces&v=4.0 HTTP/1.1" 304 -
201.245.192.253 - - [04/Nov/2022:07:09:09 -0500] "GET /sipse/faces/javax.faces.resource/layout/layout.css?ln=primefaces&v=4.0 HTTP/1.1" 304 -
201.245.192.253 - - [04/Nov/2022:07:09:09 -0500] "GET /sipse/faces/javax.faces.resource/jquery/jquery.js?ln=primefaces&v=4.0 HTTP/1.1" 304 -
201.245.192.253 - - [04/Nov/2022:07:09:09 -0500] "GET /sipse/faces/javax.faces.resource/jquery/jquery-plugins.js?ln=primefaces&v=4.0 HTTP/1.1" 304 -
201.245.192.253 - - [04/Nov/2022:07:09:09 -0500] "GET /sipse/faces/javax.faces.resource/primefaces.js?ln=primefaces&v=4.0 HTTP/1.1" 304 -
201.245.192.253 - - [04/Nov/2022:07:09:09 -0500] "GET /sipse/faces/javax.faces.resource/layout/layout.js?ln=primefaces&v=4.0 HTTP/1.1" 304 -
201.245.192.253 - - [04/Nov/2022:07:09:12 -0500] "POST /sipse/faces/presentacion/financiero/solicitudProceso/consultarSolicitudProceso.xhtml HTTP/1.1" 200 35471
201.245.192.253 - - [04/Nov/2022:07:09:13 -0500] "GET /sipse/faces/javax.faces.resource/theme.css?ln=primefaces-sipse HTTP/1.1" 304 -
201.245.192.253 - - [04/Nov/2022:07:09:13 -0500] "GET /sipse/faces/javax.faces.resource/primefaces.css?ln=primefaces&v=4.0 HTTP/1.1" 304 -
