186.154.46.28 - - [07/Nov/2022:13:43:38 -0500] "GET /BLA/resoluciones/RESOLUCIONES%202022/3145.pdf HTTP/1.1" 200 407831
186.154.46.28 - - [07/Nov/2022:13:43:58 -0500] "GET /BLA/resoluciones/RESOLUCIONES%202022/3143.pdf HTTP/1.1" 200 381434
186.154.46.28 - - [07/Nov/2022:13:44:11 -0500] "GET /BLA/resoluciones/RESOLUCIONES%202022/3139.pdf HTTP/1.1" 200 345050
172.22.2.4 - - [07/Nov/2022:13:42:34 -0500] "HEAD /BLA/boletinlegal/ HTTP/1.1" 200 -
186.154.46.28 - - [07/Nov/2022:13:44:21 -0500] "GET /BLA/resoluciones/RESOLUCIONES%202022/3138.pdf HTTP/1.1" 200 400489
152.89.196.211 - - [07/Nov/2022:13:44:24 -0500] "-" 408 -
186.154.46.28 - - [07/Nov/2022:13:44:43 -0500] "GET /BLA/resoluciones/RESOLUCIONES%202022/3135.pdf HTTP/1.1" 200 428872
190.14.255.4 - - [07/Nov/2022:13:44:53 -0500] "GET /galeria/galeria/jquery.fancybox.css?v=2.1.5 HTTP/1.1" 200 4895
190.14.255.4 - - [07/Nov/2022:13:44:53 -0500] "GET /galeria/galeria/jquery.fancybox.js?v=2.1.5 HTTP/1.1" 200 48706
190.14.255.4 - - [07/Nov/2022:13:44:53 -0500] "GET /BLA/boletinlegal/js/jquery.scrollShow.js HTTP/1.1" 200 4586
216.245.221.92 - - [07/Nov/2022:13:44:53 -0500] "HEAD / HTTP/1.1" 200 -
186.154.46.28 - - [07/Nov/2022:13:44:57 -0500] "GET /BLA/resoluciones/RESOLUCIONES%202022/3123.pdf HTTP/1.1" 200 383514
185.119.81.101 - - [07/Nov/2022:13:45:00 -0500] "GET /portaldeninos/wp-login.php HTTP/1.1" 200 2592
185.119.81.101 - - [07/Nov/2022:13:45:01 -0500] "POST /portaldeninos/wp-login.php HTTP/1.1" 200 3650
172.22.2.4 - - [07/Nov/2022:13:43:25 -0500] "GET /BLA/boletinlegal/ HTTP/1.1" 200 57725
186.154.46.28 - - [07/Nov/2022:13:45:12 -0500] "GET /BLA/resoluciones/RESOLUCIONES%202022/3118.pdf HTTP/1.1" 200 419852
186.154.46.28 - - [07/Nov/2022:13:45:28 -0500] "GET /BLA/resoluciones/RESOLUCIONES%202022/3117.pdf HTTP/1.1" 200 387245
186.154.46.28 - - [07/Nov/2022:13:45:41 -0500] "GET /BLA/resoluciones/RESOLUCIONES%202022/3115.pdf HTTP/1.1" 200 405069
186.154.46.28 - - [07/Nov/2022:13:45:52 -0500] "GET /BLA/resoluciones/RESOLUCIONES%202022/3114.pdf HTTP/1.1" 200 650308
186.154.46.28 - - [07/Nov/2022:13:46:03 -0500] "GET /BLA/resoluciones/RESOLUCIONES%202022/3113.pdf HTTP/1.1" 200 781986
186.154.46.28 - - [07/Nov/2022:13:46:15 -0500] "GET /BLA/resoluciones/RESOLUCIONES%202022/3084.pdf HTTP/1.1" 200 787852
186.154.46.28 - - [07/Nov/2022:13:46:30 -0500] "GET /BLA/resoluciones/RESOLUCIONES%202022/3079.pdf HTTP/1.1" 200 355845
186.154.46.28 - - [07/Nov/2022:13:46:42 -0500] "GET /BLA/resoluciones/RESOLUCIONES%202022/3071.pdf HTTP/1.1" 200 365986
186.154.46.28 - - [07/Nov/2022:13:46:50 -0500] "GET /BLA/resoluciones/RESOLUCIONES%202022/3076.pdf HTTP/1.1" 200 854869
186.154.46.28 - - [07/Nov/2022:13:46:55 -0500] "GET /BLA/resoluciones/RESOLUCIONES%202022/3045.pdf HTTP/1.1" 200 405341
186.154.46.28 - - [07/Nov/2022:13:47:05 -0500] "GET /BLA/resoluciones/RESOLUCIONES%202022/3043.pdf HTTP/1.1" 200 359758
186.154.46.28 - - [07/Nov/2022:13:47:17 -0500] "GET /BLA/resoluciones/RESOLUCIONES%202022/3022.pdf HTTP/1.1" 200 8578680
186.154.46.28 - - [07/Nov/2022:13:47:16 -0500] "GET /BLA/resoluciones/RESOLUCIONES%202022/3022.pdf HTTP/1.1" 200 8578680
186.154.46.28 - - [07/Nov/2022:13:47:28 -0500] "GET /BLA/resoluciones/RESOLUCIONES%202022/3018.pdf HTTP/1.1" 200 1090009
186.154.46.28 - - [07/Nov/2022:13:47:33 -0500] "GET /BLA/resoluciones/RESOLUCIONES%202022/3013.pdf HTTP/1.1" 200 335776
186.154.46.28 - - [07/Nov/2022:13:47:38 -0500] "GET /BLA/resoluciones/RESOLUCIONES%202022/3007.pdf HTTP/1.1" 200 458268
201.245.192.253 - - [07/Nov/2022:13:47:37 -0500] "POST /kwsrmcab/Wsrmcab  HTTP/1.1" 200 40655
186.154.46.28 - - [07/Nov/2022:13:47:46 -0500] "GET /BLA/resoluciones/RESOLUCIONES%202022/3006.pdf HTTP/1.1" 200 471813
186.154.46.28 - - [07/Nov/2022:13:47:51 -0500] "GET /BLA/resoluciones/RESOLUCIONES%202022/3005.pdf HTTP/1.1" 200 461312
186.154.46.28 - - [07/Nov/2022:13:48:04 -0500] "GET /BLA/resoluciones/RESOLUCIONES%202022/3003.pdf HTTP/1.1" 200 463892
186.154.46.28 - - [07/Nov/2022:13:48:10 -0500] "GET /BLA/resoluciones/RESOLUCIONES%202022/3002.pdf HTTP/1.1" 200 402592
186.154.46.28 - - [07/Nov/2022:13:48:15 -0500] "GET /BLA/resoluciones/RESOLUCIONES%202022/3001.pdf HTTP/1.1" 200 398962
186.154.46.28 - - [07/Nov/2022:13:48:19 -0500] "GET /BLA/resoluciones/RESOLUCIONES%202022/3000.pdf HTTP/1.1" 200 384784
186.154.46.28 - - [07/Nov/2022:13:48:30 -0500] "GET /BLA/resoluciones/RESOLUCIONES%202022/2998.pdf HTTP/1.1" 200 385125
186.154.46.28 - - [07/Nov/2022:13:48:35 -0500] "GET /BLA/resoluciones/RESOLUCIONES%202022/2996.pdf HTTP/1.1" 200 386973
186.154.46.28 - - [07/Nov/2022:13:48:41 -0500] "GET /BLA/resoluciones/RESOLUCIONES%202022/2991.pdf HTTP/1.1" 200 596346
186.154.46.28 - - [07/Nov/2022:13:48:46 -0500] "GET /BLA/resoluciones/RESOLUCIONES%202022/2988.pdf HTTP/1.1" 200 674793
186.154.46.28 - - [07/Nov/2022:13:48:58 -0500] "GET /BLA/resoluciones/RESOLUCIONES%202022/2987.pdf HTTP/1.1" 200 473000
186.154.46.28 - - [07/Nov/2022:13:49:08 -0500] "GET /BLA/resoluciones/RESOLUCIONES%202022/2984.pdf HTTP/1.1" 200 336000
186.154.46.28 - - [07/Nov/2022:13:49:14 -0500] "GET /BLA/resoluciones/RESOLUCIONES%202022/2980.pdf HTTP/1.1" 200 490105
186.154.46.28 - - [07/Nov/2022:13:49:21 -0500] "GET /BLA/resoluciones/RESOLUCIONES%202022/2977.pdf HTTP/1.1" 200 404827
152.89.196.211 - - [07/Nov/2022:13:49:25 -0500] "GET /index.php?s=/Index/\\think\\app/invokefunction&function=call_user_func_array&vars[0]=md5&vars[1][]=HelloThinkPHP21 HTTP/1.1" 404 1018
186.154.46.28 - - [07/Nov/2022:13:49:25 -0500] "GET /BLA/resoluciones/RESOLUCIONES%202022/2976.pdf HTTP/1.1" 200 445962
186.154.46.28 - - [07/Nov/2022:13:49:43 -0500] "GET /BLA/resoluciones/RESOLUCIONES%202022/2974.pdf HTTP/1.1" 200 443497
216.245.221.92 - - [07/Nov/2022:13:49:53 -0500] "HEAD / HTTP/1.1" 200 -
186.154.46.28 - - [07/Nov/2022:13:49:55 -0500] "GET /BLA/resoluciones/RESOLUCIONES%202022/2972.pdf HTTP/1.1" 200 541292
186.154.46.28 - - [07/Nov/2022:13:50:02 -0500] "GET /BLA/resoluciones/RESOLUCIONES%202022/2970.pdf HTTP/1.1" 200 459207
172.22.2.4 - - [07/Nov/2022:13:48:24 -0500] "HEAD /BLA/boletinlegal/ HTTP/1.1" 200 -
186.154.46.28 - - [07/Nov/2022:13:50:13 -0500] "GET /BLA/resoluciones/RESOLUCIONES%202022/2968.pdf HTTP/1.1" 200 446480
186.154.46.28 - - [07/Nov/2022:13:50:26 -0500] "GET /BLA/resoluciones/RESOLUCIONES%202022/2967.pdf HTTP/1.1" 200 483247
186.154.46.28 - - [07/Nov/2022:13:50:32 -0500] "GET /BLA/resoluciones/RESOLUCIONES%202022/2964.pdf HTTP/1.1" 200 359661
186.154.46.28 - - [07/Nov/2022:13:50:43 -0500] "GET /BLA/resoluciones/RESOLUCIONES%202022/2963.pdf HTTP/1.1" 200 370400
191.95.21.78 - - [07/Nov/2022:13:50:52 -0500] "GET /galeria/galeria/jquery.fancybox.css?v=2.1.5 HTTP/1.1" 200 4895
172.22.2.4 - - [07/Nov/2022:13:49:15 -0500] "GET /BLA/boletinlegal/ HTTP/1.1" 200 57725
172.22.2.4 - - [07/Nov/2022:13:51:48 -0500] "GET /BLA/boletinlegal/actos.php HTTP/1.1" 200 9566
186.154.46.28 - - [07/Nov/2022:13:51:50 -0500] "GET /BLA/resoluciones/ HTTP/1.1" 200 13093
186.154.46.28 - - [07/Nov/2022:13:51:53 -0500] "GET /BLA/resoluciones/index.php?dir=RESOLUCIONES+2022%2F HTTP/1.1" 200 209704
201.245.192.253 - - [07/Nov/2022:13:51:54 -0500] "POST /sipse/faces/presentacion/proyectos/proyecto/proyecto.xhtml HTTP/1.1" 200 81589
201.245.192.253 - - [07/Nov/2022:13:51:54 -0500] "GET /sipse/faces/javax.faces.resource/jquery/jquery.js?ln=primefaces&v=4.0 HTTP/1.1" 304 -
201.245.192.253 - - [07/Nov/2022:13:51:54 -0500] "GET /sipse/faces/javax.faces.resource/jquery/jquery-plugins.js?ln=primefaces&v=4.0 HTTP/1.1" 304 -
201.245.192.253 - - [07/Nov/2022:13:51:54 -0500] "GET /sipse/faces/javax.faces.resource/primefaces.js?ln=primefaces&v=4.0 HTTP/1.1" 304 -
201.245.192.253 - - [07/Nov/2022:13:51:54 -0500] "GET /sipse/faces/javax.faces.resource/layout/layout.js?ln=primefaces&v=4.0 HTTP/1.1" 304 -
201.245.192.253 - - [07/Nov/2022:13:51:54 -0500] "POST /sipse/faces/presentacion/proyectos/proyecto/listarProyecto.xhtml HTTP/1.1" 200 75022
201.245.192.253 - - [07/Nov/2022:13:51:54 -0500] "POST /sipse/faces/presentacion/proyectos/proyecto/listarProyecto.xhtml HTTP/1.1" 200 75022
201.245.192.253 - - [07/Nov/2022:13:51:54 -0500] "POST /sipse/faces/presentacion/proyectos/proyecto/listarProyecto.xhtml HTTP/1.1" 200 75022
201.245.192.253 - - [07/Nov/2022:13:51:54 -0500] "POST /sipse/faces/presentacion/proyectos/proyecto/listarProyecto.xhtml HTTP/1.1" 200 75022
201.245.192.253 - - [07/Nov/2022:13:52:00 -0500] "POST /sipse/faces/presentacion/proyectos/proyecto/listarProyecto.xhtml HTTP/1.1" 200 163
201.245.192.253 - - [07/Nov/2022:13:52:02 -0500] "GET /sipse/faces/javax.faces.resource/primefaces.css?ln=primefaces&v=4.0 HTTP/1.1" 304 -
201.245.192.253 - - [07/Nov/2022:13:52:02 -0500] "GET /sipse/faces/javax.faces.resource/theme.css?ln=primefaces-sipse HTTP/1.1" 304 -
201.245.192.253 - - [07/Nov/2022:13:52:02 -0500] "GET /sipse/faces/javax.faces.resource/layout/layout.css?ln=primefaces&v=4.0 HTTP/1.1" 304 -
201.245.192.253 - - [07/Nov/2022:13:52:02 -0500] "GET /sipse/faces/javax.faces.resource/jquery/jquery.js?ln=primefaces&v=4.0 HTTP/1.1" 304 -
201.245.192.253 - - [07/Nov/2022:13:52:02 -0500] "GET /sipse/faces/javax.faces.resource/jquery/jquery-plugins.js?ln=primefaces&v=4.0 HTTP/1.1" 304 -
201.245.192.253 - - [07/Nov/2022:13:52:02 -0500] "GET /sipse/faces/javax.faces.resource/layout/layout.js?ln=primefaces&v=4.0 HTTP/1.1" 304 -
201.245.192.253 - - [07/Nov/2022:13:52:02 -0500] "GET /sipse/faces/javax.faces.resource/primefaces.js?ln=primefaces&v=4.0 HTTP/1.1" 304 -
201.245.192.253 - - [07/Nov/2022:13:52:01 -0500] "GET /sipse/faces/presentacion/proyectos/proyecto/proyecto.xhtml HTTP/1.1" 200 87342
201.245.192.253 - - [07/Nov/2022:13:52:02 -0500] "GET /sipse/faces/javax.faces.resource/images/ui-icons_898989_256x240.png?ln=primefaces-aristo HTTP/1.1" 304 -
201.245.192.253 - - [07/Nov/2022:13:52:02 -0500] "GET /sipse/faces/javax.faces.resource/images/ui-bg_flat_0_2d5972_40x100.png?ln=primefaces-aristo HTTP/1.1" 304 -
201.245.192.253 - - [07/Nov/2022:13:52:02 -0500] "POST /sipse/faces/presentacion/proyectos/proyecto/proyecto.xhtml HTTP/1.1" 200 3273
201.245.192.253 - - [07/Nov/2022:13:52:07 -0500] "POST /sipse/faces/presentacion/proyectos/proyecto/proyecto.xhtml HTTP/1.1" 200 44408
201.245.192.253 - - [07/Nov/2022:13:52:10 -0500] "GET /sipse/faces/javax.faces.resource/spacer/dot_clear.gif?ln=primefaces&v=4.0 HTTP/1.1" 304 -
201.245.192.253 - - [07/Nov/2022:13:52:10 -0500] "POST /sipse/faces/presentacion/proyectos/proyecto/proyecto.xhtml HTTP/1.1" 200 3962
172.22.2.4 - - [07/Nov/2022:13:51:44 -0500] "GET /BLA/boletinlegal/ HTTP/1.1" 200 24523
201.245.192.253 - - [07/Nov/2022:13:52:14 -0500] "POST /sipse/faces/presentacion/proyectos/proyecto/proyecto.xhtml HTTP/1.1" 200 72247
186.154.46.28 - - [07/Nov/2022:13:52:19 -0500] "GET /BLA/resoluciones/RESOLUCIONES%202022/2962.pdf HTTP/1.1" 200 357846
186.154.46.28 - - [07/Nov/2022:13:52:24 -0500] "GET /BLA/resoluciones/RESOLUCIONES%202022/2959.pdf HTTP/1.1" 200 590250
201.245.192.253 - - [07/Nov/2022:13:52:36 -0500] "POST /kwsrmcab/Wsrmcab  HTTP/1.1" 200 40655
186.154.46.28 - - [07/Nov/2022:13:52:38 -0500] "GET /BLA/resoluciones/RESOLUCIONES%202022/2958.pdf HTTP/1.1" 200 920107
201.245.192.253 - - [07/Nov/2022:13:52:45 -0500] "POST /sipse/faces/presentacion/proyectos/proyecto/proyecto.xhtml HTTP/1.1" 200 10264
186.154.46.28 - - [07/Nov/2022:13:52:51 -0500] "GET /BLA/resoluciones/RESOLUCIONES%202022/2957.pdf HTTP/1.1" 200 917386
186.154.46.28 - - [07/Nov/2022:13:52:51 -0500] "GET /BLA/resoluciones/RESOLUCIONES%202022/2957.pdf HTTP/1.1" 206 1
186.154.46.28 - - [07/Nov/2022:13:52:51 -0500] "GET /BLA/resoluciones/RESOLUCIONES%202022/2957.pdf HTTP/1.1" 206 916206
186.154.46.28 - - [07/Nov/2022:13:52:56 -0500] "GET /BLA/resoluciones/RESOLUCIONES%202022/2956.pdf HTTP/1.1" 200 317444
201.245.192.253 - - [07/Nov/2022:13:52:55 -0500] "POST /sipse/faces/presentacion/proyectos/proyecto/proyecto.xhtml HTTP/1.1" 200 72267
186.154.46.28 - - [07/Nov/2022:13:53:06 -0500] "GET /BLA/resoluciones/RESOLUCIONES%202022/2955.pdf HTTP/1.1" 200 6107901
186.154.46.28 - - [07/Nov/2022:13:53:06 -0500] "GET /BLA/resoluciones/RESOLUCIONES%202022/2955.pdf HTTP/1.1" 200 6107901
186.154.46.28 - - [07/Nov/2022:13:53:12 -0500] "GET /BLA/resoluciones/RESOLUCIONES%202022/2954.pdf HTTP/1.1" 200 4539151
186.154.46.28 - - [07/Nov/2022:13:53:13 -0500] "GET /BLA/resoluciones/RESOLUCIONES%202022/2954.pdf HTTP/1.1" 200 4539151
186.154.46.28 - - [07/Nov/2022:13:53:29 -0500] "GET /BLA/resoluciones/RESOLUCIONES%202022/2944.pdf HTTP/1.1" 200 472171
186.154.46.28 - - [07/Nov/2022:13:53:46 -0500] "GET /BLA/resoluciones/RESOLUCIONES%202022/2942.pdf HTTP/1.1" 200 394751
186.154.46.28 - - [07/Nov/2022:13:53:58 -0500] "GET /BLA/resoluciones/RESOLUCIONES%202022/2940.pdf HTTP/1.1" 200 410543
186.154.46.28 - - [07/Nov/2022:13:54:15 -0500] "GET /BLA/resoluciones/RESOLUCIONES%202022/2938.pdf HTTP/1.1" 200 411505
186.154.46.28 - - [07/Nov/2022:13:54:41 -0500] "GET /BLA/resoluciones/RESOLUCIONES%202022/2937.pdf HTTP/1.1" 200 386576
186.154.46.28 - - [07/Nov/2022:13:54:52 -0500] "GET /BLA/resoluciones/RESOLUCIONES%202022/2936.pdf HTTP/1.1" 200 385764
216.245.221.92 - - [07/Nov/2022:13:54:53 -0500] "HEAD / HTTP/1.1" 200 -
186.154.46.28 - - [07/Nov/2022:13:55:02 -0500] "GET /BLA/resoluciones/RESOLUCIONES%202022/2935.pdf HTTP/1.1" 200 384329
186.154.46.28 - - [07/Nov/2022:13:55:14 -0500] "GET /BLA/resoluciones/RESOLUCIONES%202022/2934.pdf HTTP/1.1" 200 448673
186.154.46.28 - - [07/Nov/2022:13:55:27 -0500] "GET /BLA/resoluciones/RESOLUCIONES%202022/2933.pdf HTTP/1.1" 200 446111
172.22.2.4 - - [07/Nov/2022:13:54:14 -0500] "HEAD /BLA/boletinlegal/ HTTP/1.1" 200 -
172.22.2.4 - - [07/Nov/2022:13:55:05 -0500] "GET /BLA/boletinlegal/ HTTP/1.1" 200 57725
201.245.192.253 - - [07/Nov/2022:13:56:45 -0500] "POST /sipse/faces/presentacion/proyectos/proyecto/proyecto.xhtml HTTP/1.1" 200 58584
201.245.192.253 - - [07/Nov/2022:13:56:47 -0500] "GET /sipse/faces/javax.faces.resource/jquery/jquery.js?ln=primefaces&v=4.0 HTTP/1.1" 304 -
201.245.192.253 - - [07/Nov/2022:13:56:47 -0500] "GET /sipse/faces/javax.faces.resource/jquery/jquery-plugins.js?ln=primefaces&v=4.0 HTTP/1.1" 304 -
201.245.192.253 - - [07/Nov/2022:13:56:47 -0500] "GET /sipse/faces/javax.faces.resource/primefaces.js?ln=primefaces&v=4.0 HTTP/1.1" 304 -
201.245.192.253 - - [07/Nov/2022:13:56:47 -0500] "GET /sipse/faces/javax.faces.resource/layout/layout.js?ln=primefaces&v=4.0 HTTP/1.1" 304 -
201.245.192.253 - - [07/Nov/2022:13:57:00 -0500] "POST /sipse/faces/presentacion/proyectos/proyecto/presupuesto/presupuestoEntreActividades/seleccionarActividadesOrigen.xhtml HTTP/1.1" 200 1784
201.245.192.253 - - [07/Nov/2022:13:57:12 -0500] "POST /sipse/faces/presentacion/proyectos/proyecto/presupuesto/presupuestoEntreActividades/seleccionarActividadesOrigen.xhtml HTTP/1.1" 200 54966
201.245.192.253 - - [07/Nov/2022:13:57:12 -0500] "GET /sipse/faces/javax.faces.resource/jquery/jquery.js?ln=primefaces&v=4.0 HTTP/1.1" 304 -
201.245.192.253 - - [07/Nov/2022:13:57:12 -0500] "GET /sipse/faces/javax.faces.resource/jquery/jquery-plugins.js?ln=primefaces&v=4.0 HTTP/1.1" 304 -
201.245.192.253 - - [07/Nov/2022:13:57:13 -0500] "GET /sipse/faces/javax.faces.resource/primefaces.js?ln=primefaces&v=4.0 HTTP/1.1" 304 -
201.245.192.253 - - [07/Nov/2022:13:57:13 -0500] "GET /sipse/faces/javax.faces.resource/layout/layout.js?ln=primefaces&v=4.0 HTTP/1.1" 304 -
201.245.192.253 - - [07/Nov/2022:13:57:26 -0500] "POST /sipse/faces/presentacion/proyectos/proyecto/presupuesto/presupuestoEntreActividades/seleccionarActividadesDestino.xhtml HTTP/1.1" 200 41519
201.245.192.253 - - [07/Nov/2022:13:57:27 -0500] "GET /sipse/faces/javax.faces.resource/jquery/jquery.js?ln=primefaces&v=4.0 HTTP/1.1" 304 -
201.245.192.253 - - [07/Nov/2022:13:57:27 -0500] "GET /sipse/faces/javax.faces.resource/jquery/jquery-plugins.js?ln=primefaces&v=4.0 HTTP/1.1" 304 -
201.245.192.253 - - [07/Nov/2022:13:57:27 -0500] "GET /sipse/faces/javax.faces.resource/primefaces.js?ln=primefaces&v=4.0 HTTP/1.1" 304 -
201.245.192.253 - - [07/Nov/2022:13:57:27 -0500] "GET /sipse/faces/javax.faces.resource/layout/layout.js?ln=primefaces&v=4.0 HTTP/1.1" 304 -
201.245.192.253 - - [07/Nov/2022:13:57:35 -0500] "POST /kwsrmcab/Wsrmcab  HTTP/1.1" 200 40655
201.245.192.253 - - [07/Nov/2022:13:57:40 -0500] "POST /sipse/faces/presentacion/proyectos/proyecto/presupuesto/presupuestoEntreActividades/resumen.xhtml HTTP/1.1" 200 2330
201.245.192.253 - - [07/Nov/2022:13:58:11 -0500] "POST /sipse/faces/presentacion/proyectos/proyecto/presupuesto/presupuestoEntreActividades/resumen.xhtml HTTP/1.1" 200 2862
201.245.192.253 - - [07/Nov/2022:13:58:11 -0500] "POST /sipse/faces/presentacion/proyectos/proyecto/presupuesto/presupuestoEntreActividades/resumen.xhtml HTTP/1.1" 200 2694
201.245.192.253 - - [07/Nov/2022:13:58:18 -0500] "POST /sipse/faces/presentacion/proyectos/proyecto/presupuesto/presupuestoEntreActividades/resumen.xhtml HTTP/1.1" 200 63892
201.245.192.253 - - [07/Nov/2022:13:58:19 -0500] "GET /sipse/faces/javax.faces.resource/jquery/jquery.js?ln=primefaces&v=4.0 HTTP/1.1" 304 -
201.245.192.253 - - [07/Nov/2022:13:58:19 -0500] "GET /sipse/faces/javax.faces.resource/jquery/jquery-plugins.js?ln=primefaces&v=4.0 HTTP/1.1" 304 -
201.245.192.253 - - [07/Nov/2022:13:58:19 -0500] "GET /sipse/faces/javax.faces.resource/primefaces.js?ln=primefaces&v=4.0 HTTP/1.1" 304 -
201.245.192.253 - - [07/Nov/2022:13:58:19 -0500] "GET /sipse/faces/javax.faces.resource/layout/layout.js?ln=primefaces&v=4.0 HTTP/1.1" 304 -
201.245.192.253 - - [07/Nov/2022:13:58:19 -0500] "GET /sipse/faces/javax.faces.resource/messages/messages.png?ln=primefaces&v=4.0 HTTP/1.1" 304 -
201.245.192.253 - - [07/Nov/2022:13:58:19 -0500] "POST /sipse/faces/presentacion/proyectos/proyecto/proyecto.xhtml HTTP/1.1" 200 3421
201.245.192.253 - - [07/Nov/2022:13:58:24 -0500] "POST /sipse/faces/presentacion/proyectos/proyecto/proyecto.xhtml HTTP/1.1" 200 44444
201.245.192.253 - - [07/Nov/2022:13:58:27 -0500] "POST /sipse/faces/presentacion/proyectos/proyecto/proyecto.xhtml HTTP/1.1" 200 4002
201.245.192.253 - - [07/Nov/2022:13:58:31 -0500] "POST /sipse/faces/presentacion/proyectos/proyecto/proyecto.xhtml HTTP/1.1" 200 72279
186.154.46.28 - - [07/Nov/2022:13:59:14 -0500] "GET /BLA/resoluciones/RESOLUCIONES%202022/2932.pdf HTTP/1.1" 200 378053
186.154.46.28 - - [07/Nov/2022:13:59:25 -0500] "GET /BLA/resoluciones/RESOLUCIONES%202022/2931.pdf HTTP/1.1" 200 392068
186.154.46.28 - - [07/Nov/2022:13:59:36 -0500] "GET /BLA/resoluciones/RESOLUCIONES%202022/2913.pdf HTTP/1.1" 200 470601
186.154.46.28 - - [07/Nov/2022:13:59:47 -0500] "GET /BLA/resoluciones/RESOLUCIONES%202022/2910.pdf HTTP/1.1" 200 415694
216.245.221.92 - - [07/Nov/2022:13:59:53 -0500] "HEAD / HTTP/1.1" 200 -
186.154.46.28 - - [07/Nov/2022:13:59:58 -0500] "GET /BLA/resoluciones/RESOLUCIONES%202022/2899.pdf HTTP/1.1" 200 2787322
186.154.46.28 - - [07/Nov/2022:13:59:58 -0500] "GET /BLA/resoluciones/RESOLUCIONES%202022/2899.pdf HTTP/1.1" 200 2787322
186.154.46.28 - - [07/Nov/2022:14:00:04 -0500] "GET /BLA/resoluciones/RESOLUCIONES%202022/2896.pdf HTTP/1.1" 200 356823
186.154.46.28 - - [07/Nov/2022:14:00:08 -0500] "GET /BLA/resoluciones/RESOLUCIONES%202022/2895.pdf HTTP/1.1" 200 431819
186.154.46.28 - - [07/Nov/2022:14:00:12 -0500] "GET /BLA/resoluciones/RESOLUCIONES%202022/2894.pdf HTTP/1.1" 200 414271
185.220.101.24 - - [07/Nov/2022:14:00:14 -0500] "GET /BLA/resoluciones/RESOLUCIONES%202007'/RES%202007%20701%20AL%20800/RESOLUCION%200705%20DE%202007.pdf HTTP/1.1" 404 1018
186.154.46.28 - - [07/Nov/2022:14:00:17 -0500] "GET /BLA/resoluciones/RESOLUCIONES%202022/2892.pdf HTTP/1.1" 200 2462280
186.154.46.28 - - [07/Nov/2022:14:00:17 -0500] "GET /BLA/resoluciones/RESOLUCIONES%202022/2892.pdf HTTP/1.1" 200 2462280
186.154.46.28 - - [07/Nov/2022:14:00:22 -0500] "GET /BLA/resoluciones/RESOLUCIONES%202022/2891.pdf HTTP/1.1" 200 793567
186.154.46.28 - - [07/Nov/2022:14:00:29 -0500] "GET /BLA/resoluciones/RESOLUCIONES%202022/2887.pdf HTTP/1.1" 200 949532
186.154.46.28 - - [07/Nov/2022:14:00:30 -0500] "GET /BLA/resoluciones/RESOLUCIONES%202022/2887.pdf HTTP/1.1" 206 1
186.154.46.28 - - [07/Nov/2022:14:00:30 -0500] "GET /BLA/resoluciones/RESOLUCIONES%202022/2887.pdf HTTP/1.1" 206 876076
186.154.46.28 - - [07/Nov/2022:14:00:41 -0500] "GET /BLA/resoluciones/RESOLUCIONES%202022/2885.pdf HTTP/1.1" 200 410268
186.154.46.28 - - [07/Nov/2022:14:00:46 -0500] "GET /BLA/resoluciones/RESOLUCIONES%202022/2884.pdf HTTP/1.1" 200 445627
186.154.46.28 - - [07/Nov/2022:14:00:51 -0500] "GET /BLA/resoluciones/RESOLUCIONES%202022/2882.pdf HTTP/1.1" 200 371140
186.154.46.28 - - [07/Nov/2022:14:00:55 -0500] "GET /BLA/resoluciones/RESOLUCIONES%202022/2879.pdf HTTP/1.1" 200 420863
186.154.46.28 - - [07/Nov/2022:14:01:00 -0500] "GET /BLA/resoluciones/RESOLUCIONES%202022/2876.pdf HTTP/1.1" 200 350689
186.154.46.28 - - [07/Nov/2022:14:01:05 -0500] "GET /BLA/resoluciones/RESOLUCIONES%202022/2874.pdf HTTP/1.1" 200 395510
186.154.46.28 - - [07/Nov/2022:14:01:14 -0500] "GET /BLA/resoluciones/RESOLUCIONES%202022/2866.pdf HTTP/1.1" 200 410979
186.154.46.28 - - [07/Nov/2022:14:01:24 -0500] "GET /BLA/resoluciones/RESOLUCIONES%202022/2865.pdf HTTP/1.1" 200 488261
186.154.46.28 - - [07/Nov/2022:14:01:33 -0500] "GET /BLA/resoluciones/RESOLUCIONES%202022/2864.pdf HTTP/1.1" 200 404547
186.154.46.28 - - [07/Nov/2022:14:01:41 -0500] "GET /BLA/resoluciones/RESOLUCIONES%202022/2860.pdf HTTP/1.1" 200 364914
172.22.2.4 - - [07/Nov/2022:14:00:04 -0500] "HEAD /BLA/boletinlegal/ HTTP/1.1" 200 -
186.154.46.28 - - [07/Nov/2022:14:01:46 -0500] "GET /BLA/resoluciones/RESOLUCIONES%202022/2852.pdf HTTP/1.1" 200 384523
186.154.46.28 - - [07/Nov/2022:14:01:56 -0500] "GET /BLA/resoluciones/RESOLUCIONES%202022/2850.pdf HTTP/1.1" 200 405184
186.154.46.28 - - [07/Nov/2022:14:02:07 -0500] "GET /BLA/resoluciones/RESOLUCIONES%202022/2846.pdf HTTP/1.1" 200 439892
186.154.46.28 - - [07/Nov/2022:14:02:14 -0500] "GET /BLA/resoluciones/RESOLUCIONES%202022/2839.pdf HTTP/1.1" 200 401043
186.154.46.28 - - [07/Nov/2022:14:02:20 -0500] "GET /BLA/resoluciones/RESOLUCIONES%202022/2837.pdf HTTP/1.1" 200 382311
186.154.46.28 - - [07/Nov/2022:14:02:26 -0500] "GET /BLA/resoluciones/RESOLUCIONES%202022/2836.pdf HTTP/1.1" 200 492501
186.154.46.28 - - [07/Nov/2022:14:02:33 -0500] "GET /BLA/resoluciones/RESOLUCIONES%202022/2828.pdf HTTP/1.1" 200 346720
172.22.2.4 - - [07/Nov/2022:14:00:55 -0500] "GET /BLA/boletinlegal/ HTTP/1.1" 200 59828
201.245.192.253 - - [07/Nov/2022:14:02:34 -0500] "POST /kwsrmcab/Wsrmcab  HTTP/1.1" 200 40655
186.154.46.28 - - [07/Nov/2022:14:02:39 -0500] "GET /BLA/resoluciones/RESOLUCIONES%202022/2827.pdf HTTP/1.1" 200 343462
186.154.46.28 - - [07/Nov/2022:14:02:49 -0500] "GET /BLA/resoluciones/RESOLUCIONES%202022/2820.pdf HTTP/1.1" 200 555711
186.154.46.28 - - [07/Nov/2022:14:02:54 -0500] "GET /BLA/resoluciones/RESOLUCIONES%202022/2819.pdf HTTP/1.1" 200 851302
186.154.46.28 - - [07/Nov/2022:14:02:58 -0500] "GET /BLA/resoluciones/RESOLUCIONES%202022/2818.pdf HTTP/1.1" 200 822996
186.154.46.28 - - [07/Nov/2022:14:03:05 -0500] "GET /BLA/resoluciones/RESOLUCIONES%202022/2817.pdf HTTP/1.1" 200 407162
186.154.46.28 - - [07/Nov/2022:14:03:11 -0500] "GET /BLA/resoluciones/RESOLUCIONES%202022/2803.pdf HTTP/1.1" 200 474503
186.154.46.28 - - [07/Nov/2022:14:03:11 -0500] "GET /BLA/resoluciones/RESOLUCIONES%202022/2803.pdf HTTP/1.1" 200 474503
186.154.46.28 - - [07/Nov/2022:14:03:30 -0500] "GET /BLA/resoluciones/RESOLUCIONES%202022/2802.pdf HTTP/1.1" 200 556691
186.154.46.28 - - [07/Nov/2022:14:03:47 -0500] "GET /BLA/resoluciones/RESOLUCIONES%202022/2801.pdf HTTP/1.1" 200 510440
186.154.46.28 - - [07/Nov/2022:14:03:53 -0500] "GET /BLA/resoluciones/RESOLUCIONES%202022/2800.pdf HTTP/1.1" 200 498587
186.154.46.28 - - [07/Nov/2022:14:03:58 -0500] "GET /BLA/resoluciones/RESOLUCIONES%202022/2798.pdf HTTP/1.1" 200 869668
186.154.46.28 - - [07/Nov/2022:14:03:58 -0500] "GET /BLA/resoluciones/RESOLUCIONES%202022/2798.pdf HTTP/1.1" 200 869668
186.154.46.28 - - [07/Nov/2022:14:04:06 -0500] "GET /BLA/resoluciones/RESOLUCIONES%202022/2795.pdf HTTP/1.1" 200 386219
186.154.46.28 - - [07/Nov/2022:14:04:15 -0500] "GET /BLA/resoluciones/RESOLUCIONES%202022/2794.pdf HTTP/1.1" 200 396663
186.154.46.28 - - [07/Nov/2022:14:04:21 -0500] "GET /BLA/resoluciones/RESOLUCIONES%202022/2793.pdf HTTP/1.1" 200 354864
186.154.46.28 - - [07/Nov/2022:14:04:34 -0500] "GET /BLA/resoluciones/RESOLUCIONES%202022/2792.pdf HTTP/1.1" 200 404540
186.154.46.28 - - [07/Nov/2022:14:04:42 -0500] "GET /BLA/resoluciones/RESOLUCIONES%202022/2790.pdf HTTP/1.1" 200 431726
186.154.46.28 - - [07/Nov/2022:14:04:50 -0500] "GET /BLA/resoluciones/RESOLUCIONES%202022/2787.pdf HTTP/1.1" 200 407333
216.245.221.92 - - [07/Nov/2022:14:04:53 -0500] "HEAD / HTTP/1.1" 200 -
186.154.46.28 - - [07/Nov/2022:14:04:57 -0500] "GET /BLA/resoluciones/RESOLUCIONES%202022/2786.pdf HTTP/1.1" 200 431503
186.154.46.28 - - [07/Nov/2022:14:05:03 -0500] "GET /BLA/resoluciones/RESOLUCIONES%202022/2784.pdf HTTP/1.1" 200 406198
186.154.46.28 - - [07/Nov/2022:14:05:09 -0500] "GET /BLA/resoluciones/RESOLUCIONES%202022/2783.pdf HTTP/1.1" 200 408225
186.154.46.28 - - [07/Nov/2022:14:05:15 -0500] "GET /BLA/resoluciones/RESOLUCIONES%202022/2782.pdf HTTP/1.1" 200 415079
186.154.46.28 - - [07/Nov/2022:14:05:21 -0500] "GET /BLA/resoluciones/RESOLUCIONES%202022/2781.pdf HTTP/1.1" 200 360042
186.154.46.28 - - [07/Nov/2022:14:05:27 -0500] "GET /BLA/resoluciones/RESOLUCIONES%202022/2777.pdf HTTP/1.1" 200 360460
185.119.81.100 - - [07/Nov/2022:14:05:39 -0500] "GET /portaldeninos/wp-login.php HTTP/1.1" 200 2592
185.119.81.100 - - [07/Nov/2022:14:05:40 -0500] "POST /portaldeninos/wp-login.php HTTP/1.1" 200 3605
186.154.46.28 - - [07/Nov/2022:14:05:42 -0500] "GET /BLA/resoluciones/RESOLUCIONES%202022/2773.pdf HTTP/1.1" 200 419321
186.154.46.28 - - [07/Nov/2022:14:05:54 -0500] "GET /BLA/resoluciones/RESOLUCIONES%202022/2770.pdf HTTP/1.1" 200 448757
186.154.46.28 - - [07/Nov/2022:14:06:05 -0500] "GET /BLA/resoluciones/RESOLUCIONES%202022/2765.pdf HTTP/1.1" 200 568418
186.154.46.28 - - [07/Nov/2022:14:06:16 -0500] "GET /BLA/resoluciones/RESOLUCIONES%202022/2764.pdf HTTP/1.1" 200 334893
130.211.54.158 - - [07/Nov/2022:14:06:24 -0500] "GET / HTTP/1.1" 200 319
186.154.46.28 - - [07/Nov/2022:14:06:26 -0500] "GET /BLA/resoluciones/RESOLUCIONES%202022/2763.pdf HTTP/1.1" 200 354617
186.154.46.28 - - [07/Nov/2022:14:06:41 -0500] "GET /BLA/resoluciones/RESOLUCIONES%202022/2756.pdf HTTP/1.1" 200 739818
186.154.46.28 - - [07/Nov/2022:14:06:51 -0500] "GET /BLA/resoluciones/RESOLUCIONES%202022/2755.pdf HTTP/1.1" 200 535824
186.154.46.28 - - [07/Nov/2022:14:07:02 -0500] "GET /BLA/resoluciones/RESOLUCIONES%202022/2751.pdf HTTP/1.1" 200 383771
186.154.46.28 - - [07/Nov/2022:14:07:12 -0500] "GET /BLA/resoluciones/RESOLUCIONES%202022/2750.pdf HTTP/1.1" 200 385449
186.154.46.28 - - [07/Nov/2022:14:07:24 -0500] "GET /BLA/resoluciones/RESOLUCIONES%202022/2733.pdf HTTP/1.1" 200 416665
172.22.2.4 - - [07/Nov/2022:14:05:54 -0500] "HEAD /BLA/boletinlegal/ HTTP/1.1" 200 -
201.245.192.253 - - [07/Nov/2022:14:07:33 -0500] "POST /kwsrmcab/Wsrmcab  HTTP/1.1" 200 40655
186.154.46.28 - - [07/Nov/2022:14:07:39 -0500] "GET /BLA/resoluciones/RESOLUCIONES%202022/2722.pdf HTTP/1.1" 200 406243
186.154.46.28 - - [07/Nov/2022:14:07:49 -0500] "GET /BLA/resoluciones/RESOLUCIONES%202022/2699.pdf HTTP/1.1" 200 387353
186.154.46.28 - - [07/Nov/2022:14:08:02 -0500] "GET /BLA/resoluciones/RESOLUCIONES%202022/2689.pdf HTTP/1.1" 200 395365
186.154.46.28 - - [07/Nov/2022:14:08:17 -0500] "GET /BLA/resoluciones/RESOLUCIONES%202022/2665.pdf HTTP/1.1" 200 409388
172.22.2.4 - - [07/Nov/2022:14:06:45 -0500] "GET /BLA/boletinlegal/ HTTP/1.1" 200 59828
186.154.46.28 - - [07/Nov/2022:14:08:28 -0500] "GET /BLA/resoluciones/RESOLUCIONES%202022/2655.pdf HTTP/1.1" 200 391827
186.154.46.28 - - [07/Nov/2022:14:08:46 -0500] "GET /BLA/resoluciones/RESOLUCIONES%202022/2653.pdf HTTP/1.1" 200 450218
186.154.46.28 - - [07/Nov/2022:14:08:59 -0500] "GET /BLA/resoluciones/RESOLUCIONES%202022/2641.pdf HTTP/1.1" 200 410803
186.102.28.19 - - [07/Nov/2022:14:09:02 -0500] "GET /kwssiamovil/sm/ldap/au?x=U2FsdGVkX19oUFbDkf4GcaNOmH6uha+VBb8FqeYg51BUFt28wxC6KDYr9d3mQFCy&y=U2FsdGVkX19JPLsmSNvaldoKXNnv21s6dUDyFLjBDtQ= HTTP/1.1" 200 30
186.102.28.19 - - [07/Nov/2022:14:09:02 -0500] "GET /kwssiamovil/sm/acme/s?s=U2FsdGVkX1+C8P9wDh3SxhlZvM0RjCm4Ak+JhDp6HRyJ2yjO4d9RVTN7Tlq9goRwEAOlPuFamyRJfi1Vq861Z3Srkqzsyl99Em54b/tIfBA=&u=U2FsdGVkX189nBSrNo70XFshOfu2hS30Cy6A7vLVV8g=&y=U2FsdGVkX19JPLsmSNvaldoKXNnv21s6dUDyFLjBDtQ= HTTP/1.1" 200 97
186.102.28.19 - - [07/Nov/2022:14:09:02 -0500] "GET /kwssiamovil/sm/acme/s?s=U2FsdGVkX1/9isXXazt13knDsU+UJLiN5x6IoWkBYbUuMidkkN9CeRw5I3yvCMBK2a0puGxGzGsNvaw3oYsQUgFiJfeDXTU3N+53nVMGqmElVq4MfinMfUlEhy8Pry/8oqzwH+0bmd08+Yqe1z/9nycJBQtHwBJY/V1fs6QRIw182yx3YWwa6pmcx2/v8/dHOlcOWlDOHJqeJUB843UEb2Ru+xuqM+wZhksFroyn/pydqc9DH6nJ7fT1mo9EGba8NBfQtVzx2Kkhb0WqSTgMGOq2T0rB1keaJEP1aYeM2LD1tlcgXfRoRYPJSHxH6YQDv0vtER3aJ2jHOE+2VMU53xS4651pzbV4G/kNhP+Zpj8Q24/yYdAuFq465kId6ZQ6kXfVBV+B6Nsk2BxAenZbV2JcfgucTG4Mfn3MCy/GN5MO+tczI871g1/EcxeMQDCM3K7RetotIJFg4Nmb1lioMOmsGjmnjvSAw9Ox6F0GjV/W8Bf19Iiu0fLq9qZbVlwq1gUuDQ46XKDmw0QCq4LK+bcRR4nsTL7xdWmLuqYXTiA13Y25OfAtiATPeEhnc0ie4yhrVwVNc3Rt2EnIFhKy7vi7sMnD5slQqYU2gu20ba0I6YB+lq6PiwACAnFRfNjFCv89TMkXgg0KDkrTLeZBc9iVbe6IdFD+SUm1KYlT1h1fB8nQdQJmI/+t5m6bKTeAQ7dQLxg3Xt5BkFXqiZTYcQnbeHA0jidHJ5CPsFAMRZkcDKZjhoIt4vKlj3VpCb9FbP4vnipqbf6N1nEjY8B3EeQ2SDYBm6NrjBXTi8iO37QUBzuv0G8f4k6WYv84vSxuOokx7qo2L0bSiiNxhn9cGmBTaS0Nvxj/lCzj0AgQ6BN0/DXAgoorhNbmtO6RkPfH/a26iR9dx5VN7GpAow9DtAS0A1yQFZRaDIMmvPF0ZkP8bxxUCd62bssATWm71qMOEg3MwitraucrEQdsQ5A2EDmrjUcuPOKQUONk3bS8lFpf0TKzIKz0g8hU6GA4T1um1Uzp72ncDuczu7Wc6jQFGhBj/4lJvLEkcaqv4MIQUVrsPk8qUcY/5zX/wfO3jKjgpJ9JennMUBgnoojdPY3h1g/n0ESevipCflANQ8i1BVxaPE/yyuiI0tvk3pFTXiT1lN6VdlmQC1CvKD/Ma1ZiCplXfECRrJem7ulWA3xxP3J6rfB7YZNkqxBKnrvFY3/jQae8H4LddiqW2oCo7IjSMvDM9aAnPFlSH+IC24RzleW7GNMyb4h4b58CilQdUO/xCWYuvyChQqdutLyzTRvkZzUHBAQATwaUMC4RroHDcXpLq0vDZ/6gm7B0wW/c2SaX5FecakY2jB1/4NpbCb0TPMYQUNjr8OQuDzBbQgyBPbwPtGS6I/MUewLFvlpYv7BXzZTPbKf6BI3SlX+l7QRqDiCZDTYeEl9dbRMFzDvVPxY=&u=U2FsdGVkX189nBSrNo70XFshOfu2hS30Cy6A7vLVV8g=&y=U2FsdGVkX19JPLsmSNvaldoKXNnv21s6dUDyFLjBDtQ= HTTP/1.1" 200 4701
186.102.28.19 - - [07/Nov/2022:14:09:02 -0500] "GET /kwssiamovil/sm/acme/s?s=U2FsdGVkX19C4o4BverIdIb+8zz9Zy8aSRueZBnvbHgFEsVE+s4a/LOOMQSD1ExxjEqdZeCVt2Lvroeba0u9aUPU680z6JBcPCiaW8nrGopKk3nhIIkCuHzg+8QmZTwTOy7njhkx5025jhQih+KhSBcjO9awJIS9jDv3PgUxfBdoyAwuquYXXzF3S7CiZjF39dypZBm7Rme51GTBCrhKHPU7G3+PSs3dANLFpzNGRZlbDOIWwAZNyr6AbBC3EX4ItFhXjueW8rtdwubK4h88aWwy6J6kaDe6yfmT9TXYaAXN94WT1rrpwQdfLdkhO/gF3yvIoE/epyF1XqVCR4OXEQ==&u=U2FsdGVkX189nBSrNo70XFshOfu2hS30Cy6A7vLVV8g=&y=U2FsdGVkX19JPLsmSNvaldoKXNnv21s6dUDyFLjBDtQ= HTTP/1.1" 200 196
186.102.28.19 - - [07/Nov/2022:14:09:03 -0500] "GET /kwssiamovil/sm/cjson/pre?f=1&x=U2FsdGVkX19oUFbDkf4GcaNOmH6uha+VBb8FqeYg51BUFt28wxC6KDYr9d3mQFCy HTTP/1.1" 200 30992
186.154.46.28 - - [07/Nov/2022:14:09:13 -0500] "GET /BLA/resoluciones/RESOLUCIONES%202022/2636.pdf HTTP/1.1" 200 406568
186.154.46.28 - - [07/Nov/2022:14:09:33 -0500] "GET /BLA/resoluciones/RESOLUCIONES%202022/2634.pdf HTTP/1.1" 200 403698
186.154.46.28 - - [07/Nov/2022:14:09:47 -0500] "GET /BLA/resoluciones/RESOLUCIONES%202022/2630.pdf HTTP/1.1" 200 436479
216.245.221.92 - - [07/Nov/2022:14:09:53 -0500] "HEAD / HTTP/1.1" 200 -
186.154.46.28 - - [07/Nov/2022:14:09:58 -0500] "GET /BLA/resoluciones/RESOLUCIONES%202022/2621.pdf HTTP/1.1" 200 368308
186.154.46.28 - - [07/Nov/2022:14:10:08 -0500] "GET /BLA/resoluciones/RESOLUCIONES%202022/2569.pdf HTTP/1.1" 200 346676
186.154.46.28 - - [07/Nov/2022:14:10:20 -0500] "GET /BLA/resoluciones/RESOLUCIONES%202022/2543.pdf HTTP/1.1" 200 1246484
186.154.46.28 - - [07/Nov/2022:14:10:20 -0500] "GET /BLA/resoluciones/RESOLUCIONES%202022/2543.pdf HTTP/1.1" 200 1246484
186.154.46.28 - - [07/Nov/2022:14:10:26 -0500] "GET /BLA/resoluciones/RESOLUCIONES%202022/2537.pdf HTTP/1.1" 200 510789
186.154.46.28 - - [07/Nov/2022:14:10:37 -0500] "GET /BLA/resoluciones/RESOLUCIONES%202022/2528.pdf HTTP/1.1" 200 364314
186.154.46.28 - - [07/Nov/2022:14:10:51 -0500] "GET /BLA/resoluciones/RESOLUCIONES%202022/2515.pdf HTTP/1.1" 200 311528
186.154.46.28 - - [07/Nov/2022:14:11:02 -0500] "GET /BLA/resoluciones/RESOLUCIONES%202022/2500.pdf HTTP/1.1" 200 363918
186.154.46.28 - - [07/Nov/2022:14:11:13 -0500] "GET /BLA/resoluciones/RESOLUCIONES%202022/2499.pdf HTTP/1.1" 200 419236
186.154.46.28 - - [07/Nov/2022:14:11:24 -0500] "GET /BLA/resoluciones/RESOLUCIONES%202022/2498.pdf HTTP/1.1" 200 423387
186.154.46.28 - - [07/Nov/2022:14:11:35 -0500] "GET /BLA/resoluciones/RESOLUCIONES%202022/2494.pdf HTTP/1.1" 200 406428
186.154.46.28 - - [07/Nov/2022:14:11:46 -0500] "GET /BLA/resoluciones/RESOLUCIONES%202022/2489.pdf HTTP/1.1" 200 429726
186.154.46.28 - - [07/Nov/2022:14:11:57 -0500] "GET /BLA/resoluciones/RESOLUCIONES%202022/2486.pdf HTTP/1.1" 200 408808
186.154.46.28 - - [07/Nov/2022:14:12:08 -0500] "GET /BLA/resoluciones/RESOLUCIONES%202022/2485.pdf HTTP/1.1" 200 429862
186.154.46.28 - - [07/Nov/2022:14:12:18 -0500] "GET /BLA/resoluciones/RESOLUCIONES%202022/2484.pdf HTTP/1.1" 200 406984
186.154.46.28 - - [07/Nov/2022:14:12:18 -0500] "GET /BLA/resoluciones/RESOLUCIONES%202022/2484.pdf HTTP/1.1" 206 1
186.154.46.28 - - [07/Nov/2022:14:12:18 -0500] "GET /BLA/resoluciones/RESOLUCIONES%202022/2484.pdf HTTP/1.1" 206 405804
186.154.46.28 - - [07/Nov/2022:14:12:23 -0500] "GET /BLA/resoluciones/RESOLUCIONES%202022/2482.pdf HTTP/1.1" 200 412815
186.154.46.28 - - [07/Nov/2022:14:12:30 -0500] "GET /BLA/resoluciones/RESOLUCIONES%202022/2481.pdf HTTP/1.1" 200 379181
201.245.192.253 - - [07/Nov/2022:14:12:32 -0500] "POST /kwsrmcab/Wsrmcab  HTTP/1.1" 200 40655
186.154.46.28 - - [07/Nov/2022:14:12:35 -0500] "GET /BLA/resoluciones/RESOLUCIONES%202022/2474.pdf HTTP/1.1" 200 413206
172.22.2.4 - - [07/Nov/2022:14:12:39 -0500] "GET /BLA/boletinlegal/consulta_actos.php?tipo=autos&no=0910&usuario=&sector=&fecha=2014&resuelve= HTTP/1.1" 200 1066
186.154.46.28 - - [07/Nov/2022:14:12:40 -0500] "GET /BLA/resoluciones/RESOLUCIONES%202022/2471.pdf HTTP/1.1" 200 480850
186.31.123.207 - - [07/Nov/2022:14:12:41 -0500] "GET /BLA/resoluciones/ HTTP/1.1" 200 13093
186.31.123.207 - - [07/Nov/2022:14:12:44 -0500] "GET /BLA/resoluciones/index.php?dir=AUTOS+2014%2F HTTP/1.1" 200 884169
186.154.46.28 - - [07/Nov/2022:14:12:48 -0500] "GET /BLA/resoluciones/RESOLUCIONES%202022/2470.pdf HTTP/1.1" 200 2366523
186.154.46.28 - - [07/Nov/2022:14:12:47 -0500] "GET /BLA/resoluciones/RESOLUCIONES%202022/2470.pdf HTTP/1.1" 200 2366523
186.154.46.28 - - [07/Nov/2022:14:12:52 -0500] "GET /BLA/resoluciones/RESOLUCIONES%202022/2469.pdf HTTP/1.1" 200 391125
186.154.46.28 - - [07/Nov/2022:14:12:57 -0500] "GET /BLA/resoluciones/RESOLUCIONES%202022/2466.pdf HTTP/1.1" 200 378441
186.31.123.207 - - [07/Nov/2022:14:12:59 -0500] "GET /BLA/resoluciones/AUTOS%202014/0910.pdf HTTP/1.1" 200 338323
186.154.46.28 - - [07/Nov/2022:14:13:10 -0500] "GET /BLA/resoluciones/RESOLUCIONES%202022/2465.pdf HTTP/1.1" 200 332205
186.154.46.28 - - [07/Nov/2022:14:13:15 -0500] "GET /BLA/resoluciones/RESOLUCIONES%202022/2464.pdf HTTP/1.1" 200 364902
186.154.46.28 - - [07/Nov/2022:14:13:19 -0500] "GET /BLA/resoluciones/RESOLUCIONES%202022/2461.pdf HTTP/1.1" 200 403812
172.22.2.4 - - [07/Nov/2022:14:11:44 -0500] "HEAD /BLA/boletinlegal/ HTTP/1.1" 200 -
186.31.123.207 - - [07/Nov/2022:14:13:27 -0500] "GET /BLA/resoluciones/ HTTP/1.1" 200 13093
186.154.46.28 - - [07/Nov/2022:14:13:27 -0500] "GET /BLA/resoluciones/RESOLUCIONES%202022/2451.pdf HTTP/1.1" 200 488699
186.31.123.207 - - [07/Nov/2022:14:13:29 -0500] "GET /BLA/resoluciones/index.php?dir=AUTOS+2014%2F HTTP/1.1" 200 884169
186.154.46.28 - - [07/Nov/2022:14:13:34 -0500] "GET /BLA/resoluciones/RESOLUCIONES%202022/2443.pdf HTTP/1.1" 200 438764
186.154.46.28 - - [07/Nov/2022:14:13:39 -0500] "GET /BLA/resoluciones/RESOLUCIONES%202022/2460.pdf HTTP/1.1" 200 363587
186.154.46.28 - - [07/Nov/2022:14:13:44 -0500] "GET /BLA/resoluciones/RESOLUCIONES%202022/2442.pdf HTTP/1.1" 200 362404
186.154.46.28 - - [07/Nov/2022:14:13:49 -0500] "GET /BLA/resoluciones/RESOLUCIONES%202022/2436.pdf HTTP/1.1" 200 432243
186.154.46.28 - - [07/Nov/2022:14:13:53 -0500] "GET /BLA/resoluciones/RESOLUCIONES%202022/2435.pdf HTTP/1.1" 200 391191
186.154.46.28 - - [07/Nov/2022:14:14:11 -0500] "GET /BLA/resoluciones/RESOLUCIONES%202022/2432.pdf HTTP/1.1" 200 375553
172.22.2.4 - - [07/Nov/2022:14:12:35 -0500] "GET /BLA/boletinlegal/ HTTP/1.1" 200 57725
216.245.221.92 - - [07/Nov/2022:14:14:53 -0500] "HEAD / HTTP/1.1" 200 -
23.100.232.233 - - [07/Nov/2022:14:16:29 -0500] "GET /bla/resoluciones/autos%202021/0323.pdf HTTP/1.1" 200 705356
201.245.192.253 - - [07/Nov/2022:14:17:31 -0500] "POST /kwsrmcab/Wsrmcab  HTTP/1.1" 200 40655
172.22.2.4 - - [07/Nov/2022:14:17:34 -0500] "HEAD /BLA/boletinlegal/ HTTP/1.1" 200 -
216.245.221.92 - - [07/Nov/2022:14:19:53 -0500] "HEAD / HTTP/1.1" 200 -
172.22.2.4 - - [07/Nov/2022:14:18:25 -0500] "GET /BLA/boletinlegal/ HTTP/1.1" 200 59828
201.245.192.253 - - [07/Nov/2022:14:21:02 -0500] "POST /kwsrmcab/Wsrmcab HTTP/1.1" 200 43196
201.245.192.253 - - [07/Nov/2022:14:21:05 -0500] "POST /kwsrmcab/Wsrmcab HTTP/1.1" 200 42052
157.55.39.190 - - [07/Nov/2022:14:20:26 -0500] "GET /BLA/boletinlegal/index.php HTTP/1.1" 200 62772
157.55.39.190 - - [07/Nov/2022:14:22:17 -0500] "GET /BLA/boletinlegal/js/jquery.js HTTP/1.1" 200 57254
157.55.39.190 - - [07/Nov/2022:14:22:17 -0500] "GET /BLA/boletinlegal/js/jquery.scrollTo-min.js HTTP/1.1" 200 1150
157.55.39.190 - - [07/Nov/2022:14:22:17 -0500] "GET /BLA/boletinlegal/styles2.css HTTP/1.1" 200 1838
40.77.167.46 - - [07/Nov/2022:14:22:22 -0500] "GET /BLA/boletinlegal/style.css HTTP/1.1" 200 9406
201.245.192.253 - - [07/Nov/2022:14:22:30 -0500] "POST /kwsrmcab/Wsrmcab  HTTP/1.1" 200 40655
172.22.2.4 - - [07/Nov/2022:14:22:39 -0500] "GET /BLA/boletinlegal/ HTTP/1.1" 200 20427
128.14.141.34 - - [07/Nov/2022:14:23:49 -0500] "GET /portaldeninos/ HTTP/1.1" 200 110197
216.245.221.92 - - [07/Nov/2022:14:24:53 -0500] "HEAD / HTTP/1.1" 200 -
172.22.2.4 - - [07/Nov/2022:14:23:24 -0500] "HEAD /BLA/boletinlegal/ HTTP/1.1" 200 -
172.22.2.4 - - [07/Nov/2022:14:24:15 -0500] "GET /BLA/boletinlegal/ HTTP/1.1" 200 55220
185.119.81.100 - - [07/Nov/2022:14:26:24 -0500] "GET /portaldeninos/wp-login.php HTTP/1.1" 200 2592
185.119.81.100 - - [07/Nov/2022:14:26:25 -0500] "POST /portaldeninos/wp-login.php HTTP/1.1" 200 3605
207.46.13.162 - - [07/Nov/2022:14:26:58 -0500] "GET /forest/ HTTP/1.1" 200 12041
201.245.192.253 - - [07/Nov/2022:14:27:29 -0500] "POST /kwsrmcab/Wsrmcab  HTTP/1.1" 200 40655
186.102.63.21 - - [07/Nov/2022:14:28:25 -0500] "GET /kwssiamovil/sm/ldap/au?x=U2FsdGVkX187UpbgPYK1u80OD5WwDLjp00TWWgoBH+7sCVC6LHe70jm/k4uXipQ8&y=U2FsdGVkX19PXE3Z2j9NDBfXJAnRjsoQTTwKoqO4fDU= HTTP/1.1" 200 30
186.102.63.21 - - [07/Nov/2022:14:28:25 -0500] "GET /kwssiamovil/sm/acme/s?s=U2FsdGVkX1/8aE7/d4pmkvZQ8pq60XjQ0D/3tkabACKyx1yumDBX/s+LOOynXaGAaAaVhKSHB0gxCIY29o17NVmsKRtbaZTPz+OB+s04aUs=&u=U2FsdGVkX18N+uzwCFr86i86iCCvAUtJampfkddxpwI=&y=U2FsdGVkX19PXE3Z2j9NDBfXJAnRjsoQTTwKoqO4fDU= HTTP/1.1" 200 97
186.102.63.21 - - [07/Nov/2022:14:28:25 -0500] "GET /kwssiamovil/sm/acme/s?s=U2FsdGVkX1+JuVQOi5BfSlrP8sV5CobnSwE4LH7YtAadPe2cqAjH+LUSZ+T4P4kbhaBy9A0SfWDL8uHu/1rrOvdb/Uhc5UDX4rLQVH3SNrXtx4AUYoONqyeFzGbqfD+D8QaDxpWDqED3Ox7bVYyF9k5L6uMFIYlYqW5yHtvBXJDCWW3ZI2fGsUQKq+Pxgp5QBJc/WqPxC8CykeiCbOGSoLMXrpXQ5JElPR4bdKYr0jl27BTPMW1iN8ceC2vY6Cjy6jQTwI4ZdiVL+u5i4xICXlqC0S5tj6XcZ4sLYs9Q5Hz2ZEbY+7BcMMc1vDdE/OTqmGduxqY3t7yLhQRljzbrSVMXq0KlTFbremdqYjldeaTKbbDCkyyJDxoXXqb549+6NWyf3tTXoea3UJjmVE7yg7XGVlb9w/aCY+b9fmcGvesghqyRcZKqSu4QwIrqPFgDbvRGY4CKJ+w9+p03OXyYAWoQNMww3XWSQS1vZsTjdai6gn3D6aIZAFUVGRM46VVzHpYMoJwx3Z+Qxc9iZO+5QitEkz5BvArIwjQqvWW8GDe/3ul63ZCgSUseFbOEyZL7/Vxad7fCToL0TWTt4eER9CsZf+d9jEMz2itrSwT3QAvqm/PPG0oAMf4+hz0gyWsHrMHNwLGDsYu1gRPXFaQamhW1CR9k0Ax/fL23RN9+UBTL8fbBwIjSrd8Gc2SMWLp7/sdc9v9/LB4CUlVR5lMp9n2cPjm+/HjHr7RjxqfNJe4vs50hvMz+qz2gmhXp6AeOsEUvSZU+sXu72MC4pKaNFwgU40CnLwRY5v3LzsSZQS1NSEsVqd9GasNGgBFruNoI57WqekU6CLToztVGACzrd69mkwTowJBLp5bsabYSbimdd3IVqWoUYp8wVFYSRXSaFVf3FTHK49Xbpw0IUkSY9AN7viAX5XdMx+fbEHh8zUXVsQezNsg79KQ4+L6O1icGaZ4JvxNBV446lF/RHuJ1OQKbimCzXMYCR46hsPzIujKH3pc7awYTFU0DbNuEEBvEmTzekaSBn+DT12E6F1eXPnVQZS4G8iNJzcFWS9k8I9ejeagoM5CZHxBE3ZiUytT73erom17dkeYIMdGIFMNWFqCVN5E3SnVMKCKodPi6OHnUOB1VCK+PU2O8LmgQeI/JTQJJmCZ9pllT5t3u42irVEaOUc0MUxzMnSSqjpbb9gXZaR1YABzjJpBJRy833wuCTSvOWT+T8rzNM9370tYsaSHoj3EP9mA6wP0WawjuhpFRWclmKkyNZAm68fd0B8dbBjJ+AkO+rQxw8ZHhOFk01OCG2/em3U34mJb0VHo3+YjeOYWwVynQ6dkAKq/MRsutpjJxGvrY5lRV4Mzv7tmpDPQt6zxuILT1XJONVQJiWNUjTwmQkCsB3df4HM6MGfB1NdH4aq4AnBHyXWe51ff2yPg6v8mZN5H3WFJuIa+Hg/8=&u=U2FsdGVkX18N+uzwCFr86i86iCCvAUtJampfkddxpwI=&y=U2FsdGVkX19PXE3Z2j9NDBfXJAnRjsoQTTwKoqO4fDU= HTTP/1.1" 200 4701
186.102.63.21 - - [07/Nov/2022:14:28:25 -0500] "GET /kwssiamovil/sm/acme/s?s=U2FsdGVkX1+EcgS4GRFT9UfksvXElgGhm1Gi3hLMbOJ7wc+r4qkRGF0RWatKkZlrHMGf3aFZ2fi3HSLSMRmiFFEjLcy5byxgV1X4K6FLJrqIkZ/MLXXM64BtvLqDlAMiIuDI+MD0lifLWjWWpKkbI6W+g4YvdGaH+pCdojfvafkvbWgEsFbv4sp8mLLC9n3oMFvqmWRx7JMbTlK9m5rfj1cvX9yiBOPhqh7Z+q9VPlG+IkDdl+SP1JFkkhPCx7EVCSbWhIa8Is1J+vcARoApF+7attd3K/GuAZMrhMtxgX4n45uDqMZYFBG3nnhNBy2zB8m3aChJdRwyFlgN8aBnzA==&u=U2FsdGVkX18N+uzwCFr86i86iCCvAUtJampfkddxpwI=&y=U2FsdGVkX19PXE3Z2j9NDBfXJAnRjsoQTTwKoqO4fDU= HTTP/1.1" 200 196
186.102.63.21 - - [07/Nov/2022:14:28:25 -0500] "GET /kwssiamovil/sm/cjson/pre?f=1&x=U2FsdGVkX187UpbgPYK1u80OD5WwDLjp00TWWgoBH+7sCVC6LHe70jm/k4uXipQ8 HTTP/1.1" 200 30992
181.55.68.44 - - [07/Nov/2022:14:28:43 -0500] "GET /BLA/resoluciones/AUTOS%202022/0446.pdf HTTP/1.1" 200 461231
185.119.81.100 - - [07/Nov/2022:14:29:17 -0500] "GET /portaldeninos/wp-login.php HTTP/1.1" 200 2592
185.119.81.100 - - [07/Nov/2022:14:29:18 -0500] "POST /portaldeninos/wp-login.php HTTP/1.1" 200 3605
216.245.221.92 - - [07/Nov/2022:14:29:53 -0500] "HEAD / HTTP/1.1" 200 -
172.22.2.4 - - [07/Nov/2022:14:29:14 -0500] "HEAD /BLA/boletinlegal/ HTTP/1.1" 200 -
201.245.192.253 - - [07/Nov/2022:14:31:03 -0500] "POST /kwsrmcab/Wsrmcab HTTP/1.1" 200 43196
201.245.192.253 - - [07/Nov/2022:14:31:06 -0500] "POST /kwsrmcab/Wsrmcab HTTP/1.1" 200 42052
186.102.63.21 - - [07/Nov/2022:14:31:43 -0500] "GET /kwssiamovil/sm/ldap/au?x=U2FsdGVkX18fvLnQI/nFi6B+JhMOd7dgDc0H9+FUbZYclzYtgLDKyj7/rNs4nOsv&y=U2FsdGVkX18Wc/fGCZg6XMr2/CCuqe6ZRXVgGs4MYdA= HTTP/1.1" 200 30
186.102.63.21 - - [07/Nov/2022:14:31:44 -0500] "GET /kwssiamovil/sm/acme/s?s=U2FsdGVkX19g3mHOdWRRsRnDANB3OBRC7VNo6VNxwBjgFWx02KKHkL+GZ+natPS1I/jqvJpk+CyuRwB3KOoEe45RIPV9ab+9x8ZV11teJWc=&u=U2FsdGVkX18xdFww0/C2gOFbM0BmQ1jzShp26aS1LP8=&y=U2FsdGVkX18Wc/fGCZg6XMr2/CCuqe6ZRXVgGs4MYdA= HTTP/1.1" 200 97
186.102.63.21 - - [07/Nov/2022:14:31:44 -0500] "GET /kwssiamovil/sm/acme/s?s=U2FsdGVkX1/gh4xYiMiGbwcV/bcdqFEMmlPim1ctZkxr6VnkMyc88+nu+GKnf3aydbqPOQ1/yA5Zr1Pk2bmv4j4HW5liG4eTelbiTGqBtJQ+xFjXZjkazFnLiSKwvU6vJempFUb9bCVhvcZ6rGxOsfCcV6RoJhU1tfDj5kyw50X0WVtrPF0Y/LcAjjCrObb1gJfgIEyoaTmwKwP8/tw1BuqL81EvSoX/qQS78UtJ6bBDByN5Uh1hTK6hwRxgQB7n/9ymyvAAkJgtu7McfcyjorOl770xbNB73/CCRzRTfGvliGk0G04lqiWbQliPfMaPeOib1mib1WCjrIKKOUEO9peE4+ttMk6wX/PnzaaF/5tNb4G2zU5EuIZPJXcCAFyrWRUIUFz0FBKkFDAuH7dY29MKuYBWDiFPPs/dGDzzNSZ3ZQBln194qxcZyLXR4oOjA97QZW4IWXVAYCAsuwlS2YVSsXkEpf1OVK7fRZm9m+1ekLcBTY0DGzjNWNtpG330yr4ispE279F05w4dLr0+rrbfPE7sUzEnHIpRpuwU++2wUr2u9h3hIjeJjZ+XIKWnS6nFiQPA3krROd/yhyb87+lfYVFcN2gdGBe7G91ioGhTC05uERIZbFWsXb3HNXUCyzsyZAsTGY5GXGei/aT0219fi+GFJAHhgMpHLGtfO8syeLqAzG2DSQNanW/K3ZYb3vApwQijw4gJLeEh0Pk9IC95aZUa1C26t2Mpt31a399yJiNIN+9eNCxMeSMPPOH7kggkj1WDDeeJ5VnulQtxYq9o8f9fMBN1WWtv/bFO6BTUUDUrDJ4TPSv7aCXzsOam91ado3+Twh7E8tzV/yvJHKBAb6vk38qRySLGaBk4Wl1pGRHEOWWCquGPApgnqqCqNAYknVICkvlK6hjssinuQr6EG1U0tcpQJOF4LcJbJrtal7M0d0jgH8t/jPIZnQMUtrc9tNCXufONDDD+q4chQN5HVLwOKRbtOUhUefpVtnVY2BhvufyrKo0IfGLF6qmMvcH2LjOwEYAFtKYrpIjYMi6AyhzqlDAb92rJr24D9m6sQRlF/ThpzKiQn7iIR3oIaRMvwoqLmUdiYfItFdCU5/8wv3K+o7sxNuGrlfvzxrKb5i51YEmEOo4C0aYTwzn8DyOfbdNAg3kMAZ+IFRzee0TZqVUuXHZXFWLzw8LBAKyTMZ/JXsazcfwlmv8IwwB8tsQ0pPEbdzNOX5uuAUZIMWJPSXpY2YHULk+I8qrm6MsccjuMgpm9dZ4PWFCwSZnp/qGZr3h6UNOvmxpTOdy8plM2tlZDUsIqFXhh9qvDA3uFjO4gEpYVSWqDFo0BS6yZBmLJGJYH4mzgf1gaKUP/Z5Sjd5c0cYXxq30NMgTuxM6XUYeNq8cyWG2Mie6+imDjjNbroi1Re5WPN27z69b4Ad+uFuja7L9aYTUFK/835zA=&u=U2FsdGVkX18xdFww0/C2gOFbM0BmQ1jzShp26aS1LP8=&y=U2FsdGVkX18Wc/fGCZg6XMr2/CCuqe6ZRXVgGs4MYdA= HTTP/1.1" 200 4701
186.102.63.21 - - [07/Nov/2022:14:31:44 -0500] "GET /kwssiamovil/sm/acme/s?s=U2FsdGVkX1/oo9hHiXig+51eBZx7ouWLKeDDmmkJLxkq6o9M5K31G/vb1cMr7+OYY7sMIufWNqB/jeAeIRbURyGhbJA9/v5fHbUUYrc0IisC3ukUhJ0j/wkGL/uNXwcD3RRTYkoTiLzEq5ezXzrE/C66X9LiAVNtsO95jhc88nA9EzhxvSPb5OqnU52+J7ppsHd1Xa5wK55o1Y0APnEmrmqRhcc7oSKFJWzBekFycOJVYIA1pPO+pANdA72fPesdsUyW60/V4hH1NUXG3DMvpQAxoCWcR3yz8XCYRgKLPlj8FKQGNRc9FQatu3FPYXJTFVQC/Ud91IpxjkAPxRTk3w==&u=U2FsdGVkX18xdFww0/C2gOFbM0BmQ1jzShp26aS1LP8=&y=U2FsdGVkX18Wc/fGCZg6XMr2/CCuqe6ZRXVgGs4MYdA= HTTP/1.1" 200 196
172.22.2.4 - - [07/Nov/2022:14:30:05 -0500] "GET /BLA/boletinlegal/ HTTP/1.1" 200 58163
186.102.63.21 - - [07/Nov/2022:14:31:44 -0500] "GET /kwssiamovil/sm/cjson/pre?f=1&x=U2FsdGVkX18fvLnQI/nFi6B+JhMOd7dgDc0H9+FUbZYclzYtgLDKyj7/rNs4nOsv HTTP/1.1" 200 30992
201.245.192.253 - - [07/Nov/2022:14:32:29 -0500] "POST /kwsrmcab/Wsrmcab  HTTP/1.1" 200 40655
201.245.192.253 - - [07/Nov/2022:14:33:28 -0500] "POST /sipse/faces/presentacion/proyectos/proyecto/proyecto.xhtml HTTP/1.1" 200 81589
201.245.192.253 - - [07/Nov/2022:14:33:28 -0500] "GET /sipse/faces/javax.faces.resource/jquery/jquery.js?ln=primefaces&v=4.0 HTTP/1.1" 304 -
201.245.192.253 - - [07/Nov/2022:14:33:28 -0500] "GET /sipse/faces/javax.faces.resource/jquery/jquery-plugins.js?ln=primefaces&v=4.0 HTTP/1.1" 304 -
201.245.192.253 - - [07/Nov/2022:14:33:28 -0500] "GET /sipse/faces/javax.faces.resource/primefaces.js?ln=primefaces&v=4.0 HTTP/1.1" 304 -
201.245.192.253 - - [07/Nov/2022:14:33:28 -0500] "GET /sipse/faces/javax.faces.resource/layout/layout.js?ln=primefaces&v=4.0 HTTP/1.1" 304 -
201.245.192.253 - - [07/Nov/2022:14:33:28 -0500] "POST /sipse/faces/presentacion/proyectos/proyecto/listarProyecto.xhtml HTTP/1.1" 200 75022
201.245.192.253 - - [07/Nov/2022:14:33:28 -0500] "POST /sipse/faces/presentacion/proyectos/proyecto/listarProyecto.xhtml HTTP/1.1" 200 75022
201.245.192.253 - - [07/Nov/2022:14:33:29 -0500] "POST /sipse/faces/presentacion/proyectos/proyecto/listarProyecto.xhtml HTTP/1.1" 200 75022
201.245.192.253 - - [07/Nov/2022:14:33:29 -0500] "POST /sipse/faces/presentacion/proyectos/proyecto/listarProyecto.xhtml HTTP/1.1" 200 75022
201.245.192.253 - - [07/Nov/2022:14:33:44 -0500] "POST /sipse/faces/presentacion/proyectos/proyecto/listarProyecto.xhtml HTTP/1.1" 200 163
201.245.192.253 - - [07/Nov/2022:14:33:45 -0500] "GET /sipse/faces/presentacion/proyectos/proyecto/proyecto.xhtml HTTP/1.1" 200 87530
201.245.192.253 - - [07/Nov/2022:14:33:46 -0500] "GET /sipse/faces/javax.faces.resource/theme.css?ln=primefaces-sipse HTTP/1.1" 304 -
201.245.192.253 - - [07/Nov/2022:14:33:46 -0500] "GET /sipse/faces/javax.faces.resource/primefaces.css?ln=primefaces&v=4.0 HTTP/1.1" 304 -
201.245.192.253 - - [07/Nov/2022:14:33:46 -0500] "GET /sipse/faces/javax.faces.resource/layout/layout.css?ln=primefaces&v=4.0 HTTP/1.1" 304 -
201.245.192.253 - - [07/Nov/2022:14:33:46 -0500] "GET /sipse/faces/javax.faces.resource/jquery/jquery.js?ln=primefaces&v=4.0 HTTP/1.1" 304 -
201.245.192.253 - - [07/Nov/2022:14:33:46 -0500] "GET /sipse/faces/javax.faces.resource/jquery/jquery-plugins.js?ln=primefaces&v=4.0 HTTP/1.1" 304 -
201.245.192.253 - - [07/Nov/2022:14:33:46 -0500] "GET /sipse/faces/javax.faces.resource/primefaces.js?ln=primefaces&v=4.0 HTTP/1.1" 304 -
201.245.192.253 - - [07/Nov/2022:14:33:46 -0500] "GET /sipse/faces/javax.faces.resource/layout/layout.js?ln=primefaces&v=4.0 HTTP/1.1" 304 -
201.245.192.253 - - [07/Nov/2022:14:33:46 -0500] "GET /sipse/faces/javax.faces.resource/images/ui-icons_898989_256x240.png?ln=primefaces-aristo HTTP/1.1" 304 -
201.245.192.253 - - [07/Nov/2022:14:33:46 -0500] "GET /sipse/faces/javax.faces.resource/images/ui-bg_flat_0_2d5972_40x100.png?ln=primefaces-aristo HTTP/1.1" 304 -
201.245.192.253 - - [07/Nov/2022:14:33:46 -0500] "POST /sipse/faces/presentacion/proyectos/proyecto/proyecto.xhtml HTTP/1.1" 200 3273
201.245.192.253 - - [07/Nov/2022:14:33:52 -0500] "POST /sipse/faces/presentacion/proyectos/proyecto/proyecto.xhtml HTTP/1.1" 200 43481
201.245.192.253 - - [07/Nov/2022:14:33:55 -0500] "GET /sipse/faces/javax.faces.resource/spacer/dot_clear.gif?ln=primefaces&v=4.0 HTTP/1.1" 304 -
201.245.192.253 - - [07/Nov/2022:14:33:55 -0500] "POST /sipse/faces/presentacion/proyectos/proyecto/proyecto.xhtml HTTP/1.1" 200 3964
201.245.192.253 - - [07/Nov/2022:14:33:59 -0500] "POST /sipse/faces/presentacion/proyectos/proyecto/proyecto.xhtml HTTP/1.1" 200 50654
216.245.221.92 - - [07/Nov/2022:14:34:53 -0500] "HEAD / HTTP/1.1" 200 -
186.102.63.21 - - [07/Nov/2022:14:35:38 -0500] "GET /kwssiamovil/sm/ldap/au?x=U2FsdGVkX18Ib39Vl1M0GohzS/Ik3vkYhxOekedYuxSnQWdKgaXVT6Kd06oXPKn6&y=U2FsdGVkX19LYHC4mBaC9uyJ3Xm+muqSgeGcZNXpvcI= HTTP/1.1" 200 30
186.102.63.21 - - [07/Nov/2022:14:35:38 -0500] "GET /kwssiamovil/sm/acme/s?s=U2FsdGVkX1+/KoO4lW9hXQrJ5O1UFQXbVdP8hE3IAFJHVynjWfpy78/cGuSj3qFQQfIHhqbXY/8BlN1hh3mAqOn/K99uWvHGOfL0tRvXdG4=&u=U2FsdGVkX1/2TwsgJr/UymoOpra0n/wj//bRFNqdJ/Y=&y=U2FsdGVkX19LYHC4mBaC9uyJ3Xm+muqSgeGcZNXpvcI= HTTP/1.1" 200 97
