186.145.91.234 - - [07/Nov/2022:16:10:41 -0500] "GET /sipse/faces/javax.faces.resource/jquery/jquery.js?ln=primefaces&v=4.0 HTTP/1.1" 304 -
186.145.91.234 - - [07/Nov/2022:16:10:41 -0500] "GET /sipse/faces/javax.faces.resource/layout/layout.css?ln=primefaces&v=4.0 HTTP/1.1" 304 -
186.145.91.234 - - [07/Nov/2022:16:10:41 -0500] "GET /sipse/faces/javax.faces.resource/primefaces.css?ln=primefaces&v=4.0 HTTP/1.1" 304 -
186.145.91.234 - - [07/Nov/2022:16:10:41 -0500] "GET /sipse/faces/javax.faces.resource/jquery/jquery-plugins.js?ln=primefaces&v=4.0 HTTP/1.1" 304 -
172.22.2.4 - - [07/Nov/2022:16:10:41 -0500] "GET /BLA/boletinlegal/images/bg_top.jpg HTTP/1.1" 200 522
172.22.2.4 - - [07/Nov/2022:16:10:41 -0500] "GET /BLA/boletinlegal/images/menu_bg.jpg HTTP/1.1" 200 620
186.145.91.234 - - [07/Nov/2022:16:10:41 -0500] "GET /sipse/faces/javax.faces.resource/primefaces.js?ln=primefaces&v=4.0 HTTP/1.1" 304 -
186.145.91.234 - - [07/Nov/2022:16:10:41 -0500] "GET /sipse/faces/javax.faces.resource/layout/layout.js?ln=primefaces&v=4.0 HTTP/1.1" 304 -
172.22.2.4 - - [07/Nov/2022:16:10:41 -0500] "GET /BLA/boletinlegal/images/text.jpg HTTP/1.1" 200 568
172.22.2.4 - - [07/Nov/2022:16:10:41 -0500] "GET /BLA/boletinlegal/images/launch.jpg HTTP/1.1" 200 14577
172.22.2.4 - - [07/Nov/2022:16:10:41 -0500] "GET /BLA/boletinlegal/images/screen_1.png HTTP/1.1" 200 202547
186.145.91.234 - - [07/Nov/2022:16:10:45 -0500] "POST /sipse/faces/presentacion/financiero/solicitudProceso/consultarSolicitudProceso.xhtml HTTP/1.1" 200 158459
172.22.2.4 - - [07/Nov/2022:16:10:47 -0500] "GET /BLA/boletinlegal/images/screen_2.png HTTP/1.1" 200 362502
172.22.2.4 - - [07/Nov/2022:16:10:48 -0500] "GET /BLA/boletinlegal/images/screen_3.png HTTP/1.1" 200 210620
172.22.2.4 - - [07/Nov/2022:16:10:48 -0500] "GET /BLA/boletinlegal/images/arr_r.jpg HTTP/1.1" 200 1998
172.22.2.4 - - [07/Nov/2022:16:10:48 -0500] "GET /BLA/boletinlegal/images/screen_5.png HTTP/1.1" 200 368876
172.22.2.4 - - [07/Nov/2022:16:10:48 -0500] "GET /BLA/boletinlegal/images/footer_bg.jpg HTTP/1.1" 200 586
172.22.2.4 - - [07/Nov/2022:16:09:15 -0500] "GET /BLA/boletinlegal/ HTTP/1.1" 200 56732
40.77.188.13 - - [07/Nov/2022:16:10:56 -0500] "GET /sipse/faces/javax.faces.resource/layout/layout.css;jsessionid=c9rOsRA-WCJikfmCaQIWYmZk.undefined?ln=primefaces&v=4.0 HTTP/1.1" 200 542
172.22.2.4 - - [07/Nov/2022:16:10:56 -0500] "GET /BLA/boletinlegal/images/pdf.gif HTTP/1.1" 200 567
40.77.188.98 - - [07/Nov/2022:16:10:56 -0500] "GET /sipse/faces/javax.faces.resource/primefaces.css;jsessionid=c9rOsRA-WCJikfmCaQIWYmZk.undefined?ln=primefaces&v=4.0 HTTP/1.1" 200 53295
40.77.190.98 - - [07/Nov/2022:16:10:56 -0500] "GET /sipse/faces/javax.faces.resource/layout/layout.js;jsessionid=c9rOsRA-WCJikfmCaQIWYmZk.undefined?ln=primefaces&v=4.0 HTTP/1.1" 200 87560
40.77.188.252 - - [07/Nov/2022:16:10:56 -0500] "GET /sipse/faces/javax.faces.resource/primefaces.js;jsessionid=c9rOsRA-WCJikfmCaQIWYmZk.undefined?ln=primefaces&v=4.0 HTTP/1.1" 200 276924
172.22.2.4 - - [07/Nov/2022:16:11:17 -0500] "GET /BLA/boletinlegal/ecp/Current/exporttool/microsoft.exchange.ediscovery.exporttool.application HTTP/1.1" 404 1018
186.145.91.234 - - [07/Nov/2022:16:11:39 -0500] "POST /sipse/faces/presentacion/financiero/solicitudProceso/consultarSolicitudProceso.xhtml HTTP/1.1" 200 158459
201.245.192.253 - - [07/Nov/2022:16:12:08 -0500] "POST /kwsrmcab/Wsrmcab  HTTP/1.1" 200 40655
172.22.2.4 - - [07/Nov/2022:16:10:39 -0500] "GET /BLA/boletinlegal/ HTTP/1.1" 200 61974
172.22.2.4 - - [07/Nov/2022:16:12:19 -0500] "GET /BLA/boletinlegal/favicon.ico HTTP/1.1" 404 1212
172.22.2.4 - - [07/Nov/2022:16:12:22 -0500] "GET /BLA/boletinlegal/owa/auth/x.js HTTP/1.1" 404 1018
69.63.184.119 - - [07/Nov/2022:16:14:09 -0500] "GET /images/Reciclaton%20Nov%202022%20(1)%20(1).jpeg HTTP/1.1" 200 53811
216.245.221.92 - - [07/Nov/2022:16:14:53 -0500] "HEAD / HTTP/1.1" 200 -
40.77.51.85 - - [07/Nov/2022:16:15:12 -0500] "GET /galeria/nivo-slider/demo/images/Bannereducacion.jpg HTTP/1.1" 200 316791
201.245.192.253 - - [07/Nov/2022:16:15:25 -0500] "GET /sipse/faces/faces/autenticacion.xhtml HTTP/1.1" 200 12502
201.245.192.253 - - [07/Nov/2022:16:15:25 -0500] "GET /sipse/faces/javax.faces.resource/theme.css?ln=primefaces-sipse HTTP/1.1" 304 -
201.245.192.253 - - [07/Nov/2022:16:15:25 -0500] "GET /sipse/faces/javax.faces.resource/layout/layout.css;jsessionid=rHSzBH7gXptWy8miFiu0nDpE.undefined?ln=primefaces&v=4.0 HTTP/1.1" 200 542
201.245.192.253 - - [07/Nov/2022:16:15:25 -0500] "GET /sipse/faces/javax.faces.resource/primefaces.css;jsessionid=rHSzBH7gXptWy8miFiu0nDpE.undefined?ln=primefaces&v=4.0 HTTP/1.1" 200 53295
201.245.192.253 - - [07/Nov/2022:16:15:25 -0500] "GET /sipse/faces/javax.faces.resource/layout/layout.js;jsessionid=rHSzBH7gXptWy8miFiu0nDpE.undefined?ln=primefaces&v=4.0 HTTP/1.1" 200 87560
201.245.192.253 - - [07/Nov/2022:16:15:25 -0500] "GET /sipse/faces/javax.faces.resource/jquery/jquery.js;jsessionid=rHSzBH7gXptWy8miFiu0nDpE.undefined?ln=primefaces&v=4.0 HTTP/1.1" 200 105384
201.245.192.253 - - [07/Nov/2022:16:15:25 -0500] "GET /sipse/faces/javax.faces.resource/jquery/jquery-plugins.js;jsessionid=rHSzBH7gXptWy8miFiu0nDpE.undefined?ln=primefaces&v=4.0 HTTP/1.1" 200 220526
201.245.192.253 - - [07/Nov/2022:16:15:25 -0500] "GET /sipse/faces/javax.faces.resource/primefaces.js;jsessionid=rHSzBH7gXptWy8miFiu0nDpE.undefined?ln=primefaces&v=4.0 HTTP/1.1" 200 276924
201.245.192.253 - - [07/Nov/2022:16:15:25 -0500] "GET /sipse/faces/javax.faces.resource/images/ui-icons_898989_256x240.png?ln=primefaces-aristo HTTP/1.1" 304 -
201.245.192.253 - - [07/Nov/2022:16:15:25 -0500] "GET /sipse/faces/faces/index.xhtml HTTP/1.1" 200 677
201.245.192.253 - - [07/Nov/2022:16:15:25 -0500] "GET /sipse/faces/javax.faces.resource/theme.css?ln=primefaces-sipse HTTP/1.1" 304 -
201.245.192.253 - - [07/Nov/2022:16:15:25 -0500] "GET /sipse/faces/faces/faces/autenticacion.xhtml HTTP/1.1" 200 12180
201.245.192.253 - - [07/Nov/2022:16:15:25 -0500] "GET /sipse/faces/javax.faces.resource/theme.css?ln=primefaces-sipse HTTP/1.1" 304 -
201.245.192.253 - - [07/Nov/2022:16:15:25 -0500] "GET /sipse/faces/javax.faces.resource/layout/layout.css?ln=primefaces&v=4.0 HTTP/1.1" 200 542
201.245.192.253 - - [07/Nov/2022:16:15:25 -0500] "GET /sipse/faces/javax.faces.resource/jquery/jquery.js?ln=primefaces&v=4.0 HTTP/1.1" 304 -
201.245.192.253 - - [07/Nov/2022:16:15:25 -0500] "GET /sipse/faces/javax.faces.resource/jquery/jquery-plugins.js?ln=primefaces&v=4.0 HTTP/1.1" 304 -
201.245.192.253 - - [07/Nov/2022:16:15:25 -0500] "GET /sipse/faces/javax.faces.resource/primefaces.js?ln=primefaces&v=4.0 HTTP/1.1" 304 -
201.245.192.253 - - [07/Nov/2022:16:15:25 -0500] "GET /sipse/faces/javax.faces.resource/layout/layout.js?ln=primefaces&v=4.0 HTTP/1.1" 304 -
201.245.192.253 - - [07/Nov/2022:16:15:25 -0500] "GET /sipse/faces/javax.faces.resource/primefaces.css?ln=primefaces&v=4.0 HTTP/1.1" 200 53295
201.245.192.253 - - [07/Nov/2022:16:15:25 -0500] "GET /sipse/faces/javax.faces.resource/images/ui-icons_898989_256x240.png?ln=primefaces-aristo HTTP/1.1" 304 -
201.245.192.253 - - [07/Nov/2022:16:15:28 -0500] "POST /sipse/faces/autenticacion.xhtml HTTP/1.1" 200 11166
201.245.192.253 - - [07/Nov/2022:16:15:28 -0500] "GET /sipse/css/custom_css_sg_prime.css HTTP/1.1" 200 5201
201.245.192.253 - - [07/Nov/2022:16:15:28 -0500] "GET /sipse/faces/javax.faces.resource/jquery/jquery.js?ln=primefaces&v=4.0 HTTP/1.1" 304 -
201.245.192.253 - - [07/Nov/2022:16:15:28 -0500] "GET /sipse/faces/javax.faces.resource/jquery/jquery-plugins.js?ln=primefaces&v=4.0 HTTP/1.1" 304 -
201.245.192.253 - - [07/Nov/2022:16:15:28 -0500] "GET /sipse/faces/javax.faces.resource/primefaces.js?ln=primefaces&v=4.0 HTTP/1.1" 304 -
201.245.192.253 - - [07/Nov/2022:16:15:28 -0500] "GET /sipse/faces/javax.faces.resource/layout/layout.js?ln=primefaces&v=4.0 HTTP/1.1" 304 -
201.245.192.253 - - [07/Nov/2022:16:15:28 -0500] "GET /sipse/faces/javax.faces.resource/messages/messages.png?ln=primefaces&v=4.0 HTTP/1.1" 200 27209
201.245.192.253 - - [07/Nov/2022:16:15:31 -0500] "POST /sipse/faces/presentacion/sistema/seguridad/seleccionRol.xhtml HTTP/1.1" 200 5600
201.245.192.253 - - [07/Nov/2022:16:15:33 -0500] "POST /sipse/faces/presentacion/sistema/seguridad/seleccionRol.xhtml HTTP/1.1" 200 17460
201.245.192.253 - - [07/Nov/2022:16:15:33 -0500] "GET /sipse/faces/javax.faces.resource/jquery/jquery.js?ln=primefaces&v=4.0 HTTP/1.1" 304 -
201.245.192.253 - - [07/Nov/2022:16:15:33 -0500] "GET /sipse/faces/javax.faces.resource/jquery/jquery-plugins.js?ln=primefaces&v=4.0 HTTP/1.1" 304 -
201.245.192.253 - - [07/Nov/2022:16:15:33 -0500] "GET /sipse/faces/javax.faces.resource/primefaces.js?ln=primefaces&v=4.0 HTTP/1.1" 304 -
201.245.192.253 - - [07/Nov/2022:16:15:33 -0500] "GET /sipse/faces/javax.faces.resource/layout/layout.js?ln=primefaces&v=4.0 HTTP/1.1" 304 -
201.245.192.253 - - [07/Nov/2022:16:15:33 -0500] "GET /sipse/imagenes/cargando.gif HTTP/1.1" 200 15714
201.245.192.253 - - [07/Nov/2022:16:15:33 -0500] "GET /sipse/imagenes/logoAplicacion.jpg HTTP/1.1" 200 15711
201.245.192.253 - - [07/Nov/2022:16:15:33 -0500] "GET /sipse/css/imagen/contrasena.png HTTP/1.1" 404 383
201.245.192.253 - - [07/Nov/2022:16:15:38 -0500] "GET /sipse/faces/javax.faces.resource/images/ui-bg_flat_0_2d5972_40x100.png?ln=primefaces-aristo HTTP/1.1" 200 183
201.245.192.253 - - [07/Nov/2022:16:15:38 -0500] "POST /sipse/faces/bienvenido.xhtml HTTP/1.1" 200 3843
201.245.192.253 - - [07/Nov/2022:16:15:40 -0500] "POST /sipse/faces/bienvenido.xhtml HTTP/1.1" 200 5029
201.245.192.253 - - [07/Nov/2022:16:15:42 -0500] "POST /sipse/faces/bienvenido.xhtml HTTP/1.1" 200 46096
201.245.192.253 - - [07/Nov/2022:16:15:43 -0500] "GET /sipse/faces/javax.faces.resource/jquery/jquery.js?ln=primefaces&v=4.0 HTTP/1.1" 304 -
201.245.192.253 - - [07/Nov/2022:16:15:43 -0500] "GET /sipse/faces/javax.faces.resource/jquery/jquery-plugins.js?ln=primefaces&v=4.0 HTTP/1.1" 304 -
201.245.192.253 - - [07/Nov/2022:16:15:43 -0500] "GET /sipse/faces/javax.faces.resource/primefaces.js?ln=primefaces&v=4.0 HTTP/1.1" 304 -
201.245.192.253 - - [07/Nov/2022:16:15:43 -0500] "GET /sipse/faces/javax.faces.resource/layout/layout.js?ln=primefaces&v=4.0 HTTP/1.1" 304 -
201.245.192.253 - - [07/Nov/2022:16:15:54 -0500] "POST /sipse/faces/presentacion/financiero/solicitudProceso/consultar.xhtml HTTP/1.1" 200 12899
172.22.2.4 - - [07/Nov/2022:16:14:14 -0500] "HEAD /BLA/boletinlegal/ HTTP/1.1" 200 -
92.118.39.78 - - [07/Nov/2022:16:15:59 -0500] "GET / HTTP/1.1" 200 319
201.245.192.253 - - [07/Nov/2022:16:16:01 -0500] "POST /sipse/faces/presentacion/financiero/solicitudProceso/consultar.xhtml HTTP/1.1" 200 112504
201.245.192.253 - - [07/Nov/2022:16:16:01 -0500] "GET /sipse/faces/javax.faces.resource/jquery/jquery.js?ln=primefaces&v=4.0 HTTP/1.1" 304 -
201.245.192.253 - - [07/Nov/2022:16:16:01 -0500] "GET /sipse/faces/javax.faces.resource/jquery/jquery-plugins.js?ln=primefaces&v=4.0 HTTP/1.1" 304 -
201.245.192.253 - - [07/Nov/2022:16:16:01 -0500] "GET /sipse/faces/javax.faces.resource/primefaces.js?ln=primefaces&v=4.0 HTTP/1.1" 304 -
201.245.192.253 - - [07/Nov/2022:16:16:01 -0500] "GET /sipse/faces/javax.faces.resource/layout/layout.js?ln=primefaces&v=4.0 HTTP/1.1" 304 -
20.106.27.209 - - [07/Nov/2022:16:16:07 -0500] "GET /galeria/nivo-slider/demo/images/Banner%20musgo.jpg HTTP/1.1" 200 380071
40.122.227.200 - - [07/Nov/2022:16:16:11 -0500] "GET /BLA/boletinlegal/images/cabezote%20BLEGAL.jpg HTTP/1.1" 200 118164
172.22.2.4 - - [07/Nov/2022:16:15:04 -0500] "GET /BLA/boletinlegal/ HTTP/1.1" 200 56732
201.245.192.253 - - [07/Nov/2022:16:17:01 -0500] "POST /sipse/faces/presentacion/financiero/solicitudProceso/consultarSolicitudProceso.xhtml HTTP/1.1" 200 158459
201.245.192.253 - - [07/Nov/2022:16:17:07 -0500] "POST /kwsrmcab/Wsrmcab  HTTP/1.1" 200 40655
172.22.2.4 - - [07/Nov/2022:16:19:39 -0500] "GET /BLA/boletinlegal/actos.php HTTP/1.1" 200 9566
172.22.2.4 - - [07/Nov/2022:16:19:40 -0500] "GET /BLA/boletinlegal/favicon.ico HTTP/1.1" 404 1326
172.22.2.4 - - [07/Nov/2022:16:19:40 -0500] "GET /BLA/boletinlegal/jurisprudencia/analisis/SENTENCIA%20C-703%20DE%202010.xls HTTP/1.1" 304 -
179.33.241.34 - - [07/Nov/2022:16:19:41 -0500] "GET /BLA/resoluciones/ HTTP/1.1" 200 13093
179.33.241.34 - - [07/Nov/2022:16:19:44 -0500] "GET /BLA/resoluciones/index.php?dir=AUTOS+2014%2F HTTP/1.1" 200 884169
179.33.241.34 - - [07/Nov/2022:16:19:45 -0500] "GET /BLA/resoluciones/dlf/unknown.png HTTP/1.1" 200 266
216.245.221.92 - - [07/Nov/2022:16:19:53 -0500] "HEAD / HTTP/1.1" 200 -
172.22.2.4 - - [07/Nov/2022:16:19:38 -0500] "GET /BLA/boletinlegal/ HTTP/1.1" 200 24523
201.245.192.253 - - [07/Nov/2022:16:21:02 -0500] "POST /kwsrmcab/Wsrmcab HTTP/1.1" 200 43516
201.245.192.253 - - [07/Nov/2022:16:21:04 -0500] "POST /kwsrmcab/Wsrmcab HTTP/1.1" 200 42206
186.145.91.234 - - [07/Nov/2022:16:21:03 -0500] "POST /sipse/faces/presentacion/financiero/solicitudProceso/consultarSolicitudProceso.xhtml HTTP/1.1" 200 36717
186.145.91.234 - - [07/Nov/2022:16:21:06 -0500] "GET /sipse/faces/javax.faces.resource/theme.css?ln=primefaces-sipse HTTP/1.1" 304 -
186.145.91.234 - - [07/Nov/2022:16:21:06 -0500] "GET /sipse/faces/javax.faces.resource/primefaces.css?ln=primefaces&v=4.0 HTTP/1.1" 304 -
186.145.91.234 - - [07/Nov/2022:16:21:06 -0500] "GET /sipse/faces/javax.faces.resource/jquery/jquery.js?ln=primefaces&v=4.0 HTTP/1.1" 304 -
186.145.91.234 - - [07/Nov/2022:16:21:06 -0500] "GET /sipse/faces/javax.faces.resource/layout/layout.css?ln=primefaces&v=4.0 HTTP/1.1" 304 -
186.145.91.234 - - [07/Nov/2022:16:21:07 -0500] "GET /sipse/faces/javax.faces.resource/jquery/jquery-plugins.js?ln=primefaces&v=4.0 HTTP/1.1" 304 -
186.145.91.234 - - [07/Nov/2022:16:21:07 -0500] "GET /sipse/faces/javax.faces.resource/primefaces.js?ln=primefaces&v=4.0 HTTP/1.1" 304 -
186.145.91.234 - - [07/Nov/2022:16:21:07 -0500] "GET /sipse/faces/javax.faces.resource/layout/layout.js?ln=primefaces&v=4.0 HTTP/1.1" 304 -
186.145.91.234 - - [07/Nov/2022:16:21:07 -0500] "POST /sipse/faces/presentacion/financiero/solicitudProceso/listarSolicitudProceso.xhtml HTTP/1.1" 200 1400
186.145.91.234 - - [07/Nov/2022:16:21:12 -0500] "POST /sipse/faces/presentacion/financiero/solicitudProceso/listarSolicitudProceso.xhtml HTTP/1.1" 200 32547
186.145.91.234 - - [07/Nov/2022:16:21:16 -0500] "POST /sipse/faces/presentacion/financiero/solicitudProceso/listarSolicitudProceso.xhtml HTTP/1.1" 200 32595
186.145.91.234 - - [07/Nov/2022:16:21:21 -0500] "POST /sipse/faces/presentacion/financiero/solicitudProceso/listarSolicitudProceso.xhtml HTTP/1.1" 200 11742
172.22.2.4 - - [07/Nov/2022:16:20:04 -0500] "HEAD /BLA/boletinlegal/ HTTP/1.1" 200 -
69.171.249.119 - - [07/Nov/2022:16:22:07 -0500] "GET /images/Reciclaton%20Nov%202022%20(1)%20(1).jpeg HTTP/1.1" 200 53811
201.245.192.253 - - [07/Nov/2022:16:22:06 -0500] "POST /kwsrmcab/Wsrmcab  HTTP/1.1" 200 40655
172.22.2.4 - - [07/Nov/2022:16:20:54 -0500] "GET /BLA/boletinlegal/ HTTP/1.1" 200 59319
201.245.192.253 - - [07/Nov/2022:16:22:47 -0500] "POST /sipse/faces/presentacion/financiero/solicitudProceso/consultarSolicitudProceso.xhtml HTTP/1.1" 200 49212
201.245.192.253 - - [07/Nov/2022:16:22:47 -0500] "GET /sipse/faces/javax.faces.resource/jquery/jquery.js?ln=primefaces&v=4.0 HTTP/1.1" 304 -
201.245.192.253 - - [07/Nov/2022:16:22:47 -0500] "GET /sipse/faces/javax.faces.resource/jquery/jquery-plugins.js?ln=primefaces&v=4.0 HTTP/1.1" 304 -
201.245.192.253 - - [07/Nov/2022:16:22:47 -0500] "GET /sipse/faces/javax.faces.resource/primefaces.js?ln=primefaces&v=4.0 HTTP/1.1" 304 -
201.245.192.253 - - [07/Nov/2022:16:22:47 -0500] "GET /sipse/faces/javax.faces.resource/layout/layout.js?ln=primefaces&v=4.0 HTTP/1.1" 304 -
201.245.192.253 - - [07/Nov/2022:16:22:47 -0500] "POST /sipse/faces/presentacion/financiero/solicitudProceso/consultar.xhtml HTTP/1.1" 200 42637
201.245.192.253 - - [07/Nov/2022:16:22:47 -0500] "POST /sipse/faces/presentacion/financiero/solicitudProceso/consultar.xhtml HTTP/1.1" 200 42637
201.245.192.253 - - [07/Nov/2022:16:22:49 -0500] "POST /sipse/faces/presentacion/financiero/solicitudProceso/consultar.xhtml HTTP/1.1" 200 12913
201.245.192.253 - - [07/Nov/2022:16:22:52 -0500] "POST /sipse/faces/presentacion/financiero/solicitudProceso/consultar.xhtml HTTP/1.1" 200 112511
201.245.192.253 - - [07/Nov/2022:16:22:53 -0500] "GET /sipse/faces/javax.faces.resource/jquery/jquery.js?ln=primefaces&v=4.0 HTTP/1.1" 304 -
201.245.192.253 - - [07/Nov/2022:16:22:53 -0500] "GET /sipse/faces/javax.faces.resource/jquery/jquery-plugins.js?ln=primefaces&v=4.0 HTTP/1.1" 304 -
201.245.192.253 - - [07/Nov/2022:16:22:53 -0500] "GET /sipse/faces/javax.faces.resource/primefaces.js?ln=primefaces&v=4.0 HTTP/1.1" 304 -
201.245.192.253 - - [07/Nov/2022:16:22:53 -0500] "GET /sipse/faces/javax.faces.resource/layout/layout.js?ln=primefaces&v=4.0 HTTP/1.1" 304 -
201.245.192.253 - - [07/Nov/2022:16:22:59 -0500] "POST /sipse/faces/presentacion/financiero/solicitudProceso/consultarSolicitudProceso.xhtml HTTP/1.1" 200 36977
201.245.192.253 - - [07/Nov/2022:16:23:00 -0500] "GET /sipse/faces/javax.faces.resource/theme.css?ln=primefaces-sipse HTTP/1.1" 304 -
201.245.192.253 - - [07/Nov/2022:16:23:00 -0500] "GET /sipse/faces/javax.faces.resource/jquery/jquery.js?ln=primefaces&v=4.0 HTTP/1.1" 304 -
201.245.192.253 - - [07/Nov/2022:16:23:00 -0500] "GET /sipse/faces/javax.faces.resource/primefaces.css?ln=primefaces&v=4.0 HTTP/1.1" 304 -
201.245.192.253 - - [07/Nov/2022:16:23:00 -0500] "GET /sipse/faces/javax.faces.resource/layout/layout.js?ln=primefaces&v=4.0 HTTP/1.1" 304 -
201.245.192.253 - - [07/Nov/2022:16:23:00 -0500] "GET /sipse/faces/javax.faces.resource/layout/layout.css?ln=primefaces&v=4.0 HTTP/1.1" 304 -
201.245.192.253 - - [07/Nov/2022:16:23:00 -0500] "GET /sipse/faces/javax.faces.resource/primefaces.js?ln=primefaces&v=4.0 HTTP/1.1" 304 -
201.245.192.253 - - [07/Nov/2022:16:23:00 -0500] "GET /sipse/faces/javax.faces.resource/jquery/jquery-plugins.js?ln=primefaces&v=4.0 HTTP/1.1" 304 -
201.245.192.253 - - [07/Nov/2022:16:23:00 -0500] "GET /sipse/faces/javax.faces.resource/images/ui-icons_898989_256x240.png?ln=primefaces-aristo HTTP/1.1" 304 -
216.245.221.92 - - [07/Nov/2022:16:24:53 -0500] "HEAD / HTTP/1.1" 200 -
40.122.230.188 - - [07/Nov/2022:16:25:53 -0500] "GET /galeria/galeria/fotos/Soratama3P.jpg HTTP/1.1" 200 11298
201.245.192.253 - - [07/Nov/2022:16:27:05 -0500] "POST /kwsrmcab/Wsrmcab  HTTP/1.1" 200 40655
172.22.2.4 - - [07/Nov/2022:16:25:54 -0500] "HEAD /BLA/boletinlegal/ HTTP/1.1" 200 -
192.241.192.34 - - [07/Nov/2022:16:28:01 -0500] "GET /druid/index.html HTTP/1.1" 404 1018
172.22.2.4 - - [07/Nov/2022:16:26:44 -0500] "GET /BLA/boletinlegal/ HTTP/1.1" 200 59828
216.245.221.92 - - [07/Nov/2022:16:29:53 -0500] "HEAD / HTTP/1.1" 200 -
201.245.192.253 - - [07/Nov/2022:16:31:02 -0500] "POST /kwsrmcab/Wsrmcab HTTP/1.1" 200 43516
201.245.192.253 - - [07/Nov/2022:16:31:05 -0500] "POST /kwsrmcab/Wsrmcab HTTP/1.1" 200 42206
186.28.68.252 - - [07/Nov/2022:16:31:09 -0500] "GET /BLA/resoluciones/index.php?dir=AUTOS+2014%2F HTTP/1.1" 200 884169
201.245.192.253 - - [07/Nov/2022:16:32:04 -0500] "POST /kwsrmcab/Wsrmcab  HTTP/1.1" 200 40655
172.22.2.4 - - [07/Nov/2022:16:31:44 -0500] "HEAD /BLA/boletinlegal/ HTTP/1.1" 200 -
172.22.2.4 - - [07/Nov/2022:16:32:34 -0500] "GET /BLA/boletinlegal/ HTTP/1.1" 200 56732
216.245.221.92 - - [07/Nov/2022:16:34:53 -0500] "HEAD / HTTP/1.1" 200 -
172.22.2.4 - - [07/Nov/2022:16:34:29 -0500] "GET /BLA/boletinlegal/ HTTP/1.1" 200 62772
201.245.192.253 - - [07/Nov/2022:16:37:03 -0500] "POST /kwsrmcab/Wsrmcab  HTTP/1.1" 200 40655
172.22.2.4 - - [07/Nov/2022:16:38:23 -0500] "GET /BLA/boletinlegal/Circulares/2019/.pdf HTTP/1.1" 404 1218
172.22.2.4 - - [07/Nov/2022:16:38:32 -0500] "GET /BLA/boletinlegal/Circulares/2012/Circular%20No.%2010%20del%2026%20de%20Enero%20de%202012.pdf HTTP/1.1" 404 1218
172.22.2.4 - - [07/Nov/2022:16:37:34 -0500] "HEAD /BLA/boletinlegal/ HTTP/1.1" 200 -
216.245.221.92 - - [07/Nov/2022:16:39:53 -0500] "HEAD / HTTP/1.1" 200 -
172.22.2.4 - - [07/Nov/2022:16:38:24 -0500] "GET /BLA/boletinlegal/ HTTP/1.1" 200 57725
201.245.192.253 - - [07/Nov/2022:16:41:02 -0500] "POST /kwsrmcab/Wsrmcab HTTP/1.1" 200 43516
201.245.192.253 - - [07/Nov/2022:16:41:04 -0500] "POST /kwsrmcab/Wsrmcab HTTP/1.1" 200 42206
186.154.46.28 - - [07/Nov/2022:16:41:10 -0500] "-" 408 -
201.245.192.253 - - [07/Nov/2022:16:42:02 -0500] "POST /kwsrmcab/Wsrmcab  HTTP/1.1" 200 40655
186.154.46.28 - - [07/Nov/2022:16:42:17 -0500] "-" 408 -
66.249.73.127 - - [07/Nov/2022:16:44:01 -0500] "-" 408 -
216.245.221.92 - - [07/Nov/2022:16:44:53 -0500] "HEAD / HTTP/1.1" 200 -
186.154.46.28 - - [07/Nov/2022:16:44:54 -0500] "-" 408 -
172.22.2.4 - - [07/Nov/2022:16:43:24 -0500] "HEAD /BLA/boletinlegal/ HTTP/1.1" 200 -
172.22.2.4 - - [07/Nov/2022:16:44:14 -0500] "GET /BLA/boletinlegal/ HTTP/1.1" 200 57375
186.154.46.28 - - [07/Nov/2022:16:46:59 -0500] "-" 408 -
201.245.192.253 - - [07/Nov/2022:16:47:00 -0500] "POST /kwsrmcab/Wsrmcab  HTTP/1.1" 200 40655
186.154.46.28 - - [07/Nov/2022:16:48:00 -0500] "-" 408 -
186.154.46.28 - - [07/Nov/2022:16:49:02 -0500] "-" 408 -
20.106.24.246 - - [07/Nov/2022:16:49:29 -0500] "GET /galeria/nivo-slider/demo/images/Bannercalculadoraweb.jpg HTTP/1.1" 200 301964
185.119.81.100 - - [07/Nov/2022:16:49:46 -0500] "GET /portaldeninos/wp-login.php HTTP/1.1" 200 2592
185.119.81.100 - - [07/Nov/2022:16:49:47 -0500] "POST /portaldeninos/wp-login.php HTTP/1.1" 200 3605
216.245.221.92 - - [07/Nov/2022:16:49:53 -0500] "HEAD / HTTP/1.1" 200 -
172.22.2.4 - - [07/Nov/2022:16:49:14 -0500] "HEAD /BLA/boletinlegal/ HTTP/1.1" 200 -
172.22.2.4 - - [07/Nov/2022:16:50:04 -0500] "GET /BLA/boletinlegal/ HTTP/1.1" 200 55220
201.245.192.253 - - [07/Nov/2022:16:51:59 -0500] "POST /kwsrmcab/Wsrmcab  HTTP/1.1" 200 40655
66.249.73.127 - - [07/Nov/2022:16:52:32 -0500] "-" 408 -
181.51.34.145 - - [07/Nov/2022:16:52:55 -0500] "GET /appsia/controlador HTTP/1.1" 200 4799
181.51.34.145 - - [07/Nov/2022:16:53:15 -0500] "POST /appsia/controlador HTTP/1.1" 200 3293
181.51.34.145 - - [07/Nov/2022:16:53:15 -0500] "GET /appsia/jscripts/validarSolicitud.js HTTP/1.1" 404 68
181.51.34.145 - - [07/Nov/2022:16:54:28 -0500] "POST /appsia/controlador HTTP/1.1" 200 4799
181.51.34.145 - - [07/Nov/2022:16:54:38 -0500] "POST /appsia/controlador HTTP/1.1" 200 3598
181.51.34.145 - - [07/Nov/2022:16:54:39 -0500] "GET /appsia/jscripts/validarSolicitud.js HTTP/1.1" 404 68
216.245.221.92 - - [07/Nov/2022:16:54:53 -0500] "HEAD / HTTP/1.1" 200 -
186.154.46.28 - - [07/Nov/2022:16:55:13 -0500] "-" 408 -
172.22.2.4 - - [07/Nov/2022:16:55:04 -0500] "HEAD /BLA/boletinlegal/ HTTP/1.1" 200 -
201.245.192.253 - - [07/Nov/2022:16:56:58 -0500] "POST /kwsrmcab/Wsrmcab  HTTP/1.1" 200 40655
40.122.227.201 - - [07/Nov/2022:16:57:30 -0500] "GET /galeria/nivo-slider/demo/images/bannerambiente.jpg HTTP/1.1" 200 158918
172.22.2.4 - - [07/Nov/2022:16:55:54 -0500] "GET /BLA/boletinlegal/ HTTP/1.1" 200 59828
181.54.205.195 - - [07/Nov/2022:16:57:52 -0500] "GET /mesa/contrasena.pdf HTTP/1.1" 200 443199
181.54.205.195 - - [07/Nov/2022:16:57:53 -0500] "GET /mesa/contrasena.pdf HTTP/1.1" 206 1
181.54.205.195 - - [07/Nov/2022:16:57:53 -0500] "GET /mesa/contrasena.pdf HTTP/1.1" 206 1091
191.95.58.195 - - [07/Nov/2022:16:58:02 -0500] "GET /Publicaciones/SSFFS-05918.zip HTTP/1.1" 200 631156
66.249.73.97 - - [07/Nov/2022:16:59:30 -0500] "-" 408 -
216.245.221.92 - - [07/Nov/2022:16:59:53 -0500] "HEAD / HTTP/1.1" 200 -
185.119.81.101 - - [07/Nov/2022:17:00:46 -0500] "GET /portaldeninos/wp-login.php HTTP/1.1" 200 2592
185.119.81.101 - - [07/Nov/2022:17:00:47 -0500] "POST /portaldeninos/wp-login.php HTTP/1.1" 200 3605
201.245.192.253 - - [07/Nov/2022:17:01:57 -0500] "POST /kwsrmcab/Wsrmcab  HTTP/1.1" 200 40655
95.217.145.45 - - [07/Nov/2022:17:02:13 -0500] "-" 408 -
95.217.144.234 - - [07/Nov/2022:17:02:18 -0500] "-" 408 -
95.217.144.236 - - [07/Nov/2022:17:02:28 -0500] "-" 408 -
191.66.157.7 - - [07/Nov/2022:17:02:30 -0500] "GET /appsia/controlador HTTP/1.1" 200 4799
191.66.157.7 - - [07/Nov/2022:17:02:30 -0500] "GET /appsia/css/estilos.css HTTP/1.1" 200 4804
191.66.157.7 - - [07/Nov/2022:17:02:30 -0500] "GET /appsia/scripts/validarIngreso.js HTTP/1.1" 200 851
191.66.157.7 - - [07/Nov/2022:17:02:30 -0500] "GET /appsia/images/cabezoteHojaVida.png HTTP/1.1" 200 32493
191.66.157.7 - - [07/Nov/2022:17:02:30 -0500] "GET /appsia/images/logo_bogota_p.png HTTP/1.1" 200 14951
191.66.157.7 - - [07/Nov/2022:17:02:30 -0500] "GET /favicon.ico HTTP/1.1" 200 7782
95.217.144.156 - - [07/Nov/2022:17:02:31 -0500] "-" 408 -
95.217.144.238 - - [07/Nov/2022:17:02:33 -0500] "-" 408 -
172.22.2.4 - - [07/Nov/2022:17:00:54 -0500] "HEAD /BLA/boletinlegal/ HTTP/1.1" 200 -
95.217.144.236 - - [07/Nov/2022:17:02:37 -0500] "-" 408 -
172.22.2.4 - - [07/Nov/2022:17:01:44 -0500] "GET /BLA/boletinlegal/ HTTP/1.1" 200 59828
191.66.157.7 - - [07/Nov/2022:17:04:11 -0500] "POST /appsia/controlador HTTP/1.1" 200 3293
191.66.157.7 - - [07/Nov/2022:17:04:11 -0500] "GET /appsia/jscripts/validarSolicitud.js HTTP/1.1" 404 68
216.245.221.92 - - [07/Nov/2022:17:04:53 -0500] "HEAD / HTTP/1.1" 200 -
40.122.195.128 - - [07/Nov/2022:17:05:01 -0500] "GET /catalogoisis/imagenes/br1c3.gif HTTP/1.1" 200 302
181.51.34.145 - - [07/Nov/2022:17:06:38 -0500] "GET /appsia/controlador HTTP/1.1" 200 4799
201.245.192.253 - - [07/Nov/2022:17:06:55 -0500] "POST /kwsrmcab/Wsrmcab  HTTP/1.1" 200 40655
172.22.2.4 - - [07/Nov/2022:17:06:44 -0500] "HEAD /BLA/boletinlegal/ HTTP/1.1" 200 -
172.22.2.4 - - [07/Nov/2022:17:07:34 -0500] "GET /BLA/boletinlegal/ HTTP/1.1" 200 59828
216.245.221.92 - - [07/Nov/2022:17:09:53 -0500] "HEAD / HTTP/1.1" 200 -
181.51.34.145 - - [07/Nov/2022:17:10:04 -0500] "POST /appsia/controlador HTTP/1.1" 200 3293
181.51.34.145 - - [07/Nov/2022:17:10:05 -0500] "GET /appsia/jscripts/validarSolicitud.js HTTP/1.1" 404 68
185.119.81.100 - - [07/Nov/2022:17:10:11 -0500] "GET /portaldeninos/wp-login.php HTTP/1.1" 200 2592
181.51.34.145 - - [07/Nov/2022:17:10:12 -0500] "POST /appsia/controlador HTTP/1.1" 200 4799
185.119.81.100 - - [07/Nov/2022:17:10:12 -0500] "POST /portaldeninos/wp-login.php HTTP/1.1" 200 3670
181.51.34.145 - - [07/Nov/2022:17:10:55 -0500] "GET /appsia/controlador HTTP/1.1" 200 4799
181.51.34.145 - - [07/Nov/2022:17:11:05 -0500] "POST /appsia/controlador HTTP/1.1" 200 3293
181.51.34.145 - - [07/Nov/2022:17:11:05 -0500] "GET /appsia/jscripts/validarSolicitud.js HTTP/1.1" 404 68
201.245.192.253 - - [07/Nov/2022:17:11:54 -0500] "POST /kwsrmcab/Wsrmcab  HTTP/1.1" 200 40655
40.77.167.57 - - [07/Nov/2022:17:12:26 -0500] "GET / HTTP/1.1" 200 319
20.106.24.246 - - [07/Nov/2022:17:13:24 -0500] "GET /galeria/nivo-slider/demo/images/Banner-principal-eco.jpg HTTP/1.1" 200 408966
172.22.2.4 - - [07/Nov/2022:17:12:34 -0500] "HEAD /BLA/boletinlegal/ HTTP/1.1" 200 -
80.94.92.239 - - [07/Nov/2022:17:14:37 -0500] "GET / HTTP/1.1" 200 319
216.245.221.92 - - [07/Nov/2022:17:14:53 -0500] "HEAD / HTTP/1.1" 200 -
172.22.2.4 - - [07/Nov/2022:17:13:24 -0500] "GET /BLA/boletinlegal/ HTTP/1.1" 200 59828
201.245.192.253 - - [07/Nov/2022:17:16:53 -0500] "POST /kwsrmcab/Wsrmcab  HTTP/1.1" 200 40655
172.22.2.4 - - [07/Nov/2022:17:18:37 -0500] "GET /BLA/boletinlegal/Circulares/2017/Circular%20No.%202%20del%201%20de%20Septiembre%20de%202017.pdf HTTP/1.1" 200 152575
172.22.2.4 - - [07/Nov/2022:17:18:46 -0500] "GET /BLA/boletinlegal/ HTTP/1.1" 200 20427
205.210.31.44 - - [07/Nov/2022:17:19:14 -0500] "GET / HTTP/1.1" 200 319
20.29.110.169 - - [07/Nov/2022:17:19:24 -0500] "GET /galeria/galeria/fotos/Soratama4P.jpg HTTP/1.1" 200 10482
216.245.221.92 - - [07/Nov/2022:17:19:53 -0500] "HEAD / HTTP/1.1" 200 -
172.22.2.4 - - [07/Nov/2022:17:18:24 -0500] "HEAD /BLA/boletinlegal/ HTTP/1.1" 200 -
191.66.157.7 - - [07/Nov/2022:17:20:13 -0500] "GET /appsia/controlador HTTP/1.1" 200 4799
172.22.2.4 - - [07/Nov/2022:17:20:24 -0500] "GET /BLA/boletinlegal/images/arr_l.jpg HTTP/1.1" 304 -
191.66.157.7 - - [07/Nov/2022:17:20:47 -0500] "POST /appsia/controlador HTTP/1.1" 200 4621
181.48.255.70 - - [07/Nov/2022:17:20:51 -0500] "GET /appsia/controlador HTTP/1.1" 200 4799
181.48.255.70 - - [07/Nov/2022:17:20:52 -0500] "GET /appsia/css/estilos.css HTTP/1.1" 200 4804
181.48.255.70 - - [07/Nov/2022:17:20:53 -0500] "GET /appsia/scripts/validarIngreso.js HTTP/1.1" 200 851
172.22.2.4 - - [07/Nov/2022:17:19:14 -0500] "GET /BLA/boletinlegal/ HTTP/1.1" 200 52877
181.48.255.70 - - [07/Nov/2022:17:20:56 -0500] "GET /appsia/images/cabezoteHojaVida.png HTTP/1.1" 200 32493
181.48.255.70 - - [07/Nov/2022:17:20:57 -0500] "GET /appsia/images/logo_bogota_p.png HTTP/1.1" 200 14951
191.66.157.7 - - [07/Nov/2022:17:21:00 -0500] "POST /appsia/controlador HTTP/1.1" 200 8513
191.66.157.7 - - [07/Nov/2022:17:21:00 -0500] "GET /appsia/images/logo_escudo.png HTTP/1.1" 200 36965
201.245.192.253 - - [07/Nov/2022:17:21:02 -0500] "POST /kwsrmcab/Wsrmcab HTTP/1.1" 200 43513
191.66.157.7 - - [07/Nov/2022:17:21:05 -0500] "POST /appsia/controlador HTTP/1.1" 200 4621
201.245.192.253 - - [07/Nov/2022:17:21:04 -0500] "POST /kwsrmcab/Wsrmcab HTTP/1.1" 200 42204
191.66.157.7 - - [07/Nov/2022:17:21:06 -0500] "POST /appsia/controlador HTTP/1.1" 200 4799
201.245.192.253 - - [07/Nov/2022:17:21:51 -0500] "POST /kwsrmcab/Wsrmcab  HTTP/1.1" 200 40655
40.77.167.103 - - [07/Nov/2022:17:23:00 -0500] "-" 408 -
185.119.81.100 - - [07/Nov/2022:17:23:32 -0500] "GET /portaldeninos/wp-login.php HTTP/1.1" 200 2592
185.119.81.100 - - [07/Nov/2022:17:23:33 -0500] "POST /portaldeninos/wp-login.php HTTP/1.1" 200 3605
152.89.196.211 - - [07/Nov/2022:17:24:36 -0500] "GET /?a=fetch&content=<php>die(@md5(HelloThinkCMF))</php> HTTP/1.1" 200 319
216.245.221.92 - - [07/Nov/2022:17:24:53 -0500] "HEAD / HTTP/1.1" 200 -
181.51.34.145 - - [07/Nov/2022:17:25:29 -0500] "GET /appsia/controlador HTTP/1.1" 200 4799
172.22.2.4 - - [07/Nov/2022:17:24:14 -0500] "HEAD /BLA/boletinlegal/ HTTP/1.1" 200 -
181.51.34.145 - - [07/Nov/2022:17:26:03 -0500] "POST /appsia/controlador HTTP/1.1" 200 3293
181.51.34.145 - - [07/Nov/2022:17:26:03 -0500] "GET /appsia/jscripts/validarSolicitud.js HTTP/1.1" 404 68
185.119.81.100 - - [07/Nov/2022:17:26:11 -0500] "GET /portaldeninos/wp-login.php HTTP/1.1" 200 2592
185.119.81.100 - - [07/Nov/2022:17:26:12 -0500] "POST /portaldeninos/wp-login.php HTTP/1.1" 200 3650
66.249.73.127 - - [07/Nov/2022:17:26:25 -0500] "-" 408 -
172.22.2.4 - - [07/Nov/2022:17:25:04 -0500] "GET /BLA/boletinlegal/ HTTP/1.1" 200 56732
201.245.192.253 - - [07/Nov/2022:17:26:50 -0500] "POST /kwsrmcab/Wsrmcab  HTTP/1.1" 200 40655
216.245.221.92 - - [07/Nov/2022:17:29:53 -0500] "HEAD / HTTP/1.1" 200 -
170.238.236.203 - - [07/Nov/2022:17:29:59 -0500] "GET /galeria/galeria/jquery.fancybox.css?v=2.1.5 HTTP/1.1" 200 4895
170.238.236.203 - - [07/Nov/2022:17:29:59 -0500] "GET /BLA/boletinlegal/js/jquery.scrollShow.js HTTP/1.1" 200 4586
170.238.236.203 - - [07/Nov/2022:17:29:59 -0500] "GET /galeria/galeria/jquery.fancybox.js?v=2.1.5 HTTP/1.1" 200 48706
201.245.192.253 - - [07/Nov/2022:17:31:02 -0500] "POST /kwsrmcab/Wsrmcab HTTP/1.1" 200 43513
201.245.192.253 - - [07/Nov/2022:17:31:04 -0500] "POST /kwsrmcab/Wsrmcab HTTP/1.1" 200 42204
172.22.2.4 - - [07/Nov/2022:17:30:04 -0500] "HEAD /BLA/boletinlegal/ HTTP/1.1" 200 -
201.245.192.253 - - [07/Nov/2022:17:31:49 -0500] "POST /kwsrmcab/Wsrmcab  HTTP/1.1" 200 40655
172.22.2.4 - - [07/Nov/2022:17:30:54 -0500] "GET /BLA/boletinlegal/ HTTP/1.1" 200 57725
190.240.162.121 - - [07/Nov/2022:17:33:49 -0500] "GET /BLA/resoluciones/dlf/styles.css HTTP/1.1" 200 3049
190.240.162.121 - - [07/Nov/2022:17:33:49 -0500] "GET /BLA/resoluciones/dlf/dirup.png HTTP/1.1" 200 644
190.240.162.121 - - [07/Nov/2022:17:33:49 -0500] "GET /BLA/resoluciones/dlf/pdf.gif HTTP/1.1" 200 272
190.240.162.121 - - [07/Nov/2022:17:33:49 -0500] "GET /BLA/resoluciones/dlf/bg.gif HTTP/1.1" 200 54
190.240.162.121 - - [07/Nov/2022:17:33:49 -0500] "GET /BLA/resoluciones/index.php?dir=AUTOS+2015%2F HTTP/1.1" 200 577485
190.240.162.121 - - [07/Nov/2022:17:33:50 -0500] "GET /BLA/resoluciones/dlf/unknown.png HTTP/1.1" 200 266
186.29.154.67 - - [07/Nov/2022:17:34:05 -0500] "GET /BLA/resoluciones/index.php?dir=AUTOS+2014%2F HTTP/1.1" 200 12235
186.29.154.67 - - [07/Nov/2022:17:34:05 -0500] "GET /BLA/resoluciones/index.php?dir=AUTOS+2014%2F HTTP/1.1" 200 884169
66.249.73.127 - - [07/Nov/2022:17:34:17 -0500] "-" 408 -
216.245.221.92 - - [07/Nov/2022:17:34:53 -0500] "HEAD / HTTP/1.1" 200 -
186.29.154.67 - - [07/Nov/2022:17:35:05 -0500] "GET /BLA/resoluciones/ HTTP/1.1" 200 13093
186.29.154.67 - - [07/Nov/2022:17:35:08 -0500] "GET /BLA/resoluciones/index.php?dir=AUTOS+2014%2F HTTP/1.1" 200 884169
186.80.52.211 - - [07/Nov/2022:17:35:23 -0500] "GET /sipse/faces/index.xhtml HTTP/1.1" 200 677
186.80.52.211 - - [07/Nov/2022:17:35:23 -0500] "GET /sipse/faces/javax.faces.resource/theme.css?ln=primefaces-sipse HTTP/1.1" 304 -
186.80.52.211 - - [07/Nov/2022:17:35:24 -0500] "GET /sipse/faces/faces/autenticacion.xhtml HTTP/1.1" 200 12180
186.80.52.211 - - [07/Nov/2022:17:35:24 -0500] "GET /sipse/faces/javax.faces.resource/theme.css?ln=primefaces-sipse HTTP/1.1" 304 -
186.80.52.211 - - [07/Nov/2022:17:35:24 -0500] "GET /sipse/faces/javax.faces.resource/primefaces.css?ln=primefaces&v=4.0 HTTP/1.1" 304 -
186.80.52.211 - - [07/Nov/2022:17:35:24 -0500] "GET /sipse/faces/javax.faces.resource/jquery/jquery-plugins.js?ln=primefaces&v=4.0 HTTP/1.1" 304 -
186.80.52.211 - - [07/Nov/2022:17:35:24 -0500] "GET /sipse/faces/javax.faces.resource/layout/layout.css?ln=primefaces&v=4.0 HTTP/1.1" 304 -
186.80.52.211 - - [07/Nov/2022:17:35:24 -0500] "GET /sipse/faces/javax.faces.resource/layout/layout.js?ln=primefaces&v=4.0 HTTP/1.1" 304 -
186.80.52.211 - - [07/Nov/2022:17:35:24 -0500] "GET /sipse/faces/javax.faces.resource/jquery/jquery.js?ln=primefaces&v=4.0 HTTP/1.1" 304 -
186.80.52.211 - - [07/Nov/2022:17:35:24 -0500] "GET /sipse/faces/javax.faces.resource/primefaces.js?ln=primefaces&v=4.0 HTTP/1.1" 304 -
186.80.52.211 - - [07/Nov/2022:17:35:24 -0500] "GET /sipse/faces/javax.faces.resource/images/ui-icons_898989_256x240.png?ln=primefaces-aristo HTTP/1.1" 304 -
186.80.52.211 - - [07/Nov/2022:17:35:29 -0500] "POST /sipse/faces/autenticacion.xhtml HTTP/1.1" 200 2221
186.80.52.211 - - [07/Nov/2022:17:35:29 -0500] "GET /sipse/faces/javax.faces.resource/messages/messages.png?ln=primefaces&v=4.0 HTTP/1.1" 304 -
186.80.52.211 - - [07/Nov/2022:17:35:30 -0500] "POST /sipse/faces/autenticacion.xhtml HTTP/1.1" 200 16232
186.80.52.211 - - [07/Nov/2022:17:35:30 -0500] "GET /sipse/faces/javax.faces.resource/theme.css?ln=primefaces-sipse HTTP/1.1" 304 -
186.80.52.211 - - [07/Nov/2022:17:35:30 -0500] "GET /sipse/faces/javax.faces.resource/primefaces.css?ln=primefaces&v=4.0 HTTP/1.1" 304 -
186.80.52.211 - - [07/Nov/2022:17:35:30 -0500] "GET /sipse/faces/javax.faces.resource/layout/layout.css?ln=primefaces&v=4.0 HTTP/1.1" 304 -
186.80.52.211 - - [07/Nov/2022:17:35:30 -0500] "GET /sipse/faces/javax.faces.resource/jquery/jquery.js?ln=primefaces&v=4.0 HTTP/1.1" 304 -
186.80.52.211 - - [07/Nov/2022:17:35:31 -0500] "GET /sipse/faces/javax.faces.resource/jquery/jquery-plugins.js?ln=primefaces&v=4.0 HTTP/1.1" 304 -
186.80.52.211 - - [07/Nov/2022:17:35:31 -0500] "GET /sipse/faces/javax.faces.resource/primefaces.js?ln=primefaces&v=4.0 HTTP/1.1" 304 -
186.80.52.211 - - [07/Nov/2022:17:35:31 -0500] "GET /sipse/faces/javax.faces.resource/layout/layout.js?ln=primefaces&v=4.0 HTTP/1.1" 304 -
186.80.52.211 - - [07/Nov/2022:17:35:31 -0500] "GET /sipse/css/imagen/contrasena.png HTTP/1.1" 404 383
186.80.52.211 - - [07/Nov/2022:17:35:32 -0500] "GET /sipse/faces/javax.faces.resource/images/ui-bg_flat_0_2d5972_40x100.png?ln=primefaces-aristo HTTP/1.1" 304 -
186.80.52.211 - - [07/Nov/2022:17:35:32 -0500] "POST /sipse/faces/bienvenido.xhtml HTTP/1.1" 200 2658
172.22.2.4 - - [07/Nov/2022:17:33:54 -0500] "GET /BLA/boletinlegal/ HTTP/1.1" 200 62772
186.80.52.211 - - [07/Nov/2022:17:35:33 -0500] "POST /sipse/faces/bienvenido.xhtml HTTP/1.1" 200 66328
186.80.52.211 - - [07/Nov/2022:17:35:36 -0500] "GET /sipse/faces/javax.faces.resource/layout/layout.css?ln=primefaces&v=4.0 HTTP/1.1" 304 -
186.80.52.211 - - [07/Nov/2022:17:35:36 -0500] "GET /sipse/faces/javax.faces.resource/primefaces.css?ln=primefaces&v=4.0 HTTP/1.1" 304 -
186.80.52.211 - - [07/Nov/2022:17:35:36 -0500] "GET /sipse/faces/javax.faces.resource/theme.css?ln=primefaces-sipse HTTP/1.1" 304 -
186.80.52.211 - - [07/Nov/2022:17:35:37 -0500] "GET /sipse/faces/javax.faces.resource/jquery/jquery.js?ln=primefaces&v=4.0 HTTP/1.1" 304 -
186.80.52.211 - - [07/Nov/2022:17:35:37 -0500] "GET /sipse/faces/javax.faces.resource/jquery/jquery-plugins.js?ln=primefaces&v=4.0 HTTP/1.1" 304 -
186.80.52.211 - - [07/Nov/2022:17:35:37 -0500] "GET /sipse/faces/javax.faces.resource/primefaces.js?ln=primefaces&v=4.0 HTTP/1.1" 304 -
186.80.52.211 - - [07/Nov/2022:17:35:37 -0500] "GET /sipse/faces/javax.faces.resource/layout/layout.js?ln=primefaces&v=4.0 HTTP/1.1" 304 -
186.80.52.211 - - [07/Nov/2022:17:35:37 -0500] "POST /sipse/faces/presentacion/financiero/solicitudProceso/listarSolicitudProceso.xhtml HTTP/1.1" 200 1560
186.80.52.211 - - [07/Nov/2022:17:36:04 -0500] "POST /sipse/faces/presentacion/financiero/solicitudProceso/listarSolicitudProceso.xhtml HTTP/1.1" 200 103750
186.80.52.211 - - [07/Nov/2022:17:36:04 -0500] "GET /sipse/faces/javax.faces.resource/theme.css?ln=primefaces-sipse HTTP/1.1" 304 -
186.80.52.211 - - [07/Nov/2022:17:36:04 -0500] "GET /sipse/faces/javax.faces.resource/primefaces.css?ln=primefaces&v=4.0 HTTP/1.1" 304 -
186.80.52.211 - - [07/Nov/2022:17:36:04 -0500] "GET /sipse/faces/javax.faces.resource/layout/layout.css?ln=primefaces&v=4.0 HTTP/1.1" 304 -
186.80.52.211 - - [07/Nov/2022:17:36:04 -0500] "GET /sipse/faces/javax.faces.resource/jquery/jquery.js?ln=primefaces&v=4.0 HTTP/1.1" 304 -
186.80.52.211 - - [07/Nov/2022:17:36:04 -0500] "GET /sipse/faces/javax.faces.resource/jquery/jquery-plugins.js?ln=primefaces&v=4.0 HTTP/1.1" 304 -
186.80.52.211 - - [07/Nov/2022:17:36:04 -0500] "GET /sipse/faces/javax.faces.resource/primefaces.js?ln=primefaces&v=4.0 HTTP/1.1" 304 -
186.80.52.211 - - [07/Nov/2022:17:36:05 -0500] "GET /sipse/faces/javax.faces.resource/layout/layout.js?ln=primefaces&v=4.0 HTTP/1.1" 304 -
186.80.52.211 - - [07/Nov/2022:17:36:08 -0500] "POST /sipse/faces/presentacion/financiero/solicitudProceso/consultarSolicitudProceso.xhtml HTTP/1.1" 200 26792
186.80.52.211 - - [07/Nov/2022:17:36:08 -0500] "GET /sipse/faces/javax.faces.resource/theme.css?ln=primefaces-sipse HTTP/1.1" 304 -
186.80.52.211 - - [07/Nov/2022:17:36:08 -0500] "GET /sipse/faces/javax.faces.resource/primefaces.css?ln=primefaces&v=4.0 HTTP/1.1" 304 -
186.80.52.211 - - [07/Nov/2022:17:36:08 -0500] "GET /sipse/faces/javax.faces.resource/layout/layout.css?ln=primefaces&v=4.0 HTTP/1.1" 304 -
186.80.52.211 - - [07/Nov/2022:17:36:08 -0500] "GET /sipse/faces/javax.faces.resource/jquery/jquery.js?ln=primefaces&v=4.0 HTTP/1.1" 304 -
186.80.52.211 - - [07/Nov/2022:17:36:08 -0500] "GET /sipse/faces/javax.faces.resource/primefaces.js?ln=primefaces&v=4.0 HTTP/1.1" 304 -
186.80.52.211 - - [07/Nov/2022:17:36:08 -0500] "GET /sipse/faces/javax.faces.resource/jquery/jquery-plugins.js?ln=primefaces&v=4.0 HTTP/1.1" 304 -
186.80.52.211 - - [07/Nov/2022:17:36:08 -0500] "GET /sipse/faces/javax.faces.resource/layout/layout.js?ln=primefaces&v=4.0 HTTP/1.1" 304 -
186.80.52.211 - - [07/Nov/2022:17:36:32 -0500] "POST /sipse/faces/presentacion/financiero/solicitudProceso/consultarHistorialSolProceso.xhtml HTTP/1.1" 200 148680
186.80.52.211 - - [07/Nov/2022:17:36:33 -0500] "GET /sipse/faces/javax.faces.resource/theme.css?ln=primefaces-sipse HTTP/1.1" 304 -
186.80.52.211 - - [07/Nov/2022:17:36:33 -0500] "GET /sipse/faces/javax.faces.resource/primefaces.css?ln=primefaces&v=4.0 HTTP/1.1" 304 -
186.80.52.211 - - [07/Nov/2022:17:36:33 -0500] "GET /sipse/faces/javax.faces.resource/layout/layout.css?ln=primefaces&v=4.0 HTTP/1.1" 304 -
186.80.52.211 - - [07/Nov/2022:17:36:33 -0500] "GET /sipse/faces/javax.faces.resource/jquery/jquery.js?ln=primefaces&v=4.0 HTTP/1.1" 304 -
186.80.52.211 - - [07/Nov/2022:17:36:33 -0500] "GET /sipse/faces/javax.faces.resource/jquery/jquery-plugins.js?ln=primefaces&v=4.0 HTTP/1.1" 304 -
186.80.52.211 - - [07/Nov/2022:17:36:33 -0500] "GET /sipse/faces/javax.faces.resource/primefaces.js?ln=primefaces&v=4.0 HTTP/1.1" 304 -
186.80.52.211 - - [07/Nov/2022:17:36:33 -0500] "GET /sipse/faces/javax.faces.resource/layout/layout.js?ln=primefaces&v=4.0 HTTP/1.1" 304 -
186.80.52.211 - - [07/Nov/2022:17:36:36 -0500] "POST /sipse/faces/presentacion/financiero/solicitudProceso/consultarSolicitudProceso.xhtml HTTP/1.1" 200 66328
186.80.52.211 - - [07/Nov/2022:17:36:36 -0500] "GET /sipse/faces/javax.faces.resource/theme.css?ln=primefaces-sipse HTTP/1.1" 304 -
186.80.52.211 - - [07/Nov/2022:17:36:36 -0500] "GET /sipse/faces/javax.faces.resource/layout/layout.css?ln=primefaces&v=4.0 HTTP/1.1" 304 -
186.80.52.211 - - [07/Nov/2022:17:36:36 -0500] "GET /sipse/faces/javax.faces.resource/primefaces.css?ln=primefaces&v=4.0 HTTP/1.1" 304 -
186.80.52.211 - - [07/Nov/2022:17:36:36 -0500] "GET /sipse/faces/javax.faces.resource/jquery/jquery.js?ln=primefaces&v=4.0 HTTP/1.1" 304 -
186.80.52.211 - - [07/Nov/2022:17:36:36 -0500] "GET /sipse/faces/javax.faces.resource/jquery/jquery-plugins.js?ln=primefaces&v=4.0 HTTP/1.1" 304 -
186.80.52.211 - - [07/Nov/2022:17:36:36 -0500] "GET /sipse/faces/javax.faces.resource/primefaces.js?ln=primefaces&v=4.0 HTTP/1.1" 304 -
186.80.52.211 - - [07/Nov/2022:17:36:37 -0500] "GET /sipse/faces/javax.faces.resource/layout/layout.js?ln=primefaces&v=4.0 HTTP/1.1" 304 -
186.80.52.211 - - [07/Nov/2022:17:36:37 -0500] "POST /sipse/faces/presentacion/financiero/solicitudProceso/listarSolicitudProceso.xhtml HTTP/1.1" 200 1560
201.245.192.253 - - [07/Nov/2022:17:36:48 -0500] "POST /kwsrmcab/Wsrmcab  HTTP/1.1" 200 40655
172.22.2.4 - - [07/Nov/2022:17:35:54 -0500] "HEAD /BLA/boletinlegal/ HTTP/1.1" 200 -
172.22.2.4 - - [07/Nov/2022:17:37:43 -0500] "GET /BLA/boletinlegal/Circulares/2019/.pdf HTTP/1.1" 404 1218
172.22.2.4 - - [07/Nov/2022:17:37:52 -0500] "GET /BLA/boletinlegal/Circulares/2012/Circular%20No.%2010%20del%2026%20de%20Enero%20de%202012.pdf HTTP/1.1" 404 1218
172.22.2.4 - - [07/Nov/2022:17:36:44 -0500] "GET /BLA/boletinlegal/ HTTP/1.1" 200 59828
191.95.161.156 - - [07/Nov/2022:17:39:23 -0500] "GET /mesa/contrasena.pdf HTTP/1.1" 200 443199
40.86.101.252 - - [07/Nov/2022:17:39:27 -0500] "GET /galeria/nivo-slider/demo/images/banner%20construccion%20sostenible.jpg HTTP/1.1" 200 346681
191.95.161.156 - - [07/Nov/2022:17:39:36 -0500] "GET /mesa/contrasena.pdf HTTP/1.1" 200 443199
191.95.161.156 - - [07/Nov/2022:17:39:38 -0500] "GET /favicon.ico HTTP/1.1" 200 7782
216.245.221.92 - - [07/Nov/2022:17:39:53 -0500] "HEAD / HTTP/1.1" 200 -
66.249.73.127 - - [07/Nov/2022:17:40:17 -0500] "-" 408 -
201.245.192.253 - - [07/Nov/2022:17:41:02 -0500] "POST /kwsrmcab/Wsrmcab HTTP/1.1" 200 43513
201.245.192.253 - - [07/Nov/2022:17:41:05 -0500] "POST /kwsrmcab/Wsrmcab HTTP/1.1" 200 42204
201.245.192.253 - - [07/Nov/2022:17:41:47 -0500] "POST /kwsrmcab/Wsrmcab  HTTP/1.1" 200 40655
172.22.2.4 - - [07/Nov/2022:17:41:44 -0500] "HEAD /BLA/boletinlegal/ HTTP/1.1" 200 -
172.22.2.4 - - [07/Nov/2022:17:42:34 -0500] "GET /BLA/boletinlegal/ HTTP/1.1" 200 56014
216.245.221.92 - - [07/Nov/2022:17:44:53 -0500] "HEAD / HTTP/1.1" 200 -
201.245.192.253 - - [07/Nov/2022:17:46:46 -0500] "POST /kwsrmcab/Wsrmcab  HTTP/1.1" 200 40655
185.119.81.100 - - [07/Nov/2022:17:48:41 -0500] "GET /portaldeninos/wp-login.php HTTP/1.1" 200 2592
185.119.81.100 - - [07/Nov/2022:17:48:42 -0500] "POST /portaldeninos/wp-login.php HTTP/1.1" 200 3650
172.22.2.4 - - [07/Nov/2022:17:47:34 -0500] "HEAD /BLA/boletinlegal/ HTTP/1.1" 200 -
216.245.221.92 - - [07/Nov/2022:17:49:53 -0500] "HEAD / HTTP/1.1" 200 -
172.22.2.4 - - [07/Nov/2022:17:48:24 -0500] "GET /BLA/boletinlegal/ HTTP/1.1" 200 57725
201.245.192.253 - - [07/Nov/2022:17:51:46 -0500] "POST /kwsrmcab/Wsrmcab  HTTP/1.1" 200 40655
207.46.13.162 - - [07/Nov/2022:17:52:08 -0500] "GET /forest/ HTTP/1.1" 200 12041
66.249.73.127 - - [07/Nov/2022:17:52:30 -0500] "-" 408 -
172.22.2.4 - - [07/Nov/2022:17:54:23 -0500] "GET /BLA/boletinlegal/style.css HTTP/1.1" 200 9406
172.22.2.4 - - [07/Nov/2022:17:54:23 -0500] "GET /BLA/boletinlegal/js/jquery.js HTTP/1.1" 200 57254
172.22.2.4 - - [07/Nov/2022:17:54:23 -0500] "GET /BLA/boletinlegal/styles2.css HTTP/1.1" 200 1838
172.22.2.4 - - [07/Nov/2022:17:54:23 -0500] "GET /BLA/boletinlegal/js/jquery.scrollTo-min.js HTTP/1.1" 200 1150
172.22.2.4 - - [07/Nov/2022:17:54:23 -0500] "GET /BLA/boletinlegal/js/jquery.scrollShow.js HTTP/1.1" 200 4586
172.22.2.4 - - [07/Nov/2022:17:54:23 -0500] "GET /BLA/boletinlegal/images/subscribe-icon-big.png HTTP/1.1" 200 47702
172.22.2.4 - - [07/Nov/2022:17:54:23 -0500] "GET /BLA/boletinlegal/images/registro-usuarios.png HTTP/1.1" 200 8106
172.22.2.4 - - [07/Nov/2022:17:54:23 -0500] "GET /BLA/boletinlegal/images/cabezote%20BLEGAL.jpg HTTP/1.1" 200 118164
172.22.2.4 - - [07/Nov/2022:17:54:23 -0500] "GET /BLA/boletinlegal/images/historia.png HTTP/1.1" 200 52775
172.22.2.4 - - [07/Nov/2022:17:54:23 -0500] "GET /BLA/boletinlegal/images/arr_l.jpg HTTP/1.1" 200 1979
172.22.2.4 - - [07/Nov/2022:17:54:23 -0500] "GET /BLA/boletinlegal/images/screen_1.png HTTP/1.1" 200 202547
172.22.2.4 - - [07/Nov/2022:17:54:23 -0500] "GET /BLA/boletinlegal/images/launch.jpg HTTP/1.1" 200 14577
172.22.2.4 - - [07/Nov/2022:17:54:23 -0500] "GET /BLA/boletinlegal/images/body_bg.jpg HTTP/1.1" 200 1601
172.22.2.4 - - [07/Nov/2022:17:54:23 -0500] "GET /BLA/boletinlegal/images/menu_lft.gif HTTP/1.1" 200 1713
172.22.2.4 - - [07/Nov/2022:17:54:23 -0500] "GET /BLA/boletinlegal/images/menu_rght.gif HTTP/1.1" 200 1627
172.22.2.4 - - [07/Nov/2022:17:54:23 -0500] "GET /BLA/boletinlegal/images/bg_top.jpg HTTP/1.1" 200 522
172.22.2.4 - - [07/Nov/2022:17:54:23 -0500] "GET /BLA/boletinlegal/images/menu_bg.jpg HTTP/1.1" 200 620
172.22.2.4 - - [07/Nov/2022:17:54:23 -0500] "GET /BLA/boletinlegal/images/hover.jpg HTTP/1.1" 200 640
172.22.2.4 - - [07/Nov/2022:17:54:23 -0500] "GET /BLA/boletinlegal/images/text.jpg HTTP/1.1" 200 568
172.22.2.4 - - [07/Nov/2022:17:54:25 -0500] "GET /BLA/boletinlegal/actos.php HTTP/1.1" 200 9566
172.22.2.4 - - [07/Nov/2022:17:54:26 -0500] "GET /BLA/boletinlegal/js/ajax_actos.js HTTP/1.1" 200 1322
172.22.2.4 - - [07/Nov/2022:17:54:26 -0500] "GET /BLA/boletinlegal/niceforms.js HTTP/1.1" 200 22876
172.22.2.4 - - [07/Nov/2022:17:54:26 -0500] "GET /BLA/boletinlegal/niceforms-default.css HTTP/1.1" 200 6694
172.22.2.4 - - [07/Nov/2022:17:54:26 -0500] "GET /BLA/boletinlegal/js/lib.js HTTP/1.1" 200 6474
172.22.2.4 - - [07/Nov/2022:17:54:26 -0500] "GET /BLA/boletinlegal/js/popup.js HTTP/1.1" 200 1270
172.22.2.4 - - [07/Nov/2022:17:54:26 -0500] "GET /BLA/boletinlegal/js/jquery1.js HTTP/1.1" 200 29846
172.22.2.4 - - [07/Nov/2022:17:54:26 -0500] "GET /BLA/boletinlegal/images/tel.png HTTP/1.1" 200 14477
172.22.2.4 - - [07/Nov/2022:17:54:26 -0500] "GET /BLA/boletinlegal/images/green-yellow-blue-pink-th.png HTTP/1.1" 200 7394
172.22.2.4 - - [07/Nov/2022:17:54:26 -0500] "GET /BLA/boletinlegal/images/icono-email.png HTTP/1.1" 200 5544
172.22.2.4 - - [07/Nov/2022:17:54:26 -0500] "GET /BLA/boletinlegal/images/footer_bg.jpg HTTP/1.1" 200 586
172.22.2.4 - - [07/Nov/2022:17:54:26 -0500] "GET /BLA/boletinlegal/images/footer_bg_l.jpg HTTP/1.1" 200 776
172.22.2.4 - - [07/Nov/2022:17:54:26 -0500] "GET /BLA/boletinlegal/favicon.ico HTTP/1.1" 404 1326
172.22.2.4 - - [07/Nov/2022:17:54:26 -0500] "GET /BLA/boletinlegal/img/0.png HTTP/1.1" 200 110
172.22.2.4 - - [07/Nov/2022:17:54:26 -0500] "GET /BLA/boletinlegal/img/button.png HTTP/1.1" 200 43241
172.22.2.4 - - [07/Nov/2022:17:54:26 -0500] "GET /BLA/boletinlegal/img/select-left.png HTTP/1.1" 200 263
172.22.2.4 - - [07/Nov/2022:17:54:27 -0500] "GET /BLA/boletinlegal/img/select-right.png HTTP/1.1" 200 44019
172.22.2.4 - - [07/Nov/2022:17:54:27 -0500] "GET /BLA/boletinlegal/img/button-left.png HTTP/1.1" 200 57071
172.22.2.4 - - [07/Nov/2022:17:54:27 -0500] "GET /BLA/boletinlegal/img/button-right.png HTTP/1.1" 200 57878
191.108.18.147 - - [07/Nov/2022:17:54:27 -0500] "GET /BLA/resoluciones/ HTTP/1.1" 200 13093
191.108.18.147 - - [07/Nov/2022:17:54:28 -0500] "GET /BLA/resoluciones/dlf/styles.css HTTP/1.1" 200 3049
191.108.18.147 - - [07/Nov/2022:17:54:28 -0500] "GET /BLA/resoluciones/dlf/folder.png HTTP/1.1" 200 410
191.108.18.147 - - [07/Nov/2022:17:54:28 -0500] "GET /BLA/resoluciones/dlf/bg.gif HTTP/1.1" 200 54
191.108.18.147 - - [07/Nov/2022:17:54:28 -0500] "GET /favicon.ico HTTP/1.1" 200 7782
191.108.18.147 - - [07/Nov/2022:17:54:45 -0500] "GET /BLA/resoluciones/dlf/dirup.png HTTP/1.1" 200 644
191.108.18.147 - - [07/Nov/2022:17:54:45 -0500] "GET /BLA/resoluciones/dlf/pdf.gif HTTP/1.1" 200 272
191.108.18.147 - - [07/Nov/2022:17:54:45 -0500] "GET /BLA/resoluciones/index.php?dir=AUTOS+2017%2F HTTP/1.1" 200 458531
191.108.18.147 - - [07/Nov/2022:17:54:47 -0500] "GET /favicon.ico HTTP/1.1" 200 7782
216.245.221.92 - - [07/Nov/2022:17:54:53 -0500] "HEAD / HTTP/1.1" 200 -
191.108.18.147 - - [07/Nov/2022:17:54:56 -0500] "GET /BLA/resoluciones/AUTOS%202017/1371.pdf HTTP/1.1" 200 350853
172.22.2.4 - - [07/Nov/2022:17:53:24 -0500] "HEAD /BLA/boletinlegal/ HTTP/1.1" 200 -
172.22.2.4 - - [07/Nov/2022:17:54:23 -0500] "GET /BLA/boletinlegal/ HTTP/1.1" 200 24523
172.22.2.4 - - [07/Nov/2022:17:54:14 -0500] "GET /BLA/boletinlegal/ HTTP/1.1" 200 52493
201.245.192.253 - - [07/Nov/2022:17:56:45 -0500] "POST /kwsrmcab/Wsrmcab  HTTP/1.1" 200 40655
173.252.127.24 - - [07/Nov/2022:17:58:09 -0500] "GET /images/reciclaton-mayo-3-mayo.jpg HTTP/1.1" 200 278453
216.245.221.92 - - [07/Nov/2022:17:59:53 -0500] "HEAD / HTTP/1.1" 200 -
66.249.73.127 - - [07/Nov/2022:17:59:58 -0500] "-" 408 -
172.22.2.4 - - [07/Nov/2022:17:59:14 -0500] "HEAD /BLA/boletinlegal/ HTTP/1.1" 200 -
172.22.2.4 - - [07/Nov/2022:18:00:04 -0500] "GET /BLA/boletinlegal/ HTTP/1.1" 200 59319
