172.22.2.4 - - [08/Nov/2022:09:11:05 -0500] "GET /BLA/boletinlegal/styles2.css HTTP/1.1" 200 1838
172.22.2.4 - - [08/Nov/2022:09:11:05 -0500] "GET /BLA/boletinlegal/js/ajax_normativa.js HTTP/1.1" 200 1154
172.22.2.4 - - [08/Nov/2022:09:11:05 -0500] "GET /BLA/boletinlegal/niceforms-default.css HTTP/1.1" 200 6694
172.22.2.4 - - [08/Nov/2022:09:11:05 -0500] "GET /BLA/boletinlegal/style.css HTTP/1.1" 200 9406
172.22.2.4 - - [08/Nov/2022:09:11:05 -0500] "GET /BLA/boletinlegal/niceforms.js HTTP/1.1" 200 22876
172.22.2.4 - - [08/Nov/2022:09:11:05 -0500] "GET /BLA/boletinlegal/images/cabezote%20BLEGAL.jpg HTTP/1.1" 200 118164
172.22.2.4 - - [08/Nov/2022:09:11:05 -0500] "GET /BLA/boletinlegal/images/subscribe-icon-big.png HTTP/1.1" 200 47702
172.22.2.4 - - [08/Nov/2022:09:11:05 -0500] "GET /BLA/boletinlegal/images/tel.png HTTP/1.1" 200 14477
172.22.2.4 - - [08/Nov/2022:09:11:05 -0500] "GET /BLA/boletinlegal/images/historia.png HTTP/1.1" 200 52775
172.22.2.4 - - [08/Nov/2022:09:11:05 -0500] "GET /BLA/boletinlegal/images/registro-usuarios.png HTTP/1.1" 200 8106
172.22.2.4 - - [08/Nov/2022:09:11:05 -0500] "GET /BLA/boletinlegal/images/icono-email.png HTTP/1.1" 200 5544
172.22.2.4 - - [08/Nov/2022:09:11:05 -0500] "GET /BLA/boletinlegal/images/body_bg.jpg HTTP/1.1" 200 1601
172.22.2.4 - - [08/Nov/2022:09:11:05 -0500] "GET /BLA/boletinlegal/images/menu_lft.gif HTTP/1.1" 200 1713
172.22.2.4 - - [08/Nov/2022:09:11:05 -0500] "GET /BLA/boletinlegal/images/menu_rght.gif HTTP/1.1" 200 1627
172.22.2.4 - - [08/Nov/2022:09:11:05 -0500] "GET /BLA/boletinlegal/images/hover.jpg HTTP/1.1" 200 640
172.22.2.4 - - [08/Nov/2022:09:11:05 -0500] "GET /BLA/boletinlegal/images/menu_bg.jpg HTTP/1.1" 200 620
172.22.2.4 - - [08/Nov/2022:09:11:05 -0500] "GET /BLA/boletinlegal/images/text.jpg HTTP/1.1" 200 568
172.22.2.4 - - [08/Nov/2022:09:11:05 -0500] "GET /BLA/boletinlegal/images/footer_bg.jpg HTTP/1.1" 200 586
172.22.2.4 - - [08/Nov/2022:09:11:05 -0500] "GET /BLA/boletinlegal/images/bg_top.jpg HTTP/1.1" 200 522
172.22.2.4 - - [08/Nov/2022:09:11:05 -0500] "GET /BLA/boletinlegal/images/footer_bg_l.jpg HTTP/1.1" 200 776
172.22.2.4 - - [08/Nov/2022:09:11:05 -0500] "GET /BLA/boletinlegal/img/button-right.png HTTP/1.1" 200 57878
172.22.2.4 - - [08/Nov/2022:09:11:05 -0500] "GET /BLA/boletinlegal/img/button-left.png HTTP/1.1" 200 57071
172.22.2.4 - - [08/Nov/2022:09:11:05 -0500] "GET /BLA/boletinlegal/img/select-left.png HTTP/1.1" 200 263
172.22.2.4 - - [08/Nov/2022:09:11:05 -0500] "GET /BLA/boletinlegal/img/select-right.png HTTP/1.1" 200 44019
172.22.2.4 - - [08/Nov/2022:09:11:05 -0500] "GET /BLA/boletinlegal/img/button.png HTTP/1.1" 200 43241
172.22.2.4 - - [08/Nov/2022:09:11:05 -0500] "GET /BLA/boletinlegal/img/0.png HTTP/1.1" 200 110
172.22.2.4 - - [08/Nov/2022:09:11:05 -0500] "GET /BLA/boletinlegal/favicon.ico HTTP/1.1" 404 1334
190.69.228.228 - - [08/Nov/2022:09:11:11 -0500] "POST /sipse/faces/presentacion/financiero/solicitudProceso/consultar.xhtml HTTP/1.1" 200 23097
190.69.228.228 - - [08/Nov/2022:09:11:12 -0500] "POST /sipse/faces/presentacion/financiero/solicitudProceso/consultar.xhtml HTTP/1.1" 200 12792
172.22.2.4 - - [08/Nov/2022:09:11:19 -0500] "GET /BLA/boletinlegal/consulta_normativa.php?tipo=Resolucion&sector=humedales&ano=2015&resuelve= HTTP/1.1" 200 454
186.154.46.28 - - [08/Nov/2022:09:11:29 -0500] "GET /BLA/resoluciones/AUTOS%202022/2799.pdf HTTP/1.1" 200 772631
190.69.228.228 - - [08/Nov/2022:09:11:30 -0500] "POST /sipse/faces/presentacion/financiero/solicitudProceso/consultar.xhtml HTTP/1.1" 200 23097
190.69.228.228 - - [08/Nov/2022:09:11:31 -0500] "POST /sipse/faces/presentacion/financiero/solicitudProceso/consultar.xhtml HTTP/1.1" 200 12761
186.154.46.28 - - [08/Nov/2022:09:11:35 -0500] "GET /BLA/resoluciones/AUTOS%202022/2802.pdf HTTP/1.1" 200 772763
172.22.2.4 - - [08/Nov/2022:09:11:38 -0500] "GET /BLA/boletinlegal/consulta_normativa.php?tipo=Resolucion&sector=pma&ano=2015&resuelve= HTTP/1.1" 200 454
186.154.46.28 - - [08/Nov/2022:09:11:40 -0500] "GET /BLA/resoluciones/AUTOS%202022/2815.pdf HTTP/1.1" 200 1387446
172.22.2.4 - - [08/Nov/2022:09:11:42 -0500] "GET /BLA/boletinlegal/consulta_normativa.php?tipo=Resolucion&sector=Aire&ano=2015&resuelve= HTTP/1.1" 200 454
186.154.46.28 - - [08/Nov/2022:09:11:45 -0500] "GET /BLA/resoluciones/AUTOS%202022/2807.pdf HTTP/1.1" 200 339988
172.22.2.4 - - [08/Nov/2022:09:11:48 -0500] "GET /BLA/boletinlegal/consulta_normativa.php?tipo=Resolucion&sector=competencia-estructura&ano=2015&resuelve= HTTP/1.1" 200 9690
172.22.2.4 - - [08/Nov/2022:09:11:48 -0500] "GET /BLA/boletinlegal/images/docs.png HTTP/1.1" 200 10288
172.22.2.4 - - [08/Nov/2022:09:11:48 -0500] "GET /BLA/boletinlegal/images/background.gif HTTP/1.1" 200 -
190.69.228.228 - - [08/Nov/2022:09:11:50 -0500] "POST /sipse/faces/presentacion/financiero/solicitudProceso/consultar.xhtml HTTP/1.1" 200 23097
190.69.228.228 - - [08/Nov/2022:09:11:51 -0500] "POST /sipse/faces/presentacion/financiero/solicitudProceso/consultar.xhtml HTTP/1.1" 200 12829
172.22.2.4 - - [08/Nov/2022:09:11:54 -0500] "GET /BLA/boletinlegal/normativa.php HTTP/1.1" 200 8333
172.22.2.4 - - [08/Nov/2022:09:11:54 -0500] "GET /BLA/boletinlegal/styles2.css HTTP/1.1" 200 1838
172.22.2.4 - - [08/Nov/2022:09:11:54 -0500] "GET /BLA/boletinlegal/js/ajax_normativa.js HTTP/1.1" 200 1154
172.22.2.4 - - [08/Nov/2022:09:11:54 -0500] "GET /BLA/boletinlegal/niceforms.js HTTP/1.1" 200 22876
172.22.2.4 - - [08/Nov/2022:09:11:54 -0500] "GET /BLA/boletinlegal/style.css HTTP/1.1" 200 9406
172.22.2.4 - - [08/Nov/2022:09:11:54 -0500] "GET /BLA/boletinlegal/niceforms-default.css HTTP/1.1" 200 6694
172.22.2.4 - - [08/Nov/2022:09:11:54 -0500] "GET /BLA/boletinlegal/images/cabezote%20BLEGAL.jpg HTTP/1.1" 200 118164
172.22.2.4 - - [08/Nov/2022:09:11:54 -0500] "GET /BLA/boletinlegal/images/tel.png HTTP/1.1" 200 14477
172.22.2.4 - - [08/Nov/2022:09:11:54 -0500] "GET /BLA/boletinlegal/images/registro-usuarios.png HTTP/1.1" 200 8106
172.22.2.4 - - [08/Nov/2022:09:11:54 -0500] "GET /BLA/boletinlegal/images/subscribe-icon-big.png HTTP/1.1" 200 47702
172.22.2.4 - - [08/Nov/2022:09:11:54 -0500] "GET /BLA/boletinlegal/images/historia.png HTTP/1.1" 200 52775
172.22.2.4 - - [08/Nov/2022:09:11:54 -0500] "GET /BLA/boletinlegal/images/menu_lft.gif HTTP/1.1" 200 1713
172.22.2.4 - - [08/Nov/2022:09:11:54 -0500] "GET /BLA/boletinlegal/images/menu_rght.gif HTTP/1.1" 200 1627
172.22.2.4 - - [08/Nov/2022:09:11:54 -0500] "GET /BLA/boletinlegal/images/bg_top.jpg HTTP/1.1" 200 522
172.22.2.4 - - [08/Nov/2022:09:11:54 -0500] "GET /BLA/boletinlegal/images/footer_bg.jpg HTTP/1.1" 200 586
172.22.2.4 - - [08/Nov/2022:09:11:54 -0500] "GET /BLA/boletinlegal/images/menu_bg.jpg HTTP/1.1" 200 620
172.22.2.4 - - [08/Nov/2022:09:11:54 -0500] "GET /BLA/boletinlegal/images/hover.jpg HTTP/1.1" 200 640
172.22.2.4 - - [08/Nov/2022:09:11:54 -0500] "GET /BLA/boletinlegal/images/text.jpg HTTP/1.1" 200 568
172.22.2.4 - - [08/Nov/2022:09:11:54 -0500] "GET /BLA/boletinlegal/images/body_bg.jpg HTTP/1.1" 200 1601
172.22.2.4 - - [08/Nov/2022:09:11:54 -0500] "GET /BLA/boletinlegal/images/icono-email.png HTTP/1.1" 200 5544
172.22.2.4 - - [08/Nov/2022:09:11:54 -0500] "GET /BLA/boletinlegal/images/footer_bg_l.jpg HTTP/1.1" 200 776
172.22.2.4 - - [08/Nov/2022:09:11:55 -0500] "GET /BLA/boletinlegal/img/0.png HTTP/1.1" 200 110
172.22.2.4 - - [08/Nov/2022:09:11:55 -0500] "GET /BLA/boletinlegal/img/select-left.png HTTP/1.1" 200 263
172.22.2.4 - - [08/Nov/2022:09:11:55 -0500] "GET /BLA/boletinlegal/img/button-right.png HTTP/1.1" 200 57878
172.22.2.4 - - [08/Nov/2022:09:11:55 -0500] "GET /BLA/boletinlegal/img/button.png HTTP/1.1" 200 43241
172.22.2.4 - - [08/Nov/2022:09:11:55 -0500] "GET /BLA/boletinlegal/img/select-right.png HTTP/1.1" 200 44019
172.22.2.4 - - [08/Nov/2022:09:11:55 -0500] "GET /BLA/boletinlegal/img/button-left.png HTTP/1.1" 200 57071
172.22.2.4 - - [08/Nov/2022:09:11:55 -0500] "GET /BLA/boletinlegal/favicon.ico HTTP/1.1" 404 1334
186.154.46.28 - - [08/Nov/2022:09:11:56 -0500] "GET /BLA/resoluciones/AUTOS%202022/2816.pdf HTTP/1.1" 200 1172393
191.95.53.126 - - [08/Nov/2022:09:11:57 -0500] "GET /BLA/resoluciones/RESOLUCIONES%20CONJUNTAS/Resoluci%C3%B3n%20Conjunta%2003%20de%202015%20Meandro%20del%20Say.pdf HTTP/1.1" 404 1120
191.95.53.126 - - [08/Nov/2022:09:11:57 -0500] "GET /favicon.ico HTTP/1.1" 200 7782
186.154.46.28 - - [08/Nov/2022:09:12:01 -0500] "GET /BLA/resoluciones/AUTOS%202022/2817.pdf HTTP/1.1" 200 388044
186.154.46.28 - - [08/Nov/2022:09:12:06 -0500] "GET /BLA/resoluciones/AUTOS%202022/2818.pdf HTTP/1.1" 200 358100
190.69.228.228 - - [08/Nov/2022:09:12:08 -0500] "POST /sipse/faces/presentacion/financiero/solicitudProceso/consultar.xhtml HTTP/1.1" 200 23097
190.69.228.228 - - [08/Nov/2022:09:12:10 -0500] "POST /sipse/faces/presentacion/financiero/solicitudProceso/consultar.xhtml HTTP/1.1" 200 12779
186.154.46.28 - - [08/Nov/2022:09:12:10 -0500] "GET /BLA/resoluciones/AUTOS%202022/2820.pdf HTTP/1.1" 200 354431
186.154.46.28 - - [08/Nov/2022:09:12:16 -0500] "GET /BLA/resoluciones/AUTOS%202022/2821.pdf HTTP/1.1" 200 359222
172.22.2.4 - - [08/Nov/2022:09:12:16 -0500] "GET /BLA/boletinlegal/normativa.php HTTP/1.1" 200 8333
191.102.196.118 - - [08/Nov/2022:09:12:20 -0500] "GET /kwssiamovil/sm/ldap/au?x=U2FsdGVkX195swiogQDOWzB1M9XIh1vaRgfUwaXcZMCHeVWCeT/A5Zx8vnM1yRo6&y=U2FsdGVkX1+0Tmr9IuJ5UTQQ1LYouY3Zz1N11kE3i84= HTTP/1.1" 200 30
191.102.196.118 - - [08/Nov/2022:09:12:20 -0500] "GET /kwssiamovil/sm/acme/s?s=U2FsdGVkX19MbBCM/OVz3V64nz8xT7nwCqRKR+EsNBJ8l1wS3AMYEd/TffkdXAkGmeJSTTYx849JvUbrtuQuh4qqgkpGCNZwX/nCrxUQIas=&u=U2FsdGVkX18xhnE1BnumyS4bPC7/tYtiHPXcmteVbLQ=&y=U2FsdGVkX1+0Tmr9IuJ5UTQQ1LYouY3Zz1N11kE3i84= HTTP/1.1" 200 97
191.102.196.118 - - [08/Nov/2022:09:12:20 -0500] "GET /kwssiamovil/sm/acme/s?s=U2FsdGVkX1/c6+VbX4olPjif7BxdJwwOtjg337/v9UzI7LIYQjlKZ9HqM7Iw5QTsdrucE2RQ1K/wU+V+IUCfbr3t7Uo53kQ7OVtUts9YPb4ixqpLcNq2JmzIeiWgu49143/pkX/7qUdGMTSxu/e5nuQQsMJAvMK+cXJrfNi/i52BzaTwbP36DMswmh1hOjaPhADSizsO/grTOtkt80LvZb76HOII/uJICxXJkdvPkNdJB5gNzRKoa8D2qBhAbbFHbHfhuuXSzpATy0dgXEocF7yJyGwtZCg8MW34cwY+0Wl1Ibq9pr+MQX2SeQrSwnWXsIHV6Ctn3SoyP0Wyi058pctjokmZM3KtPPUKRLvGwCdup1pOulJ/JoAq8KoX6nrtXnBBLTFq9D4Ry8ZD7u4NCTYkjn5B3zId89fqeeqBfcs6NOnWLVhxQGrHCuXQ6YkR3fhUAwEUwuGqU8NAH39yOhA62EUKFOEX7b6x3i2odTMihgO6lzbC+KpW0R8eZMFt819YDzEAHI2JGf3VqfVIMeNeyHS/ion18tXnwDV0xsUIFFDk08haWmlLyUI0ugd7/QVM4ZuH/0aAyC/p+fPBTs205lztG7K+VEEC/9Ut5be+VhcpAWi44htHCVLPHawvUDv8UbD8rdtc99Aw36FpC/ntiM6lq1YTnKbPpHFmKffL48tPXGAJqohhaAL6pUS/Hgd78uqME7YmkEYhF7g9U5FiU/XUpzmGTTM2lVtacB4sZzXJ3FY9YtA3tPYSyKMlqEVjv5xYkKXndMD2PRq/fHB0lnaZ013nDYplLineCs2RLFZSCuX3qQ/i29pcIwJ/OtdYTRD51sa29WK2wfgAefSWxWsnWy8HiU2LNlWjTOk3I1yySPwi5Y1w4WoyizhdiIp+id1fMywKmyzO8R+4eg+cy8qZzCqaEJQqbzfbJuYV6iDmhZeYC2RblIP0ZT6YIH+Cio08p8sQh80Bp+Gfo+qwN1ZVOekDJuksvjl7AtlChAYoWZv1NHllo7xIQKIqRZ6Z+bJ6lmhkr2iw0wYi/sE2zxKOreW7knI0pt7jpSUKnx13SjcwQunbrv3woEEL4YftIDmkQ97iwDlacXl6Zpfy0vmSPmTtzTn/i4GkxP9prRYYzrprpMTNh3w4CrbbuNjpWo5Gte6HIccaW7CSr8G2HRw1ceaRXyCrD/dxEmFG3lWJFVjlqMAnHXwjTqF0zoXtSb73WQoAUJxXouWmUMCHdBDYJVTpSNw5TRHkciXHLKjYrQoVdGOD9KJpGXGbVjS9ESmCtR1CKKbXYYJopvM2qaGwig6V8wcbXvjgRwDtaYPtFU6+yfSqnEfzC8n11fgkbkJEJ4KW3Zh4x9Cgfk0rRo0Nr9O4j/zZnAuEzYK03u1Zav9h/Du0CxIUWpEhQ+eR917KnQSGi9ZIQ76Kt37tUxfVNK97XDCHtTKbwI4=&u=U2FsdGVkX18xhnE1BnumyS4bPC7/tYtiHPXcmteVbLQ=&y=U2FsdGVkX1+0Tmr9IuJ5UTQQ1LYouY3Zz1N11kE3i84= HTTP/1.1" 200 4133
191.102.196.118 - - [08/Nov/2022:09:12:21 -0500] "GET /kwssiamovil/sm/acme/s?s=U2FsdGVkX18FJDkOGT8de3DzSy2nXvxjvr+HX8bsiZkvR5jGrxlZuqC8pF/GdElCA/UfbMIFaL+JZZ20DwIXjyLqer4OPH9cW3ZnAcj86Lp1XAo8vz3BdDqKa/RZ4ISB4+zQAA1f8yIQDF43GcTZkV1MUMvFA59krSUyt3wrGDOoh7O9WmLbOp6v8anD5OwsJFoEu7nJ7xLVNJF8/Op6ntCciBkJkoIcPeJ17VZdsJrHmwmk6uGJEQWxtcQbJMxNBNIB1rnnm/j35vmVJr7YgiSTw/eouBAE3YyIOBAF9q3g7k8OQoQrWK4BjBPtaI1NW0M8s0FSIB3+7YfWkVnWCg==&u=U2FsdGVkX18xhnE1BnumyS4bPC7/tYtiHPXcmteVbLQ=&y=U2FsdGVkX1+0Tmr9IuJ5UTQQ1LYouY3Zz1N11kE3i84= HTTP/1.1" 200 196
191.102.196.118 - - [08/Nov/2022:09:12:21 -0500] "GET /kwssiamovil/sm/cjson/pre?f=1&x=U2FsdGVkX195swiogQDOWzB1M9XIh1vaRgfUwaXcZMCHeVWCeT/A5Zx8vnM1yRo6 HTTP/1.1" 200 30992
186.154.46.28 - - [08/Nov/2022:09:12:22 -0500] "GET /BLA/resoluciones/AUTOS%202022/2822.pdf HTTP/1.1" 200 2790348
186.154.46.28 - - [08/Nov/2022:09:12:21 -0500] "GET /BLA/resoluciones/AUTOS%202022/2822.pdf HTTP/1.1" 200 2790348
191.95.53.126 - - [08/Nov/2022:09:12:25 -0500] "GET /BLA/resoluciones/RESOLUCIONES%202015/2988.pdf HTTP/1.1" 200 480687
186.154.46.28 - - [08/Nov/2022:09:12:26 -0500] "GET /BLA/resoluciones/AUTOS%202022/2823.pdf HTTP/1.1" 200 389297
190.69.228.228 - - [08/Nov/2022:09:12:29 -0500] "POST /sipse/faces/presentacion/financiero/solicitudProceso/consultar.xhtml HTTP/1.1" 200 23097
190.69.228.228 - - [08/Nov/2022:09:12:31 -0500] "POST /sipse/faces/presentacion/financiero/solicitudProceso/consultar.xhtml HTTP/1.1" 200 12866
201.245.192.253 - - [08/Nov/2022:09:12:31 -0500] "POST /sipse/faces/presentacion/financiero/solicitudProceso/listarSolicitudProceso.xhtml HTTP/1.1" 200 43032
186.154.46.28 - - [08/Nov/2022:09:12:55 -0500] "GET /BLA/resoluciones/AUTOS%202022/2824.pdf HTTP/1.1" 200 422109
191.95.53.126 - - [08/Nov/2022:09:12:56 -0500] "GET /BLA/resoluciones/RESOLUCIONES%202015/1097.pdf HTTP/1.1" 200 4649390
201.245.192.253 - - [08/Nov/2022:09:12:59 -0500] "POST /sipse/faces/presentacion/financiero/solicitudProceso/listarSolicitudProceso.xhtml HTTP/1.1" 200 15232
186.154.46.28 - - [08/Nov/2022:09:13:04 -0500] "GET /BLA/resoluciones/AUTOS%202022/2825.pdf HTTP/1.1" 200 1492002
201.245.192.253 - - [08/Nov/2022:09:13:04 -0500] "POST /sipse/faces/presentacion/financiero/solicitudProceso/listarSolicitudProceso.xhtml HTTP/1.1" 200 115355
201.245.192.253 - - [08/Nov/2022:09:13:05 -0500] "GET /sipse/faces/javax.faces.resource/theme.css?ln=primefaces-sipse HTTP/1.1" 304 -
201.245.192.253 - - [08/Nov/2022:09:13:05 -0500] "GET /sipse/faces/javax.faces.resource/primefaces.css?ln=primefaces&v=4.0 HTTP/1.1" 304 -
201.245.192.253 - - [08/Nov/2022:09:13:05 -0500] "GET /sipse/faces/javax.faces.resource/layout/layout.css?ln=primefaces&v=4.0 HTTP/1.1" 304 -
201.245.192.253 - - [08/Nov/2022:09:13:05 -0500] "GET /sipse/faces/javax.faces.resource/jquery/jquery.js?ln=primefaces&v=4.0 HTTP/1.1" 304 -
201.245.192.253 - - [08/Nov/2022:09:13:05 -0500] "GET /sipse/faces/javax.faces.resource/jquery/jquery-plugins.js?ln=primefaces&v=4.0 HTTP/1.1" 304 -
201.245.192.253 - - [08/Nov/2022:09:13:05 -0500] "GET /sipse/faces/javax.faces.resource/primefaces.js?ln=primefaces&v=4.0 HTTP/1.1" 304 -
201.245.192.253 - - [08/Nov/2022:09:13:05 -0500] "GET /sipse/faces/javax.faces.resource/layout/layout.js?ln=primefaces&v=4.0 HTTP/1.1" 304 -
190.69.228.228 - - [08/Nov/2022:09:13:06 -0500] "POST /sipse/faces/presentacion/financiero/solicitudProceso/consultar.xhtml HTTP/1.1" 200 23097
190.69.228.228 - - [08/Nov/2022:09:13:08 -0500] "POST /sipse/faces/presentacion/financiero/solicitudProceso/consultar.xhtml HTTP/1.1" 200 12883
198.235.24.38 - - [08/Nov/2022:09:13:12 -0500] "GET / HTTP/1.1" 200 319
216.245.221.92 - - [08/Nov/2022:09:13:22 -0500] "HEAD / HTTP/1.1" 200 -
185.119.81.100 - - [08/Nov/2022:09:13:45 -0500] "GET /portaldeninos/wp-login.php HTTP/1.1" 200 2592
185.119.81.100 - - [08/Nov/2022:09:13:46 -0500] "POST /portaldeninos/wp-login.php HTTP/1.1" 200 3650
201.245.192.253 - - [08/Nov/2022:09:13:45 -0500] "POST /kwsrmcab/Wsrmcab  HTTP/1.1" 200 40655
186.154.46.28 - - [08/Nov/2022:09:14:07 -0500] "GET /BLA/resoluciones/AUTOS%202022/2827.pdf HTTP/1.1" 200 367500
186.154.46.28 - - [08/Nov/2022:09:14:18 -0500] "GET /BLA/resoluciones/AUTOS%202022/2829.pdf HTTP/1.1" 200 403992
186.154.46.28 - - [08/Nov/2022:09:14:29 -0500] "GET /BLA/resoluciones/AUTOS%202022/2830.pdf HTTP/1.1" 200 365459
172.22.2.4 - - [08/Nov/2022:09:14:34 -0500] "GET /BLA/boletinlegal/jurisprudencia/analisis/CUADRO%20ANALISIS%20SENTENCIA%20T-411%20DE%201992.doc HTTP/1.1" 200 41984
172.22.2.4 - - [08/Nov/2022:09:12:58 -0500] "HEAD /BLA/boletinlegal/ HTTP/1.1" 200 -
186.154.46.28 - - [08/Nov/2022:09:14:41 -0500] "GET /BLA/resoluciones/AUTOS%202022/2831.pdf HTTP/1.1" 200 367770
186.154.46.28 - - [08/Nov/2022:09:14:51 -0500] "GET /BLA/resoluciones/AUTOS%202022/2832.pdf HTTP/1.1" 200 365471
186.154.46.28 - - [08/Nov/2022:09:15:03 -0500] "GET /BLA/resoluciones/AUTOS%202022/2833.pdf HTTP/1.1" 200 451534
181.129.195.60 - - [08/Nov/2022:09:15:09 -0500] "GET /sipse/faces/faces/autenticacion.xhtml HTTP/1.1" 200 12181
181.129.195.60 - - [08/Nov/2022:09:15:09 -0500] "GET /sipse/js/disable_browser_buttons.js HTTP/1.1" 304 -
181.129.195.60 - - [08/Nov/2022:09:15:09 -0500] "GET /sipse/js/funciones.js HTTP/1.1" 304 -
181.129.195.60 - - [08/Nov/2022:09:15:09 -0500] "GET /sipse/css/custom_css_sg.css HTTP/1.1" 304 -
181.129.195.60 - - [08/Nov/2022:09:15:09 -0500] "GET /sipse/css/custom_css_sg_prime_login.css HTTP/1.1" 304 -
181.129.195.60 - - [08/Nov/2022:09:15:09 -0500] "GET /sipse/faces/javax.faces.resource/theme.css?ln=primefaces-sipse HTTP/1.1" 304 -
181.129.195.60 - - [08/Nov/2022:09:15:09 -0500] "GET /sipse/faces/javax.faces.resource/layout/layout.css?ln=primefaces&v=4.0 HTTP/1.1" 304 -
181.129.195.60 - - [08/Nov/2022:09:15:09 -0500] "GET /sipse/faces/javax.faces.resource/primefaces.css?ln=primefaces&v=4.0 HTTP/1.1" 304 -
181.129.195.60 - - [08/Nov/2022:09:15:09 -0500] "GET /sipse/faces/javax.faces.resource/jquery/jquery-plugins.js?ln=primefaces&v=4.0 HTTP/1.1" 304 -
181.129.195.60 - - [08/Nov/2022:09:15:09 -0500] "GET /sipse/faces/javax.faces.resource/jquery/jquery.js?ln=primefaces&v=4.0 HTTP/1.1" 304 -
181.129.195.60 - - [08/Nov/2022:09:15:09 -0500] "GET /sipse/faces/javax.faces.resource/primefaces.js?ln=primefaces&v=4.0 HTTP/1.1" 304 -
181.129.195.60 - - [08/Nov/2022:09:15:09 -0500] "GET /sipse/faces/javax.faces.resource/layout/layout.js?ln=primefaces&v=4.0 HTTP/1.1" 304 -
181.129.195.60 - - [08/Nov/2022:09:15:09 -0500] "GET /sipse/css/imagen/logoSDG.png HTTP/1.1" 304 -
181.129.195.60 - - [08/Nov/2022:09:15:09 -0500] "GET /sipse/css/imagen/loginimg.png HTTP/1.1" 304 -
181.129.195.60 - - [08/Nov/2022:09:15:09 -0500] "GET /sipse/faces/javax.faces.resource/images/ui-icons_898989_256x240.png?ln=primefaces-aristo HTTP/1.1" 304 -
181.129.195.60 - - [08/Nov/2022:09:15:09 -0500] "GET /sipse/faces/faces/index.xhtml HTTP/1.1" 200 677
181.129.195.60 - - [08/Nov/2022:09:15:10 -0500] "GET /sipse/faces/javax.faces.resource/theme.css?ln=primefaces-sipse HTTP/1.1" 304 -
181.129.195.60 - - [08/Nov/2022:09:15:10 -0500] "GET /sipse/faces/faces/faces/autenticacion.xhtml HTTP/1.1" 200 12181
181.129.195.60 - - [08/Nov/2022:09:15:10 -0500] "GET /sipse/faces/javax.faces.resource/theme.css?ln=primefaces-sipse HTTP/1.1" 304 -
181.129.195.60 - - [08/Nov/2022:09:15:10 -0500] "GET /sipse/faces/javax.faces.resource/primefaces.css?ln=primefaces&v=4.0 HTTP/1.1" 304 -
181.129.195.60 - - [08/Nov/2022:09:15:10 -0500] "GET /sipse/faces/javax.faces.resource/jquery/jquery.js?ln=primefaces&v=4.0 HTTP/1.1" 304 -
181.129.195.60 - - [08/Nov/2022:09:15:10 -0500] "GET /sipse/faces/javax.faces.resource/layout/layout.css?ln=primefaces&v=4.0 HTTP/1.1" 304 -
181.129.195.60 - - [08/Nov/2022:09:15:10 -0500] "GET /sipse/faces/javax.faces.resource/primefaces.js?ln=primefaces&v=4.0 HTTP/1.1" 304 -
181.129.195.60 - - [08/Nov/2022:09:15:10 -0500] "GET /sipse/faces/javax.faces.resource/jquery/jquery-plugins.js?ln=primefaces&v=4.0 HTTP/1.1" 304 -
181.129.195.60 - - [08/Nov/2022:09:15:10 -0500] "GET /sipse/faces/javax.faces.resource/layout/layout.js?ln=primefaces&v=4.0 HTTP/1.1" 304 -
186.102.84.251 - - [08/Nov/2022:09:15:11 -0500] "GET /sipse/faces/javax.faces.resource/images/ui-bg_flat_0_2d5972_40x100.png?ln=primefaces-aristo HTTP/1.1" 304 -
186.102.84.251 - - [08/Nov/2022:09:15:11 -0500] "POST /sipse/faces/presentacion/financiero/solicitudProceso/crearModificarSolicitudProceso.xhtml HTTP/1.1" 200 49023
186.102.84.251 - - [08/Nov/2022:09:15:11 -0500] "GET /sipse/faces/javax.faces.resource/messages/messages.png?ln=primefaces&v=4.0 HTTP/1.1" 304 -
186.154.46.28 - - [08/Nov/2022:09:15:13 -0500] "GET /BLA/resoluciones/AUTOS%202022/2834.pdf HTTP/1.1" 200 1633929
181.129.195.60 - - [08/Nov/2022:09:15:17 -0500] "POST /sipse/faces/autenticacion.xhtml HTTP/1.1" 200 2222
181.129.195.60 - - [08/Nov/2022:09:15:17 -0500] "GET /sipse/faces/javax.faces.resource/messages/messages.png?ln=primefaces&v=4.0 HTTP/1.1" 304 -
181.129.195.60 - - [08/Nov/2022:09:15:17 -0500] "GET /sipse/faces/javax.faces.resource/images/ui-icons_898989_256x240.png?ln=primefaces-aristo HTTP/1.1" 304 -
181.129.195.60 - - [08/Nov/2022:09:15:18 -0500] "POST /sipse/faces/autenticacion.xhtml HTTP/1.1" 200 16249
181.129.195.60 - - [08/Nov/2022:09:15:18 -0500] "GET /sipse/css/custom_css_sg_prime.css HTTP/1.1" 304 -
181.129.195.60 - - [08/Nov/2022:09:15:18 -0500] "GET /sipse/faces/javax.faces.resource/theme.css?ln=primefaces-sipse HTTP/1.1" 304 -
181.129.195.60 - - [08/Nov/2022:09:15:18 -0500] "GET /sipse/faces/javax.faces.resource/layout/layout.css?ln=primefaces&v=4.0 HTTP/1.1" 304 -
181.129.195.60 - - [08/Nov/2022:09:15:18 -0500] "GET /sipse/faces/javax.faces.resource/primefaces.css?ln=primefaces&v=4.0 HTTP/1.1" 304 -
181.129.195.60 - - [08/Nov/2022:09:15:18 -0500] "GET /sipse/js/jquery.min.js HTTP/1.1" 304 -
181.129.195.60 - - [08/Nov/2022:09:15:18 -0500] "GET /sipse/faces/javax.faces.resource/jquery/jquery.js?ln=primefaces&v=4.0 HTTP/1.1" 304 -
181.129.195.60 - - [08/Nov/2022:09:15:18 -0500] "GET /sipse/faces/javax.faces.resource/jquery/jquery-plugins.js?ln=primefaces&v=4.0 HTTP/1.1" 304 -
181.129.195.60 - - [08/Nov/2022:09:15:18 -0500] "GET /sipse/faces/javax.faces.resource/primefaces.js?ln=primefaces&v=4.0 HTTP/1.1" 304 -
181.129.195.60 - - [08/Nov/2022:09:15:18 -0500] "GET /sipse/faces/javax.faces.resource/layout/layout.js?ln=primefaces&v=4.0 HTTP/1.1" 304 -
181.129.195.60 - - [08/Nov/2022:09:15:18 -0500] "GET /sipse/imagenes/cargando.gif HTTP/1.1" 304 -
181.129.195.60 - - [08/Nov/2022:09:15:18 -0500] "GET /sipse/imagenes/logoAplicacion.jpg HTTP/1.1" 304 -
181.129.195.60 - - [08/Nov/2022:09:15:18 -0500] "GET /sipse/css/imagen/contrasena.png HTTP/1.1" 404 383
186.154.46.28 - - [08/Nov/2022:09:15:20 -0500] "GET /BLA/resoluciones/AUTOS%202022/2837.pdf HTTP/1.1" 200 1292682
186.154.46.28 - - [08/Nov/2022:09:15:20 -0500] "GET /BLA/resoluciones/AUTOS%202022/2837.pdf HTTP/1.1" 200 1292682
181.129.195.60 - - [08/Nov/2022:09:15:22 -0500] "GET /sipse/faces/javax.faces.resource/images/ui-bg_flat_0_2d5972_40x100.png?ln=primefaces-aristo HTTP/1.1" 304 -
181.129.195.60 - - [08/Nov/2022:09:15:22 -0500] "POST /sipse/faces/bienvenido.xhtml HTTP/1.1" 200 2055
186.154.46.28 - - [08/Nov/2022:09:15:26 -0500] "GET /BLA/resoluciones/AUTOS%202022/2838.pdf HTTP/1.1" 200 2890896
186.154.46.28 - - [08/Nov/2022:09:15:26 -0500] "GET /BLA/resoluciones/AUTOS%202022/2838.pdf HTTP/1.1" 200 2890896
181.129.195.60 - - [08/Nov/2022:09:15:26 -0500] "POST /sipse/faces/bienvenido.xhtml HTTP/1.1" 200 2048
172.22.2.4 - - [08/Nov/2022:09:13:48 -0500] "GET /BLA/boletinlegal/ HTTP/1.1" 200 59828
186.154.46.28 - - [08/Nov/2022:09:15:35 -0500] "GET /BLA/resoluciones/AUTOS%202022/2839.pdf HTTP/1.1" 200 1853624
186.154.46.28 - - [08/Nov/2022:09:15:35 -0500] "GET /BLA/resoluciones/AUTOS%202022/2839.pdf HTTP/1.1" 200 1853624
181.129.195.60 - - [08/Nov/2022:09:15:31 -0500] "POST /sipse/faces/bienvenido.xhtml HTTP/1.1" 200 67566
181.129.195.60 - - [08/Nov/2022:09:15:43 -0500] "GET /sipse/faces/javax.faces.resource/theme.css?ln=primefaces-sipse HTTP/1.1" 304 -
181.129.195.60 - - [08/Nov/2022:09:15:43 -0500] "GET /sipse/faces/javax.faces.resource/primefaces.css?ln=primefaces&v=4.0 HTTP/1.1" 304 -
181.129.195.60 - - [08/Nov/2022:09:15:43 -0500] "GET /sipse/faces/javax.faces.resource/layout/layout.css?ln=primefaces&v=4.0 HTTP/1.1" 304 -
181.129.195.60 - - [08/Nov/2022:09:15:43 -0500] "GET /sipse/faces/javax.faces.resource/jquery/jquery.js?ln=primefaces&v=4.0 HTTP/1.1" 304 -
181.129.195.60 - - [08/Nov/2022:09:15:43 -0500] "GET /sipse/faces/javax.faces.resource/jquery/jquery-plugins.js?ln=primefaces&v=4.0 HTTP/1.1" 304 -
181.129.195.60 - - [08/Nov/2022:09:15:43 -0500] "GET /sipse/faces/javax.faces.resource/primefaces.js?ln=primefaces&v=4.0 HTTP/1.1" 304 -
181.129.195.60 - - [08/Nov/2022:09:15:43 -0500] "GET /sipse/faces/javax.faces.resource/layout/layout.js?ln=primefaces&v=4.0 HTTP/1.1" 304 -
186.154.46.28 - - [08/Nov/2022:09:15:45 -0500] "GET /BLA/resoluciones/AUTOS%202022/2840.pdf HTTP/1.1" 200 1248433
186.154.46.28 - - [08/Nov/2022:09:15:45 -0500] "GET /BLA/resoluciones/AUTOS%202022/2840.pdf HTTP/1.1" 200 1248433
186.154.46.28 - - [08/Nov/2022:09:15:52 -0500] "GET /BLA/resoluciones/AUTOS%202022/2841.pdf HTTP/1.1" 200 1628466
186.154.46.28 - - [08/Nov/2022:09:15:52 -0500] "GET /BLA/resoluciones/AUTOS%202022/2841.pdf HTTP/1.1" 200 1628466
186.154.46.28 - - [08/Nov/2022:09:15:59 -0500] "GET /BLA/resoluciones/AUTOS%202022/2843.pdf HTTP/1.1" 200 3209288
186.84.20.242 - - [08/Nov/2022:09:16:16 -0500] "POST /sipse/faces/presentacion/financiero/solicitudProceso/consultarSolicitudProceso.xhtml HTTP/1.1" 200 36088
186.84.20.242 - - [08/Nov/2022:09:16:20 -0500] "GET /sipse/faces/javax.faces.resource/jquery/jquery.js?ln=primefaces&v=4.0 HTTP/1.1" 304 -
186.84.20.242 - - [08/Nov/2022:09:16:21 -0500] "GET /sipse/faces/javax.faces.resource/jquery/jquery-plugins.js?ln=primefaces&v=4.0 HTTP/1.1" 304 -
186.84.20.242 - - [08/Nov/2022:09:16:21 -0500] "GET /sipse/faces/javax.faces.resource/primefaces.js?ln=primefaces&v=4.0 HTTP/1.1" 304 -
186.84.20.242 - - [08/Nov/2022:09:16:21 -0500] "GET /sipse/faces/javax.faces.resource/layout/layout.js?ln=primefaces&v=4.0 HTTP/1.1" 304 -
186.84.20.242 - - [08/Nov/2022:09:16:21 -0500] "POST /sipse/faces/presentacion/financiero/solicitudProceso/listarSolicitudProceso.xhtml HTTP/1.1" 200 1400
186.84.20.242 - - [08/Nov/2022:09:16:23 -0500] "POST /sipse/faces/presentacion/financiero/solicitudProceso/listarSolicitudProceso.xhtml HTTP/1.1" 200 28977
186.84.20.242 - - [08/Nov/2022:09:16:23 -0500] "POST /sipse/faces/presentacion/financiero/solicitudProceso/listarSolicitudProceso.xhtml HTTP/1.1" 200 28977
186.84.20.242 - - [08/Nov/2022:09:16:24 -0500] "POST /sipse/faces/presentacion/financiero/solicitudProceso/listarSolicitudProceso.xhtml HTTP/1.1" 200 28977
186.84.20.242 - - [08/Nov/2022:09:16:24 -0500] "POST /sipse/faces/presentacion/financiero/solicitudProceso/listarSolicitudProceso.xhtml HTTP/1.1" 200 28977
186.84.20.242 - - [08/Nov/2022:09:16:24 -0500] "POST /sipse/faces/presentacion/financiero/solicitudProceso/listarSolicitudProceso.xhtml HTTP/1.1" 200 1400
186.84.20.242 - - [08/Nov/2022:09:16:24 -0500] "POST /sipse/faces/presentacion/financiero/solicitudProceso/listarSolicitudProceso.xhtml HTTP/1.1" 200 1396
186.84.20.242 - - [08/Nov/2022:09:16:24 -0500] "POST /sipse/faces/presentacion/financiero/solicitudProceso/listarSolicitudProceso.xhtml HTTP/1.1" 200 1404
186.84.20.242 - - [08/Nov/2022:09:16:24 -0500] "POST /sipse/faces/presentacion/financiero/solicitudProceso/listarSolicitudProceso.xhtml HTTP/1.1" 200 1396
186.154.46.28 - - [08/Nov/2022:09:16:25 -0500] "GET /BLA/resoluciones/AUTOS%202022/2844.pdf HTTP/1.1" 200 297035
186.84.20.242 - - [08/Nov/2022:09:16:28 -0500] "POST /sipse/faces/presentacion/financiero/solicitudProceso/listarSolicitudProceso.xhtml HTTP/1.1" 200 28977
186.84.20.242 - - [08/Nov/2022:09:16:28 -0500] "POST /sipse/faces/presentacion/financiero/solicitudProceso/listarSolicitudProceso.xhtml HTTP/1.1" 200 28977
186.84.20.242 - - [08/Nov/2022:09:16:28 -0500] "POST /sipse/faces/presentacion/financiero/solicitudProceso/listarSolicitudProceso.xhtml HTTP/1.1" 200 28977
186.84.20.242 - - [08/Nov/2022:09:16:28 -0500] "POST /sipse/faces/presentacion/financiero/solicitudProceso/listarSolicitudProceso.xhtml HTTP/1.1" 200 28977
186.84.20.242 - - [08/Nov/2022:09:16:28 -0500] "POST /sipse/faces/presentacion/financiero/solicitudProceso/listarSolicitudProceso.xhtml HTTP/1.1" 200 1400
186.84.20.242 - - [08/Nov/2022:09:16:28 -0500] "POST /sipse/faces/presentacion/financiero/solicitudProceso/listarSolicitudProceso.xhtml HTTP/1.1" 200 1396
186.84.20.242 - - [08/Nov/2022:09:16:29 -0500] "POST /sipse/faces/presentacion/financiero/solicitudProceso/listarSolicitudProceso.xhtml HTTP/1.1" 200 1404
186.84.20.242 - - [08/Nov/2022:09:16:29 -0500] "POST /sipse/faces/presentacion/financiero/solicitudProceso/listarSolicitudProceso.xhtml HTTP/1.1" 200 1396
40.77.51.86 - - [08/Nov/2022:09:16:31 -0500] "GET /galeria/galeria/fotos/diaSC3Peq.jpg HTTP/1.1" 200 24913
186.84.20.242 - - [08/Nov/2022:09:16:32 -0500] "POST /sipse/faces/presentacion/financiero/solicitudProceso/listarSolicitudProceso.xhtml HTTP/1.1" 200 2713
186.84.20.242 - - [08/Nov/2022:09:16:34 -0500] "POST /sipse/faces/presentacion/financiero/solicitudProceso/listarSolicitudProceso.xhtml HTTP/1.1" 200 40144
186.84.20.242 - - [08/Nov/2022:09:16:34 -0500] "GET /sipse/faces/javax.faces.resource/jquery/jquery.js?ln=primefaces&v=4.0 HTTP/1.1" 304 -
186.84.20.242 - - [08/Nov/2022:09:16:34 -0500] "GET /sipse/faces/javax.faces.resource/jquery/jquery-plugins.js?ln=primefaces&v=4.0 HTTP/1.1" 304 -
186.84.20.242 - - [08/Nov/2022:09:16:34 -0500] "GET /sipse/faces/javax.faces.resource/primefaces.js?ln=primefaces&v=4.0 HTTP/1.1" 304 -
186.84.20.242 - - [08/Nov/2022:09:16:34 -0500] "GET /sipse/faces/javax.faces.resource/layout/layout.js?ln=primefaces&v=4.0 HTTP/1.1" 304 -
186.84.20.242 - - [08/Nov/2022:09:16:34 -0500] "POST /sipse/faces/presentacion/financiero/solicitudProceso/consultar.xhtml HTTP/1.1" 200 33551
186.84.20.242 - - [08/Nov/2022:09:16:34 -0500] "POST /sipse/faces/presentacion/financiero/solicitudProceso/consultar.xhtml HTTP/1.1" 200 33551
186.84.20.242 - - [08/Nov/2022:09:16:35 -0500] "POST /sipse/faces/presentacion/financiero/solicitudProceso/consultar.xhtml HTTP/1.1" 200 33551
186.84.20.242 - - [08/Nov/2022:09:16:39 -0500] "POST /sipse/faces/presentacion/financiero/solicitudProceso/consultar.xhtml HTTP/1.1" 200 12889
186.154.46.28 - - [08/Nov/2022:09:16:45 -0500] "GET /BLA/resoluciones/AUTOS%202022/2846.pdf HTTP/1.1" 200 500596
181.129.195.60 - - [08/Nov/2022:09:16:47 -0500] "POST /sipse/faces/presentacion/proyectos/proyecto/listarConsultarProyectos.xhtml HTTP/1.1" 200 77576
181.129.195.60 - - [08/Nov/2022:09:16:48 -0500] "GET /sipse/faces/javax.faces.resource/theme.css?ln=primefaces-sipse HTTP/1.1" 304 -
181.129.195.60 - - [08/Nov/2022:09:16:49 -0500] "GET /sipse/faces/javax.faces.resource/jquery/jquery.js?ln=primefaces&v=4.0 HTTP/1.1" 304 -
181.129.195.60 - - [08/Nov/2022:09:16:49 -0500] "GET /sipse/faces/javax.faces.resource/layout/layout.css?ln=primefaces&v=4.0 HTTP/1.1" 304 -
181.129.195.60 - - [08/Nov/2022:09:16:49 -0500] "GET /sipse/faces/javax.faces.resource/primefaces.css?ln=primefaces&v=4.0 HTTP/1.1" 304 -
181.129.195.60 - - [08/Nov/2022:09:16:49 -0500] "GET /sipse/faces/javax.faces.resource/jquery/jquery-plugins.js?ln=primefaces&v=4.0 HTTP/1.1" 304 -
181.129.195.60 - - [08/Nov/2022:09:16:49 -0500] "GET /sipse/faces/javax.faces.resource/primefaces.js?ln=primefaces&v=4.0 HTTP/1.1" 304 -
181.129.195.60 - - [08/Nov/2022:09:16:49 -0500] "GET /sipse/faces/javax.faces.resource/layout/layout.js?ln=primefaces&v=4.0 HTTP/1.1" 304 -
181.129.195.60 - - [08/Nov/2022:09:16:49 -0500] "POST /sipse/faces/presentacion/proyectos/proyecto/proyecto.xhtml HTTP/1.1" 200 3353
186.154.46.28 - - [08/Nov/2022:09:16:59 -0500] "GET /BLA/resoluciones/AUTOS%202022/2847.pdf HTTP/1.1" 200 324250
181.129.195.60 - - [08/Nov/2022:09:17:09 -0500] "POST /sipse/faces/presentacion/proyectos/proyecto/proyecto.xhtml HTTP/1.1" 200 36412
181.129.195.60 - - [08/Nov/2022:09:17:11 -0500] "GET /sipse/faces/javax.faces.resource/spacer/dot_clear.gif?ln=primefaces&v=4.0 HTTP/1.1" 304 -
186.154.46.28 - - [08/Nov/2022:09:17:11 -0500] "GET /BLA/resoluciones/AUTOS%202022/2848.pdf HTTP/1.1" 200 1321645
186.154.46.28 - - [08/Nov/2022:09:17:11 -0500] "GET /BLA/resoluciones/AUTOS%202022/2848.pdf HTTP/1.1" 200 1321645
181.129.195.60 - - [08/Nov/2022:09:17:11 -0500] "POST /sipse/faces/presentacion/proyectos/proyecto/proyecto.xhtml HTTP/1.1" 200 4049
186.154.46.28 - - [08/Nov/2022:09:17:19 -0500] "GET /BLA/resoluciones/AUTOS%202022/2849.pdf HTTP/1.1" 200 470636
186.154.46.28 - - [08/Nov/2022:09:17:31 -0500] "GET /BLA/resoluciones/AUTOS%202022/2850.pdf HTTP/1.1" 200 521874
186.102.53.158 - - [08/Nov/2022:09:17:40 -0500] "GET /kwssiamovil/sm/ldap/au?x=U2FsdGVkX1+nhQ8lHYML22Qt4AiGzo1qJ24opXudkRSmPj54vuX7UHqQgBq0qolj&y=U2FsdGVkX1+7U7nA4rqYe8X3cReOWQHTUWmMrbK7o+c= HTTP/1.1" 200 30
186.102.53.158 - - [08/Nov/2022:09:17:41 -0500] "GET /kwssiamovil/sm/acme/s?s=U2FsdGVkX1//FIfYWnqcx9ehUMqq8jDF3Vk1LA30Yb9k9O1f4OVjBZd5PVyIOlKGLBBP4BGcPOLyvHt57DHnKIYh0VXu2BiA06HW6cN54zg=&u=U2FsdGVkX1+jq3QJal/adS/1Ku4FfUo6TohfPwiZrS4=&y=U2FsdGVkX1+7U7nA4rqYe8X3cReOWQHTUWmMrbK7o+c= HTTP/1.1" 200 97
186.102.53.158 - - [08/Nov/2022:09:17:41 -0500] "GET /kwssiamovil/sm/acme/s?s=U2FsdGVkX1/qZXdcGCURvl5DoYgNVPM6SaNjOY4Pxc9s8oYDI9ueU5L05HaDbdzjq643Tgso340fjZ2rxoev2cqZuPOMfsBW/e9YDcXx3WUYqQw14x8U/8fgW6rmXh1tLA+DWgCWk5grEB4Mapu31fy8Xk1ejjMBQo3JEm1mXSx3X0LdymFMZ1AHf2So4LbgGsc4Il5p58E8mLW4BvQbxnLgP6UcK4G/ZXhYpzBhMjrnaA+j2FuWjO1RGgwT71TghnaBsFngNEbXiR1RdjPX9IQQkpk5vPGtmUrXNPuOVqQ0ufqXCBKCSpuxsG2QMHVV75+n/bCC6jp9z2ZSpPhEo8mgeG0S6vyKU29a4lJffWv1lLVjMe2yRp5moZ7pZM2tJATzVCRvj7kLFr4CWZ/SRzi1egvsa4Y6o2JgTw51iGfk/8S2rWKfDwRrG/gllPpAmihc2jaDP0VGe3XnAQlVugc9x7a0zOESdITXn2x6xyKxzd3OW0CaVNnMhMnJwi5lRe5t+k5bxoygVOX9Rpqg/AnhjgxAxL64B/NM09sz9O7DvLdTnV65kWu3TKtTbdLNGhXOCZtsXZvvY1DsOgrhmPOnxGdiQSWi9wYXbtusC3ccxACx7d4LTcRhnwLpdfeVRhFG/bQUK4U/AXCN5AbG5TVk5lwNFuT6pqjgXQLx7Id+VcviAXi9t1mPO3t0ZNdwyvZCLG4d70Xu80XtVLs+zcf1nUwhLNJi29SgBX4DTg+2q/r2nphrXFhfS2KxSHm1TweXd+6RRmqRAaP7OuKv/OcpmqpwevnL4IbFWO++gCBlS24h0+souFcM3HGFIiKd7COFBbggIx+Ur95zSP88NIXjYpAhf4MHNuQh77tKHW2mEAh9mDmr+p85WMeYsB101wZAee6zlaCmr61i6GgBXhytJeYLDtozHGmKvA7yk041uzgNaoOKNyqKqV1d3wQFbgNjV4SM3Ty6y3oFWT79Va/aU+NhjjGipvQhPESoyF38yfL9IgTezarkFrVq9MaM4s4V4UyWaRB6BQ3U634HjyKGQmutB0GU1Qfu80Yw3Xaegluv+IsNnEnC7+p2VhMC7lQM2dnZnJ4IXwbP6tIJ9pRy8+20D+JxM5eCsnIbKCa69VH1DMBTzNWP4cYvsidsEoDS/d4euGalfSAte7BNLn3ww4f4Z4Vb6CsyCNZKh++3uk33Yv5lpvt1HddJHByr7PjKcxzOAW/F9EuwU4CJEmCSiz9g/iM+ryMZwTU/GH5wh6BrhiNr+roEePBy7Doaxcg+wp7m0YWRgHxadC7o8frNTbj9C28x9qlVc9k0eDq4qfPwQwZNghnP0hgmOm0/mAjc8iD265AfV2THbVpsGmFfMynmixomZ5Tti8uGDHOKiKkUKpVjfg1G8mbR1oVYSTew861JQICCyLOQkSTK6YOTvyo2Lfya5ci3HjBYtfk=&u=U2FsdGVkX1+jq3QJal/adS/1Ku4FfUo6TohfPwiZrS4=&y=U2FsdGVkX1+7U7nA4rqYe8X3cReOWQHTUWmMrbK7o+c= HTTP/1.1" 200 393
186.102.53.158 - - [08/Nov/2022:09:17:41 -0500] "GET /kwssiamovil/sm/acme/s?s=U2FsdGVkX1+Z5v0Rzrs6s+p4Lh5YGh1oQjtS//889IciivC0zKuQQ96zuIKbPJ2rVbyH2/yY5Tcjpq7adzbI9TA+XGQ09LDk3fajI5yC/UN79LISI7vURgSnY1vnPuwwwjMsymhIOpFfglJt0zOOZfogInHib7xY7Q6Bj3uBrpdFWHT9ukCB9Ev4cJJBImd2zEEOaEhorJJ8QnvK3iHzxYUE8pi2QAMSp5X5FUS6W6Eowgd636Sr4FN6iNoUHGzO1wF4B/ZBoDyb35AgM8KgJ7Y8Kl2RnMACr0X4S8hQsjRxX9gRDOHfur2RYdbNi5542E88UjGHWE6f2UXtfmigNg==&u=U2FsdGVkX1+jq3QJal/adS/1Ku4FfUo6TohfPwiZrS4=&y=U2FsdGVkX1+7U7nA4rqYe8X3cReOWQHTUWmMrbK7o+c= HTTP/1.1" 200 196
186.102.53.158 - - [08/Nov/2022:09:17:41 -0500] "GET /kwssiamovil/sm/cjson/pre?f=1&x=U2FsdGVkX1+nhQ8lHYML22Qt4AiGzo1qJ24opXudkRSmPj54vuX7UHqQgBq0qolj HTTP/1.1" 200 30992
186.154.46.28 - - [08/Nov/2022:09:17:43 -0500] "GET /BLA/resoluciones/AUTOS%202022/2851.pdf HTTP/1.1" 200 382629
186.154.46.28 - - [08/Nov/2022:09:17:54 -0500] "GET /BLA/resoluciones/AUTOS%202022/2852.pdf HTTP/1.1" 200 528257
186.102.84.251 - - [08/Nov/2022:09:18:02 -0500] "POST /sipse/faces/presentacion/financiero/solicitudProceso/crearModificarSolicitudProceso.xhtml HTTP/1.1" 200 55028
186.102.84.251 - - [08/Nov/2022:09:18:06 -0500] "GET /sipse/faces/javax.faces.resource/theme.css?ln=primefaces-sipse HTTP/1.1" 304 -
186.102.84.251 - - [08/Nov/2022:09:18:06 -0500] "GET /sipse/faces/javax.faces.resource/jquery/jquery.js?ln=primefaces&v=4.0 HTTP/1.1" 304 -
186.102.84.251 - - [08/Nov/2022:09:18:06 -0500] "GET /sipse/faces/javax.faces.resource/primefaces.css?ln=primefaces&v=4.0 HTTP/1.1" 304 -
186.102.84.251 - - [08/Nov/2022:09:18:06 -0500] "GET /sipse/faces/javax.faces.resource/layout/layout.css?ln=primefaces&v=4.0 HTTP/1.1" 304 -
186.102.84.251 - - [08/Nov/2022:09:18:06 -0500] "GET /sipse/faces/javax.faces.resource/jquery/jquery-plugins.js?ln=primefaces&v=4.0 HTTP/1.1" 304 -
186.102.84.251 - - [08/Nov/2022:09:18:06 -0500] "GET /sipse/faces/javax.faces.resource/primefaces.js?ln=primefaces&v=4.0 HTTP/1.1" 304 -
186.102.84.251 - - [08/Nov/2022:09:18:06 -0500] "GET /sipse/faces/javax.faces.resource/layout/layout.js?ln=primefaces&v=4.0 HTTP/1.1" 304 -
186.154.46.28 - - [08/Nov/2022:09:18:06 -0500] "GET /BLA/resoluciones/AUTOS%202022/2853.pdf HTTP/1.1" 200 2638416
186.154.46.28 - - [08/Nov/2022:09:18:06 -0500] "GET /BLA/resoluciones/AUTOS%202022/2853.pdf HTTP/1.1" 200 2638416
186.102.84.251 - - [08/Nov/2022:09:18:06 -0500] "POST /sipse/faces/presentacion/financiero/solicitudProceso/listarSolicitudProceso.xhtml HTTP/1.1" 200 1524
186.154.46.28 - - [08/Nov/2022:09:18:11 -0500] "GET /BLA/resoluciones/AUTOS%202022/2854.pdf HTTP/1.1" 200 1547888
186.154.46.28 - - [08/Nov/2022:09:18:17 -0500] "GET /BLA/resoluciones/AUTOS%202022/2855.pdf HTTP/1.1" 200 2420710
186.154.46.28 - - [08/Nov/2022:09:18:18 -0500] "GET /BLA/resoluciones/AUTOS%202022/2855.pdf HTTP/1.1" 200 2420710
216.245.221.92 - - [08/Nov/2022:09:18:22 -0500] "HEAD / HTTP/1.1" 200 -
186.154.46.28 - - [08/Nov/2022:09:18:23 -0500] "GET /BLA/resoluciones/AUTOS%202022/2856.pdf HTTP/1.1" 200 1684178
186.154.46.28 - - [08/Nov/2022:09:18:23 -0500] "GET /BLA/resoluciones/AUTOS%202022/2856.pdf HTTP/1.1" 200 1684178
186.102.84.251 - - [08/Nov/2022:09:18:25 -0500] "POST /sipse/faces/presentacion/financiero/solicitudProceso/listarSolicitudProceso.xhtml HTTP/1.1" 200 118016
186.102.84.251 - - [08/Nov/2022:09:18:26 -0500] "GET /sipse/faces/javax.faces.resource/theme.css?ln=primefaces-sipse HTTP/1.1" 304 -
186.102.84.251 - - [08/Nov/2022:09:18:26 -0500] "GET /sipse/faces/javax.faces.resource/jquery/jquery.js?ln=primefaces&v=4.0 HTTP/1.1" 304 -
186.102.84.251 - - [08/Nov/2022:09:18:26 -0500] "GET /sipse/faces/javax.faces.resource/primefaces.css?ln=primefaces&v=4.0 HTTP/1.1" 304 -
186.102.84.251 - - [08/Nov/2022:09:18:26 -0500] "GET /sipse/css/imagen/contrasena.png HTTP/1.1" 404 383
186.102.84.251 - - [08/Nov/2022:09:18:26 -0500] "GET /sipse/faces/javax.faces.resource/layout/layout.css?ln=primefaces&v=4.0 HTTP/1.1" 304 -
186.102.84.251 - - [08/Nov/2022:09:18:27 -0500] "GET /sipse/faces/javax.faces.resource/jquery/jquery-plugins.js?ln=primefaces&v=4.0 HTTP/1.1" 304 -
186.102.84.251 - - [08/Nov/2022:09:18:27 -0500] "GET /sipse/faces/javax.faces.resource/primefaces.js?ln=primefaces&v=4.0 HTTP/1.1" 304 -
186.102.84.251 - - [08/Nov/2022:09:18:27 -0500] "GET /sipse/faces/javax.faces.resource/layout/layout.js?ln=primefaces&v=4.0 HTTP/1.1" 304 -
186.154.46.28 - - [08/Nov/2022:09:18:28 -0500] "GET /BLA/resoluciones/AUTOS%202022/2858.pdf HTTP/1.1" 200 3171742
186.154.46.28 - - [08/Nov/2022:09:18:28 -0500] "GET /BLA/resoluciones/AUTOS%202022/2858.pdf HTTP/1.1" 200 3171742
186.154.46.28 - - [08/Nov/2022:09:18:34 -0500] "GET /BLA/resoluciones/AUTOS%202022/2859.pdf HTTP/1.1" 200 3638055
186.154.46.28 - - [08/Nov/2022:09:18:34 -0500] "GET /BLA/resoluciones/AUTOS%202022/2859.pdf HTTP/1.1" 200 3638055
186.154.46.28 - - [08/Nov/2022:09:18:40 -0500] "GET /BLA/resoluciones/AUTOS%202022/2860.pdf HTTP/1.1" 200 4201604
186.154.46.28 - - [08/Nov/2022:09:18:39 -0500] "GET /BLA/resoluciones/AUTOS%202022/2860.pdf HTTP/1.1" 200 4201604
201.245.192.253 - - [08/Nov/2022:09:18:43 -0500] "POST /kwsrmcab/Wsrmcab  HTTP/1.1" 200 40655
186.154.46.28 - - [08/Nov/2022:09:18:50 -0500] "GET /BLA/resoluciones/AUTOS%202022/2862.pdf HTTP/1.1" 200 511261
186.154.46.28 - - [08/Nov/2022:09:18:55 -0500] "GET /BLA/resoluciones/AUTOS%202022/2864.pdf HTTP/1.1" 200 357138
186.154.46.28 - - [08/Nov/2022:09:19:02 -0500] "GET /BLA/resoluciones/AUTOS%202022/2865.pdf HTTP/1.1" 200 578210
186.154.46.28 - - [08/Nov/2022:09:19:07 -0500] "GET /BLA/resoluciones/AUTOS%202022/2866.pdf HTTP/1.1" 200 673516
186.154.46.28 - - [08/Nov/2022:09:19:12 -0500] "GET /BLA/resoluciones/AUTOS%202022/2867.pdf HTTP/1.1" 200 358178
186.154.46.28 - - [08/Nov/2022:09:19:17 -0500] "GET /BLA/resoluciones/AUTOS%202022/2868.pdf HTTP/1.1" 200 983325
186.154.46.28 - - [08/Nov/2022:09:19:24 -0500] "GET /BLA/resoluciones/AUTOS%202022/2869.pdf HTTP/1.1" 200 367647
186.154.46.28 - - [08/Nov/2022:09:19:29 -0500] "GET /BLA/resoluciones/AUTOS%202022/2870.pdf HTTP/1.1" 200 382083
186.154.46.28 - - [08/Nov/2022:09:19:34 -0500] "GET /BLA/resoluciones/AUTOS%202022/2871.pdf HTTP/1.1" 200 437804
186.154.46.28 - - [08/Nov/2022:09:19:39 -0500] "GET /BLA/resoluciones/AUTOS%202022/2872.pdf HTTP/1.1" 200 383389
186.154.46.28 - - [08/Nov/2022:09:19:44 -0500] "GET /BLA/resoluciones/AUTOS%202022/2873.pdf HTTP/1.1" 200 399885
186.154.46.28 - - [08/Nov/2022:09:19:48 -0500] "GET /BLA/resoluciones/AUTOS%202022/2874.pdf HTTP/1.1" 200 448662
186.154.46.28 - - [08/Nov/2022:09:19:53 -0500] "GET /BLA/resoluciones/AUTOS%202022/2877.pdf HTTP/1.1" 200 360343
186.154.46.28 - - [08/Nov/2022:09:19:59 -0500] "GET /BLA/resoluciones/AUTOS%202022/2878.pdf HTTP/1.1" 200 431221
186.154.46.28 - - [08/Nov/2022:09:20:04 -0500] "GET /BLA/resoluciones/AUTOS%202022/2880.pdf HTTP/1.1" 200 523513
186.154.46.28 - - [08/Nov/2022:09:20:10 -0500] "GET /BLA/resoluciones/AUTOS%202022/2881.pdf HTTP/1.1" 200 499002
186.154.46.28 - - [08/Nov/2022:09:20:15 -0500] "GET /BLA/resoluciones/AUTOS%202022/2882.pdf HTTP/1.1" 200 652678
186.154.46.28 - - [08/Nov/2022:09:20:21 -0500] "GET /BLA/resoluciones/AUTOS%202022/2883.pdf HTTP/1.1" 200 2253739
186.154.46.28 - - [08/Nov/2022:09:20:21 -0500] "GET /BLA/resoluciones/AUTOS%202022/2883.pdf HTTP/1.1" 200 2253739
186.154.46.28 - - [08/Nov/2022:09:20:26 -0500] "GET /BLA/resoluciones/AUTOS%202022/2884.pdf HTTP/1.1" 200 650572
172.22.2.4 - - [08/Nov/2022:09:18:48 -0500] "HEAD /BLA/boletinlegal/ HTTP/1.1" 200 -
186.154.46.28 - - [08/Nov/2022:09:20:31 -0500] "GET /BLA/resoluciones/AUTOS%202022/2885.pdf HTTP/1.1" 200 955482
186.154.46.28 - - [08/Nov/2022:09:20:36 -0500] "GET /BLA/resoluciones/AUTOS%202022/2889.pdf HTTP/1.1" 200 408089
186.154.46.28 - - [08/Nov/2022:09:20:45 -0500] "GET /BLA/resoluciones/AUTOS%202022/2893.pdf HTTP/1.1" 200 371053
186.154.46.28 - - [08/Nov/2022:09:20:52 -0500] "GET /BLA/resoluciones/AUTOS%202022/2904.pdf HTTP/1.1" 200 359740
201.245.192.253 - - [08/Nov/2022:09:20:53 -0500] "GET /sipse/faces/faces/autenticacion.xhtml HTTP/1.1" 200 12181
201.245.192.253 - - [08/Nov/2022:09:20:54 -0500] "GET /sipse/js/disable_browser_buttons.js HTTP/1.1" 304 -
201.245.192.253 - - [08/Nov/2022:09:20:54 -0500] "GET /sipse/css/custom_css_sg.css HTTP/1.1" 200 9694
201.245.192.253 - - [08/Nov/2022:09:20:54 -0500] "GET /sipse/js/funciones.js HTTP/1.1" 304 -
201.245.192.253 - - [08/Nov/2022:09:20:54 -0500] "GET /sipse/css/custom_css_sg_prime_login.css HTTP/1.1" 200 443
201.245.192.253 - - [08/Nov/2022:09:20:54 -0500] "GET /sipse/faces/javax.faces.resource/theme.css?ln=primefaces-sipse HTTP/1.1" 304 -
201.245.192.253 - - [08/Nov/2022:09:20:54 -0500] "GET /sipse/faces/javax.faces.resource/primefaces.css?ln=primefaces&v=4.0 HTTP/1.1" 304 -
201.245.192.253 - - [08/Nov/2022:09:20:54 -0500] "GET /sipse/faces/javax.faces.resource/layout/layout.css?ln=primefaces&v=4.0 HTTP/1.1" 304 -
201.245.192.253 - - [08/Nov/2022:09:20:54 -0500] "GET /sipse/faces/javax.faces.resource/jquery/jquery.js?ln=primefaces&v=4.0 HTTP/1.1" 304 -
201.245.192.253 - - [08/Nov/2022:09:20:54 -0500] "GET /sipse/faces/javax.faces.resource/jquery/jquery-plugins.js?ln=primefaces&v=4.0 HTTP/1.1" 304 -
201.245.192.253 - - [08/Nov/2022:09:20:54 -0500] "GET /sipse/faces/javax.faces.resource/primefaces.js?ln=primefaces&v=4.0 HTTP/1.1" 304 -
201.245.192.253 - - [08/Nov/2022:09:20:54 -0500] "GET /sipse/faces/javax.faces.resource/layout/layout.js?ln=primefaces&v=4.0 HTTP/1.1" 304 -
201.245.192.253 - - [08/Nov/2022:09:20:54 -0500] "GET /sipse/faces/javax.faces.resource/images/ui-icons_898989_256x240.png?ln=primefaces-aristo HTTP/1.1" 200 5355
201.245.192.253 - - [08/Nov/2022:09:20:54 -0500] "GET /sipse/css/imagen/logoSDG.png HTTP/1.1" 200 53064
201.245.192.253 - - [08/Nov/2022:09:20:54 -0500] "GET /sipse/css/imagen/loginimg.png HTTP/1.1" 200 71635
201.245.192.253 - - [08/Nov/2022:09:20:54 -0500] "GET /favicon.ico HTTP/1.1" 200 7782
201.245.192.253 - - [08/Nov/2022:09:20:54 -0500] "GET /sipse/faces/faces/index.xhtml HTTP/1.1" 200 677
201.245.192.253 - - [08/Nov/2022:09:20:54 -0500] "GET /sipse/faces/javax.faces.resource/theme.css?ln=primefaces-sipse HTTP/1.1" 304 -
201.245.192.253 - - [08/Nov/2022:09:20:54 -0500] "GET /sipse/faces/faces/faces/autenticacion.xhtml HTTP/1.1" 200 12181
201.245.192.253 - - [08/Nov/2022:09:20:54 -0500] "GET /sipse/faces/javax.faces.resource/theme.css?ln=primefaces-sipse HTTP/1.1" 304 -
201.245.192.253 - - [08/Nov/2022:09:20:54 -0500] "GET /sipse/faces/javax.faces.resource/primefaces.css?ln=primefaces&v=4.0 HTTP/1.1" 304 -
201.245.192.253 - - [08/Nov/2022:09:20:54 -0500] "GET /sipse/faces/javax.faces.resource/layout/layout.css?ln=primefaces&v=4.0 HTTP/1.1" 304 -
201.245.192.253 - - [08/Nov/2022:09:20:54 -0500] "GET /sipse/faces/javax.faces.resource/jquery/jquery.js?ln=primefaces&v=4.0 HTTP/1.1" 304 -
201.245.192.253 - - [08/Nov/2022:09:20:54 -0500] "GET /sipse/faces/javax.faces.resource/jquery/jquery-plugins.js?ln=primefaces&v=4.0 HTTP/1.1" 304 -
201.245.192.253 - - [08/Nov/2022:09:20:54 -0500] "GET /sipse/faces/javax.faces.resource/primefaces.js?ln=primefaces&v=4.0 HTTP/1.1" 304 -
201.245.192.253 - - [08/Nov/2022:09:20:54 -0500] "GET /sipse/faces/javax.faces.resource/layout/layout.js?ln=primefaces&v=4.0 HTTP/1.1" 304 -
201.245.192.253 - - [08/Nov/2022:09:20:54 -0500] "GET /sipse/faces/javax.faces.resource/images/ui-icons_898989_256x240.png?ln=primefaces-aristo HTTP/1.1" 304 -
186.154.46.28 - - [08/Nov/2022:09:20:58 -0500] "GET /BLA/resoluciones/AUTOS%202022/2905.pdf HTTP/1.1" 200 392754
172.22.2.4 - - [08/Nov/2022:09:20:59 -0500] "GET /BLA/boletinlegal/style.css HTTP/1.1" 200 9406
172.22.2.4 - - [08/Nov/2022:09:20:59 -0500] "GET /BLA/boletinlegal/styles2.css HTTP/1.1" 200 1838
172.22.2.4 - - [08/Nov/2022:09:20:59 -0500] "GET /BLA/boletinlegal/js/jquery.scrollTo-min.js HTTP/1.1" 200 1150
172.22.2.4 - - [08/Nov/2022:09:20:59 -0500] "GET /BLA/boletinlegal/js/jquery.js HTTP/1.1" 200 57254
172.22.2.4 - - [08/Nov/2022:09:20:59 -0500] "GET /BLA/boletinlegal/js/jquery.scrollShow.js HTTP/1.1" 200 4586
172.22.2.4 - - [08/Nov/2022:09:20:59 -0500] "GET /BLA/boletinlegal/images/cabezote%20BLEGAL.jpg HTTP/1.1" 200 118164
172.22.2.4 - - [08/Nov/2022:09:20:59 -0500] "GET /BLA/boletinlegal/images/subscribe-icon-big.png HTTP/1.1" 200 47702
172.22.2.4 - - [08/Nov/2022:09:20:59 -0500] "GET /BLA/boletinlegal/images/historia.png HTTP/1.1" 200 52775
172.22.2.4 - - [08/Nov/2022:09:20:59 -0500] "GET /BLA/boletinlegal/images/arr_l.jpg HTTP/1.1" 200 1979
172.22.2.4 - - [08/Nov/2022:09:20:59 -0500] "GET /BLA/boletinlegal/images/registro-usuarios.png HTTP/1.1" 200 8106
172.22.2.4 - - [08/Nov/2022:09:20:59 -0500] "GET /BLA/boletinlegal/images/body_bg.jpg HTTP/1.1" 200 1601
172.22.2.4 - - [08/Nov/2022:09:20:59 -0500] "GET /BLA/boletinlegal/images/hover.jpg HTTP/1.1" 200 640
172.22.2.4 - - [08/Nov/2022:09:20:59 -0500] "GET /BLA/boletinlegal/images/menu_lft.gif HTTP/1.1" 200 1713
172.22.2.4 - - [08/Nov/2022:09:20:59 -0500] "GET /BLA/boletinlegal/images/menu_rght.gif HTTP/1.1" 200 1627
172.22.2.4 - - [08/Nov/2022:09:20:59 -0500] "GET /BLA/boletinlegal/images/bg_top.jpg HTTP/1.1" 200 522
172.22.2.4 - - [08/Nov/2022:09:20:59 -0500] "GET /BLA/boletinlegal/images/menu_bg.jpg HTTP/1.1" 200 620
172.22.2.4 - - [08/Nov/2022:09:20:59 -0500] "GET /BLA/boletinlegal/images/text.jpg HTTP/1.1" 200 568
172.22.2.4 - - [08/Nov/2022:09:20:59 -0500] "GET /BLA/boletinlegal/images/screen_1.png HTTP/1.1" 200 202547
172.22.2.4 - - [08/Nov/2022:09:20:59 -0500] "GET /BLA/boletinlegal/images/launch.jpg HTTP/1.1" 200 14577
201.245.192.253 - - [08/Nov/2022:09:20:58 -0500] "POST /kwsrmcab/Wsrmcab HTTP/1.1" 200 42557
201.245.192.253 - - [08/Nov/2022:09:21:00 -0500] "POST /sipse/faces/autenticacion.xhtml HTTP/1.1" 200 2220
172.22.2.4 - - [08/Nov/2022:09:21:01 -0500] "GET /BLA/boletinlegal/actos.php HTTP/1.1" 200 9566
172.22.2.4 - - [08/Nov/2022:09:21:01 -0500] "GET /BLA/boletinlegal/niceforms-default.css HTTP/1.1" 200 6694
172.22.2.4 - - [08/Nov/2022:09:21:01 -0500] "GET /BLA/boletinlegal/niceforms.js HTTP/1.1" 200 22876
172.22.2.4 - - [08/Nov/2022:09:21:01 -0500] "GET /BLA/boletinlegal/js/lib.js HTTP/1.1" 200 6474
172.22.2.4 - - [08/Nov/2022:09:21:01 -0500] "GET /BLA/boletinlegal/js/popup.js HTTP/1.1" 200 1270
172.22.2.4 - - [08/Nov/2022:09:21:01 -0500] "GET /BLA/boletinlegal/js/ajax_actos.js HTTP/1.1" 200 1322
172.22.2.4 - - [08/Nov/2022:09:21:01 -0500] "GET /BLA/boletinlegal/js/jquery1.js HTTP/1.1" 200 29846
172.22.2.4 - - [08/Nov/2022:09:21:01 -0500] "GET /BLA/boletinlegal/images/green-yellow-blue-pink-th.png HTTP/1.1" 200 7394
172.22.2.4 - - [08/Nov/2022:09:21:01 -0500] "GET /BLA/boletinlegal/images/icono-email.png HTTP/1.1" 200 5544
172.22.2.4 - - [08/Nov/2022:09:21:01 -0500] "GET /BLA/boletinlegal/images/tel.png HTTP/1.1" 200 14477
172.22.2.4 - - [08/Nov/2022:09:21:01 -0500] "GET /BLA/boletinlegal/images/footer_bg.jpg HTTP/1.1" 200 586
172.22.2.4 - - [08/Nov/2022:09:21:01 -0500] "GET /BLA/boletinlegal/images/footer_bg_l.jpg HTTP/1.1" 200 776
201.245.192.253 - - [08/Nov/2022:09:21:01 -0500] "GET /sipse/faces/javax.faces.resource/messages/messages.png?ln=primefaces&v=4.0 HTTP/1.1" 200 27209
172.22.2.4 - - [08/Nov/2022:09:21:01 -0500] "GET /BLA/boletinlegal/img/0.png HTTP/1.1" 200 110
172.22.2.4 - - [08/Nov/2022:09:21:01 -0500] "GET /BLA/boletinlegal/img/select-left.png HTTP/1.1" 200 263
172.22.2.4 - - [08/Nov/2022:09:21:01 -0500] "GET /BLA/boletinlegal/img/select-right.png HTTP/1.1" 200 44019
172.22.2.4 - - [08/Nov/2022:09:21:01 -0500] "GET /BLA/boletinlegal/img/button.png HTTP/1.1" 200 43241
172.22.2.4 - - [08/Nov/2022:09:21:01 -0500] "GET /BLA/boletinlegal/img/button-left.png HTTP/1.1" 200 57071
