!C99Shell v. 1.0 pre-release build #13!

Software: Apache. PHP/5.5.15 

uname -a: Windows NT SVR-DMZ 6.1 build 7600 (Windows Server 2008 R2 Enterprise Edition) i586 

SYSTEM 

Safe-mode: OFF (not secure)

E:\nuevo\apache\logs\   drwxrwxrwx
Free 9.41 GB of 239.26 GB (3.93%)
Detected drives: [ a ] [ c ] [ d ] [ e ] [ f ]
Home    Back    Forward    UPDIR    Refresh    Search    Buffer    Encoder    Tools    Proc.    FTP brute    Sec.    SQL    PHP-code    Update    Feedback    Self remove    Logout    


Viewing file:     access.2022.11.08.log (3.43 MB)      -rw-rw-rw-
Select action/file-type:
(+) | (+) | (+) | Code (+) | Session (+) | (+) | SDB (+) | (+) | (+) | (+) | (+) | (+) |
201.245.192.253 - - [08/Nov/2022:00:00:38 -0500] "POST /kwsrmcab/Wsrmcab  HTTP/1.1" 200 40655
172.22.2.4 - - [08/Nov/2022:00:00:23 -0500] "HEAD /BLA/boletinlegal/ HTTP/1.1" 200 -
66.249.73.127 - - [08/Nov/2022:00:02:24 -0500] "-" 408 -
40.77.167.69 - - [08/Nov/2022:00:02:40 -0500] "GET /si-tienes-ropa-y-calzado-que-ya-no-usas-aca-te-presentamos-seis-puntos-a-donde-los-puedes-llevar.html HTTP/1.1" 200 872
172.22.2.4 - - [08/Nov/2022:00:01:13 -0500] "GET /BLA/boletinlegal/ HTTP/1.1" 200 56732
216.245.221.92 - - [08/Nov/2022:00:03:48 -0500] "HEAD / HTTP/1.1" 200 -
40.77.167.3 - - [08/Nov/2022:00:04:59 -0500] "GET /BLA/resoluciones/RESOLUCIONES%202018/1414.pdf HTTP/1.1" 200 3207116
201.245.192.253 - - [08/Nov/2022:00:05:37 -0500] "POST /kwsrmcab/Wsrmcab  HTTP/1.1" 200 40655
161.35.86.181 - - [08/Nov/2022:00:06:54 -0500] "\x16\x03\x01" 400 226
161.35.86.181 - - [08/Nov/2022:00:06:54 -0500] "GET / HTTP/1.1" 200 319
161.35.86.181 - - [08/Nov/2022:00:06:54 -0500] "HELP" 501 953
161.35.86.181 - - [08/Nov/2022:00:06:54 -0500] "GET / HTTP/1.1" 200 319
161.35.86.181 - - [08/Nov/2022:00:06:55 -0500] "PUT /vendor/phpunit/phpunit/src/Util/PHP/eval-stdin.php HTTP/1.1" 405 938
161.35.86.181 - - [08/Nov/2022:00:06:55 -0500] "CONNECT leakix.net:443 HTTP/1.1" 405 938
161.35.86.181 - - [08/Nov/2022:00:06:55 -0500] "GET /cgi-bin/.%2e/%2e%2e/%2e%2e/%2e%2e/%2e%2e/%2e%2e/%2e%2e/%2e%2e/%2e%2e/etc/hosts HTTP/1.1" 400 945
161.35.86.181 - - [08/Nov/2022:00:06:56 -0500] "GET /.DS_Store HTTP/1.1" 404 1018
161.35.86.181 - - [08/Nov/2022:00:06:56 -0500] "GET /config.json HTTP/1.1" 404 1018
161.35.86.181 - - [08/Nov/2022:00:06:57 -0500] "GET /telescope/requests HTTP/1.1" 404 1018
161.35.86.181 - - [08/Nov/2022:00:06:57 -0500] "GET /info.php HTTP/1.1" 404 1018
66.249.73.127 - - [08/Nov/2022:00:08:59 -0500] "-" 408 -
172.22.2.4 - - [08/Nov/2022:00:09:29 -0500] "GET /BLA/boletinlegal/favicon.ico HTTP/1.1" 404 1038
172.22.2.4 - - [08/Nov/2022:00:09:29 -0500] "GET /BLA/boletinlegal/favicon.ico HTTP/1.1" 404 1037
172.22.2.4 - - [08/Nov/2022:00:09:30 -0500] "GET /BLA/boletinlegal/favicon.ico HTTP/1.1" 404 1018
172.22.2.4 - - [08/Nov/2022:00:09:32 -0500] "GET /BLA/boletinlegal/favicon.ico HTTP/1.1" 404 1043
172.22.2.4 - - [08/Nov/2022:00:09:18 -0500] "GET /BLA/boletinlegal/ HTTP/1.1" 200 24523
172.22.2.4 - - [08/Nov/2022:00:09:19 -0500] "GET /BLA/boletinlegal/ HTTP/1.1" 200 24523
172.22.2.4 - - [08/Nov/2022:00:09:20 -0500] "GET /BLA/boletinlegal/ HTTP/1.1" 200 24523
172.22.2.4 - - [08/Nov/2022:00:09:21 -0500] "GET /BLA/boletinlegal/ HTTP/1.1" 200 24523
201.245.192.253 - - [08/Nov/2022:00:10:36 -0500] "POST /kwsrmcab/Wsrmcab  HTTP/1.1" 200 40655
186.29.154.67 - - [08/Nov/2022:00:11:27 -0500] "GET /BLA/resoluciones/index.php?dir=AUTOS+2017%2F HTTP/1.1" 200 458531
172.22.2.4 - - [08/Nov/2022:00:12:09 -0500] "GET /BLA/boletinlegal/jurisprudencia/analisis/analisis%20sentencia%20C-596-10.doc HTTP/1.1" 200 36352
186.29.154.67 - - [08/Nov/2022:00:12:47 -0500] "GET /BLA/resoluciones/index.php?dir=AUTOS+2020%2F HTTP/1.1" 200 326492
114.119.141.73 - - [08/Nov/2022:00:13:08 -0500] "GET /BLA/resoluciones/RESOLUCIONES%202010/1707.pdf HTTP/1.1" 200 414654
186.29.154.67 - - [08/Nov/2022:00:13:56 -0500] "GET /BLA/resoluciones/index.php?dir=AUTOS+2019%2F HTTP/1.1" 200 348199
186.29.154.67 - - [08/Nov/2022:00:13:56 -0500] "GET /BLA/resoluciones/index.php?dir=AUTOS+2019%2F HTTP/1.1" 200 348199
186.29.154.67 - - [08/Nov/2022:00:14:30 -0500] "GET /BLA/resoluciones/index.php?dir=AUTOS+2017%2F HTTP/1.1" 200 12235
186.29.154.67 - - [08/Nov/2022:00:14:30 -0500] "GET /BLA/resoluciones/index.php?dir=AUTOS+2017%2F HTTP/1.1" 200 458531
201.245.192.253 - - [08/Nov/2022:00:15:35 -0500] "POST /kwsrmcab/Wsrmcab  HTTP/1.1" 200 40655
66.249.73.127 - - [08/Nov/2022:00:15:59 -0500] "-" 408 -
172.22.2.4 - - [08/Nov/2022:00:16:13 -0500] "HEAD /BLA/boletinlegal/ HTTP/1.1" 200 -
172.22.2.4 - - [08/Nov/2022:00:17:03 -0500] "GET /BLA/boletinlegal/ HTTP/1.1" 200 56732
216.245.221.92 - - [08/Nov/2022:00:18:48 -0500] "HEAD / HTTP/1.1" 200 -
201.245.192.253 - - [08/Nov/2022:00:20:34 -0500] "POST /kwsrmcab/Wsrmcab  HTTP/1.1" 200 40655
201.245.192.253 - - [08/Nov/2022:00:21:01 -0500] "POST /kwsrmcab/Wsrmcab HTTP/1.1" 200 43522
201.245.192.253 - - [08/Nov/2022:00:21:04 -0500] "POST /kwsrmcab/Wsrmcab HTTP/1.1" 200 41914
114.119.141.52 - - [08/Nov/2022:00:22:05 -0500] "GET /BLA/resoluciones/index.php?dir=Notificaciones/AUTOS%2B1988/&sort=name&order=asc HTTP/1.1" 200 13341
172.22.2.4 - - [08/Nov/2022:00:22:03 -0500] "HEAD /BLA/boletinlegal/ HTTP/1.1" 200 -
216.245.221.92 - - [08/Nov/2022:00:23:48 -0500] "HEAD / HTTP/1.1" 200 -
40.77.51.81 - - [08/Nov/2022:00:24:08 -0500] "GET /galeria/galeria/fotos/mirador4P.jpg HTTP/1.1" 200 11757
172.22.2.4 - - [08/Nov/2022:00:22:53 -0500] "GET /BLA/boletinlegal/ HTTP/1.1" 200 57725
66.249.73.127 - - [08/Nov/2022:00:25:10 -0500] "-" 408 -
201.245.192.253 - - [08/Nov/2022:00:25:33 -0500] "POST /kwsrmcab/Wsrmcab  HTTP/1.1" 200 40655
185.215.113.5 - - [08/Nov/2022:00:25:35 -0500] "GET /BLA/resoluciones/RESOLUCIONES%202007/RES%202007%20701%20AL%20800'/RESOLUCION%200705%20DE%202007.pdf HTTP/1.1" 404 1018
184.105.247.214 - - [08/Nov/2022:00:28:01 -0500] "GET / HTTP/1.1" 200 319
172.22.2.4 - - [08/Nov/2022:00:27:41 -0500] "GET /BLA/boletinlegal/ HTTP/1.1" 200 32715
216.245.221.92 - - [08/Nov/2022:00:28:48 -0500] "HEAD / HTTP/1.1" 200 -
172.22.2.4 - - [08/Nov/2022:00:27:53 -0500] "HEAD /BLA/boletinlegal/ HTTP/1.1" 200 -
172.22.2.4 - - [08/Nov/2022:00:28:43 -0500] "GET /BLA/boletinlegal/ HTTP/1.1" 200 57725
201.245.192.253 - - [08/Nov/2022:00:30:32 -0500] "POST /kwsrmcab/Wsrmcab  HTTP/1.1" 200 40655
201.245.192.253 - - [08/Nov/2022:00:31:00 -0500] "POST /kwsrmcab/Wsrmcab HTTP/1.1" 200 43522
201.245.192.253 - - [08/Nov/2022:00:31:04 -0500] "POST /kwsrmcab/Wsrmcab HTTP/1.1" 200 41914
184.105.247.218 - - [08/Nov/2022:00:33:47 -0500] "GET /favicon.ico HTTP/1.1" 200 7782
216.245.221.92 - - [08/Nov/2022:00:33:48 -0500] "HEAD / HTTP/1.1" 200 -
172.22.2.4 - - [08/Nov/2022:00:33:43 -0500] "HEAD /BLA/boletinlegal/ HTTP/1.1" 200 -
201.245.192.253 - - [08/Nov/2022:00:35:31 -0500] "POST /kwsrmcab/Wsrmcab  HTTP/1.1" 200 40655
172.22.2.4 - - [08/Nov/2022:00:34:33 -0500] "GET /BLA/boletinlegal/ HTTP/1.1" 200 57725
216.245.221.92 - - [08/Nov/2022:00:38:48 -0500] "HEAD / HTTP/1.1" 200 -
201.245.192.253 - - [08/Nov/2022:00:40:30 -0500] "POST /kwsrmcab/Wsrmcab  HTTP/1.1" 200 40655
201.245.192.253 - - [08/Nov/2022:00:41:00 -0500] "POST /kwsrmcab/Wsrmcab HTTP/1.1" 200 43522
201.245.192.253 - - [08/Nov/2022:00:41:03 -0500] "POST /kwsrmcab/Wsrmcab HTTP/1.1" 200 41914
172.22.2.4 - - [08/Nov/2022:00:39:33 -0500] "HEAD /BLA/boletinlegal/ HTTP/1.1" 200 -
20.29.110.170 - - [08/Nov/2022:00:41:55 -0500] "GET /galeria/nivo-slider/demo/images/bannerclases2021.jpg HTTP/1.1" 200 68230
172.22.2.4 - - [08/Nov/2022:00:40:23 -0500] "GET /BLA/boletinlegal/ HTTP/1.1" 200 58163
193.142.146.35 - - [08/Nov/2022:00:43:43 -0500] "GET / HTTP/1.1" 200 319
193.142.146.35 - - [08/Nov/2022:00:43:43 -0500] "POST /HNAP1/ HTTP/1.1" 404 1018
216.245.221.92 - - [08/Nov/2022:00:43:48 -0500] "HEAD / HTTP/1.1" 200 -
23.251.102.82 - - [08/Nov/2022:00:44:51 -0500] "GET / HTTP/1.1" 200 319
40.122.227.200 - - [08/Nov/2022:00:45:13 -0500] "GET /galeria/galeria/fotos/Humedal-techo3P.jpg HTTP/1.1" 200 8516
201.245.192.253 - - [08/Nov/2022:00:45:30 -0500] "POST /kwsrmcab/Wsrmcab  HTTP/1.1" 200 40655
172.22.2.4 - - [08/Nov/2022:00:45:23 -0500] "HEAD /BLA/boletinlegal/ HTTP/1.1" 200 -
199.16.157.182 - - [08/Nov/2022:00:47:19 -0500] "GET /images/Simulacro%2001%20SDA.jpeg HTTP/1.1" 200 60190
199.16.157.180 - - [08/Nov/2022:00:47:19 -0500] "GET /porque-tu-vida-vale-haz-parte-del-simulacro-distrital-de-evacuacion-este-4-de-octubre.html HTTP/1.1" 200 810
199.16.157.180 - - [08/Nov/2022:00:47:20 -0500] "GET /images/Mujeres%20que%20reverdecen%201%20sept.jpeg HTTP/1.1" 200 134076
172.22.2.4 - - [08/Nov/2022:00:46:13 -0500] "GET /BLA/boletinlegal/ HTTP/1.1" 200 59828
216.245.221.92 - - [08/Nov/2022:00:48:48 -0500] "HEAD / HTTP/1.1" 200 -
201.245.192.253 - - [08/Nov/2022:00:50:29 -0500] "POST /kwsrmcab/Wsrmcab  HTTP/1.1" 200 40655
17.121.114.121 - - [08/Nov/2022:00:52:31 -0500] "-" 408 -
172.22.2.4 - - [08/Nov/2022:00:51:13 -0500] "HEAD /BLA/boletinlegal/ HTTP/1.1" 200 -
200.91.245.98 - - [08/Nov/2022:00:53:16 -0500] "GET /BLA/resoluciones/AUTOS%202014/0473.pdf HTTP/1.1" 200 4511562
200.91.245.98 - - [08/Nov/2022:00:53:17 -0500] "GET /BLA/resoluciones/AUTOS%202014/0473.pdf HTTP/1.1" 206 1023
200.91.245.98 - - [08/Nov/2022:00:53:17 -0500] "GET /BLA/resoluciones/AUTOS%202014/0473.pdf HTTP/1.1" 416 314
200.91.245.98 - - [08/Nov/2022:00:53:17 -0500] "GET /BLA/resoluciones/AUTOS%202014/0473.pdf HTTP/1.1" 206 749935
200.91.245.98 - - [08/Nov/2022:00:53:18 -0500] "GET /BLA/resoluciones/AUTOS%202014/0473.pdf HTTP/1.1" 206 2212662
94.102.61.10 - - [08/Nov/2022:00:53:28 -0500] "GET /portaldeninos/ HTTP/1.1" 200 110197
172.22.2.4 - - [08/Nov/2022:00:52:03 -0500] "GET /BLA/boletinlegal/ HTTP/1.1" 200 56014
216.245.221.92 - - [08/Nov/2022:00:53:48 -0500] "HEAD / HTTP/1.1" 200 -
201.245.192.253 - - [08/Nov/2022:00:55:27 -0500] "POST /kwsrmcab/Wsrmcab  HTTP/1.1" 200 40655
172.22.2.4 - - [08/Nov/2022:00:57:03 -0500] "HEAD /BLA/boletinlegal/ HTTP/1.1" 200 -
216.245.221.92 - - [08/Nov/2022:00:58:48 -0500] "HEAD / HTTP/1.1" 200 -
172.22.2.4 - - [08/Nov/2022:00:57:53 -0500] "GET /BLA/boletinlegal/ HTTP/1.1" 200 57375
200.91.245.98 - - [08/Nov/2022:00:59:47 -0500] "GET /BLA/resoluciones/ HTTP/1.1" 200 13093
200.91.245.98 - - [08/Nov/2022:00:59:50 -0500] "GET /BLA/resoluciones/index.php?dir=AUTOS+2018%2F HTTP/1.1" 200 438883
81.161.229.20 - - [08/Nov/2022:00:59:41 -0500] "GET / HTTP/1.1" 200 319
81.161.229.20 - - [08/Nov/2022:00:59:57 -0500] "GET / HTTP/1.1" 200 319
81.161.229.20 - - [08/Nov/2022:01:00:13 -0500] "GET /feed/ HTTP/1.1" 404 1018
201.245.192.253 - - [08/Nov/2022:01:00:27 -0500] "POST /kwsrmcab/Wsrmcab  HTTP/1.1" 200 40655
200.91.245.98 - - [08/Nov/2022:01:00:42 -0500] "GET /BLA/resoluciones/AUTOS%202018/0485.pdf HTTP/1.1" 200 345993
81.161.229.20 - - [08/Nov/2022:01:00:28 -0500] "GET /xmlrpc.php?rsd HTTP/1.1" 404 1018
200.91.245.98 - - [08/Nov/2022:01:00:51 -0500] "GET /BLA/resoluciones/AUTOS%202018/0489.pdf HTTP/1.1" 200 339169
200.91.245.98 - - [08/Nov/2022:01:00:58 -0500] "GET /BLA/resoluciones/AUTOS%202018/1168.PDF HTTP/1.1" 200 7141786
81.161.229.20 - - [08/Nov/2022:01:00:44 -0500] "GET /blog/wp-includes/wlwmanifest.xml HTTP/1.1" 404 1018
81.161.229.20 - - [08/Nov/2022:01:01:00 -0500] "GET /web/wp-includes/wlwmanifest.xml HTTP/1.1" 404 1018
81.161.229.20 - - [08/Nov/2022:01:01:16 -0500] "GET /wordpress/wp-includes/wlwmanifest.xml HTTP/1.1" 404 1018
81.161.229.20 - - [08/Nov/2022:01:01:32 -0500] "GET /wp/wp-includes/wlwmanifest.xml HTTP/1.1" 404 1018
81.161.229.20 - - [08/Nov/2022:01:01:48 -0500] "GET /2020/wp-includes/wlwmanifest.xml HTTP/1.1" 404 1018
81.161.229.20 - - [08/Nov/2022:01:02:04 -0500] "GET /2019/wp-includes/wlwmanifest.xml HTTP/1.1" 404 1018
81.161.229.20 - - [08/Nov/2022:01:02:20 -0500] "GET /2021/wp-includes/wlwmanifest.xml HTTP/1.1" 404 1018
81.161.229.20 - - [08/Nov/2022:01:02:36 -0500] "GET /shop/wp-includes/wlwmanifest.xml HTTP/1.1" 404 1018
81.161.229.20 - - [08/Nov/2022:01:02:51 -0500] "GET /wp1/wp-includes/wlwmanifest.xml HTTP/1.1" 404 1018
81.161.229.20 - - [08/Nov/2022:01:03:07 -0500] "GET /test/wp-includes/wlwmanifest.xml HTTP/1.1" 404 1018
81.161.229.20 - - [08/Nov/2022:01:03:23 -0500] "GET /site/wp-includes/wlwmanifest.xml HTTP/1.1" 404 1018
81.161.229.20 - - [08/Nov/2022:01:03:39 -0500] "GET /cms/wp-includes/wlwmanifest.xml HTTP/1.1" 404 1018
172.22.2.4 - - [08/Nov/2022:01:02:53 -0500] "HEAD /BLA/boletinlegal/ HTTP/1.1" 200 -
172.22.2.4 - - [08/Nov/2022:01:03:43 -0500] "GET /BLA/boletinlegal/ HTTP/1.1" 200 58163
201.245.192.253 - - [08/Nov/2022:01:05:25 -0500] "POST /kwsrmcab/Wsrmcab  HTTP/1.1" 200 40655
207.46.13.131 - - [08/Nov/2022:01:05:35 -0500] "GET / HTTP/1.1" 200 319
40.77.167.3 - - [08/Nov/2022:01:07:27 -0500] "GET /Publicaciones/2022EE88317.pdf HTTP/1.1" 404 227
172.22.2.4 - - [08/Nov/2022:01:09:02 -0500] "GET /BLA/boletinlegal/images/subscribe-icon-big.png HTTP/1.1" 200 47702
172.22.2.4 - - [08/Nov/2022:01:08:43 -0500] "HEAD /BLA/boletinlegal/ HTTP/1.1" 200 -
201.245.192.253 - - [08/Nov/2022:01:10:23 -0500] "POST /kwsrmcab/Wsrmcab  HTTP/1.1" 200 40655
172.22.2.4 - - [08/Nov/2022:01:09:33 -0500] "GET /BLA/boletinlegal/ HTTP/1.1" 200 59828
66.249.73.127 - - [08/Nov/2022:01:13:38 -0500] "-" 408 -
216.245.221.92 - - [08/Nov/2022:01:13:48 -0500] "HEAD / HTTP/1.1" 200 -
172.22.2.4 - - [08/Nov/2022:01:13:26 -0500] "GET /BLA/boletinlegal/ HTTP/1.1" 200 62772
201.245.192.253 - - [08/Nov/2022:01:15:22 -0500] "POST /kwsrmcab/Wsrmcab  HTTP/1.1" 200 40655
216.245.221.92 - - [08/Nov/2022:01:18:48 -0500] "HEAD / HTTP/1.1" 200 -
152.61.128.50 - - [08/Nov/2022:01:19:22 -0500] "GET / HTTP/1.1" 200 319
82.160.24.71 - - [08/Nov/2022:01:20:17 -0500] "GET / HTTP/1.1" 200 319
201.245.192.253 - - [08/Nov/2022:01:20:21 -0500] "POST /kwsrmcab/Wsrmcab  HTTP/1.1" 200 40655
201.245.192.253 - - [08/Nov/2022:01:21:00 -0500] "POST /kwsrmcab/Wsrmcab HTTP/1.1" 200 43176
201.245.192.253 - - [08/Nov/2022:01:21:02 -0500] "POST /kwsrmcab/Wsrmcab HTTP/1.1" 200 41743
216.245.221.92 - - [08/Nov/2022:01:23:48 -0500] "HEAD / HTTP/1.1" 200 -
201.245.192.253 - - [08/Nov/2022:01:25:20 -0500] "POST /kwsrmcab/Wsrmcab  HTTP/1.1" 200 40655
172.22.2.4 - - [08/Nov/2022:01:24:33 -0500] "HEAD /BLA/boletinlegal/ HTTP/1.1" 200 -
172.22.2.4 - - [08/Nov/2022:01:25:23 -0500] "GET /BLA/boletinlegal/ HTTP/1.1" 200 58163
216.245.221.92 - - [08/Nov/2022:01:28:48 -0500] "HEAD / HTTP/1.1" 200 -
201.245.192.253 - - [08/Nov/2022:01:30:19 -0500] "POST /kwsrmcab/Wsrmcab  HTTP/1.1" 200 40655
201.245.192.253 - - [08/Nov/2022:01:31:00 -0500] "POST /kwsrmcab/Wsrmcab HTTP/1.1" 200 43176
201.245.192.253 - - [08/Nov/2022:01:31:04 -0500] "POST /kwsrmcab/Wsrmcab HTTP/1.1" 200 41743
185.119.81.100 - - [08/Nov/2022:01:31:58 -0500] "GET /portaldeninos/wp-login.php HTTP/1.1" 200 2592
185.119.81.100 - - [08/Nov/2022:01:31:59 -0500] "POST /portaldeninos/wp-login.php HTTP/1.1" 200 3650
152.89.196.211 - - [08/Nov/2022:01:33:53 -0500] "GET /_ignition/execute-solution HTTP/1.1" 404 1018
77.88.5.232 - - [08/Nov/2022:01:33:57 -0500] "-" 408 -
93.158.161.5 - - [08/Nov/2022:01:34:02 -0500] "-" 408 -
77.88.5.47 - - [08/Nov/2022:01:34:08 -0500] "-" 408 -
93.158.161.54 - - [08/Nov/2022:01:34:13 -0500] "-" 408 -
77.88.5.34 - - [08/Nov/2022:01:34:28 -0500] "-" 408 -
93.158.161.56 - - [08/Nov/2022:01:34:43 -0500] "-" 408 -
77.88.5.85 - - [08/Nov/2022:01:35:13 -0500] "-" 408 -
201.245.192.253 - - [08/Nov/2022:01:35:19 -0500] "POST /kwsrmcab/Wsrmcab  HTTP/1.1" 200 40655
93.158.161.58 - - [08/Nov/2022:01:36:13 -0500] "-" 408 -
172.22.2.4 - - [08/Nov/2022:01:34:38 -0500] "HEAD /BLA/boletinlegal/ HTTP/1.1" 200 -
157.55.39.53 - - [08/Nov/2022:01:37:00 -0500] "GET /BLA/boletinlegal/documentos-importantes.php HTTP/1.1" 200 4829
172.22.2.4 - - [08/Nov/2022:01:35:29 -0500] "GET /BLA/boletinlegal/ HTTP/1.1" 200 59828
93.158.161.76 - - [08/Nov/2022:01:37:13 -0500] "-" 408 -
40.77.51.86 - - [08/Nov/2022:01:38:08 -0500] "GET /galeria/nivo-slider/demo/images/bannerrendiciondecuentasalcaldia2-01.jpg HTTP/1.1" 200 147275
92.118.39.78 - - [08/Nov/2022:01:39:03 -0500] "GET / HTTP/1.1" 200 319
216.245.221.92 - - [08/Nov/2022:01:39:17 -0500] "HEAD / HTTP/1.1" 200 -
77.88.5.165 - - [08/Nov/2022:01:40:16 -0500] "-" 408 -
201.245.192.253 - - [08/Nov/2022:01:40:18 -0500] "POST /kwsrmcab/Wsrmcab  HTTP/1.1" 200 40655
201.245.192.253 - - [08/Nov/2022:01:41:00 -0500] "POST /kwsrmcab/Wsrmcab HTTP/1.1" 200 43176
201.245.192.253 - - [08/Nov/2022:01:41:03 -0500] "POST /kwsrmcab/Wsrmcab HTTP/1.1" 200 41743
172.22.2.4 - - [08/Nov/2022:01:40:28 -0500] "HEAD /BLA/boletinlegal/ HTTP/1.1" 200 -
172.22.2.4 - - [08/Nov/2022:01:41:18 -0500] "GET /BLA/boletinlegal/ HTTP/1.1" 200 58163
216.245.221.92 - - [08/Nov/2022:01:44:17 -0500] "HEAD / HTTP/1.1" 200 -
201.245.192.253 - - [08/Nov/2022:01:45:17 -0500] "POST /kwsrmcab/Wsrmcab  HTTP/1.1" 200 40655
165.1.173.22 - - [08/Nov/2022:01:46:26 -0500] "GET /catalogoisis/Css/Busqueda.css HTTP/1.1" 200 1995
165.1.173.22 - - [08/Nov/2022:01:46:26 -0500] "GET /catalogoisis/Js/CriterioCombinada.js HTTP/1.1" 200 1843
165.1.173.22 - - [08/Nov/2022:01:46:26 -0500] "GET /catalogoisis/Js/Cookies.js HTTP/1.1" 200 1369
165.1.173.22 - - [08/Nov/2022:01:46:26 -0500] "GET /catalogoisis/Js/AceptarLimpiar.js HTTP/1.1" 200 331
165.1.173.22 - - [08/Nov/2022:01:46:26 -0500] "GET /catalogoisis/Js/LimpiarCombinada.js HTTP/1.1" 200 207
165.1.173.22 - - [08/Nov/2022:01:46:26 -0500] "GET /catalogoisis/Js/Remote.js HTTP/1.1" 200 436
165.1.173.22 - - [08/Nov/2022:01:46:26 -0500] "GET /catalogoisis/Js/Enter.js HTTP/1.1" 200 1208
165.1.173.22 - - [08/Nov/2022:01:46:26 -0500] "GET /catalogoisis/Js/Go.js HTTP/1.1" 200 364
165.1.173.22 - - [08/Nov/2022:01:46:26 -0500] "GET /catalogoisis/Js/Numero.js HTTP/1.1" 200 398
165.1.173.22 - - [08/Nov/2022:01:46:22 -0500] "GET /catalogoisis/ HTTP/1.1" 200 8575
165.1.173.22 - - [08/Nov/2022:01:46:26 -0500] "GET /catalogoisis/imagenes/br1c1.gif HTTP/1.1" 200 172
165.1.173.22 - - [08/Nov/2022:01:46:26 -0500] "GET /catalogoisis/imagenes/Turnbo1.gif HTTP/1.1" 200 227
165.1.173.22 - - [08/Nov/2022:01:46:26 -0500] "GET /catalogoisis/imagenes/br1c3.gif HTTP/1.1" 200 302
165.1.173.22 - - [08/Nov/2022:01:46:26 -0500] "GET /catalogoisis/imagenes/aceptar1.gif HTTP/1.1" 200 604
165.1.173.22 - - [08/Nov/2022:01:46:26 -0500] "GET /catalogoisis/imagenes/br2c1.gif HTTP/1.1" 200 297
165.1.173.22 - - [08/Nov/2022:01:46:26 -0500] "GET /catalogoisis/imagenes/br1c2.gif HTTP/1.1" 200 297
165.1.173.22 - - [08/Nov/2022:01:46:26 -0500] "GET /catalogoisis/imagenes/br2c2.gif HTTP/1.1" 200 302
165.1.173.22 - - [08/Nov/2022:01:46:26 -0500] "GET /catalogoisis/imagenes/br3c2.gif HTTP/1.1" 200 285
165.1.173.22 - - [08/Nov/2022:01:46:26 -0500] "GET /catalogoisis/imagenes/br2c3.gif HTTP/1.1" 200 416
165.1.173.22 - - [08/Nov/2022:01:46:26 -0500] "GET /catalogoisis/imagenes/br3c1.gif HTTP/1.1" 200 177
165.1.173.22 - - [08/Nov/2022:01:46:26 -0500] "GET /catalogoisis/imagenes/Header.gif HTTP/1.1" 200 30313
165.1.173.22 - - [08/Nov/2022:01:46:26 -0500] "GET /catalogoisis/imagenes/br3c3.gif HTTP/1.1" 200 186
165.1.173.22 - - [08/Nov/2022:01:46:26 -0500] "GET /catalogoisis/imagenes/limpiar1.gif HTTP/1.1" 200 606
165.1.173.22 - - [08/Nov/2022:01:46:27 -0500] "GET /favicon.ico HTTP/1.1" 200 7782
205.169.39.63 - - [08/Nov/2022:01:46:36 -0500] "GET /catalogoisis HTTP/1.1" 404 1018
172.22.2.4 - - [08/Nov/2022:01:46:18 -0500] "HEAD /BLA/boletinlegal/ HTTP/1.1" 200 -
172.22.2.4 - - [08/Nov/2022:01:47:08 -0500] "GET /BLA/boletinlegal/ HTTP/1.1" 200 57725
69.63.184.2 - - [08/Nov/2022:01:48:51 -0500] "GET /images/Reciclaton%20Nov%202022%20(1)%20(1).jpeg HTTP/1.1" 200 53811
216.245.221.92 - - [08/Nov/2022:01:49:17 -0500] "HEAD / HTTP/1.1" 200 -
201.245.192.253 - - [08/Nov/2022:01:50:16 -0500] "POST /kwsrmcab/Wsrmcab  HTTP/1.1" 200 40655
40.86.101.254 - - [08/Nov/2022:01:52:01 -0500] "GET /galeria/galeria/fotos/1CaminataP3.jpg HTTP/1.1" 200 39797
77.88.5.126 - - [08/Nov/2022:01:52:11 -0500] "-" 408 -
172.22.2.4 - - [08/Nov/2022:01:52:08 -0500] "HEAD /BLA/boletinlegal/ HTTP/1.1" 200 -
216.245.221.92 - - [08/Nov/2022:01:54:17 -0500] "HEAD / HTTP/1.1" 200 -
172.22.2.4 - - [08/Nov/2022:01:52:58 -0500] "GET /BLA/boletinlegal/ HTTP/1.1" 200 59828
201.245.192.253 - - [08/Nov/2022:01:55:15 -0500] "POST /kwsrmcab/Wsrmcab  HTTP/1.1" 200 40655
77.88.5.221 - - [08/Nov/2022:01:57:11 -0500] "-" 408 -
201.245.192.253 - - [08/Nov/2022:02:00:14 -0500] "POST /kwsrmcab/Wsrmcab  HTTP/1.1" 200 40655
172.22.2.4 - - [08/Nov/2022:02:04:54 -0500] "GET /BLA/boletinlegal/Circulares/2013/Circular%20No.%207%20del%201%20de%20Agosto%20de%202013.pdf HTTP/1.1" 304 -
201.245.192.253 - - [08/Nov/2022:02:05:13 -0500] "POST /kwsrmcab/Wsrmcab  HTTP/1.1" 200 40655
216.245.221.92 - - [08/Nov/2022:02:08:23 -0500] "HEAD / HTTP/1.1" 200 -
152.61.128.50 - - [08/Nov/2022:02:09:09 -0500] "GET /arcgis/services/Calidad_del_Agua_WQI/MapServer/WMSServer?request=GetCapabilities&service=WMS HTTP/1.1" 503 1020
152.61.128.50 - - [08/Nov/2022:02:09:10 -0500] "GET /arcgis/services/Calidad_del_Agua_WQI/MapServer/WMSServer?SERVICE=WMS&REQUEST=GetCapabilities HTTP/1.1" 503 1020
152.61.128.50 - - [08/Nov/2022:02:09:11 -0500] "GET /arcgis/services/Calidad_del_Agua_WQI/MapServer/WMSServer?WMTVER=1.0.0&REQUEST=capabilities HTTP/1.1" 503 1020
201.245.192.253 - - [08/Nov/2022:02:10:11 -0500] "POST /kwsrmcab/Wsrmcab  HTTP/1.1" 200 40655
172.22.2.4 - - [08/Nov/2022:02:08:49 -0500] "HEAD /BLA/boletinlegal/ HTTP/1.1" 200 -
216.218.206.118 - - [08/Nov/2022:02:10:43 -0500] "GET /favicon.ico HTTP/1.1" 200 7782
172.22.2.4 - - [08/Nov/2022:02:09:40 -0500] "GET /BLA/boletinlegal/ HTTP/1.1" 200 56732
216.245.221.92 - - [08/Nov/2022:02:13:23 -0500] "HEAD / HTTP/1.1" 200 -
201.245.192.253 - - [08/Nov/2022:02:15:11 -0500] "POST /kwsrmcab/Wsrmcab  HTTP/1.1" 200 40655
172.22.2.4 - - [08/Nov/2022:02:14:39 -0500] "HEAD /BLA/boletinlegal/ HTTP/1.1" 200 -
172.22.2.4 - - [08/Nov/2022:02:15:29 -0500] "GET /BLA/boletinlegal/ HTTP/1.1" 200 50799
172.22.2.4 - - [08/Nov/2022:02:16:06 -0500] "GET /BLA/boletinlegal/ HTTP/1.1" 200 54823
216.245.221.92 - - [08/Nov/2022:02:18:23 -0500] "HEAD / HTTP/1.1" 200 -
201.245.192.253 - - [08/Nov/2022:02:20:10 -0500] "POST /kwsrmcab/Wsrmcab  HTTP/1.1" 200 40655
201.245.192.253 - - [08/Nov/2022:02:21:00 -0500] "POST /kwsrmcab/Wsrmcab HTTP/1.1" 200 43509
201.245.192.253 - - [08/Nov/2022:02:21:02 -0500] "POST /kwsrmcab/Wsrmcab HTTP/1.1" 200 41917
172.22.2.4 - - [08/Nov/2022:02:20:29 -0500] "HEAD /BLA/boletinlegal/ HTTP/1.1" 200 -
172.22.2.4 - - [08/Nov/2022:02:21:19 -0500] "GET /BLA/boletinlegal/ HTTP/1.1" 200 57725
216.245.221.92 - - [08/Nov/2022:02:23:23 -0500] "HEAD / HTTP/1.1" 200 -
201.245.192.253 - - [08/Nov/2022:02:25:08 -0500] "POST /kwsrmcab/Wsrmcab  HTTP/1.1" 200 40655
199.16.157.182 - - [08/Nov/2022:02:27:14 -0500] "-" 408 -
199.16.157.180 - - [08/Nov/2022:02:27:15 -0500] "-" 408 -
199.16.157.180 - - [08/Nov/2022:02:27:15 -0500] "-" 408 -
216.245.221.92 - - [08/Nov/2022:02:28:23 -0500] "HEAD / HTTP/1.1" 200 -
201.245.192.253 - - [08/Nov/2022:02:30:07 -0500] "POST /kwsrmcab/Wsrmcab  HTTP/1.1" 200 40655
201.245.192.253 - - [08/Nov/2022:02:31:00 -0500] "POST /kwsrmcab/Wsrmcab HTTP/1.1" 200 43509
201.245.192.253 - - [08/Nov/2022:02:31:03 -0500] "POST /kwsrmcab/Wsrmcab HTTP/1.1" 200 41917
40.77.167.57 - - [08/Nov/2022:02:32:18 -0500] "GET / HTTP/1.1" 200 319
216.245.221.92 - - [08/Nov/2022:02:33:22 -0500] "HEAD / HTTP/1.1" 200 -
201.245.192.253 - - [08/Nov/2022:02:35:05 -0500] "POST /kwsrmcab/Wsrmcab  HTTP/1.1" 200 40655
20.29.110.170 - - [08/Nov/2022:02:35:34 -0500] "GET /images/INTRANET.jpg HTTP/1.1" 200 37297
66.249.73.97 - - [08/Nov/2022:02:36:11 -0500] "-" 408 -
172.22.2.4 - - [08/Nov/2022:02:36:19 -0500] "HEAD /BLA/boletinlegal/ HTTP/1.1" 200 -
216.245.221.92 - - [08/Nov/2022:02:38:23 -0500] "HEAD / HTTP/1.1" 200 -
172.22.2.4 - - [08/Nov/2022:02:37:09 -0500] "GET /BLA/boletinlegal/ HTTP/1.1" 200 57375
201.245.192.253 - - [08/Nov/2022:02:40:04 -0500] "POST /kwsrmcab/Wsrmcab  HTTP/1.1" 200 40655
201.245.192.253 - - [08/Nov/2022:02:41:00 -0500] "POST /kwsrmcab/Wsrmcab HTTP/1.1" 200 43509
201.245.192.253 - - [08/Nov/2022:02:41:03 -0500] "POST /kwsrmcab/Wsrmcab HTTP/1.1" 200 41917
40.77.167.3 - - [08/Nov/2022:02:42:27 -0500] "GET /BLA/resoluciones/AUTOS%202014/1407.pdf HTTP/1.1" 304 -
216.245.221.92 - - [08/Nov/2022:02:43:23 -0500] "HEAD / HTTP/1.1" 200 -
172.22.2.4 - - [08/Nov/2022:02:42:09 -0500] "HEAD /BLA/boletinlegal/ HTTP/1.1" 200 -
172.22.2.4 - - [08/Nov/2022:02:42:59 -0500] "GET /BLA/boletinlegal/ HTTP/1.1" 200 51993
40.77.167.57 - - [08/Nov/2022:02:43:20 -0500] "GET /bla/boletinlegal/index.php/js/jquery.scrollto-min.js HTTP/1.1" 200 53640
201.245.192.253 - - [08/Nov/2022:02:45:04 -0500] "POST /kwsrmcab/Wsrmcab  HTTP/1.1" 200 40655
40.86.101.166 - - [08/Nov/2022:02:46:33 -0500] "GET /portaldeninos/wp-content/uploads/2019/09/Magnolio-%C3%A1rboles.jpg HTTP/1.1" 200 252375
85.31.46.211 - - [08/Nov/2022:02:46:28 -0500] "POST /boaform/admin/formLogin HTTP/1.1" 404 1186
173.252.127.16 - - [08/Nov/2022:02:48:12 -0500] "GET /images/Reciclaton%20Nov%202022%20(1)%20(1).jpeg HTTP/1.1" 200 53811
216.245.221.92 - - [08/Nov/2022:02:48:23 -0500] "HEAD / HTTP/1.1" 200 -
172.22.2.4 - - [08/Nov/2022:02:47:59 -0500] "HEAD /BLA/boletinlegal/ HTTP/1.1" 200 -
201.245.192.253 - - [08/Nov/2022:02:50:02 -0500] "POST /kwsrmcab/Wsrmcab  HTTP/1.1" 200 40655
172.22.2.4 - - [08/Nov/2022:02:48:49 -0500] "GET /BLA/boletinlegal/ HTTP/1.1" 200 59828
40.77.167.46 - - [08/Nov/2022:02:51:20 -0500] "GET /BLA/resoluciones/RESOLUCIONES%202019/3307.pdf HTTP/1.1" 200 432125
216.245.221.92 - - [08/Nov/2022:02:53:22 -0500] "HEAD / HTTP/1.1" 200 -
207.46.13.11 - - [08/Nov/2022:02:53:49 -0500] "GET /sipse/faces/javax.faces.resource/primefaces.js;jsessionid=+cycj4dihqvz+yacp56vqjta.undefined?ln=primefaces&v=4.0 HTTP/1.1" 200 276924
45.33.80.237 - - [08/Nov/2022:02:53:53 -0500] "GET /galeria/galeria/jquery.fancybox.js?v=2.1.5 HTTP/1.1" 200 48706
45.33.80.237 - - [08/Nov/2022:02:53:53 -0500] "GET /BLA/boletinlegal/js/jquery.scrollShow.js HTTP/1.1" 200 4586
45.33.80.237 - - [08/Nov/2022:02:53:53 -0500] "GET /galeria/galeria/jquery.fancybox.css?v=2.1.5 HTTP/1.1" 200 4895
201.245.192.253 - - [08/Nov/2022:02:55:02 -0500] "POST /kwsrmcab/Wsrmcab  HTTP/1.1" 200 40655
172.22.2.4 - - [08/Nov/2022:02:53:49 -0500] "HEAD /BLA/boletinlegal/ HTTP/1.1" 200 -
172.22.2.4 - - [08/Nov/2022:02:54:39 -0500] "GET /BLA/boletinlegal/ HTTP/1.1" 200 58575
216.245.221.92 - - [08/Nov/2022:02:58:22 -0500] "HEAD / HTTP/1.1" 200 -
201.245.192.253 - - [08/Nov/2022:03:00:01 -0500] "POST /kwsrmcab/Wsrmcab  HTTP/1.1" 200 40655
172.22.2.4 - - [08/Nov/2022:02:59:39 -0500] "HEAD /BLA/boletinlegal/ HTTP/1.1" 200 -
157.55.39.190 - - [08/Nov/2022:03:01:29 -0500] "GET /sipse/faces/javax.faces.resource/jquery/jquery-plugins.js;jsessionid=+cycj4dihqvz+yacp56vqjta.undefined?ln=primefaces&v=4.0 HTTP/1.1" 200 220526
5.45.207.91 - - [08/Nov/2022:03:01:43 -0500] "-" 408 -
5.255.231.131 - - [08/Nov/2022:03:01:48 -0500] "-" 408 -
5.255.231.245 - - [08/Nov/2022:03:01:53 -0500] "-" 408 -
87.250.224.140 - - [08/Nov/2022:03:01:58 -0500] "-" 408 -
172.22.2.4 - - [08/Nov/2022:03:00:29 -0500] "GET /BLA/boletinlegal/ HTTP/1.1" 200 47210
172.22.2.4 - - [08/Nov/2022:03:01:11 -0500] "GET /BLA/boletinlegal/ HTTP/1.1" 200 32715
216.245.221.92 - - [08/Nov/2022:03:03:22 -0500] "HEAD / HTTP/1.1" 200 -
201.245.192.253 - - [08/Nov/2022:03:05:00 -0500] "POST /kwsrmcab/Wsrmcab  HTTP/1.1" 200 40655
114.119.143.14 - - [08/Nov/2022:03:05:07 -0500] "-" 408 -
172.22.2.4 - - [08/Nov/2022:03:05:28 -0500] "HEAD /BLA/boletinlegal/ HTTP/1.1" 200 -
172.22.2.4 - - [08/Nov/2022:03:06:19 -0500] "GET /BLA/boletinlegal/ HTTP/1.1" 200 57375
216.245.221.92 - - [08/Nov/2022:03:08:22 -0500] "HEAD / HTTP/1.1" 200 -
103.43.19.20 - - [08/Nov/2022:03:09:02 -0500] "GET / HTTP/1.1" 200 319
201.245.192.253 - - [08/Nov/2022:03:09:59 -0500] "POST /kwsrmcab/Wsrmcab  HTTP/1.1" 200 40655
172.22.2.4 - - [08/Nov/2022:03:11:19 -0500] "HEAD /BLA/boletinlegal/ HTTP/1.1" 200 -
216.245.221.92 - - [08/Nov/2022:03:13:22 -0500] "HEAD / HTTP/1.1" 200 -
172.22.2.4 - - [08/Nov/2022:03:12:09 -0500] "GET /BLA/boletinlegal/ HTTP/1.1" 200 57725
201.245.192.253 - - [08/Nov/2022:03:14:58 -0500] "POST /kwsrmcab/Wsrmcab  HTTP/1.1" 200 40655
172.22.2.4 - - [08/Nov/2022:03:14:51 -0500] "GET /BLA/boletinlegal/ HTTP/1.1" 200 62772
207.46.13.237 - - [08/Nov/2022:03:16:39 -0500] "-" 408 -
69.63.184.2 - - [08/Nov/2022:03:18:21 -0500] "GET /primer-festival-de-la-papa-nativa-en-el-jardin-botanico-conozca-pruebe-y-disfrute-estos-manjares-criollos-y-saludables.html HTTP/1.1" 206 1116
216.245.221.92 - - [08/Nov/2022:03:18:22 -0500] "HEAD / HTTP/1.1" 200 -
172.22.2.4 - - [08/Nov/2022:03:17:08 -0500] "HEAD /BLA/boletinlegal/ HTTP/1.1" 200 -
172.22.2.4 - - [08/Nov/2022:03:17:59 -0500] "GET /BLA/boletinlegal/ HTTP/1.1" 200 59828
201.245.192.253 - - [08/Nov/2022:03:19:56 -0500] "POST /kwsrmcab/Wsrmcab  HTTP/1.1" 200 40655
201.245.192.253 - - [08/Nov/2022:03:20:59 -0500] "POST /kwsrmcab/Wsrmcab HTTP/1.1" 200 43488
201.245.192.253 - - [08/Nov/2022:03:21:02 -0500] "POST /kwsrmcab/Wsrmcab HTTP/1.1" 200 41912
216.245.221.92 - - [08/Nov/2022:03:23:22 -0500] "HEAD / HTTP/1.1" 200 -
172.22.2.4 - - [08/Nov/2022:03:22:58 -0500] "HEAD /BLA/boletinlegal/ HTTP/1.1" 200 -
201.245.192.253 - - [08/Nov/2022:03:24:56 -0500] "POST /kwsrmcab/Wsrmcab  HTTP/1.1" 200 40655
172.22.2.4 - - [08/Nov/2022:03:23:49 -0500] "GET /BLA/boletinlegal/ HTTP/1.1" 200 59828
216.245.221.92 - - [08/Nov/2022:03:28:22 -0500] "HEAD / HTTP/1.1" 200 -
201.245.192.253 - - [08/Nov/2022:03:29:56 -0500] "POST /kwsrmcab/Wsrmcab  HTTP/1.1" 200 40655
193.142.146.35 - - [08/Nov/2022:03:30:10 -0500] "GET / HTTP/1.1" 200 319
172.22.2.4 - - [08/Nov/2022:03:28:48 -0500] "HEAD /BLA/boletinlegal/ HTTP/1.1" 200 -
201.245.192.253 - - [08/Nov/2022:03:31:00 -0500] "POST /kwsrmcab/Wsrmcab HTTP/1.1" 200 43488
201.245.192.253 - - [08/Nov/2022:03:31:03 -0500] "POST /kwsrmcab/Wsrmcab HTTP/1.1" 200 41912
172.22.2.4 - - [08/Nov/2022:03:29:39 -0500] "GET /BLA/boletinlegal/ HTTP/1.1" 200 59828
64.124.8.25 - - [08/Nov/2022:03:32:39 -0500] "GET /BLA/boletinlegal/norma_menu.php HTTP/1.1" 200 6318
216.245.221.92 - - [08/Nov/2022:03:33:22 -0500] "HEAD / HTTP/1.1" 200 -
201.245.192.253 - - [08/Nov/2022:03:34:54 -0500] "POST /kwsrmcab/Wsrmcab  HTTP/1.1" 200 40655
172.22.2.4 - - [08/Nov/2022:03:34:38 -0500] "HEAD /BLA/boletinlegal/ HTTP/1.1" 200 -
172.22.2.4 - - [08/Nov/2022:03:35:29 -0500] "GET /BLA/boletinlegal/ HTTP/1.1" 200 57725
216.245.221.92 - - [08/Nov/2022:03:38:22 -0500] "HEAD / HTTP/1.1" 200 -
201.245.192.253 - - [08/Nov/2022:03:39:53 -0500] "POST /kwsrmcab/Wsrmcab  HTTP/1.1" 200 40655
201.245.192.253 - - [08/Nov/2022:03:40:59 -0500] "POST /kwsrmcab/Wsrmcab HTTP/1.1" 200 43488
201.245.192.253 - - [08/Nov/2022:03:41:02 -0500] "POST /kwsrmcab/Wsrmcab HTTP/1.1" 200 41912
212.129.57.169 - - [08/Nov/2022:03:41:11 -0500] "GET /reciclaton-empresarial-mas-de-34-toneladas-fueron-recibidas-en-la-segunda-jornada-del-ano.html HTTP/1.1" 200 899
212.129.57.169 - - [08/Nov/2022:03:41:11 -0500] "GET /images/Reciclaton%20Nov%202022%20(1)%20(1).jpeg HTTP/1.1" 200 53811
172.22.2.4 - - [08/Nov/2022:03:41:32 -0500] "GET /BLA/boletinlegal/admin/config.php HTTP/1.1" 200 -
173.252.107.17 - - [08/Nov/2022:03:41:40 -0500] "GET /secretaria-de-ambiente-realizo-jornada-de-sensibilizacion-y-control-al-ruido-en-varias-zonas-de-chapinero.html HTTP/1.1" 206 1060
172.22.2.4 - - [08/Nov/2022:03:40:28 -0500] "HEAD /BLA/boletinlegal/ HTTP/1.1" 200 -
172.22.2.4 - - [08/Nov/2022:03:41:19 -0500] "GET /BLA/boletinlegal/ HTTP/1.1" 200 57725
216.245.221.92 - - [08/Nov/2022:03:43:22 -0500] "HEAD / HTTP/1.1" 200 -
64.124.8.25 - - [08/Nov/2022:03:44:32 -0500] "GET /BLA/boletinlegal/ HTTP/1.1" 200 16331
201.245.192.253 - - [08/Nov/2022:03:44:53 -0500] "POST /kwsrmcab/Wsrmcab  HTTP/1.1" 200 40655
172.22.2.4 - - [08/Nov/2022:03:46:18 -0500] "HEAD /BLA/boletinlegal/ HTTP/1.1" 200 -
216.245.221.92 - - [08/Nov/2022:03:48:22 -0500] "HEAD / HTTP/1.1" 200 -
172.22.2.4 - - [08/Nov/2022:03:47:09 -0500] "GET /BLA/boletinlegal/ HTTP/1.1" 200 57375
40.77.51.86 - - [08/Nov/2022:03:49:10 -0500] "GET /portaldeninos/wp-content/uploads/2020/03/arbolitos.gif HTTP/1.1" 200 1515203
40.77.167.3 - - [08/Nov/2022:03:49:53 -0500] "GET /BLA/resoluciones/RESOLUCIONES%202009/4698.pdf HTTP/1.1" 200 326782
201.245.192.253 - - [08/Nov/2022:03:49:52 -0500] "POST /kwsrmcab/Wsrmcab  HTTP/1.1" 200 40655
152.89.196.211 - - [08/Nov/2022:03:51:15 -0500] "GET / HTTP/1.1" 200 319
172.22.2.4 - - [08/Nov/2022:03:51:25 -0500] "GET /BLA/boletinlegal/ab2g HTTP/1.1" 404 1018
172.22.2.4 - - [08/Nov/2022:03:51:25 -0500] "GET /BLA/boletinlegal/ab2h HTTP/1.1" 404 1018
40.77.167.3 - - [08/Nov/2022:03:51:42 -0500] "GET /autoliquidacion2020/ HTTP/1.1" 200 6146
172.22.2.4 - - [08/Nov/2022:03:51:29 -0500] "GET /BLA/boletinlegal/ HTTP/1.1" 200 32715
66.240.236.109 - - [08/Nov/2022:03:52:13 -0500] "GET / HTTP/1.1" 200 319
64.5.123.66 - - [08/Nov/2022:03:52:31 -0500] "GET / HTTP/1.1" 200 319
216.245.221.92 - - [08/Nov/2022:03:53:22 -0500] "HEAD / HTTP/1.1" 200 -
172.22.2.4 - - [08/Nov/2022:03:52:08 -0500] "HEAD /BLA/boletinlegal/ HTTP/1.1" 200 -
172.22.2.4 - - [08/Nov/2022:03:52:59 -0500] "GET /BLA/boletinlegal/ HTTP/1.1" 200 57725
201.245.192.253 - - [08/Nov/2022:03:54:51 -0500] "POST /kwsrmcab/Wsrmcab  HTTP/1.1" 200 40655
64.124.8.25 - - [08/Nov/2022:03:56:53 -0500] "GET /catalogoisis/ HTTP/1.1" 200 8575
216.245.221.92 - - [08/Nov/2022:03:58:22 -0500] "HEAD / HTTP/1.1" 200 -
172.22.2.4 - - [08/Nov/2022:03:57:58 -0500] "HEAD /BLA/boletinlegal/ HTTP/1.1" 200 -
201.245.192.253 - - [08/Nov/2022:03:59:50 -0500] "POST /kwsrmcab/Wsrmcab  HTTP/1.1" 200 40655
172.22.2.4 - - [08/Nov/2022:03:58:49 -0500] "GET /BLA/boletinlegal/ HTTP/1.1" 200 57375
157.55.39.190 - - [08/Nov/2022:04:01:04 -0500] "GET /Publicaciones/2022EE134705.pdf HTTP/1.1" 404 228
185.119.81.100 - - [08/Nov/2022:04:02:44 -0500] "GET /portaldeninos/wp-login.php HTTP/1.1" 200 2592
185.119.81.100 - - [08/Nov/2022:04:02:45 -0500] "POST /portaldeninos/wp-login.php HTTP/1.1" 200 3670
64.124.8.34 - - [08/Nov/2022:04:03:21 -0500] "GET /BLA/boletinlegal/notificaciones.php HTTP/1.1" 200 13431
216.245.221.92 - - [08/Nov/2022:04:03:22 -0500] "HEAD / HTTP/1.1" 200 -
172.22.2.4 - - [08/Nov/2022:04:03:27 -0500] "GET /BLA/boletinlegal/style.css HTTP/1.1" 200 9406
172.22.2.4 - - [08/Nov/2022:04:03:27 -0500] "GET /BLA/boletinlegal/styles2.css HTTP/1.1" 200 1838
172.22.2.4 - - [08/Nov/2022:04:03:27 -0500] "GET /BLA/boletinlegal/js/jquery.js HTTP/1.1" 200 57254
172.22.2.4 - - [08/Nov/2022:04:03:27 -0500] "GET /BLA/boletinlegal/js/jquery.scrollTo-min.js HTTP/1.1" 200 1150
172.22.2.4 - - [08/Nov/2022:04:03:27 -0500] "GET /BLA/boletinlegal/js/jquery.scrollShow.js HTTP/1.1" 200 4586
172.22.2.4 - - [08/Nov/2022:04:03:27 -0500] "GET /BLA/boletinlegal/images/cabezote%20BLEGAL.jpg HTTP/1.1" 200 118164
172.22.2.4 - - [08/Nov/2022:04:03:27 -0500] "GET /BLA/boletinlegal/images/subscribe-icon-big.png HTTP/1.1" 200 47702
172.22.2.4 - - [08/Nov/2022:04:03:27 -0500] "GET /BLA/boletinlegal/images/historia.png HTTP/1.1" 200 52775
172.22.2.4 - - [08/Nov/2022:04:03:27 -0500] "GET /BLA/boletinlegal/images/registro-usuarios.png HTTP/1.1" 200 8106
172.22.2.4 - - [08/Nov/2022:04:03:27 -0500] "GET /BLA/boletinlegal/images/arr_l.jpg HTTP/1.1" 200 1979
172.22.2.4 - - [08/Nov/2022:04:03:28 -0500] "GET /BLA/boletinlegal/images/hover.jpg HTTP/1.1" 200 640
172.22.2.4 - - [08/Nov/2022:04:03:28 -0500] "GET /BLA/boletinlegal/images/bg_top.jpg HTTP/1.1" 200 522
172.22.2.4 - - [08/Nov/2022:04:03:28 -0500] "GET /BLA/boletinlegal/images/body_bg.jpg HTTP/1.1" 200 1601
172.22.2.4 - - [08/Nov/2022:04:03:28 -0500] "GET /BLA/boletinlegal/images/menu_rght.gif HTTP/1.1" 200 1627
172.22.2.4 - - [08/Nov/2022:04:03:28 -0500] "GET /BLA/boletinlegal/images/menu_lft.gif HTTP/1.1" 200 1713
172.22.2.4 - - [08/Nov/2022:04:03:28 -0500] "GET /BLA/boletinlegal/images/menu_bg.jpg HTTP/1.1" 200 620
172.22.2.4 - - [08/Nov/2022:04:03:28 -0500] "GET /BLA/boletinlegal/images/text.jpg HTTP/1.1" 200 568
172.22.2.4 - - [08/Nov/2022:04:03:28 -0500] "GET /BLA/boletinlegal/images/screen_1.png HTTP/1.1" 200 202547
172.22.2.4 - - [08/Nov/2022:04:03:28 -0500] "GET /BLA/boletinlegal/images/launch.jpg HTTP/1.1" 200 14577
172.22.2.4 - - [08/Nov/2022:04:03:32 -0500] "GET /BLA/boletinlegal/normativa.php HTTP/1.1" 200 8333
172.22.2.4 - - [08/Nov/2022:04:03:32 -0500] "GET /BLA/boletinlegal/js/ajax_normativa.js HTTP/1.1" 200 1154
172.22.2.4 - - [08/Nov/2022:04:03:32 -0500] "GET /BLA/boletinlegal/niceforms-default.css HTTP/1.1" 200 6694
172.22.2.4 - - [08/Nov/2022:04:03:32 -0500] "GET /BLA/boletinlegal/niceforms.js HTTP/1.1" 200 22876
172.22.2.4 - - [08/Nov/2022:04:03:32 -0500] "GET /BLA/boletinlegal/images/tel.png HTTP/1.1" 200 14477
172.22.2.4 - - [08/Nov/2022:04:03:32 -0500] "GET /BLA/boletinlegal/images/icono-email.png HTTP/1.1" 200 5544
172.22.2.4 - - [08/Nov/2022:04:03:32 -0500] "GET /BLA/boletinlegal/images/footer_bg.jpg HTTP/1.1" 200 586
172.22.2.4 - - [08/Nov/2022:04:03:32 -0500] "GET /BLA/boletinlegal/images/footer_bg_l.jpg HTTP/1.1" 200 776
172.22.2.4 - - [08/Nov/2022:04:03:33 -0500] "GET /BLA/boletinlegal/img/0.png HTTP/1.1" 200 110
172.22.2.4 - - [08/Nov/2022:04:03:33 -0500] "GET /BLA/boletinlegal/img/select-left.png HTTP/1.1" 200 263
172.22.2.4 - - [08/Nov/2022:04:03:33 -0500] "GET /BLA/boletinlegal/img/select-right.png HTTP/1.1" 200 44019
172.22.2.4 - - [08/Nov/2022:04:03:33 -0500] "GET /BLA/boletinlegal/img/button-left.png HTTP/1.1" 200 57071
172.22.2.4 - - [08/Nov/2022:04:03:33 -0500] "GET /BLA/boletinlegal/img/button-right.png HTTP/1.1" 200 57878
172.22.2.4 - - [08/Nov/2022:04:03:33 -0500] "GET /BLA/boletinlegal/favicon.ico HTTP/1.1" 404 1334
172.22.2.4 - - [08/Nov/2022:04:03:33 -0500] "GET /BLA/boletinlegal/img/button.png HTTP/1.1" 200 43241
172.22.2.4 - - [08/Nov/2022:04:03:44 -0500] "GET /BLA/boletinlegal/consulta_normativa.php?tipo=&sector=concesion&ano=&resuelve= HTTP/1.1" 200 4161
172.22.2.4 - - [08/Nov/2022:04:03:44 -0500] "GET /BLA/boletinlegal/images/docs.png HTTP/1.1" 200 10288
172.22.2.4 - - [08/Nov/2022:04:03:44 -0500] "GET /BLA/boletinlegal/images/background.gif HTTP/1.1" 200 -
172.22.2.4 - - [08/Nov/2022:04:04:00 -0500] "GET /BLA/boletinlegal/consulta_normativa.php?tipo=&sector=residuos&ano=&resuelve= HTTP/1.1" 200 20100
172.22.2.4 - - [08/Nov/2022:04:03:27 -0500] "GET /BLA/boletinlegal/ HTTP/1.1" 200 24523
201.245.192.253 - - [08/Nov/2022:04:04:49 -0500] "POST /kwsrmcab/Wsrmcab  HTTP/1.1" 200 40655
172.22.2.4 - - [08/Nov/2022:04:04:57 -0500] "GET /BLA/boletinlegal/consulta_normativa.php?tipo=&sector=ruido&ano=&resuelve= HTTP/1.1" 200 2326
172.22.2.4 - - [08/Nov/2022:04:05:09 -0500] "GET /BLA/boletinlegal/consulta_normativa.php?tipo=&sector=vertimientos&ano=&resuelve= HTTP/1.1" 200 12054
172.22.2.4 - - [08/Nov/2022:04:03:48 -0500] "HEAD /BLA/boletinlegal/ HTTP/1.1" 200 -
172.22.2.4 - - [08/Nov/2022:04:05:43 -0500] "GET /BLA/boletinlegal/normativa.php HTTP/1.1" 200 8333
172.22.2.4 - - [08/Nov/2022:04:05:43 -0500] "GET /BLA/boletinlegal/styles2.css HTTP/1.1" 200 1838
172.22.2.4 - - [08/Nov/2022:04:05:43 -0500] "GET /BLA/boletinlegal/js/ajax_normativa.js HTTP/1.1" 200 1154
172.22.2.4 - - [08/Nov/2022:04:05:43 -0500] "GET /BLA/boletinlegal/niceforms-default.css HTTP/1.1" 200 6694
172.22.2.4 - - [08/Nov/2022:04:05:43 -0500] "GET /BLA/boletinlegal/style.css HTTP/1.1" 200 9406
172.22.2.4 - - [08/Nov/2022:04:05:43 -0500] "GET /BLA/boletinlegal/niceforms.js HTTP/1.1" 200 22876
172.22.2.4 - - [08/Nov/2022:04:05:43 -0500] "GET /BLA/boletinlegal/images/cabezote%20BLEGAL.jpg HTTP/1.1" 200 118164
172.22.2.4 - - [08/Nov/2022:04:05:43 -0500] "GET /BLA/boletinlegal/images/subscribe-icon-big.png HTTP/1.1" 200 47702
172.22.2.4 - - [08/Nov/2022:04:05:43 -0500] "GET /BLA/boletinlegal/images/historia.png HTTP/1.1" 200 52775
172.22.2.4 - - [08/Nov/2022:04:05:43 -0500] "GET /BLA/boletinlegal/images/registro-usuarios.png HTTP/1.1" 200 8106
172.22.2.4 - - [08/Nov/2022:04:05:43 -0500] "GET /BLA/boletinlegal/images/tel.png HTTP/1.1" 200 14477
172.22.2.4 - - [08/Nov/2022:04:05:43 -0500] "GET /BLA/boletinlegal/images/menu_lft.gif HTTP/1.1" 200 1713
172.22.2.4 - - [08/Nov/2022:04:05:43 -0500] "GET /BLA/boletinlegal/images/footer_bg.jpg HTTP/1.1" 200 586
172.22.2.4 - - [08/Nov/2022:04:05:43 -0500] "GET /BLA/boletinlegal/images/body_bg.jpg HTTP/1.1" 200 1601
172.22.2.4 - - [08/Nov/2022:04:05:43 -0500] "GET /BLA/boletinlegal/images/menu_rght.gif HTTP/1.1" 200 1627
172.22.2.4 - - [08/Nov/2022:04:05:43 -0500] "GET /BLA/boletinlegal/images/bg_top.jpg HTTP/1.1" 200 522
172.22.2.4 - - [08/Nov/2022:04:05:43 -0500] "GET /BLA/boletinlegal/images/menu_bg.jpg HTTP/1.1" 200 620
172.22.2.4 - - [08/Nov/2022:04:05:43 -0500] "GET /BLA/boletinlegal/images/text.jpg HTTP/1.1" 200 568
172.22.2.4 - - [08/Nov/2022:04:05:43 -0500] "GET /BLA/boletinlegal/images/hover.jpg HTTP/1.1" 200 640
172.22.2.4 - - [08/Nov/2022:04:05:44 -0500] "GET /BLA/boletinlegal/images/icono-email.png HTTP/1.1" 200 5544
172.22.2.4 - - [08/Nov/2022:04:05:44 -0500] "GET /BLA/boletinlegal/images/footer_bg_l.jpg HTTP/1.1" 200 776
172.22.2.4 - - [08/Nov/2022:04:05:44 -0500] "GET /BLA/boletinlegal/img/0.png HTTP/1.1" 200 110
172.22.2.4 - - [08/Nov/2022:04:05:44 -0500] "GET /BLA/boletinlegal/img/select-left.png HTTP/1.1" 200 263
172.22.2.4 - - [08/Nov/2022:04:05:44 -0500] "GET /BLA/boletinlegal/img/select-right.png HTTP/1.1" 200 44019
172.22.2.4 - - [08/Nov/2022:04:05:44 -0500] "GET /BLA/boletinlegal/img/button-left.png HTTP/1.1" 200 57071
172.22.2.4 - - [08/Nov/2022:04:05:44 -0500] "GET /BLA/boletinlegal/img/button.png HTTP/1.1" 200 43241
172.22.2.4 - - [08/Nov/2022:04:05:44 -0500] "GET /BLA/boletinlegal/img/button-right.png HTTP/1.1" 200 57878
172.22.2.4 - - [08/Nov/2022:04:05:53 -0500] "GET /BLA/boletinlegal/consulta_normativa.php?tipo=&sector=licencia&ano=&resuelve= HTTP/1.1" 200 5398
172.22.2.4 - - [08/Nov/2022:04:05:53 -0500] "GET /BLA/boletinlegal/images/docs.png HTTP/1.1" 200 10288
172.22.2.4 - - [08/Nov/2022:04:05:53 -0500] "GET /BLA/boletinlegal/images/background.gif HTTP/1.1" 200 -
172.22.2.4 - - [08/Nov/2022:04:04:39 -0500] "GET /BLA/boletinlegal/ HTTP/1.1" 200 55220
95.217.144.234 - - [08/Nov/2022:04:06:33 -0500] "-" 408 -
95.217.144.234 - - [08/Nov/2022:04:06:45 -0500] "-" 408 -
95.217.144.238 - - [08/Nov/2022:04:06:50 -0500] "-" 408 -
95.217.144.234 - - [08/Nov/2022:04:06:53 -0500] "-" 408 -
95.217.144.236 - - [08/Nov/2022:04:06:56 -0500] "-" 408 -
95.217.144.236 - - [08/Nov/2022:04:06:56 -0500] "-" 408 -
216.245.221.92 - - [08/Nov/2022:04:08:22 -0500] "HEAD / HTTP/1.1" 200 -
157.55.39.190 - - [08/Nov/2022:04:09:04 -0500] "GET /BLA/resoluciones/index.php?dir=RESOLUCIONES+2022%2F HTTP/1.1" 200 209704
40.77.167.3 - - [08/Nov/2022:04:09:22 -0500] "GET /BLA/resoluciones/dlf/styles.css HTTP/1.1" 200 3049
201.245.192.253 - - [08/Nov/2022:04:09:48 -0500] "POST /kwsrmcab/Wsrmcab  HTTP/1.1" 200 40655
172.22.2.4 - - [08/Nov/2022:04:09:38 -0500] "HEAD /BLA/boletinlegal/ HTTP/1.1" 200 -
172.22.2.4 - - [08/Nov/2022:04:10:29 -0500] "GET /BLA/boletinlegal/ HTTP/1.1" 200 53290
216.245.221.92 - - [08/Nov/2022:04:13:22 -0500] "HEAD / HTTP/1.1" 200 -
80.253.21.66 - - [08/Nov/2022:04:13:53 -0500] "GET / HTTP/1.1" 200 319
201.245.192.253 - - [08/Nov/2022:04:14:46 -0500] "POST /kwsrmcab/Wsrmcab  HTTP/1.1" 200 40655
172.22.2.4 - - [08/Nov/2022:04:16:49 -0500] "GET /BLA/boletinlegal/robots.txt HTTP/1.1" 404 1140
172.22.2.4 - - [08/Nov/2022:04:15:28 -0500] "HEAD /BLA/boletinlegal/ HTTP/1.1" 200 -
172.22.2.4 - - [08/Nov/2022:04:16:19 -0500] "GET /BLA/boletinlegal/ HTTP/1.1" 200 56014
216.245.221.92 - - [08/Nov/2022:04:18:22 -0500] "HEAD / HTTP/1.1" 200 -
201.245.192.253 - - [08/Nov/2022:04:19:45 -0500] "POST /kwsrmcab/Wsrmcab  HTTP/1.1" 200 40655
201.245.192.253 - - [08/Nov/2022:04:20:59 -0500] "POST /kwsrmcab/Wsrmcab HTTP/1.1" 200 43360
201.245.192.253 - - [08/Nov/2022:04:21:02 -0500] "POST /kwsrmcab/Wsrmcab HTTP/1.1" 200 41927
172.22.2.4 - - [08/Nov/2022:04:21:18 -0500] "HEAD /BLA/boletinlegal/ HTTP/1.1" 200 -
216.245.221.92 - - [08/Nov/2022:04:23:22 -0500] "HEAD / HTTP/1.1" 200 -
172.22.2.4 - - [08/Nov/2022:04:22:09 -0500] "GET /BLA/boletinlegal/ HTTP/1.1" 200 55220
173.252.127.14 - - [08/Nov/2022:04:24:07 -0500] "GET /images/Reciclaton%20Nov%202022%20(1)%20(1).jpeg HTTP/1.1" 200 53811
201.245.192.253 - - [08/Nov/2022:04:24:45 -0500] "POST /kwsrmcab/Wsrmcab  HTTP/1.1" 200 40655
216.245.221.92 - - [08/Nov/2022:04:28:22 -0500] "HEAD / HTTP/1.1" 200 -
172.22.2.4 - - [08/Nov/2022:04:27:08 -0500] "HEAD /BLA/boletinlegal/ HTTP/1.1" 200 -
172.22.2.4 - - [08/Nov/2022:04:27:59 -0500] "GET /BLA/boletinlegal/ HTTP/1.1" 200 54823
201.245.192.253 - - [08/Nov/2022:04:29:44 -0500] "POST /kwsrmcab/Wsrmcab  HTTP/1.1" 200 40655
201.245.192.253 - - [08/Nov/2022:04:30:59 -0500] "POST /kwsrmcab/Wsrmcab HTTP/1.1" 200 43360
201.245.192.253 - - [08/Nov/2022:04:31:02 -0500] "POST /kwsrmcab/Wsrmcab HTTP/1.1" 200 41927
66.249.73.100 - - [08/Nov/2022:04:31:50 -0500] "-" 408 -
216.245.221.92 - - [08/Nov/2022:04:33:22 -0500] "HEAD / HTTP/1.1" 200 -
172.22.2.4 - - [08/Nov/2022:04:32:58 -0500] "HEAD /BLA/boletinlegal/ HTTP/1.1" 200 -
201.245.192.253 - - [08/Nov/2022:04:34:43 -0500] "POST /kwsrmcab/Wsrmcab  HTTP/1.1" 200 40655
172.22.2.4 - - [08/Nov/2022:04:33:49 -0500] "GET /BLA/boletinlegal/ HTTP/1.1" 200 57725
66.249.73.127 - - [08/Nov/2022:04:37:35 -0500] "-" 408 -
216.245.221.92 - - [08/Nov/2022:04:38:22 -0500] "HEAD / HTTP/1.1" 200 -
201.245.192.253 - - [08/Nov/2022:04:39:41 -0500] "POST /kwsrmcab/Wsrmcab  HTTP/1.1" 200 40655
172.22.2.4 - - [08/Nov/2022:04:38:48 -0500] "HEAD /BLA/boletinlegal/ HTTP/1.1" 200 -
201.245.192.253 - - [08/Nov/2022:04:41:00 -0500] "POST /kwsrmcab/Wsrmcab HTTP/1.1" 200 43360
201.245.192.253 - - [08/Nov/2022:04:41:02 -0500] "POST /kwsrmcab/Wsrmcab HTTP/1.1" 200 41927
172.22.2.4 - - [08/Nov/2022:04:39:39 -0500] "GET /BLA/boletinlegal/ HTTP/1.1" 200 57725
193.142.146.35 - - [08/Nov/2022:04:42:24 -0500] "GET / HTTP/1.1" 200 319
193.142.146.35 - - [08/Nov/2022:04:42:25 -0500] "POST /HNAP1/ HTTP/1.1" 404 1018
216.245.221.92 - - [08/Nov/2022:04:43:22 -0500] "HEAD / HTTP/1.1" 200 -
201.245.192.253 - - [08/Nov/2022:04:44:40 -0500] "POST /kwsrmcab/Wsrmcab  HTTP/1.1" 200 40655
66.249.73.127 - - [08/Nov/2022:04:45:30 -0500] "-" 408 -
172.22.2.4 - - [08/Nov/2022:04:44:38 -0500] "HEAD /BLA/boletinlegal/ HTTP/1.1" 200 -
172.22.2.4 - - [08/Nov/2022:04:45:29 -0500] "GET /BLA/boletinlegal/ HTTP/1.1" 200 59828
216.245.221.92 - - [08/Nov/2022:04:48:22 -0500] "HEAD / HTTP/1.1" 200 -
40.77.167.46 - - [08/Nov/2022:04:48:31 -0500] "GET / HTTP/1.1" 200 4720
201.245.192.253 - - [08/Nov/2022:04:49:39 -0500] "POST /kwsrmcab/Wsrmcab  HTTP/1.1" 200 40655
40.77.167.3 - - [08/Nov/2022:04:50:08 -0500] "GET /BLA/boletinlegal/documentos-importantes.php HTTP/1.1" 200 4829
157.55.39.190 - - [08/Nov/2022:04:50:18 -0500] "GET /BLA/boletinlegal/niceforms-default.css HTTP/1.1" 200 6694
157.55.39.190 - - [08/Nov/2022:04:50:19 -0500] "GET /BLA/boletinlegal/styles2.css HTTP/1.1" 200 1838
40.77.167.3 - - [08/Nov/2022:04:50:26 -0500] "GET /BLA/boletinlegal/ajax.js HTTP/1.1" 200 577
40.77.167.3 - - [08/Nov/2022:04:50:26 -0500] "GET /BLA/boletinlegal/niceforms.js HTTP/1.1" 200 22876
40.77.167.46 - - [08/Nov/2022:04:50:30 -0500] "GET /BLA/boletinlegal/style.css HTTP/1.1" 200 9406
207.46.13.11 - - [08/Nov/2022:04:50:30 -0500] "GET /BLA/boletinlegal/js/ajax_documentos.js HTTP/1.1" 200 1155
172.22.2.4 - - [08/Nov/2022:04:50:28 -0500] "HEAD /BLA/boletinlegal/ HTTP/1.1" 200 -
173.252.127.3 - - [08/Nov/2022:04:52:28 -0500] "GET /images/mujeres-reverdecen-humedales-2-febrero.jpg HTTP/1.1" 200 47327
172.22.2.4 - - [08/Nov/2022:04:51:18 -0500] "GET /BLA/boletinlegal/ HTTP/1.1" 200 57725
66.249.73.127 - - [08/Nov/2022:04:53:00 -0500] "-" 408 -
216.245.221.92 - - [08/Nov/2022:04:53:22 -0500] "HEAD / HTTP/1.1" 200 -
201.245.192.253 - - [08/Nov/2022:04:54:38 -0500] "POST /kwsrmcab/Wsrmcab  HTTP/1.1" 200 40655
172.22.2.4 - - [08/Nov/2022:04:56:18 -0500] "HEAD /BLA/boletinlegal/ HTTP/1.1" 200 -
216.245.221.92 - - [08/Nov/2022:04:58:22 -0500] "HEAD / HTTP/1.1" 200 -
172.22.2.4 - - [08/Nov/2022:04:57:08 -0500] "GET /BLA/boletinlegal/ HTTP/1.1" 200 57725
66.249.73.127 - - [08/Nov/2022:04:59:14 -0500] "-" 408 -
201.245.192.253 - - [08/Nov/2022:04:59:37 -0500] "POST /kwsrmcab/Wsrmcab  HTTP/1.1" 200 40655
183.136.225.32 - - [08/Nov/2022:05:01:44 -0500] "GET / HTTP/1.1" 200 319
216.245.221.92 - - [08/Nov/2022:05:03:22 -0500] "HEAD / HTTP/1.1" 200 -
172.22.2.4 - - [08/Nov/2022:05:02:08 -0500] "HEAD /BLA/boletinlegal/ HTTP/1.1" 200 -
201.245.192.253 - - [08/Nov/2022:05:04:36 -0500] "POST /kwsrmcab/Wsrmcab  HTTP/1.1" 200 40655
172.22.2.4 - - [08/Nov/2022:05:02:58 -0500] "GET /BLA/boletinlegal/ HTTP/1.1" 200 57725
207.46.13.162 - - [08/Nov/2022:05:06:52 -0500] "GET /bla/resoluciones/autos%202010/5272.pdf HTTP/1.1" 304 -
216.245.221.92 - - [08/Nov/2022:05:08:22 -0500] "HEAD / HTTP/1.1" 200 -
198.199.93.54 - - [08/Nov/2022:05:08:33 -0500] "GET /manager/text/list HTTP/1.1" 404 1018
185.119.81.101 - - [08/Nov/2022:05:08:41 -0500] "GET /portaldeninos/wp-login.php HTTP/1.1" 200 2592
185.119.81.101 - - [08/Nov/2022:05:08:42 -0500] "POST /portaldeninos/wp-login.php HTTP/1.1" 200 3605
201.245.192.253 - - [08/Nov/2022:05:09:34 -0500] "POST /kwsrmcab/Wsrmcab  HTTP/1.1" 200 40655
172.22.2.4 - - [08/Nov/2022:05:07:58 -0500] "HEAD /BLA/boletinlegal/ HTTP/1.1" 200 -
172.22.2.4 - - [08/Nov/2022:05:09:48 -0500] "GET /BLA/boletinlegal/images/signo-mas.gif HTTP/1.1" 200 13689
172.22.2.4 - - [08/Nov/2022:05:08:48 -0500] "GET /BLA/boletinlegal/ HTTP/1.1" 200 57375
66.249.73.127 - - [08/Nov/2022:05:11:16 -0500] "-" 408 -
64.124.8.25 - - [08/Nov/2022:05:12:29 -0500] "-" 408 -
173.252.79.17 - - [08/Nov/2022:05:13:11 -0500] "GET /images/jardines-verticales-plantas-24-mayo.jpg HTTP/1.1" 200 148288
216.245.221.92 - - [08/Nov/2022:05:13:22 -0500] "HEAD / HTTP/1.1" 200 -
66.220.149.13 - - [08/Nov/2022:05:13:24 -0500] "GET /images/eficiencia-energetica-11-marzo.jpg HTTP/1.1" 200 46478
