190.24.17.163 - - [11/Nov/2022:13:08:59 -0500] "GET /catalogoisis/imagenes/br2c2.gif HTTP/1.1" 200 302
190.24.17.163 - - [11/Nov/2022:13:08:59 -0500] "GET /catalogoisis/imagenes/br3c3.gif HTTP/1.1" 200 186
190.24.17.163 - - [11/Nov/2022:13:08:59 -0500] "GET /catalogoisis/imagenes/br3c2.gif HTTP/1.1" 200 285
190.24.17.163 - - [11/Nov/2022:13:09:01 -0500] "GET /catalogoisis/imagenes/br2c3.gif HTTP/1.1" 200 416
190.24.17.163 - - [11/Nov/2022:13:09:02 -0500] "GET /favicon.ico HTTP/1.1" 200 7782
186.80.202.225 - - [11/Nov/2022:13:09:04 -0500] "POST /sipsesda/faces/vista/administracion/funcionario/listadoFuncionario.jspx HTTP/1.1" 302 201
201.245.192.253 - - [11/Nov/2022:13:09:08 -0500] "POST /kwsrmcab/Wsrmcab  HTTP/1.1" 200 40655
216.245.221.92 - - [11/Nov/2022:13:09:11 -0500] "HEAD / HTTP/1.1" 200 -
190.27.85.114 - - [11/Nov/2022:13:09:45 -0500] "GET /sipse/faces/index.xhtml HTTP/1.1" 200 677
190.27.85.114 - - [11/Nov/2022:13:09:45 -0500] "GET /sipse/faces/javax.faces.resource/theme.css?ln=primefaces-sipse HTTP/1.1" 304 -
190.27.85.114 - - [11/Nov/2022:13:09:45 -0500] "GET /sipse/faces/faces/autenticacion.xhtml HTTP/1.1" 200 12192
190.27.85.114 - - [11/Nov/2022:13:09:45 -0500] "GET /sipse/faces/javax.faces.resource/theme.css?ln=primefaces-sipse HTTP/1.1" 304 -
190.27.85.114 - - [11/Nov/2022:13:09:45 -0500] "GET /sipse/faces/javax.faces.resource/primefaces.css?ln=primefaces&v=4.0 HTTP/1.1" 304 -
190.27.85.114 - - [11/Nov/2022:13:09:45 -0500] "GET /sipse/faces/javax.faces.resource/layout/layout.css?ln=primefaces&v=4.0 HTTP/1.1" 304 -
190.27.85.114 - - [11/Nov/2022:13:09:45 -0500] "GET /sipse/faces/javax.faces.resource/layout/layout.js?ln=primefaces&v=4.0 HTTP/1.1" 304 -
190.27.85.114 - - [11/Nov/2022:13:09:45 -0500] "GET /sipse/faces/javax.faces.resource/jquery/jquery.js?ln=primefaces&v=4.0 HTTP/1.1" 304 -
190.27.85.114 - - [11/Nov/2022:13:09:45 -0500] "GET /sipse/faces/javax.faces.resource/primefaces.js?ln=primefaces&v=4.0 HTTP/1.1" 304 -
190.27.85.114 - - [11/Nov/2022:13:09:45 -0500] "GET /sipse/faces/javax.faces.resource/jquery/jquery-plugins.js?ln=primefaces&v=4.0 HTTP/1.1" 304 -
190.27.85.114 - - [11/Nov/2022:13:09:46 -0500] "GET /sipse/faces/javax.faces.resource/images/ui-icons_898989_256x240.png?ln=primefaces-aristo HTTP/1.1" 304 -
190.27.85.114 - - [11/Nov/2022:13:09:48 -0500] "POST /sipse/faces/autenticacion.xhtml HTTP/1.1" 200 2224
190.27.85.114 - - [11/Nov/2022:13:09:48 -0500] "GET /sipse/faces/javax.faces.resource/messages/messages.png?ln=primefaces&v=4.0 HTTP/1.1" 304 -
190.27.85.114 - - [11/Nov/2022:13:09:49 -0500] "POST /sipse/faces/autenticacion.xhtml HTTP/1.1" 200 16291
190.27.85.114 - - [11/Nov/2022:13:09:49 -0500] "GET /sipse/faces/javax.faces.resource/theme.css?ln=primefaces-sipse HTTP/1.1" 304 -
190.27.85.114 - - [11/Nov/2022:13:09:49 -0500] "GET /sipse/faces/javax.faces.resource/primefaces.css?ln=primefaces&v=4.0 HTTP/1.1" 304 -
190.27.85.114 - - [11/Nov/2022:13:09:49 -0500] "GET /sipse/faces/javax.faces.resource/layout/layout.css?ln=primefaces&v=4.0 HTTP/1.1" 304 -
190.27.85.114 - - [11/Nov/2022:13:09:49 -0500] "GET /sipse/faces/javax.faces.resource/jquery/jquery.js?ln=primefaces&v=4.0 HTTP/1.1" 304 -
190.27.85.114 - - [11/Nov/2022:13:09:49 -0500] "GET /sipse/faces/javax.faces.resource/jquery/jquery-plugins.js?ln=primefaces&v=4.0 HTTP/1.1" 304 -
190.27.85.114 - - [11/Nov/2022:13:09:49 -0500] "GET /sipse/faces/javax.faces.resource/primefaces.js?ln=primefaces&v=4.0 HTTP/1.1" 304 -
190.27.85.114 - - [11/Nov/2022:13:09:49 -0500] "GET /sipse/faces/javax.faces.resource/layout/layout.js?ln=primefaces&v=4.0 HTTP/1.1" 304 -
190.27.85.114 - - [11/Nov/2022:13:09:49 -0500] "GET /sipse/css/imagen/contrasena.png HTTP/1.1" 404 383
190.27.85.114 - - [11/Nov/2022:13:09:53 -0500] "GET /sipse/faces/javax.faces.resource/images/ui-bg_flat_0_2d5972_40x100.png?ln=primefaces-aristo HTTP/1.1" 304 -
190.27.85.114 - - [11/Nov/2022:13:09:53 -0500] "POST /sipse/faces/bienvenido.xhtml HTTP/1.1" 200 2658
191.156.58.180 - - [11/Nov/2022:13:09:56 -0500] "GET / HTTP/1.1" 200 4720
213.186.1.242 - - [11/Nov/2022:13:09:56 -0500] "GET /distrito-realiza-las-primeras-vasectomias-a-palomas-de-plaza.html HTTP/1.1" 200 958
191.156.63.128 - - [11/Nov/2022:13:09:56 -0500] "GET /js/url.js HTTP/1.1" 404 1294
191.156.58.180 - - [11/Nov/2022:13:09:56 -0500] "GET /fonts/icomoon/style.css HTTP/1.1" 200 79820
191.156.58.180 - - [11/Nov/2022:13:09:56 -0500] "GET /css/style.css HTTP/1.1" 200 3473
191.156.63.128 - - [11/Nov/2022:13:09:56 -0500] "GET /css/bootstrap.min.css HTTP/1.1" 200 178212
190.27.85.114 - - [11/Nov/2022:13:09:54 -0500] "POST /sipse/faces/bienvenido.xhtml HTTP/1.1" 200 65943
190.27.85.114 - - [11/Nov/2022:13:09:57 -0500] "GET /sipse/faces/javax.faces.resource/theme.css?ln=primefaces-sipse HTTP/1.1" 304 -
190.27.85.114 - - [11/Nov/2022:13:09:57 -0500] "GET /sipse/faces/javax.faces.resource/layout/layout.css?ln=primefaces&v=4.0 HTTP/1.1" 304 -
190.27.85.114 - - [11/Nov/2022:13:09:57 -0500] "GET /sipse/faces/javax.faces.resource/primefaces.css?ln=primefaces&v=4.0 HTTP/1.1" 304 -
190.27.85.114 - - [11/Nov/2022:13:09:57 -0500] "GET /sipse/faces/javax.faces.resource/jquery/jquery.js?ln=primefaces&v=4.0 HTTP/1.1" 304 -
190.27.85.114 - - [11/Nov/2022:13:09:57 -0500] "GET /sipse/faces/javax.faces.resource/jquery/jquery-plugins.js?ln=primefaces&v=4.0 HTTP/1.1" 304 -
190.27.85.114 - - [11/Nov/2022:13:09:57 -0500] "GET /sipse/faces/javax.faces.resource/primefaces.js?ln=primefaces&v=4.0 HTTP/1.1" 304 -
190.27.85.114 - - [11/Nov/2022:13:09:57 -0500] "GET /sipse/faces/javax.faces.resource/layout/layout.js?ln=primefaces&v=4.0 HTTP/1.1" 304 -
190.27.85.114 - - [11/Nov/2022:13:09:57 -0500] "POST /sipse/faces/presentacion/financiero/solicitudProceso/listarSolicitudProceso.xhtml HTTP/1.1" 200 1560
190.27.85.114 - - [11/Nov/2022:13:10:08 -0500] "POST /sipse/faces/presentacion/financiero/solicitudProceso/listarSolicitudProceso.xhtml HTTP/1.1" 200 59048
190.27.85.114 - - [11/Nov/2022:13:10:08 -0500] "GET /sipse/faces/javax.faces.resource/layout/layout.css?ln=primefaces&v=4.0 HTTP/1.1" 304 -
190.27.85.114 - - [11/Nov/2022:13:10:08 -0500] "GET /sipse/faces/javax.faces.resource/theme.css?ln=primefaces-sipse HTTP/1.1" 304 -
190.27.85.114 - - [11/Nov/2022:13:10:08 -0500] "GET /sipse/faces/javax.faces.resource/primefaces.css?ln=primefaces&v=4.0 HTTP/1.1" 304 -
190.27.85.114 - - [11/Nov/2022:13:10:08 -0500] "GET /sipse/faces/javax.faces.resource/jquery/jquery.js?ln=primefaces&v=4.0 HTTP/1.1" 304 -
190.27.85.114 - - [11/Nov/2022:13:10:08 -0500] "GET /sipse/faces/javax.faces.resource/jquery/jquery-plugins.js?ln=primefaces&v=4.0 HTTP/1.1" 304 -
190.27.85.114 - - [11/Nov/2022:13:10:08 -0500] "GET /sipse/faces/javax.faces.resource/primefaces.js?ln=primefaces&v=4.0 HTTP/1.1" 304 -
190.27.85.114 - - [11/Nov/2022:13:10:08 -0500] "GET /sipse/faces/javax.faces.resource/layout/layout.js?ln=primefaces&v=4.0 HTTP/1.1" 304 -
190.27.85.114 - - [11/Nov/2022:13:10:17 -0500] "POST /sipse/faces/presentacion/financiero/solicitudProceso/crearModificarSolicitudProceso.xhtml HTTP/1.1" 200 51768
190.27.85.114 - - [11/Nov/2022:13:10:40 -0500] "POST /sipse/faces/presentacion/financiero/solicitudProceso/crearModificarSolicitudProceso.xhtml HTTP/1.1" 200 25133
191.156.59.1 - - [11/Nov/2022:13:11:01 -0500] "POST /procesar.php HTTP/1.1" 200 1052
172.22.2.4 - - [11/Nov/2022:13:09:41 -0500] "HEAD /BLA/boletinlegal/ HTTP/1.1" 200 -
190.27.85.114 - - [11/Nov/2022:13:11:40 -0500] "POST /sipse/faces/presentacion/financiero/solicitudProceso/crearModificarSolicitudProceso.xhtml HTTP/1.1" 200 6287
190.27.85.114 - - [11/Nov/2022:13:12:02 -0500] "POST /sipse/faces/presentacion/financiero/solicitudProceso/crearModificarSolicitudProceso.xhtml HTTP/1.1" 200 9536
172.22.2.4 - - [11/Nov/2022:13:10:31 -0500] "GET /BLA/boletinlegal/ HTTP/1.1" 200 58185
190.27.85.114 - - [11/Nov/2022:13:12:31 -0500] "POST /sipse/faces/presentacion/financiero/solicitudProceso/crearModificarSolicitudProceso.xhtml HTTP/1.1" 200 6648
190.27.85.114 - - [11/Nov/2022:13:12:34 -0500] "POST /sipse/faces/presentacion/financiero/solicitudProceso/crearModificarSolicitudProceso.xhtml HTTP/1.1" 200 6648
190.27.85.114 - - [11/Nov/2022:13:12:36 -0500] "POST /sipse/faces/presentacion/financiero/solicitudProceso/crearModificarSolicitudProceso.xhtml HTTP/1.1" 200 7344
190.27.85.114 - - [11/Nov/2022:13:12:38 -0500] "POST /sipse/faces/presentacion/financiero/solicitudProceso/crearModificarSolicitudProceso.xhtml HTTP/1.1" 200 6648
65.154.226.169 - - [11/Nov/2022:13:13:55 -0500] "GET /Isolucionsda/Administracion/frmFrameSet.aspx?Ruta=Li4vRnJhbWVTZXRBcnRpY3Vsby5hc3A/UGFnaW5hPUJhbmNvQ29ub2NpbWllbnRvU0RBL2IvYmI5YWI2MWUzNTgxNGNmNmI3N2IzYjNjY2MyN2RlOTEvYmI5YWI2MWUzNTgxNGNmNmI3N2IzYjNjY2MyN2RlOTEuYXNwJklEQVJUSUNVTE89MTQxMzg= HTTP/1.1" 404 1018
201.245.192.253 - - [11/Nov/2022:13:14:07 -0500] "POST /kwsrmcab/Wsrmcab  HTTP/1.1" 200 40655
216.245.221.92 - - [11/Nov/2022:13:14:11 -0500] "HEAD / HTTP/1.1" 200 -
192.168.171.72 - - [11/Nov/2022:13:14:33 -0500] "GET /bogota-esta-reverdeciendo-con-un-sistema-de-transporte-publico-limpio-y-sostenible-aire-mas-limpio-y-mas-de-330-000-arboles-sembrados.html HTTP/1.1" 200 913
66.249.73.127 - - [11/Nov/2022:13:15:05 -0500] "-" 408 -
190.27.85.114 - - [11/Nov/2022:13:15:56 -0500] "POST /sipse/faces/presentacion/financiero/solicitudProceso/crearModificarSolicitudProceso.xhtml HTTP/1.1" 200 24620
190.27.85.114 - - [11/Nov/2022:13:15:56 -0500] "GET /sipse/faces/javax.faces.resource/theme.css?ln=primefaces-sipse HTTP/1.1" 304 -
190.27.85.114 - - [11/Nov/2022:13:15:56 -0500] "GET /sipse/faces/javax.faces.resource/primefaces.css?ln=primefaces&v=4.0 HTTP/1.1" 304 -
190.27.85.114 - - [11/Nov/2022:13:15:56 -0500] "GET /sipse/faces/javax.faces.resource/layout/layout.css?ln=primefaces&v=4.0 HTTP/1.1" 304 -
190.27.85.114 - - [11/Nov/2022:13:15:56 -0500] "GET /sipse/faces/javax.faces.resource/jquery/jquery.js?ln=primefaces&v=4.0 HTTP/1.1" 304 -
190.27.85.114 - - [11/Nov/2022:13:15:56 -0500] "GET /sipse/faces/javax.faces.resource/jquery/jquery-plugins.js?ln=primefaces&v=4.0 HTTP/1.1" 304 -
190.27.85.114 - - [11/Nov/2022:13:15:56 -0500] "GET /sipse/faces/javax.faces.resource/layout/layout.js?ln=primefaces&v=4.0 HTTP/1.1" 304 -
190.27.85.114 - - [11/Nov/2022:13:15:56 -0500] "GET /sipse/faces/javax.faces.resource/primefaces.js?ln=primefaces&v=4.0 HTTP/1.1" 304 -
190.27.85.114 - - [11/Nov/2022:13:15:56 -0500] "GET /sipse/faces/javax.faces.resource/images/ui-icons_898989_256x240.png?ln=primefaces-aristo HTTP/1.1" 304 -
190.27.85.114 - - [11/Nov/2022:13:16:04 -0500] "GET /sipse/faces/javax.faces.resource/images/ui-bg_flat_0_2d5972_40x100.png?ln=primefaces-aristo HTTP/1.1" 304 -
190.27.85.114 - - [11/Nov/2022:13:16:04 -0500] "POST /sipse/faces/presentacion/financiero/solicitudProyectoActividad/asociarProyectoSolicitud.xhtml HTTP/1.1" 200 6609
190.27.85.114 - - [11/Nov/2022:13:16:06 -0500] "POST /sipse/faces/presentacion/financiero/solicitudProyectoActividad/asociarProyectoSolicitud.xhtml HTTP/1.1" 200 1700
190.27.85.114 - - [11/Nov/2022:13:16:08 -0500] "POST /sipse/faces/presentacion/financiero/solicitudProyectoActividad/asociarProyectoSolicitud.xhtml HTTP/1.1" 200 76091
190.27.85.114 - - [11/Nov/2022:13:16:08 -0500] "GET /sipse/faces/javax.faces.resource/theme.css?ln=primefaces-sipse HTTP/1.1" 304 -
190.27.85.114 - - [11/Nov/2022:13:16:08 -0500] "GET /sipse/faces/javax.faces.resource/layout/layout.css?ln=primefaces&v=4.0 HTTP/1.1" 304 -
190.27.85.114 - - [11/Nov/2022:13:16:08 -0500] "GET /sipse/faces/javax.faces.resource/primefaces.css?ln=primefaces&v=4.0 HTTP/1.1" 304 -
190.27.85.114 - - [11/Nov/2022:13:16:08 -0500] "GET /sipse/faces/javax.faces.resource/jquery/jquery.js?ln=primefaces&v=4.0 HTTP/1.1" 304 -
190.27.85.114 - - [11/Nov/2022:13:16:08 -0500] "GET /sipse/faces/javax.faces.resource/jquery/jquery-plugins.js?ln=primefaces&v=4.0 HTTP/1.1" 304 -
190.27.85.114 - - [11/Nov/2022:13:16:08 -0500] "GET /sipse/faces/javax.faces.resource/primefaces.js?ln=primefaces&v=4.0 HTTP/1.1" 304 -
190.27.85.114 - - [11/Nov/2022:13:16:08 -0500] "GET /sipse/faces/javax.faces.resource/layout/layout.js?ln=primefaces&v=4.0 HTTP/1.1" 304 -
190.27.85.114 - - [11/Nov/2022:13:16:40 -0500] "POST /sipse/faces/presentacion/financiero/solicitudProyectoActividad/asociarActividadSolicitud.xhtml HTTP/1.1" 200 20072
190.27.85.114 - - [11/Nov/2022:13:16:40 -0500] "GET /sipse/faces/javax.faces.resource/theme.css?ln=primefaces-sipse HTTP/1.1" 304 -
190.27.85.114 - - [11/Nov/2022:13:16:40 -0500] "GET /sipse/faces/javax.faces.resource/primefaces.css?ln=primefaces&v=4.0 HTTP/1.1" 304 -
190.27.85.114 - - [11/Nov/2022:13:16:40 -0500] "GET /sipse/faces/javax.faces.resource/layout/layout.css?ln=primefaces&v=4.0 HTTP/1.1" 304 -
190.27.85.114 - - [11/Nov/2022:13:16:40 -0500] "GET /sipse/faces/javax.faces.resource/jquery/jquery.js?ln=primefaces&v=4.0 HTTP/1.1" 304 -
190.27.85.114 - - [11/Nov/2022:13:16:40 -0500] "GET /sipse/faces/javax.faces.resource/jquery/jquery-plugins.js?ln=primefaces&v=4.0 HTTP/1.1" 304 -
190.27.85.114 - - [11/Nov/2022:13:16:40 -0500] "GET /sipse/faces/javax.faces.resource/primefaces.js?ln=primefaces&v=4.0 HTTP/1.1" 304 -
190.27.85.114 - - [11/Nov/2022:13:16:40 -0500] "GET /sipse/faces/javax.faces.resource/layout/layout.js?ln=primefaces&v=4.0 HTTP/1.1" 304 -
190.27.85.114 - - [11/Nov/2022:13:17:04 -0500] "POST /sipse/faces/presentacion/financiero/solicitudProyectoActividad/asociarFuentesSolicitud.xhtml HTTP/1.1" 200 81416
190.27.85.114 - - [11/Nov/2022:13:17:04 -0500] "GET /sipse/faces/javax.faces.resource/theme.css?ln=primefaces-sipse HTTP/1.1" 304 -
190.27.85.114 - - [11/Nov/2022:13:17:04 -0500] "GET /sipse/faces/javax.faces.resource/primefaces.css?ln=primefaces&v=4.0 HTTP/1.1" 304 -
190.27.85.114 - - [11/Nov/2022:13:17:04 -0500] "GET /sipse/faces/javax.faces.resource/layout/layout.css?ln=primefaces&v=4.0 HTTP/1.1" 304 -
190.27.85.114 - - [11/Nov/2022:13:17:04 -0500] "GET /sipse/faces/javax.faces.resource/primefaces.js?ln=primefaces&v=4.0 HTTP/1.1" 304 -
190.27.85.114 - - [11/Nov/2022:13:17:04 -0500] "GET /sipse/faces/javax.faces.resource/jquery/jquery-plugins.js?ln=primefaces&v=4.0 HTTP/1.1" 304 -
190.27.85.114 - - [11/Nov/2022:13:17:04 -0500] "GET /sipse/faces/javax.faces.resource/jquery/jquery.js?ln=primefaces&v=4.0 HTTP/1.1" 304 -
190.27.85.114 - - [11/Nov/2022:13:17:04 -0500] "GET /sipse/faces/javax.faces.resource/layout/layout.js?ln=primefaces&v=4.0 HTTP/1.1" 304 -
190.27.85.114 - - [11/Nov/2022:13:17:04 -0500] "GET /sipse/css/imagen/contrasena.png HTTP/1.1" 404 383
190.27.85.114 - - [11/Nov/2022:13:17:04 -0500] "GET /sipse/faces/javax.faces.resource/images/ui-icons_898989_256x240.png?ln=primefaces-aristo HTTP/1.1" 304 -
172.22.2.4 - - [11/Nov/2022:13:15:31 -0500] "HEAD /BLA/boletinlegal/ HTTP/1.1" 200 -
190.27.85.114 - - [11/Nov/2022:13:17:18 -0500] "POST /sipse/faces/presentacion/financiero/solicitudProceso/crearModificarSolicitudProceso.xhtml HTTP/1.1" 200 2937
190.27.85.114 - - [11/Nov/2022:13:17:21 -0500] "POST /sipse/faces/presentacion/financiero/solicitudProyectoActividad/confirmDialogEliminarFuentes.xhtml HTTP/1.1" 200 24620
190.27.85.114 - - [11/Nov/2022:13:17:21 -0500] "GET /sipse/faces/javax.faces.resource/theme.css?ln=primefaces-sipse HTTP/1.1" 304 -
190.27.85.114 - - [11/Nov/2022:13:17:21 -0500] "GET /sipse/faces/javax.faces.resource/primefaces.css?ln=primefaces&v=4.0 HTTP/1.1" 304 -
190.27.85.114 - - [11/Nov/2022:13:17:21 -0500] "GET /sipse/faces/javax.faces.resource/layout/layout.css?ln=primefaces&v=4.0 HTTP/1.1" 304 -
190.27.85.114 - - [11/Nov/2022:13:17:21 -0500] "GET /sipse/faces/javax.faces.resource/jquery/jquery-plugins.js?ln=primefaces&v=4.0 HTTP/1.1" 304 -
190.27.85.114 - - [11/Nov/2022:13:17:21 -0500] "GET /sipse/faces/javax.faces.resource/layout/layout.js?ln=primefaces&v=4.0 HTTP/1.1" 304 -
190.27.85.114 - - [11/Nov/2022:13:17:21 -0500] "GET /sipse/faces/javax.faces.resource/jquery/jquery.js?ln=primefaces&v=4.0 HTTP/1.1" 304 -
190.27.85.114 - - [11/Nov/2022:13:17:21 -0500] "GET /sipse/faces/javax.faces.resource/primefaces.js?ln=primefaces&v=4.0 HTTP/1.1" 304 -
190.27.85.114 - - [11/Nov/2022:13:17:51 -0500] "POST /sipse/faces/presentacion/financiero/solicitudProyectoActividad/asociarProyectoSolicitud.xhtml HTTP/1.1" 200 2126
190.27.85.114 - - [11/Nov/2022:13:17:51 -0500] "GET /sipse/faces/javax.faces.resource/messages/messages.png?ln=primefaces&v=4.0 HTTP/1.1" 304 -
190.27.85.114 - - [11/Nov/2022:13:17:54 -0500] "POST /sipse/faces/presentacion/financiero/solicitudProyectoActividad/asociarProyectoSolicitud.xhtml HTTP/1.1" 200 6625
190.27.85.114 - - [11/Nov/2022:13:17:56 -0500] "POST /sipse/faces/presentacion/financiero/solicitudProyectoActividad/asociarProyectoSolicitud.xhtml HTTP/1.1" 200 1704
190.27.85.114 - - [11/Nov/2022:13:17:56 -0500] "POST /sipse/faces/presentacion/financiero/solicitudProyectoActividad/asociarProyectoSolicitud.xhtml HTTP/1.1" 200 76091
190.27.85.114 - - [11/Nov/2022:13:17:57 -0500] "GET /sipse/faces/javax.faces.resource/theme.css?ln=primefaces-sipse HTTP/1.1" 304 -
190.27.85.114 - - [11/Nov/2022:13:17:57 -0500] "GET /sipse/faces/javax.faces.resource/primefaces.css?ln=primefaces&v=4.0 HTTP/1.1" 304 -
190.27.85.114 - - [11/Nov/2022:13:17:57 -0500] "GET /sipse/faces/javax.faces.resource/layout/layout.css?ln=primefaces&v=4.0 HTTP/1.1" 304 -
190.27.85.114 - - [11/Nov/2022:13:17:57 -0500] "GET /sipse/faces/javax.faces.resource/jquery/jquery.js?ln=primefaces&v=4.0 HTTP/1.1" 304 -
190.27.85.114 - - [11/Nov/2022:13:17:57 -0500] "GET /sipse/faces/javax.faces.resource/jquery/jquery-plugins.js?ln=primefaces&v=4.0 HTTP/1.1" 304 -
190.27.85.114 - - [11/Nov/2022:13:17:57 -0500] "GET /sipse/faces/javax.faces.resource/primefaces.js?ln=primefaces&v=4.0 HTTP/1.1" 304 -
190.27.85.114 - - [11/Nov/2022:13:17:57 -0500] "GET /sipse/faces/javax.faces.resource/layout/layout.js?ln=primefaces&v=4.0 HTTP/1.1" 304 -
190.27.85.114 - - [11/Nov/2022:13:18:00 -0500] "POST /sipse/faces/presentacion/financiero/solicitudProyectoActividad/asociarActividadSolicitud.xhtml HTTP/1.1" 200 20072
190.27.85.114 - - [11/Nov/2022:13:18:00 -0500] "GET /sipse/faces/javax.faces.resource/theme.css?ln=primefaces-sipse HTTP/1.1" 304 -
190.27.85.114 - - [11/Nov/2022:13:18:00 -0500] "GET /sipse/faces/javax.faces.resource/primefaces.css?ln=primefaces&v=4.0 HTTP/1.1" 304 -
190.27.85.114 - - [11/Nov/2022:13:18:00 -0500] "GET /sipse/faces/javax.faces.resource/layout/layout.css?ln=primefaces&v=4.0 HTTP/1.1" 304 -
190.27.85.114 - - [11/Nov/2022:13:18:00 -0500] "GET /sipse/faces/javax.faces.resource/jquery/jquery.js?ln=primefaces&v=4.0 HTTP/1.1" 304 -
190.27.85.114 - - [11/Nov/2022:13:18:00 -0500] "GET /sipse/faces/javax.faces.resource/jquery/jquery-plugins.js?ln=primefaces&v=4.0 HTTP/1.1" 304 -
190.27.85.114 - - [11/Nov/2022:13:18:00 -0500] "GET /sipse/faces/javax.faces.resource/primefaces.js?ln=primefaces&v=4.0 HTTP/1.1" 304 -
190.27.85.114 - - [11/Nov/2022:13:18:00 -0500] "GET /sipse/faces/javax.faces.resource/layout/layout.js?ln=primefaces&v=4.0 HTTP/1.1" 304 -
172.22.2.4 - - [11/Nov/2022:13:16:21 -0500] "GET /BLA/boletinlegal/ HTTP/1.1" 200 57192
190.27.85.114 - - [11/Nov/2022:13:18:05 -0500] "POST /sipse/faces/presentacion/financiero/solicitudProyectoActividad/asociarFuentesSolicitud.xhtml HTTP/1.1" 200 81416
190.27.85.114 - - [11/Nov/2022:13:18:05 -0500] "GET /sipse/faces/javax.faces.resource/theme.css?ln=primefaces-sipse HTTP/1.1" 304 -
190.27.85.114 - - [11/Nov/2022:13:18:05 -0500] "GET /sipse/faces/javax.faces.resource/primefaces.css?ln=primefaces&v=4.0 HTTP/1.1" 304 -
190.27.85.114 - - [11/Nov/2022:13:18:05 -0500] "GET /sipse/faces/javax.faces.resource/layout/layout.css?ln=primefaces&v=4.0 HTTP/1.1" 304 -
190.27.85.114 - - [11/Nov/2022:13:18:05 -0500] "GET /sipse/faces/javax.faces.resource/primefaces.js?ln=primefaces&v=4.0 HTTP/1.1" 304 -
190.27.85.114 - - [11/Nov/2022:13:18:05 -0500] "GET /sipse/faces/javax.faces.resource/jquery/jquery-plugins.js?ln=primefaces&v=4.0 HTTP/1.1" 304 -
190.27.85.114 - - [11/Nov/2022:13:18:05 -0500] "GET /sipse/faces/javax.faces.resource/jquery/jquery.js?ln=primefaces&v=4.0 HTTP/1.1" 304 -
190.27.85.114 - - [11/Nov/2022:13:18:05 -0500] "GET /sipse/faces/javax.faces.resource/layout/layout.js?ln=primefaces&v=4.0 HTTP/1.1" 304 -
201.245.192.253 - - [11/Nov/2022:13:19:06 -0500] "POST /kwsrmcab/Wsrmcab  HTTP/1.1" 200 40655
216.245.221.92 - - [11/Nov/2022:13:19:11 -0500] "HEAD / HTTP/1.1" 200 -
190.27.85.114 - - [11/Nov/2022:13:19:29 -0500] "GET /sipse/faces/javax.faces.resource/theme.css?ln=primefaces-sipse HTTP/1.1" 304 -
190.27.85.114 - - [11/Nov/2022:13:19:29 -0500] "GET /sipse/faces/javax.faces.resource/primefaces.css?ln=primefaces&v=4.0 HTTP/1.1" 304 -
190.27.85.114 - - [11/Nov/2022:13:19:29 -0500] "GET /sipse/faces/javax.faces.resource/jquery/jquery-plugins.js?ln=primefaces&v=4.0 HTTP/1.1" 304 -
190.27.85.114 - - [11/Nov/2022:13:19:29 -0500] "GET /sipse/faces/javax.faces.resource/jquery/jquery.js?ln=primefaces&v=4.0 HTTP/1.1" 304 -
190.27.85.114 - - [11/Nov/2022:13:19:29 -0500] "GET /sipse/faces/javax.faces.resource/layout/layout.css?ln=primefaces&v=4.0 HTTP/1.1" 304 -
190.27.85.114 - - [11/Nov/2022:13:19:29 -0500] "GET /sipse/faces/javax.faces.resource/primefaces.js?ln=primefaces&v=4.0 HTTP/1.1" 304 -
190.27.85.114 - - [11/Nov/2022:13:19:29 -0500] "GET /sipse/faces/javax.faces.resource/layout/layout.js?ln=primefaces&v=4.0 HTTP/1.1" 304 -
190.27.85.114 - - [11/Nov/2022:13:19:17 -0500] "POST /sipse/faces/presentacion/financiero/solicitudProceso/crearModificarSolicitudProceso.xhtml HTTP/1.1" 200 45540
190.27.85.114 - - [11/Nov/2022:13:19:32 -0500] "POST /sipse/faces/presentacion/financiero/solicitudBienServicio/asociarBienServicioSolicitud.xhtml HTTP/1.1" 200 2657
192.168.171.72 - - [11/Nov/2022:13:20:58 -0500] "GET /bogota-esta-reverdeciendo-con-un-sistema-de-transporte-publico-limpio-y-sostenible-aire-mas-limpio-y-mas-de-330-000-arboles-sembrados.html HTTP/1.1" 304 -
201.245.192.253 - - [11/Nov/2022:13:21:44 -0500] "POST /kwsrmcab/Wsrmcab HTTP/1.1" 200 41969
201.245.192.253 - - [11/Nov/2022:13:21:46 -0500] "POST /kwsrmcab/Wsrmcab HTTP/1.1" 200 42175
172.22.2.4 - - [11/Nov/2022:13:21:21 -0500] "HEAD /BLA/boletinlegal/ HTTP/1.1" 200 -
172.22.2.4 - - [11/Nov/2022:13:22:11 -0500] "GET /BLA/boletinlegal/ HTTP/1.1" 200 59779
201.245.192.253 - - [11/Nov/2022:13:24:05 -0500] "POST /kwsrmcab/Wsrmcab  HTTP/1.1" 200 40655
216.245.221.92 - - [11/Nov/2022:13:24:11 -0500] "HEAD / HTTP/1.1" 200 -
186.84.90.91 - - [11/Nov/2022:13:26:30 -0500] "GET /kwssiamovil/sm/acme/a?s=U2FsdGVkX1+NG0ut7Z/QusWMNehWbsMa4G/dFwl4EJ+FaxM2n7y+HrJ/EFdLDX9URM9QiqfPmEfcuiVR+4/AAPJ8Bag4yC/A9XMSazr/F1BucxGKMZ5C/3idqGFaohxG6f0uPYvT+P6SPUIHmS3/QmX70x5D97mVM/+ENZxxuLpRrVrYCIOEOD9DJv9/3+1WKIbgPW9mgDuovdqObZk+7AUsIYcAzycZhny09klX16riFNIlmbfX1+FFwS3VthKw0QzFRBS7YOQuLhbxwj5Ysg==&u=U2FsdGVkX1+Fo4ScUN5u+9Kr/Q6z2oFXZdmoRpbhEAY=&y=U2FsdGVkX1+8k2OIz3kBDeD/MjRuFjAsRjlV4Y0kqcL9ZHhvZW25aMNb/jaNTxbc HTTP/1.1" 200 26
186.84.90.91 - - [11/Nov/2022:13:26:31 -0500] "GET /kwssiamovil/sm/acme/a?s=U2FsdGVkX1+Nc3522bQExEIfvWLXhEJutKm/5qXHi1S6KWJ5V337Ae9N1G8pOm3+iN4UbkcgG7fegLqunPeX4fbWXW2tRprm7xFROXsemsG9R67dODDV221Co2QFxeZnamF3GLLzwbcT+QSISMBmC0pbLZUC+uGEf6kfE+ZkdbqXGgxu8V9TjfrBqadXx44rNbB/DseOD9lkS5RNMWgr+Ea7Oy9Pnfi/9ThENRfLRYZSACXMizBRQBVRR7un+1K5nYzNeeOLDizkjbzi/TevDKdsxQdNzo6f23VvMaT60jBVgGCNa/uJQZULbcmGoB1cY7B3rTKndUmLRBp0Mf6awAvBaNPU53GdZFpnDn6IM4Gkok8QiKdY6nqFw87YaY9tvxT75cpXWJufuAEpCmQ22lxKtOOyVzxgMsb2kowL6/EI636c/Z1Mi7Cr4aV75sHneLrmZKQo4xYX9fGZrvuhrIPqGyhJHE705DGnkFrH/c/Ac5/mzJYLfl2UhbPkdggBtyomf1O1/bvwk24rnuFY/UERWyxFSydstVRB+Kn/PvV7b+S6dIMxapjSLJz/jq10Uyb8AIX8MMtAX0FRZtuy0W8HU8ZRKbR4lfGzE7GuxEa9cMammqAJxNInpnhHXiFgSONzYPzs7Wxi8wqQXjt0XSDd4gfm/dzske4BYoPYwVnjKorXLPl9x9diiamhvN6HSnnrkS/SFt28BXCUyKJrzrHnre3B9Udd1l0EH5PRBPZYzmDcZ7MxaDJ4XYAhIAE6SizdGPU9amPbvw9xCAWC74RrI8GC2kiLLlLNhgAaOlb8omDPE8pgamBovTOnFG51wKU8t9q22WKanlQhH1HfThXY5qxt3BTiw+OZRjvPeRElDX7Z5gJa6pSypikN01iJ/TE8jUfYy0tRh52YdpnytGt1B1ft+DshzrWoikhUq3fIirjvJHwzHJutytVym9MAOzNBe01TI64qg6+GDlrz3t8cfKNAYK7siFqkNr/ItWpD39D2rc2sCcFTrwK9I2s6E6KlUfxnjmI9jf0di+rVvpctq1qctbIikw9AjKMsfC2VvjcjBFDDb7csWDReI2u08O5Cb9U5e5NfgdO09gmUdAq0/5jtM/7YSbX0Lr/L5tJ59HKeRHyXJPFgadxHHdacEnqMukptiB2Ffd/x8Q+BX/LuF7ZiRo/zsMWr6ZdSJwuiPeAxhW7hqZAN0End2d7kLrT3PNnl/by5PXM0B7QFWKHRfaiLp/2vjojgaVPhCLf5JexfuN/XX7/WUOVJEiuLAyzUXRjaZEIkf2oQp25uWLtX3+8fCGbOwJQL7z7hkSFuthUAyYFchUIg6F85Bu4iFbjwnIbfGn43K9VqMbV7wMAc86gfIQz6zFccjyQn9WFRyvWkCHUHj8XpLWryAPqKzGfCrGmaJmn0nypzTV7E869NUQoqjAMR8nMBQUKZgJQ/4fakTKfJy6KCD99j/pBh21FLew7pG0TTLnC6SKX2SURZm/5kWDPexN3eaoqhKVRNG8P0rer4Qu4JTAUWtAmZHzDu70msvvk9+pht+VT8w6Nxpx5fNIm15HFi9xE0uD/oc/GHR0YcFdXvY3IW5clnK330XixxoRYep9P2dIV7ykt3KTqri3y7I7dxytP0PzXrNBebZUPDLMrDH8qPlIGs1Ey/wnVEhXGqfteSqOJUy8GxSNluUAn+tqYS45lnIH4j/SyY7jAcHTycjLwrZ88JdccOJSwzYojvwBXHlSvBntmO4MS+AGD1D7YXxZdePSquBflYpy6mJMn13lJUuHyo6BH9jgRldghRxHD3xF65EV82BWpD3sj6303CEEzPodHL36SwXgl4j9J7Ep4dvFE2WohaUl9cnLRFwdMPcCe8IC9gdM21Jx6a+1cpsY8+2OfM5FvaRT+ke3C7v2u4w67sBSuehSmLcildys47Dzr0AdZvpWjn59Qi6PK8ixu7en7OCis+2jl1fXpIHolMnRaSWEJLGDlZbCVVUUx/F0XSfRCVX8YMrhnWZAOAfY+yGzSYLvx8no/eQfqvhCgESeA2jiJUo72Kh9fIh3R1jJvNMrD/pwqu3HHOioyeCdlO4jxZoxCs73M8P8GaTdGfIcIDZ4BLhe5gn+XbToiAdnRI9fQUlyA2r8+AZAt0WKfJoJghStnkdYmaVfSaoVGTtGn8ynuSayFKHY6j6W7TlPOuMtmJFrLKwZNLu/9Zc7v2rgZ5Jl8tcL3iZFYhLovdoWATWsx1ELsYAGZNM/9xw54074FG/vpGfgD5xIT4Jhxqt6koJCS/WgmNzpUSSPvTWwpiOeRVkXUeKyr7OOrUAY2FXc+o+W2Az7xGXirzVkg5UpDazWyaaH1ZOXf/nyn/UTpqCNBVGyz79HIyRiil33rVsZ3ozTTHIOUJJMxleiDgRNJJhkgCUrsEhjP61CGfe0UWbg8AdA59uLyK+6EfcHEB3PilBwHu0sTipx6GMJhCASDpB/QVswF9BPExRLqscwev&u=U2FsdGVkX1+Fo4ScUN5u+9Kr/Q6z2oFXZdmoRpbhEAY=&y=U2FsdGVkX1+8k2OIz3kBDeD/MjRuFjAsRjlV4Y0kqcL9ZHhvZW25aMNb/jaNTxbc HTTP/1.1" 200 26
186.84.90.91 - - [11/Nov/2022:13:26:31 -0500] "GET /kwssiamovil/sm/acme/a?s=U2FsdGVkX1/c/J0ivt5wTayWbfd1ZQNfBGtp6kfzRRwgtijRhUytx7lDGZCmX4DUc2WXeKAA/Mo0/vqAPtlGfe7G3KLJtCjNyT4/oTEskWbQ8No8+Yq/yxINVOmcMTxO+Jc1ZNgoizvdFpCQ4Wc5uRf4zHemvCeOtYL+p0uS1Qs=&u=U2FsdGVkX1+Fo4ScUN5u+9Kr/Q6z2oFXZdmoRpbhEAY=&y=U2FsdGVkX1+8k2OIz3kBDeD/MjRuFjAsRjlV4Y0kqcL9ZHhvZW25aMNb/jaNTxbc HTTP/1.1" 200 26
186.84.90.91 - - [11/Nov/2022:13:26:31 -0500] "GET /kwssiamovil/sm/acme/a?s=U2FsdGVkX1+g1idAuvXi4MGrK+dwyg3NUNXtTxuPRRNPFDJGlPeaWtJRoEKkmzDnO1dkLejKztjRYGw3gjvjdw9Anzjd99ovYp1HtK792YSSfaryyaeG7/J5L8ucYabo9GosB1AWBRxiu58b5T6iFLMPVjsybzb57Lz9zfemLlQ=&u=U2FsdGVkX1+Fo4ScUN5u+9Kr/Q6z2oFXZdmoRpbhEAY=&y=U2FsdGVkX1+8k2OIz3kBDeD/MjRuFjAsRjlV4Y0kqcL9ZHhvZW25aMNb/jaNTxbc HTTP/1.1" 200 26
186.84.90.91 - - [11/Nov/2022:13:26:31 -0500] "GET /kwssiamovil/sm/acme/a?s=U2FsdGVkX19NTcjF3XiFC3axNK7JFpQzpAdu9gOXMSTSXeYihpDeRAZI/9E2bBGkPbvsTYCNi+ZHJaNaHlZck7wG7fYGyglhPwXjofO0DlX4I+otqtza08Y47mg5TcWcZMHRzuGpeF74W9Nv7Ag/HAroFnS+7v+mX787al5Dkf4=&u=U2FsdGVkX1+Fo4ScUN5u+9Kr/Q6z2oFXZdmoRpbhEAY=&y=U2FsdGVkX1+8k2OIz3kBDeD/MjRuFjAsRjlV4Y0kqcL9ZHhvZW25aMNb/jaNTxbc HTTP/1.1" 200 26
186.84.90.91 - - [11/Nov/2022:13:26:31 -0500] "GET /kwssiamovil/sm/acme/a?s=U2FsdGVkX1+9VxsfmQZyo036fvo2ZFKtkcIUWIpSh1eaI9s3umzG17JfAtxsRduwl6WTU+Qu4+dRc1DU3bDbnFpxo07ROjmWXFqxktCFjO3Yq7rmV562agoSiF6R9mtMokV6bAal12c3w14/uHVfp2K6moZNG0jQrj6ewjoRgVpg/NYF9NdOmzrc7XV7FdXOGDtF04HIOhch+EQwhYA7+A==&u=U2FsdGVkX1+Fo4ScUN5u+9Kr/Q6z2oFXZdmoRpbhEAY=&y=U2FsdGVkX1+8k2OIz3kBDeD/MjRuFjAsRjlV4Y0kqcL9ZHhvZW25aMNb/jaNTxbc HTTP/1.1" 200 26
186.102.55.25 - - [11/Nov/2022:13:28:40 -0500] "OPTIONS /kwssiamovil/sm/setfile/f? HTTP/1.1" 200 13
186.102.55.25 - - [11/Nov/2022:13:28:40 -0500] "POST /kwssiamovil/sm/setfile/f? HTTP/1.1" 200 381
172.22.2.4 - - [11/Nov/2022:13:27:11 -0500] "HEAD /BLA/boletinlegal/ HTTP/1.1" 200 -
201.245.192.253 - - [11/Nov/2022:13:29:04 -0500] "POST /kwsrmcab/Wsrmcab  HTTP/1.1" 200 40655
216.245.221.92 - - [11/Nov/2022:13:29:11 -0500] "HEAD / HTTP/1.1" 200 -
186.102.55.25 - - [11/Nov/2022:13:29:36 -0500] "GET /kwssiamovil/sm/acme/a?s=U2FsdGVkX1/y8+RnG/CxKDfvgvrjxkzhQ12LSeJ6yPWbhI4rXmzgX6r0znkTps49fbvkeRb/unm6nAoFytop2SvV/idi8Gu5O4TWX9N93IR6qX33mRGrurCWVJjlKASLNKO7yNz6vUrjuWhWHZMmPq8vdUiWRjjD92CL885f90N2nlXSYNRvhuNwyu96AIhAc5uIyGdQGT4veaiy6Hxrj2DcudavbxDzl96GcBdYm9EseYGbM/Z9eTSE5shT4cXaQJ3y5BKIXM9EBG2+ZnpwDA==&u=U2FsdGVkX184uFD5x/+UKNTBK00b8VP91Im5GRWFLoA=&y=U2FsdGVkX1/rrRRv/ujwaB3MSY4a3aH08dNYCI5Iz4ZE4KpVlR+eOIBr8hfDQ0cA HTTP/1.1" 200 26
186.102.55.25 - - [11/Nov/2022:13:29:37 -0500] "GET /kwssiamovil/sm/acme/a?s=U2FsdGVkX1+Ow3XYpeWPM7cXzczQb2UPm6ZsQNwYF0ICx2B9O0dIFlEPO1aH1tfNXa+fVI8wzm6yCjsZRNd/k35lOVNA2zf58HZi+lVC44BO6AJVbKNJQ84T55/831GOc2cR1lpVY4ntWWcP3H/ZCrQHr/oQHAXwqoFvgPiz2CKCZNb+oRVmxaCnidhwYhipq4JwrXiVL2Bb/ZbR5HB27jETRkeBVXT09R5yB5V+BnBSOXRK51R5KBTDVVd+AjC0Kdtmc84ppvmcfhfEIE0wfsEYZs30cEiQOgvQnGb8pPirC60bagHTWHIWJ3quCQlKv5n8N+6slzqq1FGAu9bi7eUzAfCfCIThE+B06Xt4QylREHCGwvpI3j5L9w2bEpQIYNeLPDSqCVHmUNNihDckHoNUyhBJiatjlUcILqmYaAut3D/6ksrhRjMydCVoXUBpEvlbeZqWzuPcfhZFNcSCjj2acAHv2rsdgrXjz7AL9dzVlfHOfZKQGHyI8Xy2gdiAEJum69Xk0+jC5BlGAP7BFhLs+jrw9Tyyv52vagHX9N1Xb9DyoA6gDnhoCvLvmniUJLjaZf/l3ifp/UzalvZG9fytVKVnGPg3PatdDLIKMfoXOL9zfWcwcTdBuPK3Sw1/pxY+rpOpKVKIukWgzMPhZeA9f0Pyl78+gnDG5PW4qm+AR7fW8j8TQM0a7IW/WMCviF/5WNOkYUk5nqG857XA6Xb+05J/nqMnyjwN9gEeSCLNVxRhh8NAcinwFTGbL8e3M3OfaeahzVa1n7VWxHXOS7CktQM9sjtKX9Jih21+CxnoUSdBr9rqpLMi1zKm4moYldjkM9RNGVgZp5HkXNcGea8LI8yREfXvHEsFnwsJElgnB1hdI7w5oTiHP0XLlZ8fdURpQiXHbUkAWeYRdZJXmfFCxFXV+KEFUn85esuiWv5VZKgDE9YG3vyfpUTHvvBBrzUFZo/8iH6RM0RnKaOwWSYGUMXH72EarPt3g4WKu07ezN7gSCcqZlCe7o+PuFmfzomQumTkJx+IAuQdV62ZzJcRCNCaRcLNgCetz7rshcIAO4kWj2IVgRpqtM3kS/UVPcMtQlb7YdaOox/zovK2+oXOdxnE8cUmrNuaip3WwZ84/HRUSR5/ISwKsDSvcEqsbPxYMDRcR9Z6yKNEvuULlnC+Yknh+Oy3gEwaxrWNnnPXieFAshncFHh9e2Avp6VxSWQpbvwCDXlyUSunGAUggqFWHh4JtySqNgq/GaqlHZI1HrVU86H47OosxvVGVqGDY5wQFMOEXUsklDXLd6LSRuprPXPK0YxfilT4TvYQ06Wj9Z862RwnMdWteElxoewTxgSPLjN/Zt8MoyYIPz2JKW7w7Q4IJ9b5RlyinbqTLbouueCyfywU/bAMC46kpx6Olg8GeSIdCsGdxoUehPkmtQ/d2KubYL3AiXrAPjBvEvM2II8dVT8iNC/mqepKs1CDHGQm/WrNbnDsJULrzqkWfuZGoiIPXzOLUwk7tErn82MBksriM1dUJwGkOS3h+udjHKigV7NMaUX8Qs4D4xzPm5Pxz+TTk+7UZWNARxmxqBngDUM1lNj1e38wJNqE6VFuhWwNxyGiAKEqR12tnSho0ZhzSwOBHNwAFyAWnX+fMd8uOejTQEpouRD6PbVIq/IJD5lcUUD3EbFaMrviFUCPw3znQ/RY/h/9Q1HTdbVV63WEKKUSJ9eA3djOqYJS/CPmF3wdbn6DysXBMuUHiuj5EAw2Itm9tqC6R/t2gOe7Qh1j7RC1l4WABlS4PbEoJwzHQ7RBVeic7z7ZqPFGCxDnJAigytcNDOqKUbCT4ZQfs+TY86/KSSplRF2Fz2TTcIB9NsEmmQN82FHR9QH6+Qi2greRL/cHDJL7cDQa5z1Lvqf+jhlxnqDraoORIr4s25iIjoLOe1CdffKRInkR4/eMeGVDoSzbIHazJJycGypxol3/MEg6dfzCPPKAX3luBnb9lRlLWqeLZyJy1oPp6mZlU+f07sl5BUJ5i5wvAUP7VpZKEVIgIFY6SIg9/sKaKYzM5JoSL5oFn/LCAS86B95qXPTChSULgrc5nVAJ/xQ5Tj2F3XAe2Dffp8psW8Bl5P5GEg9x9OMPqnYBOff3/zh5cAyxAcqLdwHNFDeT5AYQ4tiFrLdsVbPxrTCkf8CfGIStJiTRTm1Jr7Z0FlcNk2itlszmzXnhgloQZfM4W+xgm+EAZk2FKYDwd+VkcPNBDuJ58UJI0Vgyx1I6Wemu2wDJTs3uj7FlwMac2O//yeSEyvk=&u=U2FsdGVkX184uFD5x/+UKNTBK00b8VP91Im5GRWFLoA=&y=U2FsdGVkX1/rrRRv/ujwaB3MSY4a3aH08dNYCI5Iz4ZE4KpVlR+eOIBr8hfDQ0cA HTTP/1.1" 200 26
186.102.55.25 - - [11/Nov/2022:13:29:37 -0500] "GET /kwssiamovil/sm/acme/a?s=U2FsdGVkX1+ZIzwiDTzppo5Gqhjgizd7/H2gh2pJmtI4TPL5V3noST/rNxWWCx9mDYytg4VE2iPt5kdRhhhDirav/TwhTWhwwGEDEt/nTNN5Z295p/3Sx8LM7u2DhM//jPPGYCUB+kmNH25vzK60GU37kQEhO7GShWnKqGYFMRY=&u=U2FsdGVkX184uFD5x/+UKNTBK00b8VP91Im5GRWFLoA=&y=U2FsdGVkX1/rrRRv/ujwaB3MSY4a3aH08dNYCI5Iz4ZE4KpVlR+eOIBr8hfDQ0cA HTTP/1.1" 200 26
186.102.55.25 - - [11/Nov/2022:13:29:37 -0500] "GET /kwssiamovil/sm/acme/a?s=U2FsdGVkX18B9WFVCPcci21EtgP/JnraGi/FQKMBnnOqoBN6+AqTwlsok82r8FWpRJCpxxcwKo1za09UcBxqWjX50i15Z6q0YrnxTgZbJROHb35MgxUrMP4RW0km1uJL9CvHRssxNW33d7EUpEbxWBXjeu0In10Vrl/w30NnX4c=&u=U2FsdGVkX184uFD5x/+UKNTBK00b8VP91Im5GRWFLoA=&y=U2FsdGVkX1/rrRRv/ujwaB3MSY4a3aH08dNYCI5Iz4ZE4KpVlR+eOIBr8hfDQ0cA HTTP/1.1" 200 26
186.102.55.25 - - [11/Nov/2022:13:29:38 -0500] "GET /kwssiamovil/sm/acme/a?s=U2FsdGVkX1/SBDW7oLJPECY3xumfiVDzWmWIdsHVnOSRY/9yEykneih8HQ5JDIjUDM6MujF7RiSj/MjLrNxN7l/6aX9Shd8pTdg/LlGkyRU3H/sD3w/T5pWfbvcOpCf3CqJ2TxOFRZbIDx8SWYtpL7xw3iVkgCbXNiOi3lowkIU=&u=U2FsdGVkX184uFD5x/+UKNTBK00b8VP91Im5GRWFLoA=&y=U2FsdGVkX1/rrRRv/ujwaB3MSY4a3aH08dNYCI5Iz4ZE4KpVlR+eOIBr8hfDQ0cA HTTP/1.1" 200 26
186.102.55.25 - - [11/Nov/2022:13:29:38 -0500] "GET /kwssiamovil/sm/acme/a?s=U2FsdGVkX19W68LunqcVQlXywbuRWmsNORq3BtA+kzya2JU0oQUbsviUFvGwwAXrfByKWzFAZbniFQp1AU3LarWzVVpSDsb2KonwFreiGUKUXmu/nHUITIND3m/tT/WNvTli68B3kbUp+mcl3h410h8Dc9E7kpDDarEF/gW1/hDIjXm111RPxR9kKBk+QEcoTBIE8QYT2Fcwa1yZqMBPVw==&u=U2FsdGVkX184uFD5x/+UKNTBK00b8VP91Im5GRWFLoA=&y=U2FsdGVkX1/rrRRv/ujwaB3MSY4a3aH08dNYCI5Iz4ZE4KpVlR+eOIBr8hfDQ0cA HTTP/1.1" 200 26
186.102.55.25 - - [11/Nov/2022:13:29:40 -0500] "GET /kwssiamovil/sm/acme/a?s=U2FsdGVkX1/0dLYJ0IJpwcXTqQeP/q4CLJq9BfsPhsd4Yko/8W7S0/xA//66zKmK3AG2PY6ytKcH63ltYESCQ8CScLX0Ga2QU5QDnk5heRjq9U+iop37uMkV4OZdE1R7E7yPudtqDRE5GXp0a+cVPR5h3X1RvmZAByKxPCXNcTHtbJgAyjYFlFZ9oW8MYdySxW+qWbkbESpa7iUyMjlkDz56UymPBMmrbCIs2LWguhb4GrAiJLTEHlScmCdmzdewbBK9hApZy7OiWTxG4Z4EUBr38O0M2a+HoWhlRcQo5C0Aovsh351Dt0OmOR+ItJoDpOluyIOOftsxFa1BbamQslsMIzyNyiWTR4uJxsAFFkXIK8/RbXht4ZPkELhaG2F+AE6udSQM9E+Lsb9r2oJvn/b7JSnDPoSrNVpTm2cB6aPJDFYyQwcRDuB8vytsIlj18KTlfGi+h6B3GaYvV0qaVo9gV/+YyoMGO46MqGj7++92OBmTzw4DRrv8DUcaGvjBPOzc8iq2usbtsxUvQfPZPQPszwh6wqwErhMOwvmBqgjtSKq0qP+t7pkcTVv0pUry&u=U2FsdGVkX184uFD5x/+UKNTBK00b8VP91Im5GRWFLoA=&y=U2FsdGVkX1/rrRRv/ujwaB3MSY4a3aH08dNYCI5Iz4ZE4KpVlR+eOIBr8hfDQ0cA HTTP/1.1" 200 25
186.102.55.25 - - [11/Nov/2022:13:29:40 -0500] "GET /kwssiamovil/sm/acme/a?s=U2FsdGVkX19iEqZQDUQJ0rKgS46NduvN1NNnxpz78vTbc1rs6fVH4+YhOm1Iiewl3wfbLaio9i5zenHFVtXWm3vQqaobagk6iq4Zy69uLaVONy4P5Yw02mYLfhbgLKY5ovtpnbga/lcZENK3RWotc3f5QzC7mH0DFZIC9GmR3mAu3Pjjw3t/rJM1/aLLRK7TmqmRgJQW2UO4eV4QBQdV6SVPqhR7adHL35TalBxtU0E8tE6WV/a+JtL8nBbUxdmbePGMNx6J3ym7QD9P/lWN0AVlPSZ+xAIByJtpRFL1kDVik5WXqSSKW0u2UuNd+bmCdEZJjgkQ7vNqjqlIk0wcYGKtd6XJpLlr/Wg7PQVN9DoLvnqgslgqYvF8jjoMVuIuDjREiU646TmWK2VFpccHNNnS/6M5cDzkckNeZa06NZ/V7IM0gkkSB6CjYe/I6nyj2+D304wfoZzaSMldj3VSCJYLCXGJv5rluYCfRhNJ01BRnuipUPfDw2QTGjn4mKaxdNYTP3DIVWykUouqtWvT8g==&u=U2FsdGVkX184uFD5x/+UKNTBK00b8VP91Im5GRWFLoA=&y=U2FsdGVkX1/rrRRv/ujwaB3MSY4a3aH08dNYCI5Iz4ZE4KpVlR+eOIBr8hfDQ0cA HTTP/1.1" 200 25
172.22.2.4 - - [11/Nov/2022:13:28:01 -0500] "GET /BLA/boletinlegal/ HTTP/1.1" 200 56474
40.77.167.57 - - [11/Nov/2022:13:30:48 -0500] "GET /BLA/resoluciones/RESOLUCIONES%202022/0324.pdf HTTP/1.1" 200 537061
190.27.85.114 - - [11/Nov/2022:13:31:00 -0500] "POST /sipse/faces/presentacion/financiero/solicitudBienServicio/asociarBienServicioSolicitud.xhtml HTTP/1.1" 200 25946
190.27.85.114 - - [11/Nov/2022:13:31:08 -0500] "POST /sipse/faces/presentacion/financiero/solicitudBienServicio/asociarBienServicioSolicitud.xhtml HTTP/1.1" 200 2830
190.24.28.0 - - [11/Nov/2022:13:31:21 -0500] "GET /forest/ HTTP/1.1" 200 12041
190.27.85.114 - - [11/Nov/2022:13:31:25 -0500] "POST /sipse/faces/presentacion/financiero/solicitudBienServicio/asociarBienServicioSolicitud.xhtml HTTP/1.1" 200 77291
190.27.85.114 - - [11/Nov/2022:13:31:25 -0500] "GET /sipse/faces/javax.faces.resource/theme.css?ln=primefaces-sipse HTTP/1.1" 304 -
190.27.85.114 - - [11/Nov/2022:13:31:25 -0500] "GET /sipse/faces/javax.faces.resource/primefaces.css?ln=primefaces&v=4.0 HTTP/1.1" 304 -
190.27.85.114 - - [11/Nov/2022:13:31:25 -0500] "GET /sipse/faces/javax.faces.resource/layout/layout.css?ln=primefaces&v=4.0 HTTP/1.1" 304 -
190.27.85.114 - - [11/Nov/2022:13:31:25 -0500] "GET /sipse/faces/javax.faces.resource/jquery/jquery.js?ln=primefaces&v=4.0 HTTP/1.1" 304 -
190.27.85.114 - - [11/Nov/2022:13:31:25 -0500] "GET /sipse/faces/javax.faces.resource/jquery/jquery-plugins.js?ln=primefaces&v=4.0 HTTP/1.1" 304 -
190.27.85.114 - - [11/Nov/2022:13:31:25 -0500] "GET /sipse/faces/javax.faces.resource/primefaces.js?ln=primefaces&v=4.0 HTTP/1.1" 304 -
190.27.85.114 - - [11/Nov/2022:13:31:25 -0500] "GET /sipse/faces/javax.faces.resource/layout/layout.js?ln=primefaces&v=4.0 HTTP/1.1" 304 -
190.27.85.114 - - [11/Nov/2022:13:31:25 -0500] "GET /sipse/css/imagen/contrasena.png HTTP/1.1" 404 383
190.27.85.114 - - [11/Nov/2022:13:31:25 -0500] "GET /sipse/faces/javax.faces.resource/images/ui-icons_898989_256x240.png?ln=primefaces-aristo HTTP/1.1" 304 -
190.24.28.0 - - [11/Nov/2022:13:31:29 -0500] "POST /forest/index.php HTTP/1.1" 200 12268
190.27.85.114 - - [11/Nov/2022:13:31:28 -0500] "POST /sipse/faces/presentacion/financiero/solicitudProceso/crearModificarSolicitudProceso.xhtml HTTP/1.1" 200 16113
201.245.192.253 - - [11/Nov/2022:13:31:44 -0500] "POST /kwsrmcab/Wsrmcab HTTP/1.1" 200 41969
201.245.192.253 - - [11/Nov/2022:13:31:46 -0500] "POST /kwsrmcab/Wsrmcab HTTP/1.1" 200 42175
190.27.85.114 - - [11/Nov/2022:13:31:36 -0500] "POST /sipse/faces/presentacion/financiero/solicitudProceso/crearModificarSolicitudProceso.xhtml HTTP/1.1" 200 45540
190.27.85.114 - - [11/Nov/2022:13:31:49 -0500] "GET /sipse/faces/javax.faces.resource/theme.css?ln=primefaces-sipse HTTP/1.1" 304 -
190.27.85.114 - - [11/Nov/2022:13:31:49 -0500] "GET /sipse/faces/javax.faces.resource/primefaces.css?ln=primefaces&v=4.0 HTTP/1.1" 304 -
190.27.85.114 - - [11/Nov/2022:13:31:49 -0500] "GET /sipse/faces/javax.faces.resource/jquery/jquery.js?ln=primefaces&v=4.0 HTTP/1.1" 304 -
190.27.85.114 - - [11/Nov/2022:13:31:49 -0500] "GET /sipse/faces/javax.faces.resource/layout/layout.js?ln=primefaces&v=4.0 HTTP/1.1" 304 -
190.27.85.114 - - [11/Nov/2022:13:31:49 -0500] "GET /sipse/faces/javax.faces.resource/layout/layout.css?ln=primefaces&v=4.0 HTTP/1.1" 304 -
190.27.85.114 - - [11/Nov/2022:13:31:49 -0500] "GET /sipse/faces/javax.faces.resource/jquery/jquery-plugins.js?ln=primefaces&v=4.0 HTTP/1.1" 304 -
190.27.85.114 - - [11/Nov/2022:13:31:49 -0500] "GET /sipse/faces/javax.faces.resource/primefaces.js?ln=primefaces&v=4.0 HTTP/1.1" 304 -
190.27.85.114 - - [11/Nov/2022:13:31:58 -0500] "GET /sipse/faces/javax.faces.resource/images/ui-bg_flat_0_2d5972_40x100.png?ln=primefaces-aristo HTTP/1.1" 304 -
190.27.85.114 - - [11/Nov/2022:13:31:58 -0500] "POST /sipse/faces/presentacion/financiero/solicitudBienServicio/asociarBienServicioSolicitud.xhtml HTTP/1.1" 200 2803
172.22.2.1 - - [11/Nov/2022:13:32:06 -0500] "GET /reportes_sipse/sdg/ServletViabilidad?reporte=memo_viabilidad&solicitud=19475 HTTP/1.1" 200 1538
190.27.85.114 - - [11/Nov/2022:13:32:08 -0500] "GET /sipse/faces/javax.faces.resource/images/ui-icons_898989_256x240.png?ln=primefaces-aristo HTTP/1.1" 304 -
190.27.85.114 - - [11/Nov/2022:13:32:10 -0500] "POST /sipse/faces/presentacion/financiero/solicitudBienServicio/asociarBienServicioSolicitud.xhtml HTTP/1.1" 200 78514
190.27.85.114 - - [11/Nov/2022:13:32:10 -0500] "GET /sipse/faces/javax.faces.resource/theme.css?ln=primefaces-sipse HTTP/1.1" 304 -
190.27.85.114 - - [11/Nov/2022:13:32:10 -0500] "GET /sipse/faces/javax.faces.resource/primefaces.css?ln=primefaces&v=4.0 HTTP/1.1" 304 -
190.27.85.114 - - [11/Nov/2022:13:32:10 -0500] "GET /sipse/faces/javax.faces.resource/layout/layout.css?ln=primefaces&v=4.0 HTTP/1.1" 304 -
190.27.85.114 - - [11/Nov/2022:13:32:10 -0500] "GET /sipse/faces/javax.faces.resource/jquery/jquery.js?ln=primefaces&v=4.0 HTTP/1.1" 304 -
190.27.85.114 - - [11/Nov/2022:13:32:10 -0500] "GET /sipse/faces/javax.faces.resource/jquery/jquery-plugins.js?ln=primefaces&v=4.0 HTTP/1.1" 304 -
190.27.85.114 - - [11/Nov/2022:13:32:10 -0500] "GET /sipse/faces/javax.faces.resource/primefaces.js?ln=primefaces&v=4.0 HTTP/1.1" 304 -
190.27.85.114 - - [11/Nov/2022:13:32:10 -0500] "GET /sipse/faces/javax.faces.resource/layout/layout.js?ln=primefaces&v=4.0 HTTP/1.1" 304 -
190.27.85.114 - - [11/Nov/2022:13:32:10 -0500] "GET /sipse/css/imagen/contrasena.png HTTP/1.1" 404 383
190.27.85.114 - - [11/Nov/2022:13:32:13 -0500] "POST /sipse/faces/presentacion/financiero/solicitudProceso/crearModificarSolicitudProceso.xhtml HTTP/1.1" 200 45540
190.27.85.114 - - [11/Nov/2022:13:32:26 -0500] "GET /sipse/faces/javax.faces.resource/theme.css?ln=primefaces-sipse HTTP/1.1" 304 -
190.27.85.114 - - [11/Nov/2022:13:32:26 -0500] "GET /sipse/faces/javax.faces.resource/primefaces.css?ln=primefaces&v=4.0 HTTP/1.1" 304 -
190.27.85.114 - - [11/Nov/2022:13:32:26 -0500] "GET /sipse/faces/javax.faces.resource/layout/layout.css?ln=primefaces&v=4.0 HTTP/1.1" 304 -
190.27.85.114 - - [11/Nov/2022:13:32:26 -0500] "GET /sipse/faces/javax.faces.resource/jquery/jquery.js?ln=primefaces&v=4.0 HTTP/1.1" 304 -
190.27.85.114 - - [11/Nov/2022:13:32:26 -0500] "GET /sipse/faces/javax.faces.resource/jquery/jquery-plugins.js?ln=primefaces&v=4.0 HTTP/1.1" 304 -
190.27.85.114 - - [11/Nov/2022:13:32:26 -0500] "GET /sipse/faces/javax.faces.resource/primefaces.js?ln=primefaces&v=4.0 HTTP/1.1" 304 -
190.27.85.114 - - [11/Nov/2022:13:32:26 -0500] "GET /sipse/faces/javax.faces.resource/layout/layout.js?ln=primefaces&v=4.0 HTTP/1.1" 304 -
190.27.85.114 - - [11/Nov/2022:13:32:30 -0500] "POST /sipse/faces/presentacion/financiero/solicitudBienServicio/asociarBienServicioSolicitud.xhtml HTTP/1.1" 200 2851
172.22.2.1 - - [11/Nov/2022:13:32:37 -0500] "GET /reportes_sipse/sdg/ServletViabilidad?reporte=memo_viabilidad&solicitud=19470 HTTP/1.1" 200 1538
190.27.85.114 - - [11/Nov/2022:13:32:40 -0500] "POST /sipse/faces/presentacion/financiero/solicitudBienServicio/asociarBienServicioSolicitud.xhtml HTTP/1.1" 200 79786
190.27.85.114 - - [11/Nov/2022:13:32:41 -0500] "GET /sipse/faces/javax.faces.resource/theme.css?ln=primefaces-sipse HTTP/1.1" 304 -
190.27.85.114 - - [11/Nov/2022:13:32:41 -0500] "GET /sipse/faces/javax.faces.resource/layout/layout.css?ln=primefaces&v=4.0 HTTP/1.1" 304 -
190.27.85.114 - - [11/Nov/2022:13:32:41 -0500] "GET /sipse/faces/javax.faces.resource/primefaces.css?ln=primefaces&v=4.0 HTTP/1.1" 304 -
190.27.85.114 - - [11/Nov/2022:13:32:41 -0500] "GET /sipse/faces/javax.faces.resource/jquery/jquery.js?ln=primefaces&v=4.0 HTTP/1.1" 304 -
190.27.85.114 - - [11/Nov/2022:13:32:41 -0500] "GET /sipse/faces/javax.faces.resource/jquery/jquery-plugins.js?ln=primefaces&v=4.0 HTTP/1.1" 304 -
190.27.85.114 - - [11/Nov/2022:13:32:41 -0500] "GET /sipse/faces/javax.faces.resource/primefaces.js?ln=primefaces&v=4.0 HTTP/1.1" 304 -
190.27.85.114 - - [11/Nov/2022:13:32:41 -0500] "GET /sipse/faces/javax.faces.resource/layout/layout.js?ln=primefaces&v=4.0 HTTP/1.1" 304 -
190.27.85.114 - - [11/Nov/2022:13:32:41 -0500] "GET /sipse/css/imagen/contrasena.png HTTP/1.1" 404 383
172.22.2.1 - - [11/Nov/2022:13:32:48 -0500] "GET /reportes_sipse/sdg/ServletViabilidad?reporte=memo_viabilidad&solicitud=19479 HTTP/1.1" 200 1538
190.27.85.114 - - [11/Nov/2022:13:32:59 -0500] "GET /sipse/faces/javax.faces.resource/theme.css?ln=primefaces-sipse HTTP/1.1" 304 -
190.27.85.114 - - [11/Nov/2022:13:32:59 -0500] "GET /sipse/faces/javax.faces.resource/primefaces.css?ln=primefaces&v=4.0 HTTP/1.1" 304 -
190.27.85.114 - - [11/Nov/2022:13:32:59 -0500] "GET /sipse/faces/javax.faces.resource/layout/layout.css?ln=primefaces&v=4.0 HTTP/1.1" 304 -
190.27.85.114 - - [11/Nov/2022:13:32:59 -0500] "GET /sipse/faces/javax.faces.resource/jquery/jquery.js?ln=primefaces&v=4.0 HTTP/1.1" 304 -
190.27.85.114 - - [11/Nov/2022:13:32:59 -0500] "GET /sipse/faces/javax.faces.resource/jquery/jquery-plugins.js?ln=primefaces&v=4.0 HTTP/1.1" 304 -
190.27.85.114 - - [11/Nov/2022:13:32:59 -0500] "GET /sipse/faces/javax.faces.resource/primefaces.js?ln=primefaces&v=4.0 HTTP/1.1" 304 -
190.27.85.114 - - [11/Nov/2022:13:32:59 -0500] "GET /sipse/faces/javax.faces.resource/layout/layout.js?ln=primefaces&v=4.0 HTTP/1.1" 304 -
190.27.85.114 - - [11/Nov/2022:13:32:47 -0500] "POST /sipse/faces/presentacion/financiero/solicitudProceso/crearModificarSolicitudProceso.xhtml HTTP/1.1" 200 45540
190.27.85.114 - - [11/Nov/2022:13:33:03 -0500] "POST /sipse/faces/presentacion/financiero/solicitudBienServicio/asociarBienServicioSolicitud.xhtml HTTP/1.1" 200 2842
172.22.2.1 - - [11/Nov/2022:13:33:10 -0500] "GET /reportes_sipse/sdg/ServletViabilidad?reporte=memo_viabilidad&solicitud=19472 HTTP/1.1" 200 1538
190.27.85.114 - - [11/Nov/2022:13:33:13 -0500] "POST /sipse/faces/presentacion/financiero/solicitudBienServicio/asociarBienServicioSolicitud.xhtml HTTP/1.1" 200 81015
190.27.85.114 - - [11/Nov/2022:13:33:13 -0500] "GET /sipse/faces/javax.faces.resource/theme.css?ln=primefaces-sipse HTTP/1.1" 304 -
190.27.85.114 - - [11/Nov/2022:13:33:13 -0500] "GET /sipse/faces/javax.faces.resource/primefaces.css?ln=primefaces&v=4.0 HTTP/1.1" 304 -
190.27.85.114 - - [11/Nov/2022:13:33:13 -0500] "GET /sipse/faces/javax.faces.resource/layout/layout.css?ln=primefaces&v=4.0 HTTP/1.1" 304 -
190.27.85.114 - - [11/Nov/2022:13:33:13 -0500] "GET /sipse/faces/javax.faces.resource/jquery/jquery.js?ln=primefaces&v=4.0 HTTP/1.1" 304 -
190.27.85.114 - - [11/Nov/2022:13:33:13 -0500] "GET /sipse/faces/javax.faces.resource/jquery/jquery-plugins.js?ln=primefaces&v=4.0 HTTP/1.1" 304 -
190.27.85.114 - - [11/Nov/2022:13:33:13 -0500] "GET /sipse/faces/javax.faces.resource/primefaces.js?ln=primefaces&v=4.0 HTTP/1.1" 304 -
190.27.85.114 - - [11/Nov/2022:13:33:13 -0500] "GET /sipse/faces/javax.faces.resource/layout/layout.js?ln=primefaces&v=4.0 HTTP/1.1" 304 -
190.27.85.114 - - [11/Nov/2022:13:33:13 -0500] "GET /sipse/css/imagen/contrasena.png HTTP/1.1" 404 383
172.22.2.1 - - [11/Nov/2022:13:33:43 -0500] "GET /reportes_sipse/sdg/ServletViabilidad?reporte=memo_viabilidad&solicitud=19480 HTTP/1.1" 200 1538
201.245.192.253 - - [11/Nov/2022:13:34:04 -0500] "POST /kwsrmcab/Wsrmcab  HTTP/1.1" 200 40655
216.245.221.92 - - [11/Nov/2022:13:34:11 -0500] "HEAD / HTTP/1.1" 200 -
172.22.2.1 - - [11/Nov/2022:13:34:13 -0500] "GET /reportes_sipse/sdg/ServletViabilidad?reporte=memo_viabilidad&solicitud=19469 HTTP/1.1" 200 1538
172.22.2.4 - - [11/Nov/2022:13:33:01 -0500] "HEAD /BLA/boletinlegal/ HTTP/1.1" 200 -
172.22.2.4 - - [11/Nov/2022:13:33:51 -0500] "GET /BLA/boletinlegal/ HTTP/1.1" 200 58185
201.245.192.253 - - [11/Nov/2022:13:36:10 -0500] "GET /mesa/contrasena.pdf HTTP/1.1" 200 443199
201.245.192.253 - - [11/Nov/2022:13:36:10 -0500] "GET /mesa/contrasena.pdf HTTP/1.1" 206 1
201.245.192.253 - - [11/Nov/2022:13:36:10 -0500] "GET /mesa/contrasena.pdf HTTP/1.1" 206 1091
186.102.41.81 - - [11/Nov/2022:13:36:17 -0500] "OPTIONS /kwssiamovil/sm/setfile/f? HTTP/1.1" 200 13
186.102.41.81 - - [11/Nov/2022:13:36:17 -0500] "POST /kwssiamovil/sm/setfile/f? HTTP/1.1" 200 381
186.102.41.81 - - [11/Nov/2022:13:36:25 -0500] "GET /kwssiamovil/sm/acme/a?s=U2FsdGVkX1+vrS7NwR5a4KoJZbl2Jys+kLK5X+V9XBxQV+4LCcXFlZ1gWM9qWziI0gxXOSviHGi6gq8fAHmVCN41l+tjXM7c8adoGV03ienfhsC2fYcSxKG6Fo5awio4b3p+zZudg77oyBWiYonGBwXgqtiBSUFHDyKmKcEBqXPUjEmwVcosAGriSPIbU4r78pNIexavHHcPGqi9elr9/MXfjpF70GcdjAiUwx2sDh27UmZu0HMqPW1/EQ6imkCY1CxS9YoPgHcfg5kYR4+0Iw==&u=U2FsdGVkX18rXX8LvBY3dCf0oOYLLZn9TrfwOBjnL/M=&y=U2FsdGVkX1+IkpxhWkN7DeiipUwYI3scGDer3gZyYlkFTkrGmWvyv96r/0TAUCBl HTTP/1.1" 200 26
