186.102.14.26 - - [11/Nov/2022:11:37:31 -0500] "GET /kwssiamovil/sm/acme/a?s=U2FsdGVkX18Kin2y7JSJ3scX3A4T1YWha/iLFQl48q7IRp4R1XNzAP+I1gYKl7W9p1/F8VCM0QkJsy3x6pIYQMDzkYQe81zW1fbsgVljoA/bt54ii+jSvwLpXbRVK6U1f4tZ55d9o4v6/PZfW7KRpwp0JQ119aRXXZ1hbNUgBeEeM/lagVLtN/msv3o9Su/EDomxyAgi06euYncoqRa0BIIyMn1eUQ9VOpF7xDEhfzCguqIIhUCmmcPCFUsTXV7a6GHA+HtXCNL5bsgsT09AEH1KiBFOcNyS9FCYHDnsSsc94ekpczyOvMXI656O+5Oe+livftFM76iu/5YiuuOz9gkQiCXYCnQJktL+QEDKYWp3AOg5/S0DLuy0fmbhJeDQ1l0qd+L+SAQlgQI/J5MvhGqL7M0SAJqW6HchKmuBikavl7AlQmecK8Zl66mcUwFKNSe4kJZYck/zw+meCrhZsGkugKG61A1PbgzeZqhy+w2Wgzj/0YBPKAyzqbf28XCrZqeDTDHXcwt/wO3ACO85HkFei5BbEtewRzez1drGAhg=&u=U2FsdGVkX184uFD5x/+UKNTBK00b8VP91Im5GRWFLoA=&y=U2FsdGVkX1/rrRRv/ujwaB3MSY4a3aH08dNYCI5Iz4ZE4KpVlR+eOIBr8hfDQ0cA HTTP/1.1" 200 25
186.102.14.26 - - [11/Nov/2022:11:37:31 -0500] "GET /kwssiamovil/sm/acme/a?s=U2FsdGVkX188qUYF+t16xq0u/NLBV4QWL7KdguFzxQc5UH2BoNh25M5bXp2CD0bW5tpDCtl4USQYkmgnqUfrDTbpPePxpM+WKZk8YJAfgDa4pVfXghcVbydFgb+A0ArYN4g4sNqh/64DKV8p2g+sfJaaWepkuXls2fhPx8Y6JmaUbUCt+Pnxbmf5+uCOryEkbLAs/YNxcppF8UkvSxlOWb6YyAt1C4qY/Do3Kpi0FQnqcp1vYP2DYFxqMAH73zYVxJqTpaHMi1TrWySqVE4jrw0Z1d6GmDNdGeyhrnUz7kV61j/7BF5NiWwnDL3TV4md8H2uWXw+5dYnsYOqffgffqRxvKQN3zIrnxPmVKNVujS97RIgcM+zrxCRmwpp5ZOQF0jZovNaQaeLw+OmwVoHQONL7R5Z/rIYfv2qReOENRyfZVgjrucSgUweySWh1Fcab33SLdVsO9qe98W7CVIziB6I8CBLpdBcdNZpgNrQdMFHF/IlNjfatxsVGOZ81MMR&u=U2FsdGVkX184uFD5x/+UKNTBK00b8VP91Im5GRWFLoA=&y=U2FsdGVkX1/rrRRv/ujwaB3MSY4a3aH08dNYCI5Iz4ZE4KpVlR+eOIBr8hfDQ0cA HTTP/1.1" 200 25
186.102.14.26 - - [11/Nov/2022:11:37:32 -0500] "GET /kwssiamovil/sm/acme/a?s=U2FsdGVkX1/IlJhxcKvOl9Kke+1AMH3wr72EM6xxuc1EPrltzEnMROsVMIFoANLtpr2X9p1NrlHv70kQTJFPYytk7AH1tJjt3uAXVz7GjZqQLbNvDxXkpF9B4zpBdeoMkyIhffN7R2VtMeMpFt3epBTxNcHyAsQhL4AFMjerJjKftxxTxefzk7AinO+wLzBwWxnDmQsjSG1jRAimhzC2HHAQTv7B+rdvA0hf/FK1is4Ufs2Pm6Lfq+kM+1z/RdKuYsnSECPGDV4TArhgeflZPyPl7b+dRFaJt7VZM9jTXODta+ngi6QaqNqDpNbBjyYcJY5o7SBvA49I1F8BoXQyD5bIwlL8gUsz6tK+pZ0s5UOrP1fCsp7p3+h8XFm5KgVGPVdl3ot3ExV0VvGgAHyEUbj6rBQ8XKz+eirPOk5pWYxZasLuzA4M7TkjuAelrdRTKKZpkx0GSw/A/ABQUwana0/vFCRxTbJsYxcv3a5YjZibc+ghm3PFc8BQh7XD4XQrWUu9RSD/7Ky2GCjrFSu5yYbf3bQdqR+eT/vPU9W/Itf/5QKp7oUN9RZmNxhkYU+g43n/3GWwrbwwAzj3ClHwjw==&u=U2FsdGVkX184uFD5x/+UKNTBK00b8VP91Im5GRWFLoA=&y=U2FsdGVkX1/rrRRv/ujwaB3MSY4a3aH08dNYCI5Iz4ZE4KpVlR+eOIBr8hfDQ0cA HTTP/1.1" 200 25
186.102.14.26 - - [11/Nov/2022:11:37:32 -0500] "GET /kwssiamovil/sm/acme/a?s=U2FsdGVkX1+81T0rd1Gn261/wHU6cNN0xmTpEmOXoFasxzLeWmyJiBT7vv5shNtlu7Lq6ONRWOae8r3+NnqilOnWcJb+KG+OnMHCHSKQG87tAtROWSC+3XSkBgEhsjd6jLvD1ujLwlNL/tl0BwUSSvb4l/klRX0uzTvHK35jWOkzlWCYIwUjTTES9s2TmvPO6iT/6xc4uGIRmg3ngmSrdFlV/pm7zxu3ulUBegyrmep76JkG/L4tA3HD+wNP7B1Up4Ii/GU+9tmGvDy7qkHVCkdz8wFnS4ENNV2sjTLUkiEzGgu/Prh5hZcH5x38CDjJGpKnzXLc15m6b5MLWqpzlfwZWKsUUnIOPngngkEJhCjz+YbXyZYwtmXMtdGw6iPmiBc9qYeNcPmL2XH46yHCdnNb52FuElmmsILNmEQt3jnFwrQSRVANt1154eAFnDsRT4fw6wmELoocNj4S0gzygRggEjWa6/8PTL0z71IPdK4kMEMjvI95Rx2eQLoCGlR2FNUqHD452Q+SSLHMpTvm+jbpxllTMRVZ9vwM86z5ad0=&u=U2FsdGVkX184uFD5x/+UKNTBK00b8VP91Im5GRWFLoA=&y=U2FsdGVkX1/rrRRv/ujwaB3MSY4a3aH08dNYCI5Iz4ZE4KpVlR+eOIBr8hfDQ0cA HTTP/1.1" 200 25
186.102.14.26 - - [11/Nov/2022:11:37:32 -0500] "GET /kwssiamovil/sm/acme/a?s=U2FsdGVkX1/11gz9uM1kVSAvBkTtdUaKk/duLk4hJ31WQsVlr68jyC3E28tESxMHym/EfyNkkUh+6lDwI3vxxOISIHkrODaMAXo0uwe90vNwk/KlyP253tSag3ZiCycCcf/3oHElWIAi85yeDhHarCDfBpxqlBJxE6prFoK9EPN9W93URN72aVDpKKYkT3uvWUEvSGCr0ArS6k6YEWXDwsafI+euGsNU3tmJjar3uXINzvV1e64NYAnOO5LPT9iC3p6Ix/nyxed4ZS+c6ndoRszzK/RFpO4OGf5pkmmthaxAJKgetrKj9OgcxVUXLLojW+hUKOZQBuBWsNl2GPW9pSaG5mT0jsNiYPg/hIBf5Oaik0R9dHN9Aq8yAIqvPQaNcwflr9a235w5QDZFSbsYciwc+tJft1TVdlDTerKYNHTb9nQg58mKAAdaymLtIKGcyvE2qUjBeJqecbU+8pGQDKiH7JAnFkrEE6sKdjZ/Jg0MhtU0bXIIworYSZPqgxE6B9hMGlYXgq+kNXrRcM8SMgSwtkqERD1NVOT4tgGX37+IkwokLTq0yDOYkuhIcpXl&u=U2FsdGVkX184uFD5x/+UKNTBK00b8VP91Im5GRWFLoA=&y=U2FsdGVkX1/rrRRv/ujwaB3MSY4a3aH08dNYCI5Iz4ZE4KpVlR+eOIBr8hfDQ0cA HTTP/1.1" 200 25
186.102.14.26 - - [11/Nov/2022:11:37:32 -0500] "GET /kwssiamovil/sm/acme/a?s=U2FsdGVkX1/x/X/+F8jnwODJlz6CraHPPhxo8RKqg+Iqk+nbsuSaDQRwj44ESINOLXQTDicaiXucxe1lJDouOBOLJ5HTA54JE8atJyirqKUrbHeO3vJ8OjEMsCI+mJTlL9Xf6TTzngkTBCBRpJIwA7a9PrdlxwZFXSJ0jvy3GkId5dUygiGcrUudNOsUHOwoUjs5ta7z+1qiAPS2arH9q99okP+0So8zhy5ltVtsCSXwDUt6AO8PYuR4pdGz80R8APmIs3wsmUT9SSVSw7RR5RN2prAl6jeDoMvDNBTlTDfqBFe+PFwwiMMQ74Z8C59N5bb+FmhyffsayFPZX4XRkhCk7gBZbRBtgEW+rTrEmEPsjVVViEMo9NmGpcY4XGNM0c210q0lfmc4S9nI+/P6+F5RLocCbC6S4/a/Iwd9ifBHOGAWFjq1wqjB6oZuG8ed3LMzJJMrBLgZl8cW04QHKd073Xj703JKTvOUqhzxhPsrYRLXGaD10wMky/frEumR+SygnGISngOEgQBXxhjdHg==&u=U2FsdGVkX184uFD5x/+UKNTBK00b8VP91Im5GRWFLoA=&y=U2FsdGVkX1/rrRRv/ujwaB3MSY4a3aH08dNYCI5Iz4ZE4KpVlR+eOIBr8hfDQ0cA HTTP/1.1" 200 25
172.22.2.4 - - [11/Nov/2022:11:36:21 -0500] "HEAD /BLA/boletinlegal/ HTTP/1.1" 200 -
80.94.92.239 - - [11/Nov/2022:11:38:07 -0500] "GET / HTTP/1.1" 200 319
186.155.64.177 - - [11/Nov/2022:11:38:06 -0500] "GET /kwssiamovil/sm/des/cjson/pre?f=9&x=U2FsdGVkX19vpnVF0nGKqtyvKUUNkEhKq88669L91bXFJyEn1vsy1xIOXVn/GyYw HTTP/1.1" 200 25142
186.155.64.177 - - [11/Nov/2022:11:38:21 -0500] "GET /favicon.ico HTTP/1.1" 200 7782
186.155.64.177 - - [11/Nov/2022:11:38:34 -0500] "GET /kwssiamovil/sm/des/cjson/pre?f=17&x=U2FsdGVkX19vpnVF0nGKqtyvKUUNkEhKq88669L91bXFJyEn1vsy1xIOXVn/GyYw HTTP/1.1" 200 12737
172.22.2.4 - - [11/Nov/2022:11:37:11 -0500] "GET /BLA/boletinlegal/ HTTP/1.1" 200 57192
216.245.221.92 - - [11/Nov/2022:11:39:11 -0500] "HEAD / HTTP/1.1" 200 -
186.102.10.34 - - [11/Nov/2022:11:39:29 -0500] "OPTIONS /kwssiamovil/sm/setfile/f? HTTP/1.1" 200 13
201.245.192.253 - - [11/Nov/2022:11:39:29 -0500] "POST /kwsrmcab/Wsrmcab  HTTP/1.1" 200 40655
186.102.10.34 - - [11/Nov/2022:11:39:29 -0500] "POST /kwssiamovil/sm/setfile/f? HTTP/1.1" 200 381
186.102.10.34 - - [11/Nov/2022:11:39:32 -0500] "OPTIONS /kwssiamovil/sm/setfile/f? HTTP/1.1" 200 13
186.102.10.34 - - [11/Nov/2022:11:39:32 -0500] "POST /kwssiamovil/sm/setfile/f? HTTP/1.1" 200 381
186.102.10.34 - - [11/Nov/2022:11:39:36 -0500] "OPTIONS /kwssiamovil/sm/setfile/f? HTTP/1.1" 200 13
186.102.10.34 - - [11/Nov/2022:11:39:36 -0500] "POST /kwssiamovil/sm/setfile/f? HTTP/1.1" 200 381
186.102.36.108 - - [11/Nov/2022:11:39:39 -0500] "GET /kwssiamovil/sm/acme/s?s=U2FsdGVkX19YevVGamu3FRY50YPXTog4ezKpSXsE9FB4HLVBNxaMASXCXSUS4CDiT96/djeMURjlQHvK/yGeZZMei64YKxig5QgmpTG+O/S6EwoHAN1rRwnowwfNXNHacRh3QNQBCIU4x4qjsW/qD+eIB5O0WAe9YWGw85gQzE5kpyUbRWFl5VTFvd23bEbcaMEEhftNocdNlk02wvprONvZXbsahKySnKAM7kfPEi7Gt53XEAPpekYsWUKYBXpwnL9t1o9DeE2/0YsrI/vofKz+OquoBpmKqTpT6d/E97fVZeg9sitMvHnI+JJ11pFAksgAW+8ZDRAH/BHGV62/R7r375riB5KKOxmHKba49oAi9Bx9U3vB3Tk2PIBWpFYq&u=U2FsdGVkX1+wwbCS5FTAnlrzfvRnwiByfyrGRdF7P4aj/mU6INMbgu/ayhFFpGZq&y=U2FsdGVkX1/3fS6NWwArI80BmMG68ir9SZmR4G9DxMlCAh90Hopd8kSm6VTcstgF HTTP/1.1" 200 90
186.102.10.34 - - [11/Nov/2022:11:39:39 -0500] "OPTIONS /kwssiamovil/sm/setfile/f? HTTP/1.1" 200 13
186.102.36.108 - - [11/Nov/2022:11:39:39 -0500] "OPTIONS /kwssiamovil/sm/setfile/f? HTTP/1.1" 200 13
186.102.10.34 - - [11/Nov/2022:11:39:39 -0500] "POST /kwssiamovil/sm/setfile/f? HTTP/1.1" 200 381
186.102.10.34 - - [11/Nov/2022:11:39:43 -0500] "OPTIONS /kwssiamovil/sm/setfile/f? HTTP/1.1" 200 13
78.71.209.43 - - [11/Nov/2022:11:39:45 -0500] "GET /distrito-realiza-las-primeras-vasectomias-a-palomas-de-plaza.html HTTP/1.1" 200 958
186.102.36.108 - - [11/Nov/2022:11:39:40 -0500] "POST /kwssiamovil/sm/setfile/f? HTTP/1.1" 200 381
186.102.10.34 - - [11/Nov/2022:11:39:43 -0500] "POST /kwssiamovil/sm/setfile/f? HTTP/1.1" 200 381
186.102.36.108 - - [11/Nov/2022:11:39:47 -0500] "OPTIONS /kwssiamovil/sm/setfile/f? HTTP/1.1" 200 13
186.102.10.34 - - [11/Nov/2022:11:39:47 -0500] "OPTIONS /kwssiamovil/sm/setfile/f? HTTP/1.1" 200 13
186.102.10.34 - - [11/Nov/2022:11:39:47 -0500] "POST /kwssiamovil/sm/setfile/f? HTTP/1.1" 200 381
186.155.64.177 - - [11/Nov/2022:11:39:50 -0500] "GET /kwssiamovil/sm/cjson/pre?f=17&x=U2FsdGVkX19vpnVF0nGKqtyvKUUNkEhKq88669L91bXFJyEn1vsy1xIOXVn/GyYw HTTP/1.1" 200 12729
186.102.10.34 - - [11/Nov/2022:11:39:51 -0500] "OPTIONS /kwssiamovil/sm/setfile/f? HTTP/1.1" 200 13
186.102.10.34 - - [11/Nov/2022:11:39:51 -0500] "POST /kwssiamovil/sm/setfile/f? HTTP/1.1" 200 381
186.102.10.34 - - [11/Nov/2022:11:39:54 -0500] "OPTIONS /kwssiamovil/sm/setfile/f? HTTP/1.1" 200 13
186.102.10.34 - - [11/Nov/2022:11:39:54 -0500] "POST /kwssiamovil/sm/setfile/f? HTTP/1.1" 200 381
186.102.36.108 - - [11/Nov/2022:11:39:47 -0500] "POST /kwssiamovil/sm/setfile/f? HTTP/1.1" 200 381
186.102.36.108 - - [11/Nov/2022:11:39:57 -0500] "OPTIONS /kwssiamovil/sm/setfile/f? HTTP/1.1" 200 13
186.102.36.108 - - [11/Nov/2022:11:39:57 -0500] "POST /kwssiamovil/sm/setfile/f? HTTP/1.1" 200 381
186.102.36.108 - - [11/Nov/2022:11:40:00 -0500] "OPTIONS /kwssiamovil/sm/setfile/f? HTTP/1.1" 200 13
186.102.36.108 - - [11/Nov/2022:11:40:00 -0500] "POST /kwssiamovil/sm/setfile/f? HTTP/1.1" 200 381
186.102.36.108 - - [11/Nov/2022:11:40:04 -0500] "OPTIONS /kwssiamovil/sm/setfile/f? HTTP/1.1" 200 13
186.102.36.108 - - [11/Nov/2022:11:40:05 -0500] "POST /kwssiamovil/sm/setfile/f? HTTP/1.1" 200 381
186.102.36.108 - - [11/Nov/2022:11:40:08 -0500] "OPTIONS /kwssiamovil/sm/setfile/f? HTTP/1.1" 200 13
186.102.36.108 - - [11/Nov/2022:11:40:09 -0500] "POST /kwssiamovil/sm/setfile/f? HTTP/1.1" 200 381
186.102.36.108 - - [11/Nov/2022:11:40:12 -0500] "OPTIONS /kwssiamovil/sm/setfile/f? HTTP/1.1" 200 13
172.22.2.4 - - [11/Nov/2022:11:40:13 -0500] "GET /BLA/boletinlegal/Circulares/2011/Circular%20No.%202%20del%2031%20de%20Mayo%20de%202011.pdf HTTP/1.1" 200 496778
186.102.36.108 - - [11/Nov/2022:11:40:12 -0500] "POST /kwssiamovil/sm/setfile/f? HTTP/1.1" 200 381
186.102.36.108 - - [11/Nov/2022:11:40:17 -0500] "OPTIONS /kwssiamovil/sm/setfile/f? HTTP/1.1" 200 13
186.102.36.108 - - [11/Nov/2022:11:40:18 -0500] "POST /kwssiamovil/sm/setfile/f? HTTP/1.1" 200 381
186.102.36.108 - - [11/Nov/2022:11:40:22 -0500] "OPTIONS /kwssiamovil/sm/setfile/f? HTTP/1.1" 200 13
186.102.36.108 - - [11/Nov/2022:11:40:22 -0500] "POST /kwssiamovil/sm/setfile/f? HTTP/1.1" 200 381
186.102.36.108 - - [11/Nov/2022:11:40:29 -0500] "OPTIONS /kwssiamovil/sm/setfile/f? HTTP/1.1" 200 13
186.102.36.108 - - [11/Nov/2022:11:40:30 -0500] "POST /kwssiamovil/sm/setfile/f? HTTP/1.1" 200 381
186.102.36.108 - - [11/Nov/2022:11:40:38 -0500] "OPTIONS /kwssiamovil/sm/setfile/f? HTTP/1.1" 200 13
186.102.36.108 - - [11/Nov/2022:11:40:38 -0500] "POST /kwssiamovil/sm/setfile/f? HTTP/1.1" 200 381
186.102.36.108 - - [11/Nov/2022:11:40:44 -0500] "OPTIONS /kwssiamovil/sm/setfile/f? HTTP/1.1" 200 13
186.102.34.18 - - [11/Nov/2022:11:40:46 -0500] "GET /kwssiamovil/sm/acme/a?s=U2FsdGVkX19tuwvbYPHp89bEoXs6inZkFbtKJkUCRQOqbBEquRv2gw8GiS2WE0JhN/54/a0NihnwQ3+RLQDpX04CDsaXImFaOy0DYQsiAThi/sdiDwGtrF2OKoSAs9Jb3aELqx3Dt3NIijc8E0EHfBkpGBjtBAniAFGOBCUSx/UxlXoZO6xkjgufffJNU12a35LS1WpgPfy+rCyYS82RfdWVVFHZkdnG7PoHscCYyXDnV4wM1IhlLniLVRALdz63iifMP/8qt749/W8y/yynOA==&u=U2FsdGVkX1/4X7KxzlhfL5Oag9PlQZwIa+OrO9/W0uFq4/riy3z62twm7SLPlCjc&y=U2FsdGVkX1+2wlGOWoqwPH1CYxDEUuBqzRMX8ejpuqLXCt8va8iZssLT2a3LUQcR HTTP/1.1" 200 26
186.102.34.18 - - [11/Nov/2022:11:40:46 -0500] "GET /kwssiamovil/sm/acme/a?s=U2FsdGVkX1992Yo9MsDzfILLIMbq1YYE9J1sioW/MybJ1ioBTzjAUiBf+88LPFDXLDHMqRJY+BU7UY9zsQjTQoVRdhTMKfpEnlSQoeBITPka7jG0vP1K9V/sygxZ0ZrfWK6ehtTKPV3zP3DWMg/gf8o8K/GcykcPho8kXBzkO6KJ7M0xeeZuibwbgv2HCL3c/YX+M8m2OuoqeCwYqYvJ7Sh8JigqVtAVsgquvVtoMvlQ5rQPauUpfd6ksYWFxKfuEOeK/8bCNAT/C+S4EgoDnKXNRovoX6Ci/b7ta6lulaDYbTwS9QO25ZTkXHZPyd0sEb2PUVzKGyVzlBDVdS8YDFIxPjunrjSzyI4nWb9wCwV2FuWVtXYrgT4h9XtW0eKluHfELXaO1VvLJKxRUYW4hJ2g3mcJ65rELo1LmPLlr24BMzYeDYK8OuUs8Rq/HDMPjhHUbCIWeVreyw0K2w9GH6AdcDiLyYgEzrfiZLq6cRibJcxaMY7hWjUmv3J24f3sYwPq5GIZaqSHzu1qO60tipbJ1r/Or4rEoVJ+NIgqlwHupujcpS15pnfAkxPEtE9h72fYapw+GSWXC4y2CeN2kuM7ypgklGMgsrNOufnUCJnFJRulLcCT6Rkgnhzh3ASUiQhe22+bVTrMZNAU2L7RVI2AN2GMxzliEOwVUfvbzpwS870X9n3kBM1JyymS/w5hGlhzsZdC/P4fulGbdA2sttnBRT5YOSrGU/LrzSwvFLyJjt32pWpAXtS/ClUHTIjrmdiAE+o8j/5Fp+Rkhuuil2Nqr3EDuitsWDm1FSsjW+r7WZIrMG8Wno5NnG45bWyzMUQDp49nhfQ9edsLXrRMnSnAhiP/PXweNt8OQUk1oiygH+4WC5/E0n2obSFZsqlVVDl+5Lf9MfVuGJAudKc8wl+87HAg1jVn3qL9DRyUzpMezIVTV+3AvJyvVCh1pn57r8LuNZSgxWtyOAMWl7XV6RM6C7xTL/W/dUyxsFR9AReWUj6VR+LUUmY9gR9LnYvIgK6gI84aHK3pJzYWOdfAPh6+VMV/Etho0J9OsTGtC1xU7MVirk/sUd36E5V+YU3Lssz8K1AiVDAW7pp7tnlxsIrTIXBMNLfUxgzJDAMy03tzC70sYsjquuO+SPCi4vczJq+MS/itYyKMJGVU+ZqxlHSQwAcxpK9cw31PVRjtQgJnk7+XY/tt/+eLwpQsq2y9LM706OycgsPkKr/tKPe8kRCiewqPJEj+jSBV39lwdLAHtffMM/hqVSfMT2d/ZAYOzRyTytZE7yQ+Wnm85pUAug==&u=U2FsdGVkX1/4X7KxzlhfL5Oag9PlQZwIa+OrO9/W0uFq4/riy3z62twm7SLPlCjc&y=U2FsdGVkX1+2wlGOWoqwPH1CYxDEUuBqzRMX8ejpuqLXCt8va8iZssLT2a3LUQcR HTTP/1.1" 200 26
186.102.34.18 - - [11/Nov/2022:11:40:46 -0500] "GET /kwssiamovil/sm/acme/a?s=U2FsdGVkX18z2P3vRwDeC/egRcjHD1oE2enbQMJVGkkZTcGhfUXvFQm3zUV/7jB+rUcLNfOGs9j2OGxhy9rau+6GvSLWEf/eUxv1YlfCkYyPZ+Xux6EtEoRj2CNP+D0sycVOa9mXQ2B+wKTPDEHq408SZN2hWoIQEkelRcM54PI=&u=U2FsdGVkX1/4X7KxzlhfL5Oag9PlQZwIa+OrO9/W0uFq4/riy3z62twm7SLPlCjc&y=U2FsdGVkX1+2wlGOWoqwPH1CYxDEUuBqzRMX8ejpuqLXCt8va8iZssLT2a3LUQcR HTTP/1.1" 200 26
186.102.34.18 - - [11/Nov/2022:11:40:47 -0500] "GET /kwssiamovil/sm/acme/a?s=U2FsdGVkX18yNmob/ktw/JnC9J/ob4jYw4LCdjMh4OvrEzP8B9OXX36SvzWeBCzgRCZxroY9U9utV1zZE3fewzjUSqCMHoE+MhFVNt35BRISkheOZat8hCagzreAYq33UZFQ17R9QGD6XanncQW3iuCcz+CIrVOjBKgaa7mVb9s=&u=U2FsdGVkX1/4X7KxzlhfL5Oag9PlQZwIa+OrO9/W0uFq4/riy3z62twm7SLPlCjc&y=U2FsdGVkX1+2wlGOWoqwPH1CYxDEUuBqzRMX8ejpuqLXCt8va8iZssLT2a3LUQcR HTTP/1.1" 200 26
186.102.34.18 - - [11/Nov/2022:11:40:47 -0500] "GET /kwssiamovil/sm/acme/a?s=U2FsdGVkX1+Szr78bdnX2JPMZvT0c38K3R5FIuGy5NUGVnqY00RAHJQto8IZ502R5ya1PT3BxUyVAiYKiWso+wZvH0/nNR+Qbe/KGGFD6g8HTG+zE9LBIAH1EoDtv0RJkWGqlltSjlkwjX7qfS+y+P+Mx+brCraYzkY+6v5oWyU=&u=U2FsdGVkX1/4X7KxzlhfL5Oag9PlQZwIa+OrO9/W0uFq4/riy3z62twm7SLPlCjc&y=U2FsdGVkX1+2wlGOWoqwPH1CYxDEUuBqzRMX8ejpuqLXCt8va8iZssLT2a3LUQcR HTTP/1.1" 200 26
186.102.34.18 - - [11/Nov/2022:11:40:47 -0500] "GET /kwssiamovil/sm/acme/a?s=U2FsdGVkX1+peO+1eFEYKACXEFd78sItpn/+zSCSrEZ2PqZNI0qrjLcOe43vbzGn4hCA318MRnqE7lhbaD4a2tqkdEtigN0FBmb7wQdVGZLKLN2LZSPotT/z+HFJq1JGgs3DTxgII1qsFaSwgffcQmozNZw76s90BmJWbJgVohejQlH2totnXXp3d/TBmrrKYv/rFpUuSNPKTFZaRbVn2w==&u=U2FsdGVkX1/4X7KxzlhfL5Oag9PlQZwIa+OrO9/W0uFq4/riy3z62twm7SLPlCjc&y=U2FsdGVkX1+2wlGOWoqwPH1CYxDEUuBqzRMX8ejpuqLXCt8va8iZssLT2a3LUQcR HTTP/1.1" 200 26
186.102.36.108 - - [11/Nov/2022:11:40:45 -0500] "POST /kwssiamovil/sm/setfile/f? HTTP/1.1" 200 381
186.102.36.108 - - [11/Nov/2022:11:40:49 -0500] "OPTIONS /kwssiamovil/sm/setfile/f? HTTP/1.1" 200 13
186.102.36.108 - - [11/Nov/2022:11:40:49 -0500] "POST /kwssiamovil/sm/setfile/f? HTTP/1.1" 200 381
186.102.36.108 - - [11/Nov/2022:11:40:56 -0500] "OPTIONS /kwssiamovil/sm/setfile/f? HTTP/1.1" 200 13
186.102.36.108 - - [11/Nov/2022:11:40:56 -0500] "POST /kwssiamovil/sm/setfile/f? HTTP/1.1" 200 381
186.102.36.108 - - [11/Nov/2022:11:41:01 -0500] "OPTIONS /kwssiamovil/sm/setfile/f? HTTP/1.1" 200 13
186.102.36.108 - - [11/Nov/2022:11:41:01 -0500] "POST /kwssiamovil/sm/setfile/f? HTTP/1.1" 200 381
186.102.36.108 - - [11/Nov/2022:11:41:07 -0500] "OPTIONS /kwssiamovil/sm/setfile/f? HTTP/1.1" 200 13
186.102.36.108 - - [11/Nov/2022:11:41:07 -0500] "POST /kwssiamovil/sm/setfile/f? HTTP/1.1" 200 381
186.102.36.108 - - [11/Nov/2022:11:41:14 -0500] "OPTIONS /kwssiamovil/sm/setfile/f? HTTP/1.1" 200 13
186.102.36.108 - - [11/Nov/2022:11:41:14 -0500] "POST /kwssiamovil/sm/setfile/f? HTTP/1.1" 200 381
186.102.36.108 - - [11/Nov/2022:11:41:18 -0500] "OPTIONS /kwssiamovil/sm/setfile/f? HTTP/1.1" 200 13
186.102.36.108 - - [11/Nov/2022:11:41:18 -0500] "POST /kwssiamovil/sm/setfile/f? HTTP/1.1" 200 381
186.102.36.108 - - [11/Nov/2022:11:41:25 -0500] "OPTIONS /kwssiamovil/sm/setfile/f? HTTP/1.1" 200 13
186.102.36.108 - - [11/Nov/2022:11:41:25 -0500] "POST /kwssiamovil/sm/setfile/f? HTTP/1.1" 200 381
186.102.36.108 - - [11/Nov/2022:11:41:29 -0500] "OPTIONS /kwssiamovil/sm/setfile/f? HTTP/1.1" 200 13
186.102.36.108 - - [11/Nov/2022:11:41:29 -0500] "POST /kwssiamovil/sm/setfile/f? HTTP/1.1" 200 381
186.102.36.108 - - [11/Nov/2022:11:41:32 -0500] "OPTIONS /kwssiamovil/sm/setfile/f? HTTP/1.1" 200 13
186.102.36.108 - - [11/Nov/2022:11:41:32 -0500] "POST /kwssiamovil/sm/setfile/f? HTTP/1.1" 200 381
186.102.36.108 - - [11/Nov/2022:11:41:36 -0500] "OPTIONS /kwssiamovil/sm/setfile/f? HTTP/1.1" 200 13
186.102.36.108 - - [11/Nov/2022:11:41:36 -0500] "POST /kwssiamovil/sm/setfile/f? HTTP/1.1" 200 381
201.245.192.253 - - [11/Nov/2022:11:41:44 -0500] "POST /kwsrmcab/Wsrmcab HTTP/1.1" 200 42700
201.245.192.253 - - [11/Nov/2022:11:41:46 -0500] "POST /kwsrmcab/Wsrmcab HTTP/1.1" 200 41749
186.102.36.108 - - [11/Nov/2022:11:41:55 -0500] "OPTIONS /kwssiamovil/sm/setfile/f? HTTP/1.1" 200 13
186.102.36.108 - - [11/Nov/2022:11:41:55 -0500] "POST /kwssiamovil/sm/setfile/f? HTTP/1.1" 200 381
186.102.10.29 - - [11/Nov/2022:11:42:00 -0500] "GET /kwssiamovil/sm/acme/a?s=U2FsdGVkX1+6mfrTJCA5oX0ALRqgm2Wil82K76oWsWH/on/A1TLTS1OWCr31noixTsTqz9z4Ku3wiD1BD5O40nHw5KREPs9pJ4j/jUQaZZRznLtr4B1mab0xzHThp8VyggXNHo1NQBavxS1zC/x54rmSrPViRWhxREaE1Wzk1HPZqoHj/iAXKsCozVbnXSeUmGkYRbQ3+7qONdFwDPjMp+5MmLbFz23jyuF+pQ6vOp+2saYiluFE5hTM3OV/ddzd13pw8gEGHymQAmq7ay7opg==&u=U2FsdGVkX18rl1LtK+AW1qv9t0FZKx2AhizgjxILxNE=&y=U2FsdGVkX1/Av8AQBSyBiCZQ9fi5bNFver6PynoH60QstwjTI3DYXo46NvwRKs2o HTTP/1.1" 200 26
186.102.10.29 - - [11/Nov/2022:11:42:00 -0500] "GET /kwssiamovil/sm/acme/a?s=U2FsdGVkX18MIZQR9nFmqHVz0P8/67eTWeodec8ANO18elZjPGD0NVHU49K+9AkG/NscL2eW8xY0A1cXdarbr+8658Gq6kNxA5JeWlRJ7xI7coWYtH1tO6Jv9l5XHpTnAsRE9ri8Q7pYvEeJqHNsybvLbUSJerUvXRM/SvRTfwLz0tHmQf4WZjQ4ZYsulgo0GGnsdrqPQiyUekovzqzPn35HyUbbpmwAkwQB5PtYLe5ZvM4xrhyCfI5z6EIQ9yrBxb31XKwden3Psl4Dpuz0KqBL07jCdc01gf+yBRUeaZ8gpie1rRrUmBxcB2bf1sd325xx6S0FUG55EAYCQdEu/eGPfwCvfdmMvdnOppq9vQf1NM/D+9GB6l4w83LAoNe5xDYClbN3QVwbBteik6x2AWmbjg1Vn4obXi5UzJbC2tFtgDxVN5BXKPnqJzqTsWc/l+aK+8jsWcJla23DoKlX2RBMk6bMiSpvNIM0vlxPGMhGqpTSBbuVwb3LHT06FW59Y9EnDDyGDseirGXHIrnBlT9+3h5V4RhGsDC+IxLOCstWfvx3LEUSU+UvhgRz3BO1xPxUP2bDn+Kw9XNTN47sa3ggJmUfefNfG0CQbjVv/YLfVOvhtg79pnQQTyWhIopR8MbPEUDmnArQ8tORBzhXNhCJtJRzA1AIITQDZ3G9i6HIZc01iqKGfApot3SkoaO4KY9BPEnzP1+ZgQdtxP8HLRuboU1NT+ufN2wSbB1I211VpQkCM84gVwmMEe0SqReiQMuMjz4Z4a8JhUBW+TDkOhM7Ts1GuYmBIfg7ce9qo4M5xUHnXaZpggq5ehOrCqbUiawsngR42W3H/YqhrjKJyX41fwNCMO+eiheDY6t59S57SkCeaOGk60TTsur7cogLKaO2pTdCiIkcA5UvhfnGJ4Apk6R2HGI3DgzdWKD5qwjjPZ/MPyWjfVIlvMK4Y90PdumIkJX7UmeUfDzGhTl6AaP7GK9u6adzrAd0vNooe5uau5Zosurf4+o9M0372smXNUVqeGigSO3l9szZjddVzDBU/HCvw4N0aPeOWahvkqBgxWfislzeajQJse+6uO7yoqMcv/dT5SzwxR5R8WJSRx5J4j1eVEneLOdPs6u+qjvBzrjmAd6isaCWZKe7x7CL+QN/FizGAaroQJlKQQmyKXBuyhI0ZNbTb2Fho/IxP7XzySl3+GfKna7tzXn7bF1h7787sqrLOE9rdGDjmxhfDg==&u=U2FsdGVkX18rl1LtK+AW1qv9t0FZKx2AhizgjxILxNE=&y=U2FsdGVkX1/Av8AQBSyBiCZQ9fi5bNFver6PynoH60QstwjTI3DYXo46NvwRKs2o HTTP/1.1" 200 26
186.102.10.29 - - [11/Nov/2022:11:42:00 -0500] "GET /kwssiamovil/sm/acme/a?s=U2FsdGVkX1/P+z6SRRQiqbvdS9raij9PNVlExSPdOAn1SFkmkjNg7SJBSAOtcvleqFHzN2fC8QcCkwkzuqd3vUFSP7ptX4B1LFKW7cM5MEffNFM6SKjmjyta9Mk+qiJNtIH1MPLtXgxu7xCWNxaGJrtUjr6IQW/HaABhHK75GLI=&u=U2FsdGVkX18rl1LtK+AW1qv9t0FZKx2AhizgjxILxNE=&y=U2FsdGVkX1/Av8AQBSyBiCZQ9fi5bNFver6PynoH60QstwjTI3DYXo46NvwRKs2o HTTP/1.1" 200 26
186.102.10.29 - - [11/Nov/2022:11:42:00 -0500] "GET /kwssiamovil/sm/acme/a?s=U2FsdGVkX19kpFY3kza8Y5aO62/dL+wky9iDhV3L/ZWsMWrleGRzdqPlp+fC9/CPDSWIE1qyefOs2mO7P76Q8I3RfSWu18qBiChTRt+0Jae4ifT65iWsJyi5PT1FzNqnFenMvLdcAiNrdoM7C4LQbx6q+E5qnynh4TCd4U7wti8=&u=U2FsdGVkX18rl1LtK+AW1qv9t0FZKx2AhizgjxILxNE=&y=U2FsdGVkX1/Av8AQBSyBiCZQ9fi5bNFver6PynoH60QstwjTI3DYXo46NvwRKs2o HTTP/1.1" 200 26
186.102.10.29 - - [11/Nov/2022:11:42:01 -0500] "GET /kwssiamovil/sm/acme/a?s=U2FsdGVkX1/S2kwAOlAKOE/vlspSPTbIzRHlFouZaQrt7IdxtYH787J12MGJ3bZvpXuSiy4aO8yHB3ca/w4LVF8Jsm8d4Z7h+/wRG1PP7SsiShFpGQ8Csb3FazaB/QW7BPCb9BTW6GF5zz+rwAXrGj3ud0/Ic0bA8N5jc0+wibc=&u=U2FsdGVkX18rl1LtK+AW1qv9t0FZKx2AhizgjxILxNE=&y=U2FsdGVkX1/Av8AQBSyBiCZQ9fi5bNFver6PynoH60QstwjTI3DYXo46NvwRKs2o HTTP/1.1" 200 26
186.102.10.29 - - [11/Nov/2022:11:42:01 -0500] "GET /kwssiamovil/sm/acme/a?s=U2FsdGVkX19Dd0iDooBgLfg4UHzSC3zZRlmYDVsb+yvJug1SFW9KT40I8vSoAMk+10vIXzQwKj3atpAjbizJAcJ7FvnKpOTB+0nesIJRkYEtzyZasOBfqaManWAp/Ok8LImzcqmjUt/cnjz5kKYd8Tdb4FU64eeJJXIqWX7kjSCE8UjKPe/0UuUPV6++ts9R&u=U2FsdGVkX18rl1LtK+AW1qv9t0FZKx2AhizgjxILxNE=&y=U2FsdGVkX1/Av8AQBSyBiCZQ9fi5bNFver6PynoH60QstwjTI3DYXo46NvwRKs2o HTTP/1.1" 200 26
186.102.36.108 - - [11/Nov/2022:11:42:16 -0500] "OPTIONS /kwssiamovil/sm/setfile/f? HTTP/1.1" 200 13
186.102.36.108 - - [11/Nov/2022:11:42:16 -0500] "POST /kwssiamovil/sm/setfile/f? HTTP/1.1" 200 381
186.102.36.108 - - [11/Nov/2022:11:42:21 -0500] "OPTIONS /kwssiamovil/sm/setfile/f? HTTP/1.1" 200 13
186.80.52.223 - - [11/Nov/2022:11:42:24 -0500] "POST /sipse/faces/presentacion/financiero/solicitudProceso/listarSolicitudProceso.xhtml HTTP/1.1" 200 32789
186.102.36.108 - - [11/Nov/2022:11:42:21 -0500] "POST /kwssiamovil/sm/setfile/f? HTTP/1.1" 200 381
186.102.36.108 - - [11/Nov/2022:11:42:25 -0500] "OPTIONS /kwssiamovil/sm/setfile/f? HTTP/1.1" 200 13
186.102.36.108 - - [11/Nov/2022:11:42:25 -0500] "POST /kwssiamovil/sm/setfile/f? HTTP/1.1" 200 381
186.102.36.108 - - [11/Nov/2022:11:42:28 -0500] "OPTIONS /kwssiamovil/sm/setfile/f? HTTP/1.1" 200 13
186.102.36.108 - - [11/Nov/2022:11:42:28 -0500] "POST /kwssiamovil/sm/setfile/f? HTTP/1.1" 200 381
186.102.36.108 - - [11/Nov/2022:11:42:31 -0500] "OPTIONS /kwssiamovil/sm/setfile/f? HTTP/1.1" 200 13
186.102.36.108 - - [11/Nov/2022:11:42:31 -0500] "POST /kwssiamovil/sm/setfile/f? HTTP/1.1" 200 381
186.102.36.108 - - [11/Nov/2022:11:42:33 -0500] "OPTIONS /kwssiamovil/sm/setfile/f? HTTP/1.1" 200 13
186.80.52.223 - - [11/Nov/2022:11:42:33 -0500] "POST /sipse/faces/presentacion/financiero/solicitudProceso/listarSolicitudProceso.xhtml HTTP/1.1" 200 108603
186.80.52.223 - - [11/Nov/2022:11:42:34 -0500] "GET /sipse/faces/javax.faces.resource/theme.css?ln=primefaces-sipse HTTP/1.1" 304 -
186.80.52.223 - - [11/Nov/2022:11:42:34 -0500] "GET /sipse/faces/javax.faces.resource/primefaces.css?ln=primefaces&v=4.0 HTTP/1.1" 304 -
186.80.52.223 - - [11/Nov/2022:11:42:34 -0500] "GET /sipse/css/imagen/contrasena.png HTTP/1.1" 404 383
186.80.52.223 - - [11/Nov/2022:11:42:34 -0500] "GET /sipse/faces/javax.faces.resource/layout/layout.css?ln=primefaces&v=4.0 HTTP/1.1" 304 -
186.80.52.223 - - [11/Nov/2022:11:42:34 -0500] "GET /sipse/faces/javax.faces.resource/jquery/jquery.js?ln=primefaces&v=4.0 HTTP/1.1" 304 -
186.80.52.223 - - [11/Nov/2022:11:42:34 -0500] "GET /sipse/faces/javax.faces.resource/jquery/jquery-plugins.js?ln=primefaces&v=4.0 HTTP/1.1" 304 -
186.80.52.223 - - [11/Nov/2022:11:42:35 -0500] "GET /sipse/faces/javax.faces.resource/primefaces.js?ln=primefaces&v=4.0 HTTP/1.1" 304 -
186.80.52.223 - - [11/Nov/2022:11:42:35 -0500] "GET /sipse/faces/javax.faces.resource/layout/layout.js?ln=primefaces&v=4.0 HTTP/1.1" 304 -
186.102.36.108 - - [11/Nov/2022:11:42:33 -0500] "POST /kwssiamovil/sm/setfile/f? HTTP/1.1" 200 381
186.102.36.108 - - [11/Nov/2022:11:42:36 -0500] "OPTIONS /kwssiamovil/sm/setfile/f? HTTP/1.1" 200 13
186.80.52.223 - - [11/Nov/2022:11:42:36 -0500] "GET /sipse/faces/javax.faces.resource/dynamiccontent.properties?ln=primefaces&pfdrid=XjOR5%2F%2FfPAZAuY9TpWQeCiM0BhlXxYRBGKi%2FQcXXfeA%3D&pfdrid_c=false HTTP/1.1" 500 383
186.102.36.108 - - [11/Nov/2022:11:42:36 -0500] "POST /kwssiamovil/sm/setfile/f? HTTP/1.1" 200 381
186.102.36.108 - - [11/Nov/2022:11:42:39 -0500] "OPTIONS /kwssiamovil/sm/setfile/f? HTTP/1.1" 200 13
186.102.36.108 - - [11/Nov/2022:11:42:39 -0500] "POST /kwssiamovil/sm/setfile/f? HTTP/1.1" 200 381
186.102.36.108 - - [11/Nov/2022:11:42:43 -0500] "OPTIONS /kwssiamovil/sm/setfile/f? HTTP/1.1" 200 13
186.80.52.223 - - [11/Nov/2022:11:42:44 -0500] "GET /sipse/faces/javax.faces.resource/images/ui-bg_flat_0_2d5972_40x100.png?ln=primefaces-aristo HTTP/1.1" 304 -
186.102.36.108 - - [11/Nov/2022:11:42:43 -0500] "POST /kwssiamovil/sm/setfile/f? HTTP/1.1" 200 381
186.80.52.223 - - [11/Nov/2022:11:42:44 -0500] "POST /sipse/faces/presentacion/financiero/solicitudProceso/consultarSolicitudProceso.xhtml HTTP/1.1" 200 67476
186.80.52.223 - - [11/Nov/2022:11:42:46 -0500] "GET /sipse/faces/javax.faces.resource/theme.css?ln=primefaces-sipse HTTP/1.1" 304 -
186.80.52.223 - - [11/Nov/2022:11:42:46 -0500] "GET /sipse/faces/javax.faces.resource/primefaces.css?ln=primefaces&v=4.0 HTTP/1.1" 304 -
186.80.52.223 - - [11/Nov/2022:11:42:46 -0500] "GET /sipse/faces/javax.faces.resource/layout/layout.css?ln=primefaces&v=4.0 HTTP/1.1" 304 -
186.80.52.223 - - [11/Nov/2022:11:42:46 -0500] "GET /sipse/faces/javax.faces.resource/jquery/jquery.js?ln=primefaces&v=4.0 HTTP/1.1" 304 -
186.80.52.223 - - [11/Nov/2022:11:42:47 -0500] "GET /sipse/faces/javax.faces.resource/jquery/jquery-plugins.js?ln=primefaces&v=4.0 HTTP/1.1" 304 -
186.80.52.223 - - [11/Nov/2022:11:42:47 -0500] "GET /sipse/faces/javax.faces.resource/primefaces.js?ln=primefaces&v=4.0 HTTP/1.1" 304 -
186.80.52.223 - - [11/Nov/2022:11:42:47 -0500] "GET /sipse/faces/javax.faces.resource/layout/layout.js?ln=primefaces&v=4.0 HTTP/1.1" 304 -
186.102.36.108 - - [11/Nov/2022:11:42:47 -0500] "OPTIONS /kwssiamovil/sm/setfile/f? HTTP/1.1" 200 13
186.80.52.223 - - [11/Nov/2022:11:42:47 -0500] "GET /sipse/faces/javax.faces.resource/messages/messages.png?ln=primefaces&v=4.0 HTTP/1.1" 304 -
186.80.52.223 - - [11/Nov/2022:11:42:47 -0500] "POST /sipse/faces/presentacion/financiero/solicitudProceso/listarSolicitudProceso.xhtml HTTP/1.1" 200 1560
186.102.36.108 - - [11/Nov/2022:11:42:47 -0500] "POST /kwssiamovil/sm/setfile/f? HTTP/1.1" 200 381
186.102.36.108 - - [11/Nov/2022:11:42:51 -0500] "OPTIONS /kwssiamovil/sm/setfile/f? HTTP/1.1" 200 13
186.80.52.223 - - [11/Nov/2022:11:42:54 -0500] "POST /sipse/faces/presentacion/financiero/solicitudProceso/listarSolicitudProceso.xhtml HTTP/1.1" 200 32782
186.102.36.108 - - [11/Nov/2022:11:42:51 -0500] "POST /kwssiamovil/sm/setfile/f? HTTP/1.1" 200 381
186.102.36.108 - - [11/Nov/2022:11:42:55 -0500] "OPTIONS /kwssiamovil/sm/setfile/f? HTTP/1.1" 200 13
186.102.36.108 - - [11/Nov/2022:11:42:55 -0500] "POST /kwssiamovil/sm/setfile/f? HTTP/1.1" 200 381
186.102.36.108 - - [11/Nov/2022:11:42:55 -0500] "GET /kwssiamovil/sm/acme/s?s=U2FsdGVkX19aAk5XMtLblO7xGa8ndE3iLK06nHJSliw6ByKc2Zl7XUYrbK91o8CrlPvnt5Im2pPROO5OaMf8+3BS1uXGOlEkdqRq2W8SEBqzQK/SPE86dEuMNbDYgjZnIWDSSNNdSbf0x7WzIQ8rIDkWh365nNwFUTzdAqJORcmCJDF6l5y1SSyFSrVjDKXHkMwb/T0uy4mYTC2c12lcCCWAaeQAgaeq4k5BhbDS/HpJntu5K+Xwi2KzAn/1U0m2Q3YSH9Yz1nl7Yp2YUZfUnCYvvGVJX2+54J9pG7w+cjd+wgX7LIQD15IT6GaM+kK9+jOrg0WYmvdRa0+4UJzn+KehLSVkxFfAFri1s7bdDA2EnAk5penqEb3Wucodqbhr&u=U2FsdGVkX1+wwbCS5FTAnlrzfvRnwiByfyrGRdF7P4aj/mU6INMbgu/ayhFFpGZq&y=U2FsdGVkX1/3fS6NWwArI80BmMG68ir9SZmR4G9DxMlCAh90Hopd8kSm6VTcstgF HTTP/1.1" 200 90
186.155.64.177 - - [11/Nov/2022:11:42:55 -0500] "GET /kwssiamovil/sm/cjson/pre?f=17&x=U2FsdGVkX19vpnVF0nGKqtyvKUUNkEhKq88669L91bXFJyEn1vsy1xIOXVn/GyYw HTTP/1.1" 200 12729
186.102.10.34 - - [11/Nov/2022:11:42:59 -0500] "GET /kwssiamovil/sm/acme/a?s=U2FsdGVkX1+yc0vPn1mE7mq4n8K0S7eeEdrFCYKGkpiNXpi+xtBB0VPMyunaa0acFRy0A5oBviEtc0fn4S1ISxXmLVoShSLhgHFebQK14EOVvDaH0kjC92RC+xPO/bv4IDosVMMTEOyUV2T9ke7cUIRdM2BIVvyvDoclihq/Xwgy5TwbQgZZBUYw8stW8EOYcoLc6KzG0thBYfCv6A+ovRIwN98UGMC6lx/RwiQ/RqwHPdKccYaQq9cSXiSF6F++J7wHFibSj7yjNQGJ06vNAg==&u=U2FsdGVkX1/SIAVOVfupsnyyky5jhd3jSQUDGXbaPTZdEizk92poeEfULf+nv2lc&y=U2FsdGVkX19X/1uxN87cUIaqp3DsZkars6P0UuBATKvyh3BqWpix/JNDNsr5m7l8 HTTP/1.1" 200 26
186.102.10.34 - - [11/Nov/2022:11:42:59 -0500] "GET /kwssiamovil/sm/acme/a?s=U2FsdGVkX1/wxYYrbCo/M1ommA7XvfiDeV07qC+C+wUoxY+YEltUBFjsDO9OV/u2p3XCAAQdnerQlcr0YveakBocvr148N8e5IcG4Y71sT/Tx/9V76GpHTr+6vRB5tkGvJIIpfZmV7Q59opsiSQLHpNfHEwfsYNSFdrrYLOOuAoUhWAZVkHfZDYm1sTR9AO1tMJ1a58PBYCqRiLgzIASzrF68dIIXscqT9RWazo8cIPEvu+9Y/m2QP/T7e6XQqJmzA+AK1qQEIjIXIGS/ETG4C6Zf4FePtCduTk+dhfhZcHGvLinGRnvob0tc9UktQLhY1lw40tmHJxXbcd6iPUG685ucL662qNnMujLGVxNjiXFBz7A8lecFwZbHuXbWal4up7QPLfq7IhE5r/ifMcdB6HEdVWT7lxmazwOyI/ePBkdFCk0MsDc4klt9cmkb4mltQYxaa/jeoelIIwaEG/UNCsmdme3Sy2YAg3zi9Ws06YeAfs0QtW+P58NwdXbCpx9Igp6UF+kzu2RYnQwe/pG/c9He1QdpS1IpGofbc1E3SbhxSTjsJM2UUNwXXgXgr+s4eFiLE/Gb/4yRnopPg3QuH+5QAL5pvqFBtWXEGm3M+wf4OEfjdcEWyGX0VN3FSRLV+Vb2wNgRA3481mZ/fYqrFqMvlHnXY5bbnvLjE6qJO3M8LXoy47VBY4IowQEsX67bwb7Fkn0Q5vCyq0O5hU3yrXlUVXFKicKZ45HbSkKiysXX4bazVkfXu3l409AxpVebJQWkfct/6oWKN2VDWY4bRjIXZ3kbSpPykE88DDFsdgb/HetRqRNmKeSQJokgLPn4iarxt6rFsURZDeHPy5WIqcdlMMQN9HZHgzWqRMQYo9iTmfyxqKE8K2lSYmECQcFHrrXk1evJxm+pjTIBnzevKwnWh2NINM8oH+EJfD5NLdBnQuQJC1M+dWzsOqXCYVFGy6W/xrsvp7aWsiSqL/hnAlgAaE58CRoOKIH3fVSa9g/tK/ClBgnj+HTelRlL/JvfcuKsJf3Tturb4Ol+SDTOcL/v/tVPu1D6endf0kQ826Ff281DwPkBbOefXS3LaCrDX6+aXS7Neq6JyoICVxStYxb+aw3GxNBoMl/Fy7x96b2Z0d5r3xl9G+f8IwUejyqKtrf3GswqD9ma6OHKeJuOOwVIrx1ZnWK7dUKRccZspvcrGugdiUxnOmTV/nZH+BFxMPPhJzixjOMeklSkmIdsPkPvW/G+ht1ERsXG342GCeBJ7spvqfuEQXVGb8jfZk95k1v9TYv19k8b/ezibwXxo4KjJHaTwmuzBRzQ0bMcVw=&u=U2FsdGVkX1/SIAVOVfupsnyyky5jhd3jSQUDGXbaPTZdEizk92poeEfULf+nv2lc&y=U2FsdGVkX19X/1uxN87cUIaqp3DsZkars6P0UuBATKvyh3BqWpix/JNDNsr5m7l8 HTTP/1.1" 200 26
186.102.10.34 - - [11/Nov/2022:11:43:00 -0500] "GET /kwssiamovil/sm/acme/a?s=U2FsdGVkX18jNiw6pTK8620DJMU9zgpHFk67WmOc0Sb/KvcJBqOZRfegb0SLp+UklxwIUuXa/9QH+cwaQlY6X8zSytGl2bIzfEsXB1BOxETvsn9BMeNLAFv2nKRN1OxJYrMANMEShlg4kwMgPHrB6m9PXaI13jIrPnwgcEtCflc=&u=U2FsdGVkX1/SIAVOVfupsnyyky5jhd3jSQUDGXbaPTZdEizk92poeEfULf+nv2lc&y=U2FsdGVkX19X/1uxN87cUIaqp3DsZkars6P0UuBATKvyh3BqWpix/JNDNsr5m7l8 HTTP/1.1" 200 26
186.102.10.34 - - [11/Nov/2022:11:43:00 -0500] "GET /kwssiamovil/sm/acme/a?s=U2FsdGVkX1948ZL/Ey763cCQvQ5SqQpVPEkgzAVj8Gyxmw14PC3YukKmnlqS2VJeI0P7i2hmCSyZPMtT9PFDYrUSb8VlkN08Bd0Qn5mrccAXQJGCyLdIHKPFbTteviuDUVETCAnLmw4rCYQP+nMi6z+qyAaG/OcMA0AbkS8Xgfg=&u=U2FsdGVkX1/SIAVOVfupsnyyky5jhd3jSQUDGXbaPTZdEizk92poeEfULf+nv2lc&y=U2FsdGVkX19X/1uxN87cUIaqp3DsZkars6P0UuBATKvyh3BqWpix/JNDNsr5m7l8 HTTP/1.1" 200 26
186.102.10.34 - - [11/Nov/2022:11:43:00 -0500] "GET /kwssiamovil/sm/acme/a?s=U2FsdGVkX19/JNtym8zqG6mHi0Z67QbJGbX5/ZBTYEUjpyR+/5s9ZySIgM4dOFh66+C/+5qOy0+dgEe5yZuRUCiG5g8wcuxDJqGr6DmrK6gXrqnGiUeAVjm2LOMZzhMXRipbVrxOW+ZOkH5Ic2gRpVL4n1gbravNicTi4zJNGmY=&u=U2FsdGVkX1/SIAVOVfupsnyyky5jhd3jSQUDGXbaPTZdEizk92poeEfULf+nv2lc&y=U2FsdGVkX19X/1uxN87cUIaqp3DsZkars6P0UuBATKvyh3BqWpix/JNDNsr5m7l8 HTTP/1.1" 200 26
186.102.10.34 - - [11/Nov/2022:11:43:00 -0500] "GET /kwssiamovil/sm/acme/a?s=U2FsdGVkX18NHEDc2yIa1HH6nrtRX/WFpKAwnEuJn+qCk6kc7QmD/XtuGuBOs9YKuqaqzKK/g/5VjBfgPk/Bds96JZSMkwbxe/OHt78kAwSmiw5W39VkfwFowD/52AKV8p4WMlRIzybH8g+KiNyHafeACJ0F3+P7MrbsvfwU16vl70PMCtQW0SjMSbPHZyNIFr9BPcXkFfKLi83osmPTxQ==&u=U2FsdGVkX1/SIAVOVfupsnyyky5jhd3jSQUDGXbaPTZdEizk92poeEfULf+nv2lc&y=U2FsdGVkX19X/1uxN87cUIaqp3DsZkars6P0UuBATKvyh3BqWpix/JNDNsr5m7l8 HTTP/1.1" 200 26
186.102.10.34 - - [11/Nov/2022:11:43:00 -0500] "GET /kwssiamovil/sm/acme/a?s=U2FsdGVkX19ZYJa44n9Fd+ERBwqR3/Nyr4SjFcs0XCdcpriCMZ1FDWVQibJWb0XC9PSF7xDNj9IJEzgdVStNoqxNhPa5hbMNINec2oMg8chLADpFEuDlLK/hjD/WkwGx6RcsyOtYbIwuhFQ+sGJKezqRdhtpemYx3Z7Y/lJnOJ/giCyWsuErIWJ3CaGdZsX9nMfeQnU80KXHzthVqOOfCdUgZdAQ6hF/E+WhKfvYHNI=&u=U2FsdGVkX1/SIAVOVfupsnyyky5jhd3jSQUDGXbaPTZdEizk92poeEfULf+nv2lc&y=U2FsdGVkX19X/1uxN87cUIaqp3DsZkars6P0UuBATKvyh3BqWpix/JNDNsr5m7l8 HTTP/1.1" 200 25
186.102.10.34 - - [11/Nov/2022:11:43:01 -0500] "GET /kwssiamovil/sm/acme/a?s=U2FsdGVkX1+BqJFKWqL/eBBiTJMoeJQuq1TfBzdv+v16VxnSWardoT7ItI9cV/ZOCcn6+VNOAsPm5y8eNvxanH7QNb+Ov8nnQM2mSAkFhPsEplMZYuv7bMV64G/+tLNy5cqn9/loctyT8mOwzUE3qnyaKggtJctHmjr9gxUw69YP7paYCD+Fl5ixqRB25cyA0OkEWNDDL53vvfbDKrwfFw==&u=U2FsdGVkX1/SIAVOVfupsnyyky5jhd3jSQUDGXbaPTZdEizk92poeEfULf+nv2lc&y=U2FsdGVkX19X/1uxN87cUIaqp3DsZkars6P0UuBATKvyh3BqWpix/JNDNsr5m7l8 HTTP/1.1" 200 25
186.102.10.34 - - [11/Nov/2022:11:43:01 -0500] "GET /kwssiamovil/sm/acme/a?s=U2FsdGVkX18Df9gjLtfpe6sJoBDyVs+BhH6GSd9dI+89eas1X3tPSEx6tVyxdCNTQc0aBA6eS/67iqd0Yebs+03AY8wB3pd0JKtesh8xnUlPYOD7JTuk3b09LEklf3FCSa+gg2zGK21Yp3Sgf+ZAupn7exVIhe3vVFfoEM7hVTy1hOqfde0u/65ChA/bTZS1FWhlE/XcifMuc2TuEFwvN0Cj0b3OmsRT4Fq4THta49Q=&u=U2FsdGVkX1/SIAVOVfupsnyyky5jhd3jSQUDGXbaPTZdEizk92poeEfULf+nv2lc&y=U2FsdGVkX19X/1uxN87cUIaqp3DsZkars6P0UuBATKvyh3BqWpix/JNDNsr5m7l8 HTTP/1.1" 200 25
186.102.10.34 - - [11/Nov/2022:11:43:01 -0500] "GET /kwssiamovil/sm/acme/a?s=U2FsdGVkX1+En9OkSy3/xLeseDp4Y6FStwGYmDp2sLz5GhJi/97ToVHvZrUQEeFqr2n5eSwYETyGFCzrELvkfMDR/ioA0ozBnfGSeeOJKHhspozRr/kaJVKYw3XpqvnGURMpW+37HnCCFE7KEjl1eBPVGnSHSoGyOHUuFmf1Y1FL4QFV0Nmi/T5uP6XyF1mHl0qwUql2lMOlf3kp7z6sCg==&u=U2FsdGVkX1/SIAVOVfupsnyyky5jhd3jSQUDGXbaPTZdEizk92poeEfULf+nv2lc&y=U2FsdGVkX19X/1uxN87cUIaqp3DsZkars6P0UuBATKvyh3BqWpix/JNDNsr5m7l8 HTTP/1.1" 200 25
186.102.10.34 - - [11/Nov/2022:11:43:01 -0500] "GET /kwssiamovil/sm/acme/a?s=U2FsdGVkX1+BP3W4uVtTu6EvyVs9rj7UoOrNxxeJNeY8yY4caUjZJ5SqsjBPRjdUDVmmmwg3U1283Dg+gY+ZUux/QWAZ3iACgqiw1p3VlHfELg8PdP5vk0SsHYFr9KJpjZqzuSLWOtMX8zKiiwAp6m/aoNRk3ETsGpw5y4aymO7K029QU1dyq8lCz5cBTne+25oCxwJYtlP+ttPH5fYCmE3XLnJeA9bZhAJ2unfvfy8=&u=U2FsdGVkX1/SIAVOVfupsnyyky5jhd3jSQUDGXbaPTZdEizk92poeEfULf+nv2lc&y=U2FsdGVkX19X/1uxN87cUIaqp3DsZkars6P0UuBATKvyh3BqWpix/JNDNsr5m7l8 HTTP/1.1" 200 25
186.102.10.34 - - [11/Nov/2022:11:43:01 -0500] "GET /kwssiamovil/sm/acme/a?s=U2FsdGVkX1+DIjMjI/s53denc+YcfUsG9IeERFpSn0+svZZF/oVgUUFVSxyTcwi956CMKMNTs8Rc9Nktr03LaXwdR8AyAzj/ebm982PUMLgyGDvpKLv5a4bipQQna6T5b38Sn9wxMOSCbPeXk553BvC+LMFLZpAEvp8eDLgRixuX5emLUObuLd5lHqrIQizwJmQUru7imnAHr+WZUf5nAw==&u=U2FsdGVkX1/SIAVOVfupsnyyky5jhd3jSQUDGXbaPTZdEizk92poeEfULf+nv2lc&y=U2FsdGVkX19X/1uxN87cUIaqp3DsZkars6P0UuBATKvyh3BqWpix/JNDNsr5m7l8 HTTP/1.1" 200 25
186.102.10.34 - - [11/Nov/2022:11:43:02 -0500] "GET /kwssiamovil/sm/acme/a?s=U2FsdGVkX19aKgVUvrXz/sQhuLQM4/rUBVkfUh4dhhMxCuDYTsXXOekcbn1BMQ/AAfuV4FdSazLVFRXd2+2GG/od1tu5pNUSV4znIl8OmOBxkgVZG4+6XI3s/RYz5ykzeVacc4NikQHi86uV6+idZPMPnwVusapjitU+/gSr33Wcx72IO72Zw2Lsvek7ytxFsOFXfohwGQiHFsOuL4CGl8azWyNQsfUQi/fqYjTREEg=&u=U2FsdGVkX1/SIAVOVfupsnyyky5jhd3jSQUDGXbaPTZdEizk92poeEfULf+nv2lc&y=U2FsdGVkX19X/1uxN87cUIaqp3DsZkars6P0UuBATKvyh3BqWpix/JNDNsr5m7l8 HTTP/1.1" 200 25
186.80.52.223 - - [11/Nov/2022:11:43:00 -0500] "POST /sipse/faces/presentacion/financiero/solicitudProceso/listarSolicitudProceso.xhtml HTTP/1.1" 200 108376
186.80.52.223 - - [11/Nov/2022:11:43:02 -0500] "GET /sipse/faces/javax.faces.resource/theme.css?ln=primefaces-sipse HTTP/1.1" 304 -
186.80.52.223 - - [11/Nov/2022:11:43:02 -0500] "GET /sipse/faces/javax.faces.resource/layout/layout.css?ln=primefaces&v=4.0 HTTP/1.1" 304 -
186.80.52.223 - - [11/Nov/2022:11:43:02 -0500] "GET /sipse/faces/javax.faces.resource/primefaces.css?ln=primefaces&v=4.0 HTTP/1.1" 304 -
186.102.10.34 - - [11/Nov/2022:11:43:02 -0500] "GET /kwssiamovil/sm/acme/a?s=U2FsdGVkX1+rbeHfB4i2gtfJBNkwmkh6VVzjkLMShZhi3rgPRe/2X1Iq/+RX+E9LRxsG/cKbas46wMFlLGtyid9weGdEg7imZXggeQisqwyDa4BSnuOmFBp058Cihudiinxq0vJAlvGPv47YEOPB22FIK3Cy9kaynyDoYIyOGRA0lgOipGACmT85euAwJkhjR5pIlcjGyp7VulO+kfVQHQ==&u=U2FsdGVkX1/SIAVOVfupsnyyky5jhd3jSQUDGXbaPTZdEizk92poeEfULf+nv2lc&y=U2FsdGVkX19X/1uxN87cUIaqp3DsZkars6P0UuBATKvyh3BqWpix/JNDNsr5m7l8 HTTP/1.1" 200 25
186.80.52.223 - - [11/Nov/2022:11:43:02 -0500] "GET /sipse/faces/javax.faces.resource/jquery/jquery.js?ln=primefaces&v=4.0 HTTP/1.1" 304 -
186.80.52.223 - - [11/Nov/2022:11:43:02 -0500] "GET /sipse/faces/javax.faces.resource/jquery/jquery-plugins.js?ln=primefaces&v=4.0 HTTP/1.1" 304 -
186.80.52.223 - - [11/Nov/2022:11:43:02 -0500] "GET /sipse/faces/javax.faces.resource/primefaces.js?ln=primefaces&v=4.0 HTTP/1.1" 304 -
186.102.10.34 - - [11/Nov/2022:11:43:02 -0500] "GET /kwssiamovil/sm/acme/a?s=U2FsdGVkX1/9yLW8/daVg4xhmuXCq5k4F68JTWvJEj0IXNXUI+GizEl9W7XU/daEdCJHqbyNh8VGKpLqEmYyJNhryaJOR2w1Cqb/plrKnAydZ8Up5yHtWfiPKvM93R18aaKpeMkJVRA8RFegKEjHP0G6buV/VqNUaNnKCfW200wx6kCjAozT8vXZOAa1C+62DlwNqcXyK1j77zkHqoVzHsr7Cd5ImFlYO3RM6Q99lhs=&u=U2FsdGVkX1/SIAVOVfupsnyyky5jhd3jSQUDGXbaPTZdEizk92poeEfULf+nv2lc&y=U2FsdGVkX19X/1uxN87cUIaqp3DsZkars6P0UuBATKvyh3BqWpix/JNDNsr5m7l8 HTTP/1.1" 200 25
186.80.52.223 - - [11/Nov/2022:11:43:02 -0500] "GET /sipse/faces/javax.faces.resource/layout/layout.js?ln=primefaces&v=4.0 HTTP/1.1" 304 -
186.102.10.34 - - [11/Nov/2022:11:43:02 -0500] "GET /kwssiamovil/sm/acme/a?s=U2FsdGVkX183oWiCUWmEblxxSYrujv+zvbXuK1saMRVFFff4F963Qk4KdOnL7modAKVTvKZkWrUuw3we8g3H8d1MSQnY8gMbYeADGyRi5cl4h7b5ZqHJw0ioqfjieXU90WaSDPNdUvseopwuwEMO6Xd7mhz4t+w2bfq6jiO+2lNzTKUWRKjVMYRoEgu9BkJTxvwaRZdkILy8U7RdLPoTMQ==&u=U2FsdGVkX1/SIAVOVfupsnyyky5jhd3jSQUDGXbaPTZdEizk92poeEfULf+nv2lc&y=U2FsdGVkX19X/1uxN87cUIaqp3DsZkars6P0UuBATKvyh3BqWpix/JNDNsr5m7l8 HTTP/1.1" 200 25
186.102.10.34 - - [11/Nov/2022:11:43:02 -0500] "GET /kwssiamovil/sm/acme/a?s=U2FsdGVkX1/Ir8xvsnecvVJ+zKtHrxC4Tqxpp/7I2+oaYYmvg7e224L4bVH/FaAJdZBr+kjWBxUKi6AKoBHp3nAoXKSOfhUE6vfwQzlCKm4Ea7GLLobOziyiyJLWRSCFhDApp9DEUciZVQnEApHmNQHyKsTgxVrfzIihKvPSCE6sUKk6ciYQMMYNjNTR/hLMGtfm4mKoBraZGOBCN+gYWQHpC58dmJqh6t/oHAHkcrg=&u=U2FsdGVkX1/SIAVOVfupsnyyky5jhd3jSQUDGXbaPTZdEizk92poeEfULf+nv2lc&y=U2FsdGVkX19X/1uxN87cUIaqp3DsZkars6P0UuBATKvyh3BqWpix/JNDNsr5m7l8 HTTP/1.1" 200 25
186.102.10.34 - - [11/Nov/2022:11:43:03 -0500] "GET /kwssiamovil/sm/acme/a?s=U2FsdGVkX1/abBj7wyxFCD4C65Gko8HRdqYRr2bq0mo927Wc1j0KdNVQaLeuXHnRkG/dwpKwLZHrhY+IwO+9GcmTLtsQZRikDQnysh0M3ZJEQgxhY8RYhN6hrodKXbEVG7thZVXsKZ+sqpQ7t4cUOiRCHxYHxEniOP+pdgnx+XxB2IPlF3DD7kkRhN383dlnHwxStXiZY2i9IL29oOYrDg==&u=U2FsdGVkX1/SIAVOVfupsnyyky5jhd3jSQUDGXbaPTZdEizk92poeEfULf+nv2lc&y=U2FsdGVkX19X/1uxN87cUIaqp3DsZkars6P0UuBATKvyh3BqWpix/JNDNsr5m7l8 HTTP/1.1" 200 25
186.80.52.223 - - [11/Nov/2022:11:43:03 -0500] "GET /sipse/faces/javax.faces.resource/dynamiccontent.properties?ln=primefaces&pfdrid=XjOR5%2F%2FfPAZAuY9TpWQeCiM0BhlXxYRBGKi%2FQcXXfeA%3D&pfdrid_c=false HTTP/1.1" 500 383
186.102.10.34 - - [11/Nov/2022:11:43:03 -0500] "GET /kwssiamovil/sm/acme/a?s=U2FsdGVkX1/T+l2EHfdfqZ+Kw+p/IEKDDGiOYqENmMvsODHc6B8Nto5uPEo4NltcM9hhzHMm39QUIVtgmNXdveLeqFm5odJov2TiOUR6e7uVaA5pmxRIPIAYKeMns8bbVvJccsG45CIV8Ts0WuphQ+735RlhilKaJ+5xexsG8ntI0dmc1hVCuNxKxZIsd5JLNgG77MaquuHOHADsf1ExhnRNjXkpIMm8PRPdO+RZVJU=&u=U2FsdGVkX1/SIAVOVfupsnyyky5jhd3jSQUDGXbaPTZdEizk92poeEfULf+nv2lc&y=U2FsdGVkX19X/1uxN87cUIaqp3DsZkars6P0UuBATKvyh3BqWpix/JNDNsr5m7l8 HTTP/1.1" 200 25
186.102.10.34 - - [11/Nov/2022:11:43:03 -0500] "GET /kwssiamovil/sm/acme/a?s=U2FsdGVkX19lCJI/y9hB8B0lj/uMCb6uAfWdIH+Okl5dQcHaxxv92qRHiLKSJaAisQNi+Ylo3LqCQ3UedJqQ2Bqd2KeE5JBE0kZ36crbuULQpClOYBINUF9S7RIOXpBOs+aYRWyps856GFP4DINLzKU/VlFD9Ws4jmIguY5isIdlKrwDxFsq9FfQzW9kpCnlF9xTmQOg3DItXD6fRNQgyA==&u=U2FsdGVkX1/SIAVOVfupsnyyky5jhd3jSQUDGXbaPTZdEizk92poeEfULf+nv2lc&y=U2FsdGVkX19X/1uxN87cUIaqp3DsZkars6P0UuBATKvyh3BqWpix/JNDNsr5m7l8 HTTP/1.1" 200 25
186.102.10.34 - - [11/Nov/2022:11:43:03 -0500] "GET /kwssiamovil/sm/acme/a?s=U2FsdGVkX1+vWMd/n4fbVNfwgsacMv3aADsBh2vZEj/AS6TJ2sAHshg0vtTTgxBwRR211aRT/KXhgw7yFmglIyCBhmSyU8ouUVmsR49PEdjUKUqsoQsdsfdy143wqNElmm5EXngGhTQgYQBbX6XBXB3DgZXHYYxodWm6WCsXzV6mEVbQlzwAJst/sqUYEnBe6GF1pbgpIkQVdFFHf+T5GwiK549VJ4MIrj/Nbu6awqM=&u=U2FsdGVkX1/SIAVOVfupsnyyky5jhd3jSQUDGXbaPTZdEizk92poeEfULf+nv2lc&y=U2FsdGVkX19X/1uxN87cUIaqp3DsZkars6P0UuBATKvyh3BqWpix/JNDNsr5m7l8 HTTP/1.1" 200 25
186.102.10.34 - - [11/Nov/2022:11:43:03 -0500] "GET /kwssiamovil/sm/acme/a?s=U2FsdGVkX19w8R3rSlB+e6y59JVZTeMyf6M3+OTsRh16F4ymv3p3PUc0/1VGIx5XtcdwlG9wJl2hcboNoz1oDoAC266Q6pPFvWgfFxYdn/Ol8kd0OqK49BvEsC4aEFaiQvW8CbTe7A+KYWoOlUZCSw4ZjIElY3ND3R+Q2Y/fnC3dMHZmqYTydKDTtQYGpeRvG0pJTrKPcpweJ3Osy1Q2xQ==&u=U2FsdGVkX1/SIAVOVfupsnyyky5jhd3jSQUDGXbaPTZdEizk92poeEfULf+nv2lc&y=U2FsdGVkX19X/1uxN87cUIaqp3DsZkars6P0UuBATKvyh3BqWpix/JNDNsr5m7l8 HTTP/1.1" 200 25
186.80.52.223 - - [11/Nov/2022:11:43:08 -0500] "POST /sipse/faces/presentacion/financiero/solicitudProceso/consultarSolicitudProceso.xhtml HTTP/1.1" 200 67529
186.80.52.223 - - [11/Nov/2022:11:43:12 -0500] "GET /sipse/faces/javax.faces.resource/theme.css?ln=primefaces-sipse HTTP/1.1" 304 -
186.80.52.223 - - [11/Nov/2022:11:43:12 -0500] "GET /sipse/faces/javax.faces.resource/layout/layout.css?ln=primefaces&v=4.0 HTTP/1.1" 304 -
186.80.52.223 - - [11/Nov/2022:11:43:12 -0500] "GET /sipse/faces/javax.faces.resource/primefaces.css?ln=primefaces&v=4.0 HTTP/1.1" 304 -
186.80.52.223 - - [11/Nov/2022:11:43:12 -0500] "GET /sipse/faces/javax.faces.resource/jquery/jquery.js?ln=primefaces&v=4.0 HTTP/1.1" 304 -
186.80.52.223 - - [11/Nov/2022:11:43:12 -0500] "GET /sipse/faces/javax.faces.resource/jquery/jquery-plugins.js?ln=primefaces&v=4.0 HTTP/1.1" 304 -
186.80.52.223 - - [11/Nov/2022:11:43:12 -0500] "GET /sipse/faces/javax.faces.resource/primefaces.js?ln=primefaces&v=4.0 HTTP/1.1" 304 -
186.80.52.223 - - [11/Nov/2022:11:43:12 -0500] "GET /sipse/faces/javax.faces.resource/layout/layout.js?ln=primefaces&v=4.0 HTTP/1.1" 304 -
186.80.52.223 - - [11/Nov/2022:11:43:12 -0500] "POST /sipse/faces/presentacion/financiero/solicitudProceso/listarSolicitudProceso.xhtml HTTP/1.1" 200 1560
186.80.52.223 - - [11/Nov/2022:11:43:19 -0500] "POST /sipse/faces/presentacion/financiero/solicitudProceso/listarSolicitudProceso.xhtml HTTP/1.1" 200 32731
186.102.36.108 - - [11/Nov/2022:11:43:25 -0500] "GET /kwssiamovil/sm/acme/a?s=U2FsdGVkX199DKbqkc4AuTiiFgFYhotHcUzFzLTn3hriiX+0Fie9A23vIt3KeOkihFxMKfdiI7BBoIOMYMBOFddx6/OqJPAskZ0Tfa0s+TvMakshAx7hQK3ACu1xM2GIPp4yEWNsfxAfGCzws3sbJNpX7Txd5qrK2GMH/oXfM31crQHRQh7D2bANpCm0ayS22ph6qVqFAHwlFF3B/GCHO0jrZQNwa3sVb7k/urNkNKq/n/R8alpcItucPCe46K7iHkwEpyP4x9Cv3QXSRmLlxg==&u=U2FsdGVkX1+wwbCS5FTAnlrzfvRnwiByfyrGRdF7P4aj/mU6INMbgu/ayhFFpGZq&y=U2FsdGVkX1/3fS6NWwArI80BmMG68ir9SZmR4G9DxMlCAh90Hopd8kSm6VTcstgF HTTP/1.1" 200 26
186.80.52.223 - - [11/Nov/2022:11:43:24 -0500] "POST /sipse/faces/presentacion/financiero/solicitudProceso/listarSolicitudProceso.xhtml HTTP/1.1" 200 108580
186.80.52.223 - - [11/Nov/2022:11:43:25 -0500] "GET /sipse/faces/javax.faces.resource/theme.css?ln=primefaces-sipse HTTP/1.1" 304 -
186.102.36.108 - - [11/Nov/2022:11:43:25 -0500] "GET /kwssiamovil/sm/acme/u?s=U2FsdGVkX18e1uqBNWXrV/uN6MZ87klFCXZM+ChRXEQ4O1453EMDA2EjSWP50xADVYI5NWxiJMS29GSbXGMMlWohvtcZQlqs+FF1SycahIiMCa0G+RgHKfPuQGuYIiPeIen7DRNydFoF7xU+8KfhiWjQf/c3SSLTcKodZZc3t1bMln2ElI7RV6Sxn/nsyhTHMMba/QlrKwRq3nvdymjw4liZhwRFEc7YUlz3g7qMS7DYTQGGRmt4i4QWBW7ZQOP7kryeuD6pSjXoMS92B7E40kaY8ZgS1nPtyFOk8muR2W+0UL4ItWLPa6b3ABViRzeppNh99aMJp5xU0g8QCu8pYzfpuPv9tDkrt1YxpfEIrxagFlkOXW0Vw82Alvv7/lU0U1Baseno0o18luqDDq4+dgjUMco5V23Xwm9j/+u9s0JBqWjUOvLOQaoGuGndzIN69c8EP4Pd7kEdDs5s6L7gNlY2cruPiU8/FTFstbbBYpB2YAlpyym1fk/VW4MTG8uBpy1p8+jGQgzD2MX/pIIDQV9ylgu8dKa8T/4BlSMvIBSrRiCfUghVh97WS8IFlSmo9TtnpHYZLlloJOceHkH+NyY4J+Wx2pDJMtWNTwns4MB7HmMKtRQ0XoD/azyV8mDP4pDqMIQ9b1HY9m4mueJR+9tp3kVoIgOtRfD6xBvMYUuQK77PRJe2/2BQUM98+1fWBW8/FfABCL/3nxTRatFgoHMXHAo5FCkBZcLzsp5AG3brf1t+2yIBIl6uBLU/ihPFlsgbHO8vfF9AKA5TCRkAmzNY0Sh8ElfzW6/N5I6M+UcJDpxLIjttbDKIoiJ4UIJlMTBd/pwZqNJAz8P6R6KrhKY5tM+pbWzym9yXhV7Y9v7oUZenSWkUVL4GJldYomUwqB4tpAmsIUUi8B9DwyG21i328z4rAyjOiEdmqnFg9GCZehKlt6mPf+nzEOW3xLqi0zhrmsk/QkKq7Ct0746GWIh2mPnf5B4xZPIZoVQIxpWix194bt2DkcFGre2+fgqRL2R/Ov+CTMIaFluBrzpa3qA5GGgsMvlaY0n5OxcV3b87jwX0ho/E3o40fSt1VyZlgrr7/MPlEn5/wAKu7E5ovvbxDV2T4BVS7tkXi5hFvN8LkEO2KQZLTwOcq+eDY/j0AWiY1oNhPs+bfM3Vhpj8/6SHOcdjsmvncYTX71rJxMuj81CBAtA6WEE+6+N9Qc3mIQroafGL3uvKyi9Idvml90PP3goxa+FhJsQLUvsWV/rg0WrKcC07U+qNZH4tDOIK5MM5Vm/fakkv75NhhMgF96jDXUbSQYtFLGM8Dsh8OhvdBtk1c9aoDgUUQyPBffAG06IpqYQ/ZTvwwGUsmfZavWtDsyRAk5NqcqPh+AKT4mn4wRwB3117yIMd3oRnLI7oVquIoC50Cr9UQmn6GBYBLAxEz49fDKwoUhW4sJ5+9UziwIMBW3KezA0Z/ZNxa0au6EEWIBq1I7SiySWxvOBzyT+9ohCCCZ3bKpjmwhl5+uqspJ0Kkaq6s5jUbelmFIEU/vd5CJJMPeielxsfwCZTTd4SlyG46IVPyhIpSl+u79w=&u=U2FsdGVkX1+wwbCS5FTAnlrzfvRnwiByfyrGRdF7P4aj/mU6INMbgu/ayhFFpGZq&y=U2FsdGVkX1/3fS6NWwArI80BmMG68ir9SZmR4G9DxMlCAh90Hopd8kSm6VTcstgF HTTP/1.1" 200 60
186.80.52.223 - - [11/Nov/2022:11:43:25 -0500] "GET /sipse/faces/javax.faces.resource/layout/layout.css?ln=primefaces&v=4.0 HTTP/1.1" 304 -
186.80.52.223 - - [11/Nov/2022:11:43:25 -0500] "GET /sipse/faces/javax.faces.resource/primefaces.css?ln=primefaces&v=4.0 HTTP/1.1" 304 -
186.80.52.223 - - [11/Nov/2022:11:43:25 -0500] "GET /sipse/faces/javax.faces.resource/jquery/jquery.js?ln=primefaces&v=4.0 HTTP/1.1" 304 -
186.80.52.223 - - [11/Nov/2022:11:43:25 -0500] "GET /sipse/faces/javax.faces.resource/jquery/jquery-plugins.js?ln=primefaces&v=4.0 HTTP/1.1" 304 -
186.80.52.223 - - [11/Nov/2022:11:43:25 -0500] "GET /sipse/faces/javax.faces.resource/primefaces.js?ln=primefaces&v=4.0 HTTP/1.1" 304 -
186.80.52.223 - - [11/Nov/2022:11:43:25 -0500] "GET /sipse/faces/javax.faces.resource/layout/layout.js?ln=primefaces&v=4.0 HTTP/1.1" 304 -
186.102.36.108 - - [11/Nov/2022:11:43:25 -0500] "GET /kwssiamovil/sm/acme/a?s=U2FsdGVkX1/AiqL0VhXDHbqZbf2rZ3Vgl0oww+2ktIE2t4YeWntIzMVwo4ulXf6UUkXD3GgawaIeyXEHFAoeTRH5poE+aRHtl3sblroOZh1cPYtzrzcE64jUnVYPMeA6HpX+WEQqJ5dm0LM95FYCJ+uNGgKTCt5awu8rRMXqaQeo5HeKXZ583ObdIFIl+YM5qLdX4TtuoqZT9QMOppiQcdr9q/MV4oInse/7picfAa8VHsJ+FTooTIfggNwxi1HrEWzN/5Xqb6Av8jhePldZM+Y7jhOdO1o8QTg9KFw7iWg=&u=U2FsdGVkX1+wwbCS5FTAnlrzfvRnwiByfyrGRdF7P4aj/mU6INMbgu/ayhFFpGZq&y=U2FsdGVkX1/3fS6NWwArI80BmMG68ir9SZmR4G9DxMlCAh90Hopd8kSm6VTcstgF HTTP/1.1" 200 25
186.102.36.108 - - [11/Nov/2022:11:43:25 -0500] "GET /kwssiamovil/sm/acme/a?s=U2FsdGVkX1+n8uDAop7Rdrhz11stFdQ1K0N/dNkO5xbwsX+41DDDiNT3NSYcuMUZa9w3+4Dliu0J9NqzmJZBd9gJOrrIWrzC68A9KuGVj3Ybp2GSPlWo9ovg1ZCJf/m9ykYd1JnEQQsHNv6FmwLtZajroBb5fKdLHZYpnhGD20+Qifxanpl7gAcP6aecxlr8m3KuuK+z/ZXjFQVH6gTCP2BQ9El9zqtlUL0Srtz7N9L/xw10EO8WfpEWG7IBWYx8&u=U2FsdGVkX1+wwbCS5FTAnlrzfvRnwiByfyrGRdF7P4aj/mU6INMbgu/ayhFFpGZq&y=U2FsdGVkX1/3fS6NWwArI80BmMG68ir9SZmR4G9DxMlCAh90Hopd8kSm6VTcstgF HTTP/1.1" 200 25
186.102.36.108 - - [11/Nov/2022:11:43:26 -0500] "GET /kwssiamovil/sm/acme/a?s=U2FsdGVkX1+tlTbSdGOVe+DkU/OZXx7/X+AfspqYDmdEcS2bd1EEi5gH+m2iTcZjAuFO5rL71B5q3wYKbAptimPJvVjTMe803mWVBtlPeCSMv7LRQ1nIhc9TTlgX6eRN3xLG/syjprOn9hl1kt/MogSd8F4TlJakXXkmuxjLdkA=&u=U2FsdGVkX1+wwbCS5FTAnlrzfvRnwiByfyrGRdF7P4aj/mU6INMbgu/ayhFFpGZq&y=U2FsdGVkX1/3fS6NWwArI80BmMG68ir9SZmR4G9DxMlCAh90Hopd8kSm6VTcstgF HTTP/1.1" 200 24
186.80.52.223 - - [11/Nov/2022:11:43:26 -0500] "GET /sipse/faces/javax.faces.resource/dynamiccontent.properties?ln=primefaces&pfdrid=XjOR5%2F%2FfPAZAuY9TpWQeCiM0BhlXxYRBGKi%2FQcXXfeA%3D&pfdrid_c=false HTTP/1.1" 500 383
186.102.36.108 - - [11/Nov/2022:11:43:26 -0500] "GET /kwssiamovil/sm/acme/a?s=U2FsdGVkX1/sx1dmZNTVQnISe+Ms+RSMpB/FtBUIMSUAzWmPl9vwN3OnXaVRXbYuteEmmmRt95SN3MsvX1Wwi2hsXEkAewhqJLBcrsX7c0q/V8ZOw9hTcTQL6tFB5012So2NGibEbJQv/e7ut54EzkIYMo5toVLyTXgKg9EQDJM=&u=U2FsdGVkX1+wwbCS5FTAnlrzfvRnwiByfyrGRdF7P4aj/mU6INMbgu/ayhFFpGZq&y=U2FsdGVkX1/3fS6NWwArI80BmMG68ir9SZmR4G9DxMlCAh90Hopd8kSm6VTcstgF HTTP/1.1" 200 26
186.102.36.108 - - [11/Nov/2022:11:43:26 -0500] "GET /kwssiamovil/sm/acme/a?s=U2FsdGVkX196v1YGARSQ60JMBNLWYafKEhR6eywkbry9x6cnPhnr/66p+33I7Bu3xcHAjGrsGwKRKVnFHqLBHLvJ+logewqywuWZbUULxpy8o+wDr/07nhI1KExaF7Wo1CrXOWmiL/2arDTtb/NLKzORYv5djstsH1iSk5CAiISy9JPUCp/agumgSycuNUcD22DkZVwU0xW/iXiZYBO8CnrkdIBeEXAnwyv9tI/2cWvxBOR9Hw0sAWeLTBZPrmKJ&u=U2FsdGVkX1+wwbCS5FTAnlrzfvRnwiByfyrGRdF7P4aj/mU6INMbgu/ayhFFpGZq&y=U2FsdGVkX1/3fS6NWwArI80BmMG68ir9SZmR4G9DxMlCAh90Hopd8kSm6VTcstgF HTTP/1.1" 200 25
186.102.36.108 - - [11/Nov/2022:11:43:26 -0500] "GET /kwssiamovil/sm/acme/a?s=U2FsdGVkX1/mSAk9vmix3NlkEa+5waBE5nNIOLG06CjcAuqeV/Y946Sl4OVujHGeBiAQQySI3tE0/pJvwIt7XO31XgXYfYVia7zBxM4pKPAtOsCHZwQrrV/g2LIZfcea1aOftMMfr1KuCOI64bhKF+f0hH0vLj2LJXGbGQmA/5mmQBkr7Rl8NTBoKT/OdRbvcVrjVr1LJkAsPcEGsAd50g==&u=U2FsdGVkX1+wwbCS5FTAnlrzfvRnwiByfyrGRdF7P4aj/mU6INMbgu/ayhFFpGZq&y=U2FsdGVkX1/3fS6NWwArI80BmMG68ir9SZmR4G9DxMlCAh90Hopd8kSm6VTcstgF HTTP/1.1" 200 23
186.102.36.108 - - [11/Nov/2022:11:43:27 -0500] "GET /kwssiamovil/sm/acme/a?s=U2FsdGVkX1+lK+HMGcKYqYKE66t0ZOGNeq6DeO/GHbrlTIdhbEh+t417iJVld8pKB5beKgCAoIwUDJJd3M69zOlEeZX1Uh+ID6U1hduKV0I89gU1rPzynMpPzfGw3Fl3PuLxrouNpKn3xe5UMBavz6QGHhQtXQj7wO38yXbAolfU3yxxM98YVYgkNv5uLOM5acUcmxzYXmvBhG9+wLQafw==&u=U2FsdGVkX1+wwbCS5FTAnlrzfvRnwiByfyrGRdF7P4aj/mU6INMbgu/ayhFFpGZq&y=U2FsdGVkX1/3fS6NWwArI80BmMG68ir9SZmR4G9DxMlCAh90Hopd8kSm6VTcstgF HTTP/1.1" 200 23
186.102.36.108 - - [11/Nov/2022:11:43:27 -0500] "GET /kwssiamovil/sm/acme/a?s=U2FsdGVkX1+INvM0o/XxPblmHh7yu3MP6UU3zu0/cooRY3VvolZa4lpE5c131mwfCrliPri/hVr+678HwE6ap+DhW6sKQwdqfdVeAvFvr54UILO3UXCp6DRk/XyQb2a3zkSQpZSlzkDfrnJ4co3jpS9TJLBarygMnRDM2H14lln4zh1HRvVgnOpVVyickwYdMp3oAe6UhawYrjpsPk9RSu71qFVVth+cr9+w0goTfaf1YENN2k0A9vP9EeNo/VCjfZhjGSWECjcrZVMjiwkcIgT/aZJbLZsVguOhpD/ZV2ZQkyPIh6hbyL532pNW1ocOIMQStegohSVTqpYF4mvYghvRSnP9RvZPqx/l6UfN6t2NzrrNGTQOfMYbD7m+cU9jeJW2pEYCVvV9IdxJHJgX99ChhVA72AqMXf3QSJ/rf/Yh04F/eDMTgi4s3kWYYys0&u=U2FsdGVkX1+wwbCS5FTAnlrzfvRnwiByfyrGRdF7P4aj/mU6INMbgu/ayhFFpGZq&y=U2FsdGVkX1/3fS6NWwArI80BmMG68ir9SZmR4G9DxMlCAh90Hopd8kSm6VTcstgF HTTP/1.1" 200 23
186.102.36.108 - - [11/Nov/2022:11:43:27 -0500] "GET /kwssiamovil/sm/acme/a?s=U2FsdGVkX1+m1NBs1Oq7XKAViuhQlgM+Kw/gY0v/tcSvM7+Yv+YGpgguJCjlCWGNm8JSkYn/CU1LY3Q+KRd3o5B15QSKlN/VLXG2TFffAXVOF4q6HzMaGnnYHuaB9NMBHIuMBk8f3bR/E59yfBi2KpPbIxWL9RrRjeC45GxB1Rr7kqICYHN0iY8p+RhIF5+i0CI2ivAxL0dsRQ2kcJ1wearWx4rU5XDA4zpH7YMYUXRuiZ1mJsBHd5/zA5stjtID&u=U2FsdGVkX1+wwbCS5FTAnlrzfvRnwiByfyrGRdF7P4aj/mU6INMbgu/ayhFFpGZq&y=U2FsdGVkX1/3fS6NWwArI80BmMG68ir9SZmR4G9DxMlCAh90Hopd8kSm6VTcstgF HTTP/1.1" 200 25
186.102.36.108 - - [11/Nov/2022:11:43:28 -0500] "GET /kwssiamovil/sm/acme/a?s=U2FsdGVkX1/ul8//q58ayWBvPS1c77g9DbnZGGk3rYAmhC9buKZgQwwg+heGaopnELNdcaMypvtIN7n3IOyErZmoGtulL5J1+dyTwki8iB4JJUg8kaH/kL0vHCzITJSMLY24aSQ+p3HL/Mf4BibXOuBxMuivTWtduYBTQ0gX/WzgNDDFYuVTouQ6gBaJS+d9&u=U2FsdGVkX1+wwbCS5FTAnlrzfvRnwiByfyrGRdF7P4aj/mU6INMbgu/ayhFFpGZq&y=U2FsdGVkX1/3fS6NWwArI80BmMG68ir9SZmR4G9DxMlCAh90Hopd8kSm6VTcstgF HTTP/1.1" 200 25
186.102.36.108 - - [11/Nov/2022:11:43:28 -0500] "GET /kwssiamovil/sm/acme/a?s=U2FsdGVkX1+1TL9WEKfyp9j5MjhIHg94k2I6OpkxvUVRcgHnQbqjSiuSIqy+Ad5mNlNUP3w2IEuxM3JsQzfmbhAhbcRMKIKoOuPalGsX5u8ZpaRWsolnMCbnP7lP1rob6+LL4FGXrXRGwTJH9eL8BSkLozz6vCL+VrwvWKxbd5kPq6o4M+zJURkKoDr9moMgEkcYznag0T2iNeGGxWAxBrBSm0iOFCPzgZde9fCAxyLnltATVNN1jT+hHUQkzDYZvoWJsECT5ONCumncp3iMtv2P4FWTiBH2W4ZmyXoEBRYK/F8BBvG+siRA2kubFYF4iNsSG4Ge7Clll83GZ8zpQXlVMyKRl06DTLSnUOSfH+MmdjIosyMaPxysref6h/u33sLfe2vLgBu8G8tHgAuLhi19XdCvzc4l6PxrkKm17AQ=&u=U2FsdGVkX1+wwbCS5FTAnlrzfvRnwiByfyrGRdF7P4aj/mU6INMbgu/ayhFFpGZq&y=U2FsdGVkX1/3fS6NWwArI80BmMG68ir9SZmR4G9DxMlCAh90Hopd8kSm6VTcstgF HTTP/1.1" 200 25
186.102.36.108 - - [11/Nov/2022:11:43:28 -0500] "GET /kwssiamovil/sm/acme/a?s=U2FsdGVkX1/R/Ja6iYI4XHYVk4411yZ+MG1h/+MZowxgrLZiFi1El6PQzqRD/mhlDLtcGILVxZEmHD9C9PjrLOzDGtbzdfyhTKA7xXy9Yt7vN4e0k5Vk45jqRbE/xQ1/hZbFnFaWCHsfMn/zFGLGtpMks74172vfGYVoF2ef5KTHQX67LBvYTuYkvXOHBscfH/i3zNwCTTAv7kQgzCq8gPTiheazkSBiXkt7I41veZ2riVE731Z7ZJNa28hoAhVs&u=U2FsdGVkX1+wwbCS5FTAnlrzfvRnwiByfyrGRdF7P4aj/mU6INMbgu/ayhFFpGZq&y=U2FsdGVkX1/3fS6NWwArI80BmMG68ir9SZmR4G9DxMlCAh90Hopd8kSm6VTcstgF HTTP/1.1" 200 25
