!C99Shell v. 1.0 pre-release build #13!

Software: Apache. PHP/5.5.15 

uname -a: Windows NT SVR-DMZ 6.1 build 7600 (Windows Server 2008 R2 Enterprise Edition) i586 

SYSTEM 

Safe-mode: OFF (not secure)

E:\nuevo\apache\logs\   drwxrwxrwx
Free 8.02 GB of 239.26 GB (3.35%)
Detected drives: [ a ] [ c ] [ d ] [ e ] [ f ]
Home    Back    Forward    UPDIR    Refresh    Search    Buffer    Encoder    Tools    Proc.    FTP brute    Sec.    SQL    PHP-code    Update    Feedback    Self remove    Logout    


Viewing file:     access.2022.11.11.log (2.96 MB)      -rw-rw-rw-
Select action/file-type:
(+) | (+) | (+) | Code (+) | Session (+) | (+) | SDB (+) | (+) | (+) | (+) | (+) | (+) |
172.22.2.4 - - [10/Nov/2022:23:59:48 -0500] "GET /BLA/boletinlegal/ HTTP/1.1" 200 62840
201.245.192.253 - - [11/Nov/2022:00:02:04 -0500] "POST /kwsrmcab/Wsrmcab  HTTP/1.1" 200 40655
40.77.167.69 - - [11/Nov/2022:00:02:12 -0500] "GET /si-tienes-ropa-y-calzado-que-ya-no-usas-aca-te-presentamos-seis-puntos-a-donde-los-puedes-llevar.html HTTP/1.1" 200 872
172.22.2.4 - - [11/Nov/2022:00:02:13 -0500] "HEAD /BLA/boletinlegal/ HTTP/1.1" 200 -
216.245.221.92 - - [11/Nov/2022:00:04:13 -0500] "HEAD / HTTP/1.1" 200 -
167.0.140.135 - - [11/Nov/2022:00:04:14 -0500] "POST /sipse/faces/presentacion/financiero/solicitudProceso/listarSolicitudProceso.xhtml HTTP/1.1" 200 32402
167.0.140.135 - - [11/Nov/2022:00:04:14 -0500] "POST /sipse/faces/presentacion/financiero/solicitudProceso/listarSolicitudProceso.xhtml HTTP/1.1" 200 44521
120.18.142.215 - - [11/Nov/2022:00:04:15 -0500] "GET /appsia/controlador HTTP/1.1" 200 4799
120.18.142.215 - - [11/Nov/2022:00:04:15 -0500] "GET /appsia/css/estilos.css HTTP/1.1" 200 4804
120.18.142.215 - - [11/Nov/2022:00:04:16 -0500] "GET /appsia/scripts/validarIngreso.js HTTP/1.1" 200 851
167.0.140.135 - - [11/Nov/2022:00:04:16 -0500] "POST /sipse/faces/presentacion/financiero/solicitudProceso/listarSolicitudProceso.xhtml HTTP/1.1" 200 32402
167.0.140.135 - - [11/Nov/2022:00:04:16 -0500] "POST /sipse/faces/presentacion/financiero/solicitudProceso/listarSolicitudProceso.xhtml HTTP/1.1" 200 44521
120.18.142.215 - - [11/Nov/2022:00:04:16 -0500] "GET /appsia/images/logo_bogota_p.png HTTP/1.1" 200 14951
120.18.142.215 - - [11/Nov/2022:00:04:16 -0500] "GET /appsia/images/cabezoteHojaVida.png HTTP/1.1" 200 32493
120.18.142.215 - - [11/Nov/2022:00:04:17 -0500] "GET /favicon.ico HTTP/1.0" 200 7782
167.0.140.135 - - [11/Nov/2022:00:04:18 -0500] "POST /sipse/faces/presentacion/financiero/solicitudProceso/listarSolicitudProceso.xhtml HTTP/1.1" 200 32406
167.0.140.135 - - [11/Nov/2022:00:04:18 -0500] "POST /sipse/faces/presentacion/financiero/solicitudProceso/listarSolicitudProceso.xhtml HTTP/1.1" 200 44521
66.249.73.127 - - [11/Nov/2022:00:04:20 -0500] "-" 408 -
120.18.142.215 - - [11/Nov/2022:00:04:41 -0500] "POST /appsia/controlador HTTP/1.1" 200 5437
172.22.2.4 - - [11/Nov/2022:00:03:03 -0500] "GET /BLA/boletinlegal/ HTTP/1.1" 200 57824
120.18.142.215 - - [11/Nov/2022:00:04:45 -0500] "POST /appsia/controlador HTTP/1.1" 200 7736
173.252.95.14 - - [11/Nov/2022:00:05:09 -0500] "GET /images/imagen-palomas_optimized.jpg HTTP/1.1" 200 184069
152.32.202.139 - - [11/Nov/2022:00:05:18 -0500] "-" 408 -
20.106.27.209 - - [11/Nov/2022:00:05:21 -0500] "GET /portaldeninos/wp-content/uploads/2020/11/C%C3%B3rdoba-B-1024x576.jpg HTTP/1.1" 406 -
201.245.192.253 - - [11/Nov/2022:00:07:04 -0500] "POST /kwsrmcab/Wsrmcab  HTTP/1.1" 200 40655
40.77.167.46 - - [11/Nov/2022:00:08:36 -0500] "GET /BLA/resoluciones/RESOLUCIONES%202017/2318.pdf HTTP/1.1" 304 -
216.245.221.92 - - [11/Nov/2022:00:09:13 -0500] "HEAD / HTTP/1.1" 200 -
186.29.5.149 - - [11/Nov/2022:00:09:21 -0500] "GET /galeria/galeria/jquery.fancybox.js?v=2.1.5 HTTP/1.1" 200 48706
186.29.5.149 - - [11/Nov/2022:00:09:21 -0500] "GET /galeria/galeria/jquery.fancybox.css?v=2.1.5 HTTP/1.1" 200 4895
186.29.5.149 - - [11/Nov/2022:00:09:21 -0500] "GET /BLA/boletinlegal/js/jquery.scrollShow.js HTTP/1.1" 200 4586
172.22.2.4 - - [11/Nov/2022:00:08:03 -0500] "HEAD /BLA/boletinlegal/ HTTP/1.1" 200 -
172.22.2.4 - - [11/Nov/2022:00:08:53 -0500] "GET /BLA/boletinlegal/ HTTP/1.1" 200 58185
66.249.73.127 - - [11/Nov/2022:00:11:04 -0500] "-" 408 -
120.18.142.215 - - [11/Nov/2022:00:11:13 -0500] "GET /appsia/controlador HTTP/1.1" 200 5437
120.18.142.215 - - [11/Nov/2022:00:11:17 -0500] "POST /appsia/controlador HTTP/1.1" 200 7736
157.55.39.206 - - [11/Nov/2022:00:11:23 -0500] "GET /BLA/resoluciones/RESOLUCIONES%202018/1414.pdf HTTP/1.1" 200 3207116
201.245.192.253 - - [11/Nov/2022:00:12:03 -0500] "POST /kwsrmcab/Wsrmcab  HTTP/1.1" 200 40655
216.245.221.92 - - [11/Nov/2022:00:14:13 -0500] "HEAD / HTTP/1.1" 200 -
172.22.2.4 - - [11/Nov/2022:00:13:53 -0500] "HEAD /BLA/boletinlegal/ HTTP/1.1" 200 -
172.22.2.4 - - [11/Nov/2022:00:14:43 -0500] "GET /BLA/boletinlegal/ HTTP/1.1" 200 57192
201.245.192.253 - - [11/Nov/2022:00:17:01 -0500] "POST /kwsrmcab/Wsrmcab  HTTP/1.1" 200 40655
66.249.73.97 - - [11/Nov/2022:00:17:21 -0500] "-" 408 -
216.245.221.92 - - [11/Nov/2022:00:19:13 -0500] "HEAD / HTTP/1.1" 200 -
172.22.2.4 - - [11/Nov/2022:00:19:43 -0500] "HEAD /BLA/boletinlegal/ HTTP/1.1" 200 -
201.245.192.253 - - [11/Nov/2022:00:21:47 -0500] "POST /kwsrmcab/Wsrmcab HTTP/1.1" 200 43962
201.245.192.253 - - [11/Nov/2022:00:21:49 -0500] "POST /kwsrmcab/Wsrmcab HTTP/1.1" 200 44128
201.245.192.253 - - [11/Nov/2022:00:22:00 -0500] "POST /kwsrmcab/Wsrmcab  HTTP/1.1" 200 40655
172.22.2.4 - - [11/Nov/2022:00:20:33 -0500] "GET /BLA/boletinlegal/ HTTP/1.1" 200 57824
216.245.221.92 - - [11/Nov/2022:00:24:13 -0500] "HEAD / HTTP/1.1" 200 -
201.245.192.253 - - [11/Nov/2022:00:26:59 -0500] "POST /kwsrmcab/Wsrmcab  HTTP/1.1" 200 40655
172.22.2.4 - - [11/Nov/2022:00:25:33 -0500] "HEAD /BLA/boletinlegal/ HTTP/1.1" 200 -
172.22.2.4 - - [11/Nov/2022:00:26:23 -0500] "GET /BLA/boletinlegal/ HTTP/1.1" 200 59779
216.245.221.92 - - [11/Nov/2022:00:29:13 -0500] "HEAD / HTTP/1.1" 200 -
157.55.39.206 - - [11/Nov/2022:00:29:35 -0500] "GET /POT-2013/Cartografia/14_Sistema%20de%20Movilidad_Subsistema%20Vial_FEB.pdf HTTP/1.1" 304 -
185.119.81.101 - - [11/Nov/2022:00:29:47 -0500] "GET /portaldeninos/wp-login.php HTTP/1.1" 503 1037
201.245.192.253 - - [11/Nov/2022:00:31:47 -0500] "POST /kwsrmcab/Wsrmcab HTTP/1.1" 200 43962
201.245.192.253 - - [11/Nov/2022:00:31:49 -0500] "POST /kwsrmcab/Wsrmcab HTTP/1.1" 200 44128
201.245.192.253 - - [11/Nov/2022:00:31:57 -0500] "POST /kwsrmcab/Wsrmcab  HTTP/1.1" 200 40655
172.22.2.4 - - [11/Nov/2022:00:31:23 -0500] "HEAD /BLA/boletinlegal/ HTTP/1.1" 200 -
172.22.2.4 - - [11/Nov/2022:00:32:13 -0500] "GET /BLA/boletinlegal/ HTTP/1.1" 200 58185
216.245.221.92 - - [11/Nov/2022:00:34:13 -0500] "HEAD / HTTP/1.1" 200 -
201.245.192.253 - - [11/Nov/2022:00:36:56 -0500] "POST /kwsrmcab/Wsrmcab  HTTP/1.1" 200 40655
172.22.2.4 - - [11/Nov/2022:00:37:13 -0500] "HEAD /BLA/boletinlegal/ HTTP/1.1" 200 -
216.245.221.92 - - [11/Nov/2022:00:39:13 -0500] "HEAD / HTTP/1.1" 200 -
172.22.2.4 - - [11/Nov/2022:00:38:03 -0500] "GET /BLA/boletinlegal/ HTTP/1.1" 200 58185
185.119.81.101 - - [11/Nov/2022:00:40:13 -0500] "GET /portaldeninos/wp-login.php HTTP/1.1" 503 1037
201.245.192.253 - - [11/Nov/2022:00:41:46 -0500] "POST /kwsrmcab/Wsrmcab HTTP/1.1" 200 43962
201.245.192.253 - - [11/Nov/2022:00:41:50 -0500] "POST /kwsrmcab/Wsrmcab HTTP/1.1" 200 44128
201.245.192.253 - - [11/Nov/2022:00:41:55 -0500] "POST /kwsrmcab/Wsrmcab  HTTP/1.1" 200 40655
216.245.221.92 - - [11/Nov/2022:00:44:13 -0500] "HEAD / HTTP/1.1" 200 -
172.22.2.4 - - [11/Nov/2022:00:43:03 -0500] "HEAD /BLA/boletinlegal/ HTTP/1.1" 200 -
172.22.2.4 - - [11/Nov/2022:00:43:53 -0500] "GET /BLA/boletinlegal/ HTTP/1.1" 200 59779
201.245.192.253 - - [11/Nov/2022:00:46:54 -0500] "POST /kwsrmcab/Wsrmcab  HTTP/1.1" 200 40655
173.252.127.16 - - [11/Nov/2022:00:47:53 -0500] "GET /en-esta-navidad-bogota-esta-mejorando-con-mas-espacios-verdes-para-el-disfrute-de-la-ciudadania.html HTTP/1.1" 206 1114
216.245.221.92 - - [11/Nov/2022:00:49:13 -0500] "HEAD / HTTP/1.1" 200 -
172.22.2.4 - - [11/Nov/2022:00:48:53 -0500] "HEAD /BLA/boletinlegal/ HTTP/1.1" 200 -
172.22.2.4 - - [11/Nov/2022:00:49:43 -0500] "GET /BLA/boletinlegal/ HTTP/1.1" 200 57824
201.245.192.253 - - [11/Nov/2022:00:51:53 -0500] "POST /kwsrmcab/Wsrmcab  HTTP/1.1" 200 40655
216.245.221.92 - - [11/Nov/2022:00:54:13 -0500] "HEAD / HTTP/1.1" 200 -
185.119.81.103 - - [11/Nov/2022:00:56:04 -0500] "GET /portaldeninos/wp-login.php HTTP/1.1" 503 1037
172.22.2.4 - - [11/Nov/2022:00:54:43 -0500] "HEAD /BLA/boletinlegal/ HTTP/1.1" 200 -
40.77.167.46 - - [11/Nov/2022:00:56:51 -0500] "GET /Publicaciones/2022EE238694.pdf HTTP/1.1" 404 228
201.245.192.253 - - [11/Nov/2022:00:56:52 -0500] "POST /kwsrmcab/Wsrmcab  HTTP/1.1" 200 40655
172.22.2.4 - - [11/Nov/2022:00:55:33 -0500] "GET /BLA/boletinlegal/ HTTP/1.1" 200 58185
216.245.221.92 - - [11/Nov/2022:00:59:13 -0500] "HEAD / HTTP/1.1" 200 -
40.122.230.189 - - [11/Nov/2022:01:01:21 -0500] "GET /galeria/nivo-slider/demo/images/Bannerwebhumedales.jpg HTTP/1.1" 200 193559
201.245.192.253 - - [11/Nov/2022:01:01:51 -0500] "POST /kwsrmcab/Wsrmcab  HTTP/1.1" 200 40655
172.22.2.4 - - [11/Nov/2022:01:00:33 -0500] "HEAD /BLA/boletinlegal/ HTTP/1.1" 200 -
172.22.2.4 - - [11/Nov/2022:01:01:23 -0500] "GET /BLA/boletinlegal/ HTTP/1.1" 200 59779
216.245.221.92 - - [11/Nov/2022:01:04:13 -0500] "HEAD / HTTP/1.1" 200 -
173.252.79.2 - - [11/Nov/2022:01:05:58 -0500] "GET /images/mercados-campesinos-5-mayo.jpg HTTP/1.1" 200 95848
201.245.192.253 - - [11/Nov/2022:01:06:50 -0500] "POST /kwsrmcab/Wsrmcab  HTTP/1.1" 200 40655
172.22.2.4 - - [11/Nov/2022:01:06:23 -0500] "HEAD /BLA/boletinlegal/ HTTP/1.1" 200 -
172.22.2.4 - - [11/Nov/2022:01:07:13 -0500] "GET /BLA/boletinlegal/ HTTP/1.1" 200 57824
216.245.221.92 - - [11/Nov/2022:01:09:13 -0500] "HEAD / HTTP/1.1" 200 -
201.245.192.253 - - [11/Nov/2022:01:11:48 -0500] "POST /kwsrmcab/Wsrmcab  HTTP/1.1" 200 40655
172.22.2.4 - - [11/Nov/2022:01:12:13 -0500] "HEAD /BLA/boletinlegal/ HTTP/1.1" 200 -
216.245.221.92 - - [11/Nov/2022:01:14:13 -0500] "HEAD / HTTP/1.1" 200 -
172.22.2.4 - - [11/Nov/2022:01:13:03 -0500] "GET /BLA/boletinlegal/ HTTP/1.1" 200 59779
40.77.167.46 - - [11/Nov/2022:01:14:51 -0500] "GET /BLA/boletinlegal/disciplinarios.php? HTTP/1.1" 200 2069
185.119.81.103 - - [11/Nov/2022:01:16:44 -0500] "GET /portaldeninos/wp-login.php HTTP/1.1" 503 1037
201.245.192.253 - - [11/Nov/2022:01:16:47 -0500] "POST /kwsrmcab/Wsrmcab  HTTP/1.1" 200 40655
216.245.221.92 - - [11/Nov/2022:01:19:13 -0500] "HEAD / HTTP/1.1" 200 -
172.22.2.4 - - [11/Nov/2022:01:18:03 -0500] "HEAD /BLA/boletinlegal/ HTTP/1.1" 200 -
152.61.128.50 - - [11/Nov/2022:01:20:11 -0500] "GET / HTTP/1.1" 200 319
40.78.141.94 - - [11/Nov/2022:01:20:24 -0500] "GET /portaldeninos/wp-content/uploads/2019/08/Humedal-Techo.jpg HTTP/1.1" 406 -
198.235.24.5 - - [11/Nov/2022:01:20:28 -0500] "GET / HTTP/1.1" 200 4720
172.22.2.4 - - [11/Nov/2022:01:18:53 -0500] "GET /BLA/boletinlegal/ HTTP/1.1" 200 57824
201.245.192.253 - - [11/Nov/2022:01:21:46 -0500] "POST /kwsrmcab/Wsrmcab  HTTP/1.1" 200 40655
201.245.192.253 - - [11/Nov/2022:01:21:46 -0500] "POST /kwsrmcab/Wsrmcab HTTP/1.1" 200 43661
201.245.192.253 - - [11/Nov/2022:01:21:49 -0500] "POST /kwsrmcab/Wsrmcab HTTP/1.1" 200 43963
216.245.221.92 - - [11/Nov/2022:01:24:13 -0500] "HEAD / HTTP/1.1" 200 -
172.22.2.4 - - [11/Nov/2022:01:23:53 -0500] "HEAD /BLA/boletinlegal/ HTTP/1.1" 200 -
172.22.2.4 - - [11/Nov/2022:01:24:43 -0500] "GET /BLA/boletinlegal/ HTTP/1.1" 200 56474
152.89.196.211 - - [11/Nov/2022:01:26:41 -0500] "GET /?XDEBUG_SESSION_START=phpstorm HTTP/1.1" 200 319
201.245.192.253 - - [11/Nov/2022:01:26:45 -0500] "POST /kwsrmcab/Wsrmcab  HTTP/1.1" 200 40655
40.77.139.4 - - [11/Nov/2022:01:27:51 -0500] "GET /BLA/boletinlegal/js/jquery.js HTTP/1.1" 200 57254
40.77.139.4 - - [11/Nov/2022:01:27:51 -0500] "GET /BLA/boletinlegal/js/jquery.scrollTo-min.js HTTP/1.1" 200 1150
216.245.221.92 - - [11/Nov/2022:01:29:13 -0500] "HEAD / HTTP/1.1" 200 -
20.109.241.82 - - [11/Nov/2022:01:29:28 -0500] "GET /galeria/nivo-slider/demo/images/banner-web-reciclaton-2018.jpg HTTP/1.1" 200 207701
207.46.13.153 - - [11/Nov/2022:01:30:16 -0500] "GET /BLA/boletinlegal/Circulares/2017/Circular%20No.%201%20del%2030%20de%20Marzo%20de%202017.pdf HTTP/1.1" 304 -
172.22.2.4 - - [11/Nov/2022:01:29:43 -0500] "HEAD /BLA/boletinlegal/ HTTP/1.1" 200 -
172.22.2.4 - - [11/Nov/2022:01:31:41 -0500] "GET /BLA/boletinlegal/Directivas/2018/Directiva%20No.%2025%20del%2027%20de%20diciembre%20de%202018.pdf HTTP/1.1" 304 -
201.245.192.253 - - [11/Nov/2022:01:31:44 -0500] "POST /kwsrmcab/Wsrmcab  HTTP/1.1" 200 40655
201.245.192.253 - - [11/Nov/2022:01:31:46 -0500] "POST /kwsrmcab/Wsrmcab HTTP/1.1" 200 43661
201.245.192.253 - - [11/Nov/2022:01:31:49 -0500] "POST /kwsrmcab/Wsrmcab HTTP/1.1" 200 43963
172.22.2.4 - - [11/Nov/2022:01:30:33 -0500] "GET /BLA/boletinlegal/ HTTP/1.1" 200 57824
216.245.221.92 - - [11/Nov/2022:01:34:13 -0500] "HEAD / HTTP/1.1" 200 -
201.245.192.253 - - [11/Nov/2022:01:36:43 -0500] "POST /kwsrmcab/Wsrmcab  HTTP/1.1" 200 40655
172.22.2.4 - - [11/Nov/2022:01:35:33 -0500] "HEAD /BLA/boletinlegal/ HTTP/1.1" 200 -
172.22.2.4 - - [11/Nov/2022:01:36:23 -0500] "GET /BLA/boletinlegal/ HTTP/1.1" 200 59779
216.245.221.92 - - [11/Nov/2022:01:39:13 -0500] "HEAD / HTTP/1.1" 200 -
201.245.192.253 - - [11/Nov/2022:01:41:42 -0500] "POST /kwsrmcab/Wsrmcab  HTTP/1.1" 200 40655
201.245.192.253 - - [11/Nov/2022:01:41:46 -0500] "POST /kwsrmcab/Wsrmcab HTTP/1.1" 200 43661
201.245.192.253 - - [11/Nov/2022:01:41:49 -0500] "POST /kwsrmcab/Wsrmcab HTTP/1.1" 200 43963
172.22.2.4 - - [11/Nov/2022:01:41:23 -0500] "HEAD /BLA/boletinlegal/ HTTP/1.1" 200 -
172.22.2.4 - - [11/Nov/2022:01:42:13 -0500] "GET /BLA/boletinlegal/ HTTP/1.1" 200 57192
216.245.221.92 - - [11/Nov/2022:01:44:13 -0500] "HEAD / HTTP/1.1" 200 -
40.77.167.46 - - [11/Nov/2022:01:44:55 -0500] "GET /BLA/resoluciones/RESOLUCIONES%202013/1261.pdf HTTP/1.1" 304 -
201.245.192.253 - - [11/Nov/2022:01:46:41 -0500] "POST /kwsrmcab/Wsrmcab  HTTP/1.1" 200 40655
172.22.2.4 - - [11/Nov/2022:01:47:13 -0500] "HEAD /BLA/boletinlegal/ HTTP/1.1" 200 -
216.245.221.92 - - [11/Nov/2022:01:49:13 -0500] "HEAD / HTTP/1.1" 200 -
172.22.2.4 - - [11/Nov/2022:01:48:03 -0500] "GET /BLA/boletinlegal/ HTTP/1.1" 200 59779
201.245.192.253 - - [11/Nov/2022:01:51:40 -0500] "POST /kwsrmcab/Wsrmcab  HTTP/1.1" 200 40655
216.245.221.92 - - [11/Nov/2022:01:54:12 -0500] "HEAD / HTTP/1.1" 200 -
172.22.2.4 - - [11/Nov/2022:01:53:03 -0500] "HEAD /BLA/boletinlegal/ HTTP/1.1" 200 -
172.22.2.4 - - [11/Nov/2022:01:53:53 -0500] "GET /BLA/boletinlegal/ HTTP/1.1" 200 59404
201.245.192.253 - - [11/Nov/2022:01:56:39 -0500] "POST /kwsrmcab/Wsrmcab  HTTP/1.1" 200 40655
216.245.221.92 - - [11/Nov/2022:01:59:13 -0500] "HEAD / HTTP/1.1" 200 -
172.22.2.4 - - [11/Nov/2022:01:58:53 -0500] "HEAD /BLA/boletinlegal/ HTTP/1.1" 200 -
172.22.2.4 - - [11/Nov/2022:01:59:43 -0500] "GET /BLA/boletinlegal/ HTTP/1.1" 200 50495
201.245.192.253 - - [11/Nov/2022:02:01:38 -0500] "POST /kwsrmcab/Wsrmcab  HTTP/1.1" 200 40655
152.61.128.50 - - [11/Nov/2022:02:02:49 -0500] "GET /arcgis/services/Calidad_del_Agua_WQI/MapServer/WMSServer?request=GetCapabilities&service=WMS HTTP/1.1" 503 1020
152.61.128.50 - - [11/Nov/2022:02:02:50 -0500] "GET /arcgis/services/Calidad_del_Agua_WQI/MapServer/WMSServer?SERVICE=WMS&REQUEST=GetCapabilities HTTP/1.1" 503 1020
152.61.128.50 - - [11/Nov/2022:02:02:50 -0500] "GET /arcgis/services/Calidad_del_Agua_WQI/MapServer/WMSServer?WMTVER=1.0.0&REQUEST=capabilities HTTP/1.1" 503 1020
216.245.221.92 - - [11/Nov/2022:02:04:12 -0500] "HEAD / HTTP/1.1" 200 -
190.69.228.228 - - [11/Nov/2022:02:04:59 -0500] "GET /sipse/faces/faces/index.xhtml HTTP/1.1" 200 677
190.69.228.228 - - [11/Nov/2022:02:04:59 -0500] "GET /sipse/faces/javax.faces.resource/theme.css?ln=primefaces-sipse HTTP/1.1" 304 -
190.69.228.228 - - [11/Nov/2022:02:05:00 -0500] "GET /sipse/faces/faces/faces/autenticacion.xhtml HTTP/1.1" 200 12183
190.69.228.228 - - [11/Nov/2022:02:05:00 -0500] "GET /sipse/faces/javax.faces.resource/theme.css?ln=primefaces-sipse HTTP/1.1" 304 -
190.69.228.228 - - [11/Nov/2022:02:05:00 -0500] "GET /sipse/faces/javax.faces.resource/primefaces.css?ln=primefaces&v=4.0 HTTP/1.1" 304 -
190.69.228.228 - - [11/Nov/2022:02:05:00 -0500] "GET /sipse/faces/javax.faces.resource/jquery/jquery-plugins.js?ln=primefaces&v=4.0 HTTP/1.1" 304 -
190.69.228.228 - - [11/Nov/2022:02:05:00 -0500] "GET /sipse/faces/javax.faces.resource/jquery/jquery.js?ln=primefaces&v=4.0 HTTP/1.1" 304 -
190.69.228.228 - - [11/Nov/2022:02:05:00 -0500] "GET /sipse/faces/javax.faces.resource/layout/layout.css?ln=primefaces&v=4.0 HTTP/1.1" 304 -
190.69.228.228 - - [11/Nov/2022:02:05:00 -0500] "GET /sipse/faces/javax.faces.resource/primefaces.js?ln=primefaces&v=4.0 HTTP/1.1" 304 -
190.69.228.228 - - [11/Nov/2022:02:05:00 -0500] "GET /sipse/faces/javax.faces.resource/layout/layout.js?ln=primefaces&v=4.0 HTTP/1.1" 304 -
190.69.228.228 - - [11/Nov/2022:02:05:00 -0500] "GET /sipse/faces/javax.faces.resource/images/ui-icons_898989_256x240.png?ln=primefaces-aristo HTTP/1.1" 304 -
190.69.228.228 - - [11/Nov/2022:02:05:04 -0500] "POST /sipse/faces/autenticacion.xhtml HTTP/1.1" 200 2224
190.69.228.228 - - [11/Nov/2022:02:05:04 -0500] "GET /sipse/faces/javax.faces.resource/messages/messages.png?ln=primefaces&v=4.0 HTTP/1.1" 304 -
190.69.228.228 - - [11/Nov/2022:02:05:06 -0500] "POST /sipse/faces/autenticacion.xhtml HTTP/1.1" 200 16259
190.69.228.228 - - [11/Nov/2022:02:05:06 -0500] "GET /sipse/faces/javax.faces.resource/layout/layout.css?ln=primefaces&v=4.0 HTTP/1.1" 304 -
190.69.228.228 - - [11/Nov/2022:02:05:06 -0500] "GET /sipse/faces/javax.faces.resource/theme.css?ln=primefaces-sipse HTTP/1.1" 304 -
190.69.228.228 - - [11/Nov/2022:02:05:06 -0500] "GET /sipse/faces/javax.faces.resource/primefaces.css?ln=primefaces&v=4.0 HTTP/1.1" 304 -
190.69.228.228 - - [11/Nov/2022:02:05:06 -0500] "GET /sipse/faces/javax.faces.resource/jquery/jquery.js?ln=primefaces&v=4.0 HTTP/1.1" 304 -
190.69.228.228 - - [11/Nov/2022:02:05:06 -0500] "GET /sipse/faces/javax.faces.resource/jquery/jquery-plugins.js?ln=primefaces&v=4.0 HTTP/1.1" 304 -
190.69.228.228 - - [11/Nov/2022:02:05:06 -0500] "GET /sipse/faces/javax.faces.resource/primefaces.js?ln=primefaces&v=4.0 HTTP/1.1" 304 -
190.69.228.228 - - [11/Nov/2022:02:05:06 -0500] "GET /sipse/faces/javax.faces.resource/layout/layout.js?ln=primefaces&v=4.0 HTTP/1.1" 304 -
190.69.228.228 - - [11/Nov/2022:02:05:06 -0500] "GET /sipse/css/imagen/contrasena.png HTTP/1.1" 404 383
190.69.228.228 - - [11/Nov/2022:02:05:07 -0500] "GET /sipse/faces/javax.faces.resource/images/ui-bg_flat_0_2d5972_40x100.png?ln=primefaces-aristo HTTP/1.1" 304 -
190.69.228.228 - - [11/Nov/2022:02:05:07 -0500] "POST /sipse/faces/bienvenido.xhtml HTTP/1.1" 200 2073
190.69.228.228 - - [11/Nov/2022:02:05:08 -0500] "POST /sipse/faces/bienvenido.xhtml HTTP/1.1" 200 38996
190.69.228.228 - - [11/Nov/2022:02:05:09 -0500] "GET /sipse/faces/javax.faces.resource/theme.css?ln=primefaces-sipse HTTP/1.1" 304 -
190.69.228.228 - - [11/Nov/2022:02:05:09 -0500] "GET /sipse/faces/javax.faces.resource/primefaces.css?ln=primefaces&v=4.0 HTTP/1.1" 304 -
190.69.228.228 - - [11/Nov/2022:02:05:09 -0500] "GET /sipse/faces/javax.faces.resource/layout/layout.css?ln=primefaces&v=4.0 HTTP/1.1" 304 -
190.69.228.228 - - [11/Nov/2022:02:05:09 -0500] "GET /sipse/faces/javax.faces.resource/jquery/jquery.js?ln=primefaces&v=4.0 HTTP/1.1" 304 -
190.69.228.228 - - [11/Nov/2022:02:05:09 -0500] "GET /sipse/faces/javax.faces.resource/jquery/jquery-plugins.js?ln=primefaces&v=4.0 HTTP/1.1" 304 -
190.69.228.228 - - [11/Nov/2022:02:05:09 -0500] "GET /sipse/faces/javax.faces.resource/primefaces.js?ln=primefaces&v=4.0 HTTP/1.1" 304 -
190.69.228.228 - - [11/Nov/2022:02:05:09 -0500] "GET /sipse/faces/javax.faces.resource/layout/layout.js?ln=primefaces&v=4.0 HTTP/1.1" 304 -
190.69.228.228 - - [11/Nov/2022:02:05:13 -0500] "POST /sipse/faces/presentacion/financiero/solicitudProceso/consultar.xhtml HTTP/1.1" 200 13007
190.69.228.228 - - [11/Nov/2022:02:05:18 -0500] "POST /sipse/faces/presentacion/financiero/solicitudProceso/consultar.xhtml HTTP/1.1" 200 188205
190.69.228.228 - - [11/Nov/2022:02:05:19 -0500] "GET /sipse/faces/javax.faces.resource/theme.css?ln=primefaces-sipse HTTP/1.1" 304 -
190.69.228.228 - - [11/Nov/2022:02:05:19 -0500] "GET /sipse/faces/javax.faces.resource/primefaces.css?ln=primefaces&v=4.0 HTTP/1.1" 304 -
190.69.228.228 - - [11/Nov/2022:02:05:19 -0500] "GET /sipse/faces/javax.faces.resource/layout/layout.css?ln=primefaces&v=4.0 HTTP/1.1" 304 -
190.69.228.228 - - [11/Nov/2022:02:05:19 -0500] "GET /sipse/faces/javax.faces.resource/jquery/jquery.js?ln=primefaces&v=4.0 HTTP/1.1" 304 -
190.69.228.228 - - [11/Nov/2022:02:05:19 -0500] "GET /sipse/faces/javax.faces.resource/jquery/jquery-plugins.js?ln=primefaces&v=4.0 HTTP/1.1" 304 -
190.69.228.228 - - [11/Nov/2022:02:05:19 -0500] "GET /sipse/faces/javax.faces.resource/primefaces.js?ln=primefaces&v=4.0 HTTP/1.1" 304 -
190.69.228.228 - - [11/Nov/2022:02:05:19 -0500] "GET /sipse/faces/javax.faces.resource/layout/layout.js?ln=primefaces&v=4.0 HTTP/1.1" 304 -
190.69.228.228 - - [11/Nov/2022:02:05:19 -0500] "GET /sipse/faces/javax.faces.resource/dynamiccontent.properties?ln=primefaces&pfdrid=XjOR5%2F%2FfPAZAuY9TpWQeCiM0BhlXxYRBGKi%2FQcXXfeA%3D&pfdrid_c=false HTTP/1.1" 500 383
40.122.195.128 - - [11/Nov/2022:02:05:31 -0500] "GET /galeria/galeria/fotos/caminata1Peq.jpg HTTP/1.1" 200 40335
190.69.228.228 - - [11/Nov/2022:02:05:35 -0500] "POST /sipse/faces/presentacion/financiero/solicitudProceso/consultarSolicitudProceso.xhtml HTTP/1.1" 200 147458
157.55.39.43 - - [11/Nov/2022:02:06:03 -0500] "GET /portaldeninos/humedal-jaboque-2/ HTTP/1.1" 503 1037
172.22.2.4 - - [11/Nov/2022:02:04:43 -0500] "HEAD /BLA/boletinlegal/ HTTP/1.1" 200 -
201.245.192.253 - - [11/Nov/2022:02:06:37 -0500] "POST /kwsrmcab/Wsrmcab  HTTP/1.1" 200 40655
172.22.2.4 - - [11/Nov/2022:02:05:33 -0500] "GET /BLA/boletinlegal/ HTTP/1.1" 200 59779
64.62.197.186 - - [11/Nov/2022:02:08:30 -0500] "GET / HTTP/1.1" 200 319
185.119.81.101 - - [11/Nov/2022:02:08:46 -0500] "GET /portaldeninos/wp-login.php HTTP/1.1" 503 1037
216.245.221.92 - - [11/Nov/2022:02:09:12 -0500] "HEAD / HTTP/1.1" 200 -
64.62.197.187 - - [11/Nov/2022:02:11:07 -0500] "GET /favicon.ico HTTP/1.1" 200 7782
185.119.81.103 - - [11/Nov/2022:02:11:17 -0500] "GET /portaldeninos/wp-login.php HTTP/1.1" 503 1037
201.245.192.253 - - [11/Nov/2022:02:11:36 -0500] "POST /kwsrmcab/Wsrmcab  HTTP/1.1" 200 40655
45.33.88.63 - - [11/Nov/2022:02:11:49 -0500] "GET /galeria/galeria/jquery.fancybox.css?v=2.1.5 HTTP/1.1" 200 4895
45.33.88.63 - - [11/Nov/2022:02:11:49 -0500] "GET /BLA/boletinlegal/js/jquery.scrollShow.js HTTP/1.1" 200 4586
45.33.88.63 - - [11/Nov/2022:02:11:49 -0500] "GET /galeria/galeria/jquery.fancybox.js?v=2.1.5 HTTP/1.1" 200 48706
172.22.2.4 - - [11/Nov/2022:02:10:33 -0500] "HEAD /BLA/boletinlegal/ HTTP/1.1" 200 -
172.22.2.4 - - [11/Nov/2022:02:11:23 -0500] "GET /BLA/boletinlegal/ HTTP/1.1" 200 59779
216.245.221.92 - - [11/Nov/2022:02:14:12 -0500] "HEAD / HTTP/1.1" 200 -
201.245.192.253 - - [11/Nov/2022:02:16:35 -0500] "POST /kwsrmcab/Wsrmcab  HTTP/1.1" 200 40655
172.22.2.4 - - [11/Nov/2022:02:16:23 -0500] "HEAD /BLA/boletinlegal/ HTTP/1.1" 200 -
185.119.81.101 - - [11/Nov/2022:02:18:15 -0500] "GET /portaldeninos/wp-login.php HTTP/1.1" 503 1037
172.22.2.4 - - [11/Nov/2022:02:17:13 -0500] "GET /BLA/boletinlegal/ HTTP/1.1" 200 57824
216.245.221.92 - - [11/Nov/2022:02:19:12 -0500] "HEAD / HTTP/1.1" 200 -
114.119.145.151 - - [11/Nov/2022:02:19:55 -0500] "-" 408 -
201.245.192.253 - - [11/Nov/2022:02:21:34 -0500] "POST /kwsrmcab/Wsrmcab  HTTP/1.1" 200 40655
201.245.192.253 - - [11/Nov/2022:02:21:46 -0500] "POST /kwsrmcab/Wsrmcab HTTP/1.1" 200 43807
201.245.192.253 - - [11/Nov/2022:02:21:49 -0500] "POST /kwsrmcab/Wsrmcab HTTP/1.1" 200 44128
172.22.2.4 - - [11/Nov/2022:02:22:12 -0500] "HEAD /BLA/boletinlegal/ HTTP/1.1" 200 -
216.245.221.92 - - [11/Nov/2022:02:24:12 -0500] "HEAD / HTTP/1.1" 200 -
207.46.13.153 - - [11/Nov/2022:02:24:14 -0500] "GET /BLA/resoluciones/AUTOS%202016/1154.pdf HTTP/1.1" 200 338442
157.55.39.206 - - [11/Nov/2022:02:24:19 -0500] "GET /BLA/resoluciones/RESOLUCIONES%202013/0803.pdf HTTP/1.1" 304 -
172.22.2.4 - - [11/Nov/2022:02:23:03 -0500] "GET /BLA/boletinlegal/ HTTP/1.1" 200 57824
185.119.81.101 - - [11/Nov/2022:02:25:32 -0500] "GET /portaldeninos/wp-login.php HTTP/1.1" 503 1037
201.245.192.253 - - [11/Nov/2022:02:26:33 -0500] "POST /kwsrmcab/Wsrmcab  HTTP/1.1" 200 40655
152.89.196.211 - - [11/Nov/2022:02:27:58 -0500] "-" 408 -
172.22.2.4 - - [11/Nov/2022:02:29:11 -0500] "GET /BLA/boletinlegal/Circulares/2021/CIRCULAR%20No.%2000007%20DEL%2010%20DE%20AGOSTO%20DEL%202021.pdf HTTP/1.1" 200 266364
216.245.221.92 - - [11/Nov/2022:02:29:12 -0500] "HEAD / HTTP/1.1" 200 -
172.22.2.4 - - [11/Nov/2022:02:28:02 -0500] "HEAD /BLA/boletinlegal/ HTTP/1.1" 200 -
172.22.2.4 - - [11/Nov/2022:02:28:53 -0500] "GET /BLA/boletinlegal/ HTTP/1.1" 200 59779
201.245.192.253 - - [11/Nov/2022:02:31:32 -0500] "POST /kwsrmcab/Wsrmcab  HTTP/1.1" 200 40655
201.245.192.253 - - [11/Nov/2022:02:31:46 -0500] "POST /kwsrmcab/Wsrmcab HTTP/1.1" 200 43807
201.245.192.253 - - [11/Nov/2022:02:31:49 -0500] "POST /kwsrmcab/Wsrmcab HTTP/1.1" 200 44128
40.122.227.200 - - [11/Nov/2022:02:33:28 -0500] "GET /galeria/galeria/fotos/caminata3Peq.jpg HTTP/1.1" 200 40244
216.245.221.92 - - [11/Nov/2022:02:34:12 -0500] "HEAD / HTTP/1.1" 200 -
69.171.249.14 - - [11/Nov/2022:02:34:49 -0500] "GET /images/Reciclaton%20Nov%202022%20(1)%20(1).jpeg HTTP/1.1" 200 53811
172.22.2.4 - - [11/Nov/2022:02:33:52 -0500] "HEAD /BLA/boletinlegal/ HTTP/1.1" 200 -
172.22.2.4 - - [11/Nov/2022:02:34:43 -0500] "GET /BLA/boletinlegal/ HTTP/1.1" 200 57192
201.245.192.253 - - [11/Nov/2022:02:36:31 -0500] "POST /kwsrmcab/Wsrmcab  HTTP/1.1" 200 40655
216.245.221.92 - - [11/Nov/2022:02:39:12 -0500] "HEAD / HTTP/1.1" 200 -
172.22.2.4 - - [11/Nov/2022:02:39:42 -0500] "HEAD /BLA/boletinlegal/ HTTP/1.1" 200 -
201.245.192.253 - - [11/Nov/2022:02:41:29 -0500] "POST /kwsrmcab/Wsrmcab  HTTP/1.1" 200 40655
201.245.192.253 - - [11/Nov/2022:02:41:45 -0500] "POST /kwsrmcab/Wsrmcab HTTP/1.1" 200 43807
201.245.192.253 - - [11/Nov/2022:02:41:48 -0500] "POST /kwsrmcab/Wsrmcab HTTP/1.1" 200 44128
172.22.2.4 - - [11/Nov/2022:02:40:33 -0500] "GET /BLA/boletinlegal/ HTTP/1.1" 200 59779
216.245.221.92 - - [11/Nov/2022:02:44:12 -0500] "HEAD / HTTP/1.1" 200 -
201.245.192.253 - - [11/Nov/2022:02:46:28 -0500] "POST /kwsrmcab/Wsrmcab  HTTP/1.1" 200 40655
172.22.2.4 - - [11/Nov/2022:02:45:32 -0500] "HEAD /BLA/boletinlegal/ HTTP/1.1" 200 -
172.22.2.4 - - [11/Nov/2022:02:46:23 -0500] "GET /BLA/boletinlegal/ HTTP/1.1" 200 59779
216.245.221.92 - - [11/Nov/2022:02:49:12 -0500] "HEAD / HTTP/1.1" 200 -
172.22.2.4 - - [11/Nov/2022:02:49:10 -0500] "GET /BLA/boletinlegal/index.php HTTP/1.1" 200 61905
172.22.2.4 - - [11/Nov/2022:02:50:52 -0500] "GET /BLA/boletinlegal/js/jquery.scrollShow.js HTTP/1.1" 200 4586
201.245.192.253 - - [11/Nov/2022:02:51:26 -0500] "POST /kwsrmcab/Wsrmcab  HTTP/1.1" 200 40655
152.89.196.211 - - [11/Nov/2022:02:51:49 -0500] "GET /actuator/gateway/routes HTTP/1.1" 404 1018
172.22.2.4 - - [11/Nov/2022:02:52:31 -0500] "GET /BLA/boletinlegal/Circulares/2011/Circular%20No.%202%20del%2031%20de%20Mayo%20de%202011.pdf HTTP/1.1" 200 496778
172.22.2.4 - - [11/Nov/2022:02:51:22 -0500] "HEAD /BLA/boletinlegal/ HTTP/1.1" 200 -
172.22.2.4 - - [11/Nov/2022:02:52:13 -0500] "GET /BLA/boletinlegal/ HTTP/1.1" 200 57192
216.245.221.92 - - [11/Nov/2022:02:54:12 -0500] "HEAD / HTTP/1.1" 200 -
172.22.2.4 - - [11/Nov/2022:02:53:50 -0500] "GET /BLA/boletinlegal/index.php HTTP/1.1" 200 59404
172.22.2.4 - - [11/Nov/2022:02:55:40 -0500] "GET /BLA/boletinlegal/style.css HTTP/1.1" 200 9406
172.22.2.4 - - [11/Nov/2022:02:55:50 -0500] "GET /BLA/boletinlegal/js/jquery.scrollShow.js HTTP/1.1" 200 4586
172.22.2.4 - - [11/Nov/2022:02:56:21 -0500] "GET /BLA/boletinlegal/js/jquery.scrollTo-min.js HTTP/1.1" 200 1150
172.22.2.4 - - [11/Nov/2022:02:56:21 -0500] "GET /BLA/boletinlegal/styles2.css HTTP/1.1" 200 1838
201.245.192.253 - - [11/Nov/2022:02:56:25 -0500] "POST /kwsrmcab/Wsrmcab  HTTP/1.1" 200 40655
172.22.2.4 - - [11/Nov/2022:02:57:47 -0500] "GET /BLA/boletinlegal/js/jquery.js HTTP/1.1" 200 57254
172.22.2.4 - - [11/Nov/2022:02:57:12 -0500] "HEAD /BLA/boletinlegal/ HTTP/1.1" 200 -
20.106.27.209 - - [11/Nov/2022:02:59:00 -0500] "GET /galeria/galeria/fotos/loro3P.jpg HTTP/1.1" 200 24900
216.245.221.92 - - [11/Nov/2022:02:59:12 -0500] "HEAD / HTTP/1.1" 200 -
172.22.2.4 - - [11/Nov/2022:02:58:03 -0500] "GET /BLA/boletinlegal/ HTTP/1.1" 200 59779
40.122.227.201 - - [11/Nov/2022:03:00:26 -0500] "GET /galeria/galeria/fotos/Soratama2G.jpg HTTP/1.1" 200 167638
172.22.2.4 - - [11/Nov/2022:02:59:59 -0500] "GET /BLA/boletinlegal/ HTTP/1.1" 200 24523
172.104.242.173 - - [11/Nov/2022:03:00:42 -0500] "-" 408 -
201.245.192.253 - - [11/Nov/2022:03:01:25 -0500] "POST /kwsrmcab/Wsrmcab  HTTP/1.1" 200 40655
216.245.221.92 - - [11/Nov/2022:03:04:12 -0500] "HEAD / HTTP/1.1" 200 -
172.22.2.4 - - [11/Nov/2022:03:03:02 -0500] "HEAD /BLA/boletinlegal/ HTTP/1.1" 200 -
172.22.2.4 - - [11/Nov/2022:03:03:53 -0500] "GET /BLA/boletinlegal/ HTTP/1.1" 200 59779
40.86.101.252 - - [11/Nov/2022:03:05:39 -0500] "GET /BLA/boletinlegal/images/registro-usuarios.png HTTP/1.1" 200 8106
201.245.192.253 - - [11/Nov/2022:03:06:24 -0500] "POST /kwsrmcab/Wsrmcab  HTTP/1.1" 200 40655
172.22.2.4 - - [11/Nov/2022:03:09:12 -0500] "GET /BLA/boletinlegal/explore HTTP/1.1" 404 1018
216.245.221.92 - - [11/Nov/2022:03:09:12 -0500] "HEAD / HTTP/1.1" 200 -
172.22.2.4 - - [11/Nov/2022:03:08:52 -0500] "HEAD /BLA/boletinlegal/ HTTP/1.1" 200 -
172.22.2.4 - - [11/Nov/2022:03:11:21 -0500] "GET /BLA/boletinlegal/robots.txt HTTP/1.1" 404 1038
172.22.2.4 - - [11/Nov/2022:03:09:43 -0500] "GET /BLA/boletinlegal/ HTTP/1.1" 200 57824
201.245.192.253 - - [11/Nov/2022:03:11:22 -0500] "POST /kwsrmcab/Wsrmcab  HTTP/1.1" 200 40655
172.22.2.4 - - [11/Nov/2022:03:11:24 -0500] "GET /BLA/boletinlegal/Directivas/2017/Directiva%20No.%2002%20del%2017%20de%20Enero%20de%202017.pdf HTTP/1.1" 200 3521427
95.217.144.156 - - [11/Nov/2022:03:13:47 -0500] "-" 408 -
95.217.144.238 - - [11/Nov/2022:03:13:58 -0500] "-" 408 -
95.217.145.45 - - [11/Nov/2022:03:14:09 -0500] "-" 408 -
95.217.145.45 - - [11/Nov/2022:03:14:09 -0500] "-" 408 -
95.217.144.234 - - [11/Nov/2022:03:14:11 -0500] "-" 408 -
216.245.221.92 - - [11/Nov/2022:03:14:12 -0500] "HEAD / HTTP/1.1" 200 -
95.217.144.238 - - [11/Nov/2022:03:14:14 -0500] "-" 408 -
172.22.2.4 - - [11/Nov/2022:03:14:37 -0500] "GET /BLA/boletinlegal/.DS_Store HTTP/1.1" 404 1018
172.22.2.4 - - [11/Nov/2022:03:14:38 -0500] "GET /BLA/boletinlegal/idx_config/ HTTP/1.1" 404 1018
172.22.2.4 - - [11/Nov/2022:03:14:38 -0500] "GET /BLA/boletinlegal/telescope/requests HTTP/1.1" 404 1018
172.22.2.4 - - [11/Nov/2022:03:14:39 -0500] "GET /BLA/boletinlegal/info.php HTTP/1.1" 404 1018
172.22.2.4 - - [11/Nov/2022:03:14:40 -0500] "GET /BLA/boletinlegal/.git/config HTTP/1.1" 404 1018
172.22.2.4 - - [11/Nov/2022:03:14:41 -0500] "GET /BLA/boletinlegal/config.json HTTP/1.1" 404 1018
172.22.2.4 - - [11/Nov/2022:03:14:42 -0500] "GET /BLA/boletinlegal/.env HTTP/1.1" 404 1018
172.22.2.4 - - [11/Nov/2022:03:14:30 -0500] "GET /BLA/boletinlegal/ HTTP/1.1" 200 20427
172.22.2.4 - - [11/Nov/2022:03:14:42 -0500] "HEAD /BLA/boletinlegal/ HTTP/1.1" 200 -
201.245.192.253 - - [11/Nov/2022:03:16:21 -0500] "POST /kwsrmcab/Wsrmcab  HTTP/1.1" 200 40655
172.22.2.4 - - [11/Nov/2022:03:15:33 -0500] "GET /BLA/boletinlegal/ HTTP/1.1" 200 59035
216.245.221.92 - - [11/Nov/2022:03:19:12 -0500] "HEAD / HTTP/1.1" 200 -
172.22.2.4 - - [11/Nov/2022:03:19:37 -0500] "GET /BLA/boletinlegal/ HTTP/1.1" 200 32715
201.245.192.253 - - [11/Nov/2022:03:21:20 -0500] "POST /kwsrmcab/Wsrmcab  HTTP/1.1" 200 40655
201.245.192.253 - - [11/Nov/2022:03:21:46 -0500] "POST /kwsrmcab/Wsrmcab HTTP/1.1" 200 42393
201.245.192.253 - - [11/Nov/2022:03:21:48 -0500] "POST /kwsrmcab/Wsrmcab HTTP/1.1" 200 44118
172.22.2.4 - - [11/Nov/2022:03:20:32 -0500] "HEAD /BLA/boletinlegal/ HTTP/1.1" 200 -
172.22.2.4 - - [11/Nov/2022:03:21:23 -0500] "GET /BLA/boletinlegal/ HTTP/1.1" 200 58185
172.22.2.4 - - [11/Nov/2022:03:23:34 -0500] "GET /BLA/boletinlegal/images/signo-menos.gif HTTP/1.1" 200 13454
216.245.221.92 - - [11/Nov/2022:03:24:12 -0500] "HEAD / HTTP/1.1" 200 -
173.252.111.4 - - [11/Nov/2022:03:24:59 -0500] "GET /images/imagen-palomas_optimized.jpg HTTP/1.1" 200 184069
201.245.192.253 - - [11/Nov/2022:03:26:20 -0500] "POST /kwsrmcab/Wsrmcab  HTTP/1.1" 200 40655
172.22.2.4 - - [11/Nov/2022:03:25:33 -0500] "GET /BLA/boletinlegal/ HTTP/1.1" 200 36811
172.22.2.4 - - [11/Nov/2022:03:26:22 -0500] "HEAD /BLA/boletinlegal/ HTTP/1.1" 200 -
172.22.2.4 - - [11/Nov/2022:03:27:13 -0500] "GET /BLA/boletinlegal/ HTTP/1.1" 200 59779
216.245.221.92 - - [11/Nov/2022:03:29:12 -0500] "HEAD / HTTP/1.1" 200 -
201.245.192.253 - - [11/Nov/2022:03:31:19 -0500] "POST /kwsrmcab/Wsrmcab  HTTP/1.1" 200 40655
201.245.192.253 - - [11/Nov/2022:03:31:46 -0500] "POST /kwsrmcab/Wsrmcab HTTP/1.1" 200 42393
201.245.192.253 - - [11/Nov/2022:03:31:49 -0500] "POST /kwsrmcab/Wsrmcab HTTP/1.1" 200 44118
20.29.110.170 - - [11/Nov/2022:03:33:01 -0500] "GET /icons/blank.gif HTTP/1.1" 200 148
172.22.2.4 - - [11/Nov/2022:03:32:12 -0500] "HEAD /BLA/boletinlegal/ HTTP/1.1" 200 -
172.22.2.4 - - [11/Nov/2022:03:34:04 -0500] "GET /BLA/boletinlegal/Circulares/2012/Circular%20No.%2014%20del%2011%20de%20Septiembre%20de%202012.pdf HTTP/1.1" 200 3427471
216.245.221.92 - - [11/Nov/2022:03:34:12 -0500] "HEAD / HTTP/1.1" 200 -
172.22.2.4 - - [11/Nov/2022:03:33:03 -0500] "GET /BLA/boletinlegal/ HTTP/1.1" 200 53337
181.61.206.246 - - [11/Nov/2022:03:35:18 -0500] "GET /BLA/boletinlegal/js/jquery.scrollShow.js HTTP/1.1" 200 4586
181.61.206.246 - - [11/Nov/2022:03:35:18 -0500] "GET /galeria/galeria/jquery.fancybox.css?v=2.1.5 HTTP/1.1" 200 4895
181.61.206.246 - - [11/Nov/2022:03:35:18 -0500] "GET /galeria/galeria/jquery.fancybox.js?v=2.1.5 HTTP/1.1" 200 48706
201.245.192.253 - - [11/Nov/2022:03:36:17 -0500] "POST /kwsrmcab/Wsrmcab  HTTP/1.1" 200 40655
172.22.2.4 - - [11/Nov/2022:03:37:12 -0500] "GET /BLA/boletinlegal/Directivas/2011/Directiva%20No.%206%20del%208%20de%20Septiembre%20de%202011.pdf HTTP/1.1" 304 -
216.245.221.92 - - [11/Nov/2022:03:39:12 -0500] "HEAD / HTTP/1.1" 200 -
172.22.2.4 - - [11/Nov/2022:03:38:02 -0500] "HEAD /BLA/boletinlegal/ HTTP/1.1" 200 -
172.22.2.4 - - [11/Nov/2022:03:38:52 -0500] "GET /BLA/boletinlegal/ HTTP/1.1" 200 59404
201.245.192.253 - - [11/Nov/2022:03:41:14 -0500] "POST /kwsrmcab/Wsrmcab  HTTP/1.1" 200 40655
201.245.192.253 - - [11/Nov/2022:03:41:45 -0500] "POST /kwsrmcab/Wsrmcab HTTP/1.1" 200 42393
201.245.192.253 - - [11/Nov/2022:03:41:48 -0500] "POST /kwsrmcab/Wsrmcab HTTP/1.1" 200 44118
216.245.221.92 - - [11/Nov/2022:03:44:12 -0500] "HEAD / HTTP/1.1" 200 -
172.22.2.4 - - [11/Nov/2022:03:43:52 -0500] "HEAD /BLA/boletinlegal/ HTTP/1.1" 200 -
201.245.192.253 - - [11/Nov/2022:03:46:11 -0500] "POST /kwsrmcab/Wsrmcab  HTTP/1.1" 200 40655
172.22.2.4 - - [11/Nov/2022:03:44:42 -0500] "GET /BLA/boletinlegal/ HTTP/1.1" 200 54100
185.119.81.103 - - [11/Nov/2022:03:47:21 -0500] "GET /portaldeninos/wp-login.php HTTP/1.1" 503 1037
216.245.221.92 - - [11/Nov/2022:03:49:12 -0500] "HEAD / HTTP/1.1" 200 -
201.245.192.253 - - [11/Nov/2022:03:51:10 -0500] "POST /kwsrmcab/Wsrmcab  HTTP/1.1" 200 40655
172.22.2.4 - - [11/Nov/2022:03:49:42 -0500] "HEAD /BLA/boletinlegal/ HTTP/1.1" 200 -
40.122.227.201 - - [11/Nov/2022:03:51:44 -0500] "GET /portaldeninos/wp-content/uploads/2021/07/Ficha-zarigueya.jpg HTTP/1.1" 406 -
172.22.2.4 - - [11/Nov/2022:03:50:32 -0500] "GET /BLA/boletinlegal/ HTTP/1.1" 200 57824
216.245.221.92 - - [11/Nov/2022:03:54:12 -0500] "HEAD / HTTP/1.1" 200 -
201.245.192.253 - - [11/Nov/2022:03:56:08 -0500] "POST /kwsrmcab/Wsrmcab  HTTP/1.1" 200 40655
172.22.2.4 - - [11/Nov/2022:03:55:32 -0500] "HEAD /BLA/boletinlegal/ HTTP/1.1" 200 -
172.22.2.4 - - [11/Nov/2022:03:56:23 -0500] "GET /BLA/boletinlegal/ HTTP/1.1" 200 57824
207.46.13.153 - - [11/Nov/2022:03:59:09 -0500] "GET /BLA/resoluciones/index.php?dir=RESOLUCIONES+2004%2FRES+2004+2101-2150%2F HTTP/1.1" 200 12359
216.245.221.92 - - [11/Nov/2022:03:59:12 -0500] "HEAD / HTTP/1.1" 200 -
157.55.39.206 - - [11/Nov/2022:03:59:24 -0500] "GET /BLA/resoluciones/dlf/styles.css HTTP/1.1" 200 3049
172.22.2.4 - - [11/Nov/2022:03:59:34 -0500] "GET /BLA/boletinlegal/index.php?s=/Index/\\think\\app/invokefunction&function=call_user_func_array&vars[0]=md5&vars[1][]=HelloThinkPHP21 HTTP/1.1" 200 36811
201.245.192.253 - - [11/Nov/2022:04:01:07 -0500] "POST /kwsrmcab/Wsrmcab  HTTP/1.1" 200 40655
172.22.2.4 - - [11/Nov/2022:04:01:22 -0500] "HEAD /BLA/boletinlegal/ HTTP/1.1" 200 -
172.22.2.4 - - [11/Nov/2022:04:02:12 -0500] "GET /BLA/boletinlegal/ HTTP/1.1" 200 57824
198.235.24.154 - - [11/Nov/2022:04:03:54 -0500] "\x16\x03\x01" 400 226
216.245.221.92 - - [11/Nov/2022:04:04:12 -0500] "HEAD / HTTP/1.1" 200 -
201.245.192.253 - - [11/Nov/2022:04:06:05 -0500] "POST /kwsrmcab/Wsrmcab  HTTP/1.1" 200 40655
172.22.2.4 - - [11/Nov/2022:04:07:12 -0500] "HEAD /BLA/boletinlegal/ HTTP/1.1" 200 -
172.22.2.4 - - [11/Nov/2022:04:07:55 -0500] "GET /BLA/boletinlegal/ HTTP/1.1" 200 32715
216.245.221.92 - - [11/Nov/2022:04:09:12 -0500] "HEAD / HTTP/1.1" 200 -
172.22.2.4 - - [11/Nov/2022:04:08:02 -0500] "GET /BLA/boletinlegal/ HTTP/1.1" 200 50495
201.245.192.253 - - [11/Nov/2022:04:11:04 -0500] "POST /kwsrmcab/Wsrmcab  HTTP/1.1" 200 40655
216.245.221.92 - - [11/Nov/2022:04:14:12 -0500] "HEAD / HTTP/1.1" 200 -
172.22.2.4 - - [11/Nov/2022:04:13:02 -0500] "HEAD /BLA/boletinlegal/ HTTP/1.1" 200 -
172.22.2.4 - - [11/Nov/2022:04:13:52 -0500] "GET /BLA/boletinlegal/ HTTP/1.1" 200 59779
201.245.192.253 - - [11/Nov/2022:04:16:02 -0500] "POST /kwsrmcab/Wsrmcab  HTTP/1.1" 200 40655
185.119.81.101 - - [11/Nov/2022:04:17:17 -0500] "GET /portaldeninos/wp-login.php HTTP/1.1" 503 1037
207.46.13.153 - - [11/Nov/2022:04:18:15 -0500] "GET /forest/ HTTP/1.1" 200 12041
216.245.221.92 - - [11/Nov/2022:04:19:12 -0500] "HEAD / HTTP/1.1" 200 -
172.22.2.4 - - [11/Nov/2022:04:19:59 -0500] "GET /BLA/boletinlegal/js/jquery.scrollShow.js HTTP/1.1" 200 4586
172.22.2.4 - - [11/Nov/2022:04:19:59 -0500] "GET /BLA/boletinlegal/js/jquery.js HTTP/1.1" 200 57254
172.22.2.4 - - [11/Nov/2022:04:19:59 -0500] "GET /BLA/boletinlegal/style.css HTTP/1.1" 200 9406
172.22.2.4 - - [11/Nov/2022:04:19:59 -0500] "GET /BLA/boletinlegal/styles2.css HTTP/1.1" 200 1838
172.22.2.4 - - [11/Nov/2022:04:19:59 -0500] "GET /BLA/boletinlegal/js/jquery.scrollTo-min.js HTTP/1.1" 200 1150
172.22.2.4 - - [11/Nov/2022:04:19:59 -0500] "GET /BLA/boletinlegal/images/subscribe-icon-big.png HTTP/1.1" 200 47702
172.22.2.4 - - [11/Nov/2022:04:19:59 -0500] "GET /BLA/boletinlegal/images/arr_l.jpg HTTP/1.1" 200 1979
172.22.2.4 - - [11/Nov/2022:04:19:59 -0500] "GET /BLA/boletinlegal/images/launch.jpg HTTP/1.1" 200 14577
172.22.2.4 - - [11/Nov/2022:04:19:59 -0500] "GET /BLA/boletinlegal/images/screen_1.png HTTP/1.1" 200 202547
172.22.2.4 - - [11/Nov/2022:04:19:59 -0500] "OPTIONS /BLA/boletinlegal/images/cabezote%20BLEGAL.jpg HTTP/1.1" 200 -
172.22.2.4 - - [11/Nov/2022:04:19:59 -0500] "OPTIONS /BLA/boletinlegal/images/historia.png HTTP/1.1" 200 -
172.22.2.4 - - [11/Nov/2022:04:19:59 -0500] "OPTIONS /BLA/boletinlegal/images/registro-usuarios.png HTTP/1.1" 200 -
172.22.2.4 - - [11/Nov/2022:04:20:01 -0500] "OPTIONS /BLA/boletinlegal/images/cabezote%20BLEGAL.jpg HTTP/1.1" 200 -
172.22.2.4 - - [11/Nov/2022:04:20:01 -0500] "OPTIONS /BLA/boletinlegal/images/historia.png HTTP/1.1" 200 -
172.22.2.4 - - [11/Nov/2022:04:20:01 -0500] "OPTIONS /BLA/boletinlegal/images/registro-usuarios.png HTTP/1.1" 200 -
172.22.2.4 - - [11/Nov/2022:04:20:01 -0500] "OPTIONS /BLA/boletinlegal/images/body_bg.jpg HTTP/1.1" 200 -
172.22.2.4 - - [11/Nov/2022:04:20:01 -0500] "OPTIONS /BLA/boletinlegal/images/menu_lft.gif HTTP/1.1" 200 -
172.22.2.4 - - [11/Nov/2022:04:20:01 -0500] "OPTIONS /BLA/boletinlegal/images/menu_rght.gif HTTP/1.1" 200 -
172.22.2.4 - - [11/Nov/2022:04:20:01 -0500] "OPTIONS /BLA/boletinlegal/images/bg_top.jpg HTTP/1.1" 200 -
172.22.2.4 - - [11/Nov/2022:04:20:01 -0500] "OPTIONS /BLA/boletinlegal/images/hover.jpg HTTP/1.1" 200 -
172.22.2.4 - - [11/Nov/2022:04:20:01 -0500] "OPTIONS /BLA/boletinlegal/images/menu_bg.jpg HTTP/1.1" 200 -
172.22.2.4 - - [11/Nov/2022:04:20:01 -0500] "OPTIONS /BLA/boletinlegal/images/text.jpg HTTP/1.1" 200 -
172.22.2.4 - - [11/Nov/2022:04:20:03 -0500] "GET /BLA/boletinlegal/actos.php HTTP/1.1" 200 9566
172.22.2.4 - - [11/Nov/2022:04:20:03 -0500] "GET /BLA/boletinlegal/js/ajax_actos.js HTTP/1.1" 200 1322
172.22.2.4 - - [11/Nov/2022:04:20:03 -0500] "GET /BLA/boletinlegal/niceforms-default.css HTTP/1.1" 200 6694
172.22.2.4 - - [11/Nov/2022:04:20:03 -0500] "GET /BLA/boletinlegal/niceforms.js HTTP/1.1" 200 22876
172.22.2.4 - - [11/Nov/2022:04:20:03 -0500] "GET /BLA/boletinlegal/js/lib.js HTTP/1.1" 200 6474
172.22.2.4 - - [11/Nov/2022:04:20:03 -0500] "GET /BLA/boletinlegal/js/popup.js HTTP/1.1" 200 1270
172.22.2.4 - - [11/Nov/2022:04:20:03 -0500] "GET /BLA/boletinlegal/js/jquery1.js HTTP/1.1" 200 29846
172.22.2.4 - - [11/Nov/2022:04:20:03 -0500] "OPTIONS /BLA/boletinlegal/images/green-yellow-blue-pink-th.png HTTP/1.1" 200 -
172.22.2.4 - - [11/Nov/2022:04:20:03 -0500] "OPTIONS /BLA/boletinlegal/images/tel.png HTTP/1.1" 200 -
172.22.2.4 - - [11/Nov/2022:04:20:03 -0500] "OPTIONS /BLA/boletinlegal/images/icono-email.png HTTP/1.1" 200 -
172.22.2.4 - - [11/Nov/2022:04:20:03 -0500] "OPTIONS /BLA/boletinlegal/images/footer_bg.jpg HTTP/1.1" 200 -
172.22.2.4 - - [11/Nov/2022:04:20:03 -0500] "OPTIONS /BLA/boletinlegal/images/footer_bg_l.jpg HTTP/1.1" 200 -
172.22.2.4 - - [11/Nov/2022:04:20:03 -0500] "OPTIONS /BLA/boletinlegal/img/select-left.png HTTP/1.1" 200 -
172.22.2.4 - - [11/Nov/2022:04:20:03 -0500] "OPTIONS /BLA/boletinlegal/img/button-left.png HTTP/1.1" 200 -
172.22.2.4 - - [11/Nov/2022:04:20:03 -0500] "OPTIONS /BLA/boletinlegal/img/select-right.png HTTP/1.1" 200 -
172.22.2.4 - - [11/Nov/2022:04:20:03 -0500] "OPTIONS /BLA/boletinlegal/img/button.png HTTP/1.1" 200 -
172.22.2.4 - - [11/Nov/2022:04:20:03 -0500] "GET /BLA/boletinlegal/favicon.ico HTTP/1.1" 404 1326
172.22.2.4 - - [11/Nov/2022:04:20:03 -0500] "OPTIONS /BLA/boletinlegal/img/button-right.png HTTP/1.1" 200 -
172.22.2.4 - - [11/Nov/2022:04:20:03 -0500] "OPTIONS /BLA/boletinlegal/img/0.png HTTP/1.1" 200 -
172.22.2.4 - - [11/Nov/2022:04:20:10 -0500] "GET /BLA/boletinlegal/images/screen_2.png HTTP/1.1" 200 362502
172.22.2.4 - - [11/Nov/2022:04:20:10 -0500] "GET /BLA/boletinlegal/images/screen_5.png HTTP/1.1" 200 368876
172.22.2.4 - - [11/Nov/2022:04:20:10 -0500] "GET /BLA/boletinlegal/images/screen_3.png HTTP/1.1" 200 210620
172.22.2.4 - - [11/Nov/2022:04:20:10 -0500] "GET /BLA/boletinlegal/images/arr_r.jpg HTTP/1.1" 200 1998
172.22.2.4 - - [11/Nov/2022:04:20:21 -0500] "GET /BLA/boletinlegal/images/pdf.gif HTTP/1.1" 200 567
172.22.2.4 - - [11/Nov/2022:04:18:52 -0500] "HEAD /BLA/boletinlegal/ HTTP/1.1" 200 -
201.245.192.253 - - [11/Nov/2022:04:21:02 -0500] "POST /kwsrmcab/Wsrmcab  HTTP/1.1" 200 40655
172.22.2.4 - - [11/Nov/2022:04:21:09 -0500] "GET /BLA/boletinlegal/consulta_actos.php?tipo=autos&no=6809&usuario=&sector=&fecha=2022&resuelve= HTTP/1.1" 200 1048
172.22.2.4 - - [11/Nov/2022:04:19:42 -0500] "GET /BLA/boletinlegal/ HTTP/1.1" 200 51248
172.22.2.4 - - [11/Nov/2022:04:19:58 -0500] "GET /BLA/boletinlegal/ HTTP/1.1" 200 52453
201.245.192.253 - - [11/Nov/2022:04:21:46 -0500] "POST /kwsrmcab/Wsrmcab HTTP/1.1" 200 42697
201.245.192.253 - - [11/Nov/2022:04:21:48 -0500] "POST /kwsrmcab/Wsrmcab HTTP/1.1" 200 44121
66.45.234.206 - - [11/Nov/2022:04:23:40 -0500] "GET / HTTP/1.1" 200 319
66.45.234.206 - - [11/Nov/2022:04:23:41 -0500] "POST /HNAP1/ HTTP/1.1" 404 1018
216.245.221.92 - - [11/Nov/2022:04:24:12 -0500] "HEAD / HTTP/1.1" 200 -
201.245.192.253 - - [11/Nov/2022:04:26:01 -0500] "POST /kwsrmcab/Wsrmcab  HTTP/1.1" 200 40655
172.22.2.4 - - [11/Nov/2022:04:24:42 -0500] "HEAD /BLA/boletinlegal/ HTTP/1.1" 200 -
172.22.2.4 - - [11/Nov/2022:04:25:32 -0500] "GET /BLA/boletinlegal/ HTTP/1.1" 200 56825
216.245.221.92 - - [11/Nov/2022:04:29:12 -0500] "HEAD / HTTP/1.1" 200 -
172.22.2.4 - - [11/Nov/2022:04:30:05 -0500] "GET /BLA/boletinlegal/jurisprudencia/analisis/analisis%20C-595-2010.doc HTTP/1.1" 304 -
201.245.192.253 - - [11/Nov/2022:04:31:00 -0500] "POST /kwsrmcab/Wsrmcab  HTTP/1.1" 200 40655
66.249.73.100 - - [11/Nov/2022:04:31:18 -0500] "-" 408 -
201.245.192.253 - - [11/Nov/2022:04:31:46 -0500] "POST /kwsrmcab/Wsrmcab HTTP/1.1" 200 42697
201.245.192.253 - - [11/Nov/2022:04:31:48 -0500] "POST /kwsrmcab/Wsrmcab HTTP/1.1" 200 44121
172.22.2.4 - - [11/Nov/2022:04:30:32 -0500] "HEAD /BLA/boletinlegal/ HTTP/1.1" 200 -
172.22.2.4 - - [11/Nov/2022:04:31:22 -0500] "GET /BLA/boletinlegal/ HTTP/1.1" 200 59779
216.245.221.92 - - [11/Nov/2022:04:34:12 -0500] "HEAD / HTTP/1.1" 200 -
172.22.2.4 - - [11/Nov/2022:04:35:32 -0500] "GET /BLA/boletinlegal/favicon.ico HTTP/1.1" 404 1018
172.22.2.4 - - [11/Nov/2022:04:35:17 -0500] "GET /BLA/boletinlegal/ HTTP/1.1" 200 20427
201.245.192.253 - - [11/Nov/2022:04:35:58 -0500] "POST /kwsrmcab/Wsrmcab  HTTP/1.1" 200 40655
172.22.2.4 - - [11/Nov/2022:04:35:17 -0500] "GET /BLA/boletinlegal/ HTTP/1.1" 200 32715
172.22.2.4 - - [11/Nov/2022:04:36:22 -0500] "HEAD /BLA/boletinlegal/ HTTP/1.1" 200 -
172.22.2.4 - - [11/Nov/2022:04:37:12 -0500] "GET /BLA/boletinlegal/ HTTP/1.1" 200 59779
216.245.221.92 - - [11/Nov/2022:04:39:12 -0500] "HEAD / HTTP/1.1" 200 -
201.245.192.253 - - [11/Nov/2022:04:40:57 -0500] "POST /kwsrmcab/Wsrmcab  HTTP/1.1" 200 40655
201.245.192.253 - - [11/Nov/2022:04:41:45 -0500] "POST /kwsrmcab/Wsrmcab HTTP/1.1" 200 42697
201.245.192.253 - - [11/Nov/2022:04:41:48 -0500] "POST /kwsrmcab/Wsrmcab HTTP/1.1" 200 44121
172.22.2.4 - - [11/Nov/2022:04:42:12 -0500] "HEAD /BLA/boletinlegal/ HTTP/1.1" 200 -
184.105.139.84 - - [11/Nov/2022:04:43:58 -0500] "GET /favicon.ico HTTP/1.1" 200 7782
216.245.221.92 - - [11/Nov/2022:04:44:12 -0500] "HEAD / HTTP/1.1" 200 -
172.22.2.4 - - [11/Nov/2022:04:43:02 -0500] "GET /BLA/boletinlegal/ HTTP/1.1" 200 59779
201.245.192.253 - - [11/Nov/2022:04:45:56 -0500] "POST /kwsrmcab/Wsrmcab  HTTP/1.1" 200 40655
66.249.73.127 - - [11/Nov/2022:04:47:12 -0500] "-" 408 -
157.55.39.41 - - [11/Nov/2022:04:47:53 -0500] "GET /catalogoisis/ HTTP/1.1" 200 8575
216.245.221.92 - - [11/Nov/2022:04:49:12 -0500] "HEAD / HTTP/1.1" 200 -
172.22.2.4 - - [11/Nov/2022:04:48:02 -0500] "HEAD /BLA/boletinlegal/ HTTP/1.1" 200 -
172.22.2.4 - - [11/Nov/2022:04:48:52 -0500] "GET /BLA/boletinlegal/ HTTP/1.1" 200 59779
172.22.2.4 - - [11/Nov/2022:04:50:41 -0500] "GET /BLA/boletinlegal/docs/manual/ HTTP/1.1" 404 1037
201.245.192.253 - - [11/Nov/2022:04:50:55 -0500] "POST /kwsrmcab/Wsrmcab  HTTP/1.1" 200 40655
185.119.81.103 - - [11/Nov/2022:04:51:14 -0500] "GET /portaldeninos/wp-login.php HTTP/1.1" 503 1037
183.136.225.32 - - [11/Nov/2022:04:53:33 -0500] "GET / HTTP/1.1" 200 319
216.245.221.92 - - [11/Nov/2022:04:54:12 -0500] "HEAD / HTTP/1.1" 200 -
207.46.13.196 - - [11/Nov/2022:04:54:34 -0500] "GET /Publicaciones/2022EE245681.pdf HTTP/1.1" 404 228
172.22.2.4 - - [11/Nov/2022:04:53:52 -0500] "HEAD /BLA/boletinlegal/ HTTP/1.1" 200 -
201.245.192.253 - - [11/Nov/2022:04:55:55 -0500] "POST /kwsrmcab/Wsrmcab  HTTP/1.1" 200 40655
172.22.2.4 - - [11/Nov/2022:04:54:42 -0500] "GET /BLA/boletinlegal/ HTTP/1.1" 200 59779
66.249.73.127 - - [11/Nov/2022:04:57:20 -0500] "-" 408 -
108.174.2.214 - - [11/Nov/2022:04:57:30 -0500] "GET /images/graduacion-mujeres-7-mayo.jpg HTTP/1.1" 200 24888
172.22.2.4 - - [11/Nov/2022:04:58:57 -0500] "GET /BLA/boletinlegal/autodiscover/autodiscover.json?@zdi/Powershell HTTP/1.1" 404 1018
61.3.82.135 - - [11/Nov/2022:04:59:04 -0500] "GET / HTTP/1.1" 200 319
216.245.221.92 - - [11/Nov/2022:04:59:12 -0500] "HEAD / HTTP/1.1" 200 -
157.55.39.206 - - [11/Nov/2022:04:59:31 -0500] "GET /sipse/faces/autenticacion.xhtml HTTP/1.1" 200 12505
201.245.192.253 - - [11/Nov/2022:05:00:53 -0500] "POST /kwsrmcab/Wsrmcab  HTTP/1.1" 200 40655
183.136.225.32 - - [11/Nov/2022:05:01:05 -0500] "GET / HTTP/1.1" 200 319
183.136.225.32 - - [11/Nov/2022:05:01:05 -0500] "GET /favicon.ico HTTP/1.1" 200 7782
172.22.2.4 - - [11/Nov/2022:04:59:42 -0500] "HEAD /BLA/boletinlegal/ HTTP/1.1" 200 -
172.22.2.4 - - [11/Nov/2022:05:00:32 -0500] "GET /BLA/boletinlegal/ HTTP/1.1" 200 52942
172.22.2.4 - - [11/Nov/2022:05:03:43 -0500] "GET /BLA/boletinlegal/Directivas/2019/Directiva%20No.%200001%20del%2011%20de%20junio%20de%202019.pdf HTTP/1.1" 200 228190
216.245.221.92 - - [11/Nov/2022:05:04:12 -0500] "HEAD / HTTP/1.1" 200 -
172.22.2.4 - - [11/Nov/2022:05:05:45 -0500] "GET /BLA/boletinlegal/Directivas/2009/Directiva%20No.%20del%2023%20de%20Diciembre%20de%202009.pdf HTTP/1.1" 200 1636862
201.245.192.253 - - [11/Nov/2022:05:05:53 -0500] "POST /kwsrmcab/Wsrmcab  HTTP/1.1" 200 40655
92.118.39.78 - - [11/Nov/2022:05:06:25 -0500] "GET / HTTP/1.1" 200 319
172.22.2.4 - - [11/Nov/2022:05:05:32 -0500] "HEAD /BLA/boletinlegal/ HTTP/1.1" 200 -
172.22.2.4 - - [11/Nov/2022:05:06:22 -0500] "GET /BLA/boletinlegal/ HTTP/1.1" 200 59035
216.245.221.92 - - [11/Nov/2022:05:09:12 -0500] "HEAD / HTTP/1.1" 200 -
201.245.192.253 - - [11/Nov/2022:05:10:51 -0500] "POST /kwsrmcab/Wsrmcab  HTTP/1.1" 200 40655
66.249.73.127 - - [11/Nov/2022:05:11:34 -0500] "-" 408 -
172.22.2.4 - - [11/Nov/2022:05:11:22 -0500] "HEAD /BLA/boletinlegal/ HTTP/1.1" 200 -
172.22.2.4 - - [11/Nov/2022:05:12:12 -0500] "GET /BLA/boletinlegal/ HTTP/1.1" 200 57192
216.245.221.92 - - [11/Nov/2022:05:14:12 -0500] "HEAD / HTTP/1.1" 200 -
66.249.73.127 - - [11/Nov/2022:05:15:20 -0500] "-" 408 -
201.245.192.253 - - [11/Nov/2022:05:15:50 -0500] "POST /kwsrmcab/Wsrmcab  HTTP/1.1" 200 40655
172.22.2.4 - - [11/Nov/2022:05:17:12 -0500] "HEAD /BLA/boletinlegal/ HTTP/1.1" 200 -
