95.217.144.234 - - [14/Nov/2022:09:00:37 -0500] "-" 408 -
95.217.144.238 - - [14/Nov/2022:09:00:48 -0500] "-" 408 -
95.217.144.238 - - [14/Nov/2022:09:00:52 -0500] "-" 408 -
95.217.144.238 - - [14/Nov/2022:09:00:53 -0500] "-" 408 -
173.252.87.12 - - [14/Nov/2022:09:01:22 -0500] "GET /images/jardines-verticales-plantas-24-mayo.jpg HTTP/1.1" 200 148288
172.22.2.4 - - [14/Nov/2022:08:59:46 -0500] "GET /BLA/boletinlegal/ HTTP/1.1" 200 54452
201.245.192.253 - - [14/Nov/2022:09:01:48 -0500] "POST /kwsrmcab/Wsrmcab  HTTP/1.1" 200 213
172.22.2.4 - - [14/Nov/2022:09:02:31 -0500] "GET /BLA/boletinlegal/Directivas/2011/Directiva%20No.%201%20del%205%20de%20Abril%20de%202011.pdf HTTP/1.1" 304 -
3.87.202.64 - - [14/Nov/2022:09:03:12 -0500] "GET /secretaria-de-ambiente-acompano-los-dialogos-regionales-vinculantes-para-san-cristobal-y-rafael-uribe-uribe.html HTTP/1.1" 200 984
3.87.202.64 - - [14/Nov/2022:09:03:12 -0500] "GET /secretaria-de-ambiente-acompano-los-dialogos-regionales-vinculantes-para-san-cristobal-y-rafael-uribe-uribe.html HTTP/1.1" 200 984
216.245.221.92 - - [14/Nov/2022:09:05:36 -0500] "HEAD / HTTP/1.1" 200 -
172.22.2.4 - - [14/Nov/2022:09:04:46 -0500] "HEAD /BLA/boletinlegal/ HTTP/1.1" 200 -
201.245.192.253 - - [14/Nov/2022:09:06:47 -0500] "POST /kwsrmcab/Wsrmcab  HTTP/1.1" 200 213
66.249.73.127 - - [14/Nov/2022:09:07:06 -0500] "-" 408 -
172.22.2.4 - - [14/Nov/2022:09:05:36 -0500] "GET /BLA/boletinlegal/ HTTP/1.1" 200 50855
172.22.2.4 - - [14/Nov/2022:09:06:16 -0500] "GET /BLA/boletinlegal/ HTTP/1.1" 200 32715
216.245.221.92 - - [14/Nov/2022:09:10:36 -0500] "HEAD / HTTP/1.1" 200 -
201.245.192.253 - - [14/Nov/2022:09:11:46 -0500] "POST /kwsrmcab/Wsrmcab  HTTP/1.1" 200 213
172.22.2.4 - - [14/Nov/2022:09:10:36 -0500] "HEAD /BLA/boletinlegal/ HTTP/1.1" 200 -
172.22.2.4 - - [14/Nov/2022:09:11:26 -0500] "GET /BLA/boletinlegal/ HTTP/1.1" 200 58185
216.245.221.92 - - [14/Nov/2022:09:15:36 -0500] "HEAD / HTTP/1.1" 200 -
201.245.192.253 - - [14/Nov/2022:09:16:45 -0500] "POST /kwsrmcab/Wsrmcab  HTTP/1.1" 200 213
172.22.2.4 - - [14/Nov/2022:09:16:26 -0500] "HEAD /BLA/boletinlegal/ HTTP/1.1" 200 -
172.22.2.4 - - [14/Nov/2022:09:17:16 -0500] "GET /BLA/boletinlegal/ HTTP/1.1" 200 59779
216.245.221.92 - - [14/Nov/2022:09:20:36 -0500] "HEAD / HTTP/1.1" 200 -
23.100.232.233 - - [14/Nov/2022:09:20:59 -0500] "GET /BLA/boletinlegal/js/jquery.scrollShow.js HTTP/1.1" 200 4586
23.100.232.233 - - [14/Nov/2022:09:20:59 -0500] "GET /galeria/galeria/jquery.fancybox.js?v=2.1.5 HTTP/1.1" 200 48706
23.100.232.233 - - [14/Nov/2022:09:21:00 -0500] "GET /galeria/galeria/jquery.fancybox.css?v=2.1.5 HTTP/1.1" 200 4895
201.245.192.253 - - [14/Nov/2022:09:21:30 -0500] "POST /kwsrmcab/Wsrmcab HTTP/1.1" 200 43842
201.245.192.253 - - [14/Nov/2022:09:21:33 -0500] "POST /kwsrmcab/Wsrmcab HTTP/1.1" 200 43633
201.245.192.253 - - [14/Nov/2022:09:21:44 -0500] "POST /kwsrmcab/Wsrmcab  HTTP/1.1" 200 213
40.77.167.57 - - [14/Nov/2022:09:22:31 -0500] "GET / HTTP/1.1" 200 319
172.22.2.4 - - [14/Nov/2022:09:22:16 -0500] "HEAD /BLA/boletinlegal/ HTTP/1.1" 200 -
172.22.2.4 - - [14/Nov/2022:09:22:46 -0500] "GET /BLA/boletinlegal/ HTTP/1.1" 200 36811
172.22.2.4 - - [14/Nov/2022:09:23:06 -0500] "GET /BLA/boletinlegal/ HTTP/1.1" 200 54100
40.77.167.57 - - [14/Nov/2022:09:25:20 -0500] "GET /BLA/resoluciones/RESOLUCIONES%202021/3638.pdf HTTP/1.1" 304 -
69.63.184.1 - - [14/Nov/2022:09:25:21 -0500] "GET /images/imagen-palomas_optimized.jpg HTTP/1.1" 200 184069
216.245.221.92 - - [14/Nov/2022:09:25:36 -0500] "HEAD / HTTP/1.1" 200 -
201.245.192.253 - - [14/Nov/2022:09:26:43 -0500] "POST /kwsrmcab/Wsrmcab  HTTP/1.1" 200 213
186.80.52.43 - - [14/Nov/2022:09:29:10 -0500] "-" 408 -
172.22.2.4 - - [14/Nov/2022:09:28:06 -0500] "HEAD /BLA/boletinlegal/ HTTP/1.1" 200 -
185.119.81.104 - - [14/Nov/2022:09:29:58 -0500] "GET /portaldeninos/wp-login.php HTTP/1.1" 200 2592
185.119.81.104 - - [14/Nov/2022:09:29:59 -0500] "POST /portaldeninos/wp-login.php HTTP/1.1" 200 3605
157.55.39.42 - - [14/Nov/2022:09:29:59 -0500] "GET /portaldeninos/2021/07/11/asi-monitoreamos-las-condiciones-y-caracteristicas-de-algunos-animales/ HTTP/1.1" 200 101617
216.245.221.92 - - [14/Nov/2022:09:30:36 -0500] "HEAD / HTTP/1.1" 200 -
172.22.2.4 - - [14/Nov/2022:09:28:56 -0500] "GET /BLA/boletinlegal/ HTTP/1.1" 200 59404
201.245.192.253 - - [14/Nov/2022:09:31:30 -0500] "POST /kwsrmcab/Wsrmcab HTTP/1.1" 200 43842
201.245.192.253 - - [14/Nov/2022:09:31:32 -0500] "POST /kwsrmcab/Wsrmcab HTTP/1.1" 200 43633
186.80.52.43 - - [14/Nov/2022:09:31:43 -0500] "-" 408 -
201.245.192.253 - - [14/Nov/2022:09:31:42 -0500] "POST /kwsrmcab/Wsrmcab  HTTP/1.1" 200 213
40.77.167.57 - - [14/Nov/2022:09:34:30 -0500] "GET /galeria/galeria/jquery.fancybox.js?v=2.1.5 HTTP/1.1" 200 48706
186.80.52.43 - - [14/Nov/2022:09:34:58 -0500] "-" 408 -
216.245.221.92 - - [14/Nov/2022:09:35:36 -0500] "HEAD / HTTP/1.1" 200 -
172.22.2.4 - - [14/Nov/2022:09:33:56 -0500] "HEAD /BLA/boletinlegal/ HTTP/1.1" 200 -
186.80.52.43 - - [14/Nov/2022:09:36:10 -0500] "-" 408 -
172.22.2.4 - - [14/Nov/2022:09:34:46 -0500] "GET /BLA/boletinlegal/ HTTP/1.1" 200 59779
201.245.192.253 - - [14/Nov/2022:09:36:41 -0500] "POST /kwsrmcab/Wsrmcab  HTTP/1.1" 200 213
66.249.79.111 - - [14/Nov/2022:09:37:06 -0500] "-" 408 -
201.245.192.253 - - [14/Nov/2022:09:38:31 -0500] "POST /sipse/faces/presentacion/financiero/solicitudProceso/listarSolicitudProceso.xhtml HTTP/1.1" 200 111364
201.245.192.253 - - [14/Nov/2022:09:38:32 -0500] "GET /sipse/faces/javax.faces.resource/jquery/jquery.js?ln=primefaces&v=4.0 HTTP/1.1" 304 -
201.245.192.253 - - [14/Nov/2022:09:38:32 -0500] "GET /sipse/faces/javax.faces.resource/jquery/jquery-plugins.js?ln=primefaces&v=4.0 HTTP/1.1" 304 -
201.245.192.253 - - [14/Nov/2022:09:38:32 -0500] "GET /sipse/faces/javax.faces.resource/primefaces.js?ln=primefaces&v=4.0 HTTP/1.1" 304 -
201.245.192.253 - - [14/Nov/2022:09:38:32 -0500] "GET /sipse/faces/javax.faces.resource/layout/layout.js?ln=primefaces&v=4.0 HTTP/1.1" 304 -
201.245.192.253 - - [14/Nov/2022:09:38:32 -0500] "GET /sipse/faces/javax.faces.resource/dynamiccontent.properties?ln=primefaces&pfdrid=XjOR5%2F%2FfPAZAuY9TpWQeCiM0BhlXxYRBGKi%2FQcXXfeA%3D&pfdrid_c=false HTTP/1.1" 500 383
216.245.221.92 - - [14/Nov/2022:09:40:36 -0500] "HEAD / HTTP/1.1" 200 -
172.22.2.4 - - [14/Nov/2022:09:39:46 -0500] "HEAD /BLA/boletinlegal/ HTTP/1.1" 200 -
172.22.2.4 - - [14/Nov/2022:09:41:28 -0500] "GET /BLA/boletinlegal/Circulares/2019/Circular%20No.%200015%20del%2003%20de%20Octubre%20de%202019.pdf HTTP/1.1" 200 165608
201.245.192.253 - - [14/Nov/2022:09:41:30 -0500] "POST /kwsrmcab/Wsrmcab HTTP/1.1" 200 43842
201.245.192.253 - - [14/Nov/2022:09:41:32 -0500] "POST /kwsrmcab/Wsrmcab HTTP/1.1" 200 43633
201.245.192.253 - - [14/Nov/2022:09:41:39 -0500] "POST /sipse/faces/presentacion/financiero/solicitudProceso/consultarSolicitudProceso.xhtml HTTP/1.1" 200 157743
201.245.192.253 - - [14/Nov/2022:09:41:40 -0500] "POST /kwsrmcab/Wsrmcab  HTTP/1.1" 200 213
172.22.2.4 - - [14/Nov/2022:09:40:36 -0500] "GET /BLA/boletinlegal/ HTTP/1.1" 200 53337
20.231.101.203 - - [14/Nov/2022:09:41:39 -0500] "GET /BLA/boletinlegal/ HTTP/1.1" 200 59035
172.22.2.4 - - [14/Nov/2022:09:45:33 -0500] "GET /BLA/boletinlegal/explore HTTP/1.1" 404 1018
216.245.221.92 - - [14/Nov/2022:09:45:36 -0500] "HEAD / HTTP/1.1" 200 -
172.22.2.4 - - [14/Nov/2022:09:45:52 -0500] "GET /BLA/boletinlegal/actuator/gateway/routes HTTP/1.1" 404 1018
201.245.192.253 - - [14/Nov/2022:09:46:39 -0500] "POST /kwsrmcab/Wsrmcab  HTTP/1.1" 200 213
172.22.2.4 - - [14/Nov/2022:09:45:36 -0500] "HEAD /BLA/boletinlegal/ HTTP/1.1" 200 -
201.245.192.253 - - [14/Nov/2022:09:47:16 -0500] "POST /sipse/faces/presentacion/financiero/solicitudProceso/consultarSolicitudProceso.xhtml HTTP/1.1" 200 5439
35.236.215.231 - - [14/Nov/2022:09:47:57 -0500] "GET /camino-guadalupe-aguanoso-cerrado-por-caida-de-arboles.html HTTP/1.1" 200 851
35.236.215.231 - - [14/Nov/2022:09:47:57 -0500] "GET /camino-guadalupe-aguanoso-cerrado-por-caida-de-arboles.html HTTP/1.1" 200 851
201.245.192.253 - - [14/Nov/2022:09:47:57 -0500] "POST /sipse/faces/presentacion/financiero/solicitudProceso/consultarSolicitudProceso.xhtml HTTP/1.1" 200 5461
201.245.192.253 - - [14/Nov/2022:09:47:57 -0500] "GET /sipse/faces/javax.faces.resource/dynamiccontent.properties?ln=primefaces&pfdrid=XjOR5%2F%2FfPAZAuY9TpWQeCiM0BhlXxYRBGKi%2FQcXXfeA%3D&pfdrid_c=false HTTP/1.1" 200 165435
172.22.2.4 - - [14/Nov/2022:09:46:26 -0500] "GET /BLA/boletinlegal/ HTTP/1.1" 200 59779
201.245.192.253 - - [14/Nov/2022:09:48:26 -0500] "POST /sipse/faces/presentacion/financiero/solicitudProceso/consultarSolicitudProceso.xhtml HTTP/1.1" 200 30842
201.245.192.253 - - [14/Nov/2022:09:48:26 -0500] "GET /sipse/faces/javax.faces.resource/theme.css?ln=primefaces-sipse HTTP/1.1" 304 -
201.245.192.253 - - [14/Nov/2022:09:48:26 -0500] "GET /sipse/faces/javax.faces.resource/primefaces.css?ln=primefaces&v=4.0 HTTP/1.1" 304 -
201.245.192.253 - - [14/Nov/2022:09:48:26 -0500] "GET /sipse/faces/javax.faces.resource/layout/layout.js?ln=primefaces&v=4.0 HTTP/1.1" 304 -
201.245.192.253 - - [14/Nov/2022:09:48:26 -0500] "GET /sipse/faces/javax.faces.resource/layout/layout.css?ln=primefaces&v=4.0 HTTP/1.1" 304 -
201.245.192.253 - - [14/Nov/2022:09:48:26 -0500] "GET /sipse/faces/javax.faces.resource/jquery/jquery-plugins.js?ln=primefaces&v=4.0 HTTP/1.1" 304 -
201.245.192.253 - - [14/Nov/2022:09:48:26 -0500] "GET /sipse/faces/javax.faces.resource/jquery/jquery.js?ln=primefaces&v=4.0 HTTP/1.1" 304 -
201.245.192.253 - - [14/Nov/2022:09:48:26 -0500] "GET /sipse/faces/javax.faces.resource/primefaces.js?ln=primefaces&v=4.0 HTTP/1.1" 304 -
201.245.192.253 - - [14/Nov/2022:09:48:26 -0500] "GET /sipse/faces/javax.faces.resource/images/ui-icons_898989_256x240.png?ln=primefaces-aristo HTTP/1.1" 304 -
201.245.192.253 - - [14/Nov/2022:09:48:32 -0500] "POST /sipse/faces/presentacion/financiero/solicitudProceso/consultarHistorialSolProceso.xhtml HTTP/1.1" 200 156294
201.245.192.253 - - [14/Nov/2022:09:48:32 -0500] "GET /sipse/faces/javax.faces.resource/theme.css?ln=primefaces-sipse HTTP/1.1" 304 -
201.245.192.253 - - [14/Nov/2022:09:48:32 -0500] "GET /sipse/faces/javax.faces.resource/primefaces.css?ln=primefaces&v=4.0 HTTP/1.1" 304 -
201.245.192.253 - - [14/Nov/2022:09:48:32 -0500] "GET /sipse/faces/javax.faces.resource/layout/layout.css?ln=primefaces&v=4.0 HTTP/1.1" 304 -
201.245.192.253 - - [14/Nov/2022:09:48:32 -0500] "GET /sipse/faces/javax.faces.resource/jquery/jquery.js?ln=primefaces&v=4.0 HTTP/1.1" 304 -
201.245.192.253 - - [14/Nov/2022:09:48:32 -0500] "GET /sipse/faces/javax.faces.resource/jquery/jquery-plugins.js?ln=primefaces&v=4.0 HTTP/1.1" 304 -
201.245.192.253 - - [14/Nov/2022:09:48:32 -0500] "GET /sipse/faces/javax.faces.resource/primefaces.js?ln=primefaces&v=4.0 HTTP/1.1" 304 -
201.245.192.253 - - [14/Nov/2022:09:48:32 -0500] "GET /sipse/faces/javax.faces.resource/layout/layout.js?ln=primefaces&v=4.0 HTTP/1.1" 304 -
201.245.192.253 - - [14/Nov/2022:09:48:32 -0500] "GET /sipse/faces/javax.faces.resource/images/ui-icons_898989_256x240.png?ln=primefaces-aristo HTTP/1.1" 304 -
201.245.192.253 - - [14/Nov/2022:09:48:32 -0500] "GET /sipse/faces/javax.faces.resource/dynamiccontent.properties?ln=primefaces&pfdrid=XjOR5%2F%2FfPAZAuY9TpWQeCiM0BhlXxYRBGKi%2FQcXXfeA%3D&pfdrid_c=false HTTP/1.1" 500 383
201.245.192.253 - - [14/Nov/2022:09:48:37 -0500] "POST /sipse/faces/presentacion/financiero/solicitudProceso/consultarSolicitudProceso.xhtml HTTP/1.1" 200 26611
201.245.192.253 - - [14/Nov/2022:09:48:37 -0500] "GET /sipse/faces/javax.faces.resource/primefaces.css?ln=primefaces&v=4.0 HTTP/1.1" 304 -
201.245.192.253 - - [14/Nov/2022:09:48:37 -0500] "GET /sipse/faces/javax.faces.resource/layout/layout.css?ln=primefaces&v=4.0 HTTP/1.1" 304 -
201.245.192.253 - - [14/Nov/2022:09:48:37 -0500] "GET /sipse/faces/javax.faces.resource/theme.css?ln=primefaces-sipse HTTP/1.1" 304 -
201.245.192.253 - - [14/Nov/2022:09:48:37 -0500] "GET /sipse/faces/javax.faces.resource/jquery/jquery.js?ln=primefaces&v=4.0 HTTP/1.1" 304 -
201.245.192.253 - - [14/Nov/2022:09:48:37 -0500] "GET /sipse/faces/javax.faces.resource/jquery/jquery-plugins.js?ln=primefaces&v=4.0 HTTP/1.1" 304 -
201.245.192.253 - - [14/Nov/2022:09:48:37 -0500] "GET /sipse/faces/javax.faces.resource/primefaces.js?ln=primefaces&v=4.0 HTTP/1.1" 304 -
201.245.192.253 - - [14/Nov/2022:09:48:37 -0500] "GET /sipse/faces/javax.faces.resource/layout/layout.js?ln=primefaces&v=4.0 HTTP/1.1" 304 -
201.245.192.253 - - [14/Nov/2022:09:48:37 -0500] "GET /sipse/faces/javax.faces.resource/images/ui-icons_898989_256x240.png?ln=primefaces-aristo HTTP/1.1" 304 -
201.245.192.253 - - [14/Nov/2022:09:48:44 -0500] "GET /sipse/faces/javax.faces.resource/images/ui-bg_flat_0_2d5972_40x100.png?ln=primefaces-aristo HTTP/1.1" 304 -
201.245.192.253 - - [14/Nov/2022:09:48:44 -0500] "POST /sipse/faces/presentacion/financiero/solicitudProceso/registrarAnotacion.xhtml HTTP/1.1" 200 111364
201.245.192.253 - - [14/Nov/2022:09:48:44 -0500] "GET /sipse/faces/javax.faces.resource/jquery/jquery.js?ln=primefaces&v=4.0 HTTP/1.1" 304 -
201.245.192.253 - - [14/Nov/2022:09:48:45 -0500] "GET /sipse/faces/javax.faces.resource/jquery/jquery-plugins.js?ln=primefaces&v=4.0 HTTP/1.1" 304 -
201.245.192.253 - - [14/Nov/2022:09:48:45 -0500] "GET /sipse/faces/javax.faces.resource/primefaces.js?ln=primefaces&v=4.0 HTTP/1.1" 304 -
201.245.192.253 - - [14/Nov/2022:09:48:45 -0500] "GET /sipse/faces/javax.faces.resource/layout/layout.js?ln=primefaces&v=4.0 HTTP/1.1" 304 -
201.245.192.253 - - [14/Nov/2022:09:48:45 -0500] "GET /sipse/faces/javax.faces.resource/dynamiccontent.properties?ln=primefaces&pfdrid=XjOR5%2F%2FfPAZAuY9TpWQeCiM0BhlXxYRBGKi%2FQcXXfeA%3D&pfdrid_c=false HTTP/1.1" 500 383
201.245.192.253 - - [14/Nov/2022:09:48:48 -0500] "POST /sipse/faces/presentacion/financiero/solicitudProceso/consultarSolicitudProceso.xhtml HTTP/1.1" 200 67478
201.245.192.253 - - [14/Nov/2022:09:48:50 -0500] "GET /sipse/faces/javax.faces.resource/jquery/jquery.js?ln=primefaces&v=4.0 HTTP/1.1" 304 -
201.245.192.253 - - [14/Nov/2022:09:48:50 -0500] "GET /sipse/faces/javax.faces.resource/jquery/jquery-plugins.js?ln=primefaces&v=4.0 HTTP/1.1" 304 -
201.245.192.253 - - [14/Nov/2022:09:48:50 -0500] "GET /sipse/faces/javax.faces.resource/primefaces.js?ln=primefaces&v=4.0 HTTP/1.1" 304 -
201.245.192.253 - - [14/Nov/2022:09:48:50 -0500] "GET /sipse/faces/javax.faces.resource/layout/layout.js?ln=primefaces&v=4.0 HTTP/1.1" 304 -
201.245.192.253 - - [14/Nov/2022:09:48:50 -0500] "GET /sipse/faces/javax.faces.resource/messages/messages.png?ln=primefaces&v=4.0 HTTP/1.1" 304 -
201.245.192.253 - - [14/Nov/2022:09:48:50 -0500] "POST /sipse/faces/presentacion/financiero/solicitudProceso/listarSolicitudProceso.xhtml HTTP/1.1" 200 1560
201.245.192.253 - - [14/Nov/2022:09:49:00 -0500] "POST /sipse/faces/presentacion/financiero/solicitudProceso/listarSolicitudProceso.xhtml HTTP/1.1" 200 28614
201.245.192.253 - - [14/Nov/2022:09:49:34 -0500] "POST /sipse/faces/presentacion/financiero/solicitudProceso/listarSolicitudProceso.xhtml HTTP/1.1" 200 110841
201.245.192.253 - - [14/Nov/2022:09:49:35 -0500] "GET /sipse/faces/javax.faces.resource/jquery/jquery.js?ln=primefaces&v=4.0 HTTP/1.1" 304 -
201.245.192.253 - - [14/Nov/2022:09:49:35 -0500] "GET /sipse/faces/javax.faces.resource/jquery/jquery-plugins.js?ln=primefaces&v=4.0 HTTP/1.1" 304 -
201.245.192.253 - - [14/Nov/2022:09:49:35 -0500] "GET /sipse/faces/javax.faces.resource/primefaces.js?ln=primefaces&v=4.0 HTTP/1.1" 304 -
201.245.192.253 - - [14/Nov/2022:09:49:35 -0500] "GET /sipse/faces/javax.faces.resource/layout/layout.js?ln=primefaces&v=4.0 HTTP/1.1" 304 -
201.245.192.253 - - [14/Nov/2022:09:49:35 -0500] "GET /sipse/faces/javax.faces.resource/dynamiccontent.properties?ln=primefaces&pfdrid=XjOR5%2F%2FfPAZAuY9TpWQeCiM0BhlXxYRBGKi%2FQcXXfeA%3D&pfdrid_c=false HTTP/1.1" 500 383
216.245.221.92 - - [14/Nov/2022:09:50:36 -0500] "HEAD / HTTP/1.1" 200 -
185.119.81.104 - - [14/Nov/2022:09:51:31 -0500] "GET /portaldeninos/wp-login.php HTTP/1.1" 200 2592
185.119.81.104 - - [14/Nov/2022:09:51:32 -0500] "POST /portaldeninos/wp-login.php HTTP/1.1" 200 3650
201.245.192.253 - - [14/Nov/2022:09:51:38 -0500] "POST /kwsrmcab/Wsrmcab  HTTP/1.1" 200 213
172.22.2.4 - - [14/Nov/2022:09:51:26 -0500] "HEAD /BLA/boletinlegal/ HTTP/1.1" 200 -
172.22.2.4 - - [14/Nov/2022:09:52:16 -0500] "GET /BLA/boletinlegal/ HTTP/1.1" 200 53739
201.245.192.253 - - [14/Nov/2022:09:54:05 -0500] "POST /sipse/faces/presentacion/financiero/solicitudProceso/consultarSolicitudProceso.xhtml HTTP/1.1" 200 157032
201.245.192.253 - - [14/Nov/2022:09:54:50 -0500] "POST /sipse/faces/presentacion/financiero/solicitudProceso/consultarSolicitudProceso.xhtml HTTP/1.1" 200 5447
201.245.192.253 - - [14/Nov/2022:09:55:24 -0500] "POST /sipse/faces/presentacion/financiero/solicitudProceso/consultarSolicitudProceso.xhtml HTTP/1.1" 200 5469
201.245.192.253 - - [14/Nov/2022:09:55:24 -0500] "GET /sipse/faces/javax.faces.resource/dynamiccontent.properties?ln=primefaces&pfdrid=XjOR5%2F%2FfPAZAuY9TpWQeCiM0BhlXxYRBGKi%2FQcXXfeA%3D&pfdrid_c=false HTTP/1.1" 200 165415
216.245.221.92 - - [14/Nov/2022:09:55:36 -0500] "HEAD / HTTP/1.1" 200 -
201.245.192.253 - - [14/Nov/2022:09:55:42 -0500] "GET /sipse/faces/javax.faces.resource/theme.css?ln=primefaces-sipse HTTP/1.1" 304 -
201.245.192.253 - - [14/Nov/2022:09:55:42 -0500] "GET /sipse/faces/javax.faces.resource/primefaces.css?ln=primefaces&v=4.0 HTTP/1.1" 304 -
201.245.192.253 - - [14/Nov/2022:09:55:42 -0500] "GET /sipse/faces/javax.faces.resource/layout/layout.css?ln=primefaces&v=4.0 HTTP/1.1" 304 -
201.245.192.253 - - [14/Nov/2022:09:55:42 -0500] "GET /sipse/faces/javax.faces.resource/jquery/jquery.js?ln=primefaces&v=4.0 HTTP/1.1" 304 -
201.245.192.253 - - [14/Nov/2022:09:55:42 -0500] "GET /sipse/faces/javax.faces.resource/primefaces.js?ln=primefaces&v=4.0 HTTP/1.1" 304 -
201.245.192.253 - - [14/Nov/2022:09:55:42 -0500] "GET /sipse/faces/javax.faces.resource/layout/layout.js?ln=primefaces&v=4.0 HTTP/1.1" 304 -
201.245.192.253 - - [14/Nov/2022:09:55:42 -0500] "GET /sipse/faces/javax.faces.resource/jquery/jquery-plugins.js?ln=primefaces&v=4.0 HTTP/1.1" 304 -
201.245.192.253 - - [14/Nov/2022:09:55:42 -0500] "POST /sipse/faces/presentacion/financiero/solicitudProceso/consultarSolicitudProceso.xhtml HTTP/1.1" 200 30842
201.245.192.253 - - [14/Nov/2022:09:55:42 -0500] "GET /sipse/faces/javax.faces.resource/images/ui-icons_898989_256x240.png?ln=primefaces-aristo HTTP/1.1" 304 -
201.245.192.253 - - [14/Nov/2022:09:55:48 -0500] "POST /sipse/faces/presentacion/financiero/solicitudProceso/consultarHistorialSolProceso.xhtml HTTP/1.1" 200 155867
201.245.192.253 - - [14/Nov/2022:09:55:48 -0500] "GET /sipse/faces/javax.faces.resource/primefaces.css?ln=primefaces&v=4.0 HTTP/1.1" 304 -
201.245.192.253 - - [14/Nov/2022:09:55:48 -0500] "GET /sipse/faces/javax.faces.resource/theme.css?ln=primefaces-sipse HTTP/1.1" 304 -
201.245.192.253 - - [14/Nov/2022:09:55:48 -0500] "GET /sipse/faces/javax.faces.resource/layout/layout.css?ln=primefaces&v=4.0 HTTP/1.1" 304 -
201.245.192.253 - - [14/Nov/2022:09:55:48 -0500] "GET /sipse/faces/javax.faces.resource/jquery/jquery.js?ln=primefaces&v=4.0 HTTP/1.1" 304 -
201.245.192.253 - - [14/Nov/2022:09:55:48 -0500] "GET /sipse/faces/javax.faces.resource/jquery/jquery-plugins.js?ln=primefaces&v=4.0 HTTP/1.1" 304 -
201.245.192.253 - - [14/Nov/2022:09:55:48 -0500] "GET /sipse/faces/javax.faces.resource/primefaces.js?ln=primefaces&v=4.0 HTTP/1.1" 304 -
201.245.192.253 - - [14/Nov/2022:09:55:48 -0500] "GET /sipse/faces/javax.faces.resource/layout/layout.js?ln=primefaces&v=4.0 HTTP/1.1" 304 -
201.245.192.253 - - [14/Nov/2022:09:55:48 -0500] "GET /sipse/faces/javax.faces.resource/images/ui-icons_898989_256x240.png?ln=primefaces-aristo HTTP/1.1" 304 -
201.245.192.253 - - [14/Nov/2022:09:55:48 -0500] "GET /sipse/faces/javax.faces.resource/dynamiccontent.properties?ln=primefaces&pfdrid=XjOR5%2F%2FfPAZAuY9TpWQeCiM0BhlXxYRBGKi%2FQcXXfeA%3D&pfdrid_c=false HTTP/1.1" 500 383
201.245.192.253 - - [14/Nov/2022:09:55:54 -0500] "POST /sipse/faces/presentacion/financiero/solicitudProceso/consultarSolicitudProceso.xhtml HTTP/1.1" 200 26611
201.245.192.253 - - [14/Nov/2022:09:55:54 -0500] "GET /sipse/faces/javax.faces.resource/theme.css?ln=primefaces-sipse HTTP/1.1" 304 -
201.245.192.253 - - [14/Nov/2022:09:55:54 -0500] "GET /sipse/faces/javax.faces.resource/primefaces.css?ln=primefaces&v=4.0 HTTP/1.1" 304 -
201.245.192.253 - - [14/Nov/2022:09:55:54 -0500] "GET /sipse/faces/javax.faces.resource/layout/layout.css?ln=primefaces&v=4.0 HTTP/1.1" 304 -
201.245.192.253 - - [14/Nov/2022:09:55:54 -0500] "GET /sipse/faces/javax.faces.resource/jquery/jquery.js?ln=primefaces&v=4.0 HTTP/1.1" 304 -
201.245.192.253 - - [14/Nov/2022:09:55:54 -0500] "GET /sipse/faces/javax.faces.resource/jquery/jquery-plugins.js?ln=primefaces&v=4.0 HTTP/1.1" 304 -
201.245.192.253 - - [14/Nov/2022:09:55:54 -0500] "GET /sipse/faces/javax.faces.resource/primefaces.js?ln=primefaces&v=4.0 HTTP/1.1" 304 -
201.245.192.253 - - [14/Nov/2022:09:55:54 -0500] "GET /sipse/faces/javax.faces.resource/layout/layout.js?ln=primefaces&v=4.0 HTTP/1.1" 304 -
201.245.192.253 - - [14/Nov/2022:09:55:54 -0500] "GET /sipse/faces/javax.faces.resource/images/ui-icons_898989_256x240.png?ln=primefaces-aristo HTTP/1.1" 304 -
201.245.192.253 - - [14/Nov/2022:09:56:01 -0500] "GET /sipse/faces/javax.faces.resource/images/ui-bg_flat_0_2d5972_40x100.png?ln=primefaces-aristo HTTP/1.1" 304 -
201.245.192.253 - - [14/Nov/2022:09:56:01 -0500] "POST /sipse/faces/presentacion/financiero/solicitudProceso/registrarAnotacion.xhtml HTTP/1.1" 200 110841
201.245.192.253 - - [14/Nov/2022:09:56:01 -0500] "GET /sipse/faces/javax.faces.resource/jquery/jquery.js?ln=primefaces&v=4.0 HTTP/1.1" 304 -
201.245.192.253 - - [14/Nov/2022:09:56:01 -0500] "GET /sipse/faces/javax.faces.resource/jquery/jquery-plugins.js?ln=primefaces&v=4.0 HTTP/1.1" 304 -
201.245.192.253 - - [14/Nov/2022:09:56:01 -0500] "GET /sipse/faces/javax.faces.resource/primefaces.js?ln=primefaces&v=4.0 HTTP/1.1" 304 -
201.245.192.253 - - [14/Nov/2022:09:56:01 -0500] "GET /sipse/faces/javax.faces.resource/layout/layout.js?ln=primefaces&v=4.0 HTTP/1.1" 304 -
201.245.192.253 - - [14/Nov/2022:09:56:01 -0500] "GET /sipse/faces/javax.faces.resource/dynamiccontent.properties?ln=primefaces&pfdrid=XjOR5%2F%2FfPAZAuY9TpWQeCiM0BhlXxYRBGKi%2FQcXXfeA%3D&pfdrid_c=false HTTP/1.1" 500 383
201.245.192.253 - - [14/Nov/2022:09:56:05 -0500] "POST /sipse/faces/presentacion/financiero/solicitudProceso/consultarSolicitudProceso.xhtml HTTP/1.1" 200 67478
201.245.192.253 - - [14/Nov/2022:09:56:07 -0500] "GET /sipse/faces/javax.faces.resource/jquery/jquery.js?ln=primefaces&v=4.0 HTTP/1.1" 304 -
201.245.192.253 - - [14/Nov/2022:09:56:07 -0500] "GET /sipse/faces/javax.faces.resource/jquery/jquery-plugins.js?ln=primefaces&v=4.0 HTTP/1.1" 304 -
201.245.192.253 - - [14/Nov/2022:09:56:07 -0500] "GET /sipse/faces/javax.faces.resource/primefaces.js?ln=primefaces&v=4.0 HTTP/1.1" 304 -
201.245.192.253 - - [14/Nov/2022:09:56:07 -0500] "GET /sipse/faces/javax.faces.resource/layout/layout.js?ln=primefaces&v=4.0 HTTP/1.1" 304 -
201.245.192.253 - - [14/Nov/2022:09:56:07 -0500] "GET /sipse/faces/javax.faces.resource/messages/messages.png?ln=primefaces&v=4.0 HTTP/1.1" 304 -
201.245.192.253 - - [14/Nov/2022:09:56:07 -0500] "POST /sipse/faces/presentacion/financiero/solicitudProceso/listarSolicitudProceso.xhtml HTTP/1.1" 200 1560
201.245.192.253 - - [14/Nov/2022:09:56:11 -0500] "POST /sipse/faces/presentacion/financiero/solicitudProceso/listarSolicitudProceso.xhtml HTTP/1.1" 200 25644
3.82.231.11 - - [14/Nov/2022:09:56:23 -0500] "GET /secretaria-de-ambiente-acompano-los-dialogos-regionales-vinculantes-para-san-cristobal-y-rafael-uribe-uribe.html HTTP/1.1" 200 984
3.82.231.11 - - [14/Nov/2022:09:56:23 -0500] "GET /secretaria-de-ambiente-acompano-los-dialogos-regionales-vinculantes-para-san-cristobal-y-rafael-uribe-uribe.html HTTP/1.1" 200 984
201.245.192.253 - - [14/Nov/2022:09:56:37 -0500] "POST /kwsrmcab/Wsrmcab  HTTP/1.1" 200 213
201.245.192.253 - - [14/Nov/2022:09:56:41 -0500] "POST /sipse/faces/presentacion/financiero/solicitudProceso/listarSolicitudProceso.xhtml HTTP/1.1" 200 110997
201.245.192.253 - - [14/Nov/2022:09:56:42 -0500] "GET /sipse/faces/javax.faces.resource/jquery/jquery.js?ln=primefaces&v=4.0 HTTP/1.1" 304 -
201.245.192.253 - - [14/Nov/2022:09:56:42 -0500] "GET /sipse/faces/javax.faces.resource/jquery/jquery-plugins.js?ln=primefaces&v=4.0 HTTP/1.1" 304 -
201.245.192.253 - - [14/Nov/2022:09:56:42 -0500] "GET /sipse/faces/javax.faces.resource/primefaces.js?ln=primefaces&v=4.0 HTTP/1.1" 304 -
201.245.192.253 - - [14/Nov/2022:09:56:42 -0500] "GET /sipse/faces/javax.faces.resource/layout/layout.js?ln=primefaces&v=4.0 HTTP/1.1" 304 -
201.245.192.253 - - [14/Nov/2022:09:56:42 -0500] "GET /sipse/faces/javax.faces.resource/dynamiccontent.properties?ln=primefaces&pfdrid=XjOR5%2F%2FfPAZAuY9TpWQeCiM0BhlXxYRBGKi%2FQcXXfeA%3D&pfdrid_c=false HTTP/1.1" 500 383
201.245.192.253 - - [14/Nov/2022:09:58:12 -0500] "POST /sipse/faces/presentacion/financiero/solicitudProceso/consultarSolicitudProceso.xhtml HTTP/1.1" 200 158093
186.30.171.20 - - [14/Nov/2022:09:58:38 -0500] "GET /BLA/resoluciones/index.php?dir= HTTP/1.1" 200 13093
186.30.171.20 - - [14/Nov/2022:09:58:38 -0500] "GET /favicon.ico HTTP/1.1" 200 7782
186.30.171.20 - - [14/Nov/2022:09:58:41 -0500] "GET /BLA/resoluciones/index.php?dir=AUTOS+2012%2F HTTP/1.1" 200 274522
172.22.2.4 - - [14/Nov/2022:09:57:16 -0500] "HEAD /BLA/boletinlegal/ HTTP/1.1" 200 -
172.22.2.4 - - [14/Nov/2022:09:58:06 -0500] "GET /BLA/boletinlegal/ HTTP/1.1" 200 59779
201.245.192.253 - - [14/Nov/2022:10:00:21 -0500] "POST /sipse/faces/presentacion/financiero/solicitudProceso/consultarSolicitudProceso.xhtml HTTP/1.1" 200 5439
216.245.221.92 - - [14/Nov/2022:10:00:36 -0500] "HEAD / HTTP/1.1" 200 -
66.249.79.109 - - [14/Nov/2022:10:00:39 -0500] "-" 408 -
201.245.192.253 - - [14/Nov/2022:10:01:10 -0500] "POST /sipse/faces/presentacion/financiero/solicitudProceso/consultarSolicitudProceso.xhtml HTTP/1.1" 200 5461
201.245.192.253 - - [14/Nov/2022:10:01:11 -0500] "GET /sipse/faces/javax.faces.resource/dynamiccontent.properties?ln=primefaces&pfdrid=XjOR5%2F%2FfPAZAuY9TpWQeCiM0BhlXxYRBGKi%2FQcXXfeA%3D&pfdrid_c=false HTTP/1.1" 200 165409
201.245.192.253 - - [14/Nov/2022:10:01:32 -0500] "POST /sipse/faces/presentacion/financiero/solicitudProceso/consultarSolicitudProceso.xhtml HTTP/1.1" 200 26611
201.245.192.253 - - [14/Nov/2022:10:01:33 -0500] "GET /sipse/faces/javax.faces.resource/theme.css?ln=primefaces-sipse HTTP/1.1" 304 -
201.245.192.253 - - [14/Nov/2022:10:01:33 -0500] "GET /sipse/faces/javax.faces.resource/primefaces.css?ln=primefaces&v=4.0 HTTP/1.1" 304 -
201.245.192.253 - - [14/Nov/2022:10:01:33 -0500] "GET /sipse/faces/javax.faces.resource/layout/layout.css?ln=primefaces&v=4.0 HTTP/1.1" 304 -
201.245.192.253 - - [14/Nov/2022:10:01:33 -0500] "GET /sipse/faces/javax.faces.resource/primefaces.js?ln=primefaces&v=4.0 HTTP/1.1" 304 -
201.245.192.253 - - [14/Nov/2022:10:01:33 -0500] "GET /sipse/faces/javax.faces.resource/jquery/jquery.js?ln=primefaces&v=4.0 HTTP/1.1" 304 -
201.245.192.253 - - [14/Nov/2022:10:01:33 -0500] "GET /sipse/faces/javax.faces.resource/jquery/jquery-plugins.js?ln=primefaces&v=4.0 HTTP/1.1" 304 -
201.245.192.253 - - [14/Nov/2022:10:01:33 -0500] "GET /sipse/faces/javax.faces.resource/layout/layout.js?ln=primefaces&v=4.0 HTTP/1.1" 304 -
201.245.192.253 - - [14/Nov/2022:10:01:33 -0500] "GET /sipse/faces/javax.faces.resource/images/ui-icons_898989_256x240.png?ln=primefaces-aristo HTTP/1.1" 304 -
201.245.192.253 - - [14/Nov/2022:10:01:35 -0500] "POST /kwsrmcab/Wsrmcab  HTTP/1.1" 200 213
201.245.192.253 - - [14/Nov/2022:10:01:40 -0500] "GET /sipse/faces/javax.faces.resource/images/ui-bg_flat_0_2d5972_40x100.png?ln=primefaces-aristo HTTP/1.1" 304 -
201.245.192.253 - - [14/Nov/2022:10:01:40 -0500] "POST /sipse/faces/presentacion/financiero/solicitudProceso/registrarAnotacion.xhtml HTTP/1.1" 200 110997
201.245.192.253 - - [14/Nov/2022:10:01:40 -0500] "GET /sipse/faces/javax.faces.resource/jquery/jquery.js?ln=primefaces&v=4.0 HTTP/1.1" 304 -
201.245.192.253 - - [14/Nov/2022:10:01:41 -0500] "GET /sipse/faces/javax.faces.resource/jquery/jquery-plugins.js?ln=primefaces&v=4.0 HTTP/1.1" 304 -
201.245.192.253 - - [14/Nov/2022:10:01:41 -0500] "GET /sipse/faces/javax.faces.resource/primefaces.js?ln=primefaces&v=4.0 HTTP/1.1" 304 -
201.245.192.253 - - [14/Nov/2022:10:01:41 -0500] "GET /sipse/faces/javax.faces.resource/layout/layout.js?ln=primefaces&v=4.0 HTTP/1.1" 304 -
201.245.192.253 - - [14/Nov/2022:10:01:41 -0500] "GET /sipse/faces/javax.faces.resource/dynamiccontent.properties?ln=primefaces&pfdrid=XjOR5%2F%2FfPAZAuY9TpWQeCiM0BhlXxYRBGKi%2FQcXXfeA%3D&pfdrid_c=false HTTP/1.1" 500 383
201.245.192.253 - - [14/Nov/2022:10:01:46 -0500] "POST /sipse/faces/presentacion/financiero/solicitudProceso/consultarSolicitudProceso.xhtml HTTP/1.1" 200 67478
201.245.192.253 - - [14/Nov/2022:10:01:48 -0500] "GET /sipse/faces/javax.faces.resource/jquery/jquery.js?ln=primefaces&v=4.0 HTTP/1.1" 304 -
201.245.192.253 - - [14/Nov/2022:10:01:48 -0500] "GET /sipse/faces/javax.faces.resource/jquery/jquery-plugins.js?ln=primefaces&v=4.0 HTTP/1.1" 304 -
201.245.192.253 - - [14/Nov/2022:10:01:48 -0500] "GET /sipse/faces/javax.faces.resource/primefaces.js?ln=primefaces&v=4.0 HTTP/1.1" 304 -
201.245.192.253 - - [14/Nov/2022:10:01:49 -0500] "GET /sipse/faces/javax.faces.resource/layout/layout.js?ln=primefaces&v=4.0 HTTP/1.1" 304 -
201.245.192.253 - - [14/Nov/2022:10:01:49 -0500] "GET /sipse/faces/javax.faces.resource/messages/messages.png?ln=primefaces&v=4.0 HTTP/1.1" 304 -
201.245.192.253 - - [14/Nov/2022:10:01:49 -0500] "POST /sipse/faces/presentacion/financiero/solicitudProceso/listarSolicitudProceso.xhtml HTTP/1.1" 200 1560
201.245.192.253 - - [14/Nov/2022:10:01:52 -0500] "POST /sipse/faces/presentacion/financiero/solicitudProceso/listarSolicitudProceso.xhtml HTTP/1.1" 200 22675
190.9.218.188 - - [14/Nov/2022:10:04:08 -0500] "GET /kwssiamovil/sm/ldap/au?x=U2FsdGVkX19SoKxHUwMezvjZ8wI8dokYVA51D/TA/HwhYiM4Yv6hzQHNxBPQqzeS&y=U2FsdGVkX1+7VaSCYCXKZfqvfY8YkKyWz1mgbLOFxuL0AE9MYYP33um6RSZLoWCZ HTTP/1.1" 200 30
190.9.218.188 - - [14/Nov/2022:10:04:08 -0500] "GET /kwssiamovil/sm/acme/s?s=U2FsdGVkX1+FsXz2MfDzvEZ+SXKBprN1/E7h2l9eQmDI3sqf7ANZgWCg5PHV68v90KAjiVqijjf20pIELyv6Q9ccMWTPMcK4uGiqmUqL21Q=&u=U2FsdGVkX1+OtZbv3YDICh6X+25ghtpHm+G9xTWQ3UU=&y=U2FsdGVkX1+7VaSCYCXKZfqvfY8YkKyWz1mgbLOFxuL0AE9MYYP33um6RSZLoWCZ HTTP/1.1" 200 97
190.9.218.188 - - [14/Nov/2022:10:04:09 -0500] "GET /kwssiamovil/sm/acme/s?s=U2FsdGVkX19L6CGgMxIJCo5RRHDqCUV2C+qouIyqY+a6QLUtCLYOSLG2XrjJ/EfHQ9X5hvrVV+L8dIsgXQymBKqatXgw+Y0vFnh1e4q8Nl47W0LPlwC+ihOWhq666n/By7ZY52QLP9WVdGve7evSoqQy0rAHA5vK2/kj+ArSNHqfTnbLc5KaiomYsCW9czB0/Y52cWQn25+s5ZK9qhEk3gCo2Mr8FE5kcHIVdNl9IdkQh5ow/ztCK+a8fYDFolOrAntDGq6/cdJblHy1gpBug/O8i+kumfs3KOfGM47SfQDMH7HCifNapAZ89V3JRwA2ve7GVAs+eoEB3Qt5KRf5PVUHb764uVX2UL0Q76IAC40Fpa+FM/2dF/Xedg6i0Vexpq2FH9u0ZI3yaeKjWWzFOIykYuE2WJAbqedC7Fajwnzeq5/xDinat+CPu93WP5mrTl+GXx1aFvOXwovYINfj+L1dmOWCWj4pW7N1fnZO0YqtGv3CwmM1tkCnFUrrOBoh2eyqY5Am4t6d3DiReV4Y2pcZnV5eP3n309xEAiGCTTQDKqwEu0zCmxySuw1HQOWkH3kwwTh256UpRKo52v/R852U7S3wQnxCyM3Ap71/F7WUddn/ZFzaFPksOrIJ24qGsWe9v9Tom+LXY89VwedFDu7zHvT/CibrEQenIiLSpL7dxSvotZ3Z34TJV7SQA/lZsMxMlD4rNEntIb0GyVukZMgeQhWDyLYBBTJCMBgzVi+zNIWSQtB8A5upmQxPWoxKmdOBjs13ai96MhTZlwCs/8quV2SeJSjjfvq2beAob+m9Qrxj1lX+Q/rhubdj1n+gzW1jPq06M/Kgq6C8ubnU8tbYvBDH4bPZ7trYnaHwkyKtSjl5/2H3ExqD/o4dPLvnf2Eel+ZOQLI6OGrc3TauwU5IWal0F1M1cbSxTX0mad2jtcXzron7hdSmWgRdzqWuiHk6+eIbuBo9iVr+LF43pqmy/kYF9zM0FihVrHCufjB4ucz91TAubJRdOtaedbxqn4brUVS7rMrlQd7agFBSCtxRp0ueD3jyW1wACEfUQjKEePGKPmlBYgf+FWWpZG03lRhdhPefRZKyLDxEtGlclVc0ZNFTER8Jdl2A5JPTaJFow8K9boGVtgaLksIH+H7DqO+R6/4+zgqanCl/6gUK8mcsL8xIGJxoAO1EOziBR2zs7W2YYsKpJW5DV+oCajQYwmX9edOK7xhf4/g9jKSzc4WaP8GAkBpOlZagv81zFyjw5z3GXgpABoXSV/ONGfKiKjnGrgE7//GPa9Dlzzo0zke6ipjV3Acie5RiDoQQEr/vGwandjM7xZznwWoHCqUXjp9BlTuc754dy9RE1pH1NXO/KLJR9PUE8Gb84TO9vAf6B+uFphCpIgDm5d90XxNt9bjLQq088X/DYuUIfnKJwEyeFq9M5H7pldI77v6nmd1nbxbOZThMDXhbk3I4cuEpp075uf594euQXocNADXs5RZrA/Dj3QOzDQKvBSCuJhekdIfvXd5e1CVAVRZdg8yuU+LmPYV5v8RDYZfp+doAbd/oCwKXibWbjo6u1WNdI7dItPj9uMNNS+gGGm21z18n/UELXm4/4Oa+jfw0Kl2fU7dSBjOCMFVmWoOqB7SrmBAUUdbbF82oeII5OXnm0SFmS13082Uua2Nlvy+/n3Q6QazWHo+80+lHy+RIOXR8sjq4P7BVbTR1OpUc8THr5tzuRvjCG8d8PceEhn9YyHfCctAH55Fk/2g7hdta7nG4uWI=&u=U2FsdGVkX1+OtZbv3YDICh6X+25ghtpHm+G9xTWQ3UU=&y=U2FsdGVkX1+7VaSCYCXKZfqvfY8YkKyWz1mgbLOFxuL0AE9MYYP33um6RSZLoWCZ HTTP/1.1" 200 731
190.9.218.188 - - [14/Nov/2022:10:04:09 -0500] "GET /kwssiamovil/sm/acme/s?s=U2FsdGVkX1/gAnyihdyo6XhzlG28PMMsIWNRpkKGG8QGiYTSFHwQ2P0BXV42rezCdkdMucnLH3itvSZB0Rh/XRhQkpuSJKr8siYmlVSB3vbHCoJ9ey/VlISf0VHs4MrRltZkmyylruksiQ9NesM0wJURZJJNrTc7ot5dC49dU7OalOAZP2ag+uL5rt+C1rTUwsRCHQbVS8DBWH6ltn5Vt4Zp8MouCzYjILQuw2bkv7Bfeb258KTCCYfkXawuCw/g75JNuNCpdrDzRnrBghst2P3O8qE/dVIeAlJcD/WXf0snx8g6TlNmYMN2JW9Q+aSt2aEJTPV4g7ZDw99K4VOU7mZj6DtPze5VuBbFEq98qNb6yk2Tkp4f6k3D0coywUGfvNV3f/UP9Mm5JkTSlrbPPQ6xXMEhIqkQg0Vvj60/2xwqM0DyqpJlU2WO2a1wY2COHQ4G6Pk1ypQUPLxuyqcV9JxOqbkMOvddVy4HzSLURC5vhDRHKg34dJ1VyHAQaRE27z0hcYad34qQ6O80hK3FbOF0ZQRQlJTznS5np9gHmCmBbxSWMa7KzE9qlsMzzlXVYibRfHrwHaI0/Ke2GZxwWiJwGKL4RpF64Bbwx2nubr6jcOMpvJfVjtshye7qcQZJqI7qD7I1OJiaLspM/2ckxdl1UwUsZ3JFbk0yjZBhhJPbY8THvZuPga7QzyI2E+PUWwR6nFKPFFHoqZh0rp9xjxsfq2oopTf5MITdyKO0WSU3LDKA8TCR/D+QW0TCotHv&u=U2FsdGVkX1+OtZbv3YDICh6X+25ghtpHm+G9xTWQ3UU=&y=U2FsdGVkX1+7VaSCYCXKZfqvfY8YkKyWz1mgbLOFxuL0AE9MYYP33um6RSZLoWCZ HTTP/1.1" 200 208
190.9.218.188 - - [14/Nov/2022:10:04:09 -0500] "GET /kwssiamovil/sm/cjson/pre?f=1&x=U2FsdGVkX19SoKxHUwMezvjZ8wI8dokYVA51D/TA/HwhYiM4Yv6hzQHNxBPQqzeS HTTP/1.1" 200 30992
172.22.2.4 - - [14/Nov/2022:10:03:06 -0500] "HEAD /BLA/boletinlegal/ HTTP/1.1" 200 -
216.245.221.92 - - [14/Nov/2022:10:05:36 -0500] "HEAD / HTTP/1.1" 200 -
172.22.2.4 - - [14/Nov/2022:10:03:56 -0500] "GET /BLA/boletinlegal/ HTTP/1.1" 200 54816
192.155.90.118 - - [14/Nov/2022:10:06:28 -0500] "\x16\x03\x01" 400 226
201.245.192.253 - - [14/Nov/2022:10:06:34 -0500] "POST /kwsrmcab/Wsrmcab  HTTP/1.1" 200 213
172.22.2.4 - - [14/Nov/2022:10:09:09 -0500] "GET /BLA/boletinlegal/Circulares/2021/CIRCULAR%20No.%2000009%20DEL%2001%20DE%20OCTUBRE%20DEL%202021.pdf HTTP/1.1" 304 -
185.119.81.106 - - [14/Nov/2022:10:10:24 -0500] "GET /portaldeninos/wp-login.php HTTP/1.1" 200 2592
185.119.81.106 - - [14/Nov/2022:10:10:25 -0500] "POST /portaldeninos/wp-login.php HTTP/1.1" 200 3605
190.217.101.219 - - [14/Nov/2022:10:10:26 -0500] "GET /galeria/galeria/jquery.fancybox.css?v=2.1.5 HTTP/1.1" 200 4895
190.217.101.219 - - [14/Nov/2022:10:10:26 -0500] "GET /BLA/boletinlegal/js/jquery.scrollShow.js HTTP/1.1" 200 4586
190.217.101.219 - - [14/Nov/2022:10:10:27 -0500] "GET /galeria/galeria/jquery.fancybox.js?v=2.1.5 HTTP/1.1" 200 48706
216.245.221.92 - - [14/Nov/2022:10:10:36 -0500] "HEAD / HTTP/1.1" 200 -
172.22.2.4 - - [14/Nov/2022:10:08:56 -0500] "HEAD /BLA/boletinlegal/ HTTP/1.1" 200 -
172.22.2.4 - - [14/Nov/2022:10:09:46 -0500] "GET /BLA/boletinlegal/ HTTP/1.1" 200 59779
201.245.192.253 - - [14/Nov/2022:10:11:33 -0500] "POST /kwsrmcab/Wsrmcab  HTTP/1.1" 200 213
185.119.81.106 - - [14/Nov/2022:10:13:46 -0500] "GET /portaldeninos/wp-login.php HTTP/1.1" 200 2592
40.77.167.46 - - [14/Nov/2022:10:13:46 -0500] "GET /bla/resoluciones/index.php?dir=resoluciones+2005/res+2005++1601-1650 HTTP/1.1" 200 12426
185.119.81.106 - - [14/Nov/2022:10:13:47 -0500] "POST /portaldeninos/wp-login.php HTTP/1.1" 200 3605
199.16.157.180 - - [14/Nov/2022:10:15:04 -0500] "GET /images/imagen-comunicado-podcast.jpg HTTP/1.1" 200 39765
216.245.221.92 - - [14/Nov/2022:10:15:36 -0500] "HEAD / HTTP/1.1" 200 -
172.22.2.4 - - [14/Nov/2022:10:14:46 -0500] "HEAD /BLA/boletinlegal/ HTTP/1.1" 200 -
201.245.192.253 - - [14/Nov/2022:10:16:33 -0500] "POST /kwsrmcab/Wsrmcab  HTTP/1.1" 200 213
172.22.2.4 - - [14/Nov/2022:10:15:36 -0500] "GET /BLA/boletinlegal/ HTTP/1.1" 200 57824
69.63.184.118 - - [14/Nov/2022:10:18:30 -0500] "GET /images/reciclaton-mayo-3-mayo.jpg HTTP/1.1" 200 278453
216.245.221.92 - - [14/Nov/2022:10:20:36 -0500] "HEAD / HTTP/1.1" 200 -
172.22.2.4 - - [14/Nov/2022:10:20:46 -0500] "GET /BLA/boletinlegal/Circulares/2012/Circular%20No.%203%20del%2023%20de%20Marzo%20de%202012.pdf HTTP/1.1" 304 -
40.77.167.46 - - [14/Nov/2022:10:20:58 -0500] "GET / HTTP/1.1" 200 4720
36.37.140.96 - - [14/Nov/2022:10:21:18 -0500] "GET /portaldeninos/ HTTP/1.1" 200 110197
201.245.192.253 - - [14/Nov/2022:10:21:30 -0500] "POST /kwsrmcab/Wsrmcab HTTP/1.1" 200 44112
201.245.192.253 - - [14/Nov/2022:10:21:32 -0500] "POST /kwsrmcab/Wsrmcab  HTTP/1.1" 200 213
201.245.192.253 - - [14/Nov/2022:10:21:32 -0500] "POST /kwsrmcab/Wsrmcab HTTP/1.1" 200 43605
172.22.2.4 - - [14/Nov/2022:10:20:36 -0500] "HEAD /BLA/boletinlegal/ HTTP/1.1" 200 -
92.118.39.78 - - [14/Nov/2022:10:23:05 -0500] "GET / HTTP/1.1" 200 319
172.22.2.4 - - [14/Nov/2022:10:21:26 -0500] "GET /BLA/boletinlegal/ HTTP/1.1" 200 57824
201.245.192.253 - - [14/Nov/2022:10:23:43 -0500] "POST /sipse/faces/presentacion/financiero/solicitudProceso/listarSolicitudProceso.xhtml HTTP/1.1" 200 60379
201.245.192.253 - - [14/Nov/2022:10:23:43 -0500] "POST /sipse/faces/presentacion/financiero/solicitudProceso/listarSolicitudProceso.xhtml HTTP/1.1" 200 60379
201.245.192.253 - - [14/Nov/2022:10:23:44 -0500] "POST /sipse/faces/presentacion/financiero/solicitudProceso/listarSolicitudProceso.xhtml HTTP/1.1" 200 60379
201.245.192.253 - - [14/Nov/2022:10:23:44 -0500] "POST /sipse/faces/presentacion/financiero/solicitudProceso/listarSolicitudProceso.xhtml HTTP/1.1" 200 1560
201.245.192.253 - - [14/Nov/2022:10:23:44 -0500] "POST /sipse/faces/presentacion/financiero/solicitudProceso/listarSolicitudProceso.xhtml HTTP/1.1" 200 1564
201.245.192.253 - - [14/Nov/2022:10:23:45 -0500] "POST /sipse/faces/presentacion/financiero/solicitudProceso/listarSolicitudProceso.xhtml HTTP/1.1" 200 1564
157.55.39.42 - - [14/Nov/2022:10:24:03 -0500] "GET /portaldeninos/2021/06/06/ciudadanos-disfrutaron-del-tunel-ambiental-en-el-parque-de-los-novios/ HTTP/1.1" 200 105118
201.245.192.253 - - [14/Nov/2022:10:24:30 -0500] "POST /sipse/faces/presentacion/financiero/solicitudProceso/listarSolicitudProceso.xhtml HTTP/1.1" 200 109068
201.245.192.253 - - [14/Nov/2022:10:24:30 -0500] "GET /sipse/faces/javax.faces.resource/jquery/jquery.js?ln=primefaces&v=4.0 HTTP/1.1" 304 -
201.245.192.253 - - [14/Nov/2022:10:24:30 -0500] "GET /sipse/faces/javax.faces.resource/jquery/jquery-plugins.js?ln=primefaces&v=4.0 HTTP/1.1" 304 -
201.245.192.253 - - [14/Nov/2022:10:24:30 -0500] "GET /sipse/faces/javax.faces.resource/primefaces.js?ln=primefaces&v=4.0 HTTP/1.1" 304 -
201.245.192.253 - - [14/Nov/2022:10:24:30 -0500] "GET /sipse/faces/javax.faces.resource/layout/layout.js?ln=primefaces&v=4.0 HTTP/1.1" 304 -
201.245.192.253 - - [14/Nov/2022:10:24:30 -0500] "GET /sipse/faces/javax.faces.resource/dynamiccontent.properties?ln=primefaces&pfdrid=XjOR5%2F%2FfPAZAuY9TpWQeCiM0BhlXxYRBGKi%2FQcXXfeA%3D&pfdrid_c=false HTTP/1.1" 500 383
201.245.192.253 - - [14/Nov/2022:10:24:35 -0500] "POST /sipse/faces/presentacion/financiero/solicitudProceso/consultarSolicitudProceso.xhtml HTTP/1.1" 200 117104
201.245.192.253 - - [14/Nov/2022:10:25:04 -0500] "POST /sipse/faces/presentacion/financiero/solicitudProceso/consultarSolicitudProceso.xhtml HTTP/1.1" 200 5439
216.245.221.92 - - [14/Nov/2022:10:25:36 -0500] "HEAD / HTTP/1.1" 200 -
190.9.218.188 - - [14/Nov/2022:10:25:48 -0500] "GET /kwssiamovil/sm/acme/a?s=U2FsdGVkX1/DOmxQODanB1Afa5wdaZDMRpZEh4UZXK/1oYIGn7ZlMGnVIpYSzQ0AXjSexaUf1+l9fw3/xw8V0GkNfCUx9TjiNgd5vRQ6j4je+JaPWdsmXaUoMzop/jkvv4xgI1LNiHDNkOhGXXODkyfnLIKkMs+jic6O3eEtZbU1ii4jVb6UoHMQVd1gLS1fWCH5UCwFKiGTOcpERRJyg4n/Zn6CgPr66qvJkW6QDP0veOJKMy10UcjN2WziWbk+Q9ILd4m88cOL5ZtqOSGyHw==&u=U2FsdGVkX1+OtZbv3YDICh6X+25ghtpHm+G9xTWQ3UU=&y=U2FsdGVkX1+7VaSCYCXKZfqvfY8YkKyWz1mgbLOFxuL0AE9MYYP33um6RSZLoWCZ HTTP/1.1" 200 26
190.9.218.188 - - [14/Nov/2022:10:25:49 -0500] "GET /kwssiamovil/sm/acme/a?s=U2FsdGVkX18P07IT6pxrCxsl8TYICwza/V0u29+UBb0kw0RYXczopW/Hd9gTjzyEIIh7ySWuxNutTVPRbHkIE6DY0FxkP0ZcIInmt2TkiW2r/OnSoXFwDeQS0gvCu8sZr01o9A1TcTZX2j8fyQwA2LvXhbWhJwl/ru+RsR9q9jUHl0fgjRWDXNBL9niTIk8ykAAmZVcNtr5tghP59KUq59ybb9pyWCLmYOrWDt7L72vmpJY3cfLzHu1D4DoE0bwT5PcPD7/pUJ9wTERG89bl6rRSIN3kj+3rxLIGjk65urktBDQ8OUo4pBWW+UI3L3QavcmSu/XAuhSB9oA5gVyYe7CdynjVbN4uHvivCU4naCXWthjxX9NsdNEHIR+n6fURSAA8v0ZNgQFyAVrGxTmwsNYVUMCNhJlySsbAfNDCrOd+iv6kqJAcwVs1yyUcCAGI4zSoXFNcG5Ry0eJ02Q9Q70pCWCuZEjDYsJ18vWq9Va9OQ7ciJb/fTV8vPlHypAe6sf637WeaZKzgkbpRPQTcvB6Ra7zjcvp3b689qNGsK6n1T4gqLZEQ2ZWgq7x0Wzu8kYfSN8fYS9T+hN8o6x3Aw1Eya8Wh8rw6qOGEszwCm/cjQdbfczEkfb+Qc5TJSjVgBJST2BLHiup4Ad9SL7FFyx+vbzM/SGO1nzX1tSG332aRttIBL0Z2ihPZG1IyhpbQ4JnHJuozWt5Rqb4v3mbFzA/Ck/h/G9DkwDGfy9OT1ybDod7h3GnximPfFUdvD49vJH1Mj+cmrAYrU3BHnVDGHDnfmKDL37ybyoH7jl+ddkY8EO98h0B9OCA/6wdFzaay9lexMYzjyrVuinTjebPuKc7EJUbcBBm5Gx8XwH/FbDXrVhBpFqTTSjxYDVxS0Gkb0JCekccVwyKWZlnpXT0V/+4EreMqog19LoG+KK0qfKY4ly5EQxmkg6ABnSJ4hGyqCjdoek7MG3RAQPiWhR4gT1GgCpdTx4wol2yb7eBaNyD9tivlgTXh+25d3JHftAY6Je1zc1Z4LYHySDQLwVgczSQS9XKFPXnzhB1TR7m+hws95G9zlTcGlLpbYGDqJGyA+88ToV3B7Zlj+6aDfIhFSojMOG+ZqX9TlLSqYXtI8jQATCnpxMAR/P93Fkb11yiM/NWGjJsw90ZAGo75T9yLMT21MHa2YKTR+Ms/0itHUPabGwo6hbAgeaMP/5+tGB60XGIS55lb6s+LuD900UCIH3ZEcw30IqPQTW+gRXl40GJ21zhOvBemnO22ZaYhUeSrM708r2vQT6Y9VRMimTCPETbEBd5E1XItRu0D9wlovlbenCobRt2qHE/3VMy7TZmwE3lf0/OxlRkvYFys2WSkcEe7UmMJMb7OpJuZp16YiIpASIPzeJZEMAweKRn/bGJNExi2L6+hAkGx9WKSxIeRLVwhcQVUk2C1riEjnFCjhn+cQNVvZ6R7mnZNBw56wcGfhf6ubnPhkFJrxGyPIeEl/PNfYjseeJeOmgwW+MJoAHxWASTdaFto6NrEM9ZDrPcINp8MpQWbqeDJZVVa7Q0nrMKKYkANXUa5i9O4eTm5M/CbIaPNsjzKA0kL6y50P5jp/meUKgdcV/MJ/vWYYNon72H0VGRUfPj3qD4AQeC40IebVZiL5NnPxyi4m4KhndSkMrzxVk4el1jI8UJbq+bTWaZ8H8jqBS/u66+b+5Oj15GSXRZENYoHNvBwpRp3sxOurW5Y7oWA0DUD+KRB8qx4im/m/8bEHSBwySD45py3A6YO5/em+0nunji8bEk0VHPEK7yurNncmsJj6pB4UHG8nq89v4WSYKDZGkzGRRFeEan4n4sHCsZEab0PX5qbp6lPNkgq1KBuZdTMEnPh96BQMOjjYoRRywKbLKapRJOtiOVIopRq3ah9esMB5X4IQ1SCS8DJwGaiFpujNfUpznrYZNAldJFwoPhmTnxSYgUHWAYzDQGS2y04JJnHuWhpviwBZ15CyjUtJcq7yq47wnIENHPxGaoDj6sAMS+d0fihIG4/OzVpprOixRAqkegY/ZKOmGByoHRMlZn7ykmMh5lyLkJ68wWxPRn9FCDPnVnR4yAuWspZJQwPyJfgLclxMyd/AkYhDbPb3SRZrl8zq3O6Nr8T3OmK6E4o/D7ts968tmo3dBfts/HLURBkxlRYGC6c/1rxNLisrjTPzvn4wjxKPdsTfecKhyXiJ4AiTLxha3dZST2EJ6Dmgya5GS2dKIxR4H6GKpeRidZ3NQCLqn7CeuFpkGo3AXOoS8248eOxcuVIVuq1hSSBvNavoZGL9syub+WqX03ObOsF0Ri99lvMoq5mk1IiKQAsOwBNTbR5ciUANWfr8lnUxGt5lYiuBAx3Ac0O9jbUgSwkoWRfN6pHPtQtD+W9NIRuBL03FrZLa5+QELdhT4pGqrDHOEMII0ViZxTh8upwU8rCtN3Kxovvn02yD9QQH7ScxCAQKVv+FJtF2LaNJN6gVS9zY7v3r9aae5E+hOlMAOkW5OfgnkZq8h2rdSChk5OhzPYH+CbYWOh2caPTaNxzRlGJ3Y1bskCz2T1ZVFwC2jlYlA+w8hiAkHjC48MmUvM3qWxFePoXFpEBxlBg7IgU10PfLg/chVYYKK3rDUH5qLJKZQQJMZXpUUYcquaHYmfIjhlk57DG6Thq2kiyNi/OIePwEGcldVW5&u=U2FsdGVkX1+OtZbv3YDICh6X+25ghtpHm+G9xTWQ3UU=&y=U2FsdGVkX1+7VaSCYCXKZfqvfY8YkKyWz1mgbLOFxuL0AE9MYYP33um6RSZLoWCZ HTTP/1.1" 200 26
190.9.218.188 - - [14/Nov/2022:10:25:49 -0500] "GET /kwssiamovil/sm/acme/a?s=U2FsdGVkX1/FM/mCU0sy7LKujiZe/d+jnC8U0RFqtgVJT1/22MEfThHwnV7x8mjNfgWfzPuQXmrMZ5X9rWzDw0ash/cEheU0w2Iyh5vFaRFLoSxTxKfOG2a4+cGwYjSUt1f/4n1cFn/Pll+iizbnii9Uz8dFzXgp2dj2kyh7Ctk=&u=U2FsdGVkX1+OtZbv3YDICh6X+25ghtpHm+G9xTWQ3UU=&y=U2FsdGVkX1+7VaSCYCXKZfqvfY8YkKyWz1mgbLOFxuL0AE9MYYP33um6RSZLoWCZ HTTP/1.1" 200 26
201.245.192.253 - - [14/Nov/2022:10:25:49 -0500] "POST /sipse/faces/presentacion/financiero/solicitudProceso/consultarSolicitudProceso.xhtml HTTP/1.1" 200 117104
190.9.218.188 - - [14/Nov/2022:10:25:49 -0500] "GET /kwssiamovil/sm/acme/a?s=U2FsdGVkX1+UoIx5xecPasayTRnUOBC1lnNqHBAaZIMgkngGFgnZNL3cfKEfHJsKoCRCYHB5jFjLYOWJWVmKHofAKgJCM494hio9OFlVZyU25Wp0JAC8jxAiSULtiZZKVRS6M9Z8tG2Bj6sDoVdaJBIFR3m8JhN+DWHXb/UoKlc=&u=U2FsdGVkX1+OtZbv3YDICh6X+25ghtpHm+G9xTWQ3UU=&y=U2FsdGVkX1+7VaSCYCXKZfqvfY8YkKyWz1mgbLOFxuL0AE9MYYP33um6RSZLoWCZ HTTP/1.1" 200 26
190.9.218.188 - - [14/Nov/2022:10:25:50 -0500] "GET /kwssiamovil/sm/acme/a?s=U2FsdGVkX19lfhc+/tGio8aCvs/IdPmfjN1Uy4Pw0AEmE7ZgPOOTeMVDI8/cVQlORkVxfTD5/LmhwWZsysdbU6oxdiTmy7bZ3gNgzkgCv6qlz22t7Vki7llHPq1ibIjbqM+Hh2bS1HZmtPIocAEyb1ZZ4qAicCiwcVaAzDlkvzE=&u=U2FsdGVkX1+OtZbv3YDICh6X+25ghtpHm+G9xTWQ3UU=&y=U2FsdGVkX1+7VaSCYCXKZfqvfY8YkKyWz1mgbLOFxuL0AE9MYYP33um6RSZLoWCZ HTTP/1.1" 200 26
190.9.218.188 - - [14/Nov/2022:10:25:50 -0500] "GET /kwssiamovil/sm/acme/a?s=U2FsdGVkX1/nIg/jUipEp4q/TbGWqKWMvZZfrnMesft0d8qRJp+YnGD3O/48IpcXDIGFQga9emEQfslHcT7WWKXDX/8cZsg7R2SomPRKlEcZZVghGCNFTX0MnBjB3BEtO/m0fh0c6tShq1dBpxFHyU8r/LhpV3Zxp9WOq/x/v1Sp/BVtjGyf3vY4qL4AJ2PF&u=U2FsdGVkX1+OtZbv3YDICh6X+25ghtpHm+G9xTWQ3UU=&y=U2FsdGVkX1+7VaSCYCXKZfqvfY8YkKyWz1mgbLOFxuL0AE9MYYP33um6RSZLoWCZ HTTP/1.1" 200 26
201.245.192.253 - - [14/Nov/2022:10:26:13 -0500] "POST /sipse/faces/presentacion/financiero/solicitudProceso/consultarSolicitudProceso.xhtml HTTP/1.1" 200 26611
201.245.192.253 - - [14/Nov/2022:10:26:13 -0500] "GET /sipse/faces/javax.faces.resource/theme.css?ln=primefaces-sipse HTTP/1.1" 304 -
201.245.192.253 - - [14/Nov/2022:10:26:13 -0500] "GET /sipse/faces/javax.faces.resource/jquery/jquery.js?ln=primefaces&v=4.0 HTTP/1.1" 304 -
201.245.192.253 - - [14/Nov/2022:10:26:13 -0500] "GET /sipse/faces/javax.faces.resource/primefaces.css?ln=primefaces&v=4.0 HTTP/1.1" 304 -
201.245.192.253 - - [14/Nov/2022:10:26:13 -0500] "GET /sipse/faces/javax.faces.resource/layout/layout.css?ln=primefaces&v=4.0 HTTP/1.1" 304 -
201.245.192.253 - - [14/Nov/2022:10:26:13 -0500] "GET /sipse/faces/javax.faces.resource/primefaces.js?ln=primefaces&v=4.0 HTTP/1.1" 304 -
201.245.192.253 - - [14/Nov/2022:10:26:13 -0500] "GET /sipse/faces/javax.faces.resource/layout/layout.js?ln=primefaces&v=4.0 HTTP/1.1" 304 -
201.245.192.253 - - [14/Nov/2022:10:26:13 -0500] "GET /sipse/faces/javax.faces.resource/jquery/jquery-plugins.js?ln=primefaces&v=4.0 HTTP/1.1" 304 -
201.245.192.253 - - [14/Nov/2022:10:26:14 -0500] "GET /sipse/faces/javax.faces.resource/images/ui-icons_898989_256x240.png?ln=primefaces-aristo HTTP/1.1" 304 -
201.245.192.253 - - [14/Nov/2022:10:26:15 -0500] "POST /sipse/faces/presentacion/financiero/solicitudProceso/registrarAnotacion.xhtml HTTP/1.1" 200 153976
201.245.192.253 - - [14/Nov/2022:10:26:16 -0500] "GET /sipse/faces/javax.faces.resource/theme.css?ln=primefaces-sipse HTTP/1.1" 304 -
201.245.192.253 - - [14/Nov/2022:10:26:16 -0500] "GET /sipse/faces/javax.faces.resource/primefaces.css?ln=primefaces&v=4.0 HTTP/1.1" 304 -
201.245.192.253 - - [14/Nov/2022:10:26:16 -0500] "GET /sipse/faces/javax.faces.resource/layout/layout.css?ln=primefaces&v=4.0 HTTP/1.1" 304 -
201.245.192.253 - - [14/Nov/2022:10:26:16 -0500] "GET /sipse/faces/javax.faces.resource/jquery/jquery.js?ln=primefaces&v=4.0 HTTP/1.1" 304 -
201.245.192.253 - - [14/Nov/2022:10:26:16 -0500] "GET /sipse/faces/javax.faces.resource/jquery/jquery-plugins.js?ln=primefaces&v=4.0 HTTP/1.1" 304 -
201.245.192.253 - - [14/Nov/2022:10:26:16 -0500] "GET /sipse/faces/javax.faces.resource/primefaces.js?ln=primefaces&v=4.0 HTTP/1.1" 304 -
201.245.192.253 - - [14/Nov/2022:10:26:16 -0500] "GET /sipse/faces/javax.faces.resource/layout/layout.js?ln=primefaces&v=4.0 HTTP/1.1" 304 -
201.245.192.253 - - [14/Nov/2022:10:26:16 -0500] "GET /sipse/faces/javax.faces.resource/images/ui-icons_898989_256x240.png?ln=primefaces-aristo HTTP/1.1" 304 -
201.245.192.253 - - [14/Nov/2022:10:26:21 -0500] "POST /sipse/faces/presentacion/financiero/solicitudProceso/consultarSolicitudProceso.xhtml HTTP/1.1" 200 34871
201.245.192.253 - - [14/Nov/2022:10:26:21 -0500] "GET /sipse/faces/javax.faces.resource/theme.css?ln=primefaces-sipse HTTP/1.1" 304 -
201.245.192.253 - - [14/Nov/2022:10:26:21 -0500] "GET /sipse/faces/javax.faces.resource/layout/layout.css?ln=primefaces&v=4.0 HTTP/1.1" 304 -
201.245.192.253 - - [14/Nov/2022:10:26:21 -0500] "GET /sipse/faces/javax.faces.resource/primefaces.css?ln=primefaces&v=4.0 HTTP/1.1" 304 -
201.245.192.253 - - [14/Nov/2022:10:26:21 -0500] "GET /sipse/faces/javax.faces.resource/jquery/jquery.js?ln=primefaces&v=4.0 HTTP/1.1" 304 -
201.245.192.253 - - [14/Nov/2022:10:26:21 -0500] "GET /sipse/faces/javax.faces.resource/jquery/jquery-plugins.js?ln=primefaces&v=4.0 HTTP/1.1" 304 -
201.245.192.253 - - [14/Nov/2022:10:26:21 -0500] "GET /sipse/faces/javax.faces.resource/primefaces.js?ln=primefaces&v=4.0 HTTP/1.1" 304 -
201.245.192.253 - - [14/Nov/2022:10:26:21 -0500] "GET /sipse/faces/javax.faces.resource/layout/layout.js?ln=primefaces&v=4.0 HTTP/1.1" 304 -
201.245.192.253 - - [14/Nov/2022:10:26:21 -0500] "GET /sipse/faces/javax.faces.resource/images/ui-icons_898989_256x240.png?ln=primefaces-aristo HTTP/1.1" 304 -
201.245.192.253 - - [14/Nov/2022:10:26:31 -0500] "POST /kwsrmcab/Wsrmcab  HTTP/1.1" 200 213
201.245.192.253 - - [14/Nov/2022:10:26:46 -0500] "GET /sipse/faces/javax.faces.resource/theme.css?ln=primefaces-sipse HTTP/1.1" 304 -
201.245.192.253 - - [14/Nov/2022:10:26:46 -0500] "GET /sipse/faces/javax.faces.resource/primefaces.css?ln=primefaces&v=4.0 HTTP/1.1" 304 -
201.245.192.253 - - [14/Nov/2022:10:26:46 -0500] "GET /sipse/faces/javax.faces.resource/layout/layout.css?ln=primefaces&v=4.0 HTTP/1.1" 304 -
201.245.192.253 - - [14/Nov/2022:10:26:46 -0500] "GET /sipse/faces/javax.faces.resource/jquery/jquery.js?ln=primefaces&v=4.0 HTTP/1.1" 304 -
201.245.192.253 - - [14/Nov/2022:10:26:46 -0500] "GET /sipse/faces/javax.faces.resource/jquery/jquery-plugins.js?ln=primefaces&v=4.0 HTTP/1.1" 304 -
201.245.192.253 - - [14/Nov/2022:10:26:46 -0500] "GET /sipse/faces/javax.faces.resource/primefaces.js?ln=primefaces&v=4.0 HTTP/1.1" 304 -
201.245.192.253 - - [14/Nov/2022:10:26:46 -0500] "GET /sipse/faces/javax.faces.resource/layout/layout.js?ln=primefaces&v=4.0 HTTP/1.1" 304 -
201.245.192.253 - - [14/Nov/2022:10:26:46 -0500] "GET /sipse/faces/javax.faces.resource/images/ui-icons_898989_256x240.png?ln=primefaces-aristo HTTP/1.1" 304 -
201.245.192.253 - - [14/Nov/2022:10:26:46 -0500] "POST /sipse/faces/presentacion/financiero/solicitudProceso/consultarHistorialSolProceso.xhtml HTTP/1.1" 200 153976
