186.28.158.138 - - [14/Nov/2022:18:39:06 -0500] "GET /kwssiamovil/sm/acme/a?s=U2FsdGVkX19h4AbFW4dbdn5dsKk1/Ihnzfgj0t1Cg0/3mGuuT53bdYeFOFEi82gW5oWihC/nEme6+poUxE2NpCbr6SlHi2W+E9qVFfzvsSajlcU+SwdxZpXTfexkIIZ3QdmRewzM3qE2b7LZnYcZfALVCMkjhCSrPCYSuB/5HbnHm3GOsw01o0Fkj0/D1TbUzTw2jKqVbkoThxwg8rrcL7GW4zb9W14/XeyZyIHZc/aYaaRI8E5LW/oneLY4YnIsgaxGq3mTnhwLcgkXKRVWe1B27sDOBBeS8uW1MJ28s63ERx8nC+5zfvJ4AGIKtd+tW/rfV7Gq/k1Hfh5/1YIaE+GyBY8UIfBu82qiID9dp9crAZygDaS0kAELXpL9BQTEx6u22HNgi3f+8XyupkS9/1lpIYI1BrYJe8PHGeEhm/EJ9y+04FNMd8QutfzJn9nKL6w952STZ84UgQgRYnF8f/wctXhIFaqoBFSLoerTXbOFYY3jCUDOWXAqrZsRTRFPMcbjQcLVhEL93wNN9Fga0Hl4g7F64UFCCR4wpX6gC1igudxlE1Nc2SmccUFbNggWsUDnQzgbM4jdV/WiH7dCj5O4m6PVCVq0lBCC2wnSNpSsAIs1pup/4F5rC2KiEkxOOSrsTUiSzccRgPYdi1sgF0r3oZOTi2UGBhXqdil9s6hRTE3HfwcVn+fsBjVDffcRNGhChcW1ze+bUJR08vBlUQItKwdBaTTSlmKkJt4qhTHeId7+c8Q7kElNTTK+cbSvEhx/Jg7TCyDP2VrYjWEuhQXc0nPniAyZMKwYK/3c0qFmZfvsjRPnvz3A1nrJsHmLEjFI/pNgu+rhqMG0MwS7GicIZ3uHFyriAaM7jHTCoDzI9v22MVWJD1j2yNMLyhXvh46dr9ZYRP3x9BOqd2bEe0hpEzg/1W3isyWZorGNH618K5gMK/oKZ0QCz18AppRH9sZfI5feshkULwaIF7DSYUvwAMp5BANu2zvScdvPWluRJ6AyeGUIx744/lOQ5LjTlpHobkwY7X36CzpLghwOsR9qd1Jsy2xX+yp2+jn70Uy5o53t4U6LMmDMNLF/AZHoZ6xKiPXC7DcXOKd2vUpWOpg5+66Cb2DxPoWJSd5VshsdBB+Gcva0z7gtDwHuzX7qUXHdzfzZZO1TAcrDMODk8vkU9p6BwDKpMTa6PAGTobBJZJKvyw0CaqKl3iL9bC9m5ki9UApEtfhOQCUkEBaq++CZ4ojRS+48P/yd+43HVYwpDhyO1sxiDeLXOoQTfwdglj+vSs/utqh5bQ3QJ51ImSHfMQlq+KcvkwOviTm9TyAU+ZvMplavM335RfEvGcLij8BEDuLhfKh5Q4/x4GtqrufV076mAOKKXlDuhiDLbjajDbstjKATrA3Y7C1KOm9dj6npfYBIMbdJvGb2PTkQGylYm+bIySfSuvbus4GPjH6wANSza7/s132wD2EWnZoe8mkAPyVdPHDWWcL9tzy+IgF6KJ4R2gID1Fei8aK1P9vAKJTI62Kdj45UBASgFZuEWKyYtI0ofwiK9AXP0kTgfRgS7ZrqwKcjUe5SwGzilo8rBi2TyvwiNK3XCGiey8kxVWF2nl3Scnsh0cck8krmTCc9lN46vgAfv7DecB4buCwQYg1H4Od4LoWr5BUtfjL9TCgijstuqEqPYA1e2DQAwoFTIkqKOU8XGX+2qVLLBIAkxyg5FL/XwX0nVZl3ckZkIUxe7pvy8cagK3Ssjl9t91vl667CjI+Tmn7KsyHKcd6LvuGQrtDDozsanHplpkwy/Q+faKsYfLhSeBSh13XdipRIbp6s7AbugY8+rXDOA9eIvuTBPOqsivuodxeRHyY7RE6Q2zECsl5KnWiPrxp94bJEoxuOsj7Jd5OSJGODieKcmFYg+E/uE8y4aelbGKRfg0fMAkZTuUsRpHTU82bd9hym4CXQeg3T6rb4dMsx9lIF7SXJV4hH+DaEaYWHC6Utu6XA95PIs9EfqIphljIWNM764PB/W6wabyu9RakbWZVoaMzvCUyM3CARdhzOXAvqG780VXFmimzJVp1eeJEstWRdNbzB2TeKP7zGb+9KXWFLsCZUPtDiUz6ApbvJ54jNzh0uonj0jf4O4d08el6oJAf69ArNAEjUq1ACp52Ju+Csem5VHECS8o1xqrijHPeq8fvCV7dL4vYfcZp2BrOqtyqhkJdtwIIsdQMaMQV4cGsMAXWywQZmA6B+kvRW6rdr4zB9RieL1JV1r+Dd3kb1VNkMa8ArAvi6TrMVFdfupImnB9ySIu10cUjEfTNyb96jfUcoaiF/mWxaDBDwiBcqrIPvSmMofs9QT18H9l1+4FoenbKqTw6V+AKlHmvJUJnXKe/RRueGKLIBLPLrUuXEy2jHPQuUgvkIXW4zZvRtMrWPN2XACtxoKnXKf6FpjhXgux/518/gRAS5ZdPsyzmQtQTiPReP4H4z6p9tfK7LKCb1cl1Dqk+/6Ih5cc6JgrY/3ooTLWJZmZcF1xa37KVj+7NhUH3gnY1V8CDnkEtpZoRzxmgxGtFdt5XIDhPgMpHeukW0duWMSUq9ILwec2dtLIitE312SR+lg6/9siMzg8MtNUxVpEVQJg8qeb6I0ELrNaop5hUHhaVDf8WwsPdY7jauPRwbA4ZdHibc7HA304FnJcxuIoAI/LOFcNXa1b/++qOitsG1WIVgDR4jLlEvqXd8YaCswcfzTs6ccWtu/AK34ttPipXdyD52D1vYEIu8saxJqfLVBP/Tb8NAF78uQv2ifSPAtdV6ToSgDltJLti6uMxpxB1VUA9qs2amnAbGlt7Dhn1CiCOySUrnt+g7fV7qcp9aZ9jcsTOKYCTMhvL8z598U6Mup+WU+OsskAzpjlt63dvJFCF/S4x6sQZr/EAxymF5oL81EAbb04sNVFsrnznpVLYtvBK0wGzqz9WtZjgMlmKiqy4dwPVOrTUkTYYo5EKFZNqNqPF8QJevpU7drneDcEcJBNTNwaZFN7gMJ6GioWrirCf1WzbP+vE3DlAS8iUPho+CSoSwIRk30MosLUnZoVz3vNe7m2py15cqOU7a9lj15P1E3bkFosBVtrR8LorFcP8A2css2xbRC5AOBcOgVfRXoApfoYpYvgsBF9wbqXv/bw5gUyM9YOKmnE21htiFFEziK3DylTUcYIeiMUMgc4+7dMQg+z9Sa0CwvvN+hCbieAMoNkw3NEaCJqzp63hq8EwwysSZNvZhbpI4TQ2HApRmEHayDeXeM4VWoHoACHulSErxJR1HbGQpCIP5SzMyzW6tDvbHkQsOoqi+8GwpaeCEtvImp7PJa1EIYlOQQSIUt5bABlkssDfQv9oxBkka8kWadEbGcTrlnyD8sAl0mMTAB7FMvo9VZfMcTMnhrMlmPqhJmEa0BY8oLJzJ46FSMGSfsgdN8/vXx0ghyryST/q5vLKhBVRysGOrpJ/idz6gnu7ZQNWseWn5CFS8MagRvZvq8HktYuenaJRaAf8+jeQIK9/acnRPJtcudmsm0HxbnKdf0YklzLQvKZPTjInhbmGlpEby5wWHK2ymELe28K1/go9hgU4Y/PXRrAYHtJnOpRGZ33N0DZTRmU3/6ripqPI7OMYp9L5f4BibR2+vU3OMrKHJAEWqeupl97chxbfoxYPL5YPo4V7BXIm0XXcyzOoVyiiXl5H4WWeshD1C/b0SPsjtiL8XM51dSdJmbH9V9eW0Cx3M2rzZeBPOHfcEZtwxZGtJ6D4dvDurnsyV62iGh/s6UuxDdSYfv8DQOSr9cEetoNnmOVt6ThJadMzPoCF75+hcmht4rWu5MQ9S05618Iq8ii3VxqYtPqqBgX4QGgC/Mzv80Q8r6e0SA1STloC9by0V7Hl5SM5a8O+17e8wjJCirLbSbzsx5149gUZH32Cbs2rbpfQmdxNugS2gf+C/gq/rdEMWnqEfkHXWK13AMpq5JJVvKkLQStWsQl6uf5mGwJ8DYwSxeg/BUNsAqMiCr7KavFC3SuEQyOdCcrp3jbNqlaGkep2dteTSIHUkFKsFQFB7AEAWMeslg00p99MagmGVFDsOqBkmEbMefgOGc3GxbvGjv0P3tzgyvJEC0AQHhjBcsvFzZQHx2vgr3ESjhwQY6b2wpDPhG8ICSCrrFPS4EFU7N7tjkt+K5SbQDvj9KhsMZI5B1g0PMLIv/2bZafZehloNkbigEntXKi5xjDgI6an8QFgSA9lYgeCzlge4d725HQdsbxB/IOvN3nl6tAbRW0bMlv8aiRXm7InvnZxAUw39tTWrG+xbQV5ay+gdhSG4qHfkF6Gz5Ok4yTo7LsBSKasztCv7mdfFpfOLE4fnydL+H+cyv8wPG5sNS9VjP13fWZi7mig8zg1Sg166cp07DIJeSW2i5X3GjgADAJVNXhmM6meiiwCbMwEP+wTSJSeA8uiovdOzK/p7CDx4BYriDARX+bUPDsoE76zf/U2F6E7+kLbKwCuHAKp4WdOhoJToHw+JBEOwkuMrQ+nUJ0ajepprj0jGtu7ZPxQc6bkuhJUrYHeu6OmHT59kxZcQXpvRw4O6p/KShbiEUG6mRG99hNQbfbvjKZHVqzWfDL3D7U0s1qa6/D2N/YsPfi5BZ7EUEtUEO/GjtO81WPBh1srPTcHfmNxHMhWrAL+Yh5DoKGioYQZArMEwl0ehuvVqarPvW2KWKmmpJBTmEqioiOhw/mrA+9kMRMa9oPLn3RdxELM9RNZtaJq2N7+nAc7ddHGe/X+zgekhZlM9u+7vSWI74tt/dy9+MD2jRG2Xtz50L6QdGv1JDGjK935nQ7kFpkfBKqLX/w==&u=U2FsdGVkX194j4nTZDVCYVEJV2tb/FIQCOSFMAE72FdmouWk41jVoUKKIlV3UbDA&y=U2FsdGVkX18bkgW8rt9iNLM4q/jVMXk3V4V1sXbvn5bBKIHlIVT0eGkrE9uNHtWT HTTP/1.1" 200 26
186.28.158.138 - - [14/Nov/2022:18:39:06 -0500] "GET /kwssiamovil/sm/acme/a?s=U2FsdGVkX1/pwI1TfOifP9quAK94WKctbxQnGvjMYx+IAnC1C5w9IzHwx7dc+UeHqhJ7jgRNXIrL7o4tWJpRfetsiveuoP7ejkOY5Z7toezNwLKxy+uvMPtoUnhE+Xwr4I3JNlhpr3lcGbEYVztTeZ69AYTOSpbcM/FO6Od/DQw=&u=U2FsdGVkX194j4nTZDVCYVEJV2tb/FIQCOSFMAE72FdmouWk41jVoUKKIlV3UbDA&y=U2FsdGVkX18bkgW8rt9iNLM4q/jVMXk3V4V1sXbvn5bBKIHlIVT0eGkrE9uNHtWT HTTP/1.1" 200 26
186.28.158.138 - - [14/Nov/2022:18:39:07 -0500] "GET /kwssiamovil/sm/acme/a?s=U2FsdGVkX1+p1VmaFZXF3spNWTXIM7wF/9m+kO57VHl62fOZf00DfoKqgEo0VnIjrg7+rYLWRprS+nfrA3hZVGmjb3txcEQybNqcQ0XA4hl5tN8Xl9F3ktLydl/k0/S8koxX+AKFviYL2UMKFnzVTt5v/dcKfUuaJn4R3ta1fBY=&u=U2FsdGVkX194j4nTZDVCYVEJV2tb/FIQCOSFMAE72FdmouWk41jVoUKKIlV3UbDA&y=U2FsdGVkX18bkgW8rt9iNLM4q/jVMXk3V4V1sXbvn5bBKIHlIVT0eGkrE9uNHtWT HTTP/1.1" 200 26
186.28.158.138 - - [14/Nov/2022:18:39:07 -0500] "GET /kwssiamovil/sm/acme/a?s=U2FsdGVkX1/sBhwoe/4/cfW3+VTQ3VxWyzIEFuBzxmBJYqt4Ayq26DrvXJTZIMeK1jEeyWIXIlWSf8mUoU8t+/XQWXu29qbsi3JLqLgKxMeteqaAV1/1rvam2kCQtO8fq8dFQjZ/O1PAwgIcnkzAcopJQGflrM058FN0likK8lM=&u=U2FsdGVkX194j4nTZDVCYVEJV2tb/FIQCOSFMAE72FdmouWk41jVoUKKIlV3UbDA&y=U2FsdGVkX18bkgW8rt9iNLM4q/jVMXk3V4V1sXbvn5bBKIHlIVT0eGkrE9uNHtWT HTTP/1.1" 200 26
186.28.158.138 - - [14/Nov/2022:18:39:07 -0500] "GET /kwssiamovil/sm/acme/a?s=U2FsdGVkX19dvXjHPV9lAhcwXi9hfpj5VYl0wm8neQefULSzIwERhHpGhqY2297CMnyi8lboBx+ThvQA71nQeYFOTPtUom59/vmfsBPbaMMEWwBse/d9ZxfxKFN9hOUweMkPHLn5Cr8Pl3DxbAyr3XF5/R+U/JQRiproCmwmFwhi5F75cs4+2vURREyqfar5ICQxAmBHdx9XfRRsSYFiXw==&u=U2FsdGVkX194j4nTZDVCYVEJV2tb/FIQCOSFMAE72FdmouWk41jVoUKKIlV3UbDA&y=U2FsdGVkX18bkgW8rt9iNLM4q/jVMXk3V4V1sXbvn5bBKIHlIVT0eGkrE9uNHtWT HTTP/1.1" 200 26
186.28.158.138 - - [14/Nov/2022:18:39:07 -0500] "GET /kwssiamovil/sm/acme/a?s=U2FsdGVkX1/D6tWp0alX+pdWdRvtFXeCAv0RZUq4vKa1bl365xEazhISF33Gah6yFd+gdIv/Y5Z8Ct4divqob7o+AhwnKRAUhl80/HVeW53XdptAj7PHT8IZ+O09l3uSc6N8lQ0WePh8kITXkZkMMnjqpy2cmdCJMoO+uf6hJkORxzdsdE5A3DUVVPIekunpbnUzlkaVN886FjDQJRRZuTaQIzqL1xP0wmK9cJX419bLUo11ZhQFXBr8Us0SQDJXIMu4tRIbtD5C2Ke2v59xC7eEaAyoj7dhTonRJpBltSVf0r0b6lImx/0Mw9afejvYfljQiLmELRFV+mv4K8pcc87SumSqnitZq2R+4PEBAgpczGUtqKLBo9geOcnV72TIizNeYQ2jkyt2E+2yW21pk0Fuk+5AaPr9NkDNPi0W+eAeiVQVogcIHMXNtvxWqNeYqFQUagSX5rdNF/BwwbnLeA==&u=U2FsdGVkX194j4nTZDVCYVEJV2tb/FIQCOSFMAE72FdmouWk41jVoUKKIlV3UbDA&y=U2FsdGVkX18bkgW8rt9iNLM4q/jVMXk3V4V1sXbvn5bBKIHlIVT0eGkrE9uNHtWT HTTP/1.1" 200 25
186.28.158.138 - - [14/Nov/2022:18:39:08 -0500] "GET /kwssiamovil/sm/acme/a?s=U2FsdGVkX18GkuAmHySBhwZ+laJq584lJTIqJiGSFrN9sjR90VQ5N1sE4uPVAp28esugTySOFyrSNwFJN9655nl0puAG02AGrNHLlYsn/rZlPfs230nreWRBxHOp5sTC+jxDbyyKAjPKcl5A17a+enCTSsXw7Yhb0stw76mdyy00//tQCaSkNblr4VCjd/nwIYkdzMp+NWLRxL/cM0R7vci2JzbseF0Qgec3Gi3BiMjNPnoQ8MV0S8YFZl+VLjFAeMfPbqJ0lN3iBCCShuxM4W/EvxRu2APAcdd/U3QjXG+bf9ha31HGULk3WW95mPAhx1oO23C32Iy6svpzh7dvWf3m1+i2VFR8CiTrq5kD65N/Pn64ACDjWE5GJxfc+bbfZfg3bGDtsdb/p/Sb7Axx/k81o1LClKqUbXV47MppXHA=&u=U2FsdGVkX194j4nTZDVCYVEJV2tb/FIQCOSFMAE72FdmouWk41jVoUKKIlV3UbDA&y=U2FsdGVkX18bkgW8rt9iNLM4q/jVMXk3V4V1sXbvn5bBKIHlIVT0eGkrE9uNHtWT HTTP/1.1" 200 25
186.28.158.138 - - [14/Nov/2022:18:39:08 -0500] "GET /kwssiamovil/sm/acme/a?s=U2FsdGVkX1/7cUkSkzsX4Nv+S0KpGcxfQSh41VfAUHXjcSHkjFBRgVRjMKTgOCoTAzmi1UON8opotxYSeFvsFH/kDBd0nc4bt58MltJ2bqbul/YLdc2lvjJ1O7xVdpXiEkrKnrJo2kv48jo8z1pIsLWud4lU0SdWRHF5rw1IQ+mNzrGcoY0xCEIRcxzcOctdDlnQ17/bGHGpp4motXBCsQH7VSgKx1kotgfZIF39Y5g0EHPTAYi7JnYnaxyzmG9c6UsqlV9gCCQwmfrJtrI1ueTyYnHZsVxdM+dRLsTTkSgbycLy6k6Fqz15hrw2lTdoemZEYQieFdRQco+f8VCV3UKYWpi5yjo4q+s14N1QsM5fk0OOdEA7m1FBbWtVADrVaZw1Tlix6lzsfgnaoeF3UQ==&u=U2FsdGVkX194j4nTZDVCYVEJV2tb/FIQCOSFMAE72FdmouWk41jVoUKKIlV3UbDA&y=U2FsdGVkX18bkgW8rt9iNLM4q/jVMXk3V4V1sXbvn5bBKIHlIVT0eGkrE9uNHtWT HTTP/1.1" 200 25
186.28.158.138 - - [14/Nov/2022:18:39:09 -0500] "GET /kwssiamovil/sm/acme/a?s=U2FsdGVkX1+8FleQxA3bbfyPll5he61soJuYeUQo4RLlTpHtGh87GsGIgT4IlBQMW+DfW0MzCK//EI4t9idfOSUwuUEIOCnrYt7QORVbnM7DIu6UHl4V9qrapUwGBuiEAqroQWv32R107jn5eMkoo1ZS8O/MNHffcRuZJIZaX3d4njXyD9XbfMKvVwEI+cGuiH0p4MhY+hCorRlMnpIZpC1K19kVuLyKjhTfcpnEWBEJgQXxNx9U8r5BnNamZZWewx7smpAugJOJUZiNvzZKK9033jQW0mAYBaitvu9PvKJGPGlMJO/2RPf/tqh+jfIptQY8Bnl1UgT1b31ZSV/0BD9lkM9KBmlNTg4zInXUIk4=&u=U2FsdGVkX194j4nTZDVCYVEJV2tb/FIQCOSFMAE72FdmouWk41jVoUKKIlV3UbDA&y=U2FsdGVkX18bkgW8rt9iNLM4q/jVMXk3V4V1sXbvn5bBKIHlIVT0eGkrE9uNHtWT HTTP/1.1" 200 25
201.245.192.253 - - [14/Nov/2022:18:39:46 -0500] "POST /kwsrmcab/Wsrmcab  HTTP/1.1" 200 213
114.119.129.22 - - [14/Nov/2022:18:40:28 -0500] "-" 408 -
216.245.221.92 - - [14/Nov/2022:18:40:34 -0500] "HEAD / HTTP/1.1" 200 -
201.245.192.253 - - [14/Nov/2022:18:41:28 -0500] "POST /kwsrmcab/Wsrmcab HTTP/1.1" 200 44075
201.245.192.253 - - [14/Nov/2022:18:41:31 -0500] "POST /kwsrmcab/Wsrmcab HTTP/1.1" 200 43763
66.249.79.109 - - [14/Nov/2022:18:41:36 -0500] "-" 408 -
172.22.2.4 - - [14/Nov/2022:18:42:18 -0500] "HEAD /BLA/boletinlegal/ HTTP/1.1" 200 -
201.245.192.253 - - [14/Nov/2022:18:44:45 -0500] "POST /kwsrmcab/Wsrmcab  HTTP/1.1" 200 213
199.16.157.183 - - [14/Nov/2022:18:44:49 -0500] "GET /images/Mujeres%20que%20reverdecen%201%20sept.jpeg HTTP/1.1" 200 134076
172.22.2.4 - - [14/Nov/2022:18:43:09 -0500] "GET /BLA/boletinlegal/ HTTP/1.1" 200 58185
201.244.197.70 - - [14/Nov/2022:18:44:54 -0500] "GET /BLA/resoluciones/index.php?dir=AUTOS+2012%2F HTTP/1.1" 200 274522
201.244.197.70 - - [14/Nov/2022:18:45:25 -0500] "GET /BLA/resoluciones/AUTOS%202012/2941.pdf HTTP/1.1" 200 746057
216.245.221.92 - - [14/Nov/2022:18:45:34 -0500] "HEAD / HTTP/1.1" 200 -
181.237.186.160 - - [14/Nov/2022:18:46:04 -0500] "GET /BLA/resoluciones/index.php?dir=AUTOS+2016%2F HTTP/1.1" 200 327384
40.77.167.57 - - [14/Nov/2022:18:46:42 -0500] "GET / HTTP/1.1" 200 319
186.80.52.211 - - [14/Nov/2022:18:48:35 -0500] "POST /sipse/faces/presentacion/financiero/solicitudProceso/listarSolicitudProceso.xhtml HTTP/1.1" 200 15437
186.80.52.211 - - [14/Nov/2022:18:48:38 -0500] "POST /sipse/faces/presentacion/financiero/solicitudProceso/listarSolicitudProceso.xhtml HTTP/1.1" 200 146236
186.80.52.211 - - [14/Nov/2022:18:48:39 -0500] "GET /sipse/faces/javax.faces.resource/layout/layout.css?ln=primefaces&v=4.0 HTTP/1.1" 304 -
186.80.52.211 - - [14/Nov/2022:18:48:39 -0500] "GET /sipse/faces/javax.faces.resource/theme.css?ln=primefaces-sipse HTTP/1.1" 304 -
186.80.52.211 - - [14/Nov/2022:18:48:39 -0500] "GET /sipse/faces/javax.faces.resource/primefaces.css?ln=primefaces&v=4.0 HTTP/1.1" 304 -
186.80.52.211 - - [14/Nov/2022:18:48:39 -0500] "GET /sipse/faces/javax.faces.resource/jquery/jquery.js?ln=primefaces&v=4.0 HTTP/1.1" 304 -
186.80.52.211 - - [14/Nov/2022:18:48:39 -0500] "GET /sipse/faces/javax.faces.resource/jquery/jquery-plugins.js?ln=primefaces&v=4.0 HTTP/1.1" 304 -
186.80.52.211 - - [14/Nov/2022:18:48:39 -0500] "GET /sipse/faces/javax.faces.resource/primefaces.js?ln=primefaces&v=4.0 HTTP/1.1" 304 -
186.80.52.211 - - [14/Nov/2022:18:48:39 -0500] "GET /sipse/faces/javax.faces.resource/layout/layout.js?ln=primefaces&v=4.0 HTTP/1.1" 304 -
186.80.52.211 - - [14/Nov/2022:18:48:41 -0500] "POST /sipse/faces/presentacion/financiero/solicitudProceso/consultarSolicitudProceso.xhtml HTTP/1.1" 200 21109
186.80.52.211 - - [14/Nov/2022:18:48:41 -0500] "GET /sipse/faces/javax.faces.resource/theme.css?ln=primefaces-sipse HTTP/1.1" 304 -
186.80.52.211 - - [14/Nov/2022:18:48:41 -0500] "GET /sipse/faces/javax.faces.resource/primefaces.css?ln=primefaces&v=4.0 HTTP/1.1" 304 -
186.80.52.211 - - [14/Nov/2022:18:48:41 -0500] "GET /sipse/faces/javax.faces.resource/layout/layout.css?ln=primefaces&v=4.0 HTTP/1.1" 304 -
186.80.52.211 - - [14/Nov/2022:18:48:41 -0500] "GET /sipse/faces/javax.faces.resource/jquery/jquery.js?ln=primefaces&v=4.0 HTTP/1.1" 304 -
186.80.52.211 - - [14/Nov/2022:18:48:41 -0500] "GET /sipse/faces/javax.faces.resource/jquery/jquery-plugins.js?ln=primefaces&v=4.0 HTTP/1.1" 304 -
186.80.52.211 - - [14/Nov/2022:18:48:41 -0500] "GET /sipse/faces/javax.faces.resource/fileupload/fileupload.css?ln=primefaces&v=4.0 HTTP/1.1" 304 -
186.80.52.211 - - [14/Nov/2022:18:48:41 -0500] "GET /sipse/faces/javax.faces.resource/primefaces.js?ln=primefaces&v=4.0 HTTP/1.1" 304 -
186.80.52.211 - - [14/Nov/2022:18:48:41 -0500] "GET /sipse/faces/javax.faces.resource/layout/layout.js?ln=primefaces&v=4.0 HTTP/1.1" 304 -
186.80.52.211 - - [14/Nov/2022:18:48:41 -0500] "GET /sipse/faces/javax.faces.resource/fileupload/fileupload.js?ln=primefaces&v=4.0 HTTP/1.1" 304 -
186.80.52.211 - - [14/Nov/2022:18:48:41 -0500] "GET /sipse/faces/javax.faces.resource/images/ui-icons_898989_256x240.png?ln=primefaces-aristo HTTP/1.1" 304 -
186.80.52.211 - - [14/Nov/2022:18:48:52 -0500] "POST /sipse/faces/presentacion/sistema/anexos/cargarAnexoSolicitudProceso.xhtml HTTP/1.1" 200 194435
186.80.52.211 - - [14/Nov/2022:18:48:53 -0500] "GET /sipse/faces/javax.faces.resource/primefaces.css?ln=primefaces&v=4.0 HTTP/1.1" 304 -
186.80.52.211 - - [14/Nov/2022:18:48:53 -0500] "GET /sipse/faces/javax.faces.resource/theme.css?ln=primefaces-sipse HTTP/1.1" 304 -
186.80.52.211 - - [14/Nov/2022:18:48:53 -0500] "GET /sipse/faces/javax.faces.resource/primefaces.js?ln=primefaces&v=4.0 HTTP/1.1" 304 -
186.80.52.211 - - [14/Nov/2022:18:48:53 -0500] "GET /sipse/faces/javax.faces.resource/layout/layout.css?ln=primefaces&v=4.0 HTTP/1.1" 304 -
186.80.52.211 - - [14/Nov/2022:18:48:53 -0500] "GET /sipse/faces/javax.faces.resource/jquery/jquery.js?ln=primefaces&v=4.0 HTTP/1.1" 304 -
186.80.52.211 - - [14/Nov/2022:18:48:53 -0500] "GET /sipse/faces/javax.faces.resource/jquery/jquery-plugins.js?ln=primefaces&v=4.0 HTTP/1.1" 304 -
186.80.52.211 - - [14/Nov/2022:18:48:53 -0500] "GET /sipse/faces/javax.faces.resource/layout/layout.js?ln=primefaces&v=4.0 HTTP/1.1" 304 -
186.80.52.211 - - [14/Nov/2022:18:48:53 -0500] "GET /sipse/faces/javax.faces.resource/images/ui-icons_898989_256x240.png?ln=primefaces-aristo HTTP/1.1" 304 -
186.80.52.211 - - [14/Nov/2022:18:48:56 -0500] "POST /sipse/faces/presentacion/financiero/solicitudProceso/consultarSolicitudProceso.xhtml HTTP/1.1" 200 21109
186.80.52.211 - - [14/Nov/2022:18:48:56 -0500] "GET /sipse/faces/javax.faces.resource/theme.css?ln=primefaces-sipse HTTP/1.1" 304 -
186.80.52.211 - - [14/Nov/2022:18:48:56 -0500] "GET /sipse/faces/javax.faces.resource/primefaces.css?ln=primefaces&v=4.0 HTTP/1.1" 304 -
186.80.52.211 - - [14/Nov/2022:18:48:56 -0500] "GET /sipse/faces/javax.faces.resource/primefaces.js?ln=primefaces&v=4.0 HTTP/1.1" 304 -
186.80.52.211 - - [14/Nov/2022:18:48:56 -0500] "GET /sipse/faces/javax.faces.resource/jquery/jquery.js?ln=primefaces&v=4.0 HTTP/1.1" 304 -
186.80.52.211 - - [14/Nov/2022:18:48:56 -0500] "GET /sipse/faces/javax.faces.resource/layout/layout.css?ln=primefaces&v=4.0 HTTP/1.1" 304 -
186.80.52.211 - - [14/Nov/2022:18:48:56 -0500] "GET /sipse/faces/javax.faces.resource/jquery/jquery-plugins.js?ln=primefaces&v=4.0 HTTP/1.1" 304 -
186.80.52.211 - - [14/Nov/2022:18:48:56 -0500] "GET /sipse/faces/javax.faces.resource/fileupload/fileupload.js?ln=primefaces&v=4.0 HTTP/1.1" 304 -
186.80.52.211 - - [14/Nov/2022:18:48:56 -0500] "GET /sipse/faces/javax.faces.resource/layout/layout.js?ln=primefaces&v=4.0 HTTP/1.1" 304 -
186.80.52.211 - - [14/Nov/2022:18:48:56 -0500] "GET /sipse/faces/javax.faces.resource/fileupload/fileupload.css?ln=primefaces&v=4.0 HTTP/1.1" 304 -
186.80.52.211 - - [14/Nov/2022:18:48:56 -0500] "GET /sipse/faces/javax.faces.resource/images/ui-icons_898989_256x240.png?ln=primefaces-aristo HTTP/1.1" 304 -
186.80.52.211 - - [14/Nov/2022:18:49:01 -0500] "POST /sipse/faces/presentacion/sistema/anexos/cargarAnexoSolicitudProceso.xhtml HTTP/1.1" 200 196234
186.80.52.211 - - [14/Nov/2022:18:49:02 -0500] "GET /sipse/faces/javax.faces.resource/primefaces.css?ln=primefaces&v=4.0 HTTP/1.1" 304 -
186.80.52.211 - - [14/Nov/2022:18:49:02 -0500] "GET /sipse/faces/javax.faces.resource/theme.css?ln=primefaces-sipse HTTP/1.1" 304 -
186.80.52.211 - - [14/Nov/2022:18:49:02 -0500] "GET /sipse/faces/javax.faces.resource/jquery/jquery-plugins.js?ln=primefaces&v=4.0 HTTP/1.1" 304 -
186.80.52.211 - - [14/Nov/2022:18:49:02 -0500] "GET /sipse/faces/javax.faces.resource/layout/layout.css?ln=primefaces&v=4.0 HTTP/1.1" 304 -
186.80.52.211 - - [14/Nov/2022:18:49:02 -0500] "GET /sipse/faces/javax.faces.resource/jquery/jquery.js?ln=primefaces&v=4.0 HTTP/1.1" 304 -
186.80.52.211 - - [14/Nov/2022:18:49:02 -0500] "GET /sipse/faces/javax.faces.resource/primefaces.js?ln=primefaces&v=4.0 HTTP/1.1" 304 -
186.80.52.211 - - [14/Nov/2022:18:49:02 -0500] "GET /sipse/faces/javax.faces.resource/layout/layout.js?ln=primefaces&v=4.0 HTTP/1.1" 304 -
186.80.52.211 - - [14/Nov/2022:18:49:02 -0500] "GET /sipse/faces/javax.faces.resource/images/ui-icons_898989_256x240.png?ln=primefaces-aristo HTTP/1.1" 304 -
186.80.52.211 - - [14/Nov/2022:18:49:08 -0500] "GET /sipse/faces/javax.faces.resource/images/ui-bg_flat_0_2d5972_40x100.png?ln=primefaces-aristo HTTP/1.1" 304 -
186.80.52.211 - - [14/Nov/2022:18:49:08 -0500] "POST /sipse/faces/presentacion/financiero/solicitudProceso/consultarSolicitudProceso.xhtml HTTP/1.1" 200 6204
186.80.52.211 - - [14/Nov/2022:18:49:08 -0500] "GET /sipse/faces/javax.faces.resource/messages/messages.png?ln=primefaces&v=4.0 HTTP/1.1" 304 -
186.80.52.211 - - [14/Nov/2022:18:49:10 -0500] "POST /sipse/faces/presentacion/financiero/solicitudProceso/consultarSolicitudProceso.xhtml HTTP/1.1" 200 37756
186.80.52.211 - - [14/Nov/2022:18:49:15 -0500] "GET /sipse/faces/javax.faces.resource/primefaces.css?ln=primefaces&v=4.0 HTTP/1.1" 304 -
186.80.52.211 - - [14/Nov/2022:18:49:15 -0500] "GET /sipse/faces/javax.faces.resource/theme.css?ln=primefaces-sipse HTTP/1.1" 304 -
186.80.52.211 - - [14/Nov/2022:18:49:15 -0500] "GET /sipse/faces/javax.faces.resource/layout/layout.css?ln=primefaces&v=4.0 HTTP/1.1" 304 -
186.80.52.211 - - [14/Nov/2022:18:49:15 -0500] "GET /sipse/faces/javax.faces.resource/jquery/jquery.js?ln=primefaces&v=4.0 HTTP/1.1" 304 -
186.80.52.211 - - [14/Nov/2022:18:49:15 -0500] "GET /sipse/faces/javax.faces.resource/jquery/jquery-plugins.js?ln=primefaces&v=4.0 HTTP/1.1" 304 -
186.80.52.211 - - [14/Nov/2022:18:49:15 -0500] "GET /sipse/faces/javax.faces.resource/primefaces.js?ln=primefaces&v=4.0 HTTP/1.1" 304 -
186.80.52.211 - - [14/Nov/2022:18:49:15 -0500] "GET /sipse/faces/javax.faces.resource/layout/layout.js?ln=primefaces&v=4.0 HTTP/1.1" 304 -
186.80.52.211 - - [14/Nov/2022:18:49:15 -0500] "POST /sipse/faces/presentacion/financiero/solicitudProceso/listarSolicitudProceso.xhtml HTTP/1.1" 200 1400
186.80.52.211 - - [14/Nov/2022:18:49:19 -0500] "POST /sipse/faces/presentacion/financiero/solicitudProceso/listarSolicitudProceso.xhtml HTTP/1.1" 200 43079
66.249.64.214 - - [14/Nov/2022:18:49:25 -0500] "-" 408 -
186.80.52.211 - - [14/Nov/2022:18:49:34 -0500] "POST /sipse/faces/presentacion/financiero/solicitudProceso/listarSolicitudProceso.xhtml HTTP/1.1" 200 150000
186.80.52.211 - - [14/Nov/2022:18:49:35 -0500] "GET /sipse/faces/javax.faces.resource/theme.css?ln=primefaces-sipse HTTP/1.1" 304 -
186.80.52.211 - - [14/Nov/2022:18:49:35 -0500] "GET /sipse/faces/javax.faces.resource/layout/layout.css?ln=primefaces&v=4.0 HTTP/1.1" 304 -
186.80.52.211 - - [14/Nov/2022:18:49:35 -0500] "GET /sipse/faces/javax.faces.resource/primefaces.css?ln=primefaces&v=4.0 HTTP/1.1" 304 -
186.80.52.211 - - [14/Nov/2022:18:49:35 -0500] "GET /sipse/faces/javax.faces.resource/jquery/jquery.js?ln=primefaces&v=4.0 HTTP/1.1" 304 -
186.80.52.211 - - [14/Nov/2022:18:49:35 -0500] "GET /sipse/faces/javax.faces.resource/jquery/jquery-plugins.js?ln=primefaces&v=4.0 HTTP/1.1" 304 -
186.80.52.211 - - [14/Nov/2022:18:49:35 -0500] "GET /sipse/faces/javax.faces.resource/primefaces.js?ln=primefaces&v=4.0 HTTP/1.1" 304 -
186.80.52.211 - - [14/Nov/2022:18:49:35 -0500] "GET /sipse/faces/javax.faces.resource/layout/layout.js?ln=primefaces&v=4.0 HTTP/1.1" 304 -
201.245.192.253 - - [14/Nov/2022:18:49:44 -0500] "POST /kwsrmcab/Wsrmcab  HTTP/1.1" 200 213
172.22.2.4 - - [14/Nov/2022:18:48:08 -0500] "HEAD /BLA/boletinlegal/ HTTP/1.1" 200 -
186.80.52.211 - - [14/Nov/2022:18:49:59 -0500] "POST /sipse/faces/presentacion/financiero/solicitudProceso/consultarSolicitudProceso.xhtml HTTP/1.1" 200 66296
186.80.52.211 - - [14/Nov/2022:18:50:00 -0500] "GET /sipse/faces/javax.faces.resource/theme.css?ln=primefaces-sipse HTTP/1.1" 304 -
186.80.52.211 - - [14/Nov/2022:18:50:00 -0500] "GET /sipse/faces/javax.faces.resource/layout/layout.css?ln=primefaces&v=4.0 HTTP/1.1" 304 -
186.80.52.211 - - [14/Nov/2022:18:50:00 -0500] "GET /sipse/faces/javax.faces.resource/primefaces.css?ln=primefaces&v=4.0 HTTP/1.1" 304 -
186.80.52.211 - - [14/Nov/2022:18:50:00 -0500] "GET /sipse/faces/javax.faces.resource/jquery/jquery.js?ln=primefaces&v=4.0 HTTP/1.1" 304 -
186.80.52.211 - - [14/Nov/2022:18:50:00 -0500] "GET /sipse/faces/javax.faces.resource/jquery/jquery-plugins.js?ln=primefaces&v=4.0 HTTP/1.1" 304 -
186.80.52.211 - - [14/Nov/2022:18:50:00 -0500] "GET /sipse/faces/javax.faces.resource/primefaces.js?ln=primefaces&v=4.0 HTTP/1.1" 304 -
186.80.52.211 - - [14/Nov/2022:18:50:00 -0500] "GET /sipse/faces/javax.faces.resource/layout/layout.js?ln=primefaces&v=4.0 HTTP/1.1" 304 -
186.80.52.211 - - [14/Nov/2022:18:50:00 -0500] "POST /sipse/faces/presentacion/financiero/solicitudProceso/listarSolicitudProceso.xhtml HTTP/1.1" 200 59691
186.80.52.211 - - [14/Nov/2022:18:50:01 -0500] "POST /sipse/faces/presentacion/financiero/solicitudProceso/listarSolicitudProceso.xhtml HTTP/1.1" 200 59691
186.80.52.211 - - [14/Nov/2022:18:50:01 -0500] "POST /sipse/faces/presentacion/financiero/solicitudProceso/listarSolicitudProceso.xhtml HTTP/1.1" 200 1560
186.80.52.211 - - [14/Nov/2022:18:50:03 -0500] "POST /sipse/faces/presentacion/financiero/solicitudProceso/listarSolicitudProceso.xhtml HTTP/1.1" 200 1564
186.80.52.211 - - [14/Nov/2022:18:50:05 -0500] "POST /sipse/faces/presentacion/financiero/solicitudProceso/listarSolicitudProceso.xhtml HTTP/1.1" 200 1564
185.119.81.100 - - [14/Nov/2022:18:50:17 -0500] "GET /portaldeninos/wp-login.php HTTP/1.1" 200 2592
185.119.81.100 - - [14/Nov/2022:18:50:18 -0500] "POST /portaldeninos/wp-login.php HTTP/1.1" 200 3605
66.249.79.109 - - [14/Nov/2022:18:50:27 -0500] "-" 408 -
186.80.52.211 - - [14/Nov/2022:18:50:30 -0500] "POST /sipse/faces/presentacion/financiero/solicitudProceso/listarSolicitudProceso.xhtml HTTP/1.1" 200 152764
186.80.52.211 - - [14/Nov/2022:18:50:31 -0500] "GET /sipse/faces/javax.faces.resource/theme.css?ln=primefaces-sipse HTTP/1.1" 304 -
186.80.52.211 - - [14/Nov/2022:18:50:31 -0500] "GET /sipse/faces/javax.faces.resource/layout/layout.css?ln=primefaces&v=4.0 HTTP/1.1" 304 -
186.80.52.211 - - [14/Nov/2022:18:50:31 -0500] "GET /sipse/faces/javax.faces.resource/primefaces.css?ln=primefaces&v=4.0 HTTP/1.1" 304 -
186.80.52.211 - - [14/Nov/2022:18:50:31 -0500] "GET /sipse/faces/javax.faces.resource/jquery/jquery.js?ln=primefaces&v=4.0 HTTP/1.1" 304 -
186.80.52.211 - - [14/Nov/2022:18:50:31 -0500] "GET /sipse/faces/javax.faces.resource/jquery/jquery-plugins.js?ln=primefaces&v=4.0 HTTP/1.1" 304 -
186.80.52.211 - - [14/Nov/2022:18:50:31 -0500] "GET /sipse/faces/javax.faces.resource/primefaces.js?ln=primefaces&v=4.0 HTTP/1.1" 304 -
186.80.52.211 - - [14/Nov/2022:18:50:31 -0500] "GET /sipse/faces/javax.faces.resource/layout/layout.js?ln=primefaces&v=4.0 HTTP/1.1" 304 -
216.245.221.92 - - [14/Nov/2022:18:50:34 -0500] "HEAD / HTTP/1.1" 200 -
172.22.2.4 - - [14/Nov/2022:18:48:59 -0500] "GET /BLA/boletinlegal/ HTTP/1.1" 200 59779
173.252.107.16 - - [14/Nov/2022:18:52:22 -0500] "GET /images/Reciclaton%20Nov%202022%20(1)%20(1).jpeg HTTP/1.1" 200 53811
201.245.192.253 - - [14/Nov/2022:18:54:43 -0500] "POST /kwsrmcab/Wsrmcab  HTTP/1.1" 200 213
185.119.81.106 - - [14/Nov/2022:18:54:49 -0500] "GET /portaldeninos/wp-login.php HTTP/1.1" 200 2592
185.119.81.106 - - [14/Nov/2022:18:54:50 -0500] "POST /portaldeninos/wp-login.php HTTP/1.1" 200 3670
216.245.221.92 - - [14/Nov/2022:18:55:35 -0500] "HEAD / HTTP/1.1" 200 -
172.22.2.4 - - [14/Nov/2022:18:53:58 -0500] "HEAD /BLA/boletinlegal/ HTTP/1.1" 200 -
172.22.2.4 - - [14/Nov/2022:18:54:49 -0500] "GET /BLA/boletinlegal/ HTTP/1.1" 200 57192
66.249.79.109 - - [14/Nov/2022:18:56:34 -0500] "-" 408 -
20.231.101.203 - - [14/Nov/2022:18:56:44 -0500] "GET /BLA/boletinlegal/ HTTP/1.1" 200 63221
201.245.192.253 - - [14/Nov/2022:18:59:43 -0500] "POST /kwsrmcab/Wsrmcab  HTTP/1.1" 200 213
216.245.221.92 - - [14/Nov/2022:19:00:34 -0500] "HEAD / HTTP/1.1" 200 -
172.22.2.4 - - [14/Nov/2022:19:00:54 -0500] "GET /BLA/boletinlegal/robots.txt HTTP/1.1" 404 1038
172.22.2.4 - - [14/Nov/2022:19:00:54 -0500] "GET /BLA/boletinlegal/jurisprudencia/analisis/Analisis%20Jurisprudencia%20Sent%202000-00005-01.doc HTTP/1.1" 304 -
172.22.2.4 - - [14/Nov/2022:18:59:48 -0500] "HEAD /BLA/boletinlegal/ HTTP/1.1" 200 -
172.22.2.4 - - [14/Nov/2022:19:00:39 -0500] "GET /BLA/boletinlegal/ HTTP/1.1" 200 59779
66.249.79.109 - - [14/Nov/2022:19:02:45 -0500] "-" 408 -
181.53.60.68 - - [14/Nov/2022:19:03:27 -0500] "GET /BLA/resoluciones/index.php?dir=AUTOS+2014%2F HTTP/1.1" 200 884658
201.245.192.253 - - [14/Nov/2022:19:04:42 -0500] "POST /kwsrmcab/Wsrmcab  HTTP/1.1" 200 213
216.245.221.92 - - [14/Nov/2022:19:05:34 -0500] "HEAD / HTTP/1.1" 200 -
190.25.64.91 - - [14/Nov/2022:19:06:06 -0500] "GET /BLA/boletinlegal/style.css HTTP/1.1" 200 9406
190.25.64.91 - - [14/Nov/2022:19:06:06 -0500] "GET /BLA/boletinlegal/js/jquery.js HTTP/1.1" 200 57254
190.25.64.91 - - [14/Nov/2022:19:06:06 -0500] "GET /BLA/boletinlegal/js/jquery.scrollShow.js HTTP/1.1" 200 4586
190.25.64.91 - - [14/Nov/2022:19:06:06 -0500] "GET /BLA/boletinlegal/styles2.css HTTP/1.1" 200 1838
190.25.64.91 - - [14/Nov/2022:19:06:06 -0500] "GET /BLA/boletinlegal/js/jquery.scrollTo-min.js HTTP/1.1" 200 1150
190.25.64.91 - - [14/Nov/2022:19:06:06 -0500] "GET /BLA/boletinlegal/images/cabezote%20BLEGAL.jpg HTTP/1.1" 200 118164
190.25.64.91 - - [14/Nov/2022:19:06:06 -0500] "GET /BLA/boletinlegal/images/subscribe-icon-big.png HTTP/1.1" 200 47702
190.25.64.91 - - [14/Nov/2022:19:06:06 -0500] "GET /BLA/boletinlegal/images/historia.png HTTP/1.1" 200 52775
190.25.64.91 - - [14/Nov/2022:19:06:06 -0500] "GET /BLA/boletinlegal/images/registro-usuarios.png HTTP/1.1" 200 8106
190.25.64.91 - - [14/Nov/2022:19:06:06 -0500] "GET /BLA/boletinlegal/images/arr_l.jpg HTTP/1.1" 200 1979
190.25.64.91 - - [14/Nov/2022:19:06:06 -0500] "GET /BLA/boletinlegal/images/menu_bg.jpg HTTP/1.1" 200 620
190.25.64.91 - - [14/Nov/2022:19:06:06 -0500] "GET /BLA/boletinlegal/images/menu_lft.gif HTTP/1.1" 200 1713
190.25.64.91 - - [14/Nov/2022:19:06:06 -0500] "GET /BLA/boletinlegal/images/body_bg.jpg HTTP/1.1" 200 1601
190.25.64.91 - - [14/Nov/2022:19:06:06 -0500] "GET /BLA/boletinlegal/images/menu_rght.gif HTTP/1.1" 200 1627
190.25.64.91 - - [14/Nov/2022:19:06:07 -0500] "GET /BLA/boletinlegal/images/bg_top.jpg HTTP/1.1" 200 522
190.25.64.91 - - [14/Nov/2022:19:06:07 -0500] "GET /BLA/boletinlegal/images/text.jpg HTTP/1.1" 200 568
190.25.64.91 - - [14/Nov/2022:19:06:07 -0500] "GET /BLA/boletinlegal/images/hover.jpg HTTP/1.1" 200 640
190.25.64.91 - - [14/Nov/2022:19:06:07 -0500] "GET /BLA/boletinlegal/images/screen_1.png HTTP/1.1" 200 202547
190.25.64.91 - - [14/Nov/2022:19:06:07 -0500] "GET /BLA/boletinlegal/images/launch.jpg HTTP/1.1" 200 14577
93.158.161.72 - - [14/Nov/2022:19:06:10 -0500] "-" 408 -
190.25.64.91 - - [14/Nov/2022:19:06:11 -0500] "GET /BLA/boletinlegal/actos.php HTTP/1.1" 200 9566
190.25.64.91 - - [14/Nov/2022:19:06:11 -0500] "GET /BLA/boletinlegal/js/ajax_actos.js HTTP/1.1" 200 1322
190.25.64.91 - - [14/Nov/2022:19:06:11 -0500] "GET /BLA/boletinlegal/js/lib.js HTTP/1.1" 200 6474
190.25.64.91 - - [14/Nov/2022:19:06:11 -0500] "GET /BLA/boletinlegal/niceforms.js HTTP/1.1" 200 22876
190.25.64.91 - - [14/Nov/2022:19:06:11 -0500] "GET /BLA/boletinlegal/js/popup.js HTTP/1.1" 200 1270
190.25.64.91 - - [14/Nov/2022:19:06:11 -0500] "GET /BLA/boletinlegal/niceforms-default.css HTTP/1.1" 200 6694
190.25.64.91 - - [14/Nov/2022:19:06:11 -0500] "GET /BLA/boletinlegal/js/jquery1.js HTTP/1.1" 200 29846
190.25.64.91 - - [14/Nov/2022:19:06:11 -0500] "GET /BLA/boletinlegal/images/green-yellow-blue-pink-th.png HTTP/1.1" 200 7394
190.25.64.91 - - [14/Nov/2022:19:06:11 -0500] "GET /BLA/boletinlegal/images/tel.png HTTP/1.1" 200 14477
190.25.64.91 - - [14/Nov/2022:19:06:11 -0500] "GET /BLA/boletinlegal/images/icono-email.png HTTP/1.1" 200 5544
190.25.64.91 - - [14/Nov/2022:19:06:11 -0500] "GET /BLA/boletinlegal/images/footer_bg.jpg HTTP/1.1" 200 586
190.25.64.91 - - [14/Nov/2022:19:06:11 -0500] "GET /BLA/boletinlegal/images/footer_bg_l.jpg HTTP/1.1" 200 776
190.25.64.91 - - [14/Nov/2022:19:06:11 -0500] "GET /BLA/boletinlegal/img/button-left.png HTTP/1.1" 200 57071
190.25.64.91 - - [14/Nov/2022:19:06:11 -0500] "GET /BLA/boletinlegal/img/0.png HTTP/1.1" 200 110
190.25.64.91 - - [14/Nov/2022:19:06:11 -0500] "GET /BLA/boletinlegal/img/select-right.png HTTP/1.1" 200 44019
190.25.64.91 - - [14/Nov/2022:19:06:11 -0500] "GET /BLA/boletinlegal/img/button.png HTTP/1.1" 200 43241
190.25.64.91 - - [14/Nov/2022:19:06:11 -0500] "GET /BLA/boletinlegal/img/button-right.png HTTP/1.1" 200 57878
190.25.64.91 - - [14/Nov/2022:19:06:11 -0500] "GET /BLA/boletinlegal/img/select-left.png HTTP/1.1" 200 263
190.25.64.91 - - [14/Nov/2022:19:06:14 -0500] "GET /BLA/resoluciones/ HTTP/1.1" 200 13093
190.25.64.91 - - [14/Nov/2022:19:06:14 -0500] "GET /BLA/resoluciones/dlf/styles.css HTTP/1.1" 200 3049
190.25.64.91 - - [14/Nov/2022:19:06:14 -0500] "GET /BLA/resoluciones/dlf/folder.png HTTP/1.1" 200 410
190.25.64.91 - - [14/Nov/2022:19:06:14 -0500] "GET /BLA/resoluciones/dlf/bg.gif HTTP/1.1" 200 54
190.25.64.91 - - [14/Nov/2022:19:06:20 -0500] "GET /BLA/resoluciones/dlf/dirup.png HTTP/1.1" 200 644
190.25.64.91 - - [14/Nov/2022:19:06:20 -0500] "GET /BLA/resoluciones/dlf/pdf.gif HTTP/1.1" 200 272
190.25.64.91 - - [14/Nov/2022:19:06:20 -0500] "GET /BLA/resoluciones/index.php?dir=AUTOS+2019%2F HTTP/1.1" 200 348688
190.25.64.91 - - [14/Nov/2022:19:06:06 -0500] "GET /BLA/boletinlegal/ HTTP/1.1" 200 16331
172.22.2.4 - - [14/Nov/2022:19:05:38 -0500] "HEAD /BLA/boletinlegal/ HTTP/1.1" 200 -
181.237.186.160 - - [14/Nov/2022:19:07:35 -0500] "GET /BLA/resoluciones/index.php?dir=AUTOS+2016%2F HTTP/1.1" 200 327384
172.22.2.4 - - [14/Nov/2022:19:06:29 -0500] "GET /BLA/boletinlegal/ HTTP/1.1" 200 57824
66.249.79.109 - - [14/Nov/2022:19:08:45 -0500] "-" 408 -
201.245.192.253 - - [14/Nov/2022:19:09:41 -0500] "POST /kwsrmcab/Wsrmcab  HTTP/1.1" 200 213
216.245.221.92 - - [14/Nov/2022:19:10:34 -0500] "HEAD / HTTP/1.1" 200 -
172.22.2.4 - - [14/Nov/2022:19:11:28 -0500] "HEAD /BLA/boletinlegal/ HTTP/1.1" 200 -
172.22.2.4 - - [14/Nov/2022:19:12:19 -0500] "GET /BLA/boletinlegal/ HTTP/1.1" 200 56825
201.245.192.253 - - [14/Nov/2022:19:14:39 -0500] "POST /kwsrmcab/Wsrmcab  HTTP/1.1" 200 213
216.245.221.92 - - [14/Nov/2022:19:15:34 -0500] "HEAD / HTTP/1.1" 200 -
66.249.79.109 - - [14/Nov/2022:19:15:35 -0500] "-" 408 -
191.95.174.104 - - [14/Nov/2022:19:15:44 -0500] "GET /BLA/boletinlegal/js/jquery.scrollShow.js HTTP/1.1" 200 4586
191.95.174.104 - - [14/Nov/2022:19:15:44 -0500] "GET /galeria/galeria/jquery.fancybox.js?v=2.1.5 HTTP/1.1" 200 48706
191.95.174.104 - - [14/Nov/2022:19:15:44 -0500] "GET /galeria/galeria/jquery.fancybox.css?v=2.1.5 HTTP/1.1" 200 4895
207.46.13.174 - - [14/Nov/2022:19:16:12 -0500] "GET /BLA/resoluciones/RESOLUCIONES%202019/2468.pdf HTTP/1.1" 304 -
172.22.2.4 - - [14/Nov/2022:19:17:18 -0500] "HEAD /BLA/boletinlegal/ HTTP/1.1" 200 -
201.245.192.253 - - [14/Nov/2022:19:19:38 -0500] "POST /kwsrmcab/Wsrmcab  HTTP/1.1" 200 213
172.22.2.4 - - [14/Nov/2022:19:18:09 -0500] "GET /BLA/boletinlegal/ HTTP/1.1" 200 57192
216.245.221.92 - - [14/Nov/2022:19:20:36 -0500] "HEAD / HTTP/1.1" 200 -
201.245.192.253 - - [14/Nov/2022:19:21:28 -0500] "POST /kwsrmcab/Wsrmcab HTTP/1.1" 200 44221
201.245.192.253 - - [14/Nov/2022:19:21:31 -0500] "POST /kwsrmcab/Wsrmcab HTTP/1.1" 200 43756
66.249.79.109 - - [14/Nov/2022:19:21:57 -0500] "-" 408 -
201.245.192.253 - - [14/Nov/2022:19:24:37 -0500] "POST /kwsrmcab/Wsrmcab  HTTP/1.1" 200 213
172.22.2.4 - - [14/Nov/2022:19:23:08 -0500] "HEAD /BLA/boletinlegal/ HTTP/1.1" 200 -
40.77.167.46 - - [14/Nov/2022:19:25:22 -0500] "GET /BLA/resoluciones/AUTOS%202022/0662.pdf HTTP/1.1" 200 447849
216.245.221.92 - - [14/Nov/2022:19:25:34 -0500] "HEAD / HTTP/1.1" 200 -
172.22.2.4 - - [14/Nov/2022:19:23:59 -0500] "GET /BLA/boletinlegal/ HTTP/1.1" 200 58185
181.237.186.160 - - [14/Nov/2022:19:29:16 -0500] "GET /BLA/resoluciones/index.php?dir=AUTOS+2016%2F HTTP/1.1" 200 327384
201.245.192.253 - - [14/Nov/2022:19:29:36 -0500] "POST /kwsrmcab/Wsrmcab  HTTP/1.1" 200 213
181.54.40.39 - - [14/Nov/2022:19:30:02 -0500] "GET /galeria/galeria/jquery.fancybox.css?v=2.1.5 HTTP/1.1" 200 4895
216.245.221.92 - - [14/Nov/2022:19:30:34 -0500] "HEAD / HTTP/1.1" 200 -
172.22.2.4 - - [14/Nov/2022:19:28:58 -0500] "HEAD /BLA/boletinlegal/ HTTP/1.1" 200 -
172.22.2.4 - - [14/Nov/2022:19:29:48 -0500] "GET /BLA/boletinlegal/ HTTP/1.1" 200 58185
201.245.192.253 - - [14/Nov/2022:19:31:28 -0500] "POST /kwsrmcab/Wsrmcab HTTP/1.1" 200 44221
201.245.192.253 - - [14/Nov/2022:19:31:30 -0500] "POST /kwsrmcab/Wsrmcab HTTP/1.1" 200 43756
205.169.39.63 - - [14/Nov/2022:19:32:07 -0500] "GET /portaldeninos/wp-content/themes/betheme/style.css?ver=20.9.6 HTTP/1.1" 200 287
205.169.39.63 - - [14/Nov/2022:19:32:07 -0500] "GET /portaldeninos/wp-content/uploads/useanyfont/uaf.css?ver=1589905315 HTTP/1.1" 200 408
205.169.39.63 - - [14/Nov/2022:19:32:07 -0500] "GET /portaldeninos/wp-content/plugins/gallery-videos/CSS/totalsoft.css?ver=4.9.8 HTTP/1.1" 200 40622
205.169.39.63 - - [14/Nov/2022:19:32:07 -0500] "GET /portaldeninos/wp-content/plugins/gallery-videos/CSS/Total-Soft-Gallery-Video-Widget.css?ver=4.9.8 HTTP/1.1" 200 51554
205.169.39.63 - - [14/Nov/2022:19:32:07 -0500] "GET /portaldeninos/wp-content/themes/betheme/css/base.css?ver=20.9.6 HTTP/1.1" 200 57283
205.169.39.63 - - [14/Nov/2022:19:32:08 -0500] "GET /portaldeninos/wp-content/themes/betheme/assets/animations/animations.min.css?ver=20.9.6 HTTP/1.1" 200 58508
205.169.39.63 - - [14/Nov/2022:19:32:07 -0500] "GET /portaldeninos/wp-content/themes/betheme/css/layout.css?ver=20.9.6 HTTP/1.1" 200 116639
205.169.39.63 - - [14/Nov/2022:19:32:08 -0500] "GET /portaldeninos/wp-content/themes/betheme/assets/ui/jquery.ui.all.css?ver=20.9.6 HTTP/1.1" 200 18765
205.169.39.63 - - [14/Nov/2022:19:32:08 -0500] "GET /portaldeninos/wp-content/themes/betheme/assets/jplayer/css/jplayer.blue.monday.css?ver=20.9.6 HTTP/1.1" 200 9834
205.169.39.63 - - [14/Nov/2022:19:32:08 -0500] "GET /portaldeninos/wp-content/themes/betheme/css/shortcodes.css?ver=20.9.6 HTTP/1.1" 200 138889
205.169.39.63 - - [14/Nov/2022:19:32:09 -0500] "GET /portaldeninos/wp-includes/js/jquery/jquery-migrate.min.js?ver=1.4.1 HTTP/1.1" 200 10056
205.169.39.63 - - [14/Nov/2022:19:32:09 -0500] "GET /portaldeninos/wp-includes/js/jquery/ui/core.min.js?ver=1.11.4 HTTP/1.1" 200 4000
205.169.39.63 - - [14/Nov/2022:19:32:08 -0500] "GET /portaldeninos/wp-content/themes/betheme/css/responsive.css?ver=20.9.6 HTTP/1.1" 200 55740
205.169.39.63 - - [14/Nov/2022:19:32:09 -0500] "GET /portaldeninos/wp-content/plugins/google-analytics-for-wordpress/assets/js/frontend-gtag.min.js?ver=8.5.0 HTTP/1.1" 200 11801
205.169.39.63 - - [14/Nov/2022:19:32:09 -0500] "GET /portaldeninos/wp-content/plugins/gallery-videos/JS/modernizr.custom.js?ver=4.9.8 HTTP/1.1" 200 9019
205.169.39.63 - - [14/Nov/2022:19:32:09 -0500] "GET /portaldeninos/wp-includes/js/jquery/ui/widget.min.js?ver=1.11.4 HTTP/1.1" 200 6908
205.169.39.63 - - [14/Nov/2022:19:32:09 -0500] "GET /portaldeninos/wp-includes/js/jquery/ui/mouse.min.js?ver=1.11.4 HTTP/1.1" 200 3148
205.169.39.63 - - [14/Nov/2022:19:32:09 -0500] "GET /portaldeninos/wp-includes/js/jquery/ui/accordion.min.js?ver=1.11.4 HTTP/1.1" 200 8584
205.169.39.63 - - [14/Nov/2022:19:32:09 -0500] "GET /portaldeninos/wp-includes/js/jquery/jquery.js?ver=1.12.4 HTTP/1.1" 200 97184
205.169.39.63 - - [14/Nov/2022:19:32:09 -0500] "GET /portaldeninos/wp-content/plugins/gallery-videos/JS/Total-Soft-Gallery-Video-Widget.js?ver=4.9.8 HTTP/1.1" 200 80264
205.169.39.63 - - [14/Nov/2022:19:32:09 -0500] "GET /portaldeninos/wp-includes/js/jquery/ui/tabs.min.js?ver=1.11.4 HTTP/1.1" 200 12110
205.169.39.63 - - [14/Nov/2022:19:32:09 -0500] "GET /portaldeninos/wp-content/themes/betheme/js/menu.js?ver=20.9.6 HTTP/1.1" 200 2449
205.169.39.63 - - [14/Nov/2022:19:32:09 -0500] "GET /portaldeninos/wp-content/themes/betheme/assets/animations/animations.min.js?ver=20.9.6 HTTP/1.1" 200 1896
205.169.39.63 - - [14/Nov/2022:19:32:09 -0500] "GET /portaldeninos/wp-includes/js/jquery/ui/sortable.min.js?ver=1.11.4 HTTP/1.1" 200 24899
205.169.39.63 - - [14/Nov/2022:19:32:09 -0500] "GET /portaldeninos/wp-includes/js/wp-embed.min.js?ver=4.9.8 HTTP/1.1" 200 1398
205.169.39.63 - - [14/Nov/2022:19:32:10 -0500] "GET /portaldeninos/wp-content/themes/betheme/images/box_shadow.png HTTP/1.1" 200 108
205.169.39.63 - - [14/Nov/2022:19:32:10 -0500] "GET /portaldeninos/wp-includes/js/wp-emoji-release.min.js?ver=4.9.8 HTTP/1.1" 200 12026
205.169.39.63 - - [14/Nov/2022:19:32:09 -0500] "GET /portaldeninos/wp-content/themes/betheme/assets/jplayer/jplayer.min.js?ver=20.9.6 HTTP/1.1" 200 52702
205.169.39.63 - - [14/Nov/2022:19:32:09 -0500] "GET /portaldeninos/wp-content/themes/betheme/js/scripts.js?ver=20.9.6 HTTP/1.1" 200 77162
205.169.39.63 - - [14/Nov/2022:19:32:09 -0500] "GET /portaldeninos/wp-content/themes/betheme/js/plugins.js?ver=20.9.6 HTTP/1.1" 200 197151
205.169.39.63 - - [14/Nov/2022:19:32:10 -0500] "GET /portaldeninos/wp-content/themes/betheme/fonts/mfn-icons.woff?93978679 HTTP/1.1" 200 32354
205.169.39.63 - - [14/Nov/2022:19:32:10 -0500] "GET /portaldeninos/wp-content/themes/betheme/fonts/mfn-icons.ttf?93978679 HTTP/1.1" 200 31984
181.142.241.157 - - [14/Nov/2022:19:32:29 -0500] "GET /vota-por-bogota-en-we-love-cities-pioneros-en-sostenibilidad.html HTTP/1.1" 200 850
172.22.2.4 - - [14/Nov/2022:19:33:16 -0500] "GET /BLA/boletinlegal/ab2g HTTP/1.1" 404 1018
172.22.2.4 - - [14/Nov/2022:19:33:16 -0500] "GET /BLA/boletinlegal/ab2h HTTP/1.1" 404 1018
172.22.2.4 - - [14/Nov/2022:19:33:18 -0500] "GET /BLA/boletinlegal/ HTTP/1.1" 200 32715
201.245.192.253 - - [14/Nov/2022:19:34:35 -0500] "POST /kwsrmcab/Wsrmcab  HTTP/1.1" 200 213
216.245.221.92 - - [14/Nov/2022:19:35:34 -0500] "HEAD / HTTP/1.1" 200 -
172.22.2.4 - - [14/Nov/2022:19:34:28 -0500] "GET /BLA/boletinlegal/ HTTP/1.1" 200 47659
172.22.2.4 - - [14/Nov/2022:19:34:48 -0500] "HEAD /BLA/boletinlegal/ HTTP/1.1" 200 -
172.22.2.4 - - [14/Nov/2022:19:35:38 -0500] "GET /BLA/boletinlegal/ HTTP/1.1" 200 56079
172.22.2.4 - - [14/Nov/2022:19:38:14 -0500] "GET /BLA/boletinlegal/Circulares/2019/.pdf HTTP/1.1" 404 1218
201.245.192.253 - - [14/Nov/2022:19:39:34 -0500] "POST /kwsrmcab/Wsrmcab  HTTP/1.1" 200 213
216.245.221.92 - - [14/Nov/2022:19:40:34 -0500] "HEAD / HTTP/1.1" 200 -
201.245.192.253 - - [14/Nov/2022:19:41:28 -0500] "POST /kwsrmcab/Wsrmcab HTTP/1.1" 200 44221
201.245.192.253 - - [14/Nov/2022:19:41:30 -0500] "POST /kwsrmcab/Wsrmcab HTTP/1.1" 200 43756
172.22.2.4 - - [14/Nov/2022:19:40:38 -0500] "HEAD /BLA/boletinlegal/ HTTP/1.1" 200 -
172.22.2.4 - - [14/Nov/2022:19:42:11 -0500] "GET /BLA/boletinlegal/ HTTP/1.1" 200 24523
172.22.2.4 - - [14/Nov/2022:19:41:28 -0500] "GET /BLA/boletinlegal/ HTTP/1.1" 200 49550
172.22.2.4 - - [14/Nov/2022:19:42:26 -0500] "GET /BLA/boletinlegal/ HTTP/1.1" 200 24523
40.77.167.46 - - [14/Nov/2022:19:43:30 -0500] "GET / HTTP/1.1" 200 4720
185.119.81.98 - - [14/Nov/2022:19:44:12 -0500] "GET /portaldeninos/wp-login.php HTTP/1.1" 200 2592
185.119.81.98 - - [14/Nov/2022:19:44:13 -0500] "POST /portaldeninos/wp-login.php HTTP/1.1" 200 3670
173.252.107.14 - - [14/Nov/2022:19:44:17 -0500] "GET /se-viene-la-reciclaton-2022-una-oportunidad-para-que-las-empresas-contribuyan-con-el-medioambiente.html HTTP/1.1" 206 960
201.245.192.253 - - [14/Nov/2022:19:44:33 -0500] "POST /kwsrmcab/Wsrmcab  HTTP/1.1" 200 213
190.26.8.150 - - [14/Nov/2022:19:45:01 -0500] "GET /sipsesda/faces/faces/faces/faces/faces/faces/faces/login.jspx HTTP/1.1" 200 7848
190.26.8.150 - - [14/Nov/2022:19:45:01 -0500] "GET /sipsesda/js/disable_browser_buttons.js;jsessionid=ac16012b22b8fc33e264a5fb416d9484b9c2fff2c79c.e34Lc3uRbN4Oc40Tb40 HTTP/1.1" 200 2767
190.26.8.150 - - [14/Nov/2022:19:45:01 -0500] "GET /sipsesda/adf/styles/cache/segobdis16-desktop-10_1_3_4_0-gecko.css;jsessionid=ac16012b22b8fc33e264a5fb416d9484b9c2fff2c79c.e34Lc3uRbN4Oc40Tb40 HTTP/1.1" 200 57778
190.26.8.150 - - [14/Nov/2022:19:45:01 -0500] "GET /sipsesda/adf/jsLibs/Common10_1_3_4_0.js;jsessionid=ac16012b22b8fc33e264a5fb416d9484b9c2fff2c79c.e34Lc3uRbN4Oc40Tb40 HTTP/1.1" 200 132959
190.26.8.150 - - [14/Nov/2022:19:45:01 -0500] "GET /sipsesda/js/funciones.js;jsessionid=ac16012b22b8fc33e264a5fb416d9484b9c2fff2c79c.e34Lc3uRbN4Oc40Tb40 HTTP/1.1" 200 36377
190.26.8.150 - - [14/Nov/2022:19:45:01 -0500] "GET /sipsesda/adf/images/t.gif;jsessionid=ac16012b22b8fc33e264a5fb416d9484b9c2fff2c79c.e34Lc3uRbN4Oc40Tb40 HTTP/1.1" 200 86
190.26.8.150 - - [14/Nov/2022:19:45:01 -0500] "GET /sipsesda/imagenes/encabezado.jpg;jsessionid=ac16012b22b8fc33e264a5fb416d9484b9c2fff2c79c.e34Lc3uRbN4Oc40Tb40 HTTP/1.1" 200 18018
190.26.8.150 - - [14/Nov/2022:19:45:02 -0500] "GET /sipsesda/faces/faces/faces/faces/faces/faces/faces/faces/index.jsp HTTP/1.1" 200 1477
190.26.8.150 - - [14/Nov/2022:19:45:02 -0500] "GET /sipsesda/faces/faces/faces/faces/faces/faces/faces/faces/faces/login.jspx HTTP/1.1" 200 6860
190.26.8.150 - - [14/Nov/2022:19:45:04 -0500] "POST /sipsesda/faces/login.jspx HTTP/1.1" 200 5685
190.26.8.150 - - [14/Nov/2022:19:45:06 -0500] "POST /sipsesda/faces/vista/sistema/seleccionRol.jspx HTTP/1.1" 200 32814
190.26.8.150 - - [14/Nov/2022:19:45:07 -0500] "GET /sipsesda/imagenes/logoAplicacion.jpg HTTP/1.1" 200 155084
190.26.8.150 - - [14/Nov/2022:19:45:11 -0500] "GET /sipsesda/faces/vista/sistema/cargarMenu.jspx?accionMenu=listarContrato&menuID=96 HTTP/1.1" 200 33021
190.26.8.150 - - [14/Nov/2022:19:45:11 -0500] "POST /sipsesda/faces/vista/sistema/cargarMenu.jspx HTTP/1.1" 200 40346
216.245.221.92 - - [14/Nov/2022:19:45:34 -0500] "HEAD / HTTP/1.1" 200 -
190.26.8.150 - - [14/Nov/2022:19:45:54 -0500] "POST /sipsesda/faces/vista/contratacion/contrato/listarContrato.jspx HTTP/1.1" 200 40647
190.26.8.150 - - [14/Nov/2022:19:45:57 -0500] "POST /sipsesda/faces/vista/contratacion/contrato/listarContrato.jspx HTTP/1.1" 200 40647
190.26.8.150 - - [14/Nov/2022:19:46:12 -0500] "POST /sipsesda/faces/vista/contratacion/contrato/listarContrato.jspx HTTP/1.1" 200 40647
190.26.8.150 - - [14/Nov/2022:19:46:15 -0500] "POST /sipsesda/faces/vista/contratacion/contrato/listarContrato.jspx HTTP/1.1" 200 40346
185.119.81.100 - - [14/Nov/2022:19:46:53 -0500] "GET /portaldeninos/wp-login.php HTTP/1.1" 200 2592
185.119.81.100 - - [14/Nov/2022:19:46:54 -0500] "POST /portaldeninos/wp-login.php HTTP/1.1" 200 3650
190.26.8.150 - - [14/Nov/2022:19:46:56 -0500] "POST /sipsesda/faces/vista/contratacion/contrato/listarContrato.jspx HTTP/1.1" 200 62809
190.26.8.150 - - [14/Nov/2022:19:47:11 -0500] "POST /sipsesda/faces/vista/contratacion/contrato/listarContrato.jspx HTTP/1.1" 200 20624
190.26.8.150 - - [14/Nov/2022:19:47:16 -0500] "POST /sipsesda/faces/vista/contratacion/contrato/consultarContrato.jspx?_afPfm=1 HTTP/1.1" 200 7689
190.26.8.150 - - [14/Nov/2022:19:47:26 -0500] "POST /sipsesda/faces/vista/contratacion/contrato/consultarContrato.jspx?_afPfm=1 HTTP/1.1" 200 62817
190.26.8.150 - - [14/Nov/2022:19:47:30 -0500] "POST /sipsesda/faces/vista/contratacion/contrato/listarContrato.jspx HTTP/1.1" 200 56314
190.26.8.150 - - [14/Nov/2022:19:47:30 -0500] "POST /sipsesda/faces/vista/contratacion/contrato/listarContrato.jspx HTTP/1.1" 200 56799
190.26.8.150 - - [14/Nov/2022:19:47:31 -0500] "POST /sipsesda/faces/vista/contratacion/contrato/listarContrato.jspx HTTP/1.1" 200 56547
190.26.8.150 - - [14/Nov/2022:19:47:31 -0500] "POST /sipsesda/faces/vista/contratacion/contrato/listarContrato.jspx HTTP/1.1" 200 56965
190.26.8.150 - - [14/Nov/2022:19:47:41 -0500] "POST /sipsesda/faces/vista/contratacion/contrato/listarContrato.jspx HTTP/1.1" 200 20364
190.26.8.150 - - [14/Nov/2022:19:47:43 -0500] "POST /sipsesda/faces/vista/contratacion/contrato/consultarContrato.jspx?_afPfm=2 HTTP/1.1" 200 6858
190.26.8.150 - - [14/Nov/2022:19:47:45 -0500] "POST /sipsesda/faces/vista/contratacion/contrato/consultarContrato.jspx?_afPfm=2 HTTP/1.1" 200 6678
190.26.8.150 - - [14/Nov/2022:19:47:46 -0500] "POST /sipsesda/faces/vista/contratacion/contrato/consultarContrato.jspx?_afPfm=2 HTTP/1.1" 200 7690
190.26.8.150 - - [14/Nov/2022:19:47:48 -0500] "POST /sipsesda/faces/vista/contratacion/contrato/consultarContrato.jspx?_afPfm=2 HTTP/1.1" 200 7150
190.26.8.150 - - [14/Nov/2022:19:47:57 -0500] "POST /sipsesda/faces/vista/contratacion/contrato/consultarContrato.jspx?_afPfm=2 HTTP/1.1" 200 63336
190.26.8.150 - - [14/Nov/2022:19:48:01 -0500] "POST /sipsesda/faces/vista/contratacion/contrato/listarContrato.jspx HTTP/1.1" 200 20722
190.26.8.150 - - [14/Nov/2022:19:48:03 -0500] "POST /sipsesda/faces/vista/contratacion/contrato/consultarContrato.jspx?_afPfm=3 HTTP/1.1" 200 6859
190.26.8.150 - - [14/Nov/2022:19:48:04 -0500] "POST /sipsesda/faces/vista/contratacion/contrato/consultarContrato.jspx?_afPfm=3 HTTP/1.1" 200 6678
190.26.8.150 - - [14/Nov/2022:19:48:05 -0500] "POST /sipsesda/faces/vista/contratacion/contrato/consultarContrato.jspx?_afPfm=3 HTTP/1.1" 200 7690
190.26.8.150 - - [14/Nov/2022:19:48:06 -0500] "POST /sipsesda/faces/vista/contratacion/contrato/consultarContrato.jspx?_afPfm=3 HTTP/1.1" 200 7150
172.22.2.4 - - [14/Nov/2022:19:46:28 -0500] "HEAD /BLA/boletinlegal/ HTTP/1.1" 200 -
190.26.8.150 - - [14/Nov/2022:19:48:09 -0500] "POST /sipsesda/faces/vista/contratacion/contrato/consultarContrato.jspx?_afPfm=3 HTTP/1.1" 200 63336
172.22.2.4 - - [14/Nov/2022:19:47:18 -0500] "GET /BLA/boletinlegal/ HTTP/1.1" 200 57824
190.26.8.150 - - [14/Nov/2022:19:49:33 -0500] "POST /sipsesda/faces/vista/contratacion/contrato/listarContrato.jspx HTTP/1.1" 200 41360
201.245.192.253 - - [14/Nov/2022:19:49:31 -0500] "POST /kwsrmcab/Wsrmcab  HTTP/1.1" 200 213
190.26.8.150 - - [14/Nov/2022:19:49:35 -0500] "POST /sipsesda/faces/vista/contratacion/contrato/listarContrato.jspx HTTP/1.1" 200 20324
190.26.8.150 - - [14/Nov/2022:19:49:37 -0500] "POST /sipsesda/faces/vista/contratacion/contrato/consultarContrato.jspx?_afPfm=4 HTTP/1.1" 200 7966
216.245.221.92 - - [14/Nov/2022:19:50:34 -0500] "HEAD / HTTP/1.1" 200 -
186.145.242.50 - - [14/Nov/2022:19:52:28 -0500] "GET /si-tienes-ropa-y-calzado-que-ya-no-usas-aca-te-presentamos-seis-puntos-a-donde-los-puedes-llevar.html HTTP/1.1" 200 872
172.22.2.4 - - [14/Nov/2022:19:52:18 -0500] "HEAD /BLA/boletinlegal/ HTTP/1.1" 200 -
201.245.192.253 - - [14/Nov/2022:19:54:30 -0500] "POST /kwsrmcab/Wsrmcab  HTTP/1.1" 200 213
172.22.2.4 - - [14/Nov/2022:19:53:09 -0500] "GET /BLA/boletinlegal/ HTTP/1.1" 200 57824
172.22.2.4 - - [14/Nov/2022:19:54:59 -0500] "GET /BLA/boletinlegal/explore HTTP/1.1" 404 1018
216.245.221.92 - - [14/Nov/2022:19:55:34 -0500] "HEAD / HTTP/1.1" 200 -
92.118.39.78 - - [14/Nov/2022:19:57:41 -0500] "GET / HTTP/1.1" 200 319
185.119.81.100 - - [14/Nov/2022:19:58:23 -0500] "GET /portaldeninos/wp-login.php HTTP/1.1" 200 2592
185.119.81.100 - - [14/Nov/2022:19:58:24 -0500] "POST /portaldeninos/wp-login.php HTTP/1.1" 200 3670
185.119.81.106 - - [14/Nov/2022:19:58:30 -0500] "GET /portaldeninos/wp-login.php HTTP/1.1" 200 2592
185.119.81.106 - - [14/Nov/2022:19:58:31 -0500] "POST /portaldeninos/wp-login.php HTTP/1.1" 200 3650
201.245.192.253 - - [14/Nov/2022:19:59:29 -0500] "POST /kwsrmcab/Wsrmcab  HTTP/1.1" 200 213
172.22.2.4 - - [14/Nov/2022:19:58:08 -0500] "HEAD /BLA/boletinlegal/ HTTP/1.1" 200 -
95.217.145.45 - - [14/Nov/2022:19:59:54 -0500] "-" 408 -
95.217.144.234 - - [14/Nov/2022:20:00:02 -0500] "-" 408 -
20.231.101.203 - - [14/Nov/2022:19:58:25 -0500] "GET /BLA/boletinlegal/ HTTP/1.1" 200 50495
95.217.145.45 - - [14/Nov/2022:20:00:06 -0500] "-" 408 -
95.217.145.45 - - [14/Nov/2022:20:00:06 -0500] "-" 408 -
95.217.144.236 - - [14/Nov/2022:20:00:20 -0500] "-" 408 -
95.217.144.156 - - [14/Nov/2022:20:00:21 -0500] "-" 408 -
95.217.144.156 - - [14/Nov/2022:20:00:22 -0500] "-" 408 -
216.245.221.92 - - [14/Nov/2022:20:00:34 -0500] "HEAD / HTTP/1.1" 200 -
172.22.2.4 - - [14/Nov/2022:19:58:58 -0500] "GET /BLA/boletinlegal/ HTTP/1.1" 200 52453
172.22.2.4 - - [14/Nov/2022:20:02:06 -0500] "GET /BLA/boletinlegal/Telerik.Web.UI.WebResource.axd?type=rau HTTP/1.1" 404 1018
194.146.24.107 - - [14/Nov/2022:20:02:52 -0500] "GET /config/getuser?index=0 HTTP/1.1" 404 1018
201.245.192.253 - - [14/Nov/2022:20:04:28 -0500] "POST /kwsrmcab/Wsrmcab  HTTP/1.1" 200 213
173.252.87.22 - - [14/Nov/2022:20:05:20 -0500] "GET /images/ecosistema-dia-internacional-tierra-21-abril.jpg HTTP/1.1" 200 30098
216.245.221.92 - - [14/Nov/2022:20:05:34 -0500] "HEAD / HTTP/1.1" 200 -
172.22.2.4 - - [14/Nov/2022:20:03:58 -0500] "HEAD /BLA/boletinlegal/ HTTP/1.1" 200 -
