!C99Shell v. 1.0 pre-release build #13!

Software: Apache. PHP/5.5.15 

uname -a: Windows NT SVR-DMZ 6.1 build 7600 (Windows Server 2008 R2 Enterprise Edition) i586 

SYSTEM 

Safe-mode: OFF (not secure)

E:\nuevo\apache\logs\   drwxrwxrwx
Free 8.02 GB of 239.26 GB (3.35%)
Detected drives: [ a ] [ c ] [ d ] [ e ] [ f ]
Home    Back    Forward    UPDIR    Refresh    Search    Buffer    Encoder    Tools    Proc.    FTP brute    Sec.    SQL    PHP-code    Update    Feedback    Self remove    Logout    


Viewing file:     access.2022.11.17.log (4.08 MB)      -rw-rw-rw-
Select action/file-type:
(+) | (+) | (+) | Code (+) | Session (+) | (+) | SDB (+) | (+) | (+) | (+) | (+) | (+) |
201.245.192.253 - - [17/Nov/2022:00:00:14 -0500] "POST /kwsrmcab/Wsrmcab  HTTP/1.1" 200 213
190.159.14.237 - - [17/Nov/2022:00:02:14 -0500] "GET /sipse/faces/index.xhtml HTTP/1.1" 200 677
190.159.14.237 - - [17/Nov/2022:00:02:14 -0500] "GET /sipse/faces/javax.faces.resource/theme.css?ln=primefaces-sipse HTTP/1.1" 304 -
190.159.14.237 - - [17/Nov/2022:00:02:15 -0500] "GET /sipse/faces/faces/autenticacion.xhtml HTTP/1.1" 200 12182
190.159.14.237 - - [17/Nov/2022:00:02:15 -0500] "GET /sipse/faces/javax.faces.resource/theme.css?ln=primefaces-sipse HTTP/1.1" 304 -
190.159.14.237 - - [17/Nov/2022:00:02:15 -0500] "GET /sipse/faces/javax.faces.resource/jquery/jquery-plugins.js?ln=primefaces&v=4.0 HTTP/1.1" 304 -
190.159.14.237 - - [17/Nov/2022:00:02:15 -0500] "GET /sipse/faces/javax.faces.resource/layout/layout.css?ln=primefaces&v=4.0 HTTP/1.1" 304 -
190.159.14.237 - - [17/Nov/2022:00:02:15 -0500] "GET /sipse/faces/javax.faces.resource/primefaces.js?ln=primefaces&v=4.0 HTTP/1.1" 304 -
190.159.14.237 - - [17/Nov/2022:00:02:15 -0500] "GET /sipse/faces/javax.faces.resource/jquery/jquery.js?ln=primefaces&v=4.0 HTTP/1.1" 304 -
190.159.14.237 - - [17/Nov/2022:00:02:15 -0500] "GET /sipse/faces/javax.faces.resource/primefaces.css?ln=primefaces&v=4.0 HTTP/1.1" 304 -
190.159.14.237 - - [17/Nov/2022:00:02:15 -0500] "GET /sipse/faces/javax.faces.resource/layout/layout.js?ln=primefaces&v=4.0 HTTP/1.1" 304 -
190.159.14.237 - - [17/Nov/2022:00:02:15 -0500] "GET /sipse/faces/javax.faces.resource/images/ui-icons_898989_256x240.png?ln=primefaces-aristo HTTP/1.1" 304 -
190.159.14.237 - - [17/Nov/2022:00:02:18 -0500] "POST /sipse/faces/autenticacion.xhtml HTTP/1.1" 200 2224
190.159.14.237 - - [17/Nov/2022:00:02:18 -0500] "GET /sipse/faces/javax.faces.resource/messages/messages.png?ln=primefaces&v=4.0 HTTP/1.1" 304 -
190.159.14.237 - - [17/Nov/2022:00:02:19 -0500] "POST /sipse/faces/autenticacion.xhtml HTTP/1.1" 200 16258
190.159.14.237 - - [17/Nov/2022:00:02:20 -0500] "GET /sipse/faces/javax.faces.resource/theme.css?ln=primefaces-sipse HTTP/1.1" 304 -
190.159.14.237 - - [17/Nov/2022:00:02:20 -0500] "GET /sipse/faces/javax.faces.resource/layout/layout.css?ln=primefaces&v=4.0 HTTP/1.1" 304 -
190.159.14.237 - - [17/Nov/2022:00:02:20 -0500] "GET /sipse/faces/javax.faces.resource/primefaces.css?ln=primefaces&v=4.0 HTTP/1.1" 304 -
190.159.14.237 - - [17/Nov/2022:00:02:20 -0500] "GET /sipse/faces/javax.faces.resource/jquery/jquery.js?ln=primefaces&v=4.0 HTTP/1.1" 304 -
190.159.14.237 - - [17/Nov/2022:00:02:20 -0500] "GET /sipse/faces/javax.faces.resource/jquery/jquery-plugins.js?ln=primefaces&v=4.0 HTTP/1.1" 304 -
190.159.14.237 - - [17/Nov/2022:00:02:20 -0500] "GET /sipse/faces/javax.faces.resource/primefaces.js?ln=primefaces&v=4.0 HTTP/1.1" 304 -
190.159.14.237 - - [17/Nov/2022:00:02:20 -0500] "GET /sipse/faces/javax.faces.resource/layout/layout.js?ln=primefaces&v=4.0 HTTP/1.1" 304 -
190.159.14.237 - - [17/Nov/2022:00:02:20 -0500] "GET /sipse/css/imagen/contrasena.png HTTP/1.1" 404 383
190.159.14.237 - - [17/Nov/2022:00:02:22 -0500] "GET /sipse/faces/javax.faces.resource/images/ui-bg_flat_0_2d5972_40x100.png?ln=primefaces-aristo HTTP/1.1" 304 -
190.159.14.237 - - [17/Nov/2022:00:02:22 -0500] "POST /sipse/faces/bienvenido.xhtml HTTP/1.1" 200 2658
190.159.14.237 - - [17/Nov/2022:00:02:23 -0500] "POST /sipse/faces/bienvenido.xhtml HTTP/1.1" 200 65620
190.159.14.237 - - [17/Nov/2022:00:02:27 -0500] "GET /sipse/faces/javax.faces.resource/layout/layout.css?ln=primefaces&v=4.0 HTTP/1.1" 304 -
190.159.14.237 - - [17/Nov/2022:00:02:27 -0500] "GET /sipse/faces/javax.faces.resource/theme.css?ln=primefaces-sipse HTTP/1.1" 304 -
190.159.14.237 - - [17/Nov/2022:00:02:27 -0500] "GET /sipse/faces/javax.faces.resource/primefaces.css?ln=primefaces&v=4.0 HTTP/1.1" 304 -
190.159.14.237 - - [17/Nov/2022:00:02:27 -0500] "GET /sipse/faces/javax.faces.resource/jquery/jquery.js?ln=primefaces&v=4.0 HTTP/1.1" 304 -
190.159.14.237 - - [17/Nov/2022:00:02:27 -0500] "GET /sipse/faces/javax.faces.resource/jquery/jquery-plugins.js?ln=primefaces&v=4.0 HTTP/1.1" 304 -
190.159.14.237 - - [17/Nov/2022:00:02:27 -0500] "GET /sipse/faces/javax.faces.resource/primefaces.js?ln=primefaces&v=4.0 HTTP/1.1" 304 -
190.159.14.237 - - [17/Nov/2022:00:02:27 -0500] "GET /sipse/faces/javax.faces.resource/layout/layout.js?ln=primefaces&v=4.0 HTTP/1.1" 304 -
190.159.14.237 - - [17/Nov/2022:00:02:27 -0500] "POST /sipse/faces/presentacion/financiero/solicitudProceso/listarSolicitudProceso.xhtml HTTP/1.1" 200 1560
50.21.179.195 - - [17/Nov/2022:00:02:31 -0500] "GET /.git/HEAD HTTP/1.1" 404 1013
172.22.2.4 - - [17/Nov/2022:00:01:02 -0500] "HEAD /BLA/boletinlegal/ HTTP/1.1" 200 -
190.159.14.237 - - [17/Nov/2022:00:02:46 -0500] "POST /sipse/faces/presentacion/financiero/solicitudProceso/listarSolicitudProceso.xhtml HTTP/1.1" 200 14275
66.249.66.85 - - [17/Nov/2022:00:03:30 -0500] "-" 408 -
172.22.2.4 - - [17/Nov/2022:00:01:52 -0500] "GET /BLA/boletinlegal/ HTTP/1.1" 200 59779
216.245.221.92 - - [17/Nov/2022:00:04:22 -0500] "HEAD / HTTP/1.1" 200 -
201.245.192.253 - - [17/Nov/2022:00:05:12 -0500] "POST /kwsrmcab/Wsrmcab  HTTP/1.1" 200 213
185.119.81.100 - - [17/Nov/2022:00:08:14 -0500] "GET /portaldeninos/wp-login.php HTTP/1.1" 200 2592
185.119.81.100 - - [17/Nov/2022:00:08:16 -0500] "POST /portaldeninos/wp-login.php HTTP/1.1" 200 3650
172.22.2.4 - - [17/Nov/2022:00:06:52 -0500] "HEAD /BLA/boletinlegal/ HTTP/1.1" 200 -
172.22.2.4 - - [17/Nov/2022:00:07:42 -0500] "GET /BLA/boletinlegal/ HTTP/1.1" 200 57824
216.245.221.92 - - [17/Nov/2022:00:09:22 -0500] "HEAD / HTTP/1.1" 200 -
66.249.66.85 - - [17/Nov/2022:00:09:26 -0500] "-" 408 -
201.245.192.253 - - [17/Nov/2022:00:10:11 -0500] "POST /kwsrmcab/Wsrmcab  HTTP/1.1" 200 213
185.119.81.100 - - [17/Nov/2022:00:12:00 -0500] "GET /portaldeninos/wp-login.php HTTP/1.1" 200 2592
185.119.81.100 - - [17/Nov/2022:00:12:01 -0500] "POST /portaldeninos/wp-login.php HTTP/1.1" 200 3605
172.22.2.4 - - [17/Nov/2022:00:12:42 -0500] "HEAD /BLA/boletinlegal/ HTTP/1.1" 200 -
216.245.221.92 - - [17/Nov/2022:00:14:22 -0500] "HEAD / HTTP/1.1" 200 -
201.245.192.253 - - [17/Nov/2022:00:15:09 -0500] "POST /kwsrmcab/Wsrmcab  HTTP/1.1" 200 213
172.22.2.4 - - [17/Nov/2022:00:13:32 -0500] "GET /BLA/boletinlegal/ HTTP/1.1" 200 59779
207.46.13.174 - - [17/Nov/2022:00:15:39 -0500] "GET /forest/ HTTP/1.1" 200 12041
201.244.197.70 - - [17/Nov/2022:00:16:07 -0500] "GET /BLA/resoluciones/index.php?dir=AUTOS+2014%2F HTTP/1.1" 200 12235
201.244.197.70 - - [17/Nov/2022:00:16:07 -0500] "GET /BLA/resoluciones/index.php?dir=AUTOS+2014%2F HTTP/1.1" 200 884658
201.244.197.70 - - [17/Nov/2022:00:16:49 -0500] "GET /BLA/resoluciones/AUTOS%202014/0280.pdf HTTP/1.1" 200 669990
190.156.185.197 - - [17/Nov/2022:00:18:59 -0500] "GET /BLA/resoluciones/ HTTP/1.1" 200 13093
190.156.185.197 - - [17/Nov/2022:00:18:59 -0500] "GET /favicon.ico HTTP/1.1" 200 7782
190.156.185.197 - - [17/Nov/2022:00:19:10 -0500] "GET /BLA/resoluciones/index.php?dir=AUTOS+2022%2F HTTP/1.1" 200 340807
216.245.221.92 - - [17/Nov/2022:00:19:22 -0500] "HEAD / HTTP/1.1" 200 -
66.249.66.86 - - [17/Nov/2022:00:19:48 -0500] "-" 408 -
201.245.192.253 - - [17/Nov/2022:00:20:08 -0500] "POST /kwsrmcab/Wsrmcab  HTTP/1.1" 200 213
172.22.2.4 - - [17/Nov/2022:00:18:32 -0500] "HEAD /BLA/boletinlegal/ HTTP/1.1" 200 -
207.46.13.194 - - [17/Nov/2022:00:20:27 -0500] "GET /siipev/diseno%20de%20elementos%20de%20mobiliario%20urbano/registros/registrosnegados.html? HTTP/1.1" 200 18569
172.22.2.4 - - [17/Nov/2022:00:19:22 -0500] "GET /BLA/boletinlegal/ HTTP/1.1" 200 58185
201.245.192.253 - - [17/Nov/2022:00:21:17 -0500] "POST /kwsrmcab/Wsrmcab HTTP/1.1" 200 43144
201.245.192.253 - - [17/Nov/2022:00:21:20 -0500] "POST /kwsrmcab/Wsrmcab HTTP/1.1" 200 41553
40.77.167.13 - - [17/Nov/2022:00:22:42 -0500] "GET /BLA/resoluciones/RESOLUCIONES%202011/6971.pdf HTTP/1.1" 304 -
85.31.44.156 - - [17/Nov/2022:00:22:54 -0500] "GET / HTTP/1.1" 200 319
85.31.44.156 - - [17/Nov/2022:00:22:59 -0500] "POST /GponForm/diag_Form?images/ HTTP/1.1" 404 1018
216.245.221.92 - - [17/Nov/2022:00:24:22 -0500] "HEAD / HTTP/1.1" 200 -
201.245.192.253 - - [17/Nov/2022:00:25:07 -0500] "POST /kwsrmcab/Wsrmcab  HTTP/1.1" 200 213
20.231.101.203 - - [17/Nov/2022:00:23:49 -0500] "GET /BLA/boletinlegal/ HTTP/1.1" 200 57824
190.156.185.197 - - [17/Nov/2022:00:25:36 -0500] "GET /BLA/resoluciones/AUTOS%202022/4971.pdf HTTP/1.1" 200 443833
172.22.2.4 - - [17/Nov/2022:00:24:21 -0500] "HEAD /BLA/boletinlegal/ HTTP/1.1" 200 -
172.22.2.4 - - [17/Nov/2022:00:25:12 -0500] "GET /BLA/boletinlegal/ HTTP/1.1" 200 56825
40.77.167.61 - - [17/Nov/2022:00:27:00 -0500] "GET /si-tienes-ropa-y-calzado-que-ya-no-usas-aca-te-presentamos-seis-puntos-a-donde-los-puedes-llevar.html HTTP/1.1" 200 872
54.39.243.52 - - [17/Nov/2022:00:27:52 -0500] "GET /auambari-deleito-con-sus-sonidos-ambientales-a-los-asistentes-de-fima-2021.html HTTP/1.1" 200 888
66.249.66.85 - - [17/Nov/2022:00:28:13 -0500] "-" 408 -
172.22.2.4 - - [17/Nov/2022:00:28:33 -0500] "GET /BLA/boletinlegal/owa/auth/logon.aspx?url=https%3a%2f%2f1%2fecp%2f HTTP/1.1" 404 1018
216.245.221.92 - - [17/Nov/2022:00:29:22 -0500] "HEAD / HTTP/1.1" 200 -
201.245.192.253 - - [17/Nov/2022:00:30:06 -0500] "POST /kwsrmcab/Wsrmcab  HTTP/1.1" 200 213
201.245.192.253 - - [17/Nov/2022:00:31:17 -0500] "POST /kwsrmcab/Wsrmcab HTTP/1.1" 200 43144
201.245.192.253 - - [17/Nov/2022:00:31:19 -0500] "POST /kwsrmcab/Wsrmcab HTTP/1.1" 200 41553
172.22.2.4 - - [17/Nov/2022:00:30:12 -0500] "HEAD /BLA/boletinlegal/ HTTP/1.1" 200 -
172.22.2.4 - - [17/Nov/2022:00:31:02 -0500] "GET /BLA/boletinlegal/ HTTP/1.1" 200 57824
216.245.221.92 - - [17/Nov/2022:00:34:22 -0500] "HEAD / HTTP/1.1" 200 -
201.245.192.253 - - [17/Nov/2022:00:35:04 -0500] "POST /kwsrmcab/Wsrmcab  HTTP/1.1" 200 213
66.249.64.214 - - [17/Nov/2022:00:37:20 -0500] "-" 408 -
172.22.2.4 - - [17/Nov/2022:00:36:01 -0500] "HEAD /BLA/boletinlegal/ HTTP/1.1" 200 -
40.77.167.13 - - [17/Nov/2022:00:38:05 -0500] "GET /BLA/resoluciones/RESOLUCIONES%202009/0563.pdf HTTP/1.1" 304 -
172.22.2.4 - - [17/Nov/2022:00:36:52 -0500] "GET /BLA/boletinlegal/ HTTP/1.1" 200 59779
216.245.221.92 - - [17/Nov/2022:00:39:22 -0500] "HEAD / HTTP/1.1" 200 -
186.31.119.69 - - [17/Nov/2022:00:39:57 -0500] "-" 408 -
201.245.192.253 - - [17/Nov/2022:00:40:02 -0500] "POST /kwsrmcab/Wsrmcab  HTTP/1.1" 200 213
207.46.13.174 - - [17/Nov/2022:00:40:56 -0500] "GET /BLA/resoluciones/RESOLUCIONES%202007/RES%202007%204001%20AL%204100/RESOLUCION%204090%20DE%202007.pdf HTTP/1.1" 304 -
201.245.192.253 - - [17/Nov/2022:00:41:17 -0500] "POST /kwsrmcab/Wsrmcab HTTP/1.1" 200 43144
201.245.192.253 - - [17/Nov/2022:00:41:22 -0500] "POST /kwsrmcab/Wsrmcab HTTP/1.1" 200 41553
172.22.2.4 - - [17/Nov/2022:00:41:29 -0500] "GET /BLA/boletinlegal/Directivas/2011/Directiva%20No.%208%20del%2020%20de%20Septiembre%20de%202011.pdf HTTP/1.1" 200 727150
157.55.39.39 - - [17/Nov/2022:00:41:45 -0500] "GET /BLA/resoluciones/RESOLUCIONES%202009/0562.pdf HTTP/1.1" 304 -
172.22.2.4 - - [17/Nov/2022:00:41:51 -0500] "HEAD /BLA/boletinlegal/ HTTP/1.1" 200 -
172.22.2.4 - - [17/Nov/2022:00:42:42 -0500] "GET /BLA/boletinlegal/ HTTP/1.1" 200 59779
216.245.221.92 - - [17/Nov/2022:00:44:22 -0500] "HEAD / HTTP/1.1" 200 -
201.245.192.253 - - [17/Nov/2022:00:45:01 -0500] "POST /kwsrmcab/Wsrmcab  HTTP/1.1" 200 213
66.249.66.87 - - [17/Nov/2022:00:46:36 -0500] "-" 408 -
172.22.2.4 - - [17/Nov/2022:00:47:41 -0500] "HEAD /BLA/boletinlegal/ HTTP/1.1" 200 -
216.245.221.92 - - [17/Nov/2022:00:49:22 -0500] "HEAD / HTTP/1.1" 200 -
141.255.166.2 - - [17/Nov/2022:00:49:55 -0500] "GET / HTTP/1.1" 200 319
201.245.192.253 - - [17/Nov/2022:00:50:00 -0500] "POST /kwsrmcab/Wsrmcab  HTTP/1.1" 200 213
172.22.2.4 - - [17/Nov/2022:00:48:32 -0500] "GET /BLA/boletinlegal/ HTTP/1.1" 200 58185
66.249.66.85 - - [17/Nov/2022:00:52:39 -0500] "-" 408 -
216.245.221.92 - - [17/Nov/2022:00:54:22 -0500] "HEAD / HTTP/1.1" 200 -
201.245.192.253 - - [17/Nov/2022:00:54:57 -0500] "POST /kwsrmcab/Wsrmcab  HTTP/1.1" 200 213
172.22.2.4 - - [17/Nov/2022:00:53:31 -0500] "HEAD /BLA/boletinlegal/ HTTP/1.1" 200 -
172.22.2.4 - - [17/Nov/2022:00:54:22 -0500] "GET /BLA/boletinlegal/ HTTP/1.1" 200 57192
186.155.74.71 - - [17/Nov/2022:00:56:26 -0500] "GET /appsia/controlador HTTP/1.1" 200 4799
186.155.74.71 - - [17/Nov/2022:00:56:26 -0500] "GET /appsia/css/estilos.css HTTP/1.1" 200 4804
186.155.74.71 - - [17/Nov/2022:00:56:26 -0500] "GET /appsia/scripts/validarIngreso.js HTTP/1.1" 200 851
186.155.74.71 - - [17/Nov/2022:00:56:26 -0500] "GET /appsia/images/logo_bogota_p.png HTTP/1.1" 200 14951
186.155.74.71 - - [17/Nov/2022:00:56:26 -0500] "GET /appsia/images/cabezoteHojaVida.png HTTP/1.1" 200 32493
186.155.74.71 - - [17/Nov/2022:00:56:27 -0500] "GET /favicon.ico HTTP/1.1" 200 7782
40.77.167.13 - - [17/Nov/2022:00:56:35 -0500] "GET /BLA/resoluciones/AUTOS%202018/0954.pdf HTTP/1.1" 304 -
186.155.74.71 - - [17/Nov/2022:00:56:39 -0500] "POST /appsia/controlador HTTP/1.1" 200 5437
186.155.74.71 - - [17/Nov/2022:00:56:44 -0500] "POST /appsia/controlador HTTP/1.1" 200 20535
186.155.74.71 - - [17/Nov/2022:00:56:44 -0500] "GET /appsia/images/logo_escudo.png HTTP/1.1" 200 36965
216.245.221.92 - - [17/Nov/2022:00:59:22 -0500] "HEAD / HTTP/1.1" 200 -
201.245.192.253 - - [17/Nov/2022:00:59:55 -0500] "POST /kwsrmcab/Wsrmcab  HTTP/1.1" 200 213
172.22.2.4 - - [17/Nov/2022:00:59:21 -0500] "HEAD /BLA/boletinlegal/ HTTP/1.1" 200 -
40.77.167.57 - - [17/Nov/2022:01:01:35 -0500] "GET /isolucionsda/FrameSetArticulo.asp?Pagina=/IsolucionSDA/bancoconocimiento/R/Resolucion3074del3deJuniode2011/Resolucion3074del3deJuniode2011.asp?IdArticulo=6538 HTTP/1.1" 200 527
172.22.2.4 - - [17/Nov/2022:01:00:12 -0500] "GET /BLA/boletinlegal/ HTTP/1.1" 200 59779
172.22.2.4 - - [17/Nov/2022:01:03:10 -0500] "GET /BLA/boletinlegal/Circulares/2019/Circular%20No.%200003%20del%2031%20de%20Enero%20de%202019.pdf HTTP/1.1" 200 164676
216.245.221.92 - - [17/Nov/2022:01:04:22 -0500] "HEAD / HTTP/1.1" 200 -
157.55.39.206 - - [17/Nov/2022:01:04:40 -0500] "GET /BLA/resoluciones/RESOLUCIONES%202021/1865.pdf HTTP/1.1" 304 -
201.245.192.253 - - [17/Nov/2022:01:04:54 -0500] "POST /kwsrmcab/Wsrmcab  HTTP/1.1" 200 213
172.22.2.4 - - [17/Nov/2022:01:05:11 -0500] "HEAD /BLA/boletinlegal/ HTTP/1.1" 200 -
172.22.2.4 - - [17/Nov/2022:01:07:06 -0500] "GET /BLA/boletinlegal/actos.php HTTP/1.1" 200 9566
66.249.64.216 - - [17/Nov/2022:01:07:41 -0500] "-" 408 -
172.22.2.4 - - [17/Nov/2022:01:06:02 -0500] "GET /BLA/boletinlegal/ HTTP/1.1" 200 59779
216.245.221.92 - - [17/Nov/2022:01:09:22 -0500] "HEAD / HTTP/1.1" 200 -
201.245.192.253 - - [17/Nov/2022:01:09:52 -0500] "POST /kwsrmcab/Wsrmcab  HTTP/1.1" 200 213
172.22.2.4 - - [17/Nov/2022:01:10:43 -0500] "GET /BLA/boletinlegal/ HTTP/1.1" 200 32715
172.22.2.4 - - [17/Nov/2022:01:11:01 -0500] "HEAD /BLA/boletinlegal/ HTTP/1.1" 200 -
172.22.2.4 - - [17/Nov/2022:01:12:22 -0500] "GET /BLA/boletinlegal/ HTTP/1.1" 200 32715
152.61.128.50 - - [17/Nov/2022:01:13:16 -0500] "GET / HTTP/1.1" 200 319
172.22.2.4 - - [17/Nov/2022:01:11:52 -0500] "GET /BLA/boletinlegal/ HTTP/1.1" 200 55680
216.245.221.92 - - [17/Nov/2022:01:14:22 -0500] "HEAD / HTTP/1.1" 200 -
152.61.192.232 - - [17/Nov/2022:01:14:38 -0500] "GET / HTTP/1.1" 200 319
201.245.192.253 - - [17/Nov/2022:01:14:51 -0500] "POST /kwsrmcab/Wsrmcab  HTTP/1.1" 200 213
172.22.2.4 - - [17/Nov/2022:01:16:07 -0500] "GET /BLA/boletinlegal/styles2.css HTTP/1.1" 200 1838
172.22.2.4 - - [17/Nov/2022:01:16:07 -0500] "GET /BLA/boletinlegal/conceptos/2020/46.pdf HTTP/1.1" 200 350199
172.22.2.4 - - [17/Nov/2022:01:16:11 -0500] "GET /BLA/boletinlegal/js/ajax_actos.js HTTP/1.1" 200 1322
64.62.243.165 - - [17/Nov/2022:01:16:21 -0500] "GET / HTTP/1.1" 200 319
172.22.2.4 - - [17/Nov/2022:01:16:51 -0500] "HEAD /BLA/boletinlegal/ HTTP/1.1" 200 -
207.46.13.194 - - [17/Nov/2022:01:18:51 -0500] "GET /BLA/resoluciones/AUTOS%202015/4651.pdf HTTP/1.1" 304 -
172.22.2.4 - - [17/Nov/2022:01:17:42 -0500] "GET /BLA/boletinlegal/ HTTP/1.1" 200 54452
216.245.221.92 - - [17/Nov/2022:01:19:22 -0500] "HEAD / HTTP/1.1" 200 -
185.119.81.100 - - [17/Nov/2022:01:19:46 -0500] "GET /portaldeninos/wp-login.php HTTP/1.1" 200 2592
185.119.81.100 - - [17/Nov/2022:01:19:47 -0500] "POST /portaldeninos/wp-login.php HTTP/1.1" 200 3650
201.245.192.253 - - [17/Nov/2022:01:19:51 -0500] "POST /kwsrmcab/Wsrmcab  HTTP/1.1" 200 213
217.182.175.162 - - [17/Nov/2022:01:20:46 -0500] "HEAD /distrito-mantiene-acompanamiento-a-la-comunidad-afectada-en-la-via-la-calera.html HTTP/1.1" 200 -
51.15.164.30 - - [17/Nov/2022:01:20:46 -0500] "HEAD /secretaria-de-ambiente-y-universidad-de-la-salle-firman-acuerdo-de-conservacion-en-17-hectareas.html HTTP/1.1" 200 -
201.245.192.253 - - [17/Nov/2022:01:21:17 -0500] "POST /kwsrmcab/Wsrmcab HTTP/1.1" 200 42820
201.245.192.253 - - [17/Nov/2022:01:21:20 -0500] "POST /kwsrmcab/Wsrmcab HTTP/1.1" 200 41384
172.22.2.4 - - [17/Nov/2022:01:22:41 -0500] "HEAD /BLA/boletinlegal/ HTTP/1.1" 200 -
216.245.221.92 - - [17/Nov/2022:01:24:22 -0500] "HEAD / HTTP/1.1" 200 -
201.245.192.253 - - [17/Nov/2022:01:24:49 -0500] "POST /kwsrmcab/Wsrmcab  HTTP/1.1" 200 213
172.22.2.4 - - [17/Nov/2022:01:23:32 -0500] "GET /BLA/boletinlegal/ HTTP/1.1" 200 55680
20.231.101.203 - - [17/Nov/2022:01:25:30 -0500] "GET /BLA/boletinlegal/ HTTP/1.1" 200 63221
216.245.221.92 - - [17/Nov/2022:01:29:22 -0500] "HEAD / HTTP/1.1" 200 -
201.245.192.253 - - [17/Nov/2022:01:29:47 -0500] "POST /kwsrmcab/Wsrmcab  HTTP/1.1" 200 213
40.77.167.13 - - [17/Nov/2022:01:29:49 -0500] "GET /siipev/Diseno%20de%20Elementos%20de%20Mobiliario%20Urbano/Diseno%20pertenecientes%20al%20mobiliario%20urbano%20M10-M160/PARTE%20A/Dise%C3%B1o%20de%20Elementos%20M-160.pdf HTTP/1.1" 304 -
172.22.2.4 - - [17/Nov/2022:01:28:31 -0500] "HEAD /BLA/boletinlegal/ HTTP/1.1" 200 -
172.22.2.4 - - [17/Nov/2022:01:28:33 -0500] "GET /BLA/boletinlegal/ HTTP/1.1" 200 44920
172.22.2.4 - - [17/Nov/2022:01:30:34 -0500] "GET /BLA/boletinlegal/owa/auth/logon.aspx?url=https%3a%2f%2f1%2fecp%2f HTTP/1.1" 404 1018
172.22.2.4 - - [17/Nov/2022:01:30:59 -0500] "GET /BLA/boletinlegal/Circulares/2011/Circular%20No.%209%20del%2003%20de%20Noviembre%20de%202011.pdf HTTP/1.1" 200 54568
172.22.2.4 - - [17/Nov/2022:01:29:22 -0500] "GET /BLA/boletinlegal/ HTTP/1.1" 200 55680
201.245.192.253 - - [17/Nov/2022:01:31:17 -0500] "POST /kwsrmcab/Wsrmcab HTTP/1.1" 200 42820
201.245.192.253 - - [17/Nov/2022:01:31:20 -0500] "POST /kwsrmcab/Wsrmcab HTTP/1.1" 200 41384
162.216.17.115 - - [17/Nov/2022:01:33:29 -0500] "GET /solr/ HTTP/1.1" 404 1049
162.216.17.115 - - [17/Nov/2022:01:33:29 -0500] "GET / HTTP/1.1" 200 319
216.245.221.92 - - [17/Nov/2022:01:34:22 -0500] "HEAD / HTTP/1.1" 200 -
201.245.192.253 - - [17/Nov/2022:01:34:46 -0500] "POST /kwsrmcab/Wsrmcab  HTTP/1.1" 200 213
23.239.14.124 - - [17/Nov/2022:01:35:02 -0500] "GET /solr/ HTTP/1.1" 404 1022
23.239.14.124 - - [17/Nov/2022:01:35:03 -0500] "GET / HTTP/1.1" 200 319
172.22.2.4 - - [17/Nov/2022:01:34:21 -0500] "HEAD /BLA/boletinlegal/ HTTP/1.1" 200 -
172.22.2.4 - - [17/Nov/2022:01:34:38 -0500] "GET /BLA/boletinlegal/index.php HTTP/1.1" 200 50495
172.22.2.4 - - [17/Nov/2022:01:35:12 -0500] "GET /BLA/boletinlegal/ HTTP/1.1" 200 54816
66.249.66.86 - - [17/Nov/2022:01:37:39 -0500] "-" 408 -
172.22.2.4 - - [17/Nov/2022:01:37:40 -0500] "GET /BLA/boletinlegal/jurisprudencia/analisis/AnalisisT-606-15.docx HTTP/1.1" 304 -
74.82.47.22 - - [17/Nov/2022:01:37:54 -0500] "GET /favicon.ico HTTP/1.1" 200 7782
216.245.221.92 - - [17/Nov/2022:01:39:22 -0500] "HEAD / HTTP/1.1" 200 -
201.245.192.253 - - [17/Nov/2022:01:39:45 -0500] "POST /kwsrmcab/Wsrmcab  HTTP/1.1" 200 213
201.245.192.253 - - [17/Nov/2022:01:41:17 -0500] "POST /kwsrmcab/Wsrmcab HTTP/1.1" 200 42820
201.245.192.253 - - [17/Nov/2022:01:41:20 -0500] "POST /kwsrmcab/Wsrmcab HTTP/1.1" 200 41384
172.22.2.4 - - [17/Nov/2022:01:40:11 -0500] "HEAD /BLA/boletinlegal/ HTTP/1.1" 200 -
69.171.231.118 - - [17/Nov/2022:01:42:03 -0500] "GET /images/Acuerdos%2001%20(1)%20(1).jpeg HTTP/1.1" 200 32884
172.22.2.4 - - [17/Nov/2022:01:41:02 -0500] "GET /BLA/boletinlegal/ HTTP/1.1" 200 59779
216.245.221.92 - - [17/Nov/2022:01:44:22 -0500] "HEAD / HTTP/1.1" 200 -
201.245.192.253 - - [17/Nov/2022:01:44:43 -0500] "POST /kwsrmcab/Wsrmcab  HTTP/1.1" 200 213
172.22.2.4 - - [17/Nov/2022:01:45:13 -0500] "GET /BLA/boletinlegal/solr/ HTTP/1.1" 404 1038
172.22.2.4 - - [17/Nov/2022:01:45:14 -0500] "GET /BLA/boletinlegal/ HTTP/1.1" 200 32715
117.199.146.174 - - [17/Nov/2022:01:46:12 -0500] "GET / HTTP/1.1" 200 319
117.199.146.174 - - [17/Nov/2022:01:46:12 -0500] "GET / HTTP/1.1" 200 319
172.22.2.4 - - [17/Nov/2022:01:46:27 -0500] "POST /BLA/boletinlegal/vendor/phpunit/phpunit/src/Util/PHP/eval-stdin.php HTTP/1.1" 404 1018
172.22.2.4 - - [17/Nov/2022:01:46:01 -0500] "HEAD /BLA/boletinlegal/ HTTP/1.1" 200 -
172.22.2.4 - - [17/Nov/2022:01:46:52 -0500] "GET /BLA/boletinlegal/ HTTP/1.1" 200 55680
216.245.221.92 - - [17/Nov/2022:01:49:22 -0500] "HEAD / HTTP/1.1" 200 -
201.245.192.253 - - [17/Nov/2022:01:49:41 -0500] "POST /kwsrmcab/Wsrmcab  HTTP/1.1" 200 213
40.77.167.13 - - [17/Nov/2022:01:52:11 -0500] "GET /BLA/resoluciones/AUTOS%202018/0726.pdf HTTP/1.1" 304 -
172.22.2.4 - - [17/Nov/2022:01:51:51 -0500] "HEAD /BLA/boletinlegal/ HTTP/1.1" 200 -
172.22.2.4 - - [17/Nov/2022:01:52:42 -0500] "GET /BLA/boletinlegal/ HTTP/1.1" 200 59779
216.245.221.92 - - [17/Nov/2022:01:54:22 -0500] "HEAD / HTTP/1.1" 200 -
201.245.192.253 - - [17/Nov/2022:01:54:39 -0500] "POST /kwsrmcab/Wsrmcab  HTTP/1.1" 200 213
172.22.2.4 - - [17/Nov/2022:01:55:53 -0500] "GET /BLA/boletinlegal/doctrina.php HTTP/1.1" 200 5604
141.255.166.2 - - [17/Nov/2022:01:58:28 -0500] "GET / HTTP/1.1" 200 319
172.22.2.4 - - [17/Nov/2022:01:57:41 -0500] "HEAD /BLA/boletinlegal/ HTTP/1.1" 200 -
216.245.221.92 - - [17/Nov/2022:01:59:22 -0500] "HEAD / HTTP/1.1" 200 -
201.245.192.253 - - [17/Nov/2022:01:59:38 -0500] "POST /kwsrmcab/Wsrmcab  HTTP/1.1" 200 213
152.61.192.232 - - [17/Nov/2022:01:59:51 -0500] "GET /arcgis/services/Calidad_del_Agua_WQI/MapServer/WMSServer?request=GetCapabilities&service=WMS HTTP/1.1" 503 1020
152.61.192.232 - - [17/Nov/2022:01:59:52 -0500] "GET /arcgis/services/Calidad_del_Agua_WQI/MapServer/WMSServer?SERVICE=WMS&REQUEST=GetCapabilities HTTP/1.1" 503 1020
152.61.192.232 - - [17/Nov/2022:01:59:52 -0500] "GET /arcgis/services/Calidad_del_Agua_WQI/MapServer/WMSServer?WMTVER=1.0.0&REQUEST=capabilities HTTP/1.1" 503 1020
172.22.2.4 - - [17/Nov/2022:01:58:32 -0500] "GET /BLA/boletinlegal/ HTTP/1.1" 200 59779
152.61.128.50 - - [17/Nov/2022:02:00:24 -0500] "GET /arcgis/services/Calidad_del_Agua_WQI/MapServer/WMSServer?request=GetCapabilities&service=WMS HTTP/1.1" 503 1020
152.61.128.50 - - [17/Nov/2022:02:00:24 -0500] "GET /arcgis/services/Calidad_del_Agua_WQI/MapServer/WMSServer?SERVICE=WMS&REQUEST=GetCapabilities HTTP/1.1" 503 1020
152.61.128.50 - - [17/Nov/2022:02:00:24 -0500] "GET /arcgis/services/Calidad_del_Agua_WQI/MapServer/WMSServer?WMTVER=1.0.0&REQUEST=capabilities HTTP/1.1" 503 1020
216.245.221.92 - - [17/Nov/2022:02:04:22 -0500] "HEAD / HTTP/1.1" 200 -
201.245.192.253 - - [17/Nov/2022:02:04:36 -0500] "POST /kwsrmcab/Wsrmcab  HTTP/1.1" 200 213
172.22.2.4 - - [17/Nov/2022:02:03:31 -0500] "HEAD /BLA/boletinlegal/ HTTP/1.1" 200 -
194.146.24.107 - - [17/Nov/2022:02:05:39 -0500] "GET /config/getuser?index=0 HTTP/1.1" 404 1018
172.22.2.4 - - [17/Nov/2022:02:04:22 -0500] "GET /BLA/boletinlegal/ HTTP/1.1" 200 59779
172.22.2.4 - - [17/Nov/2022:02:06:44 -0500] "GET /BLA/boletinlegal/ HTTP/1.1" 200 32715
216.245.221.92 - - [17/Nov/2022:02:09:22 -0500] "HEAD / HTTP/1.1" 200 -
185.119.81.100 - - [17/Nov/2022:02:09:33 -0500] "GET /portaldeninos/wp-login.php HTTP/1.1" 200 2592
185.119.81.100 - - [17/Nov/2022:02:09:34 -0500] "POST /portaldeninos/wp-login.php HTTP/1.1" 200 3605
201.245.192.253 - - [17/Nov/2022:02:09:34 -0500] "POST /kwsrmcab/Wsrmcab  HTTP/1.1" 200 213
172.22.2.4 - - [17/Nov/2022:02:09:04 -0500] "GET /BLA/boletinlegal/ HTTP/1.1" 200 45003
172.22.2.4 - - [17/Nov/2022:02:09:21 -0500] "HEAD /BLA/boletinlegal/ HTTP/1.1" 200 -
172.22.2.4 - - [17/Nov/2022:02:10:11 -0500] "GET /BLA/boletinlegal/ HTTP/1.1" 200 56825
216.245.221.92 - - [17/Nov/2022:02:14:22 -0500] "HEAD / HTTP/1.1" 200 -
201.245.192.253 - - [17/Nov/2022:02:14:32 -0500] "POST /kwsrmcab/Wsrmcab  HTTP/1.1" 200 213
172.22.2.4 - - [17/Nov/2022:02:16:05 -0500] "GET /BLA/boletinlegal/favicon.ico HTTP/1.1" 404 1018
172.22.2.4 - - [17/Nov/2022:02:16:07 -0500] "GET /BLA/boletinlegal/robots.txt HTTP/1.1" 404 1018
172.22.2.4 - - [17/Nov/2022:02:15:25 -0500] "GET /BLA/boletinlegal/ HTTP/1.1" 200 36811
172.22.2.4 - - [17/Nov/2022:02:16:27 -0500] "GET /BLA/boletinlegal/js/jquery.js HTTP/1.1" 200 57254
172.22.2.4 - - [17/Nov/2022:02:16:35 -0500] "GET /BLA/boletinlegal/js/jquery.scrollTo-min.js HTTP/1.1" 200 1150
66.249.66.87 - - [17/Nov/2022:02:16:36 -0500] "-" 408 -
172.22.2.4 - - [17/Nov/2022:02:16:40 -0500] "GET /BLA/boletinlegal/js/jquery.scrollShow.js HTTP/1.1" 200 4586
172.22.2.4 - - [17/Nov/2022:02:15:11 -0500] "HEAD /BLA/boletinlegal/ HTTP/1.1" 200 -
172.22.2.4 - - [17/Nov/2022:02:16:01 -0500] "GET /BLA/boletinlegal/ HTTP/1.1" 200 53337
216.245.221.92 - - [17/Nov/2022:02:19:22 -0500] "HEAD / HTTP/1.1" 200 -
201.245.192.253 - - [17/Nov/2022:02:19:30 -0500] "POST /kwsrmcab/Wsrmcab  HTTP/1.1" 200 213
172.22.2.4 - - [17/Nov/2022:02:20:29 -0500] "GET /BLA/boletinlegal/Circulares/2012/Circular%20No.%2016%20del%2022%20de%20octubre%20de%202012.pdf HTTP/1.1" 200 381186
201.245.192.253 - - [17/Nov/2022:02:21:17 -0500] "POST /kwsrmcab/Wsrmcab HTTP/1.1" 200 43129
201.245.192.253 - - [17/Nov/2022:02:21:20 -0500] "POST /kwsrmcab/Wsrmcab HTTP/1.1" 200 41542
172.22.2.4 - - [17/Nov/2022:02:21:01 -0500] "HEAD /BLA/boletinlegal/ HTTP/1.1" 200 -
172.22.2.4 - - [17/Nov/2022:02:21:51 -0500] "GET /BLA/boletinlegal/ HTTP/1.1" 200 57192
216.245.221.92 - - [17/Nov/2022:02:24:22 -0500] "HEAD / HTTP/1.1" 200 -
201.245.192.253 - - [17/Nov/2022:02:24:29 -0500] "POST /kwsrmcab/Wsrmcab  HTTP/1.1" 200 213
173.252.127.11 - - [17/Nov/2022:02:26:05 -0500] "GET /images/Acuerdos%2001%20(1)%20(1).jpeg HTTP/1.1" 200 32884
173.252.127.13 - - [17/Nov/2022:02:26:13 -0500] "GET /images/Reciclaton%20Nov%202022%20(1)%20(1).jpeg HTTP/1.1" 200 53811
172.22.2.4 - - [17/Nov/2022:02:26:51 -0500] "HEAD /BLA/boletinlegal/ HTTP/1.1" 200 -
20.231.101.203 - - [17/Nov/2022:02:27:10 -0500] "GET /BLA/boletinlegal/ HTTP/1.1" 200 50495
172.22.2.4 - - [17/Nov/2022:02:27:41 -0500] "GET /BLA/boletinlegal/ HTTP/1.1" 200 51248
216.245.221.92 - - [17/Nov/2022:02:29:22 -0500] "HEAD / HTTP/1.1" 200 -
201.245.192.253 - - [17/Nov/2022:02:29:27 -0500] "POST /kwsrmcab/Wsrmcab  HTTP/1.1" 200 213
124.156.223.178 - - [17/Nov/2022:02:30:12 -0500] "GET / HTTP/1.1" 200 319
201.245.192.253 - - [17/Nov/2022:02:31:16 -0500] "POST /kwsrmcab/Wsrmcab HTTP/1.1" 200 43129
201.245.192.253 - - [17/Nov/2022:02:31:19 -0500] "POST /kwsrmcab/Wsrmcab HTTP/1.1" 200 41542
172.22.2.4 - - [17/Nov/2022:02:32:41 -0500] "HEAD /BLA/boletinlegal/ HTTP/1.1" 200 -
216.245.221.92 - - [17/Nov/2022:02:34:22 -0500] "HEAD / HTTP/1.1" 200 -
201.245.192.253 - - [17/Nov/2022:02:34:26 -0500] "POST /kwsrmcab/Wsrmcab  HTTP/1.1" 200 213
172.22.2.4 - - [17/Nov/2022:02:33:31 -0500] "GET /BLA/boletinlegal/ HTTP/1.1" 200 59779
157.55.39.206 - - [17/Nov/2022:02:38:09 -0500] "GET /Publicaciones/2022EE241944.pdf HTTP/1.1" 404 228
216.245.221.92 - - [17/Nov/2022:02:39:22 -0500] "HEAD / HTTP/1.1" 200 -
201.245.192.253 - - [17/Nov/2022:02:39:23 -0500] "POST /kwsrmcab/Wsrmcab  HTTP/1.1" 200 213
172.22.2.4 - - [17/Nov/2022:02:38:31 -0500] "HEAD /BLA/boletinlegal/ HTTP/1.1" 200 -
172.22.2.4 - - [17/Nov/2022:02:39:21 -0500] "GET /BLA/boletinlegal/ HTTP/1.1" 200 59779
157.55.39.39 - - [17/Nov/2022:02:41:18 -0500] "GET /BLA/resoluciones/RESOLUCIONES%202021/4737.pdf HTTP/1.1" 304 -
201.245.192.253 - - [17/Nov/2022:02:41:17 -0500] "POST /kwsrmcab/Wsrmcab HTTP/1.1" 200 43129
201.245.192.253 - - [17/Nov/2022:02:41:19 -0500] "POST /kwsrmcab/Wsrmcab HTTP/1.1" 200 41542
216.245.221.92 - - [17/Nov/2022:02:44:22 -0500] "HEAD / HTTP/1.1" 200 -
201.245.192.253 - - [17/Nov/2022:02:44:21 -0500] "POST /kwsrmcab/Wsrmcab  HTTP/1.1" 200 213
199.16.157.182 - - [17/Nov/2022:02:44:47 -0500] "GET /distrito-alcanza-ya-15-acuerdos-de-conservacion-por-174-02-hectareas-para-consolidar-varios-ecosistemas-estrategicos-de-bogota.html HTTP/1.1" 200 1061
199.16.157.183 - - [17/Nov/2022:02:44:48 -0500] "GET /images/acuerdos-1_optimized.jpeg HTTP/1.1" 200 79514
172.22.2.4 - - [17/Nov/2022:02:44:36 -0500] "GET /BLA/boletinlegal/ HTTP/1.1" 200 24523
172.22.2.4 - - [17/Nov/2022:02:44:21 -0500] "HEAD /BLA/boletinlegal/ HTTP/1.1" 200 -
172.22.2.4 - - [17/Nov/2022:02:46:48 -0500] "GET /BLA/boletinlegal/vendor/phpunit/phpunit/src/Util/PHP/eval-stdin.php HTTP/1.1" 404 1018
172.22.2.4 - - [17/Nov/2022:02:45:11 -0500] "GET /BLA/boletinlegal/ HTTP/1.1" 200 56825
216.245.221.92 - - [17/Nov/2022:02:49:22 -0500] "HEAD / HTTP/1.1" 200 -
201.245.192.253 - - [17/Nov/2022:02:49:21 -0500] "POST /kwsrmcab/Wsrmcab  HTTP/1.1" 200 213
31.13.127.118 - - [17/Nov/2022:02:51:08 -0500] "GET /images/reciclaton-mayo-3-mayo.jpg HTTP/1.1" 200 278453
172.22.2.4 - - [17/Nov/2022:02:50:11 -0500] "HEAD /BLA/boletinlegal/ HTTP/1.1" 200 -
172.22.2.4 - - [17/Nov/2022:02:51:01 -0500] "GET /BLA/boletinlegal/ HTTP/1.1" 200 59779
201.245.192.253 - - [17/Nov/2022:02:54:19 -0500] "POST /kwsrmcab/Wsrmcab  HTTP/1.1" 200 213
216.245.221.92 - - [17/Nov/2022:02:54:22 -0500] "HEAD / HTTP/1.1" 200 -
172.22.2.4 - - [17/Nov/2022:02:56:01 -0500] "HEAD /BLA/boletinlegal/ HTTP/1.1" 200 -
172.22.2.4 - - [17/Nov/2022:02:56:51 -0500] "GET /BLA/boletinlegal/ HTTP/1.1" 200 59779
31.13.115.119 - - [17/Nov/2022:02:59:05 -0500] "GET /images/Acuerdos%2001%20(1)%20(1).jpeg HTTP/1.1" 200 32884
172.22.2.4 - - [17/Nov/2022:02:59:18 -0500] "GET /BLA/boletinlegal/Circulares/2015/Circular%20No.%201%20del%2010%20de%20Febrero%20de%202015.pdf HTTP/1.1" 304 -
201.245.192.253 - - [17/Nov/2022:02:59:18 -0500] "POST /kwsrmcab/Wsrmcab  HTTP/1.1" 200 213
216.245.221.92 - - [17/Nov/2022:02:59:22 -0500] "HEAD / HTTP/1.1" 200 -
172.22.2.4 - - [17/Nov/2022:03:01:51 -0500] "HEAD /BLA/boletinlegal/ HTTP/1.1" 200 -
201.245.192.253 - - [17/Nov/2022:03:04:16 -0500] "POST /kwsrmcab/Wsrmcab  HTTP/1.1" 200 213
172.22.2.4 - - [17/Nov/2022:03:02:41 -0500] "GET /BLA/boletinlegal/ HTTP/1.1" 200 56474
216.245.221.92 - - [17/Nov/2022:03:04:22 -0500] "HEAD / HTTP/1.1" 200 -
201.245.192.253 - - [17/Nov/2022:03:09:15 -0500] "POST /kwsrmcab/Wsrmcab  HTTP/1.1" 200 213
194.146.24.107 - - [17/Nov/2022:03:09:21 -0500] "GET /config/getuser?index=0 HTTP/1.1" 404 1018
172.22.2.4 - - [17/Nov/2022:03:07:41 -0500] "HEAD /BLA/boletinlegal/ HTTP/1.1" 200 -
216.245.221.92 - - [17/Nov/2022:03:09:22 -0500] "HEAD / HTTP/1.1" 200 -
40.77.167.61 - - [17/Nov/2022:03:10:04 -0500] "GET /portaldeninos/humedal-santa-maria-del-lago/ HTTP/1.1" 200 88988
172.22.2.4 - - [17/Nov/2022:03:08:31 -0500] "GET /BLA/boletinlegal/ HTTP/1.1" 200 58185
34.139.195.139 - - [17/Nov/2022:03:12:47 -0500] "GET / HTTP/1.1" 200 319
201.245.192.253 - - [17/Nov/2022:03:14:13 -0500] "POST /kwsrmcab/Wsrmcab  HTTP/1.1" 200 213
216.245.221.92 - - [17/Nov/2022:03:14:22 -0500] "HEAD / HTTP/1.1" 200 -
172.22.2.4 - - [17/Nov/2022:03:13:27 -0500] "GET /BLA/boletinlegal/ HTTP/1.1" 200 51643
172.22.2.4 - - [17/Nov/2022:03:13:31 -0500] "HEAD /BLA/boletinlegal/ HTTP/1.1" 200 -
157.55.39.39 - - [17/Nov/2022:03:15:16 -0500] "GET /galeria/nivo-slider/demo/banner.html HTTP/1.1" 200 5446
23.239.15.21 - - [17/Nov/2022:03:16:01 -0500] "GET /?wp_nlm=confirmation&appurl=aHR0cDovL2ludGVyYWN0LnNo HTTP/1.1" 200 319
23.239.15.21 - - [17/Nov/2022:03:16:01 -0500] "GET ///interact.sh/%2F.. HTTP/1.1" 404 1049
23.239.15.21 - - [17/Nov/2022:03:16:01 -0500] "POST /share/page/dologin HTTP/1.1" 404 1049
23.239.15.21 - - [17/Nov/2022:03:16:01 -0500] "GET /?piereg_logout_url=true&redirect_to=https://interact.sh HTTP/1.1" 200 319
23.239.15.21 - - [17/Nov/2022:03:16:01 -0500] "GET / HTTP/1.1" 200 319
23.239.15.21 - - [17/Nov/2022:03:16:01 -0500] "GET /?url=http://interact.sh HTTP/1.1" 200 319
23.239.15.21 - - [17/Nov/2022:03:16:01 -0500] "GET /index.php/interact.sh HTTP/1.1" 404 1049
23.239.15.21 - - [17/Nov/2022:03:16:01 -0500] "GET /autodiscover/autodiscover.json/v1.0/2HfNF5afXx9VrREXfI2RQLymogt@interact.sh?Protocol=Autodiscoverv1 HTTP/1.1" 404 1049
23.239.15.21 - - [17/Nov/2022:03:16:01 -0500] "GET /OA_HTML/cabo/jsps/a.jsp?_t=fredRC&configName=&redirect=%2f%5cinteract.sh HTTP/1.1" 404 1049
172.22.2.4 - - [17/Nov/2022:03:14:21 -0500] "GET /BLA/boletinlegal/ HTTP/1.1" 200 56474
23.239.15.21 - - [17/Nov/2022:03:16:04 -0500] "GET /ssoAdapter/logoutAction.do?servProvCode=SAFVC&successURL=https://interact.sh/ HTTP/1.1" 404 1049
23.239.15.21 - - [17/Nov/2022:03:16:04 -0500] "GET /boafrm/formWlanRedirect?redirect-url=http://interact.sh&wlan_id=1 HTTP/1.1" 404 1049
23.239.15.21 - - [17/Nov/2022:03:16:04 -0500] "GET /api/sso/v2/sso/jwt?error_url=http://interact.sh HTTP/1.1" 404 1049
23.239.15.21 - - [17/Nov/2022:03:16:05 -0500] "GET /IntellectMain.jsp?IntellectSystem=https://www.interact.sh HTTP/1.1" 404 1049
23.239.15.21 - - [17/Nov/2022:03:16:05 -0500] "GET /index.php?page=acymailing_front&ctrl=frontusers&noheader=1&user[email]=example@mail.com&ctrl=frontusers&task=subscribe&option=acymailing&redirect=https://interact.sh&ajax=0&acy_source=widget%202&hiddenlists=1&acyformname=formAcym93841&acysubmode=widget_acym HTTP/1.1" 404 1049
23.239.15.21 - - [17/Nov/2022:03:16:05 -0500] "GET /wp-content/plugins/stageshow/stageshow_redirect.php?url=http%3A%2F%2Finteract.sh HTTP/1.1" 404 1049
23.239.15.21 - - [17/Nov/2022:03:16:05 -0500] "GET /novius-os/admin/nos/login?redirect=http://interact.sh HTTP/1.1" 404 1049
23.239.15.21 - - [17/Nov/2022:03:16:05 -0500] "GET /webadmin/authportal/bounce.php?url=https://interact.sh/ HTTP/1.1" 404 1049
23.239.15.21 - - [17/Nov/2022:03:16:09 -0500] "GET /index.action?redirect:http://www.interact.sh/ HTTP/1.1" 404 1049
198.74.59.170 - - [17/Nov/2022:03:18:32 -0500] "GET ///interact.sh/%2F.. HTTP/1.1" 404 1022
198.74.59.170 - - [17/Nov/2022:03:18:32 -0500] "GET //interactsh.com%2f.. HTTP/1.1" 404 1022
198.74.59.170 - - [17/Nov/2022:03:18:32 -0500] "GET /plus/download.php?open=1&link=aHR0cHM6Ly9pbnRlcmFjdC5zaA== HTTP/1.1" 404 1022
198.74.59.170 - - [17/Nov/2022:03:18:32 -0500] "GET /autodiscover/autodiscover.json/v1.0/2HfNF2bt0rScWsbRH3NM6KXJRA6@interact.sh?Protocol=Autodiscoverv1 HTTP/1.1" 404 1022
198.74.59.170 - - [17/Nov/2022:03:18:32 -0500] "GET /?wptouch_switch=desktop&redirect=https://interact.sh/ HTTP/1.1" 200 319
198.74.59.170 - - [17/Nov/2022:03:18:32 -0500] "GET / HTTP/1.1" 200 319
198.74.59.170 - - [17/Nov/2022:03:18:33 -0500] "GET /auth/logout?continue=//interact.sh HTTP/1.1" 404 1022
198.74.59.170 - - [17/Nov/2022:03:18:33 -0500] "GET /go/add-on/business-continuity/api/plugin?folderName=&pluginName=../../../etc/passwd HTTP/1.1" 404 1022
198.74.59.170 - - [17/Nov/2022:03:18:37 -0500] "GET /wp-content/themes/prostore/go.php?https://interact.sh/ HTTP/1.1" 404 1022
198.74.59.170 - - [17/Nov/2022:03:18:38 -0500] "GET /sympa?referer=http://interact.sh&passwd=&previous_action=&action=login&action_login=&previous_list=&list=&email= HTTP/1.1" 404 1022
198.74.59.170 - - [17/Nov/2022:03:18:38 -0500] "GET /updating.jsp?url=https://interact.sh/ HTTP/1.1" 404 1022
198.74.59.170 - - [17/Nov/2022:03:18:38 -0500] "GET /wp-admin/admin.php?page=wp_ajax_rsvp-form&tribe_tickets_redirect_to=https://interact.sh HTTP/1.1" 404 1022
198.74.59.170 - - [17/Nov/2022:03:18:39 -0500] "GET /email_passthrough.php?email_ID=1&type=link&email_key=5QImTaEHxmAzNYyYvENAtYHsFu7fyotR&redirect_to=http%3A%2F%2Finteract.sh HTTP/1.1" 404 1022
198.74.59.170 - - [17/Nov/2022:03:18:39 -0500] "GET /sap/public/bc/icf/logoff?redirecturl=https://interact.sh HTTP/1.1" 404 1022
198.74.59.170 - - [17/Nov/2022:03:18:40 -0500] "GET /remotereporter/load_logfiles.php?server=127.0.0.1&url=https://interact.sh/ HTTP/1.1" 404 1022
198.74.59.170 - - [17/Nov/2022:03:18:40 -0500] "GET /wp-content/plugins/webp-converter-for-media/includes/passthru.php?src=https://interact.sh HTTP/1.1" 404 1022
198.74.59.170 - - [17/Nov/2022:03:18:40 -0500] "GET /new/newhttp://interact.sh HTTP/1.1" 404 1022
198.74.59.170 - - [17/Nov/2022:03:18:41 -0500] "GET /IntellectMain.jsp?IntellectSystem=https://www.interact.sh HTTP/1.1" 404 1022
198.74.59.170 - - [17/Nov/2022:03:18:41 -0500] "GET /redirect-to?url=https%3A%2F%2Finteract.sh HTTP/1.1" 404 1022
201.245.192.253 - - [17/Nov/2022:03:19:11 -0500] "POST /kwsrmcab/Wsrmcab  HTTP/1.1" 200 213
216.245.221.92 - - [17/Nov/2022:03:19:22 -0500] "HEAD / HTTP/1.1" 200 -
172.22.2.4 - - [17/Nov/2022:03:19:21 -0500] "HEAD /BLA/boletinlegal/ HTTP/1.1" 200 -
201.245.192.253 - - [17/Nov/2022:03:21:17 -0500] "POST /kwsrmcab/Wsrmcab HTTP/1.1" 200 43124
201.245.192.253 - - [17/Nov/2022:03:21:20 -0500] "POST /kwsrmcab/Wsrmcab HTTP/1.1" 200 41550
172.22.2.4 - - [17/Nov/2022:03:20:12 -0500] "GET /BLA/boletinlegal/ HTTP/1.1" 200 59779
23.239.15.21 - - [17/Nov/2022:03:23:48 -0500] "GET /solr/admin/cores?wt=json HTTP/1.1" 404 1049
201.245.192.253 - - [17/Nov/2022:03:24:10 -0500] "POST /kwsrmcab/Wsrmcab  HTTP/1.1" 200 213
216.245.221.92 - - [17/Nov/2022:03:24:22 -0500] "HEAD / HTTP/1.1" 200 -
40.77.167.13 - - [17/Nov/2022:03:25:10 -0500] "GET /sipse/faces/javax.faces.resource/primefaces.js;jsessionid=ihgeshatsl3xhwme90c1nwfc.undefined?ln=primefaces&v=4.0 HTTP/1.1" 200 276924
23.239.15.21 - - [17/Nov/2022:03:26:23 -0500] "GET /solr/ HTTP/1.1" 404 1049
23.239.15.21 - - [17/Nov/2022:03:26:27 -0500] "GET / HTTP/1.1" 200 319
172.22.2.4 - - [17/Nov/2022:03:25:11 -0500] "HEAD /BLA/boletinlegal/ HTTP/1.1" 200 -
198.74.59.170 - - [17/Nov/2022:03:27:08 -0500] "GET /solr/admin/cores?wt=json HTTP/1.1" 404 1022
172.22.2.4 - - [17/Nov/2022:03:26:01 -0500] "GET /BLA/boletinlegal/ HTTP/1.1" 200 58185
198.74.59.170 - - [17/Nov/2022:03:27:59 -0500] "GET /?author=1 HTTP/1.1" 200 319
201.245.192.253 - - [17/Nov/2022:03:29:08 -0500] "POST /kwsrmcab/Wsrmcab  HTTP/1.1" 200 213
216.245.221.92 - - [17/Nov/2022:03:29:22 -0500] "HEAD / HTTP/1.1" 200 -
20.231.101.203 - - [17/Nov/2022:03:28:50 -0500] "GET /BLA/boletinlegal/ HTTP/1.1" 200 63221
198.74.59.170 - - [17/Nov/2022:03:30:54 -0500] "GET /redirector.php?url=https://interact.sh HTTP/1.1" 404 1022
198.74.59.170 - - [17/Nov/2022:03:30:55 -0500] "GET /wp-json/anycomment/v1/auth/wordpress?redirect=https://interact.sh HTTP/1.1" 404 1022
198.74.59.170 - - [17/Nov/2022:03:30:56 -0500] "GET /login?next=http://interact.sh/?app.scan/ HTTP/1.1" 404 1022
198.74.59.170 - - [17/Nov/2022:03:30:58 -0500] "GET /redirector.php?do=nodelay&url=https://interact.sh HTTP/1.1" 404 1022
198.74.59.170 - - [17/Nov/2022:03:30:59 -0500] "GET /wp-json/anycomment/v1/auth/wordpress?redirect=https://interact.sh?a=https://interact.sh HTTP/1.1" 404 1022
198.74.59.170 - - [17/Nov/2022:03:31:00 -0500] "GET /signup?next=http://interact.sh/?app.scan/ HTTP/1.1" 404 1022
40.77.202.6 - - [17/Nov/2022:03:31:17 -0500] "GET /galeria/nivo-slider/themes/default/default.css HTTP/1.1" 200 1569
40.77.202.135 - - [17/Nov/2022:03:31:17 -0500] "GET /galeria/nivo-slider/themes/pascal/pascal.css HTTP/1.1" 200 2258
40.77.202.170 - - [17/Nov/2022:03:31:17 -0500] "GET /galeria/nivo-slider/jquery.nivo.slider.pack.js HTTP/1.1" 200 11561
201.245.192.253 - - [17/Nov/2022:03:31:17 -0500] "POST /kwsrmcab/Wsrmcab HTTP/1.1" 200 43124
172.22.2.4 - - [17/Nov/2022:03:31:20 -0500] "GET /BLA/boletinlegal/js/jquery.js HTTP/1.1" 200 57254
201.245.192.253 - - [17/Nov/2022:03:31:19 -0500] "POST /kwsrmcab/Wsrmcab HTTP/1.1" 200 41550
80.94.92.40 - - [17/Nov/2022:03:32:23 -0500] "GET / HTTP/1.1" 200 319
172.22.2.4 - - [17/Nov/2022:03:31:01 -0500] "HEAD /BLA/boletinlegal/ HTTP/1.1" 200 -
40.77.167.13 - - [17/Nov/2022:03:33:29 -0500] "GET /appsia/controlador HTTP/1.1" 200 4799
172.22.2.4 - - [17/Nov/2022:03:31:51 -0500] "GET /BLA/boletinlegal/ HTTP/1.1" 200 56474
201.245.192.253 - - [17/Nov/2022:03:34:06 -0500] "POST /kwsrmcab/Wsrmcab  HTTP/1.1" 200 213
216.245.221.92 - - [17/Nov/2022:03:34:22 -0500] "HEAD / HTTP/1.1" 200 -
172.22.2.4 - - [17/Nov/2022:03:33:00 -0500] "GET /BLA/boletinlegal/ HTTP/1.1" 200 61323
172.22.2.4 - - [17/Nov/2022:03:36:51 -0500] "HEAD /BLA/boletinlegal/ HTTP/1.1" 200 -
173.252.79.9 - - [17/Nov/2022:03:38:56 -0500] "GET /images/mujeres-reverdecen-humedales-2-febrero.jpg HTTP/1.1" 200 47327
201.245.192.253 - - [17/Nov/2022:03:39:05 -0500] "POST /kwsrmcab/Wsrmcab  HTTP/1.1" 200 213
172.22.2.4 - - [17/Nov/2022:03:37:41 -0500] "GET /BLA/boletinlegal/ HTTP/1.1" 200 57824
216.245.221.92 - - [17/Nov/2022:03:39:22 -0500] "HEAD / HTTP/1.1" 200 -
201.245.192.253 - - [17/Nov/2022:03:41:17 -0500] "POST /kwsrmcab/Wsrmcab HTTP/1.1" 200 43124
201.245.192.253 - - [17/Nov/2022:03:41:19 -0500] "POST /kwsrmcab/Wsrmcab HTTP/1.1" 200 41550
201.245.192.253 - - [17/Nov/2022:03:44:02 -0500] "POST /kwsrmcab/Wsrmcab  HTTP/1.1" 200 213
172.22.2.4 - - [17/Nov/2022:03:42:41 -0500] "HEAD /BLA/boletinlegal/ HTTP/1.1" 200 -
216.245.221.92 - - [17/Nov/2022:03:44:22 -0500] "HEAD / HTTP/1.1" 200 -
172.22.2.4 - - [17/Nov/2022:03:43:31 -0500] "GET /BLA/boletinlegal/ HTTP/1.1" 200 59779
201.245.192.253 - - [17/Nov/2022:03:49:00 -0500] "POST /kwsrmcab/Wsrmcab  HTTP/1.1" 200 213
216.245.221.92 - - [17/Nov/2022:03:49:22 -0500] "HEAD / HTTP/1.1" 200 -
172.22.2.4 - - [17/Nov/2022:03:48:31 -0500] "HEAD /BLA/boletinlegal/ HTTP/1.1" 200 -
194.146.24.107 - - [17/Nov/2022:03:50:46 -0500] "GET /config/getuser?index=0 HTTP/1.1" 404 1018
172.22.2.4 - - [17/Nov/2022:03:49:21 -0500] "GET /BLA/boletinlegal/ HTTP/1.1" 200 59404
201.245.192.253 - - [17/Nov/2022:03:53:58 -0500] "POST /kwsrmcab/Wsrmcab  HTTP/1.1" 200 213
216.245.221.92 - - [17/Nov/2022:03:54:22 -0500] "HEAD / HTTP/1.1" 200 -
183.136.225.32 - - [17/Nov/2022:03:54:36 -0500] "GET / HTTP/1.1" 200 319
172.22.2.4 - - [17/Nov/2022:03:54:48 -0500] "GET /BLA/boletinlegal/wp-content/plugins/phastpress/phast.php?service=scripts&src=https%3A%2F%2Finteract.sh HTTP/1.1" 404 1038
172.22.2.4 - - [17/Nov/2022:03:54:48 -0500] "GET /BLA/boletinlegal/wp-content/themes/eatery/nav.php?-Menu-=https://interact.sh/ HTTP/1.1" 404 1038
172.22.2.4 - - [17/Nov/2022:03:54:48 -0500] "GET /BLA/boletinlegal/login?next=\\\\\\interact.sh HTTP/1.1" 404 1038
172.22.2.4 - - [17/Nov/2022:03:54:48 -0500] "GET /BLA/boletinlegal/webadmin/authportal/bounce.php?url=https://interact.sh/ HTTP/1.1" 404 1038
172.22.2.4 - - [17/Nov/2022:03:54:48 -0500] "GET /BLA/boletinlegal/find_v2/_click?_t_id=&_t_q=&_t_hit.id=&_t_redirect=https://interact.sh HTTP/1.1" 404 1038
172.22.2.4 - - [17/Nov/2022:03:54:48 -0500] "GET /BLA/boletinlegal/login?redir=http://www.interact.sh HTTP/1.1" 404 1038
172.22.2.4 - - [17/Nov/2022:03:54:49 -0500] "GET /BLA/boletinlegal/index.action?redirect:http://www.interact.sh/ HTTP/1.1" 404 1038
172.22.2.4 - - [17/Nov/2022:03:54:49 -0500] "GET /BLA/boletinlegal/modules/babel/redirect.php?newurl=http://interact.sh HTTP/1.1" 404 1038
172.22.2.4 - - [17/Nov/2022:03:54:49 -0500] "GET /BLA/boletinlegal/wp-content/plugins/webp-converter-for-media/includes/passthru.php?src=https://interact.sh HTTP/1.1" 404 1038
172.22.2.4 - - [17/Nov/2022:03:54:49 -0500] "GET /BLA/boletinlegal/community/?foro=signin&redirect_to=https://interact.sh/ HTTP/1.1" 404 1038
172.22.2.4 - - [17/Nov/2022:03:54:49 -0500] "GET /BLA/boletinlegal/register/?redirect_to=https://interact.sh/ HTTP/1.1" 404 1038
172.22.2.4 - - [17/Nov/2022:03:54:49 -0500] "POST /BLA/boletinlegal/wp-admin/admin-post.php HTTP/1.1" 404 1038
172.22.2.4 - - [17/Nov/2022:03:54:49 -0500] "GET /BLA/boletinlegal/wp-admin/admin-ajax.php?action=kc_get_thumbn&id=https://interact.sh HTTP/1.1" 404 1038
172.22.2.4 - - [17/Nov/2022:03:54:49 -0500] "GET /BLA/boletinlegal/api/sso/v2/sso/jwt?error_url=http://interact.sh HTTP/1.1" 404 1038
172.22.2.4 - - [17/Nov/2022:03:54:49 -0500] "GET /BLA/boletinlegal/loginsave.php?u=http://interact.sh HTTP/1.1" 404 1038
172.22.2.4 - - [17/Nov/2022:03:54:48 -0500] "GET /BLA/boletinlegal/ HTTP/1.1" 200 24523
172.22.2.4 - - [17/Nov/2022:03:54:48 -0500] "GET /BLA/boletinlegal/?aiowpsec_do_log_out=1&after_logout=https://interact.sh HTTP/1.1" 200 24523
172.22.2.4 - - [17/Nov/2022:03:54:49 -0500] "GET /BLA/boletinlegal/?noptin_ns=email_click&to=https://interact.sh HTTP/1.1" 200 24523
172.22.2.4 - - [17/Nov/2022:03:54:21 -0500] "HEAD /BLA/boletinlegal/ HTTP/1.1" 200 -
172.22.2.4 - - [17/Nov/2022:03:54:48 -0500] "GET /BLA/boletinlegal/ HTTP/1.1" 200 24523
172.22.2.4 - - [17/Nov/2022:03:55:11 -0500] "GET /BLA/boletinlegal/ HTTP/1.1" 200 49193
201.245.192.253 - - [17/Nov/2022:03:58:56 -0500] "POST /kwsrmcab/Wsrmcab  HTTP/1.1" 200 213
216.245.221.92 - - [17/Nov/2022:03:59:22 -0500] "HEAD / HTTP/1.1" 200 -
183.136.225.32 - - [17/Nov/2022:04:00:11 -0500] "GET / HTTP/1.1" 200 319
183.136.225.32 - - [17/Nov/2022:04:00:13 -0500] "GET /favicon.ico HTTP/1.1" 200 7782
172.22.2.4 - - [17/Nov/2022:04:00:11 -0500] "HEAD /BLA/boletinlegal/ HTTP/1.1" 200 -
157.55.39.105 - - [17/Nov/2022:04:01:58 -0500] "GET /alcaldesa-mayor-lidera-puesto-de-mando-unificado-para-atender-emergencia-invernal-en-inmediaciones-de-la-calera.html HTTP/1.1" 200 1095
172.22.2.4 - - [17/Nov/2022:04:01:01 -0500] "GET /BLA/boletinlegal/ HTTP/1.1" 200 58185
201.245.192.253 - - [17/Nov/2022:04:03:55 -0500] "POST /kwsrmcab/Wsrmcab  HTTP/1.1" 200 213
95.217.144.249 - - [17/Nov/2022:04:04:14 -0500] "-" 408 -
216.245.221.92 - - [17/Nov/2022:04:04:22 -0500] "HEAD / HTTP/1.1" 200 -
40.77.167.57 - - [17/Nov/2022:04:06:03 -0500] "GET /BLA/resoluciones/RESOLUCIONES%202016/0147.pdf HTTP/1.1" 304 -
77.88.5.232 - - [17/Nov/2022:04:06:58 -0500] "-" 408 -
93.158.161.5 - - [17/Nov/2022:04:07:03 -0500] "-" 408 -
77.88.5.47 - - [17/Nov/2022:04:07:09 -0500] "-" 408 -
93.158.161.54 - - [17/Nov/2022:04:07:14 -0500] "-" 408 -
77.88.5.34 - - [17/Nov/2022:04:07:29 -0500] "-" 408 -
172.22.2.4 - - [17/Nov/2022:04:06:01 -0500] "HEAD /BLA/boletinlegal/ HTTP/1.1" 200 -
93.158.161.56 - - [17/Nov/2022:04:07:44 -0500] "-" 408 -
31.13.103.13 - - [17/Nov/2022:04:07:46 -0500] "GET /images/Acuerdos%2001%20(1)%20(1).jpeg HTTP/1.1" 200 32884
77.88.5.85 - - [17/Nov/2022:04:08:14 -0500] "-" 408 -
172.22.2.4 - - [17/Nov/2022:04:06:51 -0500] "GET /BLA/boletinlegal/ HTTP/1.1" 200 57824
201.245.192.253 - - [17/Nov/2022:04:08:54 -0500] "POST /kwsrmcab/Wsrmcab  HTTP/1.1" 200 213
93.158.161.58 - - [17/Nov/2022:04:09:14 -0500] "-" 408 -
216.245.221.92 - - [17/Nov/2022:04:09:22 -0500] "HEAD / HTTP/1.1" 200 -
93.158.161.76 - - [17/Nov/2022:04:10:14 -0500] "-" 408 -
77.88.5.165 - - [17/Nov/2022:04:12:14 -0500] "-" 408 -
172.22.2.4 - - [17/Nov/2022:04:11:51 -0500] "HEAD /BLA/boletinlegal/ HTTP/1.1" 200 -
201.245.192.253 - - [17/Nov/2022:04:13:53 -0500] "POST /kwsrmcab/Wsrmcab  HTTP/1.1" 200 213
172.22.2.4 - - [17/Nov/2022:04:12:41 -0500] "GET /BLA/boletinlegal/ HTTP/1.1" 200 59779
216.245.221.92 - - [17/Nov/2022:04:14:22 -0500] "HEAD / HTTP/1.1" 200 -
77.88.5.126 - - [17/Nov/2022:04:15:14 -0500] "-" 408 -
172.22.2.4 - - [17/Nov/2022:04:18:42 -0500] "GET /BLA/boletinlegal/jurisprudencia.php HTTP/1.1" 200 17573
201.245.192.253 - - [17/Nov/2022:04:18:51 -0500] "POST /kwsrmcab/Wsrmcab  HTTP/1.1" 200 213
172.22.2.4 - - [17/Nov/2022:04:17:41 -0500] "HEAD /BLA/boletinlegal/ HTTP/1.1" 200 -
216.245.221.92 - - [17/Nov/2022:04:19:22 -0500] "HEAD / HTTP/1.1" 200 -
172.22.2.4 - - [17/Nov/2022:04:20:03 -0500] "GET /BLA/boletinlegal/solr/admin/cores?wt=json HTTP/1.1" 404 1038
172.22.2.4 - - [17/Nov/2022:04:18:31 -0500] "GET /BLA/boletinlegal/ HTTP/1.1" 200 58185
201.245.192.253 - - [17/Nov/2022:04:21:17 -0500] "POST /kwsrmcab/Wsrmcab HTTP/1.1" 200 43137
201.245.192.253 - - [17/Nov/2022:04:21:19 -0500] "POST /kwsrmcab/Wsrmcab HTTP/1.1" 200 41540
201.245.192.253 - - [17/Nov/2022:04:23:50 -0500] "POST /kwsrmcab/Wsrmcab  HTTP/1.1" 200 213
216.245.221.92 - - [17/Nov/2022:04:24:22 -0500] "HEAD / HTTP/1.1" 200 -
199.16.157.182 - - [17/Nov/2022:04:24:42 -0500] "-" 408 -
172.22.2.4 - - [17/Nov/2022:04:23:31 -0500] "HEAD /BLA/boletinlegal/ HTTP/1.1" 200 -
172.22.2.4 - - [17/Nov/2022:04:24:21 -0500] "GET /BLA/boletinlegal/ HTTP/1.1" 200 56474
157.55.39.206 - - [17/Nov/2022:04:27:10 -0500] "GET /BLA/resoluciones/RESOLUCIONES%202011/2239.pdf HTTP/1.1" 304 -
85.109.145.237 - - [17/Nov/2022:04:27:14 -0500] "GET /catalogoisis/ HTTP/1.1" 200 8575
85.109.145.237 - - [17/Nov/2022:04:27:15 -0500] "GET /catalogoisis/ HTTP/1.1" 200 8575
201.245.192.253 - - [17/Nov/2022:04:28:49 -0500] "POST /kwsrmcab/Wsrmcab  HTTP/1.1" 200 213
172.22.2.4 - - [17/Nov/2022:04:29:18 -0500] "GET /BLA/boletinlegal/Directivas/2013/Directiva%20No.%201%20del%2004%20de%20Abril%20de%202013.pdf HTTP/1.1" 304 -
216.245.221.92 - - [17/Nov/2022:04:29:22 -0500] "HEAD / HTTP/1.1" 200 -
172.22.2.4 - - [17/Nov/2022:04:29:21 -0500] "HEAD /BLA/boletinlegal/ HTTP/1.1" 200 -
201.245.192.253 - - [17/Nov/2022:04:31:16 -0500] "POST /kwsrmcab/Wsrmcab HTTP/1.1" 200 43137
201.245.192.253 - - [17/Nov/2022:04:31:19 -0500] "POST /kwsrmcab/Wsrmcab HTTP/1.1" 200 41540
172.22.2.4 - - [17/Nov/2022:04:30:11 -0500] "GET /BLA/boletinlegal/ HTTP/1.1" 200 47188
20.231.101.203 - - [17/Nov/2022:04:30:31 -0500] "GET /BLA/boletinlegal/ HTTP/1.1" 200 49193
172.22.2.4 - - [17/Nov/2022:04:32:47 -0500] "GET /BLA/boletinlegal/wp-json/anycomment/v1/auth/wordpress?redirect=https://interact.sh HTTP/1.1" 404 1038
