186.84.20.242 - - [20/Nov/2022:18:16:01 -0500] "GET /sipse/faces/javax.faces.resource/layout/layout.js?ln=primefaces&v=4.0 HTTP/1.1" 304 -
186.84.20.242 - - [20/Nov/2022:18:16:02 -0500] "POST /sipse/faces/presentacion/financiero/solicitudProceso/listarSolicitudProceso.xhtml HTTP/1.1" 200 1524
172.22.2.4 - - [20/Nov/2022:18:14:22 -0500] "GET /BLA/boletinlegal/ HTTP/1.1" 200 57824
186.84.20.242 - - [20/Nov/2022:18:16:06 -0500] "POST /sipse/faces/presentacion/financiero/solicitudProceso/listarSolicitudProceso.xhtml HTTP/1.1" 200 108264
186.84.20.242 - - [20/Nov/2022:18:16:07 -0500] "GET /sipse/faces/javax.faces.resource/jquery/jquery.js?ln=primefaces&v=4.0 HTTP/1.1" 304 -
186.84.20.242 - - [20/Nov/2022:18:16:07 -0500] "GET /sipse/faces/javax.faces.resource/jquery/jquery-plugins.js?ln=primefaces&v=4.0 HTTP/1.1" 304 -
186.84.20.242 - - [20/Nov/2022:18:16:07 -0500] "GET /sipse/faces/javax.faces.resource/primefaces.js?ln=primefaces&v=4.0 HTTP/1.1" 304 -
186.84.20.242 - - [20/Nov/2022:18:16:07 -0500] "GET /sipse/faces/javax.faces.resource/layout/layout.js?ln=primefaces&v=4.0 HTTP/1.1" 304 -
186.84.20.242 - - [20/Nov/2022:18:16:22 -0500] "POST /sipse/faces/presentacion/financiero/solicitudProceso/consultarSolicitudProceso.xhtml HTTP/1.1" 200 219934
173.252.111.117 - - [20/Nov/2022:18:17:05 -0500] "GET /images/Senderos1.jpeg HTTP/1.1" 200 172777
216.245.221.92 - - [20/Nov/2022:18:17:18 -0500] "HEAD / HTTP/1.1" 200 -
185.119.81.104 - - [20/Nov/2022:18:17:30 -0500] "GET /portaldeninos/wp-login.php HTTP/1.1" 200 2592
185.119.81.104 - - [20/Nov/2022:18:17:31 -0500] "POST /portaldeninos/wp-login.php HTTP/1.1" 200 3605
201.245.192.253 - - [20/Nov/2022:18:18:21 -0500] "POST /kwsrmcab/Wsrmcab  HTTP/1.1" 200 42393
179.19.154.112 - - [20/Nov/2022:18:18:23 -0500] "OPTIONS /autoliquidacion2020/Grupo%2520Forestal%2520-%2520Industria%2520de%2520la%2520Madera/Certificaci%25C3%25B3n%2520de%2520exportaci%25C3%25B3n%2520e%2520importaci%25C3%25B3n%2520flora%2520silvestre/ HTTP/1.1" 200 -
40.77.167.57 - - [20/Nov/2022:18:18:26 -0500] "GET /BLA/boletinlegal/images/signo-mas.gif HTTP/1.1" 200 13689
148.251.136.182 - - [20/Nov/2022:18:19:27 -0500] "-" 408 -
186.84.21.132 - - [20/Nov/2022:18:19:37 -0500] "GET /galeria/galeria/jquery.fancybox.css?v=2.1.5 HTTP/1.1" 200 4895
186.84.21.132 - - [20/Nov/2022:18:19:37 -0500] "GET /BLA/boletinlegal/js/jquery.scrollShow.js HTTP/1.1" 200 4586
186.84.21.132 - - [20/Nov/2022:18:19:37 -0500] "GET /galeria/carrusel/Carrusel/jquery.thumbnailScroller.js HTTP/1.1" 200 8157
186.84.21.132 - - [20/Nov/2022:18:19:37 -0500] "GET /galeria/nivo-slider/demo/images/bannertortuga_optimized.jpg HTTP/1.1" 200 39066
186.84.21.132 - - [20/Nov/2022:18:19:37 -0500] "GET /galeria/nivo-slider/themes/pascal/pascal.css HTTP/1.1" 200 2258
186.84.21.132 - - [20/Nov/2022:18:19:37 -0500] "GET /galeria/nivo-slider/jquery.nivo.slider.pack.js HTTP/1.1" 200 11561
186.84.21.132 - - [20/Nov/2022:18:19:37 -0500] "GET /galeria/nivo-slider/demo/images/banneraire2021.jpg HTTP/1.1" 200 265101
186.84.21.132 - - [20/Nov/2022:18:19:37 -0500] "GET /galeria/nivo-slider/demo/images/Bannerplasticosseptiembre.jpg HTTP/1.1" 200 45633
186.84.21.132 - - [20/Nov/2022:18:19:37 -0500] "GET /galeria/nivo-slider/demo/images/bannerresiduoshospitalariosagosto.jpg HTTP/1.1" 200 36499
186.84.21.132 - - [20/Nov/2022:18:19:37 -0500] "GET /galeria/nivo-slider/demo/images/bannerclases2021.jpg HTTP/1.1" 200 68230
186.84.21.132 - - [20/Nov/2022:18:19:37 -0500] "GET /galeria/nivo-slider/demo/images/Bannerenvases.jpg HTTP/1.1" 200 37316
186.84.21.132 - - [20/Nov/2022:18:19:37 -0500] "GET /galeria/nivo-slider/demo/images/Bannervirtualescanales.jpg HTTP/1.1" 200 174544
186.84.21.132 - - [20/Nov/2022:18:19:38 -0500] "GET /galeria/nivo-slider/themes/default/bullets.png HTTP/1.1" 200 1281
157.55.39.42 - - [20/Nov/2022:18:20:11 -0500] "GET /documents/10184/1080972/TW1.png/176e7215-2c3d-40be-bbb3-3f819a9d3430?t=1592637249645 HTTP/1.1" 404 1034
201.245.192.253 - - [20/Nov/2022:18:20:59 -0500] "POST /kwsrmcab/Wsrmcab HTTP/1.1" 200 43905
172.22.2.4 - - [20/Nov/2022:18:19:22 -0500] "HEAD /BLA/boletinlegal/ HTTP/1.1" 200 -
201.245.192.253 - - [20/Nov/2022:18:21:01 -0500] "POST /kwsrmcab/Wsrmcab HTTP/1.1" 200 44087
173.252.95.18 - - [20/Nov/2022:18:21:18 -0500] "GET /ahora-se-pueden-reservar-visitas-a-los-senderos-de-bogota-en-la-nueva-app-caminos-de-los-cerros-orientales.html HTTP/1.1" 206 972
173.252.95.18 - - [20/Nov/2022:18:21:18 -0500] "GET /ahora-se-pueden-reservar-visitas-a-los-senderos-de-bogota-en-la-nueva-app-caminos-de-los-cerros-orientales.html HTTP/1.1" 206 972
173.252.95.23 - - [20/Nov/2022:18:21:18 -0500] "GET /ahora-se-pueden-reservar-visitas-a-los-senderos-de-bogota-en-la-nueva-app-caminos-de-los-cerros-orientales.html HTTP/1.1" 206 972
173.252.95.7 - - [20/Nov/2022:18:21:20 -0500] "GET /images/aguanoso-enero-21-app-cerros-orientales.jpg HTTP/1.1" 200 55555
173.252.111.10 - - [20/Nov/2022:18:21:21 -0500] "GET /images/aguanoso-enero-21-app-cerros-orientales.jpg HTTP/1.1" 200 55555
172.22.2.4 - - [20/Nov/2022:18:20:12 -0500] "GET /BLA/boletinlegal/ HTTP/1.1" 200 57824
216.245.221.92 - - [20/Nov/2022:18:22:17 -0500] "HEAD / HTTP/1.1" 200 -
192.109.145.231 - - [20/Nov/2022:18:22:21 -0500] "GET /galeria/nivo-slider/demo/images/Banner_micrositio.png HTTP/1.1" 304 -
201.245.192.253 - - [20/Nov/2022:18:23:19 -0500] "POST /kwsrmcab/Wsrmcab  HTTP/1.1" 200 42393
185.119.81.98 - - [20/Nov/2022:18:23:30 -0500] "GET /portaldeninos/wp-login.php HTTP/1.1" 200 2592
185.119.81.98 - - [20/Nov/2022:18:23:31 -0500] "POST /portaldeninos/wp-login.php HTTP/1.1" 200 3605
186.84.20.242 - - [20/Nov/2022:18:24:00 -0500] "POST /sipse/faces/presentacion/financiero/solicitudProceso/consultarSolicitudProceso.xhtml HTTP/1.1" 200 51300
186.84.20.242 - - [20/Nov/2022:18:24:03 -0500] "GET /sipse/faces/javax.faces.resource/jquery/jquery.js?ln=primefaces&v=4.0 HTTP/1.1" 304 -
186.84.20.242 - - [20/Nov/2022:18:24:03 -0500] "GET /sipse/faces/javax.faces.resource/jquery/jquery-plugins.js?ln=primefaces&v=4.0 HTTP/1.1" 304 -
186.84.20.242 - - [20/Nov/2022:18:24:03 -0500] "GET /sipse/faces/javax.faces.resource/primefaces.js?ln=primefaces&v=4.0 HTTP/1.1" 304 -
186.84.20.242 - - [20/Nov/2022:18:24:03 -0500] "GET /sipse/faces/javax.faces.resource/layout/layout.js?ln=primefaces&v=4.0 HTTP/1.1" 304 -
186.84.20.242 - - [20/Nov/2022:18:24:03 -0500] "GET /sipse/faces/javax.faces.resource/messages/messages.png?ln=primefaces&v=4.0 HTTP/1.1" 304 -
186.84.20.242 - - [20/Nov/2022:18:24:03 -0500] "POST /sipse/faces/presentacion/financiero/solicitudProceso/listarSolicitudProceso.xhtml HTTP/1.1" 200 1492
186.84.20.242 - - [20/Nov/2022:18:24:18 -0500] "POST /sipse/faces/presentacion/financiero/solicitudProceso/listarSolicitudProceso.xhtml HTTP/1.1" 200 107987
186.84.20.242 - - [20/Nov/2022:18:24:19 -0500] "GET /sipse/faces/javax.faces.resource/jquery/jquery.js?ln=primefaces&v=4.0 HTTP/1.1" 304 -
186.84.20.242 - - [20/Nov/2022:18:24:19 -0500] "GET /sipse/faces/javax.faces.resource/jquery/jquery-plugins.js?ln=primefaces&v=4.0 HTTP/1.1" 304 -
186.84.20.242 - - [20/Nov/2022:18:24:19 -0500] "GET /sipse/faces/javax.faces.resource/primefaces.js?ln=primefaces&v=4.0 HTTP/1.1" 304 -
186.84.20.242 - - [20/Nov/2022:18:24:19 -0500] "GET /sipse/faces/javax.faces.resource/layout/layout.js?ln=primefaces&v=4.0 HTTP/1.1" 304 -
172.22.2.4 - - [20/Nov/2022:18:24:25 -0500] "GET /BLA/boletinlegal/Circulares/2011/Circular%20No.%207%20del%2023%20de%20Diciembre%20de%202011.pdf HTTP/1.1" 200 1107785
186.84.20.242 - - [20/Nov/2022:18:25:27 -0500] "POST /sipse/faces/presentacion/financiero/solicitudProceso/consultarSolicitudProceso.xhtml HTTP/1.1" 200 141285
172.22.2.4 - - [20/Nov/2022:18:25:12 -0500] "HEAD /BLA/boletinlegal/ HTTP/1.1" 200 -
216.245.221.92 - - [20/Nov/2022:18:27:17 -0500] "HEAD / HTTP/1.1" 200 -
172.22.2.4 - - [20/Nov/2022:18:26:02 -0500] "GET /BLA/boletinlegal/ HTTP/1.1" 200 54100
201.245.192.253 - - [20/Nov/2022:18:28:18 -0500] "POST /kwsrmcab/Wsrmcab  HTTP/1.1" 200 42393
17.121.113.198 - - [20/Nov/2022:18:29:02 -0500] "-" 408 -
95.217.144.245 - - [20/Nov/2022:18:29:19 -0500] "-" 408 -
186.84.20.111 - - [20/Nov/2022:18:29:43 -0500] "GET /semana-ecoempresarial-herramientas-para-que-el-sector-economico-de-bogota-pueda-tener-un-crecimiento-verde.html?fbclid=IwAR0SmmjwyuR4-K9cKdHu4qhXts9Y-jwi-Xa9GgnlcgxsCfa3UstyrQPQWj8 HTTP/1.1" 200 918
201.245.192.253 - - [20/Nov/2022:18:30:59 -0500] "POST /kwsrmcab/Wsrmcab HTTP/1.1" 200 43905
201.245.192.253 - - [20/Nov/2022:18:31:02 -0500] "POST /kwsrmcab/Wsrmcab HTTP/1.1" 200 44087
216.245.221.92 - - [20/Nov/2022:18:32:17 -0500] "HEAD / HTTP/1.1" 200 -
172.22.2.4 - - [20/Nov/2022:18:31:02 -0500] "HEAD /BLA/boletinlegal/ HTTP/1.1" 200 -
201.245.192.253 - - [20/Nov/2022:18:33:16 -0500] "POST /kwsrmcab/Wsrmcab  HTTP/1.1" 200 42393
172.22.2.4 - - [20/Nov/2022:18:31:52 -0500] "GET /BLA/boletinlegal/ HTTP/1.1" 200 56825
35.240.26.48 - - [20/Nov/2022:18:34:17 -0500] "GET /semana-ecoempresarial-herramientas-para-que-el-sector-economico-de-bogota-pueda-tener-un-crecimiento-verde.html HTTP/1.1" 200 918
207.46.13.174 - - [20/Nov/2022:18:34:37 -0500] "GET /forest/ HTTP/1.1" 200 12041
77.88.5.29 - - [20/Nov/2022:18:34:45 -0500] "-" 408 -
69.171.231.118 - - [20/Nov/2022:18:35:24 -0500] "GET /images/Musgo%20SDA%20(1)%20(1).png HTTP/1.1" 200 302122
207.46.13.104 - - [20/Nov/2022:18:35:36 -0500] "GET /portaldeninos/wp-content/uploads/2020/06/tw.jpg HTTP/1.1" 200 11056
172.22.2.4 - - [20/Nov/2022:18:34:13 -0500] "GET /BLA/boletinlegal/ HTTP/1.1" 200 63221
185.119.81.98 - - [20/Nov/2022:18:36:42 -0500] "GET /portaldeninos/wp-login.php HTTP/1.1" 200 2592
185.119.81.98 - - [20/Nov/2022:18:36:43 -0500] "POST /portaldeninos/wp-login.php HTTP/1.1" 200 3650
40.77.167.13 - - [20/Nov/2022:18:36:48 -0500] "GET /appsia/controlador HTTP/1.1" 200 4799
185.119.81.106 - - [20/Nov/2022:18:36:49 -0500] "GET /portaldeninos/wp-login.php HTTP/1.1" 200 2592
185.119.81.106 - - [20/Nov/2022:18:36:50 -0500] "POST /portaldeninos/wp-login.php HTTP/1.1" 200 3605
216.245.221.92 - - [20/Nov/2022:18:37:17 -0500] "HEAD / HTTP/1.1" 200 -
207.46.13.174 - - [20/Nov/2022:18:37:18 -0500] "GET /BLA/resoluciones/00000043.tif HTTP/1.1" 404 1018
186.84.20.242 - - [20/Nov/2022:18:37:53 -0500] "POST /sipse/faces/presentacion/financiero/solicitudProceso/consultarSolicitudProceso.xhtml HTTP/1.1" 200 5439
172.22.2.4 - - [20/Nov/2022:18:38:02 -0500] "GET /BLA/boletinlegal/Circulares/2019/.pdf HTTP/1.1" 404 1218
172.22.2.4 - - [20/Nov/2022:18:38:14 -0500] "GET /BLA/boletinlegal/Circulares/2012/Circular%20No.%2010%20del%2026%20de%20Enero%20de%202012.pdf HTTP/1.1" 404 1218
201.245.192.253 - - [20/Nov/2022:18:38:16 -0500] "POST /kwsrmcab/Wsrmcab  HTTP/1.1" 200 42393
157.55.39.42 - - [20/Nov/2022:18:38:22 -0500] "GET /portaldeninos/wp-content/uploads/2020/11/Capellan%C3%ADa-B-1024x576.jpg HTTP/1.1" 200 100158
172.22.2.4 - - [20/Nov/2022:18:36:52 -0500] "HEAD /BLA/boletinlegal/ HTTP/1.1" 200 -
186.84.20.242 - - [20/Nov/2022:18:38:40 -0500] "POST /sipse/faces/presentacion/financiero/solicitudProceso/consultarSolicitudProceso.xhtml HTTP/1.1" 200 48263
186.84.20.242 - - [20/Nov/2022:18:38:42 -0500] "GET /sipse/faces/javax.faces.resource/jquery/jquery.js?ln=primefaces&v=4.0 HTTP/1.1" 304 -
186.84.20.242 - - [20/Nov/2022:18:38:42 -0500] "GET /sipse/faces/javax.faces.resource/jquery/jquery-plugins.js?ln=primefaces&v=4.0 HTTP/1.1" 304 -
186.84.20.242 - - [20/Nov/2022:18:38:42 -0500] "GET /sipse/faces/javax.faces.resource/primefaces.js?ln=primefaces&v=4.0 HTTP/1.1" 304 -
186.84.20.242 - - [20/Nov/2022:18:38:42 -0500] "GET /sipse/faces/javax.faces.resource/layout/layout.js?ln=primefaces&v=4.0 HTTP/1.1" 304 -
186.84.20.242 - - [20/Nov/2022:18:38:42 -0500] "POST /sipse/faces/presentacion/financiero/solicitudProceso/listarSolicitudProceso.xhtml HTTP/1.1" 200 1480
157.55.39.206 - - [20/Nov/2022:18:38:55 -0500] "GET /BLA/resoluciones/RESOLUCIONES%202001/2001%20400-449.TIF HTTP/1.1" 200 9262392
172.22.2.4 - - [20/Nov/2022:18:37:42 -0500] "GET /BLA/boletinlegal/ HTTP/1.1" 200 54452
186.84.20.242 - - [20/Nov/2022:18:39:24 -0500] "POST /sipse/faces/presentacion/financiero/solicitudProceso/listarSolicitudProceso.xhtml HTTP/1.1" 200 107554
186.84.20.242 - - [20/Nov/2022:18:39:25 -0500] "GET /sipse/faces/javax.faces.resource/jquery/jquery.js?ln=primefaces&v=4.0 HTTP/1.1" 304 -
186.84.20.242 - - [20/Nov/2022:18:39:25 -0500] "GET /sipse/faces/javax.faces.resource/jquery/jquery-plugins.js?ln=primefaces&v=4.0 HTTP/1.1" 304 -
186.84.20.242 - - [20/Nov/2022:18:39:25 -0500] "GET /sipse/faces/javax.faces.resource/primefaces.js?ln=primefaces&v=4.0 HTTP/1.1" 304 -
186.84.20.242 - - [20/Nov/2022:18:39:25 -0500] "GET /sipse/faces/javax.faces.resource/layout/layout.js?ln=primefaces&v=4.0 HTTP/1.1" 304 -
185.119.81.99 - - [20/Nov/2022:18:40:11 -0500] "GET /portaldeninos/wp-login.php HTTP/1.1" 200 2592
185.119.81.99 - - [20/Nov/2022:18:40:12 -0500] "POST /portaldeninos/wp-login.php HTTP/1.1" 200 3605
69.171.251.19 - - [20/Nov/2022:18:40:47 -0500] "GET /images/negocios-verdes-mayo-2022.jpg HTTP/1.1" 200 48000
201.245.192.253 - - [20/Nov/2022:18:40:59 -0500] "POST /kwsrmcab/Wsrmcab HTTP/1.1" 200 43905
201.245.192.253 - - [20/Nov/2022:18:41:02 -0500] "POST /kwsrmcab/Wsrmcab HTTP/1.1" 200 44087
172.22.2.4 - - [20/Nov/2022:18:41:20 -0500] "GET /BLA/boletinlegal/ HTTP/1.1" 200 32715
216.245.221.92 - - [20/Nov/2022:18:42:17 -0500] "HEAD / HTTP/1.1" 200 -
186.102.2.13 - - [20/Nov/2022:18:42:34 -0500] "GET /kwssiamovil/sm/acme/a?s=U2FsdGVkX19YTzqmuaCY1oSvnhbQtioF7GRohG1cY01RBHLpQJJ1dBIPrnru2k6ONWb1QW6a8vMwibFbFXbnZ9c909LtuFQzXIPRXqWnC/jYu9Kg0qgwQ012jqmqbH+NV98yqE+oCdnniLakc0Og/w2SqlgyDhNoxpR1r0wcaEi1zKrk1Wbj64WXXFyBzvXavDYWDCp7+nwtfQyIY+nnKxuGgB3LJpK9rWsNWZB/7FGuw3/LmDB1IVwBXV1APFd5WGwjMw7IsHdtVhnW0d0AJA==&u=U2FsdGVkX19TAppIT3pTWu7mhxdwft5f+p+YgMhW9P4=&y=U2FsdGVkX18BcuF5OJ/ljTtWh6v6ap06kfmF8UekoKmVtZ57sIUjjsJVSUwwj11o HTTP/1.1" 200 26
186.102.2.13 - - [20/Nov/2022:18:42:35 -0500] "GET /kwssiamovil/sm/acme/a?s=U2FsdGVkX185mxZ3Jlby6Uq8FXtF6gP+cBPl3G8l6MSKh7sY/7fIbQRBGqvW7ANrZCW7oOuozblin7EsidF0mJZqtYTnQWRC1KQ9Y5Idy5UnvcCVEecvqFLT9w5o5mmKoK2GjqcL2MkvGnxxP5ymPDHdlphaozsw9BzaUfTsFYq9vh+CTUElRMgLSr8aq7dkHSZb4H6jMFIqKOx1KgbIa96GaGm7GFV8s44bjhCY6K7hfbvCEyXvzbXqpMxluGccGiIrjshjMT/lkRhcrYPAv8cV1ZazlV9dfPhmA1jv8UvBTUlJH0E+UGMSBP/mLge55S7NxgC28fd4MHhTciDEITqeYfPR26vxCKyzAon36QD3Znigagq5YowHNhSZU42UnmxIadlnSXC6181eQg2BDzJBRxD4Hd/KONJntqESYaPsDvG2K3F/fRhyU38MK4QY7S2rcb0yX4JbgikU80D/cvJULslc4EJNpV0tnMvr3e5KFeUMwetOMbEL+WVfcepGgFovILena8VUD2i4kekbI/cGzfXenNTqkSiKXZjKDAzAk6bPP8b0aFoijm1lz2gy9G9SmXeaJpyNvMaSjmJWNlD1ngpiL2X+akCwXJA2vJQegRCHmWNUSjYui46iuPICbakRfvJjfyIcqTWkEoUKN/t/FAVjH6nDvL+SmzDOSBWG8C5mGn1ffpfxbBl8yvfdB+HbUZBaOk1nOyWAbZT3Ez1lJhWAHhoQF+HTqE84tco92ngCjJPYBYOvW0pLhn8CqG3YURZaS3x3tqCG8Fn4+T/FQOrTds58AaRYRSvuvz2pLJ6uhaBAHg9prffqSgdo7j07Drk4ULf2Hgy5t2JDYRU0QmuxISHW0u0qgXaKi4FPAKqjJLT5oDxhfYb/vPancEvUXPIKD0G3PVbMx/6wKLAIp3EpWtBHEKPgJshLQo/Aye8rSzTbbusMMU0kQaScPLdYpsWjsC0njGL1OCg6xGIBzspUYcU59bhv0Juafpd+izOmkH8G8duJjYc445uVJRZ2Pi0MH+ebofU4OHlF0p9/3rM8RmrKdofZXyKtrz49bP8XqPabOx+Bl6AiqHWb0rez6Dacprn9Fdy9g4EPcIKdqDs5e75lX0EgLAEnmdTU7glRz/aEKZvbfP35mciJqMAPsl/P2SOZZ2dmfJseJr1OPAAq60NVjHrKwHgR0JvdZ8W8iw/dEwgvxGKIy/xceLnzdT/Ca3nN7xcZ7aErbUltWUqsuR6eH+NvKJ+JsHLrveTHrLrJ4VxzqG6y+rGUrrwDFhJl5y9XWHGEOcaetOfL2qxoP953khIALCWFJqJSYk1QOmYE8cLf1R7+Q2eSCONEfnDd4eDGAdxiVM7swhbL3XbLvqnnn9H9dD210gL/xKSDvLO8100QqHMqJSJvl6QmlYym0CxBL94dTSWMDNaDd3Mz/2o8ZNRUlLyGl+Bwq899yPAnnPUsQhgbcURH95PtOG9xWz4cTrD5ueEWv0gqcPCwZ7cjeJln4rNS+4fwKSy81eTcSqSAxJjUtq0O&u=U2FsdGVkX19TAppIT3pTWu7mhxdwft5f+p+YgMhW9P4=&y=U2FsdGVkX18BcuF5OJ/ljTtWh6v6ap06kfmF8UekoKmVtZ57sIUjjsJVSUwwj11o HTTP/1.1" 200 26
186.102.2.13 - - [20/Nov/2022:18:42:36 -0500] "GET /kwssiamovil/sm/acme/a?s=U2FsdGVkX1/kFKCRLpGD3S05m+L7MZg6bz2HxRwhA4KLBjMu6cw7auF0HaJ2jWWQ1jqd6GavckEOsuxy9KRbIQja9W7u6auZ4WxgwgdQ2uqOgB32NRXgmJStJg/p+TCKcHVSZtTWS1YYwXziXhyVZMVAGhYjwbxGQLjCCtUh4EY=&u=U2FsdGVkX19TAppIT3pTWu7mhxdwft5f+p+YgMhW9P4=&y=U2FsdGVkX18BcuF5OJ/ljTtWh6v6ap06kfmF8UekoKmVtZ57sIUjjsJVSUwwj11o HTTP/1.1" 200 26
186.102.2.13 - - [20/Nov/2022:18:42:36 -0500] "GET /kwssiamovil/sm/acme/a?s=U2FsdGVkX18PfA9fOAAt0VshqMTithF4WRlskYku+TSNF2Gkuep/wadfkeiVeORM3BNuY5sxZE9ItVm3HYTsmFDY4i1Aakw1+8/xIkUfqw/9EOLURr5mbor31/Ph/OFEqHUw990ZdI/XDugJfZkl1I/N2sg1IScIhn50S8/n6EM=&u=U2FsdGVkX19TAppIT3pTWu7mhxdwft5f+p+YgMhW9P4=&y=U2FsdGVkX18BcuF5OJ/ljTtWh6v6ap06kfmF8UekoKmVtZ57sIUjjsJVSUwwj11o HTTP/1.1" 200 26
186.102.2.13 - - [20/Nov/2022:18:42:36 -0500] "GET /kwssiamovil/sm/acme/a?s=U2FsdGVkX1/VlEr+9NYgLcCZh/FSbIx/+j4kzwhfzAa5jUJtoVg9xBQa5ptvDpGpdZZOUNT6VapGz93Il8+Fyn4/o2VZxbdLsTOHamVqn85eN0wGYfIQhuO//7+/rzO/3Nb9gl87uxpc2p72fi4yidqewXKvqarPTTcvcoQ9H3E=&u=U2FsdGVkX19TAppIT3pTWu7mhxdwft5f+p+YgMhW9P4=&y=U2FsdGVkX18BcuF5OJ/ljTtWh6v6ap06kfmF8UekoKmVtZ57sIUjjsJVSUwwj11o HTTP/1.1" 200 26
186.102.2.13 - - [20/Nov/2022:18:42:37 -0500] "GET /kwssiamovil/sm/acme/a?s=U2FsdGVkX19k2pkX95s9eOjhuuYj7NMEyddL0rf7x3pre5nBcSkvloNEesCOSS6VHlqQKtOHyR2hq23JN7o5RvKWPFwAclyIzzmy7p660X166d0vOR945V6FGZPBe+rHRJVuBs4HRnJ4J+ASM80QLkmYA+3yjxzfUQXzjQz3LoS8Hk7XSfEhIOGrTp0FEBckJ35Zoxe06F02QuvaY1cHlQ==&u=U2FsdGVkX19TAppIT3pTWu7mhxdwft5f+p+YgMhW9P4=&y=U2FsdGVkX18BcuF5OJ/ljTtWh6v6ap06kfmF8UekoKmVtZ57sIUjjsJVSUwwj11o HTTP/1.1" 200 26
186.84.20.242 - - [20/Nov/2022:18:42:58 -0500] "POST /sipse/faces/presentacion/financiero/solicitudProceso/consultarSolicitudProceso.xhtml HTTP/1.1" 200 271133
201.245.192.253 - - [20/Nov/2022:18:43:15 -0500] "POST /kwsrmcab/Wsrmcab  HTTP/1.1" 200 42393
172.22.2.4 - - [20/Nov/2022:18:43:44 -0500] "GET /BLA/boletinlegal/Circulares/2017/Circular%20No.%20011%20del%2005%20de%20julio%20de%202017.pdf HTTP/1.1" 304 -
51.15.164.30 - - [20/Nov/2022:18:43:44 -0500] "HEAD /semana-ecoempresarial-herramientas-para-que-el-sector-economico-de-bogota-pueda-tener-un-crecimiento-verde.html HTTP/1.1" 200 -
217.182.175.162 - - [20/Nov/2022:18:43:44 -0500] "HEAD /semana-ecoempresarial-herramientas-para-que-el-sector-economico-de-bogota-pueda-tener-un-crecimiento-verde.html HTTP/1.1" 200 -
185.215.113.5 - - [20/Nov/2022:18:44:19 -0500] "GET /BLA/resoluciones/RESOLUCIONES%202007/RES%202007%20701%20AL%20800/RESOLUCION%200705%20DE%202007' HTTP/1.1" 404 1018
172.22.2.4 - - [20/Nov/2022:18:42:42 -0500] "HEAD /BLA/boletinlegal/ HTTP/1.1" 200 -
186.84.20.242 - - [20/Nov/2022:18:44:58 -0500] "POST /sipse/faces/presentacion/financiero/solicitudProceso/consultarSolicitudProceso.xhtml HTTP/1.1" 200 153069
186.84.20.242 - - [20/Nov/2022:18:44:59 -0500] "GET /sipse/faces/javax.faces.resource/theme.css?ln=primefaces-sipse HTTP/1.1" 304 -
186.84.20.242 - - [20/Nov/2022:18:44:59 -0500] "GET /sipse/faces/javax.faces.resource/primefaces.js?ln=primefaces&v=4.0 HTTP/1.1" 304 -
186.84.20.242 - - [20/Nov/2022:18:44:59 -0500] "GET /sipse/faces/javax.faces.resource/layout/layout.css?ln=primefaces&v=4.0 HTTP/1.1" 304 -
186.84.20.242 - - [20/Nov/2022:18:44:59 -0500] "GET /sipse/faces/javax.faces.resource/jquery/jquery.js?ln=primefaces&v=4.0 HTTP/1.1" 304 -
186.84.20.242 - - [20/Nov/2022:18:44:59 -0500] "GET /sipse/faces/javax.faces.resource/jquery/jquery-plugins.js?ln=primefaces&v=4.0 HTTP/1.1" 304 -
186.84.20.242 - - [20/Nov/2022:18:44:59 -0500] "GET /sipse/faces/javax.faces.resource/primefaces.css?ln=primefaces&v=4.0 HTTP/1.1" 304 -
186.84.20.242 - - [20/Nov/2022:18:44:59 -0500] "GET /sipse/faces/javax.faces.resource/layout/layout.js?ln=primefaces&v=4.0 HTTP/1.1" 304 -
186.84.20.242 - - [20/Nov/2022:18:44:59 -0500] "GET /sipse/faces/javax.faces.resource/images/ui-icons_898989_256x240.png?ln=primefaces-aristo HTTP/1.1" 304 -
186.84.20.242 - - [20/Nov/2022:18:45:04 -0500] "GET /sipse/faces/javax.faces.resource/images/ui-bg_flat_0_2d5972_40x100.png?ln=primefaces-aristo HTTP/1.1" 304 -
186.84.20.242 - - [20/Nov/2022:18:45:04 -0500] "POST /sipse/faces/presentacion/financiero/solicitudProceso/consultarSolicitudProceso.xhtml HTTP/1.1" 200 5479
172.22.2.4 - - [20/Nov/2022:18:43:32 -0500] "GET /BLA/boletinlegal/ HTTP/1.1" 200 51643
186.84.20.242 - - [20/Nov/2022:18:45:31 -0500] "POST /sipse/faces/presentacion/financiero/solicitudProceso/consultarSolicitudProceso.xhtml HTTP/1.1" 200 23930
186.84.20.242 - - [20/Nov/2022:18:45:32 -0500] "GET /sipse/faces/javax.faces.resource/jquery/jquery.js?ln=primefaces&v=4.0 HTTP/1.1" 304 -
186.84.20.242 - - [20/Nov/2022:18:45:32 -0500] "GET /sipse/faces/javax.faces.resource/jquery/jquery-plugins.js?ln=primefaces&v=4.0 HTTP/1.1" 304 -
186.84.20.242 - - [20/Nov/2022:18:45:32 -0500] "GET /sipse/faces/javax.faces.resource/primefaces.js?ln=primefaces&v=4.0 HTTP/1.1" 304 -
186.84.20.242 - - [20/Nov/2022:18:45:32 -0500] "GET /sipse/faces/javax.faces.resource/layout/layout.js?ln=primefaces&v=4.0 HTTP/1.1" 304 -
186.84.22.39 - - [20/Nov/2022:18:45:43 -0500] "GET /secretaria-de-ambiente-y-universidad-de-la-salle-firman-acuerdo-de-conservacion-en-17-hectareas.html?fbclid=IwAR0rKSy6RmVNc6OXWPv25dGPrZl2hsrJK3PmJYWAp0DGfcWcMuA82tYCX8M HTTP/1.1" 200 990
186.84.20.242 - - [20/Nov/2022:18:45:48 -0500] "POST /sipse/faces/presentacion/financiero/viabilidad/expedirViabilidad.xhtml HTTP/1.1" 200 109214
186.84.20.242 - - [20/Nov/2022:18:45:49 -0500] "GET /sipse/faces/javax.faces.resource/jquery/jquery.js?ln=primefaces&v=4.0 HTTP/1.1" 304 -
186.84.20.242 - - [20/Nov/2022:18:45:49 -0500] "GET /sipse/faces/javax.faces.resource/jquery/jquery-plugins.js?ln=primefaces&v=4.0 HTTP/1.1" 304 -
186.84.20.242 - - [20/Nov/2022:18:45:49 -0500] "GET /sipse/faces/javax.faces.resource/primefaces.js?ln=primefaces&v=4.0 HTTP/1.1" 304 -
186.84.20.242 - - [20/Nov/2022:18:45:49 -0500] "GET /sipse/faces/javax.faces.resource/layout/layout.js?ln=primefaces&v=4.0 HTTP/1.1" 304 -
186.84.20.242 - - [20/Nov/2022:18:45:57 -0500] "POST /sipse/faces/presentacion/financiero/solicitudProceso/consultarSolicitudProceso.xhtml HTTP/1.1" 200 45175
186.84.20.242 - - [20/Nov/2022:18:45:59 -0500] "GET /sipse/faces/javax.faces.resource/jquery/jquery.js?ln=primefaces&v=4.0 HTTP/1.1" 304 -
186.84.20.242 - - [20/Nov/2022:18:45:59 -0500] "GET /sipse/faces/javax.faces.resource/jquery/jquery-plugins.js?ln=primefaces&v=4.0 HTTP/1.1" 304 -
186.84.20.242 - - [20/Nov/2022:18:45:59 -0500] "GET /sipse/faces/javax.faces.resource/primefaces.js?ln=primefaces&v=4.0 HTTP/1.1" 304 -
186.84.20.242 - - [20/Nov/2022:18:45:59 -0500] "GET /sipse/faces/javax.faces.resource/layout/layout.js?ln=primefaces&v=4.0 HTTP/1.1" 304 -
186.84.20.242 - - [20/Nov/2022:18:45:59 -0500] "GET /sipse/faces/javax.faces.resource/messages/messages.png?ln=primefaces&v=4.0 HTTP/1.1" 304 -
186.84.20.242 - - [20/Nov/2022:18:45:59 -0500] "POST /sipse/faces/presentacion/financiero/solicitudProceso/listarSolicitudProceso.xhtml HTTP/1.1" 200 1468
186.84.20.242 - - [20/Nov/2022:18:46:02 -0500] "POST /sipse/faces/presentacion/financiero/solicitudProceso/listarSolicitudProceso.xhtml HTTP/1.1" 200 107379
186.84.20.242 - - [20/Nov/2022:18:46:02 -0500] "GET /sipse/faces/javax.faces.resource/jquery/jquery.js?ln=primefaces&v=4.0 HTTP/1.1" 304 -
186.84.20.242 - - [20/Nov/2022:18:46:02 -0500] "GET /sipse/faces/javax.faces.resource/jquery/jquery-plugins.js?ln=primefaces&v=4.0 HTTP/1.1" 304 -
186.84.20.242 - - [20/Nov/2022:18:46:02 -0500] "GET /sipse/faces/javax.faces.resource/primefaces.js?ln=primefaces&v=4.0 HTTP/1.1" 304 -
186.84.20.242 - - [20/Nov/2022:18:46:03 -0500] "GET /sipse/faces/javax.faces.resource/layout/layout.js?ln=primefaces&v=4.0 HTTP/1.1" 304 -
186.84.20.242 - - [20/Nov/2022:18:46:12 -0500] "POST /sipse/faces/presentacion/financiero/solicitudProceso/consultarSolicitudProceso.xhtml HTTP/1.1" 200 231484
216.245.221.92 - - [20/Nov/2022:18:47:17 -0500] "HEAD / HTTP/1.1" 200 -
172.22.2.4 - - [20/Nov/2022:18:46:12 -0500] "GET /BLA/boletinlegal/ HTTP/1.1" 200 62840
66.249.73.100 - - [20/Nov/2022:18:48:14 -0500] "-" 408 -
201.245.192.253 - - [20/Nov/2022:18:48:13 -0500] "POST /kwsrmcab/Wsrmcab  HTTP/1.1" 200 42393
186.84.20.242 - - [20/Nov/2022:18:49:09 -0500] "POST /sipse/faces/presentacion/financiero/solicitudProceso/consultarSolicitudProceso.xhtml HTTP/1.1" 200 152894
186.84.20.242 - - [20/Nov/2022:18:49:10 -0500] "GET /sipse/faces/javax.faces.resource/theme.css?ln=primefaces-sipse HTTP/1.1" 304 -
186.84.20.242 - - [20/Nov/2022:18:49:10 -0500] "GET /sipse/faces/javax.faces.resource/jquery/jquery.js?ln=primefaces&v=4.0 HTTP/1.1" 304 -
186.84.20.242 - - [20/Nov/2022:18:49:10 -0500] "GET /sipse/faces/javax.faces.resource/layout/layout.css?ln=primefaces&v=4.0 HTTP/1.1" 304 -
186.84.20.242 - - [20/Nov/2022:18:49:10 -0500] "GET /sipse/faces/javax.faces.resource/primefaces.css?ln=primefaces&v=4.0 HTTP/1.1" 304 -
186.84.20.242 - - [20/Nov/2022:18:49:10 -0500] "GET /sipse/faces/javax.faces.resource/jquery/jquery-plugins.js?ln=primefaces&v=4.0 HTTP/1.1" 304 -
186.84.20.242 - - [20/Nov/2022:18:49:10 -0500] "GET /sipse/faces/javax.faces.resource/primefaces.js?ln=primefaces&v=4.0 HTTP/1.1" 304 -
186.84.20.242 - - [20/Nov/2022:18:49:10 -0500] "GET /sipse/faces/javax.faces.resource/layout/layout.js?ln=primefaces&v=4.0 HTTP/1.1" 304 -
186.84.20.242 - - [20/Nov/2022:18:49:10 -0500] "GET /sipse/faces/javax.faces.resource/images/ui-icons_898989_256x240.png?ln=primefaces-aristo HTTP/1.1" 304 -
186.84.20.242 - - [20/Nov/2022:18:49:15 -0500] "GET /sipse/faces/javax.faces.resource/images/ui-bg_flat_0_2d5972_40x100.png?ln=primefaces-aristo HTTP/1.1" 304 -
186.84.20.242 - - [20/Nov/2022:18:49:15 -0500] "POST /sipse/faces/presentacion/financiero/solicitudProceso/consultarSolicitudProceso.xhtml HTTP/1.1" 200 5479
186.84.20.242 - - [20/Nov/2022:18:49:37 -0500] "POST /sipse/faces/presentacion/financiero/solicitudProceso/consultarSolicitudProceso.xhtml HTTP/1.1" 200 23930
186.84.20.242 - - [20/Nov/2022:18:49:37 -0500] "GET /sipse/faces/javax.faces.resource/jquery/jquery.js?ln=primefaces&v=4.0 HTTP/1.1" 304 -
186.84.20.242 - - [20/Nov/2022:18:49:37 -0500] "GET /sipse/faces/javax.faces.resource/jquery/jquery-plugins.js?ln=primefaces&v=4.0 HTTP/1.1" 304 -
186.84.20.242 - - [20/Nov/2022:18:49:37 -0500] "GET /sipse/faces/javax.faces.resource/primefaces.js?ln=primefaces&v=4.0 HTTP/1.1" 304 -
186.84.20.242 - - [20/Nov/2022:18:49:37 -0500] "GET /sipse/faces/javax.faces.resource/layout/layout.js?ln=primefaces&v=4.0 HTTP/1.1" 304 -
186.84.20.242 - - [20/Nov/2022:18:49:52 -0500] "POST /sipse/faces/presentacion/financiero/viabilidad/expedirViabilidad.xhtml HTTP/1.1" 200 109039
186.84.20.242 - - [20/Nov/2022:18:49:52 -0500] "GET /sipse/faces/javax.faces.resource/jquery/jquery.js?ln=primefaces&v=4.0 HTTP/1.1" 304 -
186.84.20.242 - - [20/Nov/2022:18:49:52 -0500] "GET /sipse/faces/javax.faces.resource/jquery/jquery-plugins.js?ln=primefaces&v=4.0 HTTP/1.1" 304 -
186.84.20.242 - - [20/Nov/2022:18:49:52 -0500] "GET /sipse/faces/javax.faces.resource/primefaces.js?ln=primefaces&v=4.0 HTTP/1.1" 304 -
186.84.20.242 - - [20/Nov/2022:18:49:52 -0500] "GET /sipse/faces/javax.faces.resource/layout/layout.js?ln=primefaces&v=4.0 HTTP/1.1" 304 -
186.84.20.242 - - [20/Nov/2022:18:50:02 -0500] "POST /sipse/faces/presentacion/financiero/solicitudProceso/consultarSolicitudProceso.xhtml HTTP/1.1" 200 42174
186.84.20.242 - - [20/Nov/2022:18:50:04 -0500] "GET /sipse/faces/javax.faces.resource/jquery/jquery.js?ln=primefaces&v=4.0 HTTP/1.1" 304 -
186.84.20.242 - - [20/Nov/2022:18:50:04 -0500] "GET /sipse/faces/javax.faces.resource/jquery/jquery-plugins.js?ln=primefaces&v=4.0 HTTP/1.1" 304 -
186.84.20.242 - - [20/Nov/2022:18:50:04 -0500] "GET /sipse/faces/javax.faces.resource/primefaces.js?ln=primefaces&v=4.0 HTTP/1.1" 304 -
186.84.20.242 - - [20/Nov/2022:18:50:04 -0500] "GET /sipse/faces/javax.faces.resource/layout/layout.js?ln=primefaces&v=4.0 HTTP/1.1" 304 -
186.84.20.242 - - [20/Nov/2022:18:50:04 -0500] "GET /sipse/faces/javax.faces.resource/messages/messages.png?ln=primefaces&v=4.0 HTTP/1.1" 304 -
186.84.20.242 - - [20/Nov/2022:18:50:04 -0500] "POST /sipse/faces/presentacion/financiero/solicitudProceso/listarSolicitudProceso.xhtml HTTP/1.1" 200 1444
186.84.20.242 - - [20/Nov/2022:18:50:07 -0500] "POST /sipse/faces/presentacion/financiero/solicitudProceso/listarSolicitudProceso.xhtml HTTP/1.1" 200 107388
186.84.20.242 - - [20/Nov/2022:18:50:08 -0500] "GET /sipse/faces/javax.faces.resource/jquery/jquery.js?ln=primefaces&v=4.0 HTTP/1.1" 304 -
186.84.20.242 - - [20/Nov/2022:18:50:08 -0500] "GET /sipse/faces/javax.faces.resource/jquery/jquery-plugins.js?ln=primefaces&v=4.0 HTTP/1.1" 304 -
186.84.20.242 - - [20/Nov/2022:18:50:08 -0500] "GET /sipse/faces/javax.faces.resource/primefaces.js?ln=primefaces&v=4.0 HTTP/1.1" 304 -
186.84.20.242 - - [20/Nov/2022:18:50:08 -0500] "GET /sipse/faces/javax.faces.resource/layout/layout.js?ln=primefaces&v=4.0 HTTP/1.1" 304 -
172.22.2.4 - - [20/Nov/2022:18:48:32 -0500] "HEAD /BLA/boletinlegal/ HTTP/1.1" 200 -
186.84.20.242 - - [20/Nov/2022:18:50:23 -0500] "POST /sipse/faces/presentacion/financiero/solicitudProceso/consultarSolicitudProceso.xhtml HTTP/1.1" 200 266902
186.84.20.242 - - [20/Nov/2022:18:50:53 -0500] "POST /sipse/faces/presentacion/financiero/solicitudProceso/consultarSolicitudProceso.xhtml HTTP/1.1" 200 266902
172.22.2.4 - - [20/Nov/2022:18:49:22 -0500] "GET /BLA/boletinlegal/ HTTP/1.1" 200 58185
185.119.81.99 - - [20/Nov/2022:18:51:27 -0500] "GET /portaldeninos/wp-login.php HTTP/1.1" 200 2592
185.119.81.99 - - [20/Nov/2022:18:51:28 -0500] "POST /portaldeninos/wp-login.php HTTP/1.1" 200 3650
185.119.81.107 - - [20/Nov/2022:18:52:15 -0500] "GET /portaldeninos/wp-login.php HTTP/1.1" 200 2592
185.119.81.107 - - [20/Nov/2022:18:52:16 -0500] "POST /portaldeninos/wp-login.php HTTP/1.1" 200 3650
216.245.221.92 - - [20/Nov/2022:18:52:17 -0500] "HEAD / HTTP/1.1" 200 -
186.84.20.242 - - [20/Nov/2022:18:52:51 -0500] "POST /sipse/faces/presentacion/financiero/solicitudProceso/consultarSolicitudProceso.xhtml HTTP/1.1" 200 152903
20.231.101.203 - - [20/Nov/2022:18:51:12 -0500] "GET /BLA/boletinlegal/ HTTP/1.1" 200 63221
186.84.20.242 - - [20/Nov/2022:18:52:52 -0500] "GET /sipse/faces/javax.faces.resource/theme.css?ln=primefaces-sipse HTTP/1.1" 304 -
186.84.20.242 - - [20/Nov/2022:18:52:52 -0500] "GET /sipse/faces/javax.faces.resource/primefaces.css?ln=primefaces&v=4.0 HTTP/1.1" 304 -
186.84.20.242 - - [20/Nov/2022:18:52:52 -0500] "GET /sipse/faces/javax.faces.resource/primefaces.js?ln=primefaces&v=4.0 HTTP/1.1" 304 -
186.84.20.242 - - [20/Nov/2022:18:52:52 -0500] "GET /sipse/faces/javax.faces.resource/jquery/jquery.js?ln=primefaces&v=4.0 HTTP/1.1" 304 -
186.84.20.242 - - [20/Nov/2022:18:52:52 -0500] "GET /sipse/faces/javax.faces.resource/layout/layout.css?ln=primefaces&v=4.0 HTTP/1.1" 304 -
186.84.20.242 - - [20/Nov/2022:18:52:52 -0500] "GET /sipse/faces/javax.faces.resource/jquery/jquery-plugins.js?ln=primefaces&v=4.0 HTTP/1.1" 304 -
186.84.20.242 - - [20/Nov/2022:18:52:52 -0500] "GET /sipse/faces/javax.faces.resource/layout/layout.js?ln=primefaces&v=4.0 HTTP/1.1" 304 -
186.84.20.242 - - [20/Nov/2022:18:52:52 -0500] "GET /sipse/faces/javax.faces.resource/images/ui-icons_898989_256x240.png?ln=primefaces-aristo HTTP/1.1" 304 -
186.84.20.242 - - [20/Nov/2022:18:52:58 -0500] "GET /sipse/faces/javax.faces.resource/images/ui-bg_flat_0_2d5972_40x100.png?ln=primefaces-aristo HTTP/1.1" 304 -
186.84.20.242 - - [20/Nov/2022:18:52:58 -0500] "POST /sipse/faces/presentacion/financiero/solicitudProceso/consultarSolicitudProceso.xhtml HTTP/1.1" 200 5479
186.84.20.242 - - [20/Nov/2022:18:53:10 -0500] "POST /sipse/faces/presentacion/financiero/solicitudProceso/consultarSolicitudProceso.xhtml HTTP/1.1" 200 23930
186.84.20.242 - - [20/Nov/2022:18:53:10 -0500] "GET /sipse/faces/javax.faces.resource/jquery/jquery.js?ln=primefaces&v=4.0 HTTP/1.1" 304 -
186.84.20.242 - - [20/Nov/2022:18:53:10 -0500] "GET /sipse/faces/javax.faces.resource/jquery/jquery-plugins.js?ln=primefaces&v=4.0 HTTP/1.1" 304 -
186.84.20.242 - - [20/Nov/2022:18:53:10 -0500] "GET /sipse/faces/javax.faces.resource/primefaces.js?ln=primefaces&v=4.0 HTTP/1.1" 304 -
186.84.20.242 - - [20/Nov/2022:18:53:10 -0500] "GET /sipse/faces/javax.faces.resource/layout/layout.js?ln=primefaces&v=4.0 HTTP/1.1" 304 -
201.245.192.253 - - [20/Nov/2022:18:53:12 -0500] "POST /kwsrmcab/Wsrmcab  HTTP/1.1" 200 42393
186.84.20.242 - - [20/Nov/2022:18:53:21 -0500] "POST /sipse/faces/presentacion/financiero/viabilidad/expedirViabilidad.xhtml HTTP/1.1" 200 109048
186.84.20.242 - - [20/Nov/2022:18:53:22 -0500] "GET /sipse/faces/javax.faces.resource/jquery/jquery.js?ln=primefaces&v=4.0 HTTP/1.1" 304 -
186.84.20.242 - - [20/Nov/2022:18:53:22 -0500] "GET /sipse/faces/javax.faces.resource/jquery/jquery-plugins.js?ln=primefaces&v=4.0 HTTP/1.1" 304 -
186.84.20.242 - - [20/Nov/2022:18:53:22 -0500] "GET /sipse/faces/javax.faces.resource/primefaces.js?ln=primefaces&v=4.0 HTTP/1.1" 304 -
186.84.20.242 - - [20/Nov/2022:18:53:22 -0500] "GET /sipse/faces/javax.faces.resource/layout/layout.js?ln=primefaces&v=4.0 HTTP/1.1" 304 -
186.84.20.242 - - [20/Nov/2022:18:53:34 -0500] "POST /sipse/faces/presentacion/financiero/solicitudProceso/consultarSolicitudProceso.xhtml HTTP/1.1" 200 39188
186.84.20.242 - - [20/Nov/2022:18:53:36 -0500] "GET /sipse/faces/javax.faces.resource/jquery/jquery.js?ln=primefaces&v=4.0 HTTP/1.1" 304 -
186.84.20.242 - - [20/Nov/2022:18:53:36 -0500] "GET /sipse/faces/javax.faces.resource/jquery/jquery-plugins.js?ln=primefaces&v=4.0 HTTP/1.1" 304 -
186.84.20.242 - - [20/Nov/2022:18:53:36 -0500] "GET /sipse/faces/javax.faces.resource/primefaces.js?ln=primefaces&v=4.0 HTTP/1.1" 304 -
186.84.20.242 - - [20/Nov/2022:18:53:36 -0500] "GET /sipse/faces/javax.faces.resource/layout/layout.js?ln=primefaces&v=4.0 HTTP/1.1" 304 -
186.84.20.242 - - [20/Nov/2022:18:53:36 -0500] "GET /sipse/faces/javax.faces.resource/messages/messages.png?ln=primefaces&v=4.0 HTTP/1.1" 304 -
186.84.20.242 - - [20/Nov/2022:18:53:36 -0500] "POST /sipse/faces/presentacion/financiero/solicitudProceso/listarSolicitudProceso.xhtml HTTP/1.1" 200 1416
186.84.20.242 - - [20/Nov/2022:18:53:42 -0500] "POST /sipse/faces/presentacion/financiero/solicitudProceso/listarSolicitudProceso.xhtml HTTP/1.1" 200 123780
186.84.20.242 - - [20/Nov/2022:18:53:43 -0500] "GET /sipse/faces/javax.faces.resource/jquery/jquery.js?ln=primefaces&v=4.0 HTTP/1.1" 304 -
186.84.20.242 - - [20/Nov/2022:18:53:43 -0500] "GET /sipse/faces/javax.faces.resource/jquery/jquery-plugins.js?ln=primefaces&v=4.0 HTTP/1.1" 304 -
186.84.20.242 - - [20/Nov/2022:18:53:43 -0500] "GET /sipse/faces/javax.faces.resource/primefaces.js?ln=primefaces&v=4.0 HTTP/1.1" 304 -
186.84.20.242 - - [20/Nov/2022:18:53:43 -0500] "GET /sipse/faces/javax.faces.resource/layout/layout.js?ln=primefaces&v=4.0 HTTP/1.1" 304 -
186.84.20.242 - - [20/Nov/2022:18:53:50 -0500] "POST /sipse/faces/presentacion/financiero/solicitudProceso/consultarSolicitudProceso.xhtml HTTP/1.1" 200 181079
186.84.20.242 - - [20/Nov/2022:18:54:07 -0500] "POST /sipse/faces/presentacion/financiero/solicitudProceso/consultarSolicitudProceso.xhtml HTTP/1.1" 200 118153
186.84.20.242 - - [20/Nov/2022:18:54:11 -0500] "POST /sipse/faces/presentacion/financiero/solicitudProceso/consultarSolicitudProceso.xhtml HTTP/1.1" 200 118153
186.84.20.242 - - [20/Nov/2022:18:54:21 -0500] "POST /sipse/faces/presentacion/financiero/solicitudProceso/consultarSolicitudProceso.xhtml HTTP/1.1" 200 118153
186.84.20.242 - - [20/Nov/2022:18:54:25 -0500] "POST /sipse/faces/presentacion/financiero/solicitudProceso/consultarSolicitudProceso.xhtml HTTP/1.1" 200 38696
186.84.20.242 - - [20/Nov/2022:18:54:25 -0500] "GET /sipse/faces/javax.faces.resource/jquery/jquery.js?ln=primefaces&v=4.0 HTTP/1.1" 304 -
186.84.20.242 - - [20/Nov/2022:18:54:25 -0500] "GET /sipse/faces/javax.faces.resource/jquery/jquery-plugins.js?ln=primefaces&v=4.0 HTTP/1.1" 304 -
186.84.20.242 - - [20/Nov/2022:18:54:25 -0500] "GET /sipse/faces/javax.faces.resource/primefaces.js?ln=primefaces&v=4.0 HTTP/1.1" 304 -
186.84.20.242 - - [20/Nov/2022:18:54:25 -0500] "GET /sipse/faces/javax.faces.resource/layout/layout.js?ln=primefaces&v=4.0 HTTP/1.1" 304 -
186.84.20.242 - - [20/Nov/2022:18:54:25 -0500] "POST /sipse/faces/presentacion/financiero/solicitudProceso/listarSolicitudProceso.xhtml HTTP/1.1" 200 32070
186.84.20.242 - - [20/Nov/2022:18:54:25 -0500] "POST /sipse/faces/presentacion/financiero/solicitudProceso/listarSolicitudProceso.xhtml HTTP/1.1" 200 32070
186.84.20.242 - - [20/Nov/2022:18:54:26 -0500] "POST /sipse/faces/presentacion/financiero/solicitudProceso/listarSolicitudProceso.xhtml HTTP/1.1" 200 32070
186.84.20.242 - - [20/Nov/2022:18:54:26 -0500] "POST /sipse/faces/presentacion/financiero/solicitudProceso/listarSolicitudProceso.xhtml HTTP/1.1" 200 32070
186.84.20.242 - - [20/Nov/2022:18:54:26 -0500] "POST /sipse/faces/presentacion/financiero/solicitudProceso/listarSolicitudProceso.xhtml HTTP/1.1" 200 1416
186.84.20.242 - - [20/Nov/2022:18:54:26 -0500] "POST /sipse/faces/presentacion/financiero/solicitudProceso/listarSolicitudProceso.xhtml HTTP/1.1" 200 1420
186.84.20.242 - - [20/Nov/2022:18:54:26 -0500] "POST /sipse/faces/presentacion/financiero/solicitudProceso/listarSolicitudProceso.xhtml HTTP/1.1" 200 1420
186.84.20.242 - - [20/Nov/2022:18:54:26 -0500] "POST /sipse/faces/presentacion/financiero/solicitudProceso/listarSolicitudProceso.xhtml HTTP/1.1" 200 1420
186.84.20.242 - - [20/Nov/2022:18:54:26 -0500] "POST /sipse/faces/presentacion/financiero/solicitudProceso/listarSolicitudProceso.xhtml HTTP/1.1" 200 1420
186.84.20.242 - - [20/Nov/2022:18:54:28 -0500] "POST /sipse/faces/presentacion/financiero/solicitudProceso/listarSolicitudProceso.xhtml HTTP/1.1" 200 123780
186.84.20.242 - - [20/Nov/2022:18:54:29 -0500] "GET /sipse/faces/javax.faces.resource/jquery/jquery.js?ln=primefaces&v=4.0 HTTP/1.1" 304 -
186.84.20.242 - - [20/Nov/2022:18:54:29 -0500] "GET /sipse/faces/javax.faces.resource/jquery/jquery-plugins.js?ln=primefaces&v=4.0 HTTP/1.1" 304 -
186.84.20.242 - - [20/Nov/2022:18:54:29 -0500] "GET /sipse/faces/javax.faces.resource/primefaces.js?ln=primefaces&v=4.0 HTTP/1.1" 304 -
186.84.20.242 - - [20/Nov/2022:18:54:29 -0500] "GET /sipse/faces/javax.faces.resource/layout/layout.js?ln=primefaces&v=4.0 HTTP/1.1" 304 -
186.84.20.242 - - [20/Nov/2022:18:54:36 -0500] "POST /sipse/faces/presentacion/financiero/solicitudProceso/consultarSolicitudProceso.xhtml HTTP/1.1" 200 118153
186.84.20.242 - - [20/Nov/2022:18:54:50 -0500] "GET /sipse/faces/faces/autenticacion.xhtml HTTP/1.1" 200 12505
186.84.20.242 - - [20/Nov/2022:18:54:50 -0500] "GET /sipse/faces/javax.faces.resource/layout/layout.css;jsessionid=DpiNM4408XpYvUKdQvACcE38.undefined?ln=primefaces&v=4.0 HTTP/1.1" 200 542
186.84.20.242 - - [20/Nov/2022:18:54:50 -0500] "GET /sipse/faces/javax.faces.resource/theme.css?ln=primefaces-sipse HTTP/1.1" 304 -
186.84.20.242 - - [20/Nov/2022:18:54:50 -0500] "GET /sipse/faces/javax.faces.resource/primefaces.css;jsessionid=DpiNM4408XpYvUKdQvACcE38.undefined?ln=primefaces&v=4.0 HTTP/1.1" 200 53295
186.84.20.242 - - [20/Nov/2022:18:54:50 -0500] "GET /sipse/faces/javax.faces.resource/layout/layout.js;jsessionid=DpiNM4408XpYvUKdQvACcE38.undefined?ln=primefaces&v=4.0 HTTP/1.1" 200 87560
186.84.20.242 - - [20/Nov/2022:18:54:50 -0500] "GET /sipse/faces/javax.faces.resource/jquery/jquery.js;jsessionid=DpiNM4408XpYvUKdQvACcE38.undefined?ln=primefaces&v=4.0 HTTP/1.1" 200 105384
186.84.20.242 - - [20/Nov/2022:18:54:50 -0500] "GET /sipse/faces/javax.faces.resource/jquery/jquery-plugins.js;jsessionid=DpiNM4408XpYvUKdQvACcE38.undefined?ln=primefaces&v=4.0 HTTP/1.1" 200 220526
186.84.20.242 - - [20/Nov/2022:18:54:50 -0500] "GET /sipse/faces/javax.faces.resource/primefaces.js;jsessionid=DpiNM4408XpYvUKdQvACcE38.undefined?ln=primefaces&v=4.0 HTTP/1.1" 200 276924
186.84.20.242 - - [20/Nov/2022:18:54:50 -0500] "GET /sipse/faces/javax.faces.resource/images/ui-icons_898989_256x240.png?ln=primefaces-aristo HTTP/1.1" 304 -
186.84.20.242 - - [20/Nov/2022:18:54:50 -0500] "GET /sipse/faces/faces/index.xhtml HTTP/1.1" 200 677
186.84.20.242 - - [20/Nov/2022:18:54:50 -0500] "GET /sipse/faces/javax.faces.resource/theme.css?ln=primefaces-sipse HTTP/1.1" 304 -
186.84.20.242 - - [20/Nov/2022:18:54:50 -0500] "GET /sipse/faces/faces/faces/autenticacion.xhtml HTTP/1.1" 200 12183
186.84.20.242 - - [20/Nov/2022:18:54:50 -0500] "GET /sipse/faces/javax.faces.resource/theme.css?ln=primefaces-sipse HTTP/1.1" 304 -
186.84.20.242 - - [20/Nov/2022:18:54:50 -0500] "GET /sipse/faces/javax.faces.resource/jquery/jquery-plugins.js?ln=primefaces&v=4.0 HTTP/1.1" 304 -
186.84.20.242 - - [20/Nov/2022:18:54:50 -0500] "GET /sipse/faces/javax.faces.resource/layout/layout.css?ln=primefaces&v=4.0 HTTP/1.1" 304 -
186.84.20.242 - - [20/Nov/2022:18:54:50 -0500] "GET /sipse/faces/javax.faces.resource/primefaces.js?ln=primefaces&v=4.0 HTTP/1.1" 304 -
186.84.20.242 - - [20/Nov/2022:18:54:50 -0500] "GET /sipse/faces/javax.faces.resource/jquery/jquery.js?ln=primefaces&v=4.0 HTTP/1.1" 304 -
186.84.20.242 - - [20/Nov/2022:18:54:50 -0500] "GET /sipse/faces/javax.faces.resource/primefaces.css?ln=primefaces&v=4.0 HTTP/1.1" 304 -
186.84.20.242 - - [20/Nov/2022:18:54:51 -0500] "GET /sipse/faces/javax.faces.resource/layout/layout.js?ln=primefaces&v=4.0 HTTP/1.1" 304 -
186.84.20.242 - - [20/Nov/2022:18:54:51 -0500] "GET /sipse/faces/javax.faces.resource/images/ui-icons_898989_256x240.png?ln=primefaces-aristo HTTP/1.1" 304 -
186.84.20.242 - - [20/Nov/2022:18:54:53 -0500] "POST /sipse/faces/autenticacion.xhtml HTTP/1.1" 200 2223
186.84.20.242 - - [20/Nov/2022:18:54:53 -0500] "GET /sipse/faces/javax.faces.resource/messages/messages.png?ln=primefaces&v=4.0 HTTP/1.1" 200 27209
186.84.20.242 - - [20/Nov/2022:18:54:55 -0500] "POST /sipse/faces/autenticacion.xhtml HTTP/1.1" 200 16254
186.84.20.242 - - [20/Nov/2022:18:54:55 -0500] "GET /sipse/faces/javax.faces.resource/jquery/jquery.js?ln=primefaces&v=4.0 HTTP/1.1" 304 -
186.84.20.242 - - [20/Nov/2022:18:54:55 -0500] "GET /sipse/faces/javax.faces.resource/jquery/jquery-plugins.js?ln=primefaces&v=4.0 HTTP/1.1" 304 -
186.84.20.242 - - [20/Nov/2022:18:54:55 -0500] "GET /sipse/faces/javax.faces.resource/primefaces.js?ln=primefaces&v=4.0 HTTP/1.1" 304 -
186.84.20.242 - - [20/Nov/2022:18:54:55 -0500] "GET /sipse/faces/javax.faces.resource/layout/layout.js?ln=primefaces&v=4.0 HTTP/1.1" 304 -
186.84.20.242 - - [20/Nov/2022:18:54:55 -0500] "GET /sipse/css/imagen/contrasena.png HTTP/1.1" 404 383
186.84.20.242 - - [20/Nov/2022:18:54:55 -0500] "GET /sipse/imagenes/cargando.gif HTTP/1.1" 200 36959
186.84.20.242 - - [20/Nov/2022:18:54:55 -0500] "GET /sipse/imagenes/logoAplicacion.jpg HTTP/1.1" 200 85967
186.84.20.242 - - [20/Nov/2022:18:54:57 -0500] "GET /sipse/faces/javax.faces.resource/images/ui-bg_flat_0_2d5972_40x100.png?ln=primefaces-aristo HTTP/1.1" 200 183
186.84.20.242 - - [20/Nov/2022:18:54:57 -0500] "POST /sipse/faces/bienvenido.xhtml HTTP/1.1" 200 2060
186.84.20.242 - - [20/Nov/2022:18:54:58 -0500] "POST /sipse/faces/bienvenido.xhtml HTTP/1.1" 200 38696
186.84.20.242 - - [20/Nov/2022:18:54:58 -0500] "GET /sipse/faces/javax.faces.resource/jquery/jquery.js?ln=primefaces&v=4.0 HTTP/1.1" 304 -
186.84.20.242 - - [20/Nov/2022:18:54:58 -0500] "GET /sipse/faces/javax.faces.resource/jquery/jquery-plugins.js?ln=primefaces&v=4.0 HTTP/1.1" 304 -
186.84.20.242 - - [20/Nov/2022:18:54:58 -0500] "GET /sipse/faces/javax.faces.resource/primefaces.js?ln=primefaces&v=4.0 HTTP/1.1" 304 -
186.84.20.242 - - [20/Nov/2022:18:54:58 -0500] "GET /sipse/faces/javax.faces.resource/layout/layout.js?ln=primefaces&v=4.0 HTTP/1.1" 304 -
186.84.20.242 - - [20/Nov/2022:18:54:58 -0500] "POST /sipse/faces/presentacion/financiero/solicitudProceso/listarSolicitudProceso.xhtml HTTP/1.1" 200 1416
186.84.20.242 - - [20/Nov/2022:18:55:00 -0500] "POST /sipse/faces/presentacion/financiero/solicitudProceso/listarSolicitudProceso.xhtml HTTP/1.1" 200 123780
186.84.20.242 - - [20/Nov/2022:18:55:01 -0500] "GET /sipse/faces/javax.faces.resource/jquery/jquery.js?ln=primefaces&v=4.0 HTTP/1.1" 304 -
186.84.20.242 - - [20/Nov/2022:18:55:01 -0500] "GET /sipse/faces/javax.faces.resource/jquery/jquery-plugins.js?ln=primefaces&v=4.0 HTTP/1.1" 304 -
186.84.20.242 - - [20/Nov/2022:18:55:01 -0500] "GET /sipse/faces/javax.faces.resource/primefaces.js?ln=primefaces&v=4.0 HTTP/1.1" 304 -
186.84.20.242 - - [20/Nov/2022:18:55:01 -0500] "GET /sipse/faces/javax.faces.resource/layout/layout.js?ln=primefaces&v=4.0 HTTP/1.1" 304 -
186.84.20.242 - - [20/Nov/2022:18:55:06 -0500] "POST /sipse/faces/presentacion/financiero/solicitudProceso/consultarSolicitudProceso.xhtml HTTP/1.1" 200 118153
186.84.20.242 - - [20/Nov/2022:18:55:08 -0500] "POST /sipse/faces/presentacion/financiero/solicitudProceso/consultarSolicitudProceso.xhtml HTTP/1.1" 200 118153
186.84.20.242 - - [20/Nov/2022:18:55:10 -0500] "POST /sipse/faces/presentacion/financiero/solicitudProceso/consultarSolicitudProceso.xhtml HTTP/1.1" 200 118153
172.22.2.4 - - [20/Nov/2022:18:54:52 -0500] "GET /BLA/boletinlegal/ HTTP/1.1" 200 32715
190.252.137.74 - - [20/Nov/2022:18:55:53 -0500] "GET /semana-ecoempresarial-herramientas-para-que-el-sector-economico-de-bogota-pueda-tener-un-crecimiento-verde.html HTTP/1.1" 200 918
172.22.2.4 - - [20/Nov/2022:18:54:22 -0500] "HEAD /BLA/boletinlegal/ HTTP/1.1" 200 -
172.22.2.4 - - [20/Nov/2022:18:55:12 -0500] "GET /BLA/boletinlegal/ HTTP/1.1" 200 55272
216.245.221.92 - - [20/Nov/2022:18:57:17 -0500] "HEAD / HTTP/1.1" 200 -
201.245.192.253 - - [20/Nov/2022:18:58:11 -0500] "POST /kwsrmcab/Wsrmcab  HTTP/1.1" 200 42393
40.77.167.13 - - [20/Nov/2022:18:58:59 -0500] "GET /galeria/galeria/fotos/Humedal-Tibanica1G.jpg HTTP/1.1" 200 541579
52.12.184.232 - - [20/Nov/2022:18:59:53 -0500] "-" 408 -
172.22.2.4 - - [20/Nov/2022:19:01:47 -0500] "GET /BLA/boletinlegal/actos.php HTTP/1.1" 200 9566
172.22.2.4 - - [20/Nov/2022:19:01:47 -0500] "GET /BLA/boletinlegal/styles2.css HTTP/1.1" 200 1838
172.22.2.4 - - [20/Nov/2022:19:01:47 -0500] "GET /BLA/boletinlegal/niceforms-default.css HTTP/1.1" 200 6694
172.22.2.4 - - [20/Nov/2022:19:01:47 -0500] "GET /BLA/boletinlegal/style.css HTTP/1.1" 200 9406
172.22.2.4 - - [20/Nov/2022:19:01:47 -0500] "GET /BLA/boletinlegal/js/ajax_actos.js HTTP/1.1" 200 1322
172.22.2.4 - - [20/Nov/2022:19:01:47 -0500] "GET /BLA/boletinlegal/niceforms.js HTTP/1.1" 200 22876
172.22.2.4 - - [20/Nov/2022:19:01:47 -0500] "GET /BLA/boletinlegal/js/lib.js HTTP/1.1" 200 6474
172.22.2.4 - - [20/Nov/2022:19:01:47 -0500] "GET /BLA/boletinlegal/js/popup.js HTTP/1.1" 200 1270
172.22.2.4 - - [20/Nov/2022:19:01:47 -0500] "GET /BLA/boletinlegal/js/jquery1.js HTTP/1.1" 200 29846
172.22.2.4 - - [20/Nov/2022:19:01:47 -0500] "GET /BLA/boletinlegal/images/cabezote%20BLEGAL.jpg HTTP/1.1" 200 118164
172.22.2.4 - - [20/Nov/2022:19:01:48 -0500] "GET /BLA/boletinlegal/images/subscribe-icon-big.png HTTP/1.1" 200 47702
172.22.2.4 - - [20/Nov/2022:19:01:48 -0500] "GET /BLA/boletinlegal/images/historia.png HTTP/1.1" 200 52775
172.22.2.4 - - [20/Nov/2022:19:01:48 -0500] "GET /BLA/boletinlegal/images/registro-usuarios.png HTTP/1.1" 200 8106
172.22.2.4 - - [20/Nov/2022:19:01:48 -0500] "GET /BLA/boletinlegal/images/icono-email.png HTTP/1.1" 200 5544
172.22.2.4 - - [20/Nov/2022:19:01:48 -0500] "GET /BLA/boletinlegal/images/green-yellow-blue-pink-th.png HTTP/1.1" 200 7394
172.22.2.4 - - [20/Nov/2022:19:01:48 -0500] "GET /BLA/boletinlegal/images/tel.png HTTP/1.1" 200 14477
172.22.2.4 - - [20/Nov/2022:19:01:48 -0500] "GET /BLA/boletinlegal/images/body_bg.jpg HTTP/1.1" 200 1601
172.22.2.4 - - [20/Nov/2022:19:01:48 -0500] "GET /BLA/boletinlegal/images/menu_lft.gif HTTP/1.1" 200 1713
172.22.2.4 - - [20/Nov/2022:19:01:48 -0500] "GET /BLA/boletinlegal/images/bg_top.jpg HTTP/1.1" 200 522
172.22.2.4 - - [20/Nov/2022:19:01:48 -0500] "GET /BLA/boletinlegal/images/menu_rght.gif HTTP/1.1" 200 1627
172.22.2.4 - - [20/Nov/2022:19:01:48 -0500] "GET /BLA/boletinlegal/images/hover.jpg HTTP/1.1" 200 640
172.22.2.4 - - [20/Nov/2022:19:01:48 -0500] "GET /BLA/boletinlegal/images/menu_bg.jpg HTTP/1.1" 200 620
172.22.2.4 - - [20/Nov/2022:19:01:48 -0500] "GET /BLA/boletinlegal/images/text.jpg HTTP/1.1" 200 568
172.22.2.4 - - [20/Nov/2022:19:01:48 -0500] "GET /BLA/boletinlegal/images/footer_bg.jpg HTTP/1.1" 200 586
172.22.2.4 - - [20/Nov/2022:19:01:48 -0500] "GET /BLA/boletinlegal/images/footer_bg_l.jpg HTTP/1.1" 200 776
172.22.2.4 - - [20/Nov/2022:19:01:49 -0500] "GET /BLA/boletinlegal/img/select-left.png HTTP/1.1" 200 263
172.22.2.4 - - [20/Nov/2022:19:01:49 -0500] "GET /BLA/boletinlegal/img/select-right.png HTTP/1.1" 200 44019
172.22.2.4 - - [20/Nov/2022:19:01:49 -0500] "GET /BLA/boletinlegal/img/0.png HTTP/1.1" 200 110
172.22.2.4 - - [20/Nov/2022:19:01:49 -0500] "GET /BLA/boletinlegal/img/button-left.png HTTP/1.1" 200 57071
172.22.2.4 - - [20/Nov/2022:19:01:49 -0500] "GET /BLA/boletinlegal/img/button.png HTTP/1.1" 200 43241
172.22.2.4 - - [20/Nov/2022:19:01:49 -0500] "GET /BLA/boletinlegal/img/button-right.png HTTP/1.1" 200 57878
172.22.2.4 - - [20/Nov/2022:19:01:49 -0500] "GET /BLA/boletinlegal/favicon.ico HTTP/1.1" 404 1326
172.22.2.4 - - [20/Nov/2022:19:01:49 -0500] "GET /BLA/boletinlegal/js/jquery.js HTTP/1.1" 200 57254
172.22.2.4 - - [20/Nov/2022:19:01:49 -0500] "GET /BLA/boletinlegal/js/jquery.scrollTo-min.js HTTP/1.1" 200 1150
172.22.2.4 - - [20/Nov/2022:19:01:49 -0500] "GET /BLA/boletinlegal/js/jquery.scrollShow.js HTTP/1.1" 200 4586
172.22.2.4 - - [20/Nov/2022:19:01:49 -0500] "GET /BLA/boletinlegal/images/arr_l.jpg HTTP/1.1" 200 1979
172.22.2.4 - - [20/Nov/2022:19:01:49 -0500] "GET /BLA/boletinlegal/images/screen_1.png HTTP/1.1" 200 202547
172.22.2.4 - - [20/Nov/2022:19:01:49 -0500] "GET /BLA/boletinlegal/images/launch.jpg HTTP/1.1" 200 14577
172.22.2.4 - - [20/Nov/2022:19:00:12 -0500] "HEAD /BLA/boletinlegal/ HTTP/1.1" 200 -
172.22.2.4 - - [20/Nov/2022:19:01:54 -0500] "GET /BLA/boletinlegal/images/screen_2.png HTTP/1.1" 200 362502
172.22.2.4 - - [20/Nov/2022:19:01:54 -0500] "GET /BLA/boletinlegal/images/screen_5.png HTTP/1.1" 200 368876
172.22.2.4 - - [20/Nov/2022:19:01:54 -0500] "GET /BLA/boletinlegal/images/screen_3.png HTTP/1.1" 200 210620
172.22.2.4 - - [20/Nov/2022:19:01:54 -0500] "GET /BLA/boletinlegal/images/arr_r.jpg HTTP/1.1" 200 1998
