186.102.2.13 - - [20/Nov/2022:21:27:24 -0500] "GET /kwssiamovil/sm/acme/a?s=U2FsdGVkX1+oZ5cRPwmB0RQp2Eww4CLb6qryMRkFwfmBwfAAUCAAYIfGztbZEQ7cSsOFZYMpmYR2ekwVsyd7UScomjEy0ehIG/lEO8c30U0wJmZ4r06VrN+apBA5+KoHWnGJT1QlhX2+ibiOyxZ/FA0gEKrvIFIZ2kc/tMQJE8I=&u=U2FsdGVkX19TAppIT3pTWu7mhxdwft5f+p+YgMhW9P4=&y=U2FsdGVkX18BcuF5OJ/ljTtWh6v6ap06kfmF8UekoKmVtZ57sIUjjsJVSUwwj11o HTTP/1.1" 200 26
186.102.2.13 - - [20/Nov/2022:21:27:24 -0500] "GET /kwssiamovil/sm/acme/a?s=U2FsdGVkX1+j1ggGpFK8IYjyiwXUMTUhorGK3FykaI12GyZ39Hz9jOKpnCFiDVdDizbaaXrldjJ4JuCJTNPDQzIj4lB/6ZFklLFBNaTusXtrUnydAwWxx5anxOhGbod83a9i7dIDUUIuzAbjDw6JfDOLblGd47BMaVxu/KFFAh4=&u=U2FsdGVkX19TAppIT3pTWu7mhxdwft5f+p+YgMhW9P4=&y=U2FsdGVkX18BcuF5OJ/ljTtWh6v6ap06kfmF8UekoKmVtZ57sIUjjsJVSUwwj11o HTTP/1.1" 200 26
186.102.2.13 - - [20/Nov/2022:21:27:24 -0500] "GET /kwssiamovil/sm/acme/a?s=U2FsdGVkX1+sUUEvnwk8J9r6PLtLpFs3RkHy+L/7XIDD/ee2q5h191UeWs+8IthofHRjP9t8Fzw7RlGUFwa+s7vexEnV+6/DeWx2EapTBaPcUeF7L1zmLb/Mh7SNahWqY+VLf9afpX3nOestLjaPCLlt1Vgn0hOGl1xdo6+LdDs=&u=U2FsdGVkX19TAppIT3pTWu7mhxdwft5f+p+YgMhW9P4=&y=U2FsdGVkX18BcuF5OJ/ljTtWh6v6ap06kfmF8UekoKmVtZ57sIUjjsJVSUwwj11o HTTP/1.1" 200 26
186.102.2.13 - - [20/Nov/2022:21:27:24 -0500] "GET /kwssiamovil/sm/acme/a?s=U2FsdGVkX1+mEvlRjcwmuGzk3dTwYaOfkYSSLSlcnNz0Pxn4SqKEWkv3Ra5iwM3HlTe5I7vDN20PofbNrx2omtTVdYFP+Ia0NqSIcaEblh9wuNygCb/F0CprSb36rNRbfevuCUL3DXx0EUx34mmdDYhYb64JUEX2DB6R6T/a8d6Nva3DYpc/spVnhn4w4Kg7JX3spsP2nJ0fu21bwYPSkA==&u=U2FsdGVkX19TAppIT3pTWu7mhxdwft5f+p+YgMhW9P4=&y=U2FsdGVkX18BcuF5OJ/ljTtWh6v6ap06kfmF8UekoKmVtZ57sIUjjsJVSUwwj11o HTTP/1.1" 200 26
201.245.192.253 - - [20/Nov/2022:21:27:39 -0500] "POST /kwsrmcab/Wsrmcab  HTTP/1.1" 200 42393
172.22.2.4 - - [20/Nov/2022:21:26:02 -0500] "HEAD /BLA/boletinlegal/ HTTP/1.1" 200 -
40.77.167.13 - - [20/Nov/2022:21:28:20 -0500] "GET /sipse/faces/faces/autenticacion.xhtml HTTP/1.1" 200 12505
172.22.2.4 - - [20/Nov/2022:21:26:52 -0500] "GET /BLA/boletinlegal/ HTTP/1.1" 200 59779
40.77.167.13 - - [20/Nov/2022:21:29:59 -0500] "GET /BLA/resoluciones/AUTOS%202022/2084.pdf HTTP/1.1" 200 1361074
201.245.192.253 - - [20/Nov/2022:21:30:59 -0500] "POST /kwsrmcab/Wsrmcab HTTP/1.1" 200 41959
201.245.192.253 - - [20/Nov/2022:21:31:01 -0500] "POST /kwsrmcab/Wsrmcab HTTP/1.1" 200 44068
172.22.2.4 - - [20/Nov/2022:21:31:13 -0500] "GET /BLA/boletinlegal/js/jquery.js HTTP/1.1" 200 57254
172.22.2.4 - - [20/Nov/2022:21:31:13 -0500] "GET /BLA/boletinlegal/style.css HTTP/1.1" 200 9406
172.22.2.4 - - [20/Nov/2022:21:31:13 -0500] "GET /BLA/boletinlegal/js/jquery.scrollTo-min.js HTTP/1.1" 200 1150
172.22.2.4 - - [20/Nov/2022:21:31:13 -0500] "GET /BLA/boletinlegal/js/jquery.scrollShow.js HTTP/1.1" 200 4586
172.22.2.4 - - [20/Nov/2022:21:31:13 -0500] "GET /BLA/boletinlegal/styles2.css HTTP/1.1" 200 1838
172.22.2.4 - - [20/Nov/2022:21:31:13 -0500] "GET /BLA/boletinlegal/images/cabezote%20BLEGAL.jpg HTTP/1.1" 200 118164
172.22.2.4 - - [20/Nov/2022:21:31:13 -0500] "GET /BLA/boletinlegal/images/subscribe-icon-big.png HTTP/1.1" 200 47702
172.22.2.4 - - [20/Nov/2022:21:31:13 -0500] "GET /BLA/boletinlegal/images/historia.png HTTP/1.1" 200 52775
172.22.2.4 - - [20/Nov/2022:21:31:13 -0500] "GET /BLA/boletinlegal/images/registro-usuarios.png HTTP/1.1" 200 8106
172.22.2.4 - - [20/Nov/2022:21:31:13 -0500] "GET /BLA/boletinlegal/images/arr_l.jpg HTTP/1.1" 200 1979
172.22.2.4 - - [20/Nov/2022:21:31:13 -0500] "GET /BLA/boletinlegal/images/screen_1.png HTTP/1.1" 200 202547
172.22.2.4 - - [20/Nov/2022:21:31:13 -0500] "GET /BLA/boletinlegal/images/launch.jpg HTTP/1.1" 200 14577
40.77.167.57 - - [20/Nov/2022:21:31:13 -0500] "GET /BLA/boletinlegal/Directivas/2017/Directiva%20No.%2003%20del%2024%20de%20Febrero%20de%202017.pdf HTTP/1.1" 304 -
172.22.2.4 - - [20/Nov/2022:21:31:13 -0500] "GET /BLA/boletinlegal/actos.php HTTP/1.1" 200 9566
172.22.2.4 - - [20/Nov/2022:21:31:14 -0500] "GET /BLA/boletinlegal/niceforms.js HTTP/1.1" 200 22876
172.22.2.4 - - [20/Nov/2022:21:31:14 -0500] "GET /BLA/boletinlegal/js/ajax_actos.js HTTP/1.1" 200 1322
172.22.2.4 - - [20/Nov/2022:21:31:14 -0500] "GET /BLA/boletinlegal/js/popup.js HTTP/1.1" 200 1270
172.22.2.4 - - [20/Nov/2022:21:31:14 -0500] "GET /BLA/boletinlegal/niceforms-default.css HTTP/1.1" 200 6694
172.22.2.4 - - [20/Nov/2022:21:31:14 -0500] "GET /BLA/boletinlegal/js/lib.js HTTP/1.1" 200 6474
172.22.2.4 - - [20/Nov/2022:21:31:14 -0500] "GET /BLA/boletinlegal/js/jquery1.js HTTP/1.1" 200 29846
172.22.2.4 - - [20/Nov/2022:21:31:14 -0500] "GET /BLA/boletinlegal/images/green-yellow-blue-pink-th.png HTTP/1.1" 200 7394
172.22.2.4 - - [20/Nov/2022:21:31:14 -0500] "GET /BLA/boletinlegal/images/icono-email.png HTTP/1.1" 200 5544
172.22.2.4 - - [20/Nov/2022:21:31:14 -0500] "GET /BLA/boletinlegal/images/tel.png HTTP/1.1" 200 14477
172.22.2.4 - - [20/Nov/2022:21:31:14 -0500] "GET /BLA/boletinlegal/images/body_bg.jpg HTTP/1.1" 200 1601
172.22.2.4 - - [20/Nov/2022:21:31:14 -0500] "GET /BLA/boletinlegal/images/menu_bg.jpg HTTP/1.1" 200 620
172.22.2.4 - - [20/Nov/2022:21:31:14 -0500] "GET /BLA/boletinlegal/images/footer_bg.jpg HTTP/1.1" 200 586
172.22.2.4 - - [20/Nov/2022:21:31:14 -0500] "GET /BLA/boletinlegal/images/text.jpg HTTP/1.1" 200 568
172.22.2.4 - - [20/Nov/2022:21:31:14 -0500] "GET /BLA/boletinlegal/images/hover.jpg HTTP/1.1" 200 640
172.22.2.4 - - [20/Nov/2022:21:31:14 -0500] "GET /BLA/boletinlegal/images/footer_bg_l.jpg HTTP/1.1" 200 776
172.22.2.4 - - [20/Nov/2022:21:31:14 -0500] "GET /BLA/boletinlegal/images/menu_lft.gif HTTP/1.1" 200 1713
172.22.2.4 - - [20/Nov/2022:21:31:14 -0500] "GET /BLA/boletinlegal/images/menu_rght.gif HTTP/1.1" 200 1627
172.22.2.4 - - [20/Nov/2022:21:31:14 -0500] "GET /BLA/boletinlegal/images/bg_top.jpg HTTP/1.1" 200 522
172.22.2.4 - - [20/Nov/2022:21:31:14 -0500] "GET /BLA/boletinlegal/img/0.png HTTP/1.1" 200 110
172.22.2.4 - - [20/Nov/2022:21:31:14 -0500] "GET /BLA/boletinlegal/img/button-left.png HTTP/1.1" 200 57071
172.22.2.4 - - [20/Nov/2022:21:31:14 -0500] "GET /BLA/boletinlegal/img/button.png HTTP/1.1" 200 43241
172.22.2.4 - - [20/Nov/2022:21:31:14 -0500] "GET /BLA/boletinlegal/img/select-left.png HTTP/1.1" 200 263
172.22.2.4 - - [20/Nov/2022:21:31:14 -0500] "GET /BLA/boletinlegal/img/select-right.png HTTP/1.1" 200 44019
172.22.2.4 - - [20/Nov/2022:21:31:14 -0500] "GET /BLA/boletinlegal/favicon.ico HTTP/1.1" 404 1326
172.22.2.4 - - [20/Nov/2022:21:31:14 -0500] "GET /BLA/boletinlegal/img/button-right.png HTTP/1.1" 200 57878
172.22.2.4 - - [20/Nov/2022:21:31:38 -0500] "GET /BLA/boletinlegal/consulta_actos.php?tipo=autos&no=6964&usuario=&sector=&fecha=2014&resuelve= HTTP/1.1" 200 1121
172.22.2.4 - - [20/Nov/2022:21:31:38 -0500] "GET /BLA/boletinlegal/images/pdf.gif HTTP/1.1" 200 567
172.22.2.4 - - [20/Nov/2022:21:31:12 -0500] "GET /BLA/boletinlegal/ HTTP/1.1" 200 24523
216.245.221.92 - - [20/Nov/2022:21:32:17 -0500] "HEAD / HTTP/1.1" 200 -
208.100.26.237 - - [20/Nov/2022:21:32:20 -0500] "GET / HTTP/1.1" 200 319
181.58.60.215 - - [20/Nov/2022:21:32:40 -0500] "GET /forest/ HTTP/1.1" 200 12041
201.245.192.253 - - [20/Nov/2022:21:32:39 -0500] "POST /kwsrmcab/Wsrmcab  HTTP/1.1" 200 42393
172.22.2.4 - - [20/Nov/2022:21:32:47 -0500] "GET /BLA/boletinlegal/consulta_actos.php?tipo=resoluciones&no=0988&usuario=&sector=&fecha=2017&resuelve= HTTP/1.1" 200 626
181.58.60.215 - - [20/Nov/2022:21:33:08 -0500] "POST /forest/index.php HTTP/1.1" 200 12268
172.22.2.4 - - [20/Nov/2022:21:31:52 -0500] "HEAD /BLA/boletinlegal/ HTTP/1.1" 200 -
181.58.60.215 - - [20/Nov/2022:21:33:56 -0500] "GET /forest/ HTTP/1.1" 200 12041
172.22.2.4 - - [20/Nov/2022:21:32:42 -0500] "GET /BLA/boletinlegal/ HTTP/1.1" 200 58612
186.102.2.13 - - [20/Nov/2022:21:34:23 -0500] "GET /kwssiamovil/sm/acme/a?s=U2FsdGVkX18KmHjE7kxkiYWGqIhSNF//4gqk6OBDn51/UMGZYZgd+KsGRyFPZiO6KcjNvnSNIog9W31j13QsDUVGlF1tnyzXz3t5eWiJQbqkUB6lJZQOse+VhlPLRtj8AOEX6pwHjlBpod+ihgczWTc9zJWIVuo5dANWvGwlpzGBW8RXEF78A19AVupWrFEYluTUIF5JkHlfvVv4au6g4wfDUuwY5k1nOgTp1ZUv27hxO2RbBpzoia/bmIZSO04joMKyo59S/kjWAEvEN/OE4Q==&u=U2FsdGVkX19TAppIT3pTWu7mhxdwft5f+p+YgMhW9P4=&y=U2FsdGVkX18BcuF5OJ/ljTtWh6v6ap06kfmF8UekoKmVtZ57sIUjjsJVSUwwj11o HTTP/1.1" 200 26
186.102.2.13 - - [20/Nov/2022:21:34:24 -0500] "GET /kwssiamovil/sm/acme/a?s=U2FsdGVkX18ftulu+d7ekvHfuQrYSPH/7VOLs64jXrszglBCpcMa8tui9p/awm0nKGj5xV447qSZfEN/X/mJIt7JzZA7BcQKyhxe4n5iZRzOZI6zVZXTRRa7H1KTnR1eItrG4zRJyxDzIuW95l2BDlP3YtM8kaaZhHwOD3l7PxxP9ipd+JG1iNveVfINFiPg29V8fJeYUIMmFATkVI8fi0yCT6nD2LNJm21FfAaVXoxiI6y5rSaLDJNcwXFmBZlp9mFJbXFkSAYjaDl/BnVUqjTd0skUwMkgNzJ7PT/MKKqbtp99MIvnq13gyxRU6W78fXNv05WXBUYi2h8zUBbYpoIc9ZaP2vBwOykFgV9VASr+ZArt51vXNvpL7C7bFcS1saFxKSU678+PGO7JPnrW4MUz1DI0zVeyT8C5oRe7F8vB8SuLF9tI72fgKmPUDSbKARkdt1gWEywib+Le2+0vhPhDnMJ132fv1KsmCja61r99NQ1HEaIPc9p4ksTdMqBPqDlVIdR9TxvDiO6bi0TsvNHEAQy9rbsBNXCyB8ovJorARTsjDM0N3bDVT/2PMhai5IZBiyzNz4h6MjV3/Ci8p0+k5GwqdKLvjJftc/fJeyTqshqZJFNjL17WU2zf9YA0+z376eSZE7An+DQXYGfKfrtQvPPtxe5oRWHAtgRjayRULcHRbzZmzbnPKCCiOvifuyYKPJqVAFniYPLaFYCFdK3UL0wo/R/KuGakPROtnfy7t8+KXSFl/O0d8LfxMFKTTk+LfU78D4bJ+q9B6dSr8Mw4An2nAagKQ4EIb/JgmV8lcqOel0Rh4BTxouzz/W0yoSOaLJFoYqC0kRzlHPWqGa6JKfYHze2SQ2gXZyUlNvW2cVMJ0mSSbJLUXMx/u3XTqtS8jFcFQU0+iw7/5xGLKemt5LBtYSaakINRTtZt3tXBWW6/EuJYgzDU90QZ+YA6EENthR5LGh9QbD6bHTSxwcK0NJ2dsg5EdRxs5W3BuDhMGCnOp77KFuWbL6hAYarY6fnPN0oPFrusv/3pP/NX3XklhQD//GAyqWpzxhna3MrN7Gfz5mysY0CA7WCo2UoaBknXGzHVed/mB7xS1nz0+QPikHmHaUKhLfxkLDSK3robJFGAH5i9tH66rxSnXRJwmGauXt0HA9PiL1NB320a8xqe8hB1B3k63OLTnypmFgRXTZC7eCCkG+ICdpbeOclAvURMxTbBFAn+Wv+evnRAZApfCX7NIGZgSTyab3Vpmpe0+nsMfYK+rgK718kKfFLw/XToRZ2CpkEqkLjYk/L7251nV/F3VlSTqJnJSfW6JMMzptadGrky6XToF8DWskbiTYoudzbwI0XrYvvAnFtzfw7KLqILELnwl2WtBUjRr1Pu41yRJNYBE/aKL4Q5Bgr6fFMogcbaaeCMs7p7AcOo5I4jNfO5xKTEYr3CeMXVI1aZJeGR8tQOiU8KRtSay6YVey87nZSBNOBNLJO/+zpzKZalAK67/0PyppwdnXSPZFbKD50WlmwDu09ce8uvUmMQJffZ3s/JAQjiG4O9JhE7l9wykaJHMj7Ld4v3wvOBal7nZaz4ne0w8DYK7VAZRt/wn/DnoaJDzXfZ8UVyMuE32QFGdN8pAW9R/FTSOLj2iyuCYxHns3M3nnKTS1UFC3kGDh8DmyLgYq96qH2tWuD34PIHjKalcBxUWAcbqmHhFJs6UjpEDKmOdnVtA5s5T8gbs9fSmORyISYDXKTSKudyiv3B3Y1btnKeqkhs1AxKXayfAdH/c71em7zOhwgAPdo2PZ4JaDl+b0DMcm5lrzTiHjGKi7kRBuLOAhcxZr2dWAtdLhqMbU2O7NKWXpugNuxePXPSfBAn/mXQNffWu54QE6YEXECgu7k4m1EqOtSx2SA=&u=U2FsdGVkX19TAppIT3pTWu7mhxdwft5f+p+YgMhW9P4=&y=U2FsdGVkX18BcuF5OJ/ljTtWh6v6ap06kfmF8UekoKmVtZ57sIUjjsJVSUwwj11o HTTP/1.1" 200 26
186.102.2.13 - - [20/Nov/2022:21:34:24 -0500] "GET /kwssiamovil/sm/acme/a?s=U2FsdGVkX18qLRulEH3QntgBN+KYXxtw8QwS9g8p5T0Wcj/Ci0eX6LOhdhgv+wlT5+a0TVfoVCYx93eDOe5GHTmYJWW4fgKl9dh5ej1rqTD3xDBWXn3C/guaMWBVMS8ruPhCcmfpl9vMZbyAcngkaH9/lKwPL5pEA4G+AP4ZXX4=&u=U2FsdGVkX19TAppIT3pTWu7mhxdwft5f+p+YgMhW9P4=&y=U2FsdGVkX18BcuF5OJ/ljTtWh6v6ap06kfmF8UekoKmVtZ57sIUjjsJVSUwwj11o HTTP/1.1" 200 26
186.102.2.13 - - [20/Nov/2022:21:34:24 -0500] "GET /kwssiamovil/sm/acme/a?s=U2FsdGVkX19B85N8KbE3ujyTGldTKM2eStvFhxDLAlQSDtzdXnfv/EF+VXszeaZDxQVrs9LZRPxrdrmDm45OClzcAMrv0MXtJgQiGdzvYdYEX8upndOJgNdEXu8T2LA9yWq0ZvmNncW0GY4ZtLOJrS6wmogE1E3a9IIZhx3hzU8=&u=U2FsdGVkX19TAppIT3pTWu7mhxdwft5f+p+YgMhW9P4=&y=U2FsdGVkX18BcuF5OJ/ljTtWh6v6ap06kfmF8UekoKmVtZ57sIUjjsJVSUwwj11o HTTP/1.1" 200 26
186.102.2.13 - - [20/Nov/2022:21:34:24 -0500] "GET /kwssiamovil/sm/acme/a?s=U2FsdGVkX1+e8CMbpPYin5g4vCHZh/XePXmbmjUi4DsLRRHx6TqvNEfz4Hbja9aQW7JcQIGMdbqPJtiOyaOnBxcW4ESD8y+KVxeCAyR1EulJKBUW+cAh6s6TjCHB2KPanjfZaIxxQk7GcM0pQh4YdpE+5C0avsEOVZ+Qjflh2tE=&u=U2FsdGVkX19TAppIT3pTWu7mhxdwft5f+p+YgMhW9P4=&y=U2FsdGVkX18BcuF5OJ/ljTtWh6v6ap06kfmF8UekoKmVtZ57sIUjjsJVSUwwj11o HTTP/1.1" 200 26
186.102.2.13 - - [20/Nov/2022:21:34:24 -0500] "GET /kwssiamovil/sm/acme/a?s=U2FsdGVkX19j/+B6YoC4XJJQCEYqO6P1akbuKlk8TuyfFb8J3//YGbFMwi/cdLzBvgjNyE+Ug5kYcRanynxYBFz3NyTioALHLkkfOSI8BqhAoJFflAxax1oQewRl0jyVb9obyn0+xXwg1+opOODbI/NKxl+gy6F9WNfDimZtG/dmmT+LZw9f9c7v9UTB0F1gBZrSfUnqpenuTy6CTltKHA==&u=U2FsdGVkX19TAppIT3pTWu7mhxdwft5f+p+YgMhW9P4=&y=U2FsdGVkX18BcuF5OJ/ljTtWh6v6ap06kfmF8UekoKmVtZ57sIUjjsJVSUwwj11o HTTP/1.1" 200 26
181.58.60.215 - - [20/Nov/2022:21:34:27 -0500] "POST /forest/index.php HTTP/1.1" 200 12268
181.58.60.215 - - [20/Nov/2022:21:34:47 -0500] "GET /forest/ HTTP/1.1" 200 12041
181.58.60.215 - - [20/Nov/2022:21:34:59 -0500] "POST /forest/index.php HTTP/1.1" 200 12268
172.22.2.4 - - [20/Nov/2022:21:34:06 -0500] "GET /BLA/boletinlegal/ HTTP/1.1" 200 61905
181.58.60.215 - - [20/Nov/2022:21:36:08 -0500] "GET /forest/ HTTP/1.1" 200 12041
181.58.60.215 - - [20/Nov/2022:21:36:49 -0500] "POST /forest/index.php HTTP/1.1" 200 12268
216.245.221.92 - - [20/Nov/2022:21:37:17 -0500] "HEAD / HTTP/1.1" 200 -
201.245.192.253 - - [20/Nov/2022:21:37:38 -0500] "POST /kwsrmcab/Wsrmcab  HTTP/1.1" 200 42393
172.22.2.4 - - [20/Nov/2022:21:37:56 -0500] "GET /BLA/boletinlegal/Circulares/2019/.pdf HTTP/1.1" 404 1218
172.22.2.4 - - [20/Nov/2022:21:38:05 -0500] "GET /BLA/boletinlegal/Circulares/2012/Circular%20No.%2010%20del%2026%20de%20Enero%20de%202012.pdf HTTP/1.1" 404 1218
191.95.168.147 - - [20/Nov/2022:21:38:06 -0500] "GET /semana-ecoempresarial-herramientas-para-que-el-sector-economico-de-bogota-pueda-tener-un-crecimiento-verde.html HTTP/1.1" 200 918
172.22.2.4 - - [20/Nov/2022:21:37:42 -0500] "HEAD /BLA/boletinlegal/ HTTP/1.1" 200 -
172.22.2.4 - - [20/Nov/2022:21:38:32 -0500] "GET /BLA/boletinlegal/ HTTP/1.1" 200 58185
201.245.192.253 - - [20/Nov/2022:21:40:58 -0500] "POST /kwsrmcab/Wsrmcab HTTP/1.1" 200 41959
201.245.192.253 - - [20/Nov/2022:21:41:00 -0500] "POST /kwsrmcab/Wsrmcab HTTP/1.1" 200 44068
186.28.150.230 - - [20/Nov/2022:21:42:08 -0500] "GET /BLA/resoluciones/ HTTP/1.1" 200 13093
216.245.221.92 - - [20/Nov/2022:21:42:17 -0500] "HEAD / HTTP/1.1" 200 -
186.28.150.230 - - [20/Nov/2022:21:42:32 -0500] "GET /BLA/resoluciones/index.php?dir=AUTOS+2018%2F HTTP/1.1" 200 440024
201.245.192.253 - - [20/Nov/2022:21:42:37 -0500] "POST /kwsrmcab/Wsrmcab  HTTP/1.1" 200 42393
172.22.2.4 - - [20/Nov/2022:21:43:32 -0500] "HEAD /BLA/boletinlegal/ HTTP/1.1" 200 -
172.22.2.4 - - [20/Nov/2022:21:44:22 -0500] "GET /BLA/boletinlegal/ HTTP/1.1" 200 59779
92.118.39.78 - - [20/Nov/2022:21:46:09 -0500] "GET / HTTP/1.1" 200 319
146.155.13.42 - - [20/Nov/2022:21:46:10 -0500] "GET /galeria/galeria/fotos/diaSC3Peq.jpg HTTP/1.1" 200 24913
114.119.136.168 - - [20/Nov/2022:21:46:19 -0500] "-" 408 -
216.245.221.92 - - [20/Nov/2022:21:47:17 -0500] "HEAD / HTTP/1.1" 200 -
201.245.192.253 - - [20/Nov/2022:21:47:36 -0500] "POST /kwsrmcab/Wsrmcab  HTTP/1.1" 200 42393
186.102.2.13 - - [20/Nov/2022:21:47:52 -0500] "GET /kwssiamovil/sm/acme/a?s=U2FsdGVkX1/eoxcKHAtrk/kMEYn5UWmoV2dFKWor1y4ptVEbGMLiCpw4M7BqMJCRk6Qnd/b80GUREonCyTfQdalMsBXNu4nFCupEnmAZRat92IVfPDt5FOPIbRNvfqHAytsik+/qiFkybi+6IrxWL/TRy8v54obgRybHEWyTYGYeFKFQECzv3b/FiLmGamoFUa50X8KCJ06auhPzOtsb4YF30H1Rzq+gob5X2thnOpy5iG0SoVqFK+spo1VPO79anVLoei7nfHGwTa0JTVFIug==&u=U2FsdGVkX19TAppIT3pTWu7mhxdwft5f+p+YgMhW9P4=&y=U2FsdGVkX18BcuF5OJ/ljTtWh6v6ap06kfmF8UekoKmVtZ57sIUjjsJVSUwwj11o HTTP/1.1" 200 26
186.102.2.13 - - [20/Nov/2022:21:47:53 -0500] "GET /kwssiamovil/sm/acme/a?s=U2FsdGVkX1/Zc4/GOTM7aPCYoBf/S2vCY8a3o2yIjt9ZOrGEFG3DiyKFf4wbcEtarF5XNDsksL5Ka5WfC2KKZ1mLEcUtmbROZKpEL7W+SbLeqPzpidTGQ/n+MFDz4Z5xXX2nOgD3pIVeunWEdN1jZlZJRb+XENQlq47Nn20336L4NkqvF+Uj58auFixwwTThe/7ClC+QdmUPtL7HgNJRTKaoAqkhw6E1PY8x0ejdg92R/LmNfkIuVKqiSr+IEWhy7qlUThbv35kwzbXg+qJr/1v1xz07kw3QiTOzk05aaDK3Dys2826rwXVAXXweJF0uNnhMwXVj6GNzQMfYCA8mnaNDbuUiTr7PYqePMyQtHtquhBFBDrjGdyJu1CI/qPdpHVQ+OTs9H77uKzzVxtmmHlvkRvXlWkHYA900YBWpM1/wPwh6YZl5pLUgLJnCQP/ypgFpqX9yiRc+pA1J5n4J3BMQF/pRwBCqz5mQdy6F2ZYpdPDhz84I+aSmR1GWCY5d7QL2HqaseisIHt7++IkXQBLDS4POLxdFJ7IYp1GJjfBjC/go7Fo4UwrzuYmplpYrINDbweYSsuTu2yjaI0WcbsMM3lbzdOaDJ2hXPmx4SExCLipUYQqrEhf8ltd8k4DQ8hxTgrnRlUtR0RKzbH5mJrD1chtwCxlDFwjaImKGCI5uuakhlU1KYEFUUTFxCM0rNyDq9mu8UGhlc12XovQO2paI5JXjPia/KIVSRlTuIWojoUFhJ69klFXaGBDih3eXZHFxTzWMEbKnPBeIxxEj4ZrlEe7wwoah7jmjgGso9hrKQjyv8BWIZI3VLFm2lt//v14b5wq/64pKxB0Ola2kuYMZvHOWC8o5TwTal7EmUiBoRdVih4XB4SKEW993iJpqgUvEcm/DtV+p4TCbrPNp3oP37YHIwHRxEuMSY07lGqWQP4RYljbV7cPJA5f4CUz7GlnvgL3SD0xVHfjU+arZS0ey1xsW1eFG6odGfTy7EgD4AaNSmYg54g8h8nt/iQxVSVMRTOXjhAqgWTXC7YglV60/KjTBIQ5eeIeidP/94s7HFMzO6sVQPFmrR7D1qOfqkjQHIQsxrcGvA0NQY8mkakIsZVCdHcIDHHX08F7pf7cC0H0dXFvxhQaTIQ/feWDKqY+hSbkOXmDYEJJ4zYe0KT4EMMWzepwVAiA/D5JQzlT0kZIodwyTHtGjXxbmykgb9vTOeacy2Va7FK4O0oEsePogZ64qRJg1CWbAfWiwR58ahsQo+gFkBpNGYYQ2eOaWQqFz4KgyvyvCTuLMrm+eLrajZ+DQX+ovub+EsUaQE89KKNnL9XWZQQMIdu1ecF7Ie0C7yoOPVw4prHGjEHlUyJmzZu9Wg/H3jN3HmkRtVT8RS0kIy0YURCk61WK4eklXA4wth4rUsgGiqItIRJuWsCGZel0tJECwmNEIEIK1TbNlTZbu+RlK094AgEqXcUXbpjcuE0rPcw5xDjJ1xfIT7Pg97k4jZCDbaXe6NTBGX784jZ8NAoyjnZAO1ECMswxrMUcrllWvXbcrOvg76c6d61w0YlJjEplGwHYumk3sLlxevg1Bq3NJt5RckD4H5vfhpNkbzS65kP4/OXfzGqZLB3H+28sshUDEgI+qHPXpXBsh5W51WNfbjWkbTSmuJHa01s2eqEgGMnXVSZUbMJowmGNuJ/+rN0ov152yVvDcHbT3II7DeiAFBMQBvTzR5c8tydgvKPDwUYHWSuV5lwB3+VVP8hRwE3a3rrO/CVGVRUaWgsiu2NwG+1O6QegS2usyc8Nbj2OObnM21Jc9zacjhnqSI/GbtFPobKutks9IMro65BqrsCWwBMnxMgBfGjEobJZ4gw+7jgbhOTTDpKi0UI0QzjGLNpLMGH4bS/zSjKCoAoEW6KiHwqqdLLQmn1JJGTFSkmXR/TutVJBwkCb+AWs9Tq+snc1DYW2bsSU/ZQ1/fL8POVhConR1QdvS9HaFGIAXWeVeHZXf09XM0gUlmNg+XQ1Da1nuuEQIqcVGc6WZFOh397gNe4UmLleSI8BO8+6HV68JDmTuB/8nE962GEtggTr2haTSEjfRZgY47N892maknrGwYL/zg42X8CH0JcN+72TirgVJDmiJUyJsUg==&u=U2FsdGVkX19TAppIT3pTWu7mhxdwft5f+p+YgMhW9P4=&y=U2FsdGVkX18BcuF5OJ/ljTtWh6v6ap06kfmF8UekoKmVtZ57sIUjjsJVSUwwj11o HTTP/1.1" 200 26
186.102.2.13 - - [20/Nov/2022:21:47:53 -0500] "GET /kwssiamovil/sm/acme/a?s=U2FsdGVkX1+e1suIOIybadxJNren/+13pd3p+tcmluSInOZxgGudSQmr44Y59l5KD0o+H/MaxxgSEwEy3k6mLoKYOvG1+5PI/iH2kyer1G/OkLDfByhcMhjxzdZ/sCk8ZUmXAbaQOMv6EH0pew+vuFF3Sv5WJcUZ2omM+TBF5LM=&u=U2FsdGVkX19TAppIT3pTWu7mhxdwft5f+p+YgMhW9P4=&y=U2FsdGVkX18BcuF5OJ/ljTtWh6v6ap06kfmF8UekoKmVtZ57sIUjjsJVSUwwj11o HTTP/1.1" 200 26
186.102.2.13 - - [20/Nov/2022:21:47:53 -0500] "GET /kwssiamovil/sm/acme/a?s=U2FsdGVkX19cvSNIC4/hnUfTf9gyz5vrXeEn3SIxDaxSNt5GkqShHdhWf+9iLmcuoxL1FByAPFQuArWI21AUFyhfqTp9D/HD8E38LT/gHD1xZ9XasCox1KEc3T6xkQRI8XQrOK1x/CmUxaUVVEH4b5lvwkL7A/Cw42/swBYHZGI=&u=U2FsdGVkX19TAppIT3pTWu7mhxdwft5f+p+YgMhW9P4=&y=U2FsdGVkX18BcuF5OJ/ljTtWh6v6ap06kfmF8UekoKmVtZ57sIUjjsJVSUwwj11o HTTP/1.1" 200 26
186.102.2.13 - - [20/Nov/2022:21:47:53 -0500] "GET /kwssiamovil/sm/acme/a?s=U2FsdGVkX18lB1W1CxCh/GXQ3Gl8Djap0jf3eCjQpiXr3CXZ4CpHIlNcqWOgUM4z55bpypjSjAVIVQXr2LmT1q8x7Zmvr+zwQy5Ajv163efN09LqOkr1o0cU2wCPW+8yJ92EO+sDRiCMOZGsp1cspJempR52d15FDSv1tO5vhes=&u=U2FsdGVkX19TAppIT3pTWu7mhxdwft5f+p+YgMhW9P4=&y=U2FsdGVkX18BcuF5OJ/ljTtWh6v6ap06kfmF8UekoKmVtZ57sIUjjsJVSUwwj11o HTTP/1.1" 200 26
186.102.2.13 - - [20/Nov/2022:21:47:54 -0500] "GET /kwssiamovil/sm/acme/a?s=U2FsdGVkX196rmaB+6ZKtZY+8KrPySf1FDgvcVlS04GNtFCzfT0U1RWixvZbqnz7uBC+2O00g5CHbi2spZGndd6Yz5N/wGyzTCoxghqGiBFQfe7zAiHG8yzjqk5FWCM3Slwi/0kVTDSoAh47khZi9E5SxIgpmFNeKN1tIIBwtKxZ1sNagfok2466lYvqORaD1OuHzum4RXC3zWPv6Cz08g==&u=U2FsdGVkX19TAppIT3pTWu7mhxdwft5f+p+YgMhW9P4=&y=U2FsdGVkX18BcuF5OJ/ljTtWh6v6ap06kfmF8UekoKmVtZ57sIUjjsJVSUwwj11o HTTP/1.1" 200 26
172.22.2.4 - - [20/Nov/2022:21:48:55 -0500] "GET /BLA/boletinlegal/styles2.css HTTP/1.1" 200 1838
172.22.2.4 - - [20/Nov/2022:21:48:55 -0500] "GET /BLA/boletinlegal/style.css HTTP/1.1" 200 9406
172.22.2.4 - - [20/Nov/2022:21:48:55 -0500] "GET /BLA/boletinlegal/js/jquery.scrollTo-min.js HTTP/1.1" 200 1150
172.22.2.4 - - [20/Nov/2022:21:48:55 -0500] "GET /BLA/boletinlegal/js/jquery.js HTTP/1.1" 200 57254
172.22.2.4 - - [20/Nov/2022:21:48:55 -0500] "GET /BLA/boletinlegal/images/cabezote%20BLEGAL.jpg HTTP/1.1" 200 118164
172.22.2.4 - - [20/Nov/2022:21:48:55 -0500] "GET /BLA/boletinlegal/js/jquery.scrollShow.js HTTP/1.1" 200 4586
172.22.2.4 - - [20/Nov/2022:21:48:56 -0500] "GET /BLA/boletinlegal/images/subscribe-icon-big.png HTTP/1.1" 200 47702
172.22.2.4 - - [20/Nov/2022:21:48:56 -0500] "GET /BLA/boletinlegal/images/body_bg.jpg HTTP/1.1" 200 1601
172.22.2.4 - - [20/Nov/2022:21:48:56 -0500] "GET /BLA/boletinlegal/images/bg_top.jpg HTTP/1.1" 200 522
172.22.2.4 - - [20/Nov/2022:21:48:56 -0500] "GET /BLA/boletinlegal/images/menu_lft.gif HTTP/1.1" 200 1713
172.22.2.4 - - [20/Nov/2022:21:48:56 -0500] "GET /BLA/boletinlegal/images/menu_bg.jpg HTTP/1.1" 200 620
172.22.2.4 - - [20/Nov/2022:21:48:56 -0500] "GET /BLA/boletinlegal/images/menu_rght.gif HTTP/1.1" 200 1627
172.22.2.4 - - [20/Nov/2022:21:48:56 -0500] "GET /BLA/boletinlegal/images/launch.jpg HTTP/1.1" 200 14577
172.22.2.4 - - [20/Nov/2022:21:48:56 -0500] "GET /BLA/boletinlegal/images/text.jpg HTTP/1.1" 200 568
172.22.2.4 - - [20/Nov/2022:21:48:56 -0500] "GET /BLA/boletinlegal/images/hover.jpg HTTP/1.1" 200 640
172.22.2.4 - - [20/Nov/2022:21:48:56 -0500] "GET /BLA/boletinlegal/images/historia.png HTTP/1.1" 200 52775
172.22.2.4 - - [20/Nov/2022:21:48:56 -0500] "GET /BLA/boletinlegal/images/arr_l.jpg HTTP/1.1" 200 1979
172.22.2.4 - - [20/Nov/2022:21:48:56 -0500] "GET /BLA/boletinlegal/images/registro-usuarios.png HTTP/1.1" 200 8106
172.22.2.4 - - [20/Nov/2022:21:48:56 -0500] "GET /BLA/boletinlegal/images/screen_1.png HTTP/1.1" 200 202547
172.22.2.4 - - [20/Nov/2022:21:48:58 -0500] "GET /BLA/boletinlegal/normativa.php HTTP/1.1" 200 8333
172.22.2.4 - - [20/Nov/2022:21:48:58 -0500] "GET /BLA/boletinlegal/js/ajax_normativa.js HTTP/1.1" 200 1154
172.22.2.4 - - [20/Nov/2022:21:48:58 -0500] "GET /BLA/boletinlegal/niceforms.js HTTP/1.1" 200 22876
172.22.2.4 - - [20/Nov/2022:21:48:58 -0500] "GET /BLA/boletinlegal/niceforms-default.css HTTP/1.1" 200 6694
172.22.2.4 - - [20/Nov/2022:21:48:58 -0500] "GET /BLA/boletinlegal/images/footer_bg.jpg HTTP/1.1" 200 586
172.22.2.4 - - [20/Nov/2022:21:48:58 -0500] "GET /BLA/boletinlegal/images/icono-email.png HTTP/1.1" 200 5544
172.22.2.4 - - [20/Nov/2022:21:48:58 -0500] "GET /BLA/boletinlegal/images/footer_bg_l.jpg HTTP/1.1" 200 776
172.22.2.4 - - [20/Nov/2022:21:48:58 -0500] "GET /BLA/boletinlegal/images/tel.png HTTP/1.1" 200 14477
172.22.2.4 - - [20/Nov/2022:21:48:58 -0500] "GET /BLA/boletinlegal/img/0.png HTTP/1.1" 200 110
172.22.2.4 - - [20/Nov/2022:21:48:58 -0500] "GET /BLA/boletinlegal/img/select-right.png HTTP/1.1" 200 44019
172.22.2.4 - - [20/Nov/2022:21:48:58 -0500] "GET /BLA/boletinlegal/img/select-left.png HTTP/1.1" 200 263
172.22.2.4 - - [20/Nov/2022:21:48:58 -0500] "GET /BLA/boletinlegal/img/button-left.png HTTP/1.1" 200 57071
172.22.2.4 - - [20/Nov/2022:21:48:58 -0500] "GET /BLA/boletinlegal/img/button.png HTTP/1.1" 200 43241
172.22.2.4 - - [20/Nov/2022:21:48:58 -0500] "GET /BLA/boletinlegal/img/button-right.png HTTP/1.1" 200 57878
172.22.2.4 - - [20/Nov/2022:21:48:58 -0500] "GET /BLA/boletinlegal/favicon.ico HTTP/1.1" 404 1238
172.22.2.4 - - [20/Nov/2022:21:49:00 -0500] "GET /BLA/boletinlegal/actos.php HTTP/1.1" 200 9566
172.22.2.4 - - [20/Nov/2022:21:49:00 -0500] "GET /BLA/boletinlegal/js/ajax_actos.js HTTP/1.1" 200 1322
172.22.2.4 - - [20/Nov/2022:21:49:00 -0500] "GET /BLA/boletinlegal/js/jquery1.js HTTP/1.1" 200 29846
172.22.2.4 - - [20/Nov/2022:21:49:00 -0500] "GET /BLA/boletinlegal/js/lib.js HTTP/1.1" 200 6474
172.22.2.4 - - [20/Nov/2022:21:49:00 -0500] "GET /BLA/boletinlegal/js/popup.js HTTP/1.1" 200 1270
172.22.2.4 - - [20/Nov/2022:21:49:00 -0500] "GET /BLA/boletinlegal/images/green-yellow-blue-pink-th.png HTTP/1.1" 200 7394
172.22.2.4 - - [20/Nov/2022:21:49:04 -0500] "GET /BLA/boletinlegal/consulta_actos.php?tipo=resoluciones&no=&usuario=&sector=&fecha=2022&resuelve= HTTP/1.1" 200 2726710
172.22.2.4 - - [20/Nov/2022:21:49:04 -0500] "GET /BLA/boletinlegal/images/pdf.gif HTTP/1.1" 200 567
172.22.2.4 - - [20/Nov/2022:21:49:05 -0500] "GET /BLA/boletinlegal/images/background.gif HTTP/1.1" 200 -
172.22.2.4 - - [20/Nov/2022:21:48:55 -0500] "GET /BLA/boletinlegal/ HTTP/1.1" 200 24523
40.77.167.13 - - [20/Nov/2022:21:50:11 -0500] "GET /BLA/resoluciones/RESOLUCIONES%202001/2001%20250-299.TIF HTTP/1.1" 200 9212960
186.84.20.15 - - [20/Nov/2022:21:50:54 -0500] "GET /BLA/resoluciones/RESOLUCIONES%202022/1065.pdf HTTP/1.1" 200 331812
186.84.20.15 - - [20/Nov/2022:21:50:54 -0500] "GET /BLA/resoluciones/RESOLUCIONES%202022/1065.pdf HTTP/1.1" 206 1025
186.84.20.15 - - [20/Nov/2022:21:50:54 -0500] "GET /BLA/resoluciones/RESOLUCIONES%202022/1065.pdf HTTP/1.1" 200 331812
186.84.20.15 - - [20/Nov/2022:21:50:58 -0500] "GET /BLA/resoluciones/RESOLUCIONES%202022/1065.pdf HTTP/1.1" 206 3072
172.22.2.4 - - [20/Nov/2022:21:49:22 -0500] "HEAD /BLA/boletinlegal/ HTTP/1.1" 200 -
186.84.20.15 - - [20/Nov/2022:21:51:07 -0500] "GET /BLA/resoluciones/RESOLUCIONES%202022/0312.pdf HTTP/1.1" 200 6486913
186.84.20.15 - - [20/Nov/2022:21:51:08 -0500] "GET /BLA/resoluciones/RESOLUCIONES%202022/0312.pdf HTTP/1.1" 206 1025
186.84.20.15 - - [20/Nov/2022:21:51:08 -0500] "GET /BLA/resoluciones/RESOLUCIONES%202022/0312.pdf HTTP/1.1" 200 6486913
172.22.2.4 - - [20/Nov/2022:21:50:12 -0500] "GET /BLA/boletinlegal/ HTTP/1.1" 200 55272
216.245.221.92 - - [20/Nov/2022:21:52:17 -0500] "HEAD / HTTP/1.1" 200 -
40.77.167.13 - - [20/Nov/2022:21:52:21 -0500] "GET /Residuos/vehiculos/files/guia_lavado-vehic.pdf HTTP/1.1" 304 -
201.245.192.253 - - [20/Nov/2022:21:52:35 -0500] "POST /kwsrmcab/Wsrmcab  HTTP/1.1" 200 42393
157.55.39.206 - - [20/Nov/2022:21:55:24 -0500] "GET /galeria/galeria/fotos/Humedal-Santa-Mar%C3%ADa-del-Lago4G.jpg HTTP/1.1" 200 361652
185.119.81.98 - - [20/Nov/2022:21:56:51 -0500] "GET /portaldeninos/wp-login.php HTTP/1.1" 200 2592
172.22.2.4 - - [20/Nov/2022:21:55:12 -0500] "HEAD /BLA/boletinlegal/ HTTP/1.1" 200 -
185.119.81.98 - - [20/Nov/2022:21:56:52 -0500] "POST /portaldeninos/wp-login.php HTTP/1.1" 200 3605
161.18.214.22 - - [20/Nov/2022:21:57:02 -0500] "GET /POT-2013/Cartografia/Anexo01_Sistema_Hidrico.pdf HTTP/1.1" 200 5860035
161.18.214.22 - - [20/Nov/2022:21:57:02 -0500] "GET /favicon.ico HTTP/1.1" 200 7782
216.245.221.92 - - [20/Nov/2022:21:57:17 -0500] "HEAD / HTTP/1.1" 200 -
201.245.192.253 - - [20/Nov/2022:21:57:34 -0500] "POST /kwsrmcab/Wsrmcab  HTTP/1.1" 200 42393
172.22.2.4 - - [20/Nov/2022:21:56:02 -0500] "GET /BLA/boletinlegal/ HTTP/1.1" 200 46153
20.231.101.203 - - [20/Nov/2022:21:56:13 -0500] "GET /BLA/boletinlegal/ HTTP/1.1" 200 47659
172.22.2.4 - - [20/Nov/2022:21:58:43 -0500] "GET /BLA/boletinlegal/jurisprudencia/analisis/AnalisisT-606-15.docx HTTP/1.1" 200 26698
172.22.2.4 - - [20/Nov/2022:22:00:07 -0500] "GET /BLA/boletinlegal/style.css HTTP/1.1" 200 9406
172.22.2.4 - - [20/Nov/2022:22:00:07 -0500] "GET /BLA/boletinlegal/styles2.css HTTP/1.1" 200 1838
172.22.2.4 - - [20/Nov/2022:22:00:07 -0500] "GET /BLA/boletinlegal/js/jquery.js HTTP/1.1" 200 57254
172.22.2.4 - - [20/Nov/2022:22:00:07 -0500] "GET /BLA/boletinlegal/js/jquery.scrollShow.js HTTP/1.1" 200 4586
172.22.2.4 - - [20/Nov/2022:22:00:07 -0500] "GET /BLA/boletinlegal/js/jquery.scrollTo-min.js HTTP/1.1" 200 1150
172.22.2.4 - - [20/Nov/2022:22:00:07 -0500] "GET /BLA/boletinlegal/images/subscribe-icon-big.png HTTP/1.1" 200 47702
172.22.2.4 - - [20/Nov/2022:22:00:07 -0500] "GET /BLA/boletinlegal/images/cabezote%20BLEGAL.jpg HTTP/1.1" 200 118164
172.22.2.4 - - [20/Nov/2022:22:00:07 -0500] "GET /BLA/boletinlegal/images/historia.png HTTP/1.1" 200 52775
172.22.2.4 - - [20/Nov/2022:22:00:07 -0500] "GET /BLA/boletinlegal/images/arr_l.jpg HTTP/1.1" 200 1979
172.22.2.4 - - [20/Nov/2022:22:00:07 -0500] "GET /BLA/boletinlegal/images/registro-usuarios.png HTTP/1.1" 200 8106
172.22.2.4 - - [20/Nov/2022:22:00:07 -0500] "GET /BLA/boletinlegal/images/screen_1.png HTTP/1.1" 200 202547
172.22.2.4 - - [20/Nov/2022:22:00:07 -0500] "GET /BLA/boletinlegal/images/launch.jpg HTTP/1.1" 200 14577
172.22.2.4 - - [20/Nov/2022:22:00:07 -0500] "GET /BLA/boletinlegal/images/menu_rght.gif HTTP/1.1" 200 1627
172.22.2.4 - - [20/Nov/2022:22:00:07 -0500] "GET /BLA/boletinlegal/images/body_bg.jpg HTTP/1.1" 200 1601
172.22.2.4 - - [20/Nov/2022:22:00:07 -0500] "GET /BLA/boletinlegal/images/menu_lft.gif HTTP/1.1" 200 1713
172.22.2.4 - - [20/Nov/2022:22:00:07 -0500] "GET /BLA/boletinlegal/images/bg_top.jpg HTTP/1.1" 200 522
172.22.2.4 - - [20/Nov/2022:22:00:07 -0500] "GET /BLA/boletinlegal/images/text.jpg HTTP/1.1" 200 568
172.22.2.4 - - [20/Nov/2022:22:00:07 -0500] "GET /BLA/boletinlegal/images/hover.jpg HTTP/1.1" 200 640
172.22.2.4 - - [20/Nov/2022:22:00:07 -0500] "GET /BLA/boletinlegal/images/menu_bg.jpg HTTP/1.1" 200 620
172.22.2.4 - - [20/Nov/2022:22:00:14 -0500] "GET /BLA/boletinlegal/images/screen_2.png HTTP/1.1" 200 362502
172.22.2.4 - - [20/Nov/2022:22:00:14 -0500] "GET /BLA/boletinlegal/images/screen_5.png HTTP/1.1" 200 368876
172.22.2.4 - - [20/Nov/2022:22:00:14 -0500] "GET /BLA/boletinlegal/images/screen_3.png HTTP/1.1" 200 210620
172.22.2.4 - - [20/Nov/2022:22:00:14 -0500] "GET /BLA/boletinlegal/images/arr_r.jpg HTTP/1.1" 200 1998
172.22.2.4 - - [20/Nov/2022:22:00:14 -0500] "GET /BLA/boletinlegal/images/footer_bg.jpg HTTP/1.1" 200 586
172.22.2.4 - - [20/Nov/2022:22:00:15 -0500] "GET /BLA/boletinlegal/actos.php HTTP/1.1" 200 9566
172.22.2.4 - - [20/Nov/2022:22:00:15 -0500] "GET /BLA/boletinlegal/js/ajax_actos.js HTTP/1.1" 200 1322
172.22.2.4 - - [20/Nov/2022:22:00:15 -0500] "GET /BLA/boletinlegal/niceforms.js HTTP/1.1" 200 22876
172.22.2.4 - - [20/Nov/2022:22:00:15 -0500] "GET /BLA/boletinlegal/niceforms-default.css HTTP/1.1" 200 6694
172.22.2.4 - - [20/Nov/2022:22:00:15 -0500] "GET /BLA/boletinlegal/js/lib.js HTTP/1.1" 200 6474
172.22.2.4 - - [20/Nov/2022:22:00:15 -0500] "GET /BLA/boletinlegal/js/popup.js HTTP/1.1" 200 1270
172.22.2.4 - - [20/Nov/2022:22:00:15 -0500] "GET /BLA/boletinlegal/js/jquery1.js HTTP/1.1" 200 29846
172.22.2.4 - - [20/Nov/2022:22:00:15 -0500] "GET /BLA/boletinlegal/images/green-yellow-blue-pink-th.png HTTP/1.1" 200 7394
172.22.2.4 - - [20/Nov/2022:22:00:15 -0500] "GET /BLA/boletinlegal/images/tel.png HTTP/1.1" 200 14477
172.22.2.4 - - [20/Nov/2022:22:00:15 -0500] "GET /BLA/boletinlegal/images/icono-email.png HTTP/1.1" 200 5544
172.22.2.4 - - [20/Nov/2022:22:00:15 -0500] "GET /BLA/boletinlegal/images/footer_bg_l.jpg HTTP/1.1" 200 776
172.22.2.4 - - [20/Nov/2022:22:00:15 -0500] "GET /BLA/boletinlegal/img/0.png HTTP/1.1" 200 110
172.22.2.4 - - [20/Nov/2022:22:00:15 -0500] "GET /BLA/boletinlegal/img/select-left.png HTTP/1.1" 200 263
172.22.2.4 - - [20/Nov/2022:22:00:15 -0500] "GET /BLA/boletinlegal/img/select-right.png HTTP/1.1" 200 44019
172.22.2.4 - - [20/Nov/2022:22:00:15 -0500] "GET /BLA/boletinlegal/img/button-left.png HTTP/1.1" 200 57071
172.22.2.4 - - [20/Nov/2022:22:00:15 -0500] "GET /BLA/boletinlegal/img/button-right.png HTTP/1.1" 200 57878
172.22.2.4 - - [20/Nov/2022:22:00:15 -0500] "GET /BLA/boletinlegal/img/button.png HTTP/1.1" 200 43241
172.22.2.4 - - [20/Nov/2022:22:00:15 -0500] "GET /BLA/boletinlegal/favicon.ico HTTP/1.1" 404 1326
51.159.194.233 - - [20/Nov/2022:22:00:27 -0500] "GET /semana-ecoempresarial-herramientas-para-que-el-sector-economico-de-bogota-pueda-tener-un-crecimiento-verde.html HTTP/1.1" 200 918
51.159.194.233 - - [20/Nov/2022:22:00:28 -0500] "GET /images/semana-eco_optimized.jpeg HTTP/1.1" 200 63465
172.22.2.4 - - [20/Nov/2022:22:00:39 -0500] "GET /BLA/boletinlegal/consulta_actos.php?tipo=autos&no=6288&usuario=&sector=&fecha=2014&resuelve= HTTP/1.1" 200 1542
172.22.2.4 - - [20/Nov/2022:22:00:39 -0500] "GET /BLA/boletinlegal/images/pdf.gif HTTP/1.1" 200 567
172.22.2.4 - - [20/Nov/2022:22:00:39 -0500] "GET /BLA/boletinlegal/images/background.gif HTTP/1.1" 200 -
200.118.63.86 - - [20/Nov/2022:22:00:41 -0500] "GET /BLA/resoluciones/ HTTP/1.1" 200 13093
200.118.63.86 - - [20/Nov/2022:22:00:41 -0500] "GET /BLA/resoluciones/dlf/styles.css HTTP/1.1" 200 3049
200.118.63.86 - - [20/Nov/2022:22:00:41 -0500] "GET /BLA/resoluciones/dlf/folder.png HTTP/1.1" 200 410
200.118.63.86 - - [20/Nov/2022:22:00:41 -0500] "GET /BLA/resoluciones/dlf/bg.gif HTTP/1.1" 200 54
200.118.63.86 - - [20/Nov/2022:22:00:41 -0500] "GET /favicon.ico HTTP/1.1" 200 7782
200.118.63.86 - - [20/Nov/2022:22:00:44 -0500] "GET /BLA/resoluciones/dlf/dirup.png HTTP/1.1" 200 644
200.118.63.86 - - [20/Nov/2022:22:00:44 -0500] "GET /BLA/resoluciones/dlf/pdf.gif HTTP/1.1" 200 272
200.118.63.86 - - [20/Nov/2022:22:00:44 -0500] "GET /BLA/resoluciones/index.php?dir=AUTOS+2014%2F HTTP/1.1" 200 884658
200.118.63.86 - - [20/Nov/2022:22:00:45 -0500] "GET /BLA/resoluciones/dlf/unknown.png HTTP/1.1" 200 266
172.22.2.4 - - [20/Nov/2022:22:00:07 -0500] "GET /BLA/boletinlegal/ HTTP/1.1" 200 32715
216.245.221.92 - - [20/Nov/2022:22:02:17 -0500] "HEAD / HTTP/1.1" 200 -
201.245.192.253 - - [20/Nov/2022:22:02:33 -0500] "POST /kwsrmcab/Wsrmcab  HTTP/1.1" 200 42393
172.22.2.4 - - [20/Nov/2022:22:01:02 -0500] "HEAD /BLA/boletinlegal/ HTTP/1.1" 200 -
185.119.81.109 - - [20/Nov/2022:22:03:01 -0500] "GET /portaldeninos/wp-login.php HTTP/1.1" 200 2592
185.119.81.109 - - [20/Nov/2022:22:03:02 -0500] "POST /portaldeninos/wp-login.php HTTP/1.1" 200 3650
172.22.2.4 - - [20/Nov/2022:22:01:52 -0500] "GET /BLA/boletinlegal/ HTTP/1.1" 200 57824
172.22.2.4 - - [20/Nov/2022:22:04:23 -0500] "GET /BLA/boletinlegal/Directivas/2018/Directiva%20No.%2025%20del%2027%20de%20diciembre%20de%202018.pdf HTTP/1.1" 304 -
216.245.221.92 - - [20/Nov/2022:22:07:17 -0500] "HEAD / HTTP/1.1" 200 -
201.245.192.253 - - [20/Nov/2022:22:07:32 -0500] "POST /kwsrmcab/Wsrmcab  HTTP/1.1" 200 42393
181.59.3.177 - - [20/Nov/2022:22:08:01 -0500] "GET /galeria/galeria/jquery.fancybox.css?v=2.1.5 HTTP/1.1" 200 4895
181.59.3.177 - - [20/Nov/2022:22:08:01 -0500] "GET /galeria/galeria/jquery.fancybox.js?v=2.1.5 HTTP/1.1" 200 48706
181.59.3.177 - - [20/Nov/2022:22:08:01 -0500] "GET /BLA/boletinlegal/js/jquery.scrollShow.js HTTP/1.1" 200 4586
172.22.2.4 - - [20/Nov/2022:22:06:52 -0500] "HEAD /BLA/boletinlegal/ HTTP/1.1" 200 -
71.6.232.27 - - [20/Nov/2022:22:09:07 -0500] "GET / HTTP/1.1" 200 319
23.88.66.12 - - [20/Nov/2022:22:08:55 -0500] "GET / HTTP/1.1" 200 319
172.22.2.4 - - [20/Nov/2022:22:07:42 -0500] "GET /BLA/boletinlegal/ HTTP/1.1" 200 57824
23.88.66.12 - - [20/Nov/2022:22:09:11 -0500] "GET / HTTP/1.1" 200 319
170.64.140.29 - - [20/Nov/2022:22:09:40 -0500] "\x16\x03\x01" 400 226
170.64.140.29 - - [20/Nov/2022:22:09:41 -0500] "\x16\x03\x01" 400 226
170.64.140.29 - - [20/Nov/2022:22:09:41 -0500] "GET / HTTP/1.1" 200 319
23.88.66.12 - - [20/Nov/2022:22:09:27 -0500] "GET /wp-includes/wlwmanifest.xml HTTP/1.1" 404 1018
23.88.66.12 - - [20/Nov/2022:22:09:46 -0500] "GET /xmlrpc.php?rsd HTTP/1.1" 404 1018
23.88.66.12 - - [20/Nov/2022:22:10:02 -0500] "GET /blog/wp-includes/wlwmanifest.xml HTTP/1.1" 404 1018
23.88.66.12 - - [20/Nov/2022:22:10:18 -0500] "GET /web/wp-includes/wlwmanifest.xml HTTP/1.1" 404 1018
23.88.66.12 - - [20/Nov/2022:22:10:34 -0500] "GET /wordpress/wp-includes/wlwmanifest.xml HTTP/1.1" 404 1018
185.119.81.98 - - [20/Nov/2022:22:10:53 -0500] "GET /portaldeninos/wp-login.php HTTP/1.1" 200 2592
185.119.81.98 - - [20/Nov/2022:22:10:54 -0500] "POST /portaldeninos/wp-login.php HTTP/1.1" 200 3605
23.88.66.12 - - [20/Nov/2022:22:10:53 -0500] "GET /website/wp-includes/wlwmanifest.xml HTTP/1.1" 404 1018
52.13.38.214 - - [20/Nov/2022:22:11:12 -0500] "GET /portaldeninos/wp-content/uploads/2020/01/Tierra-escenario.jpg HTTP/1.1" 200 181491
23.88.66.12 - - [20/Nov/2022:22:11:09 -0500] "GET /wp/wp-includes/wlwmanifest.xml HTTP/1.1" 404 1018
77.238.209.82 - - [20/Nov/2022:22:11:39 -0500] "GET / HTTP/1.1" 200 319
23.88.66.12 - - [20/Nov/2022:22:11:25 -0500] "GET /news/wp-includes/wlwmanifest.xml HTTP/1.1" 404 1018
173.252.127.6 - - [20/Nov/2022:22:11:42 -0500] "GET /images/Musgo%20SDA%20(1)%20(1).png HTTP/1.1" 200 302122
173.252.127.117 - - [20/Nov/2022:22:11:42 -0500] "GET /images/Acuerdos%2001%20(1)%20(1).jpeg HTTP/1.1" 200 32884
173.252.127.3 - - [20/Nov/2022:22:11:49 -0500] "GET /images/Reciclaton%20Nov%202022%20(1)%20(1).jpeg HTTP/1.1" 200 53811
23.88.66.12 - - [20/Nov/2022:22:11:41 -0500] "GET /2020/wp-includes/wlwmanifest.xml HTTP/1.1" 404 1018
23.88.66.12 - - [20/Nov/2022:22:11:57 -0500] "GET /2019/wp-includes/wlwmanifest.xml HTTP/1.1" 404 1018
216.245.221.92 - - [20/Nov/2022:22:12:17 -0500] "HEAD / HTTP/1.1" 200 -
201.245.192.253 - - [20/Nov/2022:22:12:31 -0500] "POST /kwsrmcab/Wsrmcab  HTTP/1.1" 200 42393
23.88.66.12 - - [20/Nov/2022:22:12:22 -0500] "GET /wp1/wp-includes/wlwmanifest.xml HTTP/1.1" 404 1018
23.88.66.12 - - [20/Nov/2022:22:12:39 -0500] "GET /test/wp-includes/wlwmanifest.xml HTTP/1.1" 404 1018
23.88.66.12 - - [20/Nov/2022:22:12:56 -0500] "GET /wp2/wp-includes/wlwmanifest.xml HTTP/1.1" 404 1018
23.88.66.12 - - [20/Nov/2022:22:13:12 -0500] "GET /site/wp-includes/wlwmanifest.xml HTTP/1.1" 404 1018
23.88.66.12 - - [20/Nov/2022:22:13:28 -0500] "GET /cms/wp-includes/wlwmanifest.xml HTTP/1.1" 404 1018
172.22.2.4 - - [20/Nov/2022:22:12:42 -0500] "HEAD /BLA/boletinlegal/ HTTP/1.1" 200 -
172.22.2.4 - - [20/Nov/2022:22:13:32 -0500] "GET /BLA/boletinlegal/ HTTP/1.1" 200 58185
40.77.167.57 - - [20/Nov/2022:22:16:20 -0500] "GET /BLA/resoluciones/RESOLUCIONES%202000/2000%201650-1699.tif HTTP/1.1" 200 5529401
216.245.221.92 - - [20/Nov/2022:22:17:17 -0500] "HEAD / HTTP/1.1" 200 -
201.245.192.253 - - [20/Nov/2022:22:17:30 -0500] "POST /kwsrmcab/Wsrmcab  HTTP/1.1" 200 42393
185.119.81.109 - - [20/Nov/2022:22:18:10 -0500] "GET /portaldeninos/wp-login.php HTTP/1.1" 200 2592
185.119.81.109 - - [20/Nov/2022:22:18:11 -0500] "POST /portaldeninos/wp-login.php HTTP/1.1" 200 3650
172.22.2.4 - - [20/Nov/2022:22:18:32 -0500] "HEAD /BLA/boletinlegal/ HTTP/1.1" 200 -
201.245.192.253 - - [20/Nov/2022:22:20:58 -0500] "POST /kwsrmcab/Wsrmcab HTTP/1.1" 200 41957
172.22.2.4 - - [20/Nov/2022:22:19:22 -0500] "GET /BLA/boletinlegal/ HTTP/1.1" 200 59779
201.245.192.253 - - [20/Nov/2022:22:21:01 -0500] "POST /kwsrmcab/Wsrmcab HTTP/1.1" 200 44067
216.245.221.92 - - [20/Nov/2022:22:22:17 -0500] "HEAD / HTTP/1.1" 200 -
201.245.192.253 - - [20/Nov/2022:22:22:29 -0500] "POST /kwsrmcab/Wsrmcab  HTTP/1.1" 200 42393
172.22.2.4 - - [20/Nov/2022:22:25:40 -0500] "GET /BLA/boletinlegal/consulta_actos.php?tipo=autos&no=5982&usuario=&sector=&fecha=2014&resuelve= HTTP/1.1" 200 1076
200.118.63.86 - - [20/Nov/2022:22:25:41 -0500] "GET /BLA/resoluciones/ HTTP/1.1" 200 13093
200.118.63.86 - - [20/Nov/2022:22:25:43 -0500] "GET /BLA/resoluciones/index.php?dir=AUTOS+2014%2F HTTP/1.1" 200 884658
172.22.2.4 - - [20/Nov/2022:22:24:22 -0500] "HEAD /BLA/boletinlegal/ HTTP/1.1" 200 -
200.118.63.86 - - [20/Nov/2022:22:26:34 -0500] "GET /BLA/resoluciones/AUTOS%202014/5982.pdf HTTP/1.1" 200 542099
192.241.213.42 - - [20/Nov/2022:22:26:36 -0500] "GET / HTTP/1.1" 200 319
172.22.2.4 - - [20/Nov/2022:22:25:12 -0500] "GET /BLA/boletinlegal/ HTTP/1.1" 200 59779
216.245.221.92 - - [20/Nov/2022:22:27:17 -0500] "HEAD / HTTP/1.1" 200 -
201.245.192.253 - - [20/Nov/2022:22:27:28 -0500] "POST /kwsrmcab/Wsrmcab  HTTP/1.1" 200 42393
201.245.192.253 - - [20/Nov/2022:22:30:58 -0500] "POST /kwsrmcab/Wsrmcab HTTP/1.1" 200 41957
201.245.192.253 - - [20/Nov/2022:22:31:01 -0500] "POST /kwsrmcab/Wsrmcab HTTP/1.1" 200 44067
207.46.13.56 - - [20/Nov/2022:22:31:18 -0500] "GET /semana-ambiental-2022-del-31-de-mayo-al-5-de-junio-se-celebrara-en-bogota.html HTTP/1.1" 304 -
172.22.2.4 - - [20/Nov/2022:22:30:12 -0500] "HEAD /BLA/boletinlegal/ HTTP/1.1" 200 -
216.245.221.92 - - [20/Nov/2022:22:32:17 -0500] "HEAD / HTTP/1.1" 200 -
201.245.192.253 - - [20/Nov/2022:22:32:27 -0500] "POST /kwsrmcab/Wsrmcab  HTTP/1.1" 200 42393
172.22.2.4 - - [20/Nov/2022:22:31:02 -0500] "GET /BLA/boletinlegal/ HTTP/1.1" 200 57192
191.111.17.213 - - [20/Nov/2022:22:34:57 -0500] "GET /BLA/resoluciones/ HTTP/1.1" 200 13093
191.111.17.213 - - [20/Nov/2022:22:35:13 -0500] "GET /BLA/resoluciones/index.php?dir=RESOLUCIONES+2009%2F HTTP/1.1" 200 1694101
191.111.17.213 - - [20/Nov/2022:22:35:26 -0500] "GET /BLA/resoluciones/RESOLUCIONES%202009/4119.pdf HTTP/1.1" 200 841467
191.111.17.213 - - [20/Nov/2022:22:35:26 -0500] "GET /BLA/resoluciones/RESOLUCIONES%202009/4119.pdf HTTP/1.1" 206 1025
191.111.17.213 - - [20/Nov/2022:22:35:26 -0500] "GET /BLA/resoluciones/RESOLUCIONES%202009/4119.pdf HTTP/1.1" 200 841467
172.22.2.4 - - [20/Nov/2022:22:34:00 -0500] "GET /BLA/boletinlegal/ HTTP/1.1" 200 60741
191.111.17.213 - - [20/Nov/2022:22:35:50 -0500] "GET /BLA/resoluciones/RESOLUCIONES%202009/4115.pdf HTTP/1.1" 200 668404
191.111.17.213 - - [20/Nov/2022:22:35:50 -0500] "GET /BLA/resoluciones/RESOLUCIONES%202009/4115.pdf HTTP/1.1" 200 668404
191.111.17.213 - - [20/Nov/2022:22:35:50 -0500] "GET /BLA/resoluciones/RESOLUCIONES%202009/4115.pdf HTTP/1.1" 206 1025
191.111.17.213 - - [20/Nov/2022:22:36:42 -0500] "GET /BLA/resoluciones/RESOLUCIONES%202009/7203.pdf HTTP/1.1" 200 879200
191.111.17.213 - - [20/Nov/2022:22:36:42 -0500] "GET /BLA/resoluciones/RESOLUCIONES%202009/7203.pdf HTTP/1.1" 200 879200
191.111.17.213 - - [20/Nov/2022:22:36:42 -0500] "GET /BLA/resoluciones/RESOLUCIONES%202009/7203.pdf HTTP/1.1" 206 1025
191.111.17.213 - - [20/Nov/2022:22:36:43 -0500] "GET /BLA/resoluciones/RESOLUCIONES%202009/7203.pdf HTTP/1.1" 206 3072
216.245.221.92 - - [20/Nov/2022:22:37:16 -0500] "HEAD / HTTP/1.1" 200 -
201.245.192.253 - - [20/Nov/2022:22:37:25 -0500] "POST /kwsrmcab/Wsrmcab  HTTP/1.1" 200 42393
172.22.2.4 - - [20/Nov/2022:22:36:02 -0500] "HEAD /BLA/boletinlegal/ HTTP/1.1" 200 -
141.255.166.2 - - [20/Nov/2022:22:37:47 -0500] "GET / HTTP/1.1" 200 319
172.22.2.4 - - [20/Nov/2022:22:37:47 -0500] "GET /BLA/boletinlegal/Circulares/2019/.pdf HTTP/1.1" 404 1218
172.22.2.4 - - [20/Nov/2022:22:37:56 -0500] "GET /BLA/boletinlegal/Circulares/2012/Circular%20No.%2010%20del%2026%20de%20Enero%20de%202012.pdf HTTP/1.1" 404 1218
191.111.17.213 - - [20/Nov/2022:22:38:21 -0500] "GET /BLA/resoluciones/index.php?dir=RESOLUCIONES+2014%2F HTTP/1.1" 200 334019
172.22.2.4 - - [20/Nov/2022:22:36:52 -0500] "GET /BLA/boletinlegal/ HTTP/1.1" 200 59779
191.111.17.213 - - [20/Nov/2022:22:38:35 -0500] "GET /BLA/resoluciones/RESOLUCIONES%202014/2584.pdf HTTP/1.1" 200 281525
191.111.17.213 - - [20/Nov/2022:22:38:35 -0500] "GET /BLA/resoluciones/RESOLUCIONES%202014/2584.pdf HTTP/1.1" 206 1025
191.111.17.213 - - [20/Nov/2022:22:38:35 -0500] "GET /BLA/resoluciones/RESOLUCIONES%202014/2584.pdf HTTP/1.1" 200 281525
173.252.107.17 - - [20/Nov/2022:22:39:59 -0500] "GET /semana-ecoempresarial-herramientas-para-que-el-sector-economico-de-bogota-pueda-tener-un-crecimiento-verde.html HTTP/1.1" 206 918
173.252.107.17 - - [20/Nov/2022:22:40:00 -0500] "GET /images/semana-eco_optimized.jpeg HTTP/1.1" 200 63465
69.171.251.10 - - [20/Nov/2022:22:40:12 -0500] "GET /images/semana-eco_optimized.jpeg HTTP/1.1" 200 63465
66.249.73.100 - - [20/Nov/2022:22:40:15 -0500] "-" 408 -
173.252.107.5 - - [20/Nov/2022:22:40:19 -0500] "GET /semana-ecoempresarial-herramientas-para-que-el-sector-economico-de-bogota-pueda-tener-un-crecimiento-verde.html HTTP/1.1" 206 918
201.245.192.253 - - [20/Nov/2022:22:40:58 -0500] "POST /kwsrmcab/Wsrmcab HTTP/1.1" 200 41957
201.245.192.253 - - [20/Nov/2022:22:41:01 -0500] "POST /kwsrmcab/Wsrmcab HTTP/1.1" 200 44067
216.245.221.92 - - [20/Nov/2022:22:42:17 -0500] "HEAD / HTTP/1.1" 200 -
201.245.192.253 - - [20/Nov/2022:22:42:24 -0500] "POST /kwsrmcab/Wsrmcab  HTTP/1.1" 200 42393
172.22.2.4 - - [20/Nov/2022:22:41:52 -0500] "HEAD /BLA/boletinlegal/ HTTP/1.1" 200 -
172.22.2.4 - - [20/Nov/2022:22:42:42 -0500] "GET /BLA/boletinlegal/ HTTP/1.1" 200 58185
66.249.66.60 - - [20/Nov/2022:22:44:55 -0500] "-" 408 -
31.13.103.24 - - [20/Nov/2022:22:46:29 -0500] "GET /zorro-cangrejo-mamifero-que-recorrio-el-humedal-torca-guaymaral.html HTTP/1.1" 206 890
31.13.103.24 - - [20/Nov/2022:22:46:29 -0500] "GET /zorro-cangrejo-mamifero-que-recorrio-el-humedal-torca-guaymaral.html HTTP/1.1" 206 890
31.13.103.7 - - [20/Nov/2022:22:46:31 -0500] "GET /images/zorro-12-sept_optimized.jpeg HTTP/1.1" 200 26663
31.13.103.2 - - [20/Nov/2022:22:46:34 -0500] "GET /images/zorro-12-sept_optimized.jpeg HTTP/1.1" 200 26663
31.13.103.116 - - [20/Nov/2022:22:46:46 -0500] "GET /calidad-del-aire-de-bogota-se-ha-visto-afectada-por-incendios-que-se-presentan-en-brasil.html HTTP/1.1" 206 904
31.13.103.3 - - [20/Nov/2022:22:46:47 -0500] "GET /calidad-del-aire-de-bogota-se-ha-visto-afectada-por-incendios-que-se-presentan-en-brasil.html HTTP/1.1" 206 904
31.13.103.8 - - [20/Nov/2022:22:46:48 -0500] "GET /images/imagen-satelital_optimized.jpeg HTTP/1.1" 200 41575
31.13.103.1 - - [20/Nov/2022:22:46:52 -0500] "GET /images/imagen-satelital_optimized.jpeg HTTP/1.1" 200 41575
216.245.221.92 - - [20/Nov/2022:22:47:17 -0500] "HEAD / HTTP/1.1" 200 -
201.245.192.253 - - [20/Nov/2022:22:47:24 -0500] "POST /kwsrmcab/Wsrmcab  HTTP/1.1" 200 42393
186.30.101.95 - - [20/Nov/2022:22:47:36 -0500] "GET /BLA/resoluciones/index.php?dir= HTTP/1.1" 200 13093
186.30.101.95 - - [20/Nov/2022:22:47:51 -0500] "GET /BLA/resoluciones/index.php?dir=RESOLUCIONES+2019%2F HTTP/1.1" 200 248131
172.22.2.4 - - [20/Nov/2022:22:47:42 -0500] "HEAD /BLA/boletinlegal/ HTTP/1.1" 200 -
172.22.2.4 - - [20/Nov/2022:22:48:32 -0500] "GET /BLA/boletinlegal/ HTTP/1.1" 200 58185
185.119.81.99 - - [20/Nov/2022:22:50:20 -0500] "GET /portaldeninos/wp-login.php HTTP/1.1" 200 2592
185.119.81.99 - - [20/Nov/2022:22:50:21 -0500] "POST /portaldeninos/wp-login.php HTTP/1.1" 200 3605
173.252.107.15 - - [20/Nov/2022:22:52:07 -0500] "GET /mas-de-70-animales-silvestres-regresaron-a-la-libertad-en-el-humedal-juan-amarillo.html HTTP/1.1" 206 958
216.245.221.92 - - [20/Nov/2022:22:52:16 -0500] "HEAD / HTTP/1.1" 200 -
201.245.192.253 - - [20/Nov/2022:22:52:23 -0500] "POST /kwsrmcab/Wsrmcab  HTTP/1.1" 200 42393
207.46.13.56 - - [20/Nov/2022:22:54:11 -0500] "GET /portaldeninos/publicidad/ HTTP/1.1" 200 87569
172.22.2.4 - - [20/Nov/2022:22:53:32 -0500] "HEAD /BLA/boletinlegal/ HTTP/1.1" 200 -
172.22.2.4 - - [20/Nov/2022:22:54:22 -0500] "GET /BLA/boletinlegal/ HTTP/1.1" 200 57824
185.142.236.41 - - [20/Nov/2022:22:56:05 -0500] "-" 408 -
188.241.57.84 - - [20/Nov/2022:22:56:17 -0500] "HEAD /vota-por-bogota-en-we-love-cities-pioneros-en-sostenibilidad.html HTTP/1.1" 200 -
110.239.213.100 - - [20/Nov/2022:22:56:32 -0500] "HEAD /portaldeninos HTTP/1.1" 404 -
216.245.221.92 - - [20/Nov/2022:22:57:17 -0500] "HEAD / HTTP/1.1" 200 -
201.245.192.253 - - [20/Nov/2022:22:57:22 -0500] "POST /kwsrmcab/Wsrmcab  HTTP/1.1" 200 42393
193.42.59.206 - - [20/Nov/2022:22:57:30 -0500] "GET /vota-por-bogota-en-we-love-cities-pioneros-en-sostenibilidad.html HTTP/1.1" 200 850
172.22.2.4 - - [20/Nov/2022:22:56:50 -0500] "HEAD /BLA/boletinlegal/ HTTP/1.1" 200 -
185.119.81.104 - - [20/Nov/2022:22:58:51 -0500] "GET /portaldeninos/wp-login.php HTTP/1.1" 200 2592
185.119.81.104 - - [20/Nov/2022:22:58:52 -0500] "POST /portaldeninos/wp-login.php HTTP/1.1" 200 3605
40.77.167.57 - - [20/Nov/2022:22:59:24 -0500] "GET /galeria/carrusel/Carrusel/jquery-ui-1.8.13.custom.min.js HTTP/1.1" 200 10800
157.55.39.39 - - [20/Nov/2022:22:59:24 -0500] "GET /galeria/carrusel/Carrusel/jquery.thumbnailScroller.css HTTP/1.1" 200 2066
207.46.13.194 - - [20/Nov/2022:22:59:28 -0500] "GET /galeria/carrusel/Carrusel/jquery.thumbnailScroller.js HTTP/1.1" 200 8157
157.55.39.39 - - [20/Nov/2022:22:59:33 -0500] "GET /galeria/nivo-slider/demo/banner.html HTTP/1.1" 200 5446
20.231.101.203 - - [20/Nov/2022:22:57:53 -0500] "GET /BLA/boletinlegal/ HTTP/1.1" 200 59404
172.22.2.4 - - [20/Nov/2022:22:59:22 -0500] "HEAD /BLA/boletinlegal/ HTTP/1.1" 200 -
172.22.2.4 - - [20/Nov/2022:23:00:12 -0500] "GET /BLA/boletinlegal/ HTTP/1.1" 200 54452
216.245.221.92 - - [20/Nov/2022:23:02:16 -0500] "HEAD / HTTP/1.1" 200 -
201.245.192.253 - - [20/Nov/2022:23:02:21 -0500] "POST /kwsrmcab/Wsrmcab  HTTP/1.1" 200 42393
52.209.144.229 - - [20/Nov/2022:23:06:26 -0500] "-" 408 -
172.22.2.4 - - [20/Nov/2022:23:05:11 -0500] "HEAD /BLA/boletinlegal/ HTTP/1.1" 200 -
216.245.221.92 - - [20/Nov/2022:23:07:16 -0500] "HEAD / HTTP/1.1" 200 -
201.245.192.253 - - [20/Nov/2022:23:07:19 -0500] "POST /kwsrmcab/Wsrmcab  HTTP/1.1" 200 42393
172.22.2.4 - - [20/Nov/2022:23:06:02 -0500] "GET /BLA/boletinlegal/ HTTP/1.1" 200 58185
66.249.73.97 - - [20/Nov/2022:23:08:09 -0500] "-" 408 -
157.55.39.39 - - [20/Nov/2022:23:10:08 -0500] "GET /galeria/galeria/fotos/GuaymaralTorca4G.jpg HTTP/1.1" 200 373786
185.119.81.99 - - [20/Nov/2022:23:11:13 -0500] "GET /portaldeninos/wp-login.php HTTP/1.1" 200 2592
185.119.81.99 - - [20/Nov/2022:23:11:14 -0500] "POST /portaldeninos/wp-login.php HTTP/1.1" 200 3670
216.245.221.92 - - [20/Nov/2022:23:12:16 -0500] "HEAD / HTTP/1.1" 200 -
201.245.192.253 - - [20/Nov/2022:23:12:18 -0500] "POST /kwsrmcab/Wsrmcab  HTTP/1.1" 200 42393
185.119.81.99 - - [20/Nov/2022:23:12:24 -0500] "GET /portaldeninos/wp-login.php HTTP/1.1" 200 2592
185.119.81.99 - - [20/Nov/2022:23:12:25 -0500] "POST /portaldeninos/wp-login.php HTTP/1.1" 200 3605
172.22.2.4 - - [20/Nov/2022:23:11:02 -0500] "HEAD /BLA/boletinlegal/ HTTP/1.1" 200 -
172.22.2.4 - - [20/Nov/2022:23:11:52 -0500] "GET /BLA/boletinlegal/ HTTP/1.1" 200 57192
40.77.202.144 - - [20/Nov/2022:23:15:19 -0500] "GET /galeria/nivo-slider/themes/pascal/pascal.css HTTP/1.1" 200 2258
40.77.202.165 - - [20/Nov/2022:23:15:19 -0500] "GET /galeria/nivo-slider/themes/default/default.css HTTP/1.1" 200 1569
40.77.202.149 - - [20/Nov/2022:23:15:19 -0500] "GET /galeria/nivo-slider/themes/orman/orman.css HTTP/1.1" 200 2152
40.77.202.135 - - [20/Nov/2022:23:15:19 -0500] "GET /galeria/nivo-slider/nivo-slider.css HTTP/1.1" 200 1507
40.77.202.120 - - [20/Nov/2022:23:15:19 -0500] "GET /galeria/nivo-slider/demo/style.css HTTP/1.1" 200 2222
40.77.202.142 - - [20/Nov/2022:23:15:19 -0500] "GET /galeria/nivo-slider/demo/scripts/jquery-1.7.1.min.js HTTP/1.1" 200 93868
40.77.202.108 - - [20/Nov/2022:23:15:19 -0500] "GET /galeria/nivo-slider/jquery.nivo.slider.pack.js HTTP/1.1" 200 11561
216.245.221.92 - - [20/Nov/2022:23:17:16 -0500] "HEAD / HTTP/1.1" 200 -
201.245.192.253 - - [20/Nov/2022:23:17:17 -0500] "POST /kwsrmcab/Wsrmcab  HTTP/1.1" 200 42393
179.6.147.99 - - [20/Nov/2022:23:17:23 -0500] "GET /galeria/galeria/jquery.fancybox.css?v=2.1.5 HTTP/1.1" 200 4895
179.6.147.99 - - [20/Nov/2022:23:17:23 -0500] "GET /BLA/boletinlegal/js/jquery.scrollShow.js HTTP/1.1" 200 4586
179.6.147.99 - - [20/Nov/2022:23:17:23 -0500] "GET /galeria/galeria/jquery.fancybox.js?v=2.1.5 HTTP/1.1" 200 48706
172.22.2.4 - - [20/Nov/2022:23:16:52 -0500] "HEAD /BLA/boletinlegal/ HTTP/1.1" 200 -
172.22.2.4 - - [20/Nov/2022:23:17:42 -0500] "GET /BLA/boletinlegal/ HTTP/1.1" 200 54452
177.155.134.69 - - [20/Nov/2022:23:20:13 -0500] "GET / HTTP/1.1" 200 319
201.245.192.253 - - [20/Nov/2022:23:20:58 -0500] "POST /kwsrmcab/Wsrmcab HTTP/1.1" 200 41796
201.245.192.253 - - [20/Nov/2022:23:21:01 -0500] "POST /kwsrmcab/Wsrmcab HTTP/1.1" 200 44064
