172.22.2.4 - - [20/Nov/2022:07:58:46 -0500] "GET /BLA/boletinlegal/img/button-right.png HTTP/1.1" 200 57878
172.22.2.4 - - [20/Nov/2022:07:58:46 -0500] "GET /BLA/boletinlegal/img/button.png HTTP/1.1" 200 43241
172.22.2.4 - - [20/Nov/2022:07:58:46 -0500] "GET /BLA/boletinlegal/img/button-left.png HTTP/1.1" 200 57071
172.22.2.4 - - [20/Nov/2022:07:58:46 -0500] "GET /BLA/boletinlegal/img/select-right.png HTTP/1.1" 200 44019
172.22.2.4 - - [20/Nov/2022:07:58:46 -0500] "GET /BLA/boletinlegal/favicon.ico HTTP/1.1" 404 1326
136.243.228.179 - - [20/Nov/2022:07:58:49 -0500] "GET /portaldeninos/parque-mirador-de-los-nevados/ HTTP/1.1" 200 89855
136.243.228.179 - - [20/Nov/2022:07:58:41 -0500] "GET /portaldeninos/corresponsal-ambiental/ HTTP/1.1" 200 93768
172.22.2.4 - - [20/Nov/2022:07:59:06 -0500] "GET /BLA/boletinlegal/consulta_actos.php?tipo=resoluciones&no=0267&usuario=&sector=&fecha=2019&resuelve= HTTP/1.1" 200 626
172.22.2.4 - - [20/Nov/2022:07:59:12 -0500] "GET /BLA/boletinlegal/consulta_actos.php?tipo=resoluciones&no=0267&usuario=&sector=&fecha=2018&resuelve= HTTP/1.1" 200 1115
172.22.2.4 - - [20/Nov/2022:07:59:12 -0500] "GET /BLA/boletinlegal/images/pdf.gif HTTP/1.1" 200 567
136.243.228.179 - - [20/Nov/2022:07:58:53 -0500] "GET /portaldeninos/aire/ HTTP/1.1" 200 14465
172.22.2.4 - - [20/Nov/2022:07:59:23 -0500] "GET /BLA/boletinlegal/consulta_actos.php?tipo=resoluciones&no=0267&usuario=&sector=&fecha=2018&resuelve=IDU HTTP/1.1" 200 626
172.22.2.4 - - [20/Nov/2022:07:59:28 -0500] "GET /BLA/boletinlegal/consulta_actos.php?tipo=resoluciones&no=0267&usuario=&sector=&fecha=2020&resuelve=IDU HTTP/1.1" 200 626
136.243.228.179 - - [20/Nov/2022:07:59:46 -0500] "GET /portaldeninos/residuos HTTP/1.1" 301 -
136.243.228.179 - - [20/Nov/2022:08:00:43 -0500] "GET /portaldeninos/aulas-ambientales/aula-ambiental-sorotama/ HTTP/1.1" 200 89596
136.243.228.179 - - [20/Nov/2022:08:00:48 -0500] "GET /portaldeninos/humedal-la-vaca-2/ HTTP/1.1" 200 87837
173.252.107.3 - - [20/Nov/2022:08:01:05 -0500] "GET /images/negocios-verdes-mayo-2022.jpg HTTP/1.1" 200 48000
136.243.228.179 - - [20/Nov/2022:08:01:46 -0500] "GET /portaldeninos/aulas-ambientales-2/parque-ecologico-distrital-de-montana-entrenubes/ HTTP/1.1" 200 90406
136.243.228.179 - - [20/Nov/2022:08:01:51 -0500] "GET /portaldeninos/que-es-cambio-climatico HTTP/1.1" 301 -
216.245.221.92 - - [20/Nov/2022:08:01:59 -0500] "HEAD / HTTP/1.1" 200 -
128.199.34.38 - - [20/Nov/2022:08:02:17 -0500] "\x16\x03\x01" 400 226
128.199.34.38 - - [20/Nov/2022:08:02:17 -0500] "\x16\x03\x01" 400 226
128.199.34.38 - - [20/Nov/2022:08:02:18 -0500] "GET / HTTP/1.1" 200 319
136.243.228.179 - - [20/Nov/2022:08:01:55 -0500] "GET /portaldeninos/los-arboles/tips/ HTTP/1.1" 200 14465
136.243.228.179 - - [20/Nov/2022:08:02:49 -0500] "GET /orchanet79/whj5zikg.html HTTP/1.1" 404 1013
136.243.228.179 - - [20/Nov/2022:08:02:49 -0500] "GET /portaldeninos/fauna/ HTTP/1.1" 200 88429
136.243.228.179 - - [20/Nov/2022:08:02:54 -0500] "GET /portaldeninos/humedal-cordoba-2/ HTTP/1.1" 200 88041
201.245.192.253 - - [20/Nov/2022:08:03:17 -0500] "POST /kwsrmcab/Wsrmcab  HTTP/1.1" 200 42393
136.243.228.179 - - [20/Nov/2022:08:03:03 -0500] "GET /portaldeninos/humedal-jaboque-2/ HTTP/1.1" 200 87846
172.22.2.4 - - [20/Nov/2022:08:01:54 -0500] "HEAD /BLA/boletinlegal/ HTTP/1.1" 200 -
69.171.230.3 - - [20/Nov/2022:08:03:34 -0500] "GET /no-uses-musgo-en-la-elaboracion-de-tu-pesebre.html HTTP/1.1" 206 846
69.171.230.118 - - [20/Nov/2022:08:03:34 -0500] "GET /no-uses-musgo-en-la-elaboracion-de-tu-pesebre.html HTTP/1.1" 206 846
136.243.228.179 - - [20/Nov/2022:08:03:53 -0500] "GET /portaldeninos/humedal-torca-y-guaymaral-2/ HTTP/1.1" 200 88086
136.243.228.179 - - [20/Nov/2022:08:03:58 -0500] "GET /portaldeninos/humedal-el-burro-2/ HTTP/1.1" 200 14464
172.22.2.4 - - [20/Nov/2022:08:02:44 -0500] "GET /BLA/boletinlegal/ HTTP/1.1" 200 58185
191.102.197.48 - - [20/Nov/2022:08:04:48 -0500] "GET /kwssiamovil/sm/acme/u?s=U2FsdGVkX197AZqFoDYXzZhGf7CVB4ItoPopTqwRDrDggfNPRAtsZp17snyc30bQWY7qmJ0RhrK5tHsm6lYvDSmvSZDzB9y6JjcM5taFy9qMts4siMBaGMJcoj0xXQ+0S8pFIuc0d2RJBjeSbNX3ig==&u=U2FsdGVkX19mO1PDjvKRTq97uzhFxTY3NCdRKwv0FZ8=&y=U2FsdGVkX19Ij54DFrVLflytOiRi93T/8ZMdgjAZAsA= HTTP/1.1" 200 60
136.243.228.179 - - [20/Nov/2022:08:04:51 -0500] "GET /portaldeninos/humedales-ramsar/ HTTP/1.1" 200 89255
191.102.197.48 - - [20/Nov/2022:08:04:53 -0500] "GET /kwssiamovil/sm/acme/u?s=U2FsdGVkX1/qUX224KR0OfXI6aHEgfsqfJ/lh+fMJNUyN0NE2FrkVjMDrgkMc2oCzST7vTVEVrSfnW7uvlA149Iyrcuua5xzbgwkRFaA5SBKgPXBvK8YrGIEjWAljpiMzi0sm5syK1cXSRcUwS+T/g==&u=U2FsdGVkX19mO1PDjvKRTq97uzhFxTY3NCdRKwv0FZ8=&y=U2FsdGVkX19Ij54DFrVLflytOiRi93T/8ZMdgjAZAsA= HTTP/1.1" 200 60
136.243.228.179 - - [20/Nov/2022:08:04:58 -0500] "GET /portaldeninos/publicidad/ HTTP/1.1" 200 87569
172.22.2.4 - - [20/Nov/2022:08:05:33 -0500] "GET /BLA/boletinlegal/consulta_actos.php?tipo=autos&no=0267&usuario=&sector=&fecha=2018&resuelve=IDU HTTP/1.1" 200 626
172.22.2.4 - - [20/Nov/2022:08:05:35 -0500] "GET /BLA/boletinlegal/consulta_actos.php?tipo=autos&no=0267&usuario=&sector=&fecha=2018&resuelve=IDU HTTP/1.1" 200 626
136.243.228.179 - - [20/Nov/2022:08:05:02 -0500] "GET /portaldeninos/humedal-juan-amarillo-2/ HTTP/1.1" 200 14464
172.22.2.4 - - [20/Nov/2022:08:05:49 -0500] "GET /BLA/boletinlegal/consulta_actos.php?tipo=resoluciones&no=&usuario=&sector=&fecha=2018&resuelve=IDU HTTP/1.1" 200 1426
136.243.228.179 - - [20/Nov/2022:08:05:55 -0500] "GET /portaldeninos/gestion-del-riesgo-incendios-forestales HTTP/1.1" 301 -
136.243.228.179 - - [20/Nov/2022:08:05:57 -0500] "GET /portaldeninos/humedal-santa-maria-del-lago/ HTTP/1.1" 200 88988
172.22.2.4 - - [20/Nov/2022:08:06:02 -0500] "GET /BLA/boletinlegal/consulta_actos.php?tipo=resoluciones&no=&usuario=&sector=&fecha=2019&resuelve=IDU HTTP/1.1" 200 1175
136.243.228.179 - - [20/Nov/2022:08:06:02 -0500] "GET /portaldeninos/humedal-la-conejera-2/ HTTP/1.1" 200 88020
136.243.228.179 - - [20/Nov/2022:08:06:07 -0500] "GET /portaldeninos/los-arboles/ HTTP/1.1" 200 87546
172.22.2.4 - - [20/Nov/2022:08:06:12 -0500] "GET /BLA/boletinlegal/consulta_actos.php?tipo=resoluciones&no=&usuario=&sector=&fecha=2020&resuelve=IDU HTTP/1.1" 200 3115
172.22.2.4 - - [20/Nov/2022:08:06:12 -0500] "GET /BLA/boletinlegal/images/background.gif HTTP/1.1" 200 -
172.22.2.4 - - [20/Nov/2022:08:06:36 -0500] "GET /BLA/boletinlegal/consulta_actos.php?tipo=resoluciones&no=&usuario=&sector=&fecha=2020&resuelve=IDU%20ARBOLADO HTTP/1.1" 200 626
136.243.228.179 - - [20/Nov/2022:08:06:12 -0500] "GET /portaldeninos/parque-ecologico-distrital-humedal-santa-maria-del-lago/ HTTP/1.1" 200 14465
172.22.2.4 - - [20/Nov/2022:08:06:41 -0500] "GET /BLA/boletinlegal/consulta_actos.php?tipo=resoluciones&no=&usuario=&sector=&fecha=2018&resuelve=IDU%20ARBOLADO HTTP/1.1" 200 626
172.22.2.4 - - [20/Nov/2022:08:06:46 -0500] "GET /BLA/boletinlegal/consulta_actos.php?tipo=autos&no=&usuario=&sector=&fecha=2018&resuelve=IDU%20ARBOLADO HTTP/1.1" 200 626
172.22.2.4 - - [20/Nov/2022:08:06:47 -0500] "GET /BLA/boletinlegal/consulta_actos.php?tipo=autos&no=&usuario=&sector=&fecha=2018&resuelve=IDU%20ARBOLADO HTTP/1.1" 200 626
172.22.2.4 - - [20/Nov/2022:08:06:50 -0500] "GET /BLA/boletinlegal/consulta_actos.php?tipo=autos&no=&usuario=&sector=&fecha=2019&resuelve=IDU%20ARBOLADO HTTP/1.1" 200 626
172.22.2.4 - - [20/Nov/2022:08:06:54 -0500] "GET /BLA/boletinlegal/consulta_actos.php?tipo=autos&no=&usuario=&sector=&fecha=2021&resuelve=IDU%20ARBOLADO HTTP/1.1" 200 626
216.245.221.92 - - [20/Nov/2022:08:06:59 -0500] "HEAD / HTTP/1.1" 200 -
172.22.2.4 - - [20/Nov/2022:08:07:02 -0500] "GET /BLA/boletinlegal/consulta_actos.php?tipo=autos&no=&usuario=&sector=SILVICULTURA&fecha=2021&resuelve=IDU%20 HTTP/1.1" 200 626
172.22.2.4 - - [20/Nov/2022:08:07:03 -0500] "GET /BLA/boletinlegal/consulta_actos.php?tipo=autos&no=&usuario=&sector=SILVICULTURA&fecha=2021&resuelve=IDU%20 HTTP/1.1" 200 626
136.243.228.179 - - [20/Nov/2022:08:07:05 -0500] "GET /portaldeninos/contactanos/ HTTP/1.1" 200 88135
172.22.2.4 - - [20/Nov/2022:08:07:08 -0500] "GET /BLA/boletinlegal/consulta_actos.php?tipo=autos&no=&usuario=&sector=SILVICULTURA&fecha=2020&resuelve=IDU%20 HTTP/1.1" 200 626
172.22.2.4 - - [20/Nov/2022:08:07:12 -0500] "GET /BLA/boletinlegal/consulta_actos.php?tipo=autos&no=&usuario=&sector=SILVICULTURA&fecha=2018&resuelve=IDU%20 HTTP/1.1" 200 626
136.243.228.179 - - [20/Nov/2022:08:07:10 -0500] "GET /portaldeninos/tipos-de-arboles-en-bogota/ HTTP/1.1" 200 109802
172.22.2.4 - - [20/Nov/2022:08:07:13 -0500] "GET /BLA/boletinlegal/consulta_actos.php?tipo=autos&no=&usuario=&sector=SILVICULTURA&fecha=2018&resuelve=IDU%20 HTTP/1.1" 200 626
172.22.2.4 - - [20/Nov/2022:08:07:16 -0500] "GET /BLA/boletinlegal/consulta_actos.php?tipo=autos&no=&usuario=&sector=SILVICULTURA&fecha=2019&resuelve=IDU%20 HTTP/1.1" 200 626
136.243.228.179 - - [20/Nov/2022:08:07:16 -0500] "GET /portaldeninos/ruido/ HTTP/1.1" 200 88494
136.243.228.179 - - [20/Nov/2022:08:07:22 -0500] "GET /portaldeninos/aulas-ambientales/ HTTP/1.1" 200 88416
136.243.228.197 - - [20/Nov/2022:08:08:12 -0500] "GET /BLA/resoluciones/ HTTP/1.1" 200 13093
201.245.192.253 - - [20/Nov/2022:08:08:16 -0500] "POST /kwsrmcab/Wsrmcab  HTTP/1.1" 200 42393
136.243.228.197 - - [20/Nov/2022:08:09:05 -0500] "GET /BLA/resoluciones/index.php?dir=RESOLUCIONES+2006/ HTTP/1.1" 200 38542
136.243.228.197 - - [20/Nov/2022:08:09:10 -0500] "GET /BLA/resoluciones/index.php?dir=AUTOS+2021/ HTTP/1.1" 200 396098
136.243.228.197 - - [20/Nov/2022:08:09:15 -0500] "GET /BLA/resoluciones/index.php HTTP/1.1" 200 13093
136.243.228.197 - - [20/Nov/2022:08:09:20 -0500] "GET /BLA/resoluciones/index.php?dir=AUTOS+2015/ HTTP/1.1" 200 577811
172.22.2.4 - - [20/Nov/2022:08:07:44 -0500] "HEAD /BLA/boletinlegal/ HTTP/1.1" 200 -
136.243.228.197 - - [20/Nov/2022:08:09:29 -0500] "GET /BLA/resoluciones/index.php?dir=AUTOS+2014/ HTTP/1.1" 200 884658
136.243.228.197 - - [20/Nov/2022:08:09:38 -0500] "GET /BLA/resoluciones/index.php?dir=RESOLUCIONES+2012/ HTTP/1.1" 200 140066
136.243.228.197 - - [20/Nov/2022:08:09:44 -0500] "GET /BLA/resoluciones/index.php?dir=RESOLUCIONES+2003/ HTTP/1.1" 200 31404
136.243.228.197 - - [20/Nov/2022:08:09:50 -0500] "GET /BLA/resoluciones/index.php?dir=RESOLUCIONES+2000/ HTTP/1.1" 200 27659
136.243.228.197 - - [20/Nov/2022:08:09:56 -0500] "GET /BLA/resoluciones/index.php?dir=2018/ HTTP/1.1" 200 1608
136.243.228.197 - - [20/Nov/2022:08:10:01 -0500] "GET /BLA/resoluciones/index.php?dir=RESOLUCIONES+2017/ HTTP/1.1" 200 284616
136.243.228.197 - - [20/Nov/2022:08:10:07 -0500] "GET /BLA/resoluciones/index.php?dir=AUTOS+2017/ HTTP/1.1" 200 458694
172.22.2.4 - - [20/Nov/2022:08:08:34 -0500] "GET /BLA/boletinlegal/ HTTP/1.1" 200 54816
136.243.228.197 - - [20/Nov/2022:08:10:14 -0500] "GET /BLA/resoluciones/index.php?dir=RESOLUCIONES+1995/ HTTP/1.1" 200 12327
65.49.20.71 - - [20/Nov/2022:08:10:14 -0500] "GET / HTTP/1.1" 200 319
136.243.228.197 - - [20/Nov/2022:08:10:20 -0500] "GET /BLA/resoluciones/index.php?dir=AUTOS+2009/ HTTP/1.1" 200 399860
136.243.228.197 - - [20/Nov/2022:08:10:26 -0500] "GET /BLA/resoluciones/index.php?dir=AUTOS+2007/ HTTP/1.1" 200 628423
136.243.228.197 - - [20/Nov/2022:08:10:35 -0500] "GET /BLA/resoluciones/index.php?dir=AUTOS+2004/ HTTP/1.1" 200 2786
136.243.228.197 - - [20/Nov/2022:08:10:41 -0500] "GET /BLA/resoluciones/index.php?dir=RESOLUCIONES+1994/ HTTP/1.1" 200 2479
136.243.228.197 - - [20/Nov/2022:08:10:47 -0500] "GET /BLA/resoluciones/index.php?dir=AUTOS+2005/ HTTP/1.1" 200 2791
136.243.228.197 - - [20/Nov/2022:08:10:54 -0500] "GET /BLA/resoluciones/index.php?dir=AUTOS+2016/ HTTP/1.1" 200 327547
136.243.228.197 - - [20/Nov/2022:08:11:05 -0500] "GET /BLA/resoluciones/index.php?dir=RESOLUCIONES+2010/ HTTP/1.1" 200 1307967
136.243.228.197 - - [20/Nov/2022:08:11:14 -0500] "GET /BLA/resoluciones/index.php?dir=RESOLUCIONES+1993/ HTTP/1.1" 200 2879
136.243.228.197 - - [20/Nov/2022:08:11:20 -0500] "GET /BLA/resoluciones/index.php?dir=AUTOS+2018/ HTTP/1.1" 200 440024
136.243.228.197 - - [20/Nov/2022:08:11:27 -0500] "GET /BLA/resoluciones/index.php?dir=RESOLUCIONES+2021/ HTTP/1.1" 200 430966
136.243.228.197 - - [20/Nov/2022:08:11:34 -0500] "GET /BLA/resoluciones/index.php?dir=RESOLUCIONES+2013/ HTTP/1.1" 200 238278
216.245.221.92 - - [20/Nov/2022:08:11:59 -0500] "HEAD / HTTP/1.1" 200 -
136.243.228.197 - - [20/Nov/2022:08:11:39 -0500] "GET /BLA/resoluciones/index.php?dir=RESOLUCIONES+2011/ HTTP/1.1" 200 12235
136.243.228.197 - - [20/Nov/2022:08:12:32 -0500] "GET /BLA/resoluciones/index.php?dir=RESOLUCIONES+2019/ HTTP/1.1" 200 248131
136.243.228.197 - - [20/Nov/2022:08:12:37 -0500] "GET /BLA/resoluciones/index.php?dir=RESOLUCIONES+2016/ HTTP/1.1" 200 170796
136.243.228.197 - - [20/Nov/2022:08:12:44 -0500] "GET /BLA/resoluciones/index.php?dir=RESOLUCIONES+2001/ HTTP/1.1" 200 24983
136.243.228.197 - - [20/Nov/2022:08:12:50 -0500] "GET /BLA/resoluciones/index.php?dir=Notificaciones/ HTTP/1.1" 200 10351
118.193.72.164 - - [20/Nov/2022:08:12:54 -0500] "-" 408 -
136.243.228.197 - - [20/Nov/2022:08:12:55 -0500] "GET /BLA/resoluciones/index.php?dir=&sort=name&order=desc HTTP/1.1" 200 13092
136.243.228.197 - - [20/Nov/2022:08:13:00 -0500] "GET /BLA/resoluciones/index.php?dir=&sort=date&order=asc HTTP/1.1" 200 13093
136.243.228.197 - - [20/Nov/2022:08:13:07 -0500] "GET /BLA/resoluciones/index.php?dir=RESOLUCIONES+2018/ HTTP/1.1" 200 271776
136.243.228.197 - - [20/Nov/2022:08:13:13 -0500] "GET /BLA/resoluciones/index.php?dir=AUTOS+2008/ HTTP/1.1" 200 569644
201.245.192.253 - - [20/Nov/2022:08:13:15 -0500] "POST /kwsrmcab/Wsrmcab  HTTP/1.1" 200 42393
136.243.228.197 - - [20/Nov/2022:08:13:19 -0500] "GET /BLA/resoluciones/index.php?dir=AUTOS+2010/ HTTP/1.1" 200 277760
136.243.228.197 - - [20/Nov/2022:08:13:25 -0500] "GET /BLA/resoluciones/index.php?dir=RESOLUCIONES+2020/ HTTP/1.1" 200 166504
136.243.228.197 - - [20/Nov/2022:08:13:31 -0500] "GET /BLA/resoluciones/index.php?dir=AUTOS+2006/ HTTP/1.1" 200 9681
136.243.228.197 - - [20/Nov/2022:08:13:38 -0500] "GET /BLA/resoluciones/index.php?dir=RESOLUCIONES+2005/ HTTP/1.1" 200 49518
136.243.228.197 - - [20/Nov/2022:08:13:44 -0500] "GET /BLA/resoluciones/index.php?dir=AUTOS+1997/ HTTP/1.1" 200 2025
136.243.228.197 - - [20/Nov/2022:08:13:50 -0500] "GET /BLA/resoluciones/index.php?dir=RESOLUCIONES+1998/ HTTP/1.1" 200 13225
136.243.228.197 - - [20/Nov/2022:08:13:55 -0500] "GET /BLA/resoluciones/index.php?dir=RESOLUCIONES+2007/ HTTP/1.1" 200 35450
136.243.228.197 - - [20/Nov/2022:08:14:01 -0500] "GET /BLA/resoluciones/index.php?dir=AUTOS+2012/ HTTP/1.1" 200 274522
136.243.228.197 - - [20/Nov/2022:08:14:07 -0500] "GET /BLA/resoluciones/index.php?dir=RESOLUCIONES+1997/ HTTP/1.1" 200 16815
136.243.228.197 - - [20/Nov/2022:08:14:13 -0500] "GET /BLA/resoluciones/index.php?dir=RESOLUCIONES+2015/ HTTP/1.1" 200 130562
136.243.228.197 - - [20/Nov/2022:08:14:19 -0500] "GET /BLA/resoluciones/index.php?dir=AUTOS+2002/ HTTP/1.1" 200 1813
136.243.228.197 - - [20/Nov/2022:08:14:25 -0500] "GET /BLA/resoluciones/index.php?dir=RESOLUCIONES+2022/ HTTP/1.1" 200 216680
65.49.20.83 - - [20/Nov/2022:08:14:31 -0500] "GET /favicon.ico HTTP/1.1" 200 7782
136.243.228.197 - - [20/Nov/2022:08:14:31 -0500] "GET /BLA/resoluciones/index.php?dir=RESOLUCIONES+2008/ HTTP/1.1" 200 976272
136.243.228.197 - - [20/Nov/2022:08:14:42 -0500] "GET /BLA/resoluciones/index.php?dir=Decretos/ HTTP/1.1" 200 6804
136.243.228.197 - - [20/Nov/2022:08:14:48 -0500] "GET /BLA/resoluciones/index.php?dir=RESOLUCIONES+CONJUNTAS/ HTTP/1.1" 200 4762
136.243.228.197 - - [20/Nov/2022:08:14:53 -0500] "GET /BLA/resoluciones/index.php?dir=AUTOS+2019/ HTTP/1.1" 200 348688
136.243.228.197 - - [20/Nov/2022:08:15:00 -0500] "GET /BLA/resoluciones/index.php?dir=RESOLUCIONES+2009/ HTTP/1.1" 200 1694101
172.22.2.4 - - [20/Nov/2022:08:13:34 -0500] "HEAD /BLA/boletinlegal/ HTTP/1.1" 200 -
136.243.228.197 - - [20/Nov/2022:08:15:12 -0500] "GET /BLA/resoluciones/index.php?dir=AUTOS+2022/ HTTP/1.1" 200 347979
136.243.228.197 - - [20/Nov/2022:08:15:18 -0500] "GET /BLA/resoluciones/index.php?dir=AUTOS+2020/ HTTP/1.1" 200 326981
136.243.228.197 - - [20/Nov/2022:08:15:24 -0500] "GET /BLA/resoluciones/index.php?dir=RESOLUCIONES+1999/ HTTP/1.1" 200 10377
136.243.228.197 - - [20/Nov/2022:08:15:31 -0500] "GET /BLA/resoluciones/index.php?dir=AUTOS+2011/ HTTP/1.1" 200 636098
136.243.228.197 - - [20/Nov/2022:08:15:40 -0500] "GET /BLA/resoluciones/index.php?dir=RESOLUCIONES+2002/ HTTP/1.1" 200 24741
136.243.228.197 - - [20/Nov/2022:08:15:46 -0500] "GET /BLA/resoluciones/index.php?dir=RESOLUCIONES+2004/ HTTP/1.1" 200 31994
136.243.228.197 - - [20/Nov/2022:08:15:51 -0500] "GET /BLA/resoluciones/index.php?dir=&sort=size&order=asc HTTP/1.1" 200 13093
136.243.228.197 - - [20/Nov/2022:08:15:58 -0500] "GET /BLA/resoluciones/index.php?dir=RESOLUCIONES+1996/ HTTP/1.1" 200 8967
172.22.2.4 - - [20/Nov/2022:08:14:24 -0500] "GET /BLA/boletinlegal/ HTTP/1.1" 200 55272
136.243.228.197 - - [20/Nov/2022:08:16:04 -0500] "GET /BLA/resoluciones/index.php?dir=RESOLUCIONES+1992/ HTTP/1.1" 200 2871
136.243.228.197 - - [20/Nov/2022:08:16:10 -0500] "GET /BLA/resoluciones/index.php?dir=AUTOS+2013/ HTTP/1.1" 200 406613
136.243.228.197 - - [20/Nov/2022:08:16:17 -0500] "GET /BLA/resoluciones/index.php?dir=Acuerdos/ HTTP/1.1" 200 3396
136.243.228.197 - - [20/Nov/2022:08:16:23 -0500] "GET /BLA/resoluciones/index.php?dir=RESOLUCIONES+2014/ HTTP/1.1" 200 334019
136.243.228.197 - - [20/Nov/2022:08:16:28 -0500] "GET /BLA/resoluciones/index.php?dir= HTTP/1.1" 200 13093
136.243.228.197 - - [20/Nov/2022:08:16:34 -0500] "GET /BLA/resoluciones/index.php?dir=RESOLUCIONES+2003/RES+2003+401-450/ HTTP/1.1" 200 11312
136.243.228.197 - - [20/Nov/2022:08:16:41 -0500] "GET /BLA/resoluciones/index.php?dir=RESOLUCIONES+2003/RES+2003+301-350/ HTTP/1.1" 200 11308
136.243.228.197 - - [20/Nov/2022:08:16:46 -0500] "GET /BLA/resoluciones/index.php?dir=RESOLUCIONES+2003/RES+2003+1451-1500/ HTTP/1.1" 200 12159
136.243.228.197 - - [20/Nov/2022:08:16:52 -0500] "GET /BLA/resoluciones/index.php?dir=RESOLUCIONES+2003/RES+2003+1001-1050/ HTTP/1.1" 200 11566
136.243.228.197 - - [20/Nov/2022:08:16:58 -0500] "GET /BLA/resoluciones/index.php?dir=RESOLUCIONES+2003/RES+2003+1701-1750/ HTTP/1.1" 200 12147
216.245.221.92 - - [20/Nov/2022:08:16:59 -0500] "HEAD / HTTP/1.1" 200 -
136.243.228.197 - - [20/Nov/2022:08:17:04 -0500] "GET /BLA/resoluciones/index.php?dir=RESOLUCIONES+2003/RES+2003+251-300/ HTTP/1.1" 200 11115
136.243.228.197 - - [20/Nov/2022:08:17:11 -0500] "GET /BLA/resoluciones/index.php?dir=RESOLUCIONES+2003/RES+2003+951-1000/ HTTP/1.1" 200 11179
69.171.251.4 - - [20/Nov/2022:08:17:13 -0500] "GET /images/reunion-planta-termovalorizacion-11-mayo.jpg HTTP/1.1" 200 34782
136.243.228.197 - - [20/Nov/2022:08:17:17 -0500] "GET /BLA/resoluciones/index.php?dir=RESOLUCIONES+2003/RES+2003+1651-1700/ HTTP/1.1" 200 12148
136.243.228.197 - - [20/Nov/2022:08:17:22 -0500] "GET /BLA/resoluciones/index.php?dir=RESOLUCIONES%202000/&sort=date&order=asc HTTP/1.1" 200 27659
185.119.81.106 - - [20/Nov/2022:08:17:28 -0500] "GET /portaldeninos/wp-login.php HTTP/1.1" 200 2592
185.119.81.106 - - [20/Nov/2022:08:17:29 -0500] "POST /portaldeninos/wp-login.php HTTP/1.1" 200 3605
172.22.2.4 - - [20/Nov/2022:08:15:51 -0500] "GET /BLA/boletinlegal/ HTTP/1.1" 200 59779
136.243.228.197 - - [20/Nov/2022:08:17:37 -0500] "GET /BLA/resoluciones/index.php?dir=RESOLUCIONES%202000/&sort=size&order=asc HTTP/1.1" 200 27659
136.243.228.197 - - [20/Nov/2022:08:17:41 -0500] "GET /BLA/resoluciones/index.php?dir=RESOLUCIONES+2003/RES+2003+1751-1800/ HTTP/1.1" 200 12151
136.243.228.197 - - [20/Nov/2022:08:17:47 -0500] "GET /BLA/resoluciones/index.php?dir=RESOLUCIONES%202003/&sort=date&order=asc HTTP/1.1" 200 31404
191.102.197.48 - - [20/Nov/2022:08:17:51 -0500] "OPTIONS /kwssiamovil/sm/setfile/f? HTTP/1.1" 200 13
191.102.197.48 - - [20/Nov/2022:08:17:51 -0500] "POST /kwssiamovil/sm/setfile/f? HTTP/1.1" 200 381
191.102.197.48 - - [20/Nov/2022:08:18:00 -0500] "OPTIONS /kwssiamovil/sm/setfile/f? HTTP/1.1" 200 13
191.102.197.48 - - [20/Nov/2022:08:18:00 -0500] "POST /kwssiamovil/sm/setfile/f? HTTP/1.1" 200 381
191.102.197.48 - - [20/Nov/2022:08:18:15 -0500] "GET /kwssiamovil/sm/acme/a?s=U2FsdGVkX1/Z6x8oyS9U13ecM7q4Zqf85h98Po5nPl7SgfNt6TnmDzpYb4RFCPXtjTtDyMEfreO06K6Mg5hSr2VACxytnx2y3mAkAdvftxeIBTtrJBS60e6+wNV9inUJvqYBTqiFpdHW/uiSb/hbRX5wvOG2LkyIOnsSFcJwUztqI1oDCC3oYQhFTnZ5K31A8PXLTHTlHIBPJMRA08BQggItmVbM3dIWPYtJZIGt+myQdr+cpBi1MeEMm5AwZPNseFXgIJvq4m7dZIu99cKZQA==&u=U2FsdGVkX19mO1PDjvKRTq97uzhFxTY3NCdRKwv0FZ8=&y=U2FsdGVkX19Ij54DFrVLflytOiRi93T/8ZMdgjAZAsA= HTTP/1.1" 200 26
201.245.192.253 - - [20/Nov/2022:08:18:14 -0500] "POST /kwsrmcab/Wsrmcab  HTTP/1.1" 200 42393
191.102.197.48 - - [20/Nov/2022:08:18:16 -0500] "GET /kwssiamovil/sm/acme/a?s=U2FsdGVkX18lUDOX3Na9R6uXDyDxwMuVoYEdOIjimrnwO/92JnQMzPYsJiC8d5I8RtHRh/cuNrxHLgmD/XfE1+ren3KFFOhizR1B9QVc93mWJ1nTH38v8x+tuvE/zkKUdKp6HGINvm8c0inzgY1+2mIHqaiav35++Kr64/4RPL7XW2geeNVKnS0TH35z1skKTl8Zs2aPuZdM5jz5eaeozevc7LVIrNv0e6m6DaoImVYIMp+9JO3VnpSXyCG3ZB6VLJ322IQAQc7whAGy6I7GRM6itsC1/2EWCvlKZUyeFhiWuZ5W3dKHQYVx0XtY59xgeqJeTHFg0zSOiioNbyMC7j3S5+8npBMn2s1rdzVwgJrCuuudl+dm2H/3hJmNM8g9SdAOWYdaM3vn0G0/ExBm5Q6vDuGxHt0pLgJZmcoVbfrEaYe8xGWlhzx2JADaomZG+fx3pqbc8JC3fPuqMMQayFe1MdFQ5kBZfFSsDRMHGzvwAgqKjiXBPYZV73+mtXcunxVJr5yTbEkpzpMFJKLADbHpaxodEuso55bcGN9h/u3SDuxPK4JEsa4yV/KHNlrxsDfR9HC59vPTMzsWF0lC1YRN5de5XZtIJm9rtzE0/SDyVEl6QBOXTknaoV/wik0d0oRXK2lDzLRj9IjLSGd1U5/ztsE7zBiAmLFUZG5hNrmL23kSUwOZKCUPm9RtMguHLKOSnV6MOa4+qozgWafOaZ2Ddr0iVllYDl4q5yaNO1yOK1E7Cq5lg5nDj0zJNvUzpJ2R2sstxNvMoTjIQdTl877VF5AXmz6cCuCa7OwBdm/Tc/lYb83e/HmBmL7h74/wGmevMQ2QivBFmDtRNz+vdKZ7UzJO5BW99qQKHMLZXyFWSo4SjM6dNVfUsirKOVoa2X2s7+al8LcwT3hxZRrM2S3Ro0Gl+xsiCFzVtbSXwlzjUvR+z9Po2xRsWc/A6eMpwG0mUuLXchXI4Anh36TgQ33gtt+dRLrTKPRN2aUZ6OeeYD19xitFmVnGzS9O/q2pS/BA9nGR9kqMp3d9cRF4pUZNV9LuWszfM1omDDHbkhOtY7ZN5gqqL6dFjXqCWoUllXEu9zzdAqwOQc5kieq+DrU3ugBWZM6x8x7pMB/XaH4HFtWd1dn+1n9CZguKTYO9nF6wpFu4Vrhgq5abI+HhnL53SNT+I5eZ25vTG9jZowcF/Im40JOQGgl4E2C5nCM2GHb7TdLUIZVgLdhj6HOR3RCRwTxczO6AA/H5zN4tKZ3maujds3mor1IRdAUFaEwvxQdF6CYO03m4653wOuoGIzWuOA7wdqv1VA9TZPwnv+QNOE0X0kStJfTTMSwumiRQhoK4/caHp3DvX/+Wasa2VgJDlX8XRDUjWrJfwrB/uawM00iwEcmst4WusTez4WWw0XxRh+sCxvjdHhzEpGz0JdDsESvtuLx6v11K6oHNPULyRlYxjNUlYUn8en7q7KycE5s9Hz1+am3E9xQNjal0tgUiPmWx5DNomeGkPPQJuGI1kktwC5oiT0ERD0i2zIJNTha2nEQF7QWqvJ7VpIkPcoK8CyspTOyhNazwxPJBW3AxsiVAcT2Om1xPXm0bM8+8OYFgdNeUVb3kGEiNciw9uxM9pRGfzaEQgYcAOVXandJpboPKCLCzBG2dQRlKU2FxisGGNRtGbsNc3e8fb3L67nDM0fFCTsVyXutSGbDETri6M61c1/uE+CBzzZrJAlDl/3mypw5mbHPrfxDVD5RNTVJaaOfOvsRiASt4JkoAtwtYW7O9DQk11Fu9ym5nn2ngyg1VxwG7YEKY+jp02KnESYtoz8PhdIqmgKjMJpAktXPpr58YzWNCPaoOvu7lD3nZjYbX3qJNT6l+9cc8nKFLCom1mdUMi5mC50A41dmBX9k91GDajVf2YTqdrXNS05y1t9hMVeIJA38dCm8W7EGYXA==&u=U2FsdGVkX19mO1PDjvKRTq97uzhFxTY3NCdRKwv0FZ8=&y=U2FsdGVkX19Ij54DFrVLflytOiRi93T/8ZMdgjAZAsA= HTTP/1.1" 200 26
191.102.197.48 - - [20/Nov/2022:08:18:16 -0500] "GET /kwssiamovil/sm/acme/a?s=U2FsdGVkX18pgDvDJezudpmUOV9ANPLBooCmNt0I8kGljwD+Q6xDFUawXAvXR9Rdv6r/dFqiGYNGMydF/AZZb2pMTEO9fwSgqe4IwqfWIBsL0YlCxdp+Z9K1TvOovvxB7Qg4RqUd4xNQvw4taUu5VxxqZUanxZU6kTrVxT4zLiw=&u=U2FsdGVkX19mO1PDjvKRTq97uzhFxTY3NCdRKwv0FZ8=&y=U2FsdGVkX19Ij54DFrVLflytOiRi93T/8ZMdgjAZAsA= HTTP/1.1" 200 26
191.102.197.48 - - [20/Nov/2022:08:18:17 -0500] "GET /kwssiamovil/sm/acme/a?s=U2FsdGVkX197DQeHUQFDH+GuQUOIf9gzdlVdkbP7fiPxmOhsLA7Hx/75sxXo+1UXL5HhAKYmyE+9uNCbYyCfckf+mEUFWE3BPZErQBXqFJUNQ2ze5lB5rHy6BQ8+ojaC8jVsXtMe2QCIIlfCIg1plfT6HZfF4GTlUkkHn1VXcwo=&u=U2FsdGVkX19mO1PDjvKRTq97uzhFxTY3NCdRKwv0FZ8=&y=U2FsdGVkX19Ij54DFrVLflytOiRi93T/8ZMdgjAZAsA= HTTP/1.1" 200 26
191.102.197.48 - - [20/Nov/2022:08:18:17 -0500] "GET /kwssiamovil/sm/acme/a?s=U2FsdGVkX1/Rx4f64XVynCicN7am73SPvJSyU51NfXGSYLN5XM6jQPVNKo2KkyYtLT9IGEBy3ZqRZ67gXVm3q3gTY48CTVhZi3I0jsRhGWEfPgysuhiO4mFrBdjZf5ECia7QMGeFz5ssfYy25vDIm+i1gIypQ0eDRLOVi75bSLY=&u=U2FsdGVkX19mO1PDjvKRTq97uzhFxTY3NCdRKwv0FZ8=&y=U2FsdGVkX19Ij54DFrVLflytOiRi93T/8ZMdgjAZAsA= HTTP/1.1" 200 26
191.102.197.48 - - [20/Nov/2022:08:18:17 -0500] "GET /kwssiamovil/sm/acme/a?s=U2FsdGVkX1+yYKYJMC/+79ZQacOUF2Qtg6qgcBrlzBqPS1Y8l2or4R/1tc5b1skbCUqA1fSWJWWkWV6zFJIvkrN+uMg2jh8pZ/ofhLkUMx8HwsD9NuqWYicwwev2DLgWzct1LNjX1etP9/bfCVWH3OoVPFuDNlA4voQu6PY4fWjLgkEJmBO8atB6YjjzsrWG&u=U2FsdGVkX19mO1PDjvKRTq97uzhFxTY3NCdRKwv0FZ8=&y=U2FsdGVkX19Ij54DFrVLflytOiRi93T/8ZMdgjAZAsA= HTTP/1.1" 200 26
191.102.197.48 - - [20/Nov/2022:08:18:17 -0500] "GET /kwssiamovil/sm/acme/a?s=U2FsdGVkX1+Tz51KC2tlpcPx7O3P1mP0lMnAGn/69YhI0AET/NP1urKtWrav6KVa/+vyScsfIzVwCstxUFHRPU+3urwP5/laTjppomuYeZOeFB4FwgTTTl0cy4AokvD+lKiMJqSgMs6m01ajvVKmUEeGUUWzJuzdbEGA1N6wPJsH+vcwrmQ6h2UYHp4H2KBtY11l6g2v8CvE3HPuANNLsGVSMTbHTScCypBbsbXKcKk=&u=U2FsdGVkX19mO1PDjvKRTq97uzhFxTY3NCdRKwv0FZ8=&y=U2FsdGVkX19Ij54DFrVLflytOiRi93T/8ZMdgjAZAsA= HTTP/1.1" 200 25
191.102.197.48 - - [20/Nov/2022:08:18:18 -0500] "GET /kwssiamovil/sm/acme/a?s=U2FsdGVkX19RHUidn2F5G6Yec4mOHBgGH5eqAwFBVfolTjGA5oQKSZF4zyTQgwYdoIjBjHt1wWSo1vP5dKjUcdieltNd4Dep108mELch/mCiKRl7pn1sBvtZ2IJidppF+duW4riFSBm0rVv74OScnINJ1Tjnq/zGrcEzaRoTkQXDIlNdC4FchJ8h5a2cEcEfYbtBXCD5l5DDNqVK/POwpQ==&u=U2FsdGVkX19mO1PDjvKRTq97uzhFxTY3NCdRKwv0FZ8=&y=U2FsdGVkX19Ij54DFrVLflytOiRi93T/8ZMdgjAZAsA= HTTP/1.1" 200 25
191.102.197.48 - - [20/Nov/2022:08:18:18 -0500] "GET /kwssiamovil/sm/acme/a?s=U2FsdGVkX18Hl4b/iDTyK7iODUEF+xE5jYXmcaA/QjnRh9Wx8oCtUxz+A3LuDE4q3+hiRAK7m6vKa0/kU2hGgGwF1Hjs1ha7eG20BNdFTd1noUZqU/eX1grZwD9XCnZCIeb2wd3PgkVpR7F55FnmsbQ+dfHVBhDbVLXCYXGJ4BjAQIp/izrf4kpzyTsXc5n/13g7y6sFYUxPv+CZSRefCSn00hBYARWX+X+Dd3mezME=&u=U2FsdGVkX19mO1PDjvKRTq97uzhFxTY3NCdRKwv0FZ8=&y=U2FsdGVkX19Ij54DFrVLflytOiRi93T/8ZMdgjAZAsA= HTTP/1.1" 200 25
191.102.197.48 - - [20/Nov/2022:08:18:18 -0500] "GET /kwssiamovil/sm/acme/a?s=U2FsdGVkX19uDRs0gURsCNUK9Mqs29eHRkn8DxUVVYqsLiX000hvP5fn6S/GF+/19xRhgPSOdw9YgWrFvhZyI5NkWCeOBcSVih691JkYdOn81YZ4sbjh0vT9lluOVa4/xwEQGiyKdnZ1eRReBdTmRFBhiD9ei57H0ik765gsfIvf/8eWDZQyAlkxVsRv1xrM/1Ucmw9/HRTwelQ32EvMMg==&u=U2FsdGVkX19mO1PDjvKRTq97uzhFxTY3NCdRKwv0FZ8=&y=U2FsdGVkX19Ij54DFrVLflytOiRi93T/8ZMdgjAZAsA= HTTP/1.1" 200 25
136.243.228.197 - - [20/Nov/2022:08:17:54 -0500] "GET /BLA/resoluciones/index.php?dir=RESOLUCIONES+2003/RES+2003+2001-2051/ HTTP/1.1" 200 12159
185.119.81.109 - - [20/Nov/2022:08:18:23 -0500] "GET /portaldeninos/wp-login.php HTTP/1.1" 200 2592
185.119.81.109 - - [20/Nov/2022:08:18:24 -0500] "POST /portaldeninos/wp-login.php HTTP/1.1" 200 3670
191.102.197.48 - - [20/Nov/2022:08:18:42 -0500] "GET /kwssiamovil/sm/acme/u?s=U2FsdGVkX18IaDajJvwCMSE/ENOgEHw8/swOBXoPZW4bblU4nqT3esXJ3+ui8PVVKf4OxDX8W+jgfnBBLbgzaT/PCEnYvvOKwHWvWgLdIx05IBig071MRKvkYl4Vidcl6BuyOOYtfDuyhV2YafZDxg==&u=U2FsdGVkX19mO1PDjvKRTq97uzhFxTY3NCdRKwv0FZ8=&y=U2FsdGVkX19Ij54DFrVLflytOiRi93T/8ZMdgjAZAsA= HTTP/1.1" 200 60
136.243.228.197 - - [20/Nov/2022:08:18:46 -0500] "GET /BLA/resoluciones/index.php?dir=RESOLUCIONES+2003/RES+2003+2151-2189/ HTTP/1.1" 200 9915
45.177.52.28 - - [20/Nov/2022:08:18:47 -0500] "GET /galeria/galeria/jquery.fancybox.js?v=2.1.5 HTTP/1.1" 200 48706
45.177.52.28 - - [20/Nov/2022:08:18:47 -0500] "GET /BLA/boletinlegal/js/jquery.scrollShow.js HTTP/1.1" 200 4586
45.177.52.28 - - [20/Nov/2022:08:18:47 -0500] "GET /galeria/galeria/jquery.fancybox.css?v=2.1.5 HTTP/1.1" 200 4895
136.243.228.197 - - [20/Nov/2022:08:18:52 -0500] "GET /BLA/resoluciones/index.php?dir=RESOLUCIONES+2003/RES+2003+1901-1950/ HTTP/1.1" 200 12158
136.243.228.197 - - [20/Nov/2022:08:18:58 -0500] "GET /BLA/resoluciones/index.php?dir=RESOLUCIONES+2003/RES+2003+551-600/ HTTP/1.1" 200 11305
136.243.228.197 - - [20/Nov/2022:08:19:03 -0500] "GET /BLA/resoluciones/index.php?dir=2018/&sort=name&order=desc HTTP/1.1" 200 1607
136.243.228.197 - - [20/Nov/2022:08:19:08 -0500] "GET /BLA/resoluciones/index.php?dir=RESOLUCIONES%202003/&sort=size&order=asc HTTP/1.1" 200 31404
136.243.228.197 - - [20/Nov/2022:08:19:14 -0500] "GET /BLA/resoluciones/index.php?dir=RESOLUCIONES+2003/RES+2003+1601-1650/ HTTP/1.1" 200 12152
136.243.228.197 - - [20/Nov/2022:08:19:19 -0500] "GET /BLA/resoluciones/index.php?dir=RESOLUCIONES+2003/RES+2003+901-950/ HTTP/1.1" 200 11306
136.243.228.197 - - [20/Nov/2022:08:19:25 -0500] "GET /BLA/resoluciones/index.php?dir=RESOLUCIONES+2003/RES+2003+451-500/ HTTP/1.1" 200 11311
136.243.228.197 - - [20/Nov/2022:08:19:31 -0500] "GET /BLA/resoluciones/index.php?dir=RESOLUCIONES+2003/RES+2003+2051-2100/ HTTP/1.1" 200 12152
191.102.197.48 - - [20/Nov/2022:08:19:36 -0500] "GET /kwssiamovil/sm/ldap/au?x=U2FsdGVkX1+5dEg0eZk+DJ2dxnN23dxEckmXQJ7IRvmbNO7CIQavf2F3V9zeZVot&y=U2FsdGVkX18dHiXQdpMbmC+gRJtJUiJyCIWytCfZr7w= HTTP/1.1" 200 30
191.102.197.48 - - [20/Nov/2022:08:19:36 -0500] "GET /kwssiamovil/sm/acme/s?s=U2FsdGVkX19lc5wQf5g8xFBOmA4dTkjMsWrYnyV8fZYIGXKGnms7FhdvNidnkgwg59ZUzXkBgj5Q0ABZoc0yf5W73+lORgulmYBzV0Cv2cs=&u=U2FsdGVkX1+FkON5KwSX+Jo2bePvGpnWkI7ciuGVLwk=&y=U2FsdGVkX18dHiXQdpMbmC+gRJtJUiJyCIWytCfZr7w= HTTP/1.1" 200 97
191.102.197.48 - - [20/Nov/2022:08:19:37 -0500] "GET /kwssiamovil/sm/acme/s?s=U2FsdGVkX1/hogdoJwnZZufj6q8Rw6LRxZJBeZ4kDsLnJ5lMpuYQaOWm7ld7xT+71LPjyhe4GKoCZ+S5HmvZmtIHUP/KoRJcALbiX8Lbtuy0uvqOA2vZAaC/gTy86OSdfKvs8A+g0PANQvT5Ehf1NkRJ2KqhD8TjR8Mx4EBnhwv5VJ7P2If2U0RsZ1cF/ldeOFb0fhJbxaCM7VaMhgyZvijyjbNbh2oGc8vBFwpKWtDa87c90bv82EilrujU0+FZVf/KrjSkTRV5ksa4AUQsuTE6DpzgUoN2JTn73UjYkZHva9oRnvaSV7APykhUN5a1iJNJ0JbbRTQ9ACBRllRcXLro2XMRb3wEsa4My79XChSCqpyXjoHBQEAKLF5L4WW/RaXGV8WAljLglHtszYCIGWCnfTFZ1Z5M+tTyWPwVhKnXgiJ44NQAgaXcpkfsQGRk5N1Yq5BObHSwmmW7oY46lHqQqoQP2yJq8JpQZNkpmKxReAnS0TQu93ZJu+gK0NX5TPlTSV9c1M4vpLJLY54dgej9a0ko1DRvLoys1IDgAIZHLOL1M8xkTQJTqYlZfjdxRrbyHnXqWbbSfM971N7rOf3dEP7aY1O5qCqxDi/m0tLIRsUThMnF74RiFMeHuHeo2DvEJ9W3E20FevQrjHIEn+rwgVPhzrK/708YmdJWpk1ITHZvXo/Wj1D/geecluI4G39uAsL3V5p+X5UlDyF050ZMJ5HwJ5pA+dplNdfrh4Qcp+f+7YsDKeDwBpkvTV7KNOuWluJ4EeTcAWrziMGjQaQIC7UXPqpGn5YMF4x8oMdCwf/7zvSIHXP0Mue9fhSjJs+ySJufodJagZJzPtAHKN60elNUF+EL22TeSfwJBhpByotARcuI47OsqKStXVSv4IvvfG2nVu3zkZLuiWwkvhxfBAx5JVawQJsVK0+bCHoQmyzexLjRL1GyektPmImSCctzsggZNw+MstL7zIjiMUIAzQmLloHnYj6CM7DNrlOqQvJkFv5P6kLsnezgZ3WgDBUQ+Fj22NqtxxDHv7ZBFoJ7Kw0NuDRYpPd84QEagGHVZJbsYc+VgRGeMFdxZPQMZpx2oCF4Cb8LHZv/vaU8wqE2YsBMWN2Wwkd0OOIgFqFciFTijmQhxcJ57kdJ4LYmMRy34TowjfbDuPuYgQW4V5P4gGMMdhG1R8PKdiFhIaIi4VB2b2eirNysYVv4ykeX/40ax6v9rdvTXh6zvYmTGLWv0cuwh1ukKdpc3TK0UKbSGV6+hFM836Qsp5TNHOYOCEjO8whRno47VfrUPL+m0gS86XWRISY1s6CFbgRS2oQLj9HrQi1FZVPB6g0wB9GAR1kdYvRKugLo2UckK/jZYaptfRyJXlFv2h+xdu64MHVa01PjsbVqI8sWe/h1LDncEg1CQOAGTV7Pll/ig2xHhd82EhA1HAWbfCqDZp2xf3g=&u=U2FsdGVkX1+FkON5KwSX+Jo2bePvGpnWkI7ciuGVLwk=&y=U2FsdGVkX18dHiXQdpMbmC+gRJtJUiJyCIWytCfZr7w= HTTP/1.1" 200 2301
191.102.197.48 - - [20/Nov/2022:08:19:37 -0500] "GET /kwssiamovil/sm/acme/s?s=U2FsdGVkX1+KB9wbEJTU99mO+5+PJc5OBuIh7woucge7DN99C/k2PPJSUg2Sw6xmQU/WssGYaLbUIsXKTartsJ+MbB09JY9hawT13L7jwZchpndprHBn20/3gqrGv2SaTIH+R1UqSapNP7tL+8XyGmmv7YtAYKnAcA4RSO3k29VJ/3nBws3I/cNSeH+GLRKuY2Hp1tJ0VMS7qqQ9Yf+LlI9C3x+B97FMALtXbiJ7yaK6XHvMuQ6v1vzKuaXd1CFTLhbBq51Sv+N43a5vQngjSlcDZZ4H06RdjBPSkDuLXPW2X6MrM/SS2nt5PtqW74BGHj8MEv6ARVbWrRHaCiKMrw==&u=U2FsdGVkX1+FkON5KwSX+Jo2bePvGpnWkI7ciuGVLwk=&y=U2FsdGVkX18dHiXQdpMbmC+gRJtJUiJyCIWytCfZr7w= HTTP/1.1" 200 196
136.243.228.197 - - [20/Nov/2022:08:19:37 -0500] "GET /BLA/resoluciones/index.php?dir=RESOLUCIONES+2003/RES+2003+1801-1850/ HTTP/1.1" 200 12154
191.102.197.48 - - [20/Nov/2022:08:19:37 -0500] "GET /kwssiamovil/sm/cjson/pre?f=1&x=U2FsdGVkX1+5dEg0eZk+DJ2dxnN23dxEckmXQJ7IRvmbNO7CIQavf2F3V9zeZVot HTTP/1.1" 200 30992
136.243.228.197 - - [20/Nov/2022:08:19:41 -0500] "GET /BLA/resoluciones/index.php?dir=RESOLUCIONES+2003/RES+2003+1151-1200/ HTTP/1.1" 200 11570
136.243.228.197 - - [20/Nov/2022:08:19:46 -0500] "GET /BLA/resoluciones/index.php?dir=RESOLUCIONES+2003/RES+2003+1401-1450/ HTTP/1.1" 200 12156
136.243.228.197 - - [20/Nov/2022:08:19:53 -0500] "GET /BLA/resoluciones/index.php?dir=RESOLUCIONES+2003/RES+2003+751-800/ HTTP/1.1" 200 11302
190.26.164.133 - - [20/Nov/2022:08:19:53 -0500] "GET /BLA/resoluciones/ HTTP/1.1" 200 13093
190.26.164.133 - - [20/Nov/2022:08:19:57 -0500] "GET /BLA/resoluciones/index.php?dir=AUTOS+2014%2F HTTP/1.1" 200 884658
136.243.228.197 - - [20/Nov/2022:08:20:00 -0500] "GET /BLA/resoluciones/index.php?dir=RESOLUCIONES+2003/RES+2003+601-650/ HTTP/1.1" 200 11292
136.243.228.197 - - [20/Nov/2022:08:20:05 -0500] "GET /BLA/resoluciones/index.php?dir=RESOLUCIONES+2003/RES+2003+501-550/ HTTP/1.1" 200 11308
136.243.228.197 - - [20/Nov/2022:08:20:11 -0500] "GET /BLA/resoluciones/index.php?dir=RESOLUCIONES%201995/&sort=name&order=desc HTTP/1.1" 200 12326
136.243.228.197 - - [20/Nov/2022:08:20:16 -0500] "GET /BLA/resoluciones/index.php?dir=RESOLUCIONES%201995/&sort=date&order=asc HTTP/1.1" 200 12327
136.243.228.197 - - [20/Nov/2022:08:20:22 -0500] "GET /BLA/resoluciones/index.php?dir=RESOLUCIONES%201994/&sort=date&order=asc HTTP/1.1" 200 2479
136.243.228.197 - - [20/Nov/2022:08:20:27 -0500] "GET /BLA/resoluciones/index.php?dir=AUTOS%202004/&sort=date&order=asc HTTP/1.1" 200 2786
136.243.228.197 - - [20/Nov/2022:08:20:33 -0500] "GET /BLA/resoluciones/index.php?dir=RESOLUCIONES%201994/&sort=name&order=desc HTTP/1.1" 200 2478
136.243.228.197 - - [20/Nov/2022:08:20:40 -0500] "GET /BLA/resoluciones/index.php?dir=Notificaciones/REGISTROS+2016/ HTTP/1.1" 200 17179
136.243.228.197 - - [20/Nov/2022:08:20:44 -0500] "GET /BLA/resoluciones/index.php?dir=Notificaciones/AUTOS+2018/ HTTP/1.1" 200 98614
136.243.228.197 - - [20/Nov/2022:08:20:50 -0500] "GET /BLA/resoluciones/index.php?dir=Notificaciones/REGISTROS+2014/ HTTP/1.1" 200 15754
136.243.228.197 - - [20/Nov/2022:08:20:56 -0500] "GET /BLA/resoluciones/index.php?dir=Notificaciones/AUTOS+2014/ HTTP/1.1" 200 307706
201.245.192.253 - - [20/Nov/2022:08:21:01 -0500] "POST /kwsrmcab/Wsrmcab HTTP/1.1" 200 43169
136.243.228.197 - - [20/Nov/2022:08:21:03 -0500] "GET /BLA/resoluciones/index.php?dir=Notificaciones/RESOLUCIONES+2013/ HTTP/1.1" 200 2817
172.22.2.4 - - [20/Nov/2022:08:19:24 -0500] "HEAD /BLA/boletinlegal/ HTTP/1.1" 200 -
201.245.192.253 - - [20/Nov/2022:08:21:03 -0500] "POST /kwsrmcab/Wsrmcab HTTP/1.1" 200 43805
136.243.228.197 - - [20/Nov/2022:08:21:09 -0500] "GET /BLA/resoluciones/index.php?dir=Notificaciones/RESOLUCIONES+2019/ HTTP/1.1" 200 39462
136.243.228.197 - - [20/Nov/2022:08:21:14 -0500] "GET /BLA/resoluciones/index.php?dir=Notificaciones/DISCIPLINARIOS+2019/ HTTP/1.1" 200 3553
136.243.228.197 - - [20/Nov/2022:08:21:19 -0500] "GET /BLA/resoluciones/index.php?dir=Notificaciones/REGISTROS+0216/ HTTP/1.1" 200 2241
136.243.228.197 - - [20/Nov/2022:08:21:26 -0500] "GET /BLA/resoluciones/index.php?dir=Notificaciones/AUTOS+2015/ HTTP/1.1" 200 102019
136.243.228.197 - - [20/Nov/2022:08:21:30 -0500] "GET /BLA/resoluciones/index.php?dir=Notificaciones/RESOLUCIONES+2017/ HTTP/1.1" 200 13091
136.243.228.197 - - [20/Nov/2022:08:21:36 -0500] "GET /BLA/resoluciones/index.php?dir=Notificaciones/REGISTROS+2020/ HTTP/1.1" 200 19439
136.243.228.197 - - [20/Nov/2022:08:21:41 -0500] "GET /BLA/resoluciones/index.php?dir=Notificaciones/RESOLUCIONES+2015/ HTTP/1.1" 200 14394
172.22.2.4 - - [20/Nov/2022:08:21:41 -0500] "GET /BLA/boletinlegal/robots.txt HTTP/1.1" 404 1037
136.243.228.197 - - [20/Nov/2022:08:21:46 -0500] "GET /BLA/resoluciones/index.php?dir=Notificaciones/AUTOS+2016/ HTTP/1.1" 200 75954
136.243.228.197 - - [20/Nov/2022:08:21:51 -0500] "GET /BLA/resoluciones/index.php?dir=Notificaciones/&sort=size&order=asc HTTP/1.1" 200 10351
172.22.2.4 - - [20/Nov/2022:08:20:14 -0500] "GET /BLA/boletinlegal/ HTTP/1.1" 200 38894
136.243.228.197 - - [20/Nov/2022:08:21:58 -0500] "GET /BLA/resoluciones/index.php?dir=Notificaciones/RESOLUCIONES+2012/ HTTP/1.1" 200 2077
216.245.221.92 - - [20/Nov/2022:08:21:59 -0500] "HEAD / HTTP/1.1" 200 -
45.5.67.74 - - [20/Nov/2022:08:22:01 -0500] "GET / HTTP/1.1" 200 319
172.121.208.98 - - [20/Nov/2022:08:22:01 -0500] "GET / HTTP/1.1" 200 319
136.243.228.197 - - [20/Nov/2022:08:22:04 -0500] "GET /BLA/resoluciones/index.php?dir=Notificaciones/RESOLUCIONES+2022/ HTTP/1.1" 200 83746
136.243.228.197 - - [20/Nov/2022:08:22:10 -0500] "GET /BLA/resoluciones/index.php?dir=Notificaciones/AUTOS+1985/ HTTP/1.1" 200 2733
136.243.228.197 - - [20/Nov/2022:08:22:15 -0500] "GET /BLA/resoluciones/index.php?dir=Notificaciones/&sort=name&order=desc HTTP/1.1" 200 10350
136.243.228.197 - - [20/Nov/2022:08:22:20 -0500] "GET /BLA/resoluciones/index.php?dir=Notificaciones/REGISTROS+2013/ HTTP/1.1" 200 2053
136.243.228.197 - - [20/Nov/2022:08:22:24 -0500] "GET /BLA/resoluciones/index.php?dir=Notificaciones/AUTOS+2022/ HTTP/1.1" 200 112297
136.243.228.197 - - [20/Nov/2022:08:22:29 -0500] "GET /BLA/resoluciones/index.php?dir=Notificaciones/REGISTROS+2015/ HTTP/1.1" 200 19557
136.243.228.197 - - [20/Nov/2022:08:22:33 -0500] "GET /BLA/resoluciones/index.php?dir=Notificaciones/AUTOS+2021/ HTTP/1.1" 200 199710
136.243.228.197 - - [20/Nov/2022:08:22:39 -0500] "GET /BLA/resoluciones/index.php?dir=Notificaciones/REGISTROS+2021/ HTTP/1.1" 200 22975
172.22.2.4 - - [20/Nov/2022:08:21:01 -0500] "GET /BLA/boletinlegal/ HTTP/1.1" 200 19339
136.243.228.197 - - [20/Nov/2022:08:22:44 -0500] "GET /BLA/resoluciones/index.php?dir=Notificaciones/REGISTROS+2018/ HTTP/1.1" 200 21274
172.22.2.4 - - [20/Nov/2022:08:21:07 -0500] "GET /BLA/boletinlegal/ HTTP/1.1" 200 17975
136.243.228.197 - - [20/Nov/2022:08:22:49 -0500] "GET /BLA/resoluciones/index.php?dir=Notificaciones/AUTOS+2017/ HTTP/1.1" 200 140025
172.22.2.4 - - [20/Nov/2022:08:21:12 -0500] "GET /BLA/boletinlegal/ HTTP/1.1" 200 17333
136.243.228.197 - - [20/Nov/2022:08:22:53 -0500] "GET /BLA/resoluciones/index.php?dir=Notificaciones/RESOLUCIONES+0020/ HTTP/1.1" 200 2077
172.22.2.4 - - [20/Nov/2022:08:21:18 -0500] "GET /BLA/boletinlegal/ HTTP/1.1" 200 17333
136.243.228.197 - - [20/Nov/2022:08:22:58 -0500] "GET /BLA/resoluciones/index.php?dir=Notificaciones/&sort=date&order=asc HTTP/1.1" 200 10351
136.243.228.197 - - [20/Nov/2022:08:23:03 -0500] "GET /BLA/resoluciones/index.php?dir=Notificaciones/AUTOS+2019/ HTTP/1.1" 200 108385
172.22.2.4 - - [20/Nov/2022:08:21:26 -0500] "GET /BLA/boletinlegal/ HTTP/1.1" 200 15829
136.243.228.197 - - [20/Nov/2022:08:23:08 -0500] "GET /BLA/resoluciones/index.php?dir=Notificaciones/REGISTROS+2022/ HTTP/1.1" 200 4446
172.22.2.4 - - [20/Nov/2022:08:21:31 -0500] "GET /BLA/boletinlegal/ HTTP/1.1" 200 15310
136.243.228.197 - - [20/Nov/2022:08:23:13 -0500] "GET /BLA/resoluciones/index.php?dir=Notificaciones/AUTOS+2012/ HTTP/1.1" 200 3092
201.245.192.253 - - [20/Nov/2022:08:23:13 -0500] "POST /kwsrmcab/Wsrmcab  HTTP/1.1" 200 42393
172.22.2.4 - - [20/Nov/2022:08:21:37 -0500] "GET /BLA/boletinlegal/ HTTP/1.1" 200 15829
136.243.228.197 - - [20/Nov/2022:08:23:19 -0500] "GET /BLA/resoluciones/index.php?dir=&sort=date&order=desc HTTP/1.1" 200 13092
172.22.2.4 - - [20/Nov/2022:08:21:42 -0500] "GET /BLA/boletinlegal/ HTTP/1.1" 200 16860
136.243.228.197 - - [20/Nov/2022:08:23:24 -0500] "GET /BLA/resoluciones/index.php?dir=AUTOS%201997/&sort=size&order=asc HTTP/1.1" 200 2025
172.22.2.4 - - [20/Nov/2022:08:21:46 -0500] "GET /BLA/boletinlegal/ HTTP/1.1" 200 18903
136.243.228.197 - - [20/Nov/2022:08:23:30 -0500] "GET /BLA/resoluciones/index.php?dir=AUTOS%201997/&sort=date&order=asc HTTP/1.1" 200 2025
172.22.2.4 - - [20/Nov/2022:08:21:51 -0500] "GET /BLA/boletinlegal/ HTTP/1.1" 200 17975
136.243.228.197 - - [20/Nov/2022:08:23:34 -0500] "GET /BLA/resoluciones/index.php?dir=RESOLUCIONES%201997/&sort=name&order=desc HTTP/1.1" 200 16814
136.243.228.197 - - [20/Nov/2022:08:23:40 -0500] "GET /BLA/resoluciones/index.php?dir=RESOLUCIONES%201997/&sort=date&order=asc HTTP/1.1" 200 16815
172.22.2.4 - - [20/Nov/2022:08:23:41 -0500] "GET /BLA/boletinlegal/xmlrpc.php HTTP/1.1" 404 1038
172.22.2.4 - - [20/Nov/2022:08:23:41 -0500] "GET /BLA/boletinlegal/xmlrpc.php HTTP/1.1" 404 1038
136.243.228.197 - - [20/Nov/2022:08:23:45 -0500] "GET /BLA/resoluciones/index.php?dir=RESOLUCIONES%201997/&sort=size&order=asc HTTP/1.1" 200 16815
136.243.228.197 - - [20/Nov/2022:08:23:50 -0500] "GET /BLA/resoluciones/index.php?dir=RESOLUCIONES%201996/&sort=size&order=asc HTTP/1.1" 200 8967
136.243.228.197 - - [20/Nov/2022:08:23:55 -0500] "GET /BLA/resoluciones/index.php?dir=Acuerdos/&sort=size&order=asc HTTP/1.1" 200 3396
172.22.2.4 - - [20/Nov/2022:08:23:59 -0500] "GET /BLA/boletinlegal/xmlrpc.php HTTP/1.1" 404 1038
172.22.2.4 - - [20/Nov/2022:08:22:43 -0500] "GET /BLA/boletinlegal/ HTTP/1.1" 200 24523
172.22.2.4 - - [20/Nov/2022:08:22:42 -0500] "GET /BLA/boletinlegal/ HTTP/1.1" 200 24523
136.243.228.197 - - [20/Nov/2022:08:24:02 -0500] "GET /BLA/resoluciones/index.php?dir=RESOLUCIONES%201996/&sort=name&order=desc HTTP/1.1" 200 8966
136.243.228.197 - - [20/Nov/2022:08:24:08 -0500] "GET /BLA/resoluciones/index.php?dir=RESOLUCIONES%201992/&sort=size&order=asc HTTP/1.1" 200 2871
136.243.228.197 - - [20/Nov/2022:08:24:13 -0500] "GET /BLA/resoluciones/index.php?dir=RESOLUCIONES%201992/&sort=name&order=desc HTTP/1.1" 200 2870
136.243.228.197 - - [20/Nov/2022:08:24:18 -0500] "GET /BLA/resoluciones/index.php?dir=RESOLUCIONES%201996/&sort=date&order=asc HTTP/1.1" 200 8967
136.243.228.197 - - [20/Nov/2022:08:24:23 -0500] "GET /BLA/resoluciones/index.php?dir=Acuerdos/&sort=date&order=asc HTTP/1.1" 200 3396
136.243.228.197 - - [20/Nov/2022:08:24:27 -0500] "GET /BLA/resoluciones/index.php?dir=RESOLUCIONES%201992/&sort=date&order=asc HTTP/1.1" 200 2871
136.243.228.197 - - [20/Nov/2022:08:24:33 -0500] "GET /BLA/resoluciones/index.php?dir=Acuerdos/&sort=name&order=desc HTTP/1.1" 200 3395
172.22.2.4 - - [20/Nov/2022:08:24:37 -0500] "GET /BLA/boletinlegal/xmlrpc.php HTTP/1.1" 404 1038
185.119.81.109 - - [20/Nov/2022:08:26:01 -0500] "GET /portaldeninos/wp-login.php HTTP/1.1" 200 2592
185.119.81.109 - - [20/Nov/2022:08:26:02 -0500] "POST /portaldeninos/wp-login.php HTTP/1.1" 200 3605
157.55.39.206 - - [20/Nov/2022:08:26:08 -0500] "GET /galeria/mapa/humedal.html? HTTP/1.1" 200 13190
172.22.2.4 - - [20/Nov/2022:08:24:41 -0500] "GET /BLA/boletinlegal/ HTTP/1.1" 200 55680
172.22.2.4 - - [20/Nov/2022:08:25:14 -0500] "GET /BLA/boletinlegal/ HTTP/1.1" 200 56079
216.245.221.92 - - [20/Nov/2022:08:26:59 -0500] "HEAD / HTTP/1.1" 200 -
183.136.225.32 - - [20/Nov/2022:08:28:03 -0500] "GET / HTTP/1.1" 200 319
201.245.192.253 - - [20/Nov/2022:08:28:12 -0500] "POST /kwsrmcab/Wsrmcab  HTTP/1.1" 200 42393
157.55.39.206 - - [20/Nov/2022:08:30:58 -0500] "GET /BLA/resoluciones/RESOLUCIONES%202022/2443.pdf HTTP/1.1" 304 -
201.245.192.253 - - [20/Nov/2022:08:31:01 -0500] "POST /kwsrmcab/Wsrmcab HTTP/1.1" 200 43169
201.245.192.253 - - [20/Nov/2022:08:31:04 -0500] "POST /kwsrmcab/Wsrmcab HTTP/1.1" 200 43805
183.136.225.32 - - [20/Nov/2022:08:31:31 -0500] "GET / HTTP/1.1" 200 319
183.136.225.32 - - [20/Nov/2022:08:31:35 -0500] "GET /favicon.ico HTTP/1.1" 200 7782
172.22.2.4 - - [20/Nov/2022:08:30:14 -0500] "HEAD /BLA/boletinlegal/ HTTP/1.1" 200 -
216.245.221.92 - - [20/Nov/2022:08:31:59 -0500] "HEAD / HTTP/1.1" 200 -
186.84.88.155 - - [20/Nov/2022:08:32:16 -0500] "GET /sipse/faces/faces/autenticacion.xhtml HTTP/1.1" 200 12183
186.84.88.155 - - [20/Nov/2022:08:32:17 -0500] "GET /sipse/js/disable_browser_buttons.js HTTP/1.1" 304 -
186.84.88.155 - - [20/Nov/2022:08:32:17 -0500] "GET /sipse/js/funciones.js HTTP/1.1" 304 -
186.84.88.155 - - [20/Nov/2022:08:32:17 -0500] "GET /sipse/css/custom_css_sg.css HTTP/1.1" 304 -
186.84.88.155 - - [20/Nov/2022:08:32:17 -0500] "GET /sipse/css/custom_css_sg_prime_login.css HTTP/1.1" 304 -
186.84.88.155 - - [20/Nov/2022:08:32:17 -0500] "GET /sipse/faces/javax.faces.resource/theme.css?ln=primefaces-sipse HTTP/1.1" 304 -
186.84.88.155 - - [20/Nov/2022:08:32:17 -0500] "GET /sipse/faces/javax.faces.resource/jquery/jquery-plugins.js?ln=primefaces&v=4.0 HTTP/1.1" 304 -
186.84.88.155 - - [20/Nov/2022:08:32:17 -0500] "GET /sipse/faces/javax.faces.resource/jquery/jquery.js?ln=primefaces&v=4.0 HTTP/1.1" 304 -
186.84.88.155 - - [20/Nov/2022:08:32:17 -0500] "GET /sipse/faces/javax.faces.resource/primefaces.js?ln=primefaces&v=4.0 HTTP/1.1" 304 -
186.84.88.155 - - [20/Nov/2022:08:32:17 -0500] "GET /sipse/faces/javax.faces.resource/layout/layout.js?ln=primefaces&v=4.0 HTTP/1.1" 304 -
186.84.88.155 - - [20/Nov/2022:08:32:17 -0500] "GET /sipse/faces/javax.faces.resource/layout/layout.css?ln=primefaces&v=4.0 HTTP/1.1" 304 -
186.84.88.155 - - [20/Nov/2022:08:32:17 -0500] "GET /sipse/faces/javax.faces.resource/primefaces.css?ln=primefaces&v=4.0 HTTP/1.1" 304 -
186.84.88.155 - - [20/Nov/2022:08:32:17 -0500] "GET /sipse/css/imagen/logoSDG.png HTTP/1.1" 304 -
186.84.88.155 - - [20/Nov/2022:08:32:17 -0500] "GET /sipse/css/imagen/loginimg.png HTTP/1.1" 304 -
186.84.88.155 - - [20/Nov/2022:08:32:17 -0500] "GET /sipse/faces/javax.faces.resource/images/ui-icons_898989_256x240.png?ln=primefaces-aristo HTTP/1.1" 304 -
186.84.88.155 - - [20/Nov/2022:08:32:17 -0500] "GET /sipse/faces/faces/index.xhtml HTTP/1.1" 200 677
186.84.88.155 - - [20/Nov/2022:08:32:18 -0500] "GET /sipse/faces/javax.faces.resource/theme.css?ln=primefaces-sipse HTTP/1.1" 304 -
186.84.88.155 - - [20/Nov/2022:08:32:18 -0500] "GET /sipse/faces/faces/faces/autenticacion.xhtml HTTP/1.1" 200 12183
186.84.88.155 - - [20/Nov/2022:08:32:18 -0500] "GET /sipse/faces/javax.faces.resource/theme.css?ln=primefaces-sipse HTTP/1.1" 304 -
186.84.88.155 - - [20/Nov/2022:08:32:18 -0500] "GET /sipse/faces/javax.faces.resource/layout/layout.css?ln=primefaces&v=4.0 HTTP/1.1" 304 -
186.84.88.155 - - [20/Nov/2022:08:32:18 -0500] "GET /sipse/faces/javax.faces.resource/jquery/jquery.js?ln=primefaces&v=4.0 HTTP/1.1" 304 -
186.84.88.155 - - [20/Nov/2022:08:32:18 -0500] "GET /sipse/faces/javax.faces.resource/primefaces.js?ln=primefaces&v=4.0 HTTP/1.1" 304 -
186.84.88.155 - - [20/Nov/2022:08:32:18 -0500] "GET /sipse/faces/javax.faces.resource/jquery/jquery-plugins.js?ln=primefaces&v=4.0 HTTP/1.1" 304 -
186.84.88.155 - - [20/Nov/2022:08:32:18 -0500] "GET /sipse/faces/javax.faces.resource/primefaces.css?ln=primefaces&v=4.0 HTTP/1.1" 304 -
186.84.88.155 - - [20/Nov/2022:08:32:18 -0500] "GET /sipse/faces/javax.faces.resource/layout/layout.js?ln=primefaces&v=4.0 HTTP/1.1" 304 -
186.84.88.155 - - [20/Nov/2022:08:32:24 -0500] "POST /sipse/faces/autenticacion.xhtml HTTP/1.1" 200 2222
186.84.88.155 - - [20/Nov/2022:08:32:24 -0500] "GET /sipse/faces/javax.faces.resource/messages/messages.png?ln=primefaces&v=4.0 HTTP/1.1" 304 -
186.84.88.155 - - [20/Nov/2022:08:32:25 -0500] "GET /sipse/faces/javax.faces.resource/images/ui-icons_898989_256x240.png?ln=primefaces-aristo HTTP/1.1" 304 -
186.84.88.155 - - [20/Nov/2022:08:32:26 -0500] "POST /sipse/faces/autenticacion.xhtml HTTP/1.1" 200 16251
186.84.88.155 - - [20/Nov/2022:08:32:26 -0500] "GET /sipse/faces/javax.faces.resource/theme.css?ln=primefaces-sipse HTTP/1.1" 304 -
186.84.88.155 - - [20/Nov/2022:08:32:26 -0500] "GET /sipse/css/custom_css_sg_prime.css HTTP/1.1" 304 -
186.84.88.155 - - [20/Nov/2022:08:32:26 -0500] "GET /sipse/faces/javax.faces.resource/layout/layout.css?ln=primefaces&v=4.0 HTTP/1.1" 304 -
186.84.88.155 - - [20/Nov/2022:08:32:26 -0500] "GET /sipse/faces/javax.faces.resource/primefaces.css?ln=primefaces&v=4.0 HTTP/1.1" 304 -
186.84.88.155 - - [20/Nov/2022:08:32:26 -0500] "GET /sipse/js/jquery.min.js HTTP/1.1" 304 -
186.84.88.155 - - [20/Nov/2022:08:32:26 -0500] "GET /sipse/faces/javax.faces.resource/jquery/jquery.js?ln=primefaces&v=4.0 HTTP/1.1" 304 -
186.84.88.155 - - [20/Nov/2022:08:32:26 -0500] "GET /sipse/faces/javax.faces.resource/jquery/jquery-plugins.js?ln=primefaces&v=4.0 HTTP/1.1" 304 -
186.84.88.155 - - [20/Nov/2022:08:32:26 -0500] "GET /sipse/faces/javax.faces.resource/primefaces.js?ln=primefaces&v=4.0 HTTP/1.1" 304 -
186.84.88.155 - - [20/Nov/2022:08:32:26 -0500] "GET /sipse/faces/javax.faces.resource/layout/layout.js?ln=primefaces&v=4.0 HTTP/1.1" 304 -
186.84.88.155 - - [20/Nov/2022:08:32:26 -0500] "GET /sipse/imagenes/cargando.gif HTTP/1.1" 304 -
186.84.88.155 - - [20/Nov/2022:08:32:26 -0500] "GET /sipse/imagenes/logoAplicacion.jpg HTTP/1.1" 304 -
186.84.88.155 - - [20/Nov/2022:08:32:26 -0500] "GET /sipse/css/imagen/contrasena.png HTTP/1.1" 404 383
186.84.88.155 - - [20/Nov/2022:08:32:30 -0500] "GET /sipse/faces/javax.faces.resource/images/ui-bg_flat_0_2d5972_40x100.png?ln=primefaces-aristo HTTP/1.1" 304 -
186.84.88.155 - - [20/Nov/2022:08:32:30 -0500] "POST /sipse/faces/bienvenido.xhtml HTTP/1.1" 200 2060
186.84.88.155 - - [20/Nov/2022:08:32:31 -0500] "POST /sipse/faces/bienvenido.xhtml HTTP/1.1" 200 35570
186.84.88.155 - - [20/Nov/2022:08:32:31 -0500] "GET /sipse/faces/javax.faces.resource/layout/layout.css?ln=primefaces&v=4.0 HTTP/1.1" 304 -
186.84.88.155 - - [20/Nov/2022:08:32:31 -0500] "GET /sipse/faces/javax.faces.resource/primefaces.css?ln=primefaces&v=4.0 HTTP/1.1" 304 -
186.84.88.155 - - [20/Nov/2022:08:32:31 -0500] "GET /sipse/faces/javax.faces.resource/theme.css?ln=primefaces-sipse HTTP/1.1" 304 -
186.84.88.155 - - [20/Nov/2022:08:32:31 -0500] "GET /sipse/faces/javax.faces.resource/jquery/jquery.js?ln=primefaces&v=4.0 HTTP/1.1" 304 -
186.84.88.155 - - [20/Nov/2022:08:32:31 -0500] "GET /sipse/faces/javax.faces.resource/jquery/jquery-plugins.js?ln=primefaces&v=4.0 HTTP/1.1" 304 -
186.84.88.155 - - [20/Nov/2022:08:32:31 -0500] "GET /sipse/faces/javax.faces.resource/primefaces.js?ln=primefaces&v=4.0 HTTP/1.1" 304 -
186.84.88.155 - - [20/Nov/2022:08:32:31 -0500] "GET /sipse/faces/javax.faces.resource/layout/layout.js?ln=primefaces&v=4.0 HTTP/1.1" 304 -
186.84.88.155 - - [20/Nov/2022:08:32:31 -0500] "POST /sipse/faces/presentacion/financiero/solicitudProceso/listarSolicitudProceso.xhtml HTTP/1.1" 200 1400
186.84.88.155 - - [20/Nov/2022:08:32:37 -0500] "POST /sipse/faces/presentacion/financiero/solicitudProceso/listarSolicitudProceso.xhtml HTTP/1.1" 200 110990
186.84.88.155 - - [20/Nov/2022:08:32:38 -0500] "GET /sipse/faces/javax.faces.resource/theme.css?ln=primefaces-sipse HTTP/1.1" 304 -
186.84.88.155 - - [20/Nov/2022:08:32:38 -0500] "GET /sipse/faces/javax.faces.resource/primefaces.css?ln=primefaces&v=4.0 HTTP/1.1" 304 -
186.84.88.155 - - [20/Nov/2022:08:32:38 -0500] "GET /sipse/faces/javax.faces.resource/layout/layout.css?ln=primefaces&v=4.0 HTTP/1.1" 304 -
