!C99Shell v. 1.0 pre-release build #13!

Software: Apache. PHP/5.5.15 

uname -a: Windows NT SVR-DMZ 6.1 build 7600 (Windows Server 2008 R2 Enterprise Edition) i586 

SYSTEM 

Safe-mode: OFF (not secure)

E:\nuevo\apache\logs\   drwxrwxrwx
Free 8.02 GB of 239.26 GB (3.35%)
Detected drives: [ a ] [ c ] [ d ] [ e ] [ f ]
Home    Back    Forward    UPDIR    Refresh    Search    Buffer    Encoder    Tools    Proc.    FTP brute    Sec.    SQL    PHP-code    Update    Feedback    Self remove    Logout    


Viewing file:     access.2022.11.20.log (704.54 KB)      -rw-rw-rw-
Select action/file-type:
(+) | (+) | (+) | Code (+) | Session (+) | (+) | SDB (+) | (+) | (+) | (+) | (+) | (+) |
172.22.2.4 - - [19/Nov/2022:23:58:34 -0500] "GET /BLA/boletinlegal/ HTTP/1.1" 200 59779
66.249.73.127 - - [20/Nov/2022:00:01:41 -0500] "-" 408 -
216.245.221.92 - - [20/Nov/2022:00:02:00 -0500] "HEAD / HTTP/1.1" 200 -
69.171.249.21 - - [20/Nov/2022:00:02:04 -0500] "GET /images/Musgo%20SDA%20(1)%20(1).png HTTP/1.1" 200 302122
201.245.192.253 - - [20/Nov/2022:00:04:56 -0500] "POST /kwsrmcab/Wsrmcab  HTTP/1.1" 200 42393
172.22.2.4 - - [20/Nov/2022:00:03:34 -0500] "HEAD /BLA/boletinlegal/ HTTP/1.1" 200 -
172.22.2.4 - - [20/Nov/2022:00:04:24 -0500] "GET /BLA/boletinlegal/ HTTP/1.1" 200 55272
216.245.221.92 - - [20/Nov/2022:00:07:00 -0500] "HEAD / HTTP/1.1" 200 -
141.255.166.2 - - [20/Nov/2022:00:07:15 -0500] "GET / HTTP/1.1" 200 319
172.22.2.4 - - [20/Nov/2022:00:07:28 -0500] "GET /BLA/boletinlegal/Circulares/2019/Circular%2000020%20del%2020%20de%20diciembre%20de%202019.pdf HTTP/1.1" 304 -
66.249.73.127 - - [20/Nov/2022:00:07:53 -0500] "-" 408 -
201.245.192.253 - - [20/Nov/2022:00:09:56 -0500] "POST /kwsrmcab/Wsrmcab  HTTP/1.1" 200 42393
172.22.2.4 - - [20/Nov/2022:00:09:24 -0500] "HEAD /BLA/boletinlegal/ HTTP/1.1" 200 -
172.22.2.4 - - [20/Nov/2022:00:10:14 -0500] "GET /BLA/boletinlegal/ HTTP/1.1" 200 57824
216.245.221.92 - - [20/Nov/2022:00:12:00 -0500] "HEAD / HTTP/1.1" 200 -
207.46.13.56 - - [20/Nov/2022:00:13:25 -0500] "GET /distrito-mantiene-acompanamiento-a-la-comunidad-afectada-en-la-via-la-calera.html HTTP/1.1" 200 985
66.249.73.127 - - [20/Nov/2022:00:13:56 -0500] "-" 408 -
172.22.2.4 - - [20/Nov/2022:00:14:04 -0500] "GET /BLA/boletinlegal/favicon.ico HTTP/1.1" 404 1018
172.22.2.4 - - [20/Nov/2022:00:13:49 -0500] "GET /BLA/boletinlegal/ HTTP/1.1" 200 20427
172.22.2.4 - - [20/Nov/2022:00:13:49 -0500] "GET /BLA/boletinlegal/ HTTP/1.1" 200 32715
201.245.192.253 - - [20/Nov/2022:00:14:54 -0500] "POST /kwsrmcab/Wsrmcab  HTTP/1.1" 200 42393
172.22.2.4 - - [20/Nov/2022:00:15:14 -0500] "HEAD /BLA/boletinlegal/ HTTP/1.1" 200 -
216.245.221.92 - - [20/Nov/2022:00:17:00 -0500] "HEAD / HTTP/1.1" 200 -
172.22.2.4 - - [20/Nov/2022:00:16:04 -0500] "GET /BLA/boletinlegal/ HTTP/1.1" 200 59779
158.69.55.230 - - [20/Nov/2022:00:19:25 -0500] "GET /auambari-deleito-con-sus-sonidos-ambientales-a-los-asistentes-de-fima-2021.html HTTP/1.1" 200 888
201.245.192.253 - - [20/Nov/2022:00:19:53 -0500] "POST /kwsrmcab/Wsrmcab  HTTP/1.1" 200 42393
201.245.192.253 - - [20/Nov/2022:00:21:03 -0500] "POST /kwsrmcab/Wsrmcab HTTP/1.1" 200 43119
201.245.192.253 - - [20/Nov/2022:00:21:05 -0500] "POST /kwsrmcab/Wsrmcab HTTP/1.1" 200 43771
66.249.73.127 - - [20/Nov/2022:00:21:31 -0500] "-" 408 -
172.22.2.4 - - [20/Nov/2022:00:21:50 -0500] "POST /BLA/boletinlegal/_profiler/phpinfo HTTP/1.1" 404 1018
216.245.221.92 - - [20/Nov/2022:00:22:00 -0500] "HEAD / HTTP/1.1" 200 -
20.231.101.203 - - [20/Nov/2022:00:21:02 -0500] "GET /BLA/boletinlegal/ HTTP/1.1" 200 50495
172.22.2.4 - - [20/Nov/2022:00:21:04 -0500] "HEAD /BLA/boletinlegal/ HTTP/1.1" 200 -
172.22.2.4 - - [20/Nov/2022:00:21:54 -0500] "GET /BLA/boletinlegal/ HTTP/1.1" 200 53337
201.245.192.253 - - [20/Nov/2022:00:24:52 -0500] "POST /kwsrmcab/Wsrmcab  HTTP/1.1" 200 42393
207.46.13.120 - - [20/Nov/2022:00:25:14 -0500] "GET /si-tienes-ropa-y-calzado-que-ya-no-usas-aca-te-presentamos-seis-puntos-a-donde-los-puedes-llevar.html HTTP/1.1" 200 872
190.156.185.197 - - [20/Nov/2022:00:25:50 -0500] "GET /BLA/resoluciones/ HTTP/1.1" 200 13093
190.156.185.197 - - [20/Nov/2022:00:25:54 -0500] "GET /BLA/resoluciones/index.php?dir=AUTOS+2022%2F HTTP/1.1" 200 347979
190.156.185.197 - - [20/Nov/2022:00:26:24 -0500] "GET /BLA/resoluciones/AUTOS%202022/5775.pdf HTTP/1.1" 200 364828
216.245.221.92 - - [20/Nov/2022:00:27:00 -0500] "HEAD / HTTP/1.1" 200 -
66.249.73.127 - - [20/Nov/2022:00:28:02 -0500] "-" 408 -
172.22.2.4 - - [20/Nov/2022:00:26:54 -0500] "HEAD /BLA/boletinlegal/ HTTP/1.1" 200 -
172.22.2.4 - - [20/Nov/2022:00:27:44 -0500] "GET /BLA/boletinlegal/ HTTP/1.1" 200 58185
201.245.192.253 - - [20/Nov/2022:00:29:51 -0500] "POST /kwsrmcab/Wsrmcab  HTTP/1.1" 200 42393
201.245.192.253 - - [20/Nov/2022:00:31:03 -0500] "POST /kwsrmcab/Wsrmcab HTTP/1.1" 200 43119
201.245.192.253 - - [20/Nov/2022:00:31:05 -0500] "POST /kwsrmcab/Wsrmcab HTTP/1.1" 200 43771
216.245.221.92 - - [20/Nov/2022:00:32:00 -0500] "HEAD / HTTP/1.1" 200 -
172.22.2.4 - - [20/Nov/2022:00:32:44 -0500] "HEAD /BLA/boletinlegal/ HTTP/1.1" 200 -
201.245.192.253 - - [20/Nov/2022:00:34:50 -0500] "POST /kwsrmcab/Wsrmcab  HTTP/1.1" 200 42393
172.22.2.4 - - [20/Nov/2022:00:33:34 -0500] "GET /BLA/boletinlegal/ HTTP/1.1" 200 59404
66.249.73.127 - - [20/Nov/2022:00:36:32 -0500] "-" 408 -
172.22.2.4 - - [20/Nov/2022:00:35:10 -0500] "GET /BLA/boletinlegal/ HTTP/1.1" 200 62840
216.245.221.92 - - [20/Nov/2022:00:37:00 -0500] "HEAD / HTTP/1.1" 200 -
181.61.32.240 - - [20/Nov/2022:00:39:13 -0500] "GET /secretaria-de-ambiente-y-universidad-de-la-salle-firman-acuerdo-de-conservacion-en-17-hectareas.html?fbclid=IwAR3307sY6CgVfzGiweu9X2YimhutAFHWtqo6P5PwfJUy6iKwfFrkVozAQYs HTTP/1.1" 200 990
201.245.192.253 - - [20/Nov/2022:00:39:49 -0500] "POST /kwsrmcab/Wsrmcab  HTTP/1.1" 200 42393
172.22.2.4 - - [20/Nov/2022:00:38:34 -0500] "HEAD /BLA/boletinlegal/ HTTP/1.1" 200 -
172.22.2.4 - - [20/Nov/2022:00:39:24 -0500] "GET /BLA/boletinlegal/ HTTP/1.1" 200 59779
201.245.192.253 - - [20/Nov/2022:00:41:02 -0500] "POST /kwsrmcab/Wsrmcab HTTP/1.1" 200 43119
201.245.192.253 - - [20/Nov/2022:00:41:06 -0500] "POST /kwsrmcab/Wsrmcab HTTP/1.1" 200 43771
216.245.221.92 - - [20/Nov/2022:00:42:00 -0500] "HEAD / HTTP/1.1" 200 -
66.249.73.127 - - [20/Nov/2022:00:42:54 -0500] "-" 408 -
185.119.81.105 - - [20/Nov/2022:00:44:34 -0500] "GET /portaldeninos/wp-login.php HTTP/1.1" 200 2592
185.119.81.105 - - [20/Nov/2022:00:44:35 -0500] "POST /portaldeninos/wp-login.php HTTP/1.1" 200 3605
201.245.192.253 - - [20/Nov/2022:00:44:48 -0500] "POST /kwsrmcab/Wsrmcab  HTTP/1.1" 200 42393
172.22.2.4 - - [20/Nov/2022:00:44:25 -0500] "HEAD /BLA/boletinlegal/ HTTP/1.1" 200 -
172.22.2.4 - - [20/Nov/2022:00:45:15 -0500] "GET /BLA/boletinlegal/ HTTP/1.1" 200 59779
216.245.221.92 - - [20/Nov/2022:00:47:00 -0500] "HEAD / HTTP/1.1" 200 -
185.119.81.98 - - [20/Nov/2022:00:48:51 -0500] "GET /portaldeninos/wp-login.php HTTP/1.1" 200 2592
185.119.81.98 - - [20/Nov/2022:00:48:52 -0500] "POST /portaldeninos/wp-login.php HTTP/1.1" 200 3605
66.249.73.127 - - [20/Nov/2022:00:49:24 -0500] "-" 408 -
66.249.66.62 - - [20/Nov/2022:00:49:31 -0500] "-" 408 -
201.245.192.253 - - [20/Nov/2022:00:49:47 -0500] "POST /kwsrmcab/Wsrmcab  HTTP/1.1" 200 42393
172.22.2.4 - - [20/Nov/2022:00:50:15 -0500] "HEAD /BLA/boletinlegal/ HTTP/1.1" 200 -
216.245.221.92 - - [20/Nov/2022:00:52:00 -0500] "HEAD / HTTP/1.1" 200 -
69.171.249.1 - - [20/Nov/2022:00:52:02 -0500] "GET /si-tienes-entre-14-y-25-anos-y-quieres-participar-inscribete-a-la-convocatoria-de-lideres-juveniles-para-la-cumbre-de-alcaldes-c40-2022.html HTTP/1.1" 206 1141
172.22.2.4 - - [20/Nov/2022:00:51:05 -0500] "GET /BLA/boletinlegal/ HTTP/1.1" 200 59779
201.245.192.253 - - [20/Nov/2022:00:54:46 -0500] "POST /kwsrmcab/Wsrmcab  HTTP/1.1" 200 42393
216.245.221.92 - - [20/Nov/2022:00:57:00 -0500] "HEAD / HTTP/1.1" 200 -
66.249.73.127 - - [20/Nov/2022:00:57:17 -0500] "-" 408 -
172.22.2.4 - - [20/Nov/2022:00:56:05 -0500] "HEAD /BLA/boletinlegal/ HTTP/1.1" 200 -
172.22.2.4 - - [20/Nov/2022:00:56:55 -0500] "GET /BLA/boletinlegal/ HTTP/1.1" 200 58185
157.55.39.105 - - [20/Nov/2022:00:59:32 -0500] "GET /portaldeninos/2021/05/21/2070/ HTTP/1.1" 200 109949
201.245.192.253 - - [20/Nov/2022:00:59:44 -0500] "POST /kwsrmcab/Wsrmcab  HTTP/1.1" 200 42393
92.118.39.78 - - [20/Nov/2022:00:59:51 -0500] "GET / HTTP/1.1" 200 319
157.55.39.105 - - [20/Nov/2022:00:59:51 -0500] "GET /portaldeninos/wp-content/themes/betheme/assets/animations/animations.min.css?ver=20.9.6 HTTP/1.1" 200 58508
157.55.39.105 - - [20/Nov/2022:00:59:52 -0500] "GET /portaldeninos/wp-includes/js/jquery/ui/accordion.min.js?ver=1.11.4 HTTP/1.1" 200 8584
157.55.39.105 - - [20/Nov/2022:00:59:52 -0500] "GET /portaldeninos/wp-includes/js/wp-embed.min.js?ver=4.9.8 HTTP/1.1" 200 1398
40.77.167.13 - - [20/Nov/2022:00:59:56 -0500] "GET /portaldeninos/wp-content/themes/betheme/js/menu.js?ver=20.9.6 HTTP/1.1" 200 2449
40.77.167.13 - - [20/Nov/2022:00:59:56 -0500] "GET /portaldeninos/wp-includes/js/jquery/ui/mouse.min.js?ver=1.11.4 HTTP/1.1" 200 3148
40.77.167.13 - - [20/Nov/2022:00:59:57 -0500] "GET /portaldeninos/wp-includes/js/jquery/ui/tabs.min.js?ver=1.11.4 HTTP/1.1" 200 12110
40.77.167.13 - - [20/Nov/2022:00:59:57 -0500] "GET /portaldeninos/wp-includes/js/jquery/ui/widget.min.js?ver=1.11.4 HTTP/1.1" 200 6908
207.46.13.120 - - [20/Nov/2022:01:00:01 -0500] "GET /portaldeninos/wp-content/themes/betheme/assets/jplayer/jplayer.min.js?ver=20.9.6 HTTP/1.1" 200 52702
207.46.13.120 - - [20/Nov/2022:01:00:02 -0500] "GET /portaldeninos/wp-content/themes/betheme/js/plugins.js?ver=20.9.6 HTTP/1.1" 200 197151
207.46.13.120 - - [20/Nov/2022:01:00:02 -0500] "GET /portaldeninos/wp-includes/js/jquery/ui/sortable.min.js?ver=1.11.4 HTTP/1.1" 200 24899
207.46.13.120 - - [20/Nov/2022:01:00:03 -0500] "GET /portaldeninos/wp-includes/js/wp-emoji-release.min.js?ver=4.9.8 HTTP/1.1" 200 12026
207.46.13.104 - - [20/Nov/2022:01:00:08 -0500] "GET /portaldeninos/wp-content/plugins/gallery-videos/CSS/Total-Soft-Gallery-Video-Widget.css?ver=4.9.8 HTTP/1.1" 200 51554
207.46.13.104 - - [20/Nov/2022:01:00:09 -0500] "GET /portaldeninos/wp-content/plugins/gallery-videos/JS/modernizr.custom.js?ver=4.9.8 HTTP/1.1" 200 9019
207.46.13.104 - - [20/Nov/2022:01:00:09 -0500] "GET /portaldeninos/wp-content/themes/betheme/assets/jplayer/css/jplayer.blue.monday.css?ver=20.9.6 HTTP/1.1" 200 9834
207.46.13.104 - - [20/Nov/2022:01:00:09 -0500] "GET /portaldeninos/wp-content/themes/betheme/css/base.css?ver=20.9.6 HTTP/1.1" 200 57283
207.46.13.104 - - [20/Nov/2022:01:00:09 -0500] "GET /portaldeninos/wp-content/themes/betheme/css/responsive.css?ver=20.9.6 HTTP/1.1" 200 55740
207.46.13.104 - - [20/Nov/2022:01:00:10 -0500] "GET /portaldeninos/wp-includes/js/comment-reply.min.js?ver=4.9.8 HTTP/1.1" 200 1078
207.46.13.104 - - [20/Nov/2022:01:00:10 -0500] "GET /portaldeninos/wp-includes/js/jquery/jquery-migrate.min.js?ver=1.4.1 HTTP/1.1" 200 10056
157.55.39.42 - - [20/Nov/2022:01:00:15 -0500] "GET /portaldeninos/wp-content/themes/betheme/assets/animations/animations.min.js?ver=20.9.6 HTTP/1.1" 200 1896
157.55.39.42 - - [20/Nov/2022:01:00:15 -0500] "GET /portaldeninos/wp-content/themes/betheme/css/shortcodes.css?ver=20.9.6 HTTP/1.1" 200 138889
157.55.39.42 - - [20/Nov/2022:01:00:16 -0500] "GET /portaldeninos/wp-content/themes/betheme/style.css?ver=20.9.6 HTTP/1.1" 200 287
157.55.39.42 - - [20/Nov/2022:01:00:16 -0500] "GET /portaldeninos/wp-includes/js/jquery/ui/core.min.js?ver=1.11.4 HTTP/1.1" 200 4000
216.245.221.92 - - [20/Nov/2022:01:02:00 -0500] "HEAD / HTTP/1.1" 200 -
172.22.2.4 - - [20/Nov/2022:01:02:52 -0500] "GET /BLA/boletinlegal/jurisprudencia/analisis/Analisis%20Sentencia%20T-1077,%202%20corregida.doc HTTP/1.1" 304 -
172.22.2.4 - - [20/Nov/2022:01:01:55 -0500] "HEAD /BLA/boletinlegal/ HTTP/1.1" 200 -
172.22.2.4 - - [20/Nov/2022:01:02:45 -0500] "GET /BLA/boletinlegal/ HTTP/1.1" 200 57824
201.245.192.253 - - [20/Nov/2022:01:04:43 -0500] "POST /kwsrmcab/Wsrmcab  HTTP/1.1" 200 42393
40.77.167.13 - - [20/Nov/2022:01:05:28 -0500] "GET /sipse/faces/javax.faces.resource/layout/layout.js;jsessionid=6fowklquc7rpckydg2bu+zbz.undefined?ln=primefaces&v=4.0 HTTP/1.1" 200 87560
216.245.221.92 - - [20/Nov/2022:01:07:00 -0500] "HEAD / HTTP/1.1" 200 -
207.46.13.56 - - [20/Nov/2022:01:07:27 -0500] "GET /portaldeninos/wp-content/plugins/gallery-videos/CSS/totalsoft.css?ver=4.9.8 HTTP/1.1" 200 40622
207.46.13.56 - - [20/Nov/2022:01:07:27 -0500] "GET /portaldeninos/wp-content/themes/betheme/assets/ui/jquery.ui.all.css?ver=20.9.6 HTTP/1.1" 200 18765
207.46.13.56 - - [20/Nov/2022:01:07:27 -0500] "GET /portaldeninos/wp-content/themes/betheme/css/layout.css?ver=20.9.6 HTTP/1.1" 200 116639
207.46.13.56 - - [20/Nov/2022:01:07:28 -0500] "GET /portaldeninos/wp-content/themes/betheme/js/scripts.js?ver=20.9.6 HTTP/1.1" 200 77162
207.46.13.56 - - [20/Nov/2022:01:07:28 -0500] "GET /portaldeninos/wp-content/uploads/useanyfont/uaf.css?ver=1589905315 HTTP/1.1" 200 408
207.46.13.56 - - [20/Nov/2022:01:07:29 -0500] "GET /portaldeninos/wp-includes/js/jquery/jquery.js?ver=1.12.4 HTTP/1.1" 200 97184
172.22.2.4 - - [20/Nov/2022:01:07:45 -0500] "HEAD /BLA/boletinlegal/ HTTP/1.1" 200 -
201.245.192.253 - - [20/Nov/2022:01:09:42 -0500] "POST /kwsrmcab/Wsrmcab  HTTP/1.1" 200 42393
172.22.2.4 - - [20/Nov/2022:01:08:35 -0500] "GET /BLA/boletinlegal/ HTTP/1.1" 200 55680
157.55.39.39 - - [20/Nov/2022:01:11:27 -0500] "GET /sipse/faces/javax.faces.resource/jquery/jquery-plugins.js;jsessionid=6fowklquc7rpckydg2bu+zbz.undefined?ln=primefaces&v=4.0 HTTP/1.1" 200 220526
216.245.221.92 - - [20/Nov/2022:01:12:00 -0500] "HEAD / HTTP/1.1" 200 -
152.61.128.50 - - [20/Nov/2022:01:13:12 -0500] "GET / HTTP/1.1" 200 319
152.61.192.232 - - [20/Nov/2022:01:14:36 -0500] "GET / HTTP/1.1" 200 319
201.245.192.253 - - [20/Nov/2022:01:14:41 -0500] "POST /kwsrmcab/Wsrmcab  HTTP/1.1" 200 42393
172.22.2.4 - - [20/Nov/2022:01:13:35 -0500] "HEAD /BLA/boletinlegal/ HTTP/1.1" 200 -
40.77.202.125 - - [20/Nov/2022:01:15:51 -0500] "GET /portaldeninos/wp-content/themes/betheme/fonts/mfn-icons.woff?93978679 HTTP/1.1" 200 80932
40.77.202.125 - - [20/Nov/2022:01:15:59 -0500] "GET /portaldeninos/wp-content/uploads/2021/11/monitoreo-animales-fauna-11-julio-960x750.jpg HTTP/1.1" 200 14598
172.22.2.4 - - [20/Nov/2022:01:14:25 -0500] "GET /BLA/boletinlegal/ HTTP/1.1" 200 60277
216.245.221.92 - - [20/Nov/2022:01:17:00 -0500] "HEAD / HTTP/1.1" 200 -
201.245.192.253 - - [20/Nov/2022:01:19:40 -0500] "POST /kwsrmcab/Wsrmcab  HTTP/1.1" 200 42393
185.119.81.104 - - [20/Nov/2022:01:21:01 -0500] "GET /portaldeninos/wp-login.php HTTP/1.1" 200 2592
185.119.81.104 - - [20/Nov/2022:01:21:02 -0500] "POST /portaldeninos/wp-login.php HTTP/1.1" 200 3605
201.245.192.253 - - [20/Nov/2022:01:21:03 -0500] "POST /kwsrmcab/Wsrmcab HTTP/1.1" 200 42504
172.22.2.4 - - [20/Nov/2022:01:19:25 -0500] "HEAD /BLA/boletinlegal/ HTTP/1.1" 200 -
201.245.192.253 - - [20/Nov/2022:01:21:05 -0500] "POST /kwsrmcab/Wsrmcab HTTP/1.1" 200 43454
172.22.2.4 - - [20/Nov/2022:01:20:15 -0500] "GET /BLA/boletinlegal/ HTTP/1.1" 200 57192
216.245.221.92 - - [20/Nov/2022:01:22:00 -0500] "HEAD / HTTP/1.1" 200 -
173.252.79.22 - - [20/Nov/2022:01:23:34 -0500] "GET /images/Acuerdos%2001%20(1)%20(1).jpeg HTTP/1.1" 200 32884
20.231.101.203 - - [20/Nov/2022:01:22:43 -0500] "GET /BLA/boletinlegal/ HTTP/1.1" 200 63221
201.245.192.253 - - [20/Nov/2022:01:24:39 -0500] "POST /kwsrmcab/Wsrmcab  HTTP/1.1" 200 42393
173.252.95.8 - - [20/Nov/2022:01:25:11 -0500] "GET /images/Musgo%20SDA%20(1)%20(1).png HTTP/1.1" 200 302122
172.22.2.4 - - [20/Nov/2022:01:25:15 -0500] "HEAD /BLA/boletinlegal/ HTTP/1.1" 200 -
216.245.221.92 - - [20/Nov/2022:01:27:00 -0500] "HEAD / HTTP/1.1" 200 -
172.22.2.4 - - [20/Nov/2022:01:26:05 -0500] "GET /BLA/boletinlegal/ HTTP/1.1" 200 56474
173.252.87.5 - - [20/Nov/2022:01:28:07 -0500] "GET /secretaria-de-ambiente-y-universidad-de-la-salle-firman-acuerdo-de-conservacion-en-17-hectareas.html HTTP/1.1" 206 990
201.245.192.253 - - [20/Nov/2022:01:29:39 -0500] "POST /kwsrmcab/Wsrmcab  HTTP/1.1" 200 42393
201.245.192.253 - - [20/Nov/2022:01:31:03 -0500] "POST /kwsrmcab/Wsrmcab HTTP/1.1" 200 42504
201.245.192.253 - - [20/Nov/2022:01:31:05 -0500] "POST /kwsrmcab/Wsrmcab HTTP/1.1" 200 43454
216.245.221.92 - - [20/Nov/2022:01:32:00 -0500] "HEAD / HTTP/1.1" 200 -
172.22.2.4 - - [20/Nov/2022:01:31:05 -0500] "HEAD /BLA/boletinlegal/ HTTP/1.1" 200 -
172.22.2.4 - - [20/Nov/2022:01:31:55 -0500] "GET /BLA/boletinlegal/ HTTP/1.1" 200 60277
104.248.205.199 - - [20/Nov/2022:01:34:18 -0500] "\x16\x03\x01" 400 226
104.248.205.199 - - [20/Nov/2022:01:34:19 -0500] "\x16\x03\x01" 400 226
104.248.205.199 - - [20/Nov/2022:01:34:19 -0500] "GET / HTTP/1.1" 200 319
201.245.192.253 - - [20/Nov/2022:01:34:37 -0500] "POST /kwsrmcab/Wsrmcab  HTTP/1.1" 200 42393
172.22.2.4 - - [20/Nov/2022:01:35:55 -0500] "GET /BLA/boletinlegal/owa/auth/logon.aspx?url=https%3a%2f%2f1%2fecp%2f HTTP/1.1" 404 1018
216.245.221.92 - - [20/Nov/2022:01:37:00 -0500] "HEAD / HTTP/1.1" 200 -
172.22.2.4 - - [20/Nov/2022:01:36:55 -0500] "HEAD /BLA/boletinlegal/ HTTP/1.1" 200 -
172.22.2.4 - - [20/Nov/2022:01:37:45 -0500] "GET /BLA/boletinlegal/ HTTP/1.1" 200 56825
201.245.192.253 - - [20/Nov/2022:01:39:36 -0500] "POST /kwsrmcab/Wsrmcab  HTTP/1.1" 200 42393
201.245.192.253 - - [20/Nov/2022:01:41:03 -0500] "POST /kwsrmcab/Wsrmcab HTTP/1.1" 200 42504
201.245.192.253 - - [20/Nov/2022:01:41:06 -0500] "POST /kwsrmcab/Wsrmcab HTTP/1.1" 200 43454
216.245.221.92 - - [20/Nov/2022:01:42:00 -0500] "HEAD / HTTP/1.1" 200 -
172.22.2.4 - - [20/Nov/2022:01:42:45 -0500] "HEAD /BLA/boletinlegal/ HTTP/1.1" 200 -
201.245.192.253 - - [20/Nov/2022:01:44:35 -0500] "POST /kwsrmcab/Wsrmcab  HTTP/1.1" 200 42393
172.22.2.4 - - [20/Nov/2022:01:43:35 -0500] "GET /BLA/boletinlegal/ HTTP/1.1" 200 57192
185.119.81.106 - - [20/Nov/2022:01:46:41 -0500] "GET /portaldeninos/wp-login.php HTTP/1.1" 200 2592
185.119.81.106 - - [20/Nov/2022:01:46:42 -0500] "POST /portaldeninos/wp-login.php HTTP/1.1" 200 3605
216.245.221.92 - - [20/Nov/2022:01:47:00 -0500] "HEAD / HTTP/1.1" 200 -
152.61.192.232 - - [20/Nov/2022:01:47:04 -0500] "GET /arcgis/services/Calidad_del_Agua_WQI/MapServer/WMSServer?request=GetCapabilities&service=WMS HTTP/1.1" 503 1020
152.61.192.232 - - [20/Nov/2022:01:47:06 -0500] "GET /arcgis/services/Calidad_del_Agua_WQI/MapServer/WMSServer?SERVICE=WMS&REQUEST=GetCapabilities HTTP/1.1" 503 1020
152.61.192.232 - - [20/Nov/2022:01:47:06 -0500] "GET /arcgis/services/Calidad_del_Agua_WQI/MapServer/WMSServer?WMTVER=1.0.0&REQUEST=capabilities HTTP/1.1" 503 1020
201.245.192.253 - - [20/Nov/2022:01:49:34 -0500] "POST /kwsrmcab/Wsrmcab  HTTP/1.1" 200 42393
172.22.2.4 - - [20/Nov/2022:01:48:35 -0500] "HEAD /BLA/boletinlegal/ HTTP/1.1" 200 -
172.22.2.4 - - [20/Nov/2022:01:49:25 -0500] "GET /BLA/boletinlegal/ HTTP/1.1" 200 57824
216.245.221.92 - - [20/Nov/2022:01:52:00 -0500] "HEAD / HTTP/1.1" 200 -
173.252.127.112 - - [20/Nov/2022:01:52:53 -0500] "GET /images/Acuerdos%2001%20(1)%20(1).jpeg HTTP/1.1" 200 32884
173.252.127.11 - - [20/Nov/2022:01:52:53 -0500] "GET /images/Musgo%20SDA%20(1)%20(1).png HTTP/1.1" 200 302122
173.252.127.10 - - [20/Nov/2022:01:52:57 -0500] "GET /images/Reciclaton%20Nov%202022%20(1)%20(1).jpeg HTTP/1.1" 200 53811
185.119.81.106 - - [20/Nov/2022:01:54:34 -0500] "GET /portaldeninos/wp-login.php HTTP/1.1" 200 2592
201.245.192.253 - - [20/Nov/2022:01:54:33 -0500] "POST /kwsrmcab/Wsrmcab  HTTP/1.1" 200 42393
185.119.81.106 - - [20/Nov/2022:01:54:35 -0500] "POST /portaldeninos/wp-login.php HTTP/1.1" 200 3670
128.14.232.148 - - [20/Nov/2022:01:55:39 -0500] "\x16\x03\x01\x01\t\x01" 400 226
128.14.232.148 - - [20/Nov/2022:01:55:54 -0500] "GET / HTTP/1.1" 200 319
172.22.2.4 - - [20/Nov/2022:01:54:25 -0500] "HEAD /BLA/boletinlegal/ HTTP/1.1" 200 -
128.14.232.148 - - [20/Nov/2022:01:56:16 -0500] "GET /favicon.ico HTTP/1.1" 200 7782
128.14.232.148 - - [20/Nov/2022:01:56:40 -0500] "GET /sitemap.xml HTTP/1.1" 404 1018
172.22.2.4 - - [20/Nov/2022:01:55:15 -0500] "GET /BLA/boletinlegal/ HTTP/1.1" 200 58185
216.245.221.92 - - [20/Nov/2022:01:56:59 -0500] "HEAD / HTTP/1.1" 200 -
201.245.192.253 - - [20/Nov/2022:01:59:32 -0500] "POST /kwsrmcab/Wsrmcab  HTTP/1.1" 200 42393
172.22.2.4 - - [20/Nov/2022:01:59:46 -0500] "GET /BLA/boletinlegal/ HTTP/1.1" 200 54452
185.215.113.5 - - [20/Nov/2022:02:01:29 -0500] "GET /BLA/resoluciones'/RESOLUCIONES%202007/RES%202007%20701%20AL%20800/RESOLUCION%200705%20DE%202007.pdf HTTP/1.1" 404 1018
172.22.2.4 - - [20/Nov/2022:02:00:15 -0500] "HEAD /BLA/boletinlegal/ HTTP/1.1" 200 -
216.245.221.92 - - [20/Nov/2022:02:02:00 -0500] "HEAD / HTTP/1.1" 200 -
172.22.2.4 - - [20/Nov/2022:02:01:05 -0500] "GET /BLA/boletinlegal/ HTTP/1.1" 200 56474
152.61.128.50 - - [20/Nov/2022:02:03:42 -0500] "GET /arcgis/services/Calidad_del_Agua_WQI/MapServer/WMSServer?request=GetCapabilities&service=WMS HTTP/1.1" 503 1020
152.61.128.50 - - [20/Nov/2022:02:03:43 -0500] "GET /arcgis/services/Calidad_del_Agua_WQI/MapServer/WMSServer?SERVICE=WMS&REQUEST=GetCapabilities HTTP/1.1" 503 1020
152.61.128.50 - - [20/Nov/2022:02:03:43 -0500] "GET /arcgis/services/Calidad_del_Agua_WQI/MapServer/WMSServer?WMTVER=1.0.0&REQUEST=capabilities HTTP/1.1" 503 1020
201.245.192.253 - - [20/Nov/2022:02:04:31 -0500] "POST /kwsrmcab/Wsrmcab  HTTP/1.1" 200 42393
172.22.2.4 - - [20/Nov/2022:02:06:41 -0500] "GET /BLA/boletinlegal/robots.txt HTTP/1.1" 404 1038
172.22.2.4 - - [20/Nov/2022:02:06:41 -0500] "GET /BLA/boletinlegal/Circulares/2018/CIRCULAR%20COJUNTA%20042%20DE%202018.pdf HTTP/1.1" 304 -
216.245.221.92 - - [20/Nov/2022:02:07:00 -0500] "HEAD / HTTP/1.1" 200 -
172.22.2.4 - - [20/Nov/2022:02:06:05 -0500] "HEAD /BLA/boletinlegal/ HTTP/1.1" 200 -
172.22.2.4 - - [20/Nov/2022:02:06:55 -0500] "GET /BLA/boletinlegal/ HTTP/1.1" 200 57824
201.245.192.253 - - [20/Nov/2022:02:09:29 -0500] "POST /kwsrmcab/Wsrmcab  HTTP/1.1" 200 42393
66.249.73.97 - - [20/Nov/2022:02:10:58 -0500] "-" 408 -
216.245.221.92 - - [20/Nov/2022:02:11:59 -0500] "HEAD / HTTP/1.1" 200 -
172.22.2.4 - - [20/Nov/2022:02:11:55 -0500] "HEAD /BLA/boletinlegal/ HTTP/1.1" 200 -
172.22.2.4 - - [20/Nov/2022:02:12:45 -0500] "GET /BLA/boletinlegal/ HTTP/1.1" 200 58612
201.245.192.253 - - [20/Nov/2022:02:14:28 -0500] "POST /kwsrmcab/Wsrmcab  HTTP/1.1" 200 42393
216.245.221.92 - - [20/Nov/2022:02:17:00 -0500] "HEAD / HTTP/1.1" 200 -
172.22.2.4 - - [20/Nov/2022:02:17:49 -0500] "GET /BLA/boletinlegal/favicon.ico HTTP/1.1" 404 1038
172.22.2.4 - - [20/Nov/2022:02:17:45 -0500] "HEAD /BLA/boletinlegal/ HTTP/1.1" 200 -
201.245.192.253 - - [20/Nov/2022:02:19:27 -0500] "POST /kwsrmcab/Wsrmcab  HTTP/1.1" 200 42393
66.249.66.32 - - [20/Nov/2022:02:19:30 -0500] "-" 408 -
172.22.2.4 - - [20/Nov/2022:02:18:35 -0500] "GET /BLA/boletinlegal/ HTTP/1.1" 200 58185
201.245.192.253 - - [20/Nov/2022:02:21:03 -0500] "POST /kwsrmcab/Wsrmcab HTTP/1.1" 200 43136
201.245.192.253 - - [20/Nov/2022:02:21:05 -0500] "POST /kwsrmcab/Wsrmcab HTTP/1.1" 200 43775
216.245.221.92 - - [20/Nov/2022:02:22:00 -0500] "HEAD / HTTP/1.1" 200 -
31.220.3.140 - - [20/Nov/2022:02:22:16 -0500] "GET / HTTP/1.1" 200 319
201.245.192.253 - - [20/Nov/2022:02:24:25 -0500] "POST /kwsrmcab/Wsrmcab  HTTP/1.1" 200 42393
172.22.2.4 - - [20/Nov/2022:02:23:35 -0500] "HEAD /BLA/boletinlegal/ HTTP/1.1" 200 -
20.231.101.203 - - [20/Nov/2022:02:24:24 -0500] "GET /BLA/boletinlegal/ HTTP/1.1" 200 42583
172.22.2.4 - - [20/Nov/2022:02:24:25 -0500] "GET /BLA/boletinlegal/ HTTP/1.1" 200 42583
200.91.245.98 - - [20/Nov/2022:02:26:17 -0500] "GET /BLA/resoluciones/index.php?dir=AUTOS+2015%2F HTTP/1.1" 200 577811
200.91.245.98 - - [20/Nov/2022:02:26:26 -0500] "GET /BLA/resoluciones/index.php?dir=AUTOS+2012%2F HTTP/1.1" 200 274522
216.245.221.92 - - [20/Nov/2022:02:26:59 -0500] "HEAD / HTTP/1.1" 200 -
200.91.245.98 - - [20/Nov/2022:02:27:00 -0500] "GET /BLA/resoluciones/AUTOS%202012/2885.pdf HTTP/1.1" 200 2027862
200.91.245.98 - - [20/Nov/2022:02:27:01 -0500] "GET /BLA/resoluciones/AUTOS%202012/2885.pdf HTTP/1.1" 206 1023
200.91.245.98 - - [20/Nov/2022:02:27:01 -0500] "GET /BLA/resoluciones/AUTOS%202012/2885.pdf HTTP/1.1" 416 314
200.91.245.98 - - [20/Nov/2022:02:27:01 -0500] "GET /BLA/resoluciones/AUTOS%202012/2885.pdf HTTP/1.1" 206 1240596
172.22.2.4 - - [20/Nov/2022:02:27:57 -0500] "GET /BLA/boletinlegal/Circulares/2012/Circular%20No.%2014%20del%2011%20de%20Septiembre%20de%202012.pdf HTTP/1.1" 304 -
201.245.192.253 - - [20/Nov/2022:02:29:25 -0500] "POST /kwsrmcab/Wsrmcab  HTTP/1.1" 200 42393
201.245.192.253 - - [20/Nov/2022:02:31:02 -0500] "POST /kwsrmcab/Wsrmcab HTTP/1.1" 200 43136
172.22.2.4 - - [20/Nov/2022:02:29:25 -0500] "HEAD /BLA/boletinlegal/ HTTP/1.1" 200 -
201.245.192.253 - - [20/Nov/2022:02:31:04 -0500] "POST /kwsrmcab/Wsrmcab HTTP/1.1" 200 43775
172.22.2.4 - - [20/Nov/2022:02:30:15 -0500] "GET /BLA/boletinlegal/ HTTP/1.1" 200 59779
216.245.221.92 - - [20/Nov/2022:02:31:59 -0500] "HEAD / HTTP/1.1" 200 -
157.55.39.39 - - [20/Nov/2022:02:32:52 -0500] "GET /POT-2013/Cartografia/31_TRATAMIENTO_DE_CONSERVACION.pdf HTTP/1.1" 200 3564866
185.119.81.98 - - [20/Nov/2022:02:34:24 -0500] "GET /portaldeninos/wp-login.php HTTP/1.1" 200 2592
185.119.81.98 - - [20/Nov/2022:02:34:24 -0500] "POST /portaldeninos/wp-login.php HTTP/1.1" 200 3670
201.245.192.253 - - [20/Nov/2022:02:34:24 -0500] "POST /kwsrmcab/Wsrmcab  HTTP/1.1" 200 42393
207.46.13.66 - - [20/Nov/2022:02:35:29 -0500] "GET / HTTP/1.1" 200 319
185.119.81.107 - - [20/Nov/2022:02:36:35 -0500] "GET /portaldeninos/wp-login.php HTTP/1.1" 200 2592
185.119.81.107 - - [20/Nov/2022:02:36:36 -0500] "POST /portaldeninos/wp-login.php HTTP/1.1" 200 3670
172.22.2.4 - - [20/Nov/2022:02:35:15 -0500] "HEAD /BLA/boletinlegal/ HTTP/1.1" 200 -
216.245.221.92 - - [20/Nov/2022:02:36:59 -0500] "HEAD / HTTP/1.1" 200 -
172.22.2.4 - - [20/Nov/2022:02:36:05 -0500] "GET /BLA/boletinlegal/ HTTP/1.1" 200 59779
201.245.192.253 - - [20/Nov/2022:02:39:23 -0500] "POST /kwsrmcab/Wsrmcab  HTTP/1.1" 200 42393
201.245.192.253 - - [20/Nov/2022:02:41:02 -0500] "POST /kwsrmcab/Wsrmcab HTTP/1.1" 200 43136
201.245.192.253 - - [20/Nov/2022:02:41:05 -0500] "POST /kwsrmcab/Wsrmcab HTTP/1.1" 200 43775
216.245.221.92 - - [20/Nov/2022:02:41:59 -0500] "HEAD / HTTP/1.1" 200 -
172.22.2.4 - - [20/Nov/2022:02:41:05 -0500] "HEAD /BLA/boletinlegal/ HTTP/1.1" 200 -
172.22.2.4 - - [20/Nov/2022:02:41:55 -0500] "GET /BLA/boletinlegal/ HTTP/1.1" 200 58185
201.245.192.253 - - [20/Nov/2022:02:44:22 -0500] "POST /kwsrmcab/Wsrmcab  HTTP/1.1" 200 42393
172.22.2.4 - - [20/Nov/2022:02:44:31 -0500] "GET /BLA/boletinlegal/ HTTP/1.1" 200 62840
185.119.81.105 - - [20/Nov/2022:02:46:17 -0500] "GET /portaldeninos/wp-login.php HTTP/1.1" 200 2592
185.119.81.105 - - [20/Nov/2022:02:46:18 -0500] "POST /portaldeninos/wp-login.php HTTP/1.1" 200 3650
216.245.221.92 - - [20/Nov/2022:02:46:59 -0500] "HEAD / HTTP/1.1" 200 -
13.66.139.18 - - [20/Nov/2022:02:48:22 -0500] "GET /bla/resoluciones/notificaciones/autos%202020/2515.pdf HTTP/1.1" 200 335066
172.22.2.4 - - [20/Nov/2022:02:46:54 -0500] "HEAD /BLA/boletinlegal/ HTTP/1.1" 200 -
201.245.192.253 - - [20/Nov/2022:02:49:22 -0500] "POST /kwsrmcab/Wsrmcab  HTTP/1.1" 200 42393
172.22.2.4 - - [20/Nov/2022:02:47:45 -0500] "GET /BLA/boletinlegal/ HTTP/1.1" 200 56079
172.22.2.4 - - [20/Nov/2022:02:49:14 -0500] "GET /BLA/boletinlegal/index.php HTTP/1.1" 200 62423
216.245.221.92 - - [20/Nov/2022:02:51:59 -0500] "HEAD / HTTP/1.1" 200 -
201.245.192.253 - - [20/Nov/2022:02:54:21 -0500] "POST /kwsrmcab/Wsrmcab  HTTP/1.1" 200 42393
172.22.2.4 - - [20/Nov/2022:02:52:45 -0500] "HEAD /BLA/boletinlegal/ HTTP/1.1" 200 -
172.22.2.4 - - [20/Nov/2022:02:53:35 -0500] "GET /BLA/boletinlegal/ HTTP/1.1" 200 57824
216.245.221.92 - - [20/Nov/2022:02:56:59 -0500] "HEAD / HTTP/1.1" 200 -
201.245.192.253 - - [20/Nov/2022:02:59:20 -0500] "POST /kwsrmcab/Wsrmcab  HTTP/1.1" 200 42393
185.119.81.105 - - [20/Nov/2022:02:59:28 -0500] "GET /portaldeninos/wp-login.php HTTP/1.1" 200 2592
185.119.81.105 - - [20/Nov/2022:02:59:29 -0500] "POST /portaldeninos/wp-login.php HTTP/1.1" 200 3605
172.22.2.4 - - [20/Nov/2022:02:58:35 -0500] "HEAD /BLA/boletinlegal/ HTTP/1.1" 200 -
172.22.2.4 - - [20/Nov/2022:02:59:25 -0500] "GET /BLA/boletinlegal/ HTTP/1.1" 200 59779
216.245.221.92 - - [20/Nov/2022:03:01:59 -0500] "HEAD / HTTP/1.1" 200 -
185.119.81.107 - - [20/Nov/2022:03:02:26 -0500] "GET /portaldeninos/wp-login.php HTTP/1.1" 200 2592
185.119.81.107 - - [20/Nov/2022:03:02:27 -0500] "POST /portaldeninos/wp-login.php HTTP/1.1" 200 3605
201.245.192.253 - - [20/Nov/2022:03:04:18 -0500] "POST /kwsrmcab/Wsrmcab  HTTP/1.1" 200 42393
66.249.66.25 - - [20/Nov/2022:03:04:31 -0500] "-" 408 -
172.22.2.4 - - [20/Nov/2022:03:04:24 -0500] "HEAD /BLA/boletinlegal/ HTTP/1.1" 200 -
172.22.2.4 - - [20/Nov/2022:03:05:15 -0500] "GET /BLA/boletinlegal/ HTTP/1.1" 200 59779
216.245.221.92 - - [20/Nov/2022:03:06:59 -0500] "HEAD / HTTP/1.1" 200 -
201.245.192.253 - - [20/Nov/2022:03:09:18 -0500] "POST /kwsrmcab/Wsrmcab  HTTP/1.1" 200 42393
172.22.2.4 - - [20/Nov/2022:03:10:30 -0500] "GET /BLA/boletinlegal/actos.php HTTP/1.1" 200 9566
95.217.144.245 - - [20/Nov/2022:03:10:50 -0500] "-" 408 -
95.217.144.245 - - [20/Nov/2022:03:10:50 -0500] "-" 408 -
95.217.144.245 - - [20/Nov/2022:03:10:50 -0500] "-" 408 -
95.217.144.245 - - [20/Nov/2022:03:10:50 -0500] "-" 408 -
95.217.145.45 - - [20/Nov/2022:03:10:50 -0500] "-" 408 -
95.217.144.245 - - [20/Nov/2022:03:10:54 -0500] "-" 408 -
95.217.144.249 - - [20/Nov/2022:03:10:55 -0500] "-" 408 -
95.217.144.236 - - [20/Nov/2022:03:11:02 -0500] "-" 408 -
95.217.144.237 - - [20/Nov/2022:03:11:06 -0500] "-" 408 -
95.217.144.237 - - [20/Nov/2022:03:11:07 -0500] "-" 408 -
95.217.144.249 - - [20/Nov/2022:03:11:09 -0500] "-" 408 -
95.217.144.249 - - [20/Nov/2022:03:11:09 -0500] "-" 408 -
95.217.144.245 - - [20/Nov/2022:03:11:11 -0500] "-" 408 -
95.217.144.245 - - [20/Nov/2022:03:11:16 -0500] "-" 408 -
95.217.144.245 - - [20/Nov/2022:03:11:16 -0500] "-" 408 -
95.217.144.245 - - [20/Nov/2022:03:11:16 -0500] "-" 408 -
95.217.144.236 - - [20/Nov/2022:03:11:17 -0500] "-" 408 -
95.217.144.237 - - [20/Nov/2022:03:11:21 -0500] "-" 408 -
95.217.144.237 - - [20/Nov/2022:03:11:21 -0500] "-" 408 -
95.217.144.237 - - [20/Nov/2022:03:11:21 -0500] "-" 408 -
95.217.144.249 - - [20/Nov/2022:03:11:24 -0500] "-" 408 -
95.217.144.249 - - [20/Nov/2022:03:11:24 -0500] "-" 408 -
95.217.144.249 - - [20/Nov/2022:03:11:24 -0500] "-" 408 -
172.22.2.4 - - [20/Nov/2022:03:10:14 -0500] "HEAD /BLA/boletinlegal/ HTTP/1.1" 200 -
66.249.73.100 - - [20/Nov/2022:03:11:55 -0500] "-" 408 -
216.245.221.92 - - [20/Nov/2022:03:11:59 -0500] "HEAD / HTTP/1.1" 200 -
172.22.2.4 - - [20/Nov/2022:03:11:20 -0500] "GET /BLA/boletinlegal/ HTTP/1.1" 200 32715
172.22.2.4 - - [20/Nov/2022:03:11:05 -0500] "GET /BLA/boletinlegal/ HTTP/1.1" 200 50149
201.245.192.253 - - [20/Nov/2022:03:14:17 -0500] "POST /kwsrmcab/Wsrmcab  HTTP/1.1" 200 42393
172.22.2.4 - - [20/Nov/2022:03:13:11 -0500] "GET /BLA/boletinlegal/ HTTP/1.1" 200 62840
216.245.221.92 - - [20/Nov/2022:03:16:59 -0500] "HEAD / HTTP/1.1" 200 -
172.22.2.4 - - [20/Nov/2022:03:16:04 -0500] "HEAD /BLA/boletinlegal/ HTTP/1.1" 200 -
172.22.2.4 - - [20/Nov/2022:03:16:55 -0500] "GET /BLA/boletinlegal/ HTTP/1.1" 200 53739
201.245.192.253 - - [20/Nov/2022:03:19:16 -0500] "POST /kwsrmcab/Wsrmcab  HTTP/1.1" 200 42393
201.245.192.253 - - [20/Nov/2022:03:21:02 -0500] "POST /kwsrmcab/Wsrmcab HTTP/1.1" 200 43121
201.245.192.253 - - [20/Nov/2022:03:21:05 -0500] "POST /kwsrmcab/Wsrmcab HTTP/1.1" 200 43781
216.245.221.92 - - [20/Nov/2022:03:21:59 -0500] "HEAD / HTTP/1.1" 200 -
172.22.2.4 - - [20/Nov/2022:03:21:54 -0500] "HEAD /BLA/boletinlegal/ HTTP/1.1" 200 -
201.245.192.253 - - [20/Nov/2022:03:24:14 -0500] "POST /kwsrmcab/Wsrmcab  HTTP/1.1" 200 42393
172.22.2.4 - - [20/Nov/2022:03:22:45 -0500] "GET /BLA/boletinlegal/ HTTP/1.1" 200 58185
216.245.221.92 - - [20/Nov/2022:03:26:59 -0500] "HEAD / HTTP/1.1" 200 -
20.231.101.203 - - [20/Nov/2022:03:26:04 -0500] "GET /BLA/boletinlegal/ HTTP/1.1" 200 63221
201.245.192.253 - - [20/Nov/2022:03:29:13 -0500] "POST /kwsrmcab/Wsrmcab  HTTP/1.1" 200 42393
172.22.2.4 - - [20/Nov/2022:03:27:44 -0500] "HEAD /BLA/boletinlegal/ HTTP/1.1" 200 -
172.22.2.4 - - [20/Nov/2022:03:28:35 -0500] "GET /BLA/boletinlegal/ HTTP/1.1" 200 59779
95.217.144.245 - - [20/Nov/2022:03:30:40 -0500] "-" 408 -
201.245.192.253 - - [20/Nov/2022:03:31:02 -0500] "POST /kwsrmcab/Wsrmcab HTTP/1.1" 200 43121
201.245.192.253 - - [20/Nov/2022:03:31:05 -0500] "POST /kwsrmcab/Wsrmcab HTTP/1.1" 200 43781
216.245.221.92 - - [20/Nov/2022:03:31:59 -0500] "HEAD / HTTP/1.1" 200 -
40.77.167.13 - - [20/Nov/2022:03:33:51 -0500] "GET /Publicaciones/2022EE240847.pdf HTTP/1.1" 404 228
201.245.192.253 - - [20/Nov/2022:03:34:12 -0500] "POST /kwsrmcab/Wsrmcab  HTTP/1.1" 200 42393
69.171.249.117 - - [20/Nov/2022:03:34:54 -0500] "GET /images/Acuerdos%2001%20(1)%20(1).jpeg HTTP/1.1" 200 32884
172.22.2.4 - - [20/Nov/2022:03:33:34 -0500] "HEAD /BLA/boletinlegal/ HTTP/1.1" 200 -
172.22.2.4 - - [20/Nov/2022:03:34:25 -0500] "GET /BLA/boletinlegal/ HTTP/1.1" 200 53337
128.14.232.148 - - [20/Nov/2022:03:36:18 -0500] "-" 408 -
216.245.221.92 - - [20/Nov/2022:03:36:59 -0500] "HEAD / HTTP/1.1" 200 -
64.62.197.214 - - [20/Nov/2022:03:38:55 -0500] "GET /favicon.ico HTTP/1.1" 200 7782
201.245.192.253 - - [20/Nov/2022:03:39:09 -0500] "POST /kwsrmcab/Wsrmcab  HTTP/1.1" 200 42393
201.245.192.253 - - [20/Nov/2022:03:41:03 -0500] "POST /kwsrmcab/Wsrmcab HTTP/1.1" 200 43121
172.22.2.4 - - [20/Nov/2022:03:39:24 -0500] "HEAD /BLA/boletinlegal/ HTTP/1.1" 200 -
201.245.192.253 - - [20/Nov/2022:03:41:05 -0500] "POST /kwsrmcab/Wsrmcab HTTP/1.1" 200 43781
172.22.2.4 - - [20/Nov/2022:03:40:15 -0500] "GET /BLA/boletinlegal/ HTTP/1.1" 200 59779
216.245.221.92 - - [20/Nov/2022:03:41:59 -0500] "HEAD / HTTP/1.1" 200 -
201.245.192.253 - - [20/Nov/2022:03:44:10 -0500] "POST /kwsrmcab/Wsrmcab  HTTP/1.1" 200 42393
114.119.142.186 - - [20/Nov/2022:03:44:24 -0500] "-" 408 -
185.119.81.109 - - [20/Nov/2022:03:45:58 -0500] "GET /portaldeninos/wp-login.php HTTP/1.1" 200 2592
185.119.81.109 - - [20/Nov/2022:03:45:59 -0500] "POST /portaldeninos/wp-login.php HTTP/1.1" 200 3650
172.22.2.4 - - [20/Nov/2022:03:45:14 -0500] "HEAD /BLA/boletinlegal/ HTTP/1.1" 200 -
216.245.221.92 - - [20/Nov/2022:03:46:59 -0500] "HEAD / HTTP/1.1" 200 -
172.22.2.4 - - [20/Nov/2022:03:46:05 -0500] "GET /BLA/boletinlegal/ HTTP/1.1" 200 57824
157.55.39.39 - - [20/Nov/2022:03:48:17 -0500] "GET /BLA/resoluciones/RESOLUCIONES%202021/0550.pdf HTTP/1.1" 304 -
201.245.192.253 - - [20/Nov/2022:03:49:09 -0500] "POST /kwsrmcab/Wsrmcab  HTTP/1.1" 200 42393
31.13.103.118 - - [20/Nov/2022:03:50:55 -0500] "GET /images/Acuerdos%2001%20(1)%20(1).jpeg HTTP/1.1" 200 32884
192.109.145.231 - - [20/Nov/2022:03:51:47 -0500] "GET /galeria/nivo-slider/demo/images/banner-humedales-de-bogota.jpg HTTP/1.1" 304 -
216.245.221.92 - - [20/Nov/2022:03:51:59 -0500] "HEAD / HTTP/1.1" 200 -
172.22.2.4 - - [20/Nov/2022:03:51:04 -0500] "HEAD /BLA/boletinlegal/ HTTP/1.1" 200 -
172.22.2.4 - - [20/Nov/2022:03:51:55 -0500] "GET /BLA/boletinlegal/ HTTP/1.1" 200 52942
201.245.192.253 - - [20/Nov/2022:03:54:08 -0500] "POST /kwsrmcab/Wsrmcab  HTTP/1.1" 200 42393
186.155.16.196 - - [20/Nov/2022:03:56:44 -0500] "GET /kwssiamovil/sm/acme/a?s=U2FsdGVkX18oL5HUyQkh36X6XiXCVvQ4+2e8YSA7ORLiSlaxrpSiRKNYQpiCIpuMqEQzMdOeh2CcR6M1BpzrrZJ35fy6EUYTm20iBdayxYYwDuRXxwZOTRJMOguzYZ9tVP2ijWc+N7AxX5SKNUvTHVN3tEN13ju6Edx2yHKv4cjtY34LmixWOA6V007O4TwuQTXUfbAJpSACSDuENISDh2Q7V9a5SerH/3TA5hGhVx38LcNnXorXIbkP2dBexe3vtKuXWj6pOZPqtj7YFBZLnw==&u=U2FsdGVkX19nDPRddMZsBXbudg9/myV8KidvtH/MG1cBGk7unIhLL+c1FlS3QfPd&y=U2FsdGVkX19XCYJjTTzTsbT5p/qntzN4bu6pOYCZSRMsWgKApwZ8etkPwSwoVj45 HTTP/1.1" 200 26
186.155.16.196 - - [20/Nov/2022:03:56:45 -0500] "GET /kwssiamovil/sm/acme/a?s=U2FsdGVkX1+uhY/08muX3u2R9UM7YOvKCl+9hb+kEDQfZCaUROXs7lpCb4rgmoZnOpdUtGyimfujkimGo458ofn52tClAR9rSPgqD4g0HWrqaPKE/a+1zsT3E4VvJ0yle3aMYkuf0UQJ3PUylYgvtgv/Hma2Q1V6pQHsk5a5T883Hge+yKrV4/X9FMHGd3ydbQ5GPo8WCYlj4J3SjZC1Q11TUyIpN5FOyI1qnaus9Jl+psFrNp8q2VPgSCKHgtxExXrLjE+DYzEPV3DJHeAv3+va2XAhYg01P1D30IX0lHXGA6yRz5x7ilXUUMgD9TkCuLT1J2umlV5cFivUz6OFQM4S5RhPtMlqJQD2Vr+CZf/i8yLB2iBbBl4oK7ub+Ijj2NfMyNSzKmab5xiCNrfoHqgByIMmO0ccARa+t9l+cn967NJpiLEZbN8qO3fd4GHsV+LF1kxp8OrEFD498z7ZXLxyKtWyc+S/DXuh2TEFlMuWmFkd4k4qn03UCN9oujVvUESlrQCqgJ6y40rIbsbwR/BjAU6lVzCH0XghTyzIiG9UH93HgBPSkWVI5Bsqlz1LrL9v1IVOGgqVRxsz0GxJyOJcop5AcT4m1z/tvq1BlczgIRu3A+1ggK9Jd53jBAzQWYiKJD3hR4hQCRbnQyZ4PgrJbeMBcahZw/MUCYNORAxqIPjnt3DeYaU+i6cMmmT8UzRPL8WXOxIDoxYCoPGg9HGogLyz9TxfGIOCU9i6JCuzrzCJoFPr24jnhE8+TfJGC0tjUsWJ4+eFyVeTIwmXn+ksf8yhz2TOppNcUbuFIBi3ULbCIGuwkK8ILxWWl/AqXLY/Uk16pceNVJxbp8bwBmuKY6UieoohziTV4VEsy0yhEo7erZPOXVf/qM11Cqh5yWK5dr8e8Ksvzu2bdLb+xLTJpNRT1SInSPjceMJ9Ibksp/MbdkFaFWipzGSg32XV2xBDO5EA+ziTLc82VVxyhvASOf0/yNZyoB4SlYm+TX4zRHIF21vVazAI0u9rG6UTU08wEVhYE2nXibCQ9P2WQI3kswt2F716fRq6q3c3+Yyi6d6kcTrTXzlkwS5VcjSwFXDCmdQVzRGKbVD2D2NgV18g+5ha9xMvXnLIVgcs14BkLfyV7srK5OCJvn9zsWnfN6cyUNGHMXiKzC3EhIyXjBcqE+2RsyTCwY9fap19dHBFEU09OLMpEIW21L6/sDVBkoo0t9wkmPuWCqALB1fNNtH7SktnFE0npy3DAEkpjBAxKLAWotHp8GTQJvmIXtITufAoK1WCNbzaGER7ezAmSPVLRI0DvsffKRQUI1e3E2CLEnbqpZHSC8B3cT+i5Icjfuyg4ZRqO6E7A6UiBzjEk9HYxGpUm2fOAiN2cgax0u31wprCXQ1eBUDQUYrmIzqiN+28KbSygfcpU2qKAggVZM4ospwgmKxTX3WNUCxFN9yagx00x056IVenKF7HNNrC+wUM7jbui68K4SJu+XjhMoHwb56WNGpiSczrw2AvhCtOYszt10i2K6UsFrxcTTChCGwa7MFGCNrfysBtvaN2kdMeV4zP1RSn3MGb/WKZjehyQuGZbgWe40TZZ7d3KY3+Xm+lRKd8bqBuIChjEZ4whJ9PTiMrLUHV97MWjo6DebuqzuklD7LieFYpsGjU/S4OglQFhZOazOuJBvqutlYx7GZh0zai74Qd4Vt8Si5uW6EQN4iskmvPzzrfyGRthruyb8vDlqN/Xb2NxZ9dW5FYm91jUS85f7Dr/pkCBrhtDz2Mo//a3oBCZVNi0Q5iqRSGzjBbtp41aR7vZtH45bBkn1RAPgvuzqkxs9NmMTG01sYlg+zdrC0KPE9iDuVZIgkFJYn2MmiT8j63fGcyGM9k4sUL4bSbGoW8L/P2VfbTbPUcY56YeVHXaasb7Ay0IXE8gtU57oFoZUyApUAc3d5dHAWDE4RenngPlO6cgGEECUQMWttvfyvEErnH8yIPUmImvluxSfi+S7lbAE2Ff5KGxSRzbQSrVSMwYbez3nn+asgaowdTwofC9ldDzsNM/+FMeiV8UBNvAuzqZ95srhHJ4ybriqdq/enmgv+NUVvxB5KRmGbILqvEGYXxvfZ0U+cJ9hDqOXm8oPshlB7SMdFSZ2APA9H45PzpkhUGQqq/JLt3oNKEV+u+YvVr05ay1gpiNqk3Vo3/XKBNQizGiclA5hS4DCJ0T5yZMwKJu4q10fvlP9Mmd5Iysqdhq1BIBzMajYblH2v0z5YIyriSNp/JSzsxuH7dHtMHDkU3M4ndxhmuVWJIB4+N9KSWP3t9wiknSHzAZG37MLQLZJ+IWj6/p7knkNK0hpXNGJ2gw1htAVXxjOncj+Qvrq13iiadZcA9feUx81F1K8V179Is+wYReKAAC92f4kqxl+G5HyWd8vDKQcrAx2UQnoGbRzzKeHVQdStKc3weuCDS8sLUxsRO19RK/hdgPkZLM5WNcm2m16twJ9CSGKUt4MOMLC3LMfksy8tebMcblfFBceOsKkTQ4YV/eMVnWvSlRDbskkSb/xQ=&u=U2FsdGVkX19nDPRddMZsBXbudg9/myV8KidvtH/MG1cBGk7unIhLL+c1FlS3QfPd&y=U2FsdGVkX19XCYJjTTzTsbT5p/qntzN4bu6pOYCZSRMsWgKApwZ8etkPwSwoVj45 HTTP/1.1" 200 26
186.155.16.196 - - [20/Nov/2022:03:56:46 -0500] "GET /kwssiamovil/sm/acme/a?s=U2FsdGVkX19OXBblC2m7uItcXtnOV+W3ipIz6keoxrE381YDALFS7itdrNK4ILr3/WI8HDYMFMnhQSyYjyvefbq3Ouwv4mKUlcmFnTfhzUrA/zzbtxC7Oj108pzv+4vc8UeHbTLSwnvepvX8+u54UVN9LjYQEmIo5GA8ckKQaF0=&u=U2FsdGVkX19nDPRddMZsBXbudg9/myV8KidvtH/MG1cBGk7unIhLL+c1FlS3QfPd&y=U2FsdGVkX19XCYJjTTzTsbT5p/qntzN4bu6pOYCZSRMsWgKApwZ8etkPwSwoVj45 HTTP/1.1" 200 26
186.155.16.196 - - [20/Nov/2022:03:56:47 -0500] "GET /kwssiamovil/sm/acme/a?s=U2FsdGVkX1/BGtgKeGgiiPnjFayWymQ+yDqI34VZEkVl6G4s/4wTVfSe7QKNT3PLH8S5wIsDVswLnJL442yLHa6/zzaJf/fLBCM5iOagS6qiWUxsk4gomffqeohm9qvAuplpfkq1RnSp8pLP4OfRDRFEhhrnT2ljiXBxMZHMX+c=&u=U2FsdGVkX19nDPRddMZsBXbudg9/myV8KidvtH/MG1cBGk7unIhLL+c1FlS3QfPd&y=U2FsdGVkX19XCYJjTTzTsbT5p/qntzN4bu6pOYCZSRMsWgKApwZ8etkPwSwoVj45 HTTP/1.1" 200 26
186.155.16.196 - - [20/Nov/2022:03:56:48 -0500] "GET /kwssiamovil/sm/acme/a?s=U2FsdGVkX1+O6LGbnDEM4CMUYTFbOOPvz0YJH4qTuOpsEv2+nzIEPrvFr+Vof1gAYuouK79ZjPO/GPgKJddIc7GHg165yj4EYa3Im6lQlO69H5zMoUvAt5tTs4BCdsj36VGRX8DiDI5ieGg+4isyma2YFj+kbwGcpPs1cOn5R8I=&u=U2FsdGVkX19nDPRddMZsBXbudg9/myV8KidvtH/MG1cBGk7unIhLL+c1FlS3QfPd&y=U2FsdGVkX19XCYJjTTzTsbT5p/qntzN4bu6pOYCZSRMsWgKApwZ8etkPwSwoVj45 HTTP/1.1" 200 26
186.155.16.196 - - [20/Nov/2022:03:56:48 -0500] "GET /kwssiamovil/sm/acme/a?s=U2FsdGVkX1/aBb1bQnMpxdC2mm3MOVeLdKUOyEBiusgz4z7cfV34DMSLlKdP8889WrRIxVIbP1lutW6FFX38wzT43zhU+E/FX9+7wQrBJo7kbcq/T18vfs7CjHMwkUsa7a3CUjf5W1D6GpjsfX18riNT87hO6iluT/hSmpJVLnCQPFCZrXQZeaS+QbikI8i+G1xELwtDdWd2ph8OEv0luw==&u=U2FsdGVkX19nDPRddMZsBXbudg9/myV8KidvtH/MG1cBGk7unIhLL+c1FlS3QfPd&y=U2FsdGVkX19XCYJjTTzTsbT5p/qntzN4bu6pOYCZSRMsWgKApwZ8etkPwSwoVj45 HTTP/1.1" 200 26
216.245.221.92 - - [20/Nov/2022:03:56:59 -0500] "HEAD / HTTP/1.1" 200 -
172.22.2.4 - - [20/Nov/2022:03:56:54 -0500] "HEAD /BLA/boletinlegal/ HTTP/1.1" 200 -
201.245.192.253 - - [20/Nov/2022:03:59:07 -0500] "POST /kwsrmcab/Wsrmcab  HTTP/1.1" 200 42393
172.22.2.4 - - [20/Nov/2022:03:57:45 -0500] "GET /BLA/boletinlegal/ HTTP/1.1" 200 60277
216.245.221.92 - - [20/Nov/2022:04:01:59 -0500] "HEAD / HTTP/1.1" 200 -
172.22.2.4 - - [20/Nov/2022:04:02:14 -0500] "GET /BLA/boletinlegal/Directivas/2018/Directiva%20No.%2026%20del%2028%20de%20diciembre%20de%202018.pdf HTTP/1.1" 304 -
157.55.39.206 - - [20/Nov/2022:04:02:32 -0500] "GET /BLA/resoluciones/AUTOS%202022/1216.pdf HTTP/1.1" 200 449483
186.155.16.196 - - [20/Nov/2022:04:02:51 -0500] "GET /kwssiamovil/sm/acme/a?s=U2FsdGVkX19RB1aNyfBiBO2OaiSAgX6foNImYF5mJO6vnTOwrCn7MvLZHPAFfYy1n5Ys5NyF9NYUoZyaF24AsfEmAqX71K+cDThQg+UYGwAZqI57hIy0jl95GYDI6OFZka42IEA/WgzQkP8SIS1KShVEY9tFIB3yl/zBRR/Ac9NIaRrrX7AnQ2P/BJhoLhNfkAx18zWp2WQLvoUzyHQuAGIvejM1zr2/38nh7IYFnfYpxVn6DQ032Ccv9Sp4UEKWbbklgfMCO4qpvxPAbS0JIg==&u=U2FsdGVkX19nDPRddMZsBXbudg9/myV8KidvtH/MG1cBGk7unIhLL+c1FlS3QfPd&y=U2FsdGVkX19XCYJjTTzTsbT5p/qntzN4bu6pOYCZSRMsWgKApwZ8etkPwSwoVj45 HTTP/1.1" 200 26
186.155.16.196 - - [20/Nov/2022:04:02:52 -0500] "GET /kwssiamovil/sm/acme/a?s=U2FsdGVkX18Z5Rxj/AaPrT20/8JGIcITyY7MeHOtNNIEexw9EbsWX9KolTLM8sHc4rCTZAvXFsF9IPoFBGOqJs8s4ppS227qzSEnm6Tznjp8JIEvDs+u3FlsrB+/EHCCMe5cwVzbgBM0GVGQN/ek1DtUZyY+n8r0DPo81KUpB2BeSOoK0RMG/VV15PCQVKj7LVd4/FL8x4zvQVG9HwPPnfkvqAhQo/S4Xb2RoKKCVLZLl93xvveOEdAHf0YxyESDJLzjiUepRGCFL6lVRkAsYQ3YpQoW+OVJaJix5J35YSK1/OqFVUL4C6p1Etfqe0n9AZHrZpF5KbxWbhd12hHYHbsQmj0HDbJCXiViocrkkLLwUnaKxYcjyHHuS8XEvcPP5HVf0nNzCRG7EE8dwvmN4SW28r+CjDbm5hy2CiyikF5rzXVz2+BoezHd8va8Dp/zwT9kI/3TVFPEjuJndmUKGLlVTEuMMjtmqkT5DqT/kl5DNhFkNUYHWXMiS4P9Xqs6UH7DcTjdczmgLNqdLh4h1TUyOM3IrtZ+5ZObyw1f9BN+VSwEYWbi6+BZozVh61EjJ+J7OrB881vJEqX3/vGTD1Bp7eSZL6d/I2sCqBPxtsedc658jJUQK2Y8bKjEqoS6pvBHAcZdt1O/847epNxYCoFJOf1daMl71h0kcrx1iI782eOu/9cVBiymXq8Es7OpqrIOgnLrxoz+S0949SmRLuvs+OwDpkY4muBcSpgY6E6yUzQ9QIm2NGkpPlX9ZnW6Mo7M5S1iSJeISfSAlW4kUIC/n7ANBxUg2OxYmAfaSqHhPfQxDiK+rJAYVRpIp7Di/aIL8ohNSTjNdjE6+HK2NvceK29jP/QG5pXxLU7v4XqTHUf1ZHNO/wJ4gOEc1wOqvtUw9tbPWBkHd9+NTeHZLQ4uz7NcmLSs5Wgjdxb4LGFyNSs0vWAlaLZP5Y9V6yPtAm+yWK3LiMw3HZUBR5a8Q0csKiRKSrWT75A7GOTbhXr5WYWD8KfYztD1RetkmpMp6knNuifjh53d0NHaRC2zRaLlGL0cI8U0Vz8+I8DOBQLe+kSTzV3HanbnovIkaksFhc1/+XYqJG5Zsf5lI6upW1Ru1569BL0HWEORSlZhAGDmmBzu8s0OAERH4EPLBzZZVXabggDUFe6FdY57Mb4v8oZjsZQVxkujUb55rdI9MxcE2Vd3EeCP/TGodlSmXtWTu38iGjMkixY92j0akKKKzqzODIV5CGt3g/LbnhKzt1/nRn33BQllySZSEVIGwWHW4k1JhpWQkKq6sjeCsbaEr9YRPMoW/x/9qFx12IfCrGkEOfXw9D9AL6KAbHoigBDAXi80i5Vu4F/bYsVxvBK/TwoHpzQikHHuCRX7EIqF5FxbJzD4GupGLV5Nj6yTmuSgZTVfOVklk8+wL+xcTnkDhgYTlh/lEqeQjUkxLdhP1r6NlLFECF9qwvR1GHhmCW7wg64G7qsPKFKqWX1z4WZox6idpxamf2o1bVheFUu/6BQAudhfNw6guAkMmrrTosfCuRubTY0SHfZg90C5Jmpb6HWPejsbzWX9s9Z7MksHEJFPgFcN9K4Y8PPqOS9yMJdrTS3dPp17Ye8OjvET4rEOciK9A+PxzTgBOtCKUlInaQkWHCGkqOw6mCcNROaOUlYelqinzQyzf29/HYkWmK2Bu+JRtR4LuvWVup+Qk+cMCnHdtExUGSkYZgs5RocoCvN45m8dr0lQ7ZAjRHujfJNYJBPa4YGgzXePtr4y5uMBbiaKj6Roi2uLl1c6eHjBZi8Sfc5pyUVCiQFf9WpM9IZJAMdjT3Y77xoflIFqctM3hVu5ac3dHejsUC/7LZfXUAKds4cj+WGSogRMDzhbOFC2jetLqeIzYdYecw4VjJeyjbmTgaw0Lk+8lO4XWKfNPR9Wct9X1Gus1V2tXOi9jTQXAQbJVmUeUDbOsNzSMlaVgqH0Fr8SdLjipZq/ICYSRlhV2HiE36M8IsDdIu56KFITuOGa8NBDtvX9GPMrijq3w7pJ12PiVtcFySZ50fx9/yPG0fN35YmeR5XkPgkQ77XUL64pgMldu2THksvfyCxu6cBhY5XXBTQcPjtv1UpScO0ctUKohHs6AZ4eNckUOvjdE7y27EyzcxMX3CqB656u0n05G2PIFHErYu+//CNk9lOTJbQVK/n6UVkYCP9L0x9s0KlaHY1zTPgLcopprFA2DS6J8+zx9frC0PRntXST41U93O0FNmVva7HxPKZ9MqRxntGR22YF2b1wEPh3SkAxSHeikOwjERV7sMSijB93flWb3DLsz5a7mkcsI20TnDnlKb2frtjN9FH5WarC0cpy4bfRO6S2C3Z74wsuy9hwJc59siqNJrngHhVixBNhRrtWqAk2Mf/E3huwTCz2pl+rlIQKPtF+D2pmGHCuaB/7szocu16NHLYQjYDEnwav/2XBkI6aqtWCYGuIeDIlh/5DZxJHT11pVZJqyWvvdju+AQ+eSDV6Hu9P0N106MBufmAQtGFs7tgSqP9MoCVJBoz6Isk=&u=U2FsdGVkX19nDPRddMZsBXbudg9/myV8KidvtH/MG1cBGk7unIhLL+c1FlS3QfPd&y=U2FsdGVkX19XCYJjTTzTsbT5p/qntzN4bu6pOYCZSRMsWgKApwZ8etkPwSwoVj45 HTTP/1.1" 200 26
186.155.16.196 - - [20/Nov/2022:04:02:53 -0500] "GET /kwssiamovil/sm/acme/a?s=U2FsdGVkX181rpyD+oy7PIOnW1Y5SrpiQwYu1w0goors0YyYKq7KzWrwHV9GiaXjxrAikXqi/fWb4uVdeVpsJXRuMsVFvjSD875QK06J2i8S62bvjcnDgohV9TBwYD5lk10VyWH422AFAEEBdowoDlk4bEzpfrMkGKZq0kCENxA=&u=U2FsdGVkX19nDPRddMZsBXbudg9/myV8KidvtH/MG1cBGk7unIhLL+c1FlS3QfPd&y=U2FsdGVkX19XCYJjTTzTsbT5p/qntzN4bu6pOYCZSRMsWgKApwZ8etkPwSwoVj45 HTTP/1.1" 200 26
186.155.16.196 - - [20/Nov/2022:04:02:53 -0500] "GET /kwssiamovil/sm/acme/a?s=U2FsdGVkX19NkKAgD7SPrjaVyBtwUOSmUUVLanhiQvhsfIEAaFqMFsCtKSN/DAV2mc1HgfFIV1gUtsJt2KR3lXR96HMozcTlu9Ioh0ex6fPu7VBIFQ50h0Ex2ujIs+gDU6s76nt6/lZ9LUYVSf6/xrBlhUbcFDu7U7vOUwtQsZo=&u=U2FsdGVkX19nDPRddMZsBXbudg9/myV8KidvtH/MG1cBGk7unIhLL+c1FlS3QfPd&y=U2FsdGVkX19XCYJjTTzTsbT5p/qntzN4bu6pOYCZSRMsWgKApwZ8etkPwSwoVj45 HTTP/1.1" 200 26
186.155.16.196 - - [20/Nov/2022:04:02:54 -0500] "GET /kwssiamovil/sm/acme/a?s=U2FsdGVkX1/USo4mxJDBDY+dzYqO6CSv9gEom+CqVXMZFHtthD9tbp35ADR0Pxz/qJsNIlHGo8Pxx0ZMIUs2MNU0BzHs57cv01/Xg5TdWtNXoUAh0cxQD/WGFLCzoC5vMiiItt216HddAzudFHMKXUGa4hcK9kvFmKG03U1mlss=&u=U2FsdGVkX19nDPRddMZsBXbudg9/myV8KidvtH/MG1cBGk7unIhLL+c1FlS3QfPd&y=U2FsdGVkX19XCYJjTTzTsbT5p/qntzN4bu6pOYCZSRMsWgKApwZ8etkPwSwoVj45 HTTP/1.1" 200 26
186.155.16.196 - - [20/Nov/2022:04:02:54 -0500] "GET /kwssiamovil/sm/acme/a?s=U2FsdGVkX1+2bEnHxmmqAh6mrvTaatLgP005+ooVBot/OQKSiMP2gcu7jLSXuc4qrmjFTDj0EWPftdljmlwNlm+Z+Yp5HUXX4iwPlH/2SGFw1k1Zxh0l4sLS9099PdQ4obAJj8kC/liNYkvtA51RQ77MQaRX8pgN1cDNAwEFz5yFLFbL8xFHRCMWXNI0RG+XyaClCCtujs3bnF8nk8xlqg==&u=U2FsdGVkX19nDPRddMZsBXbudg9/myV8KidvtH/MG1cBGk7unIhLL+c1FlS3QfPd&y=U2FsdGVkX19XCYJjTTzTsbT5p/qntzN4bu6pOYCZSRMsWgKApwZ8etkPwSwoVj45 HTTP/1.1" 200 26
201.245.192.253 - - [20/Nov/2022:04:04:05 -0500] "POST /kwsrmcab/Wsrmcab  HTTP/1.1" 200 42393
172.22.2.4 - - [20/Nov/2022:04:02:44 -0500] "HEAD /BLA/boletinlegal/ HTTP/1.1" 200 -
172.22.2.4 - - [20/Nov/2022:04:03:35 -0500] "GET /BLA/boletinlegal/ HTTP/1.1" 200 58185
216.245.221.92 - - [20/Nov/2022:04:06:59 -0500] "HEAD / HTTP/1.1" 200 -
201.245.192.253 - - [20/Nov/2022:04:09:05 -0500] "POST /kwsrmcab/Wsrmcab  HTTP/1.1" 200 42393
172.22.2.4 - - [20/Nov/2022:04:08:34 -0500] "HEAD /BLA/boletinlegal/ HTTP/1.1" 200 -
172.22.2.4 - - [20/Nov/2022:04:09:25 -0500] "GET /BLA/boletinlegal/ HTTP/1.1" 200 59779
216.245.221.92 - - [20/Nov/2022:04:11:59 -0500] "HEAD / HTTP/1.1" 200 -
201.245.192.253 - - [20/Nov/2022:04:14:04 -0500] "POST /kwsrmcab/Wsrmcab  HTTP/1.1" 200 42393
207.46.13.237 - - [20/Nov/2022:04:15:12 -0500] "-" 408 -
172.22.2.4 - - [20/Nov/2022:04:14:24 -0500] "HEAD /BLA/boletinlegal/ HTTP/1.1" 200 -
190.156.185.197 - - [20/Nov/2022:04:16:29 -0500] "GET /BLA/resoluciones/AUTOS%202022/4953.pdf HTTP/1.1" 200 368211
172.22.2.4 - - [20/Nov/2022:04:16:53 -0500] "GET /BLA/boletinlegal/images/arr_r.jpg HTTP/1.1" 304 -
172.22.2.4 - - [20/Nov/2022:04:15:15 -0500] "GET /BLA/boletinlegal/ HTTP/1.1" 200 59779
216.245.221.92 - - [20/Nov/2022:04:16:59 -0500] "HEAD / HTTP/1.1" 200 -
201.245.192.253 - - [20/Nov/2022:04:19:03 -0500] "POST /kwsrmcab/Wsrmcab  HTTP/1.1" 200 42393
207.46.13.194 - - [20/Nov/2022:04:19:10 -0500] "GET /BLA/resoluciones/RESOLUCIONES%202018/3927.pdf HTTP/1.1" 304 -
172.22.2.4 - - [20/Nov/2022:04:19:28 -0500] "GET /BLA/boletinlegal/jurisprudencia/analisis/CUADRO%20ANALISIS%20SENTENCIA%20T-411%20DE%201992.doc HTTP/1.1" 304 -
201.245.192.253 - - [20/Nov/2022:04:21:02 -0500] "POST /kwsrmcab/Wsrmcab HTTP/1.1" 200 43275
201.245.192.253 - - [20/Nov/2022:04:21:05 -0500] "POST /kwsrmcab/Wsrmcab HTTP/1.1" 200 43783
172.22.2.4 - - [20/Nov/2022:04:20:14 -0500] "HEAD /BLA/boletinlegal/ HTTP/1.1" 200 -
216.245.221.92 - - [20/Nov/2022:04:21:59 -0500] "HEAD / HTTP/1.1" 200 -
172.22.2.4 - - [20/Nov/2022:04:21:05 -0500] "GET /BLA/boletinlegal/ HTTP/1.1" 200 59035
185.119.81.98 - - [20/Nov/2022:04:23:12 -0500] "GET /portaldeninos/wp-login.php HTTP/1.1" 200 2592
185.119.81.98 - - [20/Nov/2022:04:23:13 -0500] "POST /portaldeninos/wp-login.php HTTP/1.1" 200 3605
172.22.2.4 - - [20/Nov/2022:04:23:50 -0500] "GET /BLA/boletinlegal/.env HTTP/1.1" 404 1018
201.245.192.253 - - [20/Nov/2022:04:24:02 -0500] "POST /kwsrmcab/Wsrmcab  HTTP/1.1" 200 42393
69.63.184.1 - - [20/Nov/2022:04:24:13 -0500] "GET /asi-festejamos-el-dia-mundial-y-la-semana-de-los-humedales.html HTTP/1.1" 206 796
207.46.13.194 - - [20/Nov/2022:04:26:00 -0500] "GET /BLA/resoluciones/index.php?dir=RESOLUCIONES+2022%2F HTTP/1.1" 200 216680
157.55.39.206 - - [20/Nov/2022:04:26:24 -0500] "GET /BLA/resoluciones/dlf/styles.css HTTP/1.1" 200 3049
216.245.221.92 - - [20/Nov/2022:04:26:59 -0500] "HEAD / HTTP/1.1" 200 -
40.77.167.58 - - [20/Nov/2022:04:27:09 -0500] "GET /BLA/boletinlegal/Circulares/2011/Circular%20No.%205%20del%2014%20de%20Julio%20de%202011.pdf HTTP/1.1" 304 -
172.22.2.4 - - [20/Nov/2022:04:26:04 -0500] "HEAD /BLA/boletinlegal/ HTTP/1.1" 200 -
172.22.2.4 - - [20/Nov/2022:04:26:55 -0500] "GET /BLA/boletinlegal/ HTTP/1.1" 200 50495
201.245.192.253 - - [20/Nov/2022:04:29:01 -0500] "POST /kwsrmcab/Wsrmcab  HTTP/1.1" 200 42393
20.231.101.203 - - [20/Nov/2022:04:27:45 -0500] "GET /BLA/boletinlegal/ HTTP/1.1" 200 57824
185.119.81.109 - - [20/Nov/2022:04:30:55 -0500] "GET /portaldeninos/wp-login.php HTTP/1.1" 200 2592
185.119.81.109 - - [20/Nov/2022:04:30:56 -0500] "POST /portaldeninos/wp-login.php HTTP/1.1" 200 3605
201.245.192.253 - - [20/Nov/2022:04:31:02 -0500] "POST /kwsrmcab/Wsrmcab HTTP/1.1" 200 43275
201.245.192.253 - - [20/Nov/2022:04:31:05 -0500] "POST /kwsrmcab/Wsrmcab HTTP/1.1" 200 43783
216.245.221.92 - - [20/Nov/2022:04:31:59 -0500] "HEAD / HTTP/1.1" 200 -
172.22.2.4 - - [20/Nov/2022:04:31:54 -0500] "HEAD /BLA/boletinlegal/ HTTP/1.1" 200 -
201.245.192.253 - - [20/Nov/2022:04:34:00 -0500] "POST /kwsrmcab/Wsrmcab  HTTP/1.1" 200 42393
172.22.2.4 - - [20/Nov/2022:04:32:45 -0500] "GET /BLA/boletinlegal/ HTTP/1.1" 200 58185
216.245.221.92 - - [20/Nov/2022:04:36:59 -0500] "HEAD / HTTP/1.1" 200 -
