186.84.88.155 - - [20/Nov/2022:08:32:38 -0500] "GET /sipse/faces/javax.faces.resource/jquery/jquery.js?ln=primefaces&v=4.0 HTTP/1.1" 304 -
186.84.88.155 - - [20/Nov/2022:08:32:38 -0500] "GET /sipse/faces/javax.faces.resource/jquery/jquery-plugins.js?ln=primefaces&v=4.0 HTTP/1.1" 304 -
186.84.88.155 - - [20/Nov/2022:08:32:38 -0500] "GET /sipse/faces/javax.faces.resource/primefaces.js?ln=primefaces&v=4.0 HTTP/1.1" 304 -
186.84.88.155 - - [20/Nov/2022:08:32:38 -0500] "GET /sipse/faces/javax.faces.resource/layout/layout.js?ln=primefaces&v=4.0 HTTP/1.1" 304 -
186.84.88.155 - - [20/Nov/2022:08:32:43 -0500] "POST /sipse/faces/presentacion/financiero/solicitudProceso/consultarSolicitudProceso.xhtml HTTP/1.1" 200 30210
186.84.88.155 - - [20/Nov/2022:08:32:44 -0500] "GET /sipse/faces/javax.faces.resource/theme.css?ln=primefaces-sipse HTTP/1.1" 304 -
186.84.88.155 - - [20/Nov/2022:08:32:44 -0500] "GET /sipse/faces/javax.faces.resource/primefaces.css?ln=primefaces&v=4.0 HTTP/1.1" 304 -
186.84.88.155 - - [20/Nov/2022:08:32:44 -0500] "GET /sipse/faces/javax.faces.resource/jquery/jquery.js?ln=primefaces&v=4.0 HTTP/1.1" 304 -
186.84.88.155 - - [20/Nov/2022:08:32:44 -0500] "GET /sipse/faces/javax.faces.resource/layout/layout.css?ln=primefaces&v=4.0 HTTP/1.1" 304 -
186.84.88.155 - - [20/Nov/2022:08:32:44 -0500] "GET /sipse/faces/javax.faces.resource/jquery/jquery-plugins.js?ln=primefaces&v=4.0 HTTP/1.1" 304 -
186.84.88.155 - - [20/Nov/2022:08:32:44 -0500] "GET /sipse/faces/javax.faces.resource/layout/layout.js?ln=primefaces&v=4.0 HTTP/1.1" 304 -
186.84.88.155 - - [20/Nov/2022:08:32:44 -0500] "GET /sipse/faces/javax.faces.resource/primefaces.js?ln=primefaces&v=4.0 HTTP/1.1" 304 -
172.22.2.4 - - [20/Nov/2022:08:31:04 -0500] "GET /BLA/boletinlegal/ HTTP/1.1" 200 59779
186.84.88.155 - - [20/Nov/2022:08:32:51 -0500] "GET /sipse/faces/javax.faces.resource/layout/layout.css?ln=primefaces&v=4.0 HTTP/1.1" 304 -
186.84.88.155 - - [20/Nov/2022:08:32:51 -0500] "GET /sipse/faces/javax.faces.resource/primefaces.css?ln=primefaces&v=4.0 HTTP/1.1" 304 -
186.84.88.155 - - [20/Nov/2022:08:32:51 -0500] "GET /sipse/faces/javax.faces.resource/theme.css?ln=primefaces-sipse HTTP/1.1" 304 -
186.84.88.155 - - [20/Nov/2022:08:32:51 -0500] "GET /sipse/faces/javax.faces.resource/jquery/jquery-plugins.js?ln=primefaces&v=4.0 HTTP/1.1" 304 -
186.84.88.155 - - [20/Nov/2022:08:32:51 -0500] "GET /sipse/faces/javax.faces.resource/jquery/jquery.js?ln=primefaces&v=4.0 HTTP/1.1" 304 -
186.84.88.155 - - [20/Nov/2022:08:32:51 -0500] "GET /sipse/faces/javax.faces.resource/primefaces.js?ln=primefaces&v=4.0 HTTP/1.1" 304 -
186.84.88.155 - - [20/Nov/2022:08:32:51 -0500] "GET /sipse/faces/javax.faces.resource/layout/layout.js?ln=primefaces&v=4.0 HTTP/1.1" 304 -
186.84.88.155 - - [20/Nov/2022:08:32:50 -0500] "POST /sipse/faces/presentacion/financiero/solicitudProceso/consultarHistorialSolProceso.xhtml HTTP/1.1" 200 155920
186.84.88.155 - - [20/Nov/2022:08:32:58 -0500] "POST /sipse/faces/presentacion/financiero/solicitudProceso/consultarSolicitudProceso.xhtml HTTP/1.1" 200 113383
201.245.192.253 - - [20/Nov/2022:08:33:11 -0500] "POST /kwsrmcab/Wsrmcab  HTTP/1.1" 200 42393
186.84.88.155 - - [20/Nov/2022:08:33:22 -0500] "GET /sipse/faces/javax.faces.resource/theme.css?ln=primefaces-sipse HTTP/1.1" 304 -
186.84.88.155 - - [20/Nov/2022:08:33:22 -0500] "GET /sipse/faces/javax.faces.resource/layout/layout.css?ln=primefaces&v=4.0 HTTP/1.1" 304 -
186.84.88.155 - - [20/Nov/2022:08:33:22 -0500] "GET /sipse/faces/javax.faces.resource/jquery/jquery.js?ln=primefaces&v=4.0 HTTP/1.1" 304 -
186.84.88.155 - - [20/Nov/2022:08:33:22 -0500] "GET /sipse/faces/javax.faces.resource/primefaces.js?ln=primefaces&v=4.0 HTTP/1.1" 304 -
186.84.88.155 - - [20/Nov/2022:08:33:22 -0500] "GET /sipse/faces/javax.faces.resource/primefaces.css?ln=primefaces&v=4.0 HTTP/1.1" 304 -
186.84.88.155 - - [20/Nov/2022:08:33:22 -0500] "GET /sipse/faces/javax.faces.resource/jquery/jquery-plugins.js?ln=primefaces&v=4.0 HTTP/1.1" 304 -
186.84.88.155 - - [20/Nov/2022:08:33:22 -0500] "GET /sipse/faces/javax.faces.resource/layout/layout.js?ln=primefaces&v=4.0 HTTP/1.1" 304 -
186.84.88.155 - - [20/Nov/2022:08:33:22 -0500] "POST /sipse/faces/presentacion/financiero/solicitudProceso/consultarSolicitudProceso.xhtml HTTP/1.1" 200 156505
4.14.70.9 - - [20/Nov/2022:08:33:33 -0500] "GET /.env HTTP/1.1" 404 1018
4.14.70.9 - - [20/Nov/2022:08:33:33 -0500] "POST / HTTP/1.1" 200 319
186.84.88.155 - - [20/Nov/2022:08:33:48 -0500] "POST /sipse/faces/presentacion/financiero/solicitudProceso/consultarSolicitudProceso.xhtml HTTP/1.1" 200 23924
186.84.88.155 - - [20/Nov/2022:08:33:49 -0500] "GET /sipse/faces/javax.faces.resource/theme.css?ln=primefaces-sipse HTTP/1.1" 304 -
186.84.88.155 - - [20/Nov/2022:08:33:49 -0500] "GET /sipse/faces/javax.faces.resource/layout/layout.css?ln=primefaces&v=4.0 HTTP/1.1" 304 -
186.84.88.155 - - [20/Nov/2022:08:33:49 -0500] "GET /sipse/faces/javax.faces.resource/primefaces.css?ln=primefaces&v=4.0 HTTP/1.1" 304 -
186.84.88.155 - - [20/Nov/2022:08:33:49 -0500] "GET /sipse/faces/javax.faces.resource/jquery/jquery.js?ln=primefaces&v=4.0 HTTP/1.1" 304 -
186.84.88.155 - - [20/Nov/2022:08:33:49 -0500] "GET /sipse/faces/javax.faces.resource/jquery/jquery-plugins.js?ln=primefaces&v=4.0 HTTP/1.1" 304 -
186.84.88.155 - - [20/Nov/2022:08:33:49 -0500] "GET /sipse/faces/javax.faces.resource/primefaces.js?ln=primefaces&v=4.0 HTTP/1.1" 304 -
186.84.88.155 - - [20/Nov/2022:08:33:49 -0500] "GET /sipse/faces/javax.faces.resource/layout/layout.js?ln=primefaces&v=4.0 HTTP/1.1" 304 -
186.84.88.155 - - [20/Nov/2022:08:33:56 -0500] "POST /sipse/faces/presentacion/financiero/viabilidad/expedirViabilidad.xhtml HTTP/1.1" 200 112650
186.84.88.155 - - [20/Nov/2022:08:33:57 -0500] "GET /sipse/faces/javax.faces.resource/theme.css?ln=primefaces-sipse HTTP/1.1" 304 -
186.84.88.155 - - [20/Nov/2022:08:33:57 -0500] "GET /sipse/faces/javax.faces.resource/primefaces.css?ln=primefaces&v=4.0 HTTP/1.1" 304 -
186.84.88.155 - - [20/Nov/2022:08:33:57 -0500] "GET /sipse/faces/javax.faces.resource/layout/layout.css?ln=primefaces&v=4.0 HTTP/1.1" 304 -
186.84.88.155 - - [20/Nov/2022:08:33:57 -0500] "GET /sipse/faces/javax.faces.resource/jquery/jquery.js?ln=primefaces&v=4.0 HTTP/1.1" 304 -
186.84.88.155 - - [20/Nov/2022:08:33:58 -0500] "GET /sipse/faces/javax.faces.resource/jquery/jquery-plugins.js?ln=primefaces&v=4.0 HTTP/1.1" 304 -
186.84.88.155 - - [20/Nov/2022:08:33:58 -0500] "GET /sipse/faces/javax.faces.resource/primefaces.js?ln=primefaces&v=4.0 HTTP/1.1" 304 -
186.84.88.155 - - [20/Nov/2022:08:33:58 -0500] "GET /sipse/faces/javax.faces.resource/layout/layout.js?ln=primefaces&v=4.0 HTTP/1.1" 304 -
186.84.88.155 - - [20/Nov/2022:08:34:05 -0500] "POST /sipse/faces/presentacion/financiero/solicitudProceso/consultarSolicitudProceso.xhtml HTTP/1.1" 200 32934
186.84.88.155 - - [20/Nov/2022:08:34:08 -0500] "GET /sipse/faces/javax.faces.resource/theme.css?ln=primefaces-sipse HTTP/1.1" 304 -
186.84.88.155 - - [20/Nov/2022:08:34:08 -0500] "GET /sipse/faces/javax.faces.resource/primefaces.css?ln=primefaces&v=4.0 HTTP/1.1" 304 -
186.84.88.155 - - [20/Nov/2022:08:34:08 -0500] "GET /sipse/faces/javax.faces.resource/layout/layout.css?ln=primefaces&v=4.0 HTTP/1.1" 304 -
186.84.88.155 - - [20/Nov/2022:08:34:08 -0500] "GET /sipse/faces/javax.faces.resource/jquery/jquery.js?ln=primefaces&v=4.0 HTTP/1.1" 304 -
186.84.88.155 - - [20/Nov/2022:08:34:08 -0500] "GET /sipse/faces/javax.faces.resource/jquery/jquery-plugins.js?ln=primefaces&v=4.0 HTTP/1.1" 304 -
186.84.88.155 - - [20/Nov/2022:08:34:08 -0500] "GET /sipse/faces/javax.faces.resource/primefaces.js?ln=primefaces&v=4.0 HTTP/1.1" 304 -
186.84.88.155 - - [20/Nov/2022:08:34:08 -0500] "GET /sipse/faces/javax.faces.resource/layout/layout.js?ln=primefaces&v=4.0 HTTP/1.1" 304 -
186.84.88.155 - - [20/Nov/2022:08:34:08 -0500] "POST /sipse/faces/presentacion/financiero/solicitudProceso/listarSolicitudProceso.xhtml HTTP/1.1" 200 1376
186.84.88.155 - - [20/Nov/2022:08:34:10 -0500] "POST /sipse/faces/presentacion/financiero/solicitudProceso/listarSolicitudProceso.xhtml HTTP/1.1" 200 25819
186.84.88.155 - - [20/Nov/2022:08:34:11 -0500] "POST /sipse/faces/presentacion/financiero/solicitudProceso/listarSolicitudProceso.xhtml HTTP/1.1" 200 25819
186.84.88.155 - - [20/Nov/2022:08:34:11 -0500] "POST /sipse/faces/presentacion/financiero/solicitudProceso/listarSolicitudProceso.xhtml HTTP/1.1" 200 25819
186.84.88.155 - - [20/Nov/2022:08:34:11 -0500] "POST /sipse/faces/presentacion/financiero/solicitudProceso/listarSolicitudProceso.xhtml HTTP/1.1" 200 25819
186.84.88.155 - - [20/Nov/2022:08:34:11 -0500] "POST /sipse/faces/presentacion/financiero/solicitudProceso/listarSolicitudProceso.xhtml HTTP/1.1" 200 1376
186.84.88.155 - - [20/Nov/2022:08:34:11 -0500] "POST /sipse/faces/presentacion/financiero/solicitudProceso/listarSolicitudProceso.xhtml HTTP/1.1" 200 1380
186.84.88.155 - - [20/Nov/2022:08:34:11 -0500] "POST /sipse/faces/presentacion/financiero/solicitudProceso/listarSolicitudProceso.xhtml HTTP/1.1" 200 1380
186.84.88.155 - - [20/Nov/2022:08:34:12 -0500] "POST /sipse/faces/presentacion/financiero/solicitudProceso/listarSolicitudProceso.xhtml HTTP/1.1" 200 1380
186.84.88.155 - - [20/Nov/2022:08:34:16 -0500] "POST /sipse/faces/presentacion/financiero/solicitudProceso/listarSolicitudProceso.xhtml HTTP/1.1" 200 911
64.62.243.165 - - [20/Nov/2022:08:35:51 -0500] "GET / HTTP/1.1" 200 319
20.231.101.203 - - [20/Nov/2022:08:34:27 -0500] "GET /BLA/boletinlegal/ HTTP/1.1" 200 62840
216.245.221.92 - - [20/Nov/2022:08:36:59 -0500] "HEAD / HTTP/1.1" 200 -
172.22.2.4 - - [20/Nov/2022:08:36:04 -0500] "HEAD /BLA/boletinlegal/ HTTP/1.1" 200 -
201.245.192.253 - - [20/Nov/2022:08:38:10 -0500] "POST /kwsrmcab/Wsrmcab  HTTP/1.1" 200 42393
172.22.2.4 - - [20/Nov/2022:08:36:54 -0500] "GET /BLA/boletinlegal/ HTTP/1.1" 200 57824
172.22.2.4 - - [20/Nov/2022:08:39:04 -0500] "GET /BLA/boletinlegal/robots.txt HTTP/1.1" 404 1118
172.22.2.4 - - [20/Nov/2022:08:39:09 -0500] "GET /BLA/boletinlegal/ HTTP/1.1" 200 57291
201.245.192.253 - - [20/Nov/2022:08:41:01 -0500] "POST /kwsrmcab/Wsrmcab HTTP/1.1" 200 43169
201.245.192.253 - - [20/Nov/2022:08:41:03 -0500] "POST /kwsrmcab/Wsrmcab HTTP/1.1" 200 43805
216.245.221.92 - - [20/Nov/2022:08:41:59 -0500] "HEAD / HTTP/1.1" 200 -
185.119.81.106 - - [20/Nov/2022:08:42:29 -0500] "GET /portaldeninos/wp-login.php HTTP/1.1" 200 2592
185.119.81.106 - - [20/Nov/2022:08:42:30 -0500] "POST /portaldeninos/wp-login.php HTTP/1.1" 200 3670
201.245.192.253 - - [20/Nov/2022:08:43:08 -0500] "POST /kwsrmcab/Wsrmcab  HTTP/1.1" 200 42393
172.22.2.4 - - [20/Nov/2022:08:41:54 -0500] "HEAD /BLA/boletinlegal/ HTTP/1.1" 200 -
93.158.161.51 - - [20/Nov/2022:08:44:21 -0500] "-" 408 -
172.22.2.4 - - [20/Nov/2022:08:42:44 -0500] "GET /BLA/boletinlegal/ HTTP/1.1" 200 55272
66.249.73.100 - - [20/Nov/2022:08:44:50 -0500] "-" 408 -
216.245.221.92 - - [20/Nov/2022:08:46:59 -0500] "HEAD / HTTP/1.1" 200 -
201.245.192.253 - - [20/Nov/2022:08:48:08 -0500] "POST /kwsrmcab/Wsrmcab  HTTP/1.1" 200 42393
172.22.2.4 - - [20/Nov/2022:08:47:44 -0500] "HEAD /BLA/boletinlegal/ HTTP/1.1" 200 -
172.22.2.4 - - [20/Nov/2022:08:48:34 -0500] "GET /BLA/boletinlegal/ HTTP/1.1" 200 59779
207.46.13.192 - - [20/Nov/2022:08:50:21 -0500] "GET /inicio/author/hmdlsbta2018/ HTTP/1.1" 404 1049
66.249.73.127 - - [20/Nov/2022:08:50:45 -0500] "-" 408 -
185.119.81.104 - - [20/Nov/2022:08:51:15 -0500] "GET /portaldeninos/wp-login.php HTTP/1.1" 200 2592
185.119.81.104 - - [20/Nov/2022:08:51:16 -0500] "POST /portaldeninos/wp-login.php HTTP/1.1" 200 3650
216.245.221.92 - - [20/Nov/2022:08:51:59 -0500] "HEAD / HTTP/1.1" 200 -
191.102.197.48 - - [20/Nov/2022:08:52:27 -0500] "OPTIONS /kwssiamovil/sm/setfile/f? HTTP/1.1" 200 13
191.102.197.48 - - [20/Nov/2022:08:52:28 -0500] "POST /kwssiamovil/sm/setfile/f? HTTP/1.1" 200 381
191.102.197.48 - - [20/Nov/2022:08:52:42 -0500] "OPTIONS /kwssiamovil/sm/setfile/f? HTTP/1.1" 200 13
191.102.197.48 - - [20/Nov/2022:08:52:42 -0500] "POST /kwssiamovil/sm/setfile/f? HTTP/1.1" 200 381
69.171.231.5 - - [20/Nov/2022:08:53:03 -0500] "GET /images/pieza-grafica-semana-ambiental-30.jpg HTTP/1.1" 200 38850
191.102.197.48 - - [20/Nov/2022:08:53:03 -0500] "GET /kwssiamovil/sm/acme/a?s=U2FsdGVkX1/ww3EDcc/dkHqq7aU8shFv2uo3AIweVV86WEBNBu8ZGZCVxoULKIaIVKjv6JA9jIC6sORTqBxfjU+UAX2wH9iFu2/wx/1pCphoxHINEdSofXZtVbbHpt1QAnzc1u7b2RwBItMHd7wDQGhojn//TxcJDS2geh99Jw0VWKST5d7eHyYDV+zVz/fCwWLd4gAbUna7LgxwDan9SEhzXwWFp/8W63Tg8Y8WVh7e5O4GKe6qHzUY6YQPNEYdsoom6MdXBlilDHJUaFpENA==&u=U2FsdGVkX1+FkON5KwSX+Jo2bePvGpnWkI7ciuGVLwk=&y=U2FsdGVkX18dHiXQdpMbmC+gRJtJUiJyCIWytCfZr7w= HTTP/1.1" 200 26
191.102.197.48 - - [20/Nov/2022:08:53:03 -0500] "GET /kwssiamovil/sm/acme/a?s=U2FsdGVkX1+oA1P+tY+0n9qOelat6mLnSEx/Swpol/w3VFlGL1LHmkrd5WTqbUQj2ZIEvimM374ikequIwRye7pWc90mYsgttxU2c40NZ/QEBn2CdFaperiwQLBTS8Z93+t+2dVS8gW9pugFnz4gE7YgJsj66cceje9ygaGbwcpT74O1UDZF8lWoTeL3irxVeN5TTJ+Yxy9cuxtIq+PQ5k4FEk9D0i6dJpHbwZbZgxyPuOxITipNBaokb6vMvmOIfj0XfvITm4gEEJ7nrY3ATla18QLh8C7fA9CqI5OorciZ4soZHgItnZSgMrggvKWDd+wKVOt+RVDs7BeAn2CpvEb7bO0lWcYrDkvWX3WE6fyFIk62zLHVnHzwAIVredO4Dx1ywNxUtuEtzbLOnjdckYm5FnMDj904DK+clFC0BZgehHJwzRhYjTA5KzIW/RKXDVi80iN2DObM3ph4Xa4JpnLBdwSdR6c5i91oZW4QxoVtZs0o+T9uWi0SjDLB/xNPZG44+H0HsUrZ7xWvBKon4adIi6oNXFCmi2WaCbtpqF2r7cAo/vztl6/D+OS+pRB14rMPcpOw7jNpUU4avP5gM/BKDKodpwIfi2NybeqcJP7VcGoe8Hvo+2H3HqCSlvB2Ok8oEyTd08m3dQaNSn0YDFoHqAyDnBoC8G+6trLtJxEUS4F8wLCwjsuY6jYXN4q33Zu/frFn0Rw+zJXbymhllc39zNrpeF/QM5RWrDlDbpfCjtZwVVxWgbA47npdx8o5jHOLB2TQnxRBOtZ5vqM0Ijp4mmjfnOqHM9JFZqlm8nHuVyqrVb8PSC4ejEgVo66Zi24amE2vKarGNctuqrPBulfO+DtEyR8cXbpaVf32AYlcVtJnCdmLyDPlIyBR/gMV7WSeUC+jjiCx8Rpz4U47s5r4Sb9OpzZCaPjFOpNodi8/AycDjIho7PoZunymcPP0Pkk6gNV6iO1G1jpJSej2J1ebF94TAP5D+iQpl5L1K+UwO5VqkOccX6IT4dVKEi/8Ycno1meIaz5ue/5SfkjNs+91sUovewhO/MSuRX235p08FnAbKpBtGEqCDf0PVexD4HHTSwh0+uwPiwdQwDm09CaIS7/ZWK/D3XgYgTcFVNDLyaypsfFk6dq91cs5YRFwc3A7+Dl6VrcPNY/yYc2U8VD9ZuuSt8jT3+UT/yzaPsz02pLvPgXILD3UrWPrVPR5itYkEqITttw769uieIqvxRy0rRPfgPkKV6MCJ49kdgn+ssqmnWF7nYzcFqXLUl/dTilsqqck04Y0QS4iAv+ylmcCY97i/TAQp3fh3cmg4EIRuQ2K5qbUcOky1CtunTSyG8H4lMqnXG41+DiRIN0w+yBqNBBIjXwE1r2axCc1XVzVNBiN47g+xGd3BeMtIcm0AAB8VzzOkLa4YC99zbnW0fcNtJ49lysM+KN0o0KISYIofNeEr61VACwHU0ctcn2oaaTpaqe2yYlWVj/fRFh+zNbs1+5tBdMHXSoaNx17s2vWe1DxkwPX9nTcqm24ZLrPgpa50LereMCUgrb+AtvRgfaMAsf4LUBKfcrXAud1mPkoC18PVXUzGQBnUWCuTR1NP+FFi+TgGyuTNqlo2NoB9yYc5+T8XRWGF1oT6TI9cS+hGH5dqKzHdvmFST27n2UT75LTp/VpG36dOwR1PBdUlA==&u=U2FsdGVkX1+FkON5KwSX+Jo2bePvGpnWkI7ciuGVLwk=&y=U2FsdGVkX18dHiXQdpMbmC+gRJtJUiJyCIWytCfZr7w= HTTP/1.1" 200 26
191.102.197.48 - - [20/Nov/2022:08:53:04 -0500] "GET /kwssiamovil/sm/acme/a?s=U2FsdGVkX1+UCKWNbsYxJPNJ1GUtiUZllTXz6eF9GKEZ+UvjAtuBbw+KCepTAde7KSeaeX63eTQBWsk+VDMLHX0UW0VMbmIP0fVrP/uddlh7RUJpXz0gGZnHu/dkDqz3p2v+GY+edx4gIMFB71EKkMQtpU0IIfvyzqm/CsokmYw=&u=U2FsdGVkX1+FkON5KwSX+Jo2bePvGpnWkI7ciuGVLwk=&y=U2FsdGVkX18dHiXQdpMbmC+gRJtJUiJyCIWytCfZr7w= HTTP/1.1" 200 26
191.102.197.48 - - [20/Nov/2022:08:53:04 -0500] "GET /kwssiamovil/sm/acme/a?s=U2FsdGVkX19Fmcw+A3tr6BeCJyctC2Rw3YCQ1y5qwYTAicIBycEy7XUS1l14Xu6a6niPDjhrT0TBPqGzVmGqtGequ+vvFkSZuOcyrlVA0knwnhO0pD86p0G880Z2PAlmSnUB5NAIVSDgCAG4iRGt/Is+6ff8bT6KyjO1JieYS2U=&u=U2FsdGVkX1+FkON5KwSX+Jo2bePvGpnWkI7ciuGVLwk=&y=U2FsdGVkX18dHiXQdpMbmC+gRJtJUiJyCIWytCfZr7w= HTTP/1.1" 200 26
191.102.197.48 - - [20/Nov/2022:08:53:04 -0500] "GET /kwssiamovil/sm/acme/a?s=U2FsdGVkX1/L9zPsIb1o48axg8Ci5JCRCge6SrH2codtZslJ3wlehCKk6k4U2ZD++qnGGEROSUE2Y4Gk/suOTqCDBk7s0MN8kg/fSCrObQB46aC+QiFwQk2SUP7cE6A0xfr1s72WXa5IdYDEHr20pKHEsg9ZG2bgr4e8YMR7y2w=&u=U2FsdGVkX1+FkON5KwSX+Jo2bePvGpnWkI7ciuGVLwk=&y=U2FsdGVkX18dHiXQdpMbmC+gRJtJUiJyCIWytCfZr7w= HTTP/1.1" 200 26
191.102.197.48 - - [20/Nov/2022:08:53:05 -0500] "GET /kwssiamovil/sm/acme/a?s=U2FsdGVkX1+myqACUHJSwHBkcL3GsXcZR9xP8xgutt0uQI8JKmg1sskLX1PweCwko8DfG3EZeQcD+BQudS8BnRgANdJFqKtCXYVfaqk9/Wq+lngazPRnDcqBebZ0w7d32p2LvzNvEP1idbzA3VvH8iZXU7KEDLQJGbpptA3FYRmu1jcPa2BdfKBMFPp/Tmws&u=U2FsdGVkX1+FkON5KwSX+Jo2bePvGpnWkI7ciuGVLwk=&y=U2FsdGVkX18dHiXQdpMbmC+gRJtJUiJyCIWytCfZr7w= HTTP/1.1" 200 26
191.102.197.48 - - [20/Nov/2022:08:53:05 -0500] "GET /kwssiamovil/sm/acme/a?s=U2FsdGVkX18iQf4gKyc5xnPeSPzNgR0nMNc5jvt8QrIiDOWsTGtJS9VNoFpp60KnGecMp9fDz6LHMfjbFzfYlCJ3+6R7cNiJBm3k4fQ8E9mxktwRaOLNmvqn/iyrYxeCWoZNqMYvcgjnZb4Mkj+qlhwc4qyvilDEn27N5/N6w66ZRLJywKgjoDaBf8SaEVmk6B2cvySm1AagtDRLoAdSXg==&u=U2FsdGVkX1+FkON5KwSX+Jo2bePvGpnWkI7ciuGVLwk=&y=U2FsdGVkX18dHiXQdpMbmC+gRJtJUiJyCIWytCfZr7w= HTTP/1.1" 200 25
191.102.197.48 - - [20/Nov/2022:08:53:05 -0500] "GET /kwssiamovil/sm/acme/a?s=U2FsdGVkX1/G58vFihqvJYKu18VvkA99/c3OlOehbD7co6psO4Mm/GiTf/PTEeMb7OWvAPy12TBTg+tTsJe6js4DADRLTcLUfiQpZ77Pp3auYeE4nIZg6lt0JFHn6VjNEqwmeGBeNK7QP+ln721ZT7QgbPmLW+a+k4+u0Xg0+ZP4wlLVsotWPv5BnKLFSLOZrED8qzrFBPgKNgSqbqN5iw==&u=U2FsdGVkX1+FkON5KwSX+Jo2bePvGpnWkI7ciuGVLwk=&y=U2FsdGVkX18dHiXQdpMbmC+gRJtJUiJyCIWytCfZr7w= HTTP/1.1" 200 25
191.102.197.48 - - [20/Nov/2022:08:53:05 -0500] "GET /kwssiamovil/sm/acme/a?s=U2FsdGVkX197sNyt6HHJLrqLTzrRip53FENXhc2pFRfP8o6YMvcnymQOKdOMdpxIVezTyMy1axCDlcsIHs48yZQIFJ7nNywoklhUFRvffZ3TwjYzjobszoNP0d42IREC5Gl1pwWfW9wEDUukZtm1s7Pn7xiQGjhvxNZRlL/PhQRpK3MitpeEY0sk98N+4leHoS5TmGvasy3suk0D8M4hGTELIAkASRc87xLXHEvz5qA=&u=U2FsdGVkX1+FkON5KwSX+Jo2bePvGpnWkI7ciuGVLwk=&y=U2FsdGVkX18dHiXQdpMbmC+gRJtJUiJyCIWytCfZr7w= HTTP/1.1" 200 25
191.102.197.48 - - [20/Nov/2022:08:53:06 -0500] "GET /kwssiamovil/sm/acme/a?s=U2FsdGVkX18Izrp5iTW2JkwtwbyM/r3H2KUMLNe9dLcoNLMelo6AyhK7Qu4JWJDZEV1u8W01HFHgFoGH1813K/ZG7gMqkvYCxeLGaVaB3KvG6+o+0988spn4AtQXKMdxFmV7Ja3OlBDOtR+pkYgOhueBYuPaa6eyF8maNyi93T57Q6nSYEtD49ocXon+onEQt0nwrKdI0DPX4KDl/3e4Gg==&u=U2FsdGVkX1+FkON5KwSX+Jo2bePvGpnWkI7ciuGVLwk=&y=U2FsdGVkX18dHiXQdpMbmC+gRJtJUiJyCIWytCfZr7w= HTTP/1.1" 200 25
201.245.192.253 - - [20/Nov/2022:08:53:07 -0500] "POST /kwsrmcab/Wsrmcab  HTTP/1.1" 200 42393
173.252.127.13 - - [20/Nov/2022:08:53:13 -0500] "GET /images/ecosistema-dia-internacional-tierra-21-abril.jpg HTTP/1.1" 200 30098
191.102.197.48 - - [20/Nov/2022:08:53:20 -0500] "GET /kwssiamovil/sm/acme/u?s=U2FsdGVkX1/8Dc4t4FvIJ018H38NmPiZArRYxSHxn4Q0EG/UzSxx9Szw9E4uCn4M5P/9BeSJhTSvSjIsdFHQz03/wF7FQFCcjJmVYhAksLxCKETBCS2L9J6MRGMilh7tbmmxVJGg3PXGY2I7doXJnA==&u=U2FsdGVkX1+FkON5KwSX+Jo2bePvGpnWkI7ciuGVLwk=&y=U2FsdGVkX18dHiXQdpMbmC+gRJtJUiJyCIWytCfZr7w= HTTP/1.1" 200 60
173.252.107.117 - - [20/Nov/2022:08:53:51 -0500] "GET /dia-internacional-de-la-tierra-actividades-para-celebrar-esta-fecha-en-bogota.html HTTP/1.1" 206 879
172.22.2.4 - - [20/Nov/2022:08:53:34 -0500] "HEAD /BLA/boletinlegal/ HTTP/1.1" 200 -
69.171.231.119 - - [20/Nov/2022:08:55:27 -0500] "GET /images/Musgo%20SDA%20(1)%20(1).png HTTP/1.1" 200 302122
20.74.83.204 - - [20/Nov/2022:08:55:51 -0500] "GET /.env HTTP/1.1" 404 1018
172.22.2.4 - - [20/Nov/2022:08:54:24 -0500] "GET /BLA/boletinlegal/ HTTP/1.1" 200 59779
216.245.221.92 - - [20/Nov/2022:08:56:59 -0500] "HEAD / HTTP/1.1" 200 -
201.245.192.253 - - [20/Nov/2022:08:58:05 -0500] "POST /kwsrmcab/Wsrmcab  HTTP/1.1" 200 42393
185.119.81.105 - - [20/Nov/2022:09:00:55 -0500] "GET /portaldeninos/wp-login.php HTTP/1.1" 200 2592
185.119.81.105 - - [20/Nov/2022:09:00:56 -0500] "POST /portaldeninos/wp-login.php HTTP/1.1" 200 3605
172.22.2.4 - - [20/Nov/2022:08:59:24 -0500] "HEAD /BLA/boletinlegal/ HTTP/1.1" 200 -
172.22.2.4 - - [20/Nov/2022:09:00:14 -0500] "GET /BLA/boletinlegal/ HTTP/1.1" 200 57192
216.245.221.92 - - [20/Nov/2022:09:01:59 -0500] "HEAD / HTTP/1.1" 200 -
201.245.192.253 - - [20/Nov/2022:09:03:05 -0500] "POST /kwsrmcab/Wsrmcab  HTTP/1.1" 200 42393
185.119.81.104 - - [20/Nov/2022:09:04:13 -0500] "GET /portaldeninos/wp-login.php HTTP/1.1" 200 2592
185.119.81.104 - - [20/Nov/2022:09:04:14 -0500] "POST /portaldeninos/wp-login.php HTTP/1.1" 200 3605
185.119.81.106 - - [20/Nov/2022:09:04:34 -0500] "GET /portaldeninos/wp-login.php HTTP/1.1" 200 2592
185.119.81.106 - - [20/Nov/2022:09:04:35 -0500] "POST /portaldeninos/wp-login.php HTTP/1.1" 200 3650
172.22.2.4 - - [20/Nov/2022:09:06:52 -0500] "GET /BLA/boletinlegal/jurisprudencia/analisis/analisis%20C-595-2010.doc HTTP/1.1" 200 39424
172.22.2.4 - - [20/Nov/2022:09:05:14 -0500] "HEAD /BLA/boletinlegal/ HTTP/1.1" 200 -
216.245.221.92 - - [20/Nov/2022:09:06:58 -0500] "HEAD / HTTP/1.1" 200 -
185.119.81.109 - - [20/Nov/2022:09:07:37 -0500] "GET /portaldeninos/wp-login.php HTTP/1.1" 200 2592
185.119.81.109 - - [20/Nov/2022:09:07:38 -0500] "POST /portaldeninos/wp-login.php HTTP/1.1" 200 3605
172.22.2.4 - - [20/Nov/2022:09:06:04 -0500] "GET /BLA/boletinlegal/ HTTP/1.1" 200 56474
201.245.192.253 - - [20/Nov/2022:09:08:04 -0500] "POST /kwsrmcab/Wsrmcab  HTTP/1.1" 200 42393
172.22.2.4 - - [20/Nov/2022:09:11:27 -0500] "GET /BLA/boletinlegal/jurisprudencia/analisis/AnalisisC-746-12.docx HTTP/1.1" 304 -
216.245.221.92 - - [20/Nov/2022:09:11:58 -0500] "HEAD / HTTP/1.1" 200 -
172.22.2.4 - - [20/Nov/2022:09:11:04 -0500] "HEAD /BLA/boletinlegal/ HTTP/1.1" 200 -
200.108.161.127 - - [20/Nov/2022:09:12:59 -0500] "GET / HTTP/1.1" 200 319
201.245.192.253 - - [20/Nov/2022:09:13:03 -0500] "POST /kwsrmcab/Wsrmcab  HTTP/1.1" 200 42393
172.22.2.4 - - [20/Nov/2022:09:11:54 -0500] "GET /BLA/boletinlegal/ HTTP/1.1" 200 56825
191.102.197.48 - - [20/Nov/2022:09:13:35 -0500] "GET /kwssiamovil/sm/ldap/au?x=U2FsdGVkX1/LbV2sYUkNdmeHOMVm87fK0xwWeWPlg8Dr7odJrG8zCrq2gCPzEP3u&y=U2FsdGVkX19wF0D69YfcGIfIgnucle4f4JUialRMFKE= HTTP/1.1" 200 30
191.102.197.48 - - [20/Nov/2022:09:13:36 -0500] "GET /kwssiamovil/sm/acme/s?s=U2FsdGVkX19NajFz8qHCCqIWI1JHaq4XFpn9qn9JgxAMqiM/1Rx4j40pXPxDX6+8JqhTX11wHtkevcUmbbKpqLN104xyGbr4jEbx9sE1HXA=&u=U2FsdGVkX18wozgPd/Pbv/oyDwgM/QpiQH0gyLdT1ok=&y=U2FsdGVkX19wF0D69YfcGIfIgnucle4f4JUialRMFKE= HTTP/1.1" 200 97
191.102.197.48 - - [20/Nov/2022:09:13:36 -0500] "GET /kwssiamovil/sm/acme/s?s=U2FsdGVkX18CqxWIEzBfRZKKQTa0tM8p3DUq2m3kEKwi9LxIEU4tKK2DbpV+5Di7Mb+tN0FbBniCqatVU+iK0yezT4RY2HSbfK23/r0GkStJWgjHSQyjO2IkyH+jbWODLDKLkFd6W0gc3dwjP0rSIy1vIjbHj7oM/QF8JVnLg3vHBEoV6YUnU9t4VtHSkcVDXhRklgqYPjITiC3+AcZG76d6Y1JMtiVuM1m2B5Up6nZVGUEjKl/YhguhVXSINvwbKxyKfRxLg0cBQ3t+59IC+kGe7lvJhqcR9WPlvZO25Py18Or6QqOTIL4T6YPXmMjkEVB7VWwKT0gWApTJ+9NiwkKvlXVgZ6Wyqpk76GVYeMye7PDH96wnaLATrMqkxukhbiNYbd1xaRVAKaQ3PPUBR59uAvtV2RhMJs8rE7PSMFLOzwIwb/lUbmtnJe2zKuxI3LReQ063TBUSwhhC+F2+7s/f4IsP9iivf5L4qvlLWBp8yHW4OpsEVmRk/wAi3lTHo3NFlDEsNWIwQTBg0AMtJ7ObMRddQSFAeA+1RBFETQCQyHCbE+/M00sNDYfgB3dnc6QAO2Zn0OFR8k2Dpfvy95LJ5JBCHhTVVbGgh8ZX2U+UPo5KoA+XNyE5iDQdknrbOkrgnbGGLoE61iwGl16ZrbU+/PHdGuzT2Mro7YPgb6MYVrDHxVh8WISdLAgW0Czc4gb2MeR06HEIlNwtL4UvSSJaqqFQUGIW3mFuVL597Zj0FyYcdSWxxP1fMqMs75JCno5qjlcciusbbNqAXpYlpHFXtZoneB0+l+36299UZx7QknahFD9Leb/8gcn+DJo4GK1RBIa2TMSLjVayp8VqtlVkQSrAGuU1+gss2i1hyr0WJuhhFzWhYn4rLboNAVuX2jubS9dlGh7MIujT84PfGF/EgaY2OJYJTz9ywxxOkDdNFgUCSFl0l5vHrjmdE+MuoCZZ9eRorFs2sB2UYEXs86lFCVIhTKTl0zKZw7SRxynvMyFpBfTqEfaovAQnYLVBrScdeeGKnJxlNdK8w38dfsdlYRlUKdv+MKbZS9NuADNWVnEZFd0kbVjuynrhY5KVwCv1Zsz0Na+DoZuwIcwHg2ZPB60v2InWCnTb91SuJVUd0efHdJExWFBWmT4KOt60ZBvqIyTv3ruyERnOSaXP8d+XFl5LumDNA9XCHpeLhaAORIWEVzivjlOvRZNRMFLsp3ULzBH+X3lCyCpLKkZ3gy8VGdRZTIazHEY+oMIPKTB1HXVYeZD8FN3lJbSfGV6ALXwnY/v+VAAi9+Hrgsdc+XXx/LB02gg6+UKDB9cDkU98eYtg/EJ6MufTDk8kjBVB4wRjed9gcgUTsfcNDvwburpxxw7Y0E1UnFe+anMWDaBq+2mMGiTgYxA9KyLK2Xk6L99jA0P/1fcTRfw5N6/UIPxfMIqp9/YbcEcXp1iTuaQ=&u=U2FsdGVkX18wozgPd/Pbv/oyDwgM/QpiQH0gyLdT1ok=&y=U2FsdGVkX19wF0D69YfcGIfIgnucle4f4JUialRMFKE= HTTP/1.1" 200 2078
191.102.197.48 - - [20/Nov/2022:09:13:36 -0500] "GET /kwssiamovil/sm/acme/s?s=U2FsdGVkX18vC3/2+t5smX0VVlwnQNVehuEQzYhT9BWcVJsUjEufjTAoIL/BgXhgWcmHN2J0bIITK8AlG6Ov8DBoPjqpxt68D87ZaDpIr/VM2IN76NDZBAqpvQVhNpyiwerSr0tXtbM8/i+HPsN7XESAksFHUrniVYoUiY3YibuU3AvYlMPwiqHe6uTBXxs17vZWVDkntzVj2Sk7JctjTilZs6P/RvMYWyuY3iEJOujIa0EjQTnvdxUD/aFW3q7nIqN052hOe02YBVc2aUNbPkf7KeO8lfI+yF2Y/b4Di/zbM9v9ZtDpIX4xX2Q7hkzkrtdTE2pJJ1zps+W3ZOKFGQ==&u=U2FsdGVkX18wozgPd/Pbv/oyDwgM/QpiQH0gyLdT1ok=&y=U2FsdGVkX19wF0D69YfcGIfIgnucle4f4JUialRMFKE= HTTP/1.1" 200 196
191.102.197.48 - - [20/Nov/2022:09:13:36 -0500] "GET /kwssiamovil/sm/cjson/pre?f=1&x=U2FsdGVkX1/LbV2sYUkNdmeHOMVm87fK0xwWeWPlg8Dr7odJrG8zCrq2gCPzEP3u HTTP/1.1" 200 30992
172.22.2.4 - - [20/Nov/2022:09:13:52 -0500] "GET /BLA/boletinlegal/actos.php HTTP/1.1" 200 9566
172.22.2.4 - - [20/Nov/2022:09:14:06 -0500] "GET /BLA/boletinlegal/consulta_actos.php?tipo=resoluciones&no=&usuario=&sector=SILVICULTURA&fecha=2019&resuelve= HTTP/1.1" 200 183821
186.84.90.91 - - [20/Nov/2022:09:14:30 -0500] "GET /BLA/resoluciones/RESOLUCIONES%202019/3808.pdf HTTP/1.1" 200 954142
186.84.90.91 - - [20/Nov/2022:09:14:31 -0500] "GET /favicon.ico HTTP/1.1" 200 7782
186.84.90.91 - - [20/Nov/2022:09:14:39 -0500] "GET /BLA/resoluciones/RESOLUCIONES%202019/3805.pdf HTTP/1.1" 200 709520
186.84.90.91 - - [20/Nov/2022:09:15:07 -0500] "GET /BLA/resoluciones/RESOLUCIONES%202019/3640.pdf HTTP/1.1" 200 450788
186.84.90.91 - - [20/Nov/2022:09:15:11 -0500] "GET /BLA/resoluciones/RESOLUCIONES%202019/3638.pdf HTTP/1.1" 404 1120
216.245.221.92 - - [20/Nov/2022:09:16:58 -0500] "HEAD / HTTP/1.1" 200 -
185.119.81.105 - - [20/Nov/2022:09:17:02 -0500] "GET /portaldeninos/wp-login.php HTTP/1.1" 200 2592
185.119.81.105 - - [20/Nov/2022:09:17:03 -0500] "POST /portaldeninos/wp-login.php HTTP/1.1" 200 3605
201.245.192.253 - - [20/Nov/2022:09:18:01 -0500] "POST /kwsrmcab/Wsrmcab  HTTP/1.1" 200 42393
172.22.2.4 - - [20/Nov/2022:09:16:54 -0500] "HEAD /BLA/boletinlegal/ HTTP/1.1" 200 -
69.171.249.21 - - [20/Nov/2022:09:19:21 -0500] "GET /images/reciclaton-mayo-3-mayo.jpg HTTP/1.1" 200 278453
172.22.2.4 - - [20/Nov/2022:09:17:44 -0500] "GET /BLA/boletinlegal/ HTTP/1.1" 200 54452
201.245.192.253 - - [20/Nov/2022:09:21:00 -0500] "POST /kwsrmcab/Wsrmcab HTTP/1.1" 200 43009
201.245.192.253 - - [20/Nov/2022:09:21:03 -0500] "GET /kwsrmcab/Wsrmcab?wsdl HTTP/1.1" 200 6948
201.245.192.253 - - [20/Nov/2022:09:21:03 -0500] "POST /kwsrmcab/Wsrmcab HTTP/1.1" 200 43813
186.84.90.91 - - [20/Nov/2022:09:21:21 -0500] "GET /BLA/resoluciones/RESOLUCIONES%202019/3129.pdf HTTP/1.1" 200 429903
186.84.90.91 - - [20/Nov/2022:09:21:52 -0500] "GET /BLA/resoluciones/RESOLUCIONES%202019/3113.pdf HTTP/1.1" 200 959332
216.245.221.92 - - [20/Nov/2022:09:21:58 -0500] "HEAD / HTTP/1.1" 200 -
186.84.90.91 - - [20/Nov/2022:09:22:19 -0500] "GET /BLA/resoluciones/RESOLUCIONES%202019/3103.pdf HTTP/1.1" 200 804543
172.22.2.4 - - [20/Nov/2022:09:22:40 -0500] "GET /BLA/boletinlegal/consulta_actos.php?tipo=resoluciones&no=&usuario=&sector=SILVICULTURA&fecha=2019&resuelve=boyaca HTTP/1.1" 200 626
172.22.2.4 - - [20/Nov/2022:09:22:41 -0500] "GET /BLA/boletinlegal/consulta_actos.php?tipo=resoluciones&no=&usuario=&sector=SILVICULTURA&fecha=2019&resuelve=boyaca HTTP/1.1" 200 626
172.22.2.4 - - [20/Nov/2022:09:22:47 -0500] "GET /BLA/boletinlegal/consulta_actos.php?tipo=resoluciones&no=&usuario=&sector=SILVICULTURA&fecha=2019&resuelve=suba HTTP/1.1" 200 626
172.22.2.4 - - [20/Nov/2022:09:22:49 -0500] "GET /BLA/boletinlegal/consulta_actos.php?tipo=resoluciones&no=&usuario=&sector=SILVICULTURA&fecha=2019&resuelve=suba HTTP/1.1" 200 626
172.22.2.4 - - [20/Nov/2022:09:22:56 -0500] "GET /BLA/boletinlegal/consulta_actos.php?tipo=resoluciones&no=&usuario=&sector=SILVICULTURA&fecha=2019&resuelve= HTTP/1.1" 200 183821
201.245.192.253 - - [20/Nov/2022:09:23:00 -0500] "POST /kwsrmcab/Wsrmcab  HTTP/1.1" 200 42393
186.84.90.91 - - [20/Nov/2022:09:23:10 -0500] "GET /BLA/resoluciones/RESOLUCIONES%202019/3920.pdf HTTP/1.1" 200 285447
172.22.2.4 - - [20/Nov/2022:09:23:36 -0500] "GET /BLA/boletinlegal/consulta_actos.php?tipo=resoluciones&no=&usuario=&sector=SILVICULTURA&fecha=2019&resuelve=2679 HTTP/1.1" 200 626
172.22.2.4 - - [20/Nov/2022:09:23:40 -0500] "GET /BLA/boletinlegal/consulta_actos.php?tipo=resoluciones&no=&usuario=&sector=SILVICULTURA&fecha=2019&resuelve=679 HTTP/1.1" 200 626
172.22.2.4 - - [20/Nov/2022:09:23:47 -0500] "GET /BLA/boletinlegal/consulta_actos.php?tipo=resoluciones&no=&usuario=&sector=SILVICULTURA&fecha=2019&resuelve=026 HTTP/1.1" 200 1905
172.22.2.4 - - [20/Nov/2022:09:23:50 -0500] "GET /BLA/boletinlegal/consulta_actos.php?tipo=resoluciones&no=&usuario=&sector=SILVICULTURA&fecha=2019&resuelve= HTTP/1.1" 200 183821
172.22.2.4 - - [20/Nov/2022:09:23:51 -0500] "GET /BLA/boletinlegal/consulta_actos.php?tipo=resoluciones&no=&usuario=&sector=SILVICULTURA&fecha=2019&resuelve= HTTP/1.1" 200 183821
172.22.2.4 - - [20/Nov/2022:09:24:03 -0500] "GET /BLA/boletinlegal/consulta_actos.php?tipo=resoluciones&no=2679&usuario=&sector=SILVICULTURA&fecha=2019&resuelve= HTTP/1.1" 200 1072
186.84.90.91 - - [20/Nov/2022:09:24:07 -0500] "GET /BLA/resoluciones/RESOLUCIONES%202019/2679.pdf HTTP/1.1" 200 1158440
172.22.2.4 - - [20/Nov/2022:09:22:43 -0500] "HEAD /BLA/boletinlegal/ HTTP/1.1" 200 -
172.22.2.4 - - [20/Nov/2022:09:23:34 -0500] "GET /BLA/boletinlegal/ HTTP/1.1" 200 58185
191.102.197.48 - - [20/Nov/2022:09:26:32 -0500] "GET /kwssiamovil/sm/acme/a?s=U2FsdGVkX1//UheCcRW5yp3OV9QMpiT7mjy7T/EEa2hCKywFNKndO8Bm4uO4Tu+XlaXgtkVReaR2VnXUXARNJ45tDhNJ+gvUEoMgkTddp59EfHJbqt/C4yJc2Wj33dYqVrfidCo0pQWRypNOMLyaMmS2Czpym+QDsQkqlJvpEgYlwlLaAHPqHw4XNym3gw8uL6e5qwfisWD7rjzvuZjPD/pLBTecX5j6W1snrNf1f80crulFwdvZHLxnZoJ75HL5nP29mecNq+M1a4etm5Sf4A==&u=U2FsdGVkX18wozgPd/Pbv/oyDwgM/QpiQH0gyLdT1ok=&y=U2FsdGVkX19wF0D69YfcGIfIgnucle4f4JUialRMFKE= HTTP/1.1" 200 26
191.102.197.48 - - [20/Nov/2022:09:26:32 -0500] "GET /kwssiamovil/sm/acme/a?s=U2FsdGVkX18cvpivY2VKIPjG8ST6SRT8UbEHYwbgiJnjDTkxM6IrHiufYITs4WeuSgL06zCqCuH3Y2AZuWmbCBCLxDUYYztZ9hgzLZW/Llsklde7NVF+oJPSd6vdF2CW8FPdLI/K4rtix8d128U3ZaCBczglsnZ8tX5zkEnj/5+Q9UVVG3V45LO3u8YAfID4AABNKjw/zU2768PCBAUH26r03UR1v+jCqZvgx2JlHrimbqRBvXzbf0KhhHYxeDD5IHjyZh19oDiRcoHN0TKWYUYlqNFeeMpBVKfBpPG8MD3Ge7hfW1aS64U2nvNl/xjMNqhk7GYnkjh0Tb4m9OOfxtpsGXAsOcU6pxA6ELKC8oMbDwV1wzmy1sPryalCEhJnfZaO+Ao4kM3GUtTbmZqCBcLMl3TuYgR5qdMplaqllRF2y4l6DPy15/kYQUOJEYOzO82GeVbNExGVxNXWOWzwIOga+GOJ2AzzB69sBEqJ4mRe8jqpjx7u+c3pnV6kMB0IxCS09XEWXZcyJf7ywD326lKqKfR2H7wETw1ppH//rYKjiM+A3z1gzA1sOrjnvh6TY/zlqphET2jYD5yxofFEEQbpJ4iAgzdE3q4jTgDy5jw+p0fWfJYYxHGb+PisNhfl8DooSjC8kd0IrsEG22GX6qNoitlzGv+EtTbxrOX/ubXgRvVjuQrBszvxUSbZMEVs1vIXFHQPmXkmlbmoOE4qbvIBsXPc5VVjto4FJn8kRmyN2jXVlZHNEWf6V6G5l6JGN7+lUKIS2krRG5arZe8QaZSPOAhfjLWoi8kW3bMoxJJOhwl+De0RGxevMa9zjoERRBMvFrLo/fA5lHtwg/ZdtrbrBx7ap4VAkTpB4fDoY2j5pUBbLJKmJGIjanW1sEAY8LcHpa9aTupObftbXYXzo+97jaQuAH4gY0i22D7L0ToBar8TBej0z680RU/bq2S77XeUxabteUojJWClJ0102aKJpeXn8XY5nKxImmj1wcuPBNu3n9xpFaSE6a1DSwC0wHAzSyCihimJMjikKXR30Fein2+tZOEmghHizv5BGyKPgXwOF1E0WsEd0KqF2mxqlSsHuJ21EUmuiUc5S14a8HZsyCCxejbtxQOKAlPGrJqfQpBfoNiGJB2W40LpsqV6dfuWZ+o0DRnf4O1FMormHP815th4/hbZ51bSsICG5hC/arJoiM6ZoV81xR6fuTPVFi2S6vcYDyLLFJem/AohX3n1rx9moq1L+H5EMdTq95AM4n21BWyj7daE/f4TxoyMlsy3A1VOBLXQp2m+VdM6CrVUJdcnyue4Suz9ZgPw8z29wd/ojvpAzqSwq/CpyvTCXULu/+mjvMZVW3NZJI7ZOB7pJpUJNYzvuIgXvDIzO1k=&u=U2FsdGVkX18wozgPd/Pbv/oyDwgM/QpiQH0gyLdT1ok=&y=U2FsdGVkX19wF0D69YfcGIfIgnucle4f4JUialRMFKE= HTTP/1.1" 200 26
191.102.197.48 - - [20/Nov/2022:09:26:32 -0500] "GET /kwssiamovil/sm/acme/a?s=U2FsdGVkX19VMOBni4vgA9dqCUuJA/lBEMImdHhwR4Zkq8bdhs2bAvxKJXFm6TmN+wb5EYF+ojwsTA9aV7tfjjxcv27pjajUZopnFyZr564VYi/BlC8tKrXF522sL86d3nzHW184MSZ5ZnytsQDsCqyT3x6bCBXsWtDPbwu2+Ow=&u=U2FsdGVkX18wozgPd/Pbv/oyDwgM/QpiQH0gyLdT1ok=&y=U2FsdGVkX19wF0D69YfcGIfIgnucle4f4JUialRMFKE= HTTP/1.1" 200 26
191.102.197.48 - - [20/Nov/2022:09:26:33 -0500] "GET /kwssiamovil/sm/acme/a?s=U2FsdGVkX19KBfaRVW506txPGcBFa3sBpqy3J7h4D6q5rXoZ6UDECpGMNIuCwZnZM9d/hBjcd6siqZsy8Ff4bOu0py6fhfSBMZLJAwRuKosB167r5I29BpkqaCYb4aOOiLcOY1bQy97s3TUtd6sY8ht5jWQlxKsDJHs7b/xjN54=&u=U2FsdGVkX18wozgPd/Pbv/oyDwgM/QpiQH0gyLdT1ok=&y=U2FsdGVkX19wF0D69YfcGIfIgnucle4f4JUialRMFKE= HTTP/1.1" 200 26
191.102.197.48 - - [20/Nov/2022:09:26:33 -0500] "GET /kwssiamovil/sm/acme/a?s=U2FsdGVkX19l0aLGaVnwI7Cz6hM7qtUzd2QZU1DuXYVyIX7Qps7LCYbpwQKljyLY5/SXZgNMYFeJ2xxJrYWV2rqGvHAS82xrDs1Ped05+U0Jh65C1ppRbDZ32x1zN7dcaQZzncit7BaSqSPX/SnXATx7londunaLvGORbKhr+bo=&u=U2FsdGVkX18wozgPd/Pbv/oyDwgM/QpiQH0gyLdT1ok=&y=U2FsdGVkX19wF0D69YfcGIfIgnucle4f4JUialRMFKE= HTTP/1.1" 200 26
191.102.197.48 - - [20/Nov/2022:09:26:33 -0500] "GET /kwssiamovil/sm/acme/a?s=U2FsdGVkX1/8P3cjMbdGMmlIsVPPDwAEpPqDKNp08tpcyyVpVYN8u6wFrc4azE46wdZCq/TyaAaIxMOAMQBb/uo3FIaf4NAYfvFrBL0rJuCoX/fZnP3+AdkwwTWT19BBVa42vDdlFKRCb+uYRYusp4k1ifzGsYPAsw5S3338K+lwBFkHRMFFL52ufdWq6UXa&u=U2FsdGVkX18wozgPd/Pbv/oyDwgM/QpiQH0gyLdT1ok=&y=U2FsdGVkX19wF0D69YfcGIfIgnucle4f4JUialRMFKE= HTTP/1.1" 200 26
191.102.197.48 - - [20/Nov/2022:09:26:53 -0500] "GET /kwssiamovil/sm/acme/u?s=U2FsdGVkX19grO3ekFL+SFLRbPbGZLKAZM2Owx+hGf8NuEdGT1wYHYtWn3knsufWB7uVTvgx81PImdljkNu30s9WWlYHM2wWpyCCOL30rCLUw0tz0O4e/F+KfaLCXMhJ/7gisLPvLVQU85CAHZw5ag==&u=U2FsdGVkX18wozgPd/Pbv/oyDwgM/QpiQH0gyLdT1ok=&y=U2FsdGVkX19wF0D69YfcGIfIgnucle4f4JUialRMFKE= HTTP/1.1" 200 60
216.245.221.92 - - [20/Nov/2022:09:26:58 -0500] "HEAD / HTTP/1.1" 200 -
201.245.192.253 - - [20/Nov/2022:09:27:59 -0500] "POST /kwsrmcab/Wsrmcab  HTTP/1.1" 200 42393
172.22.2.4 - - [20/Nov/2022:09:28:34 -0500] "HEAD /BLA/boletinlegal/ HTTP/1.1" 200 -
201.245.192.253 - - [20/Nov/2022:09:31:01 -0500] "POST /kwsrmcab/Wsrmcab HTTP/1.1" 200 43009
172.22.2.4 - - [20/Nov/2022:09:29:24 -0500] "GET /BLA/boletinlegal/ HTTP/1.1" 200 57192
201.245.192.253 - - [20/Nov/2022:09:31:03 -0500] "POST /kwsrmcab/Wsrmcab HTTP/1.1" 200 43813
216.245.221.92 - - [20/Nov/2022:09:31:58 -0500] "HEAD / HTTP/1.1" 200 -
207.46.13.194 - - [20/Nov/2022:09:32:01 -0500] "GET /bla/resoluciones/resoluciones%202012/1304.pdf HTTP/1.1" 304 -
201.245.192.253 - - [20/Nov/2022:09:32:58 -0500] "POST /kwsrmcab/Wsrmcab  HTTP/1.1" 200 42393
185.119.81.106 - - [20/Nov/2022:09:34:40 -0500] "GET /portaldeninos/wp-login.php HTTP/1.1" 200 2592
185.119.81.106 - - [20/Nov/2022:09:34:41 -0500] "POST /portaldeninos/wp-login.php HTTP/1.1" 200 3650
172.22.2.4 - - [20/Nov/2022:09:34:24 -0500] "HEAD /BLA/boletinlegal/ HTTP/1.1" 200 -
172.22.2.4 - - [20/Nov/2022:09:35:14 -0500] "GET /BLA/boletinlegal/ HTTP/1.1" 200 52453
216.245.221.92 - - [20/Nov/2022:09:36:58 -0500] "HEAD / HTTP/1.1" 200 -
20.231.101.203 - - [20/Nov/2022:09:36:07 -0500] "GET /BLA/boletinlegal/ HTTP/1.1" 200 54816
201.245.192.253 - - [20/Nov/2022:09:37:57 -0500] "POST /kwsrmcab/Wsrmcab  HTTP/1.1" 200 42393
66.249.73.97 - - [20/Nov/2022:09:39:46 -0500] "-" 408 -
201.245.192.253 - - [20/Nov/2022:09:41:01 -0500] "POST /kwsrmcab/Wsrmcab HTTP/1.1" 200 43009
201.245.192.253 - - [20/Nov/2022:09:41:04 -0500] "POST /kwsrmcab/Wsrmcab HTTP/1.1" 200 43813
172.22.2.4 - - [20/Nov/2022:09:40:14 -0500] "HEAD /BLA/boletinlegal/ HTTP/1.1" 200 -
216.245.221.92 - - [20/Nov/2022:09:41:58 -0500] "HEAD / HTTP/1.1" 200 -
172.22.2.4 - - [20/Nov/2022:09:41:58 -0500] "GET /BLA/boletinlegal/robots.txt HTTP/1.1" 404 1140
172.22.2.4 - - [20/Nov/2022:09:41:04 -0500] "GET /BLA/boletinlegal/ HTTP/1.1" 200 57824
201.245.192.253 - - [20/Nov/2022:09:42:55 -0500] "POST /kwsrmcab/Wsrmcab  HTTP/1.1" 200 42393
185.119.81.98 - - [20/Nov/2022:09:43:53 -0500] "GET /portaldeninos/wp-login.php HTTP/1.1" 200 2592
185.119.81.98 - - [20/Nov/2022:09:43:54 -0500] "POST /portaldeninos/wp-login.php HTTP/1.1" 200 3605
191.102.197.48 - - [20/Nov/2022:09:46:20 -0500] "OPTIONS /kwssiamovil/sm/setfile/f? HTTP/1.1" 200 13
191.102.197.48 - - [20/Nov/2022:09:46:20 -0500] "POST /kwssiamovil/sm/setfile/f? HTTP/1.1" 200 381
191.102.197.48 - - [20/Nov/2022:09:46:33 -0500] "OPTIONS /kwssiamovil/sm/setfile/f? HTTP/1.1" 200 13
191.102.197.48 - - [20/Nov/2022:09:46:34 -0500] "POST /kwssiamovil/sm/setfile/f? HTTP/1.1" 200 381
191.102.197.48 - - [20/Nov/2022:09:46:47 -0500] "GET /kwssiamovil/sm/acme/a?s=U2FsdGVkX18AL+2j52nmF3kV3UHkTor7bdkARaHfFcGjWPTSuyvwvvn/Hxrak0IoQsvfsy6wzP10KhAE8fBS/8XqzpECkguzD3l65Q1JvOFx7yE8ZGFTvQhNhoDQWOMdHwXsZw79tR9VXGtwdhlBYVAcFGEhRld/sqM8ZBE/tOq7CzIcZS10h9lnBck9feiGf+TDg/6auju1kpC+vUlLW1Y5XszPNKq+dMmCnqQBen7qsKphyqGEVG/G0fX6mf0C+2iRSGvM1vfqaXUkv9z24Q==&u=U2FsdGVkX18wozgPd/Pbv/oyDwgM/QpiQH0gyLdT1ok=&y=U2FsdGVkX19wF0D69YfcGIfIgnucle4f4JUialRMFKE= HTTP/1.1" 200 26
191.102.197.48 - - [20/Nov/2022:09:46:48 -0500] "GET /kwssiamovil/sm/acme/a?s=U2FsdGVkX1+qcWLh/110I7Z0Ngkyc02EpBGD+rMJeidU+Ly9VM1djw0Xd/rl+dhIdk4sIP7TskKetnuKL8CA/3g3lOkY992qynLtPMxe7vOrHHzF66XwpUApzsd1y0VBkDbKAF8GXcY0/a/vYvE/AunI+Z3oFdi9sV4H+84AIPZTZP1B60BkjYXxVk5M4UjNUECKqrlyeOpd/FL3o6yeEiRK7fKhw2G0kPsghgN0OFjVG1MeYVWk2gM4xJ0wjkjI2mo5rPOR1DuxMWj6jv4zMO+YNXqyfl+go0MEWqTCHAGIX6jn4dsR6Q7zizKCsGBeUxp6KwmxJknNHFNFd49kOQknnBLdFn1lRIon4UxqGAzK6J7yKgpRhMpzgyEu1KqyHwuC9kSf83gzqOnZgJnZXMZgyC9dFSIWpt7caHbW6OzsdAw+zmcqH/EcaufFeWWh8/MyCg+8khdouIAjiGeHpNs4XPN1BAWt5C9XpoZNzdt059cPcHJEk3dAHEL7JETO5WsakfjhtYyanEUIAH0giPLcfyoKLqLh2cWmALdfu7z/WnIvukgytnSfUTqidGbKc7QY0gnVU+e5tTj5+qrb5+9kopDIDI8Lsq8iG3pMymwHYFydv4c7Q/LQZgE3e0ZqcTmthgjXeitbfbiA00pJso+efJ3rPIEqbQF+I64BY9XwlF32/Nmd19HWTQA4CbENTroECW5uCCr8uOOMZRMy1tXJApsK6eP52m8c6J1hemvqa0H0ayt6ThEURE7S+Mhx74wG9eTWrINE0qG2XduCyXGUH+QWZ+l1lVnK3nj4ThZVXHF7xVJwcDIf+GKANJ8hbiWprYHedByhTw1AOYl9//EpCoW5tZ1my2EQ0zDNx4zCR+1RPSLz1+7CuZyaDWyXuRqjM6IRx52aclzL2WztHksRuIJBwakbEAkzTs69641tgyLnsR8siTjAZgHIrMa03sElTqWbe16yKLvJa3az3WekxcUGDDSuMecT2xidVYaMjqHB7zH6xxijYCYgtVKbnRf5oUeNM+Cw+vzbnVxQkcqhKu32nMdosEASqGrq1NfkkIg+HadbRzWCkLOTb33gJ63ntOB1tHTF1Fjqbn/Alz3mMOaSlFRIO/z61kq30gRLFC/c9aHaMfxc7CQGmEakfyn7TCUmZahmYjzJjmQmZm174mkcPeyIahjoTTXSdm9Nh5HwTYGFLiEhOO9ioeR7aE7o875EJherhaXYxEGxpaO0RVyjXo+AnETvljdrOL+x7FMd6HaNAPy5tLkyCuHAdp+V36v6TMZ+FdRi1lWYCgDdS2BUrE/xkl2n49tw+A9lH32AXkvzFZJHE9qD0Y1L+l+EUWW68grUJb4MOaiT5VsetoWP7Myanuag9LN8edIDa86Ac5RuuUqscMsgqZr+oCzl2x70OYJ4h9TJ7j7yp+J2ID5CqB1EFuJmQKKZbKQgmi2IOe6hgDsylLUCAe83TW057qdtqvFWvdxzQ8B1NnM8hc2UU1+xlD+BwdjelDk4L5CQ+lIRBmjWALUnehzCKp+SMQm57kE+A8+cTS4XHE6tuPhbZE1rfAKwzmlsHMRQ+I5zPLq3W7Jo9EeWRj2B35pGLu0exuXXBcUaY0KrHDUwK8n7NyfoxtK8a8Vzoz/fP9dAQC5Tl3nwqNvtgGnNuUPPrq8NSiCydTmDWiJw5/Ucn6MWHFyo+YBH+FCzHBJOC/8Q2f98CilniRsnA6zU&u=U2FsdGVkX18wozgPd/Pbv/oyDwgM/QpiQH0gyLdT1ok=&y=U2FsdGVkX19wF0D69YfcGIfIgnucle4f4JUialRMFKE= HTTP/1.1" 200 26
191.102.197.48 - - [20/Nov/2022:09:46:48 -0500] "GET /kwssiamovil/sm/acme/a?s=U2FsdGVkX1+cIgXSXR5pAYVn5qiYb1AjxkPYODexT1wByMNiLJKMOlC3qmpLDdyelIpUpk0Zk/+skt14fJYoyDXU0K65iKqO+KWWt4E3gruRjAJ7YoEj/AZmJorQRz6i8kTJZg0yeUPP5PeoRW0CY/8MDiQ6p/GFDf4L//G0uhk=&u=U2FsdGVkX18wozgPd/Pbv/oyDwgM/QpiQH0gyLdT1ok=&y=U2FsdGVkX19wF0D69YfcGIfIgnucle4f4JUialRMFKE= HTTP/1.1" 200 26
191.102.197.48 - - [20/Nov/2022:09:46:49 -0500] "GET /kwssiamovil/sm/acme/a?s=U2FsdGVkX19km0Z9nc1CUgqzYHhHcNEo/c/BK1iXbPzrHCwzpfR+37Fg0Y2RTyjGRB0kkgOhR47ghns60HKb+XzGFk9TJ/HGQHGfAS6AGrbfWfc5kqUA9GYe5tH/Ra/iHAI3tLHWIMmcimc2QHUvjT+vn64HnlAPgbo6qkuHzy4=&u=U2FsdGVkX18wozgPd/Pbv/oyDwgM/QpiQH0gyLdT1ok=&y=U2FsdGVkX19wF0D69YfcGIfIgnucle4f4JUialRMFKE= HTTP/1.1" 200 26
191.102.197.48 - - [20/Nov/2022:09:46:49 -0500] "GET /kwssiamovil/sm/acme/a?s=U2FsdGVkX1/9at58aTsqDv7yGMKkPg0axqfGqB8HGhj4Dcy4WeuUNeQg7sGELcuzRtUMRAcL6oJ3QHjyQXQmgIxZZA9vM/c7uso2CxGK7DTJhMQXWfbYdoiMkyFaFAScCiBqMlNn3eBcTcO79FjBy7ArtYpjJ0aaEUbp7Gum2oo=&u=U2FsdGVkX18wozgPd/Pbv/oyDwgM/QpiQH0gyLdT1ok=&y=U2FsdGVkX19wF0D69YfcGIfIgnucle4f4JUialRMFKE= HTTP/1.1" 200 26
191.102.197.48 - - [20/Nov/2022:09:46:49 -0500] "GET /kwssiamovil/sm/acme/a?s=U2FsdGVkX18wF8i6hhsw6BK9HcgFZ1LaYOrgX2nSGI4MUc1ov7kpphrl+oVnZ2L0lbpjBgSrxODnskKHlHU/7U7rQBYwAb/pjK4vmVgZLyTUM/cuoMjBDcboYLOI1Kc0iPE6mDpnM20qh3xrGvqKC4bhsC0j76CNTl5d1s6hPsMFg/2a6cV6J6QpRXa7L+ZQ&u=U2FsdGVkX18wozgPd/Pbv/oyDwgM/QpiQH0gyLdT1ok=&y=U2FsdGVkX19wF0D69YfcGIfIgnucle4f4JUialRMFKE= HTTP/1.1" 200 26
191.102.197.48 - - [20/Nov/2022:09:46:50 -0500] "GET /kwssiamovil/sm/acme/a?s=U2FsdGVkX1/Yf+y83x/HczQ9/zoa6cVqSeM/+yxdPS/h7wDWy5I4z5fgCVyOZFARUqaLqKIEkHHu68BSEzRKr45bbktag0/0BoFZzKfDA5oooNLR2RHJ8L1YMLnBFusf17Br9fLCCLaCU1AT0zKCekpa/6L8V8eJwUAGSxHzCTCvTzKGdjE83YF5eMVKpm92rM2fXRkqSeQ0nSpnWYatwr2UyuavY08+BQ224fjqTVc=&u=U2FsdGVkX18wozgPd/Pbv/oyDwgM/QpiQH0gyLdT1ok=&y=U2FsdGVkX19wF0D69YfcGIfIgnucle4f4JUialRMFKE= HTTP/1.1" 200 25
191.102.197.48 - - [20/Nov/2022:09:46:50 -0500] "GET /kwssiamovil/sm/acme/a?s=U2FsdGVkX1/HShdXratgAqIaNP4SbPCkcNsNg9S795Ci5Graw2KLLUPl/K6eP1/2jg3oSvYS4/iSKgImfMzG+IYBeOTWwcj/erRgpsRjJj1tm/KKILlFD4RazxhrSoznBViL+lDRO6x1s5UmG1otoRamiGzvt+vvX7SyX6V71gWLKTGt+KmoEQMRNZsh3ex/Pzcrpt80epYRn+4qnKVNsA==&u=U2FsdGVkX18wozgPd/Pbv/oyDwgM/QpiQH0gyLdT1ok=&y=U2FsdGVkX19wF0D69YfcGIfIgnucle4f4JUialRMFKE= HTTP/1.1" 200 25
191.102.197.48 - - [20/Nov/2022:09:46:50 -0500] "GET /kwssiamovil/sm/acme/a?s=U2FsdGVkX19TstSdfcWfF4KQubQwRjb6DA9tihd0vrlKuuB1eU1/6LrYoaY5+S0O+5IuFN4H6VJUcDDtPQ2IhQyg0iEujKB9q035S2yjIhjRZkMAiQhlmvuC5gC9JtwH8Ok1vBqAjGE8Bxuah6h8BV7BVeyBd7xtS29UKp+7bxrzwPbwWddSPFuTqz7a8NzG6ft1RIu6xP8gTl9/8cDmB3zXKrOyC3PY+kt90EKavJc=&u=U2FsdGVkX18wozgPd/Pbv/oyDwgM/QpiQH0gyLdT1ok=&y=U2FsdGVkX19wF0D69YfcGIfIgnucle4f4JUialRMFKE= HTTP/1.1" 200 25
191.102.197.48 - - [20/Nov/2022:09:46:51 -0500] "GET /kwssiamovil/sm/acme/a?s=U2FsdGVkX1+cEQXOdzS+8S3dOfiGYrOy/uN+YwrsIiZtxwcQw6XiIUUAcsMsl0xUJeEdacBfPbHXthnBHX0/wilK6HXTDfVMKEr/fBQAPAPcZf+R95CgRnKk3nxC41ljzIF3iTYQ5g4X0SrV3L7UhwPAk68eV34MVXieNV88pyc/nbkSMfqp3GbNJ8K2TJFvW5Q77Cvb0skyPVVY19XKVA==&u=U2FsdGVkX18wozgPd/Pbv/oyDwgM/QpiQH0gyLdT1ok=&y=U2FsdGVkX19wF0D69YfcGIfIgnucle4f4JUialRMFKE= HTTP/1.1" 200 25
216.245.221.92 - - [20/Nov/2022:09:46:58 -0500] "HEAD / HTTP/1.1" 200 -
191.102.197.48 - - [20/Nov/2022:09:47:05 -0500] "GET /kwssiamovil/sm/acme/u?s=U2FsdGVkX1+jGcIuVXVnluGL2IxUpR2szW1SQfMVYDHr9gqUftADRhQrDVduiZvkz1FNgzI048V00FQ5yuCCgba6OcqJFPZVNwIkmhZLMUgrNN1S8k9Zr7qhLM7t6AxL+6FEv6XCvvKKeYB4q9kc5w==&u=U2FsdGVkX18wozgPd/Pbv/oyDwgM/QpiQH0gyLdT1ok=&y=U2FsdGVkX19wF0D69YfcGIfIgnucle4f4JUialRMFKE= HTTP/1.1" 200 60
181.54.81.248 - - [20/Nov/2022:09:47:35 -0500] "GET /forest/ HTTP/1.1" 200 12041
172.22.2.4 - - [20/Nov/2022:09:46:03 -0500] "HEAD /BLA/boletinlegal/ HTTP/1.1" 200 -
181.54.81.248 - - [20/Nov/2022:09:47:48 -0500] "POST /forest/index.php HTTP/1.1" 200 12268
201.245.192.253 - - [20/Nov/2022:09:47:54 -0500] "POST /kwsrmcab/Wsrmcab  HTTP/1.1" 200 42393
172.22.2.4 - - [20/Nov/2022:09:46:54 -0500] "GET /BLA/boletinlegal/ HTTP/1.1" 200 58185
185.119.81.99 - - [20/Nov/2022:09:48:41 -0500] "GET /portaldeninos/wp-login.php HTTP/1.1" 200 2592
185.119.81.99 - - [20/Nov/2022:09:48:42 -0500] "POST /portaldeninos/wp-login.php HTTP/1.1" 200 3605
216.245.221.92 - - [20/Nov/2022:09:51:58 -0500] "HEAD / HTTP/1.1" 200 -
207.46.13.194 - - [20/Nov/2022:09:52:42 -0500] "GET /BLA/resoluciones/AUTOS%202019/4400.pdf HTTP/1.1" 304 -
201.245.192.253 - - [20/Nov/2022:09:52:53 -0500] "POST /kwsrmcab/Wsrmcab  HTTP/1.1" 200 42393
172.22.2.4 - - [20/Nov/2022:09:51:53 -0500] "HEAD /BLA/boletinlegal/ HTTP/1.1" 200 -
172.22.2.4 - - [20/Nov/2022:09:52:44 -0500] "GET /BLA/boletinlegal/ HTTP/1.1" 200 59779
172.22.2.4 - - [20/Nov/2022:09:54:36 -0500] "GET /BLA/boletinlegal/robots.txt HTTP/1.1" 404 1038
172.22.2.4 - - [20/Nov/2022:09:55:01 -0500] "GET /BLA/boletinlegal/actos.php HTTP/1.1" 200 9566
172.105.128.11 - - [20/Nov/2022:09:56:32 -0500] "\x16\x03\x01" 400 226
216.245.221.92 - - [20/Nov/2022:09:56:58 -0500] "HEAD / HTTP/1.1" 200 -
201.245.192.253 - - [20/Nov/2022:09:57:52 -0500] "POST /kwsrmcab/Wsrmcab  HTTP/1.1" 200 42393
172.22.2.4 - - [20/Nov/2022:09:57:43 -0500] "HEAD /BLA/boletinlegal/ HTTP/1.1" 200 -
172.22.2.4 - - [20/Nov/2022:09:58:34 -0500] "GET /BLA/boletinlegal/ HTTP/1.1" 200 57824
104.200.76.29 - - [20/Nov/2022:10:01:57 -0500] "-" 408 -
104.165.105.230 - - [20/Nov/2022:10:01:57 -0500] "-" 408 -
216.245.221.92 - - [20/Nov/2022:10:01:58 -0500] "HEAD / HTTP/1.1" 200 -
185.119.81.106 - - [20/Nov/2022:10:02:14 -0500] "GET /portaldeninos/wp-login.php HTTP/1.1" 200 2592
185.119.81.106 - - [20/Nov/2022:10:02:15 -0500] "POST /portaldeninos/wp-login.php HTTP/1.1" 200 3605
95.217.144.236 - - [20/Nov/2022:10:02:47 -0500] "-" 408 -
95.217.145.45 - - [20/Nov/2022:10:02:48 -0500] "-" 408 -
201.245.192.253 - - [20/Nov/2022:10:02:51 -0500] "POST /kwsrmcab/Wsrmcab  HTTP/1.1" 200 42393
95.217.144.236 - - [20/Nov/2022:10:02:56 -0500] "-" 408 -
95.217.144.236 - - [20/Nov/2022:10:03:06 -0500] "-" 408 -
95.217.144.237 - - [20/Nov/2022:10:03:42 -0500] "-" 408 -
95.217.144.237 - - [20/Nov/2022:10:03:43 -0500] "-" 408 -
95.217.144.237 - - [20/Nov/2022:10:03:43 -0500] "-" 408 -
95.217.144.237 - - [20/Nov/2022:10:03:43 -0500] "-" 408 -
95.217.144.237 - - [20/Nov/2022:10:03:45 -0500] "-" 408 -
207.46.13.174 - - [20/Nov/2022:10:04:35 -0500] "GET /Publicaciones/2022EE84491.pdf HTTP/1.1" 404 227
157.55.39.206 - - [20/Nov/2022:10:04:39 -0500] "GET /BLA/resoluciones/index.php?dir=RESOLUCIONES+2018%2F HTTP/1.1" 200 271776
207.46.13.194 - - [20/Nov/2022:10:04:44 -0500] "GET /pdc/actos/183.pdf HTTP/1.1" 200 921499
157.55.39.39 - - [20/Nov/2022:10:04:55 -0500] "GET /BLA/resoluciones/RESOLUCIONES%202022/3638.pdf HTTP/1.1" 200 348442
157.55.39.39 - - [20/Nov/2022:10:04:55 -0500] "GET /pdc/actos/101.pdf HTTP/1.1" 200 709165
172.22.2.4 - - [20/Nov/2022:10:03:33 -0500] "HEAD /BLA/boletinlegal/ HTTP/1.1" 200 -
186.113.22.186 - - [20/Nov/2022:10:06:00 -0500] "GET /galeria/galeria/jquery.fancybox.css?v=2.1.5 HTTP/1.1" 200 4895
186.113.22.186 - - [20/Nov/2022:10:06:00 -0500] "GET /BLA/boletinlegal/js/jquery.scrollShow.js HTTP/1.1" 200 4586
186.113.22.186 - - [20/Nov/2022:10:06:00 -0500] "GET /galeria/galeria/jquery.fancybox.js?v=2.1.5 HTTP/1.1" 200 48706
172.22.2.4 - - [20/Nov/2022:10:04:24 -0500] "GET /BLA/boletinlegal/ HTTP/1.1" 200 59404
216.245.221.92 - - [20/Nov/2022:10:06:58 -0500] "HEAD / HTTP/1.1" 200 -
201.245.192.253 - - [20/Nov/2022:10:07:50 -0500] "POST /kwsrmcab/Wsrmcab  HTTP/1.1" 200 42393
172.22.2.4 - - [20/Nov/2022:10:09:48 -0500] "GET /BLA/boletinlegal/jurisprudencia/analisis/analisis%20C-595-2010.doc HTTP/1.1" 200 39424
172.22.2.4 - - [20/Nov/2022:10:09:23 -0500] "HEAD /BLA/boletinlegal/ HTTP/1.1" 200 -
183.136.225.32 - - [20/Nov/2022:10:11:39 -0500] "-" 408 -
172.22.2.4 - - [20/Nov/2022:10:10:14 -0500] "GET /BLA/boletinlegal/ HTTP/1.1" 200 59779
216.245.221.92 - - [20/Nov/2022:10:11:58 -0500] "HEAD / HTTP/1.1" 200 -
201.245.192.253 - - [20/Nov/2022:10:12:49 -0500] "POST /kwsrmcab/Wsrmcab  HTTP/1.1" 200 42393
172.22.2.4 - - [20/Nov/2022:10:15:13 -0500] "HEAD /BLA/boletinlegal/ HTTP/1.1" 200 -
216.245.221.92 - - [20/Nov/2022:10:16:58 -0500] "HEAD / HTTP/1.1" 200 -
207.46.13.194 - - [20/Nov/2022:10:17:24 -0500] "GET /BLA/resoluciones/index.php?dir=RESOLUCIONES+1999%2F HTTP/1.1" 200 10377
172.22.2.4 - - [20/Nov/2022:10:16:04 -0500] "GET /BLA/boletinlegal/ HTTP/1.1" 200 59779
201.245.192.253 - - [20/Nov/2022:10:17:48 -0500] "POST /kwsrmcab/Wsrmcab  HTTP/1.1" 200 42393
13.66.139.18 - - [20/Nov/2022:10:20:25 -0500] "GET /Publicaciones/2022EE29248.pdf HTTP/1.1" 404 227
201.245.192.253 - - [20/Nov/2022:10:21:01 -0500] "POST /kwsrmcab/Wsrmcab HTTP/1.1" 200 44231
201.245.192.253 - - [20/Nov/2022:10:21:03 -0500] "POST /kwsrmcab/Wsrmcab HTTP/1.1" 200 44081
216.245.221.92 - - [20/Nov/2022:10:21:58 -0500] "HEAD / HTTP/1.1" 200 -
172.22.2.4 - - [20/Nov/2022:10:21:03 -0500] "HEAD /BLA/boletinlegal/ HTTP/1.1" 200 -
201.245.192.253 - - [20/Nov/2022:10:22:46 -0500] "POST /kwsrmcab/Wsrmcab  HTTP/1.1" 200 42393
185.119.81.104 - - [20/Nov/2022:10:23:20 -0500] "GET /portaldeninos/wp-login.php HTTP/1.1" 200 2592
185.119.81.104 - - [20/Nov/2022:10:23:21 -0500] "POST /portaldeninos/wp-login.php HTTP/1.1" 200 3605
172.22.2.4 - - [20/Nov/2022:10:21:54 -0500] "GET /BLA/boletinlegal/ HTTP/1.1" 200 59779
216.245.221.92 - - [20/Nov/2022:10:26:58 -0500] "HEAD / HTTP/1.1" 200 -
201.245.192.253 - - [20/Nov/2022:10:27:45 -0500] "POST /kwsrmcab/Wsrmcab  HTTP/1.1" 200 42393
172.22.2.4 - - [20/Nov/2022:10:26:53 -0500] "HEAD /BLA/boletinlegal/ HTTP/1.1" 200 -
185.119.81.104 - - [20/Nov/2022:10:28:47 -0500] "GET /portaldeninos/wp-login.php HTTP/1.1" 200 2592
185.119.81.104 - - [20/Nov/2022:10:28:48 -0500] "POST /portaldeninos/wp-login.php HTTP/1.1" 200 3605
172.22.2.4 - - [20/Nov/2022:10:27:44 -0500] "GET /BLA/boletinlegal/ HTTP/1.1" 200 59779
172.22.2.4 - - [20/Nov/2022:10:29:57 -0500] "GET /BLA/boletinlegal/Circulares/2015/Circular%20No.%202%20del%201%20de%20julio%20de%202015.pdf HTTP/1.1" 304 -
69.63.184.120 - - [20/Nov/2022:10:30:56 -0500] "GET /images/Musgo%20SDA%20(1)%20(1).png HTTP/1.1" 200 302122
201.245.192.253 - - [20/Nov/2022:10:31:00 -0500] "POST /kwsrmcab/Wsrmcab HTTP/1.1" 200 44231
201.245.192.253 - - [20/Nov/2022:10:31:03 -0500] "POST /kwsrmcab/Wsrmcab HTTP/1.1" 200 44081
216.245.221.92 - - [20/Nov/2022:10:31:58 -0500] "HEAD / HTTP/1.1" 200 -
152.203.223.241 - - [20/Nov/2022:10:32:19 -0500] "GET /galeria/galeria/jquery.fancybox.css?v=2.1.5 HTTP/1.1" 200 4895
152.203.223.241 - - [20/Nov/2022:10:32:19 -0500] "GET /BLA/boletinlegal/js/jquery.scrollShow.js HTTP/1.1" 200 4586
152.203.223.241 - - [20/Nov/2022:10:32:19 -0500] "GET /galeria/galeria/jquery.fancybox.js?v=2.1.5 HTTP/1.1" 200 48706
201.245.192.253 - - [20/Nov/2022:10:32:44 -0500] "POST /kwsrmcab/Wsrmcab  HTTP/1.1" 200 42393
172.22.2.4 - - [20/Nov/2022:10:32:43 -0500] "HEAD /BLA/boletinlegal/ HTTP/1.1" 200 -
172.22.2.4 - - [20/Nov/2022:10:33:34 -0500] "GET /BLA/boletinlegal/ HTTP/1.1" 200 58185
216.245.221.92 - - [20/Nov/2022:10:36:58 -0500] "HEAD / HTTP/1.1" 200 -
172.22.2.4 - - [20/Nov/2022:10:37:44 -0500] "GET /BLA/boletinlegal/jurisprudencia/analisis/analisis%20C-595-2010.doc HTTP/1.1" 200 39424
172.22.2.4 - - [20/Nov/2022:10:37:45 -0500] "GET /BLA/boletinlegal/apple-touch-icon-120x120-precomposed.png HTTP/1.1" 404 1140
172.22.2.4 - - [20/Nov/2022:10:37:45 -0500] "GET /BLA/boletinlegal/apple-touch-icon-120x120.png HTTP/1.1" 404 1140
201.245.192.253 - - [20/Nov/2022:10:37:43 -0500] "POST /kwsrmcab/Wsrmcab  HTTP/1.1" 200 42393
172.22.2.4 - - [20/Nov/2022:10:37:45 -0500] "GET /BLA/boletinlegal/apple-touch-icon-precomposed.png HTTP/1.1" 404 1140
172.22.2.4 - - [20/Nov/2022:10:37:45 -0500] "GET /BLA/boletinlegal/apple-touch-icon.png HTTP/1.1" 404 1140
172.22.2.4 - - [20/Nov/2022:10:37:46 -0500] "GET /BLA/boletinlegal/favicon.ico HTTP/1.1" 404 1140
172.22.2.4 - - [20/Nov/2022:10:37:46 -0500] "GET /BLA/boletinlegal/apple-touch-icon-120x120-precomposed.png HTTP/1.1" 404 1140
172.22.2.4 - - [20/Nov/2022:10:37:46 -0500] "GET /BLA/boletinlegal/apple-touch-icon-120x120.png HTTP/1.1" 404 1140
172.22.2.4 - - [20/Nov/2022:10:37:46 -0500] "GET /BLA/boletinlegal/apple-touch-icon-precomposed.png HTTP/1.1" 404 1140
172.22.2.4 - - [20/Nov/2022:10:37:46 -0500] "GET /BLA/boletinlegal/apple-touch-icon.png HTTP/1.1" 404 1140
172.22.2.4 - - [20/Nov/2022:10:37:46 -0500] "GET /BLA/boletinlegal/favicon.ico HTTP/1.1" 404 1140
