66.249.73.127 - - [22/Nov/2022:03:42:33 -0500] "-" 408 -
216.245.221.92 - - [22/Nov/2022:03:42:59 -0500] "HEAD / HTTP/1.1" 200 -
185.119.81.106 - - [22/Nov/2022:03:43:41 -0500] "GET /portaldeninos/wp-login.php HTTP/1.1" 200 2592
185.119.81.106 - - [22/Nov/2022:03:43:42 -0500] "POST /portaldeninos/wp-login.php HTTP/1.1" 200 3670
172.22.2.4 - - [22/Nov/2022:03:43:25 -0500] "HEAD /BLA/boletinlegal/ HTTP/1.1" 200 -
201.245.192.253 - - [22/Nov/2022:03:45:18 -0500] "POST /kwsrmcab/Wsrmcab  HTTP/1.1" 200 42393
172.22.2.4 - - [22/Nov/2022:03:44:15 -0500] "GET /BLA/boletinlegal/ HTTP/1.1" 200 58185
216.245.221.92 - - [22/Nov/2022:03:47:59 -0500] "HEAD / HTTP/1.1" 200 -
201.245.192.253 - - [22/Nov/2022:03:50:17 -0500] "POST /kwsrmcab/Wsrmcab  HTTP/1.1" 200 42393
172.22.2.4 - - [22/Nov/2022:03:49:15 -0500] "HEAD /BLA/boletinlegal/ HTTP/1.1" 200 -
172.22.2.4 - - [22/Nov/2022:03:50:06 -0500] "GET /BLA/boletinlegal/ HTTP/1.1" 200 58185
216.245.221.92 - - [22/Nov/2022:03:52:59 -0500] "HEAD / HTTP/1.1" 200 -
185.119.81.109 - - [22/Nov/2022:03:55:07 -0500] "GET /portaldeninos/wp-login.php HTTP/1.1" 200 2592
185.119.81.109 - - [22/Nov/2022:03:55:08 -0500] "POST /portaldeninos/wp-login.php HTTP/1.1" 200 3670
201.245.192.253 - - [22/Nov/2022:03:55:16 -0500] "POST /kwsrmcab/Wsrmcab  HTTP/1.1" 200 42393
172.22.2.4 - - [22/Nov/2022:03:55:05 -0500] "HEAD /BLA/boletinlegal/ HTTP/1.1" 200 -
172.22.2.4 - - [22/Nov/2022:03:55:55 -0500] "GET /BLA/boletinlegal/ HTTP/1.1" 200 59779
216.245.221.92 - - [22/Nov/2022:03:57:59 -0500] "HEAD / HTTP/1.1" 200 -
172.22.2.4 - - [22/Nov/2022:03:58:22 -0500] "GET /BLA/boletinlegal/ HTTP/1.1" 200 24523
172.22.2.4 - - [22/Nov/2022:03:57:43 -0500] "GET /BLA/boletinlegal/index.php HTTP/1.1" 200 59035
172.22.2.4 - - [22/Nov/2022:03:59:28 -0500] "GET /BLA/boletinlegal/style.css HTTP/1.1" 200 9406
201.245.192.253 - - [22/Nov/2022:04:00:15 -0500] "POST /kwsrmcab/Wsrmcab  HTTP/1.1" 200 42393
45.95.169.36 - - [22/Nov/2022:04:00:38 -0500] "CONNECT google.com:443 HTTP/1.1" 405 938
109.237.97.180 - - [22/Nov/2022:04:01:21 -0500] "GET /.env HTTP/1.1" 404 1018
109.237.97.180 - - [22/Nov/2022:04:01:21 -0500] "\x16\x03\x01\x01H\x01" 400 226
172.22.2.4 - - [22/Nov/2022:04:00:55 -0500] "HEAD /BLA/boletinlegal/ HTTP/1.1" 200 -
216.245.221.92 - - [22/Nov/2022:04:02:59 -0500] "HEAD / HTTP/1.1" 200 -
172.22.2.4 - - [22/Nov/2022:04:01:46 -0500] "GET /BLA/boletinlegal/ HTTP/1.1" 200 57824
201.245.192.253 - - [22/Nov/2022:04:05:13 -0500] "POST /kwsrmcab/Wsrmcab  HTTP/1.1" 200 28373
201.245.192.253 - - [22/Nov/2022:04:06:22 -0500] "POST /kwsrmcab/Wsrmcab  HTTP/1.1" 200 42393
201.245.192.253 - - [22/Nov/2022:04:07:23 -0500] "POST /kwsrmcab/Wsrmcab  HTTP/1.1" 200 42393
172.22.2.4 - - [22/Nov/2022:04:07:28 -0500] "GET /BLA/boletinlegal/style.css HTTP/1.1" 200 9406
172.22.2.4 - - [22/Nov/2022:04:07:28 -0500] "GET /BLA/boletinlegal/styles2.css HTTP/1.1" 200 1838
172.22.2.4 - - [22/Nov/2022:04:07:28 -0500] "GET /BLA/boletinlegal/js/jquery.scrollTo-min.js HTTP/1.1" 200 1150
172.22.2.4 - - [22/Nov/2022:04:07:28 -0500] "GET /BLA/boletinlegal/js/jquery.js HTTP/1.1" 200 57254
172.22.2.4 - - [22/Nov/2022:04:07:28 -0500] "GET /BLA/boletinlegal/js/jquery.scrollShow.js HTTP/1.1" 200 4586
172.22.2.4 - - [22/Nov/2022:04:07:29 -0500] "GET /BLA/boletinlegal/images/cabezote%20BLEGAL.jpg HTTP/1.1" 200 118164
172.22.2.4 - - [22/Nov/2022:04:07:29 -0500] "GET /BLA/boletinlegal/images/subscribe-icon-big.png HTTP/1.1" 200 47702
172.22.2.4 - - [22/Nov/2022:04:07:29 -0500] "GET /BLA/boletinlegal/images/historia.png HTTP/1.1" 200 52775
172.22.2.4 - - [22/Nov/2022:04:07:29 -0500] "GET /BLA/boletinlegal/images/registro-usuarios.png HTTP/1.1" 200 8106
172.22.2.4 - - [22/Nov/2022:04:07:29 -0500] "GET /BLA/boletinlegal/images/arr_l.jpg HTTP/1.1" 200 1979
172.22.2.4 - - [22/Nov/2022:04:07:29 -0500] "GET /BLA/boletinlegal/images/screen_1.png HTTP/1.1" 200 202547
172.22.2.4 - - [22/Nov/2022:04:07:29 -0500] "GET /BLA/boletinlegal/images/launch.jpg HTTP/1.1" 200 14577
172.22.2.4 - - [22/Nov/2022:04:07:29 -0500] "GET /BLA/boletinlegal/images/menu_lft.gif HTTP/1.1" 200 1713
172.22.2.4 - - [22/Nov/2022:04:07:29 -0500] "GET /BLA/boletinlegal/images/body_bg.jpg HTTP/1.1" 200 1601
172.22.2.4 - - [22/Nov/2022:04:07:30 -0500] "GET /BLA/boletinlegal/images/bg_top.jpg HTTP/1.1" 200 522
172.22.2.4 - - [22/Nov/2022:04:07:30 -0500] "GET /BLA/boletinlegal/images/menu_rght.gif HTTP/1.1" 200 1627
172.22.2.4 - - [22/Nov/2022:04:07:30 -0500] "GET /BLA/boletinlegal/images/text.jpg HTTP/1.1" 200 568
172.22.2.4 - - [22/Nov/2022:04:07:30 -0500] "GET /BLA/boletinlegal/images/menu_bg.jpg HTTP/1.1" 200 620
172.22.2.4 - - [22/Nov/2022:04:07:30 -0500] "GET /BLA/boletinlegal/images/hover.jpg HTTP/1.1" 200 640
172.22.2.4 - - [22/Nov/2022:04:07:36 -0500] "GET /BLA/boletinlegal/ab2g HTTP/1.1" 404 1018
172.22.2.4 - - [22/Nov/2022:04:07:37 -0500] "GET /BLA/boletinlegal/ab2h HTTP/1.1" 404 1018
172.22.2.4 - - [22/Nov/2022:04:07:37 -0500] "GET /BLA/boletinlegal/images/screen_2.png HTTP/1.1" 200 362502
172.22.2.4 - - [22/Nov/2022:04:07:37 -0500] "GET /BLA/boletinlegal/images/screen_3.png HTTP/1.1" 200 210620
172.22.2.4 - - [22/Nov/2022:04:07:37 -0500] "GET /BLA/boletinlegal/images/screen_5.png HTTP/1.1" 200 368876
172.22.2.4 - - [22/Nov/2022:04:07:38 -0500] "GET /BLA/boletinlegal/images/arr_r.jpg HTTP/1.1" 200 1998
172.22.2.4 - - [22/Nov/2022:04:07:51 -0500] "GET /BLA/boletinlegal/images/pdf.gif HTTP/1.1" 200 567
216.245.221.92 - - [22/Nov/2022:04:07:59 -0500] "HEAD / HTTP/1.1" 200 -
172.22.2.4 - - [22/Nov/2022:04:07:59 -0500] "GET /BLA/boletinlegal/images/footer_bg.jpg HTTP/1.1" 200 586
172.22.2.4 - - [22/Nov/2022:04:06:45 -0500] "HEAD /BLA/boletinlegal/ HTTP/1.1" 200 -
172.22.2.4 - - [22/Nov/2022:04:07:41 -0500] "GET /BLA/boletinlegal/ HTTP/1.1" 200 24523
172.22.2.4 - - [22/Nov/2022:04:08:51 -0500] "GET /BLA/boletinlegal/images/background.gif HTTP/1.1" 200 -
172.22.2.4 - - [22/Nov/2022:04:07:28 -0500] "GET /BLA/boletinlegal/ HTTP/1.1" 200 45356
172.22.2.4 - - [22/Nov/2022:04:09:08 -0500] "GET /BLA/boletinlegal/favicon.ico HTTP/1.1" 404 1308
157.55.39.39 - - [22/Nov/2022:04:09:06 -0500] "GET /BLA/resoluciones/index.php?dir=AUTOS+2019%2F HTTP/1.1" 200 349177
172.22.2.4 - - [22/Nov/2022:04:07:35 -0500] "GET /BLA/boletinlegal/ HTTP/1.1" 200 47188
43.134.66.112 - - [22/Nov/2022:04:10:31 -0500] "GET /galeria/galeria/fotos/Humedal-la-conejera2P.jpg HTTP/1.1" 200 31007
201.245.192.253 - - [22/Nov/2022:04:12:23 -0500] "POST /kwsrmcab/Wsrmcab  HTTP/1.1" 200 42393
216.245.221.92 - - [22/Nov/2022:04:12:59 -0500] "HEAD / HTTP/1.1" 200 -
185.119.81.109 - - [22/Nov/2022:04:13:24 -0500] "GET /portaldeninos/wp-login.php HTTP/1.1" 200 2592
185.119.81.109 - - [22/Nov/2022:04:13:25 -0500] "POST /portaldeninos/wp-login.php HTTP/1.1" 200 3605
172.22.2.4 - - [22/Nov/2022:04:12:35 -0500] "HEAD /BLA/boletinlegal/ HTTP/1.1" 200 -
185.119.81.104 - - [22/Nov/2022:04:14:17 -0500] "GET /portaldeninos/wp-login.php HTTP/1.1" 200 2592
185.119.81.104 - - [22/Nov/2022:04:14:18 -0500] "POST /portaldeninos/wp-login.php HTTP/1.1" 200 3650
172.22.2.4 - - [22/Nov/2022:04:13:25 -0500] "GET /BLA/boletinlegal/ HTTP/1.1" 200 58185
185.119.81.107 - - [22/Nov/2022:04:17:20 -0500] "GET /portaldeninos/wp-login.php HTTP/1.1" 200 2592
185.119.81.107 - - [22/Nov/2022:04:17:21 -0500] "POST /portaldeninos/wp-login.php HTTP/1.1" 200 3670
201.245.192.253 - - [22/Nov/2022:04:17:21 -0500] "POST /kwsrmcab/Wsrmcab  HTTP/1.1" 200 42393
216.245.221.92 - - [22/Nov/2022:04:17:59 -0500] "HEAD / HTTP/1.1" 200 -
172.22.2.4 - - [22/Nov/2022:04:18:25 -0500] "HEAD /BLA/boletinlegal/ HTTP/1.1" 200 -
201.245.192.253 - - [22/Nov/2022:04:20:52 -0500] "POST /kwsrmcab/Wsrmcab HTTP/1.1" 200 41698
172.22.2.4 - - [22/Nov/2022:04:19:15 -0500] "GET /BLA/boletinlegal/ HTTP/1.1" 200 58185
201.245.192.253 - - [22/Nov/2022:04:20:55 -0500] "POST /kwsrmcab/Wsrmcab HTTP/1.1" 200 43772
141.255.166.2 - - [22/Nov/2022:04:21:22 -0500] "GET / HTTP/1.1" 200 319
201.245.192.253 - - [22/Nov/2022:04:22:20 -0500] "POST /kwsrmcab/Wsrmcab  HTTP/1.1" 200 42393
216.245.221.92 - - [22/Nov/2022:04:22:59 -0500] "HEAD / HTTP/1.1" 200 -
185.119.81.104 - - [22/Nov/2022:04:25:29 -0500] "GET /portaldeninos/wp-login.php HTTP/1.1" 200 2592
185.119.81.104 - - [22/Nov/2022:04:25:30 -0500] "POST /portaldeninos/wp-login.php HTTP/1.1" 200 3650
172.22.2.4 - - [22/Nov/2022:04:24:15 -0500] "HEAD /BLA/boletinlegal/ HTTP/1.1" 200 -
173.252.111.3 - - [22/Nov/2022:04:26:35 -0500] "GET /images/musgo-planta-flora-bogota-27-noviembre.jpg HTTP/1.1" 200 65902
173.252.111.14 - - [22/Nov/2022:04:26:35 -0500] "GET /en-navidad-bogota-protege-el-musgo-y-sus-ecosistemas.html HTTP/1.1" 206 802
172.22.2.4 - - [22/Nov/2022:04:25:05 -0500] "GET /BLA/boletinlegal/ HTTP/1.1" 200 57192
23.129.64.228 - - [22/Nov/2022:04:26:47 -0500] "GET / HTTP/1.1" 200 319
201.245.192.253 - - [22/Nov/2022:04:27:19 -0500] "POST /kwsrmcab/Wsrmcab  HTTP/1.1" 200 42393
172.22.2.4 - - [22/Nov/2022:04:27:31 -0500] "GET /BLA/boletinlegal/jurisprudencia/analisis/CUADRO%20ANALISIS%20SENTENCIA%20T-411%20DE%201992.doc HTTP/1.1" 304 -
216.245.221.92 - - [22/Nov/2022:04:27:59 -0500] "HEAD / HTTP/1.1" 200 -
54.247.145.203 - - [22/Nov/2022:04:30:00 -0500] "-" 408 -
201.245.192.253 - - [22/Nov/2022:04:30:52 -0500] "POST /kwsrmcab/Wsrmcab HTTP/1.1" 200 41698
201.245.192.253 - - [22/Nov/2022:04:30:54 -0500] "POST /kwsrmcab/Wsrmcab HTTP/1.1" 200 43772
40.77.167.13 - - [22/Nov/2022:04:31:45 -0500] "GET /BLA/resoluciones/AUTOS%202022/2115.pdf HTTP/1.1" 304 -
172.22.2.4 - - [22/Nov/2022:04:30:05 -0500] "HEAD /BLA/boletinlegal/ HTTP/1.1" 200 -
172.22.2.4 - - [22/Nov/2022:04:31:59 -0500] "GET /BLA/boletinlegal/Circulares/2019/Circular%20No.%200003%20del%2031%20de%20Enero%20de%202019.pdf HTTP/1.1" 304 -
201.245.192.253 - - [22/Nov/2022:04:32:18 -0500] "POST /kwsrmcab/Wsrmcab  HTTP/1.1" 200 42393
172.22.2.4 - - [22/Nov/2022:04:30:55 -0500] "GET /BLA/boletinlegal/ HTTP/1.1" 200 59779
216.245.221.92 - - [22/Nov/2022:04:32:59 -0500] "HEAD / HTTP/1.1" 200 -
201.245.192.253 - - [22/Nov/2022:04:37:17 -0500] "POST /kwsrmcab/Wsrmcab  HTTP/1.1" 200 42393
172.22.2.4 - - [22/Nov/2022:04:35:55 -0500] "HEAD /BLA/boletinlegal/ HTTP/1.1" 200 -
216.245.221.92 - - [22/Nov/2022:04:37:59 -0500] "HEAD / HTTP/1.1" 200 -
172.22.2.4 - - [22/Nov/2022:04:36:45 -0500] "GET /BLA/boletinlegal/ HTTP/1.1" 200 59779
66.249.79.183 - - [22/Nov/2022:04:38:41 -0500] "-" 408 -
201.245.192.253 - - [22/Nov/2022:04:40:52 -0500] "POST /kwsrmcab/Wsrmcab HTTP/1.1" 200 41698
201.245.192.253 - - [22/Nov/2022:04:40:55 -0500] "POST /kwsrmcab/Wsrmcab HTTP/1.1" 200 43772
185.119.81.109 - - [22/Nov/2022:04:41:18 -0500] "GET /portaldeninos/wp-login.php HTTP/1.1" 200 2592
185.119.81.109 - - [22/Nov/2022:04:41:19 -0500] "POST /portaldeninos/wp-login.php HTTP/1.1" 200 3670
201.245.192.253 - - [22/Nov/2022:04:42:15 -0500] "POST /kwsrmcab/Wsrmcab  HTTP/1.1" 200 42393
69.63.184.117 - - [22/Nov/2022:04:42:28 -0500] "GET /images/Musgo%20SDA%20(1)%20(1).png HTTP/1.1" 200 302122
69.63.184.119 - - [22/Nov/2022:04:42:28 -0500] "GET /images/Reciclaton%20Nov%202022%20(1)%20(1).jpeg HTTP/1.1" 200 53811
69.63.184.117 - - [22/Nov/2022:04:42:28 -0500] "GET /images/Acuerdos%2001%20(1)%20(1).jpeg HTTP/1.1" 200 32884
216.245.221.92 - - [22/Nov/2022:04:42:59 -0500] "HEAD / HTTP/1.1" 200 -
172.22.2.4 - - [22/Nov/2022:04:41:45 -0500] "HEAD /BLA/boletinlegal/ HTTP/1.1" 200 -
172.22.2.4 - - [22/Nov/2022:04:42:35 -0500] "GET /BLA/boletinlegal/ HTTP/1.1" 200 60277
66.249.73.100 - - [22/Nov/2022:04:44:17 -0500] "-" 408 -
185.119.81.107 - - [22/Nov/2022:04:46:41 -0500] "GET /portaldeninos/wp-login.php HTTP/1.1" 200 2592
185.119.81.107 - - [22/Nov/2022:04:46:42 -0500] "POST /portaldeninos/wp-login.php HTTP/1.1" 200 3605
201.245.192.253 - - [22/Nov/2022:04:47:14 -0500] "POST /kwsrmcab/Wsrmcab  HTTP/1.1" 200 42393
157.55.39.206 - - [22/Nov/2022:04:47:32 -0500] "GET /BLA/resoluciones/AUTOS%202021/2915.pdf HTTP/1.1" 200 367054
216.245.221.92 - - [22/Nov/2022:04:47:59 -0500] "HEAD / HTTP/1.1" 200 -
172.22.2.4 - - [22/Nov/2022:04:47:35 -0500] "HEAD /BLA/boletinlegal/ HTTP/1.1" 200 -
66.249.73.127 - - [22/Nov/2022:04:49:55 -0500] "-" 408 -
172.22.2.4 - - [22/Nov/2022:04:48:25 -0500] "GET /BLA/boletinlegal/ HTTP/1.1" 200 59779
201.245.192.253 - - [22/Nov/2022:04:52:13 -0500] "POST /kwsrmcab/Wsrmcab  HTTP/1.1" 200 42393
216.245.221.92 - - [22/Nov/2022:04:52:59 -0500] "HEAD / HTTP/1.1" 200 -
172.22.2.4 - - [22/Nov/2022:04:53:01 -0500] "GET /BLA/boletinlegal/explore HTTP/1.1" 404 1018
172.22.2.4 - - [22/Nov/2022:04:53:25 -0500] "HEAD /BLA/boletinlegal/ HTTP/1.1" 200 -
66.249.73.127 - - [22/Nov/2022:04:55:35 -0500] "-" 408 -
157.55.39.206 - - [22/Nov/2022:04:55:43 -0500] "GET /BLA/resoluciones/RESOLUCIONES%202001/2001%20600-649.TIF HTTP/1.1" 200 9885868
172.22.2.4 - - [22/Nov/2022:04:54:15 -0500] "GET /BLA/boletinlegal/ HTTP/1.1" 200 59779
173.214.175.178 - - [22/Nov/2022:04:55:57 -0500] "CONNECT cloudflare.com:443 HTTP/1.1" 405 942
201.245.192.253 - - [22/Nov/2022:04:57:12 -0500] "POST /kwsrmcab/Wsrmcab  HTTP/1.1" 200 42393
216.245.221.92 - - [22/Nov/2022:04:57:59 -0500] "HEAD / HTTP/1.1" 200 -
207.46.13.237 - - [22/Nov/2022:04:58:50 -0500] "-" 408 -
207.46.13.237 - - [22/Nov/2022:04:58:50 -0500] "-" 408 -
40.77.167.58 - - [22/Nov/2022:04:59:57 -0500] "GET /BLA/resoluciones/RESOLUCIONES%202014/3228.pdf HTTP/1.1" 304 -
172.22.2.4 - - [22/Nov/2022:04:59:15 -0500] "HEAD /BLA/boletinlegal/ HTTP/1.1" 200 -
66.249.73.127 - - [22/Nov/2022:05:01:35 -0500] "-" 408 -
172.22.2.4 - - [22/Nov/2022:05:00:05 -0500] "GET /BLA/boletinlegal/ HTTP/1.1" 200 59779
43.134.83.167 - - [22/Nov/2022:05:02:08 -0500] "GET /galeria/galeria/fotos/Humedal-la-conejera2P.jpg HTTP/1.1" 200 31007
201.245.192.253 - - [22/Nov/2022:05:02:11 -0500] "POST /kwsrmcab/Wsrmcab  HTTP/1.1" 200 42393
216.245.221.92 - - [22/Nov/2022:05:02:59 -0500] "HEAD / HTTP/1.1" 200 -
172.22.2.4 - - [22/Nov/2022:05:05:05 -0500] "HEAD /BLA/boletinlegal/ HTTP/1.1" 200 -
185.119.81.99 - - [22/Nov/2022:05:06:53 -0500] "GET /portaldeninos/wp-login.php HTTP/1.1" 200 2592
185.119.81.99 - - [22/Nov/2022:05:06:54 -0500] "POST /portaldeninos/wp-login.php HTTP/1.1" 200 3650
173.252.127.4 - - [22/Nov/2022:05:06:55 -0500] "GET /images/Acuerdos%2001%20(1)%20(1).jpeg HTTP/1.1" 200 32884
173.252.127.24 - - [22/Nov/2022:05:06:55 -0500] "GET /images/Musgo%20SDA%20(1)%20(1).png HTTP/1.1" 200 302122
173.252.127.14 - - [22/Nov/2022:05:07:00 -0500] "GET /images/Reciclaton%20Nov%202022%20(1)%20(1).jpeg HTTP/1.1" 200 53811
201.245.192.253 - - [22/Nov/2022:05:07:10 -0500] "POST /kwsrmcab/Wsrmcab  HTTP/1.1" 200 42393
172.22.2.4 - - [22/Nov/2022:05:05:55 -0500] "GET /BLA/boletinlegal/ HTTP/1.1" 200 59404
216.245.221.92 - - [22/Nov/2022:05:07:59 -0500] "HEAD / HTTP/1.1" 200 -
185.119.81.99 - - [22/Nov/2022:05:08:26 -0500] "GET /portaldeninos/wp-login.php HTTP/1.1" 200 2592
185.119.81.99 - - [22/Nov/2022:05:08:27 -0500] "POST /portaldeninos/wp-login.php HTTP/1.1" 200 3670
201.245.192.253 - - [22/Nov/2022:05:12:09 -0500] "POST /kwsrmcab/Wsrmcab  HTTP/1.1" 200 42393
69.171.249.18 - - [22/Nov/2022:05:12:24 -0500] "GET /images/Musgo%20SDA%20(1)%20(1).png HTTP/1.1" 200 302122
172.22.2.4 - - [22/Nov/2022:05:10:55 -0500] "HEAD /BLA/boletinlegal/ HTTP/1.1" 200 -
216.245.221.92 - - [22/Nov/2022:05:12:59 -0500] "HEAD / HTTP/1.1" 200 -
66.249.73.127 - - [22/Nov/2022:05:13:18 -0500] "-" 408 -
172.22.2.4 - - [22/Nov/2022:05:11:45 -0500] "GET /BLA/boletinlegal/ HTTP/1.1" 200 54100
185.119.81.104 - - [22/Nov/2022:05:13:31 -0500] "GET /portaldeninos/wp-login.php HTTP/1.1" 200 2592
185.119.81.104 - - [22/Nov/2022:05:13:32 -0500] "POST /portaldeninos/wp-login.php HTTP/1.1" 200 3670
95.217.144.237 - - [22/Nov/2022:05:16:21 -0500] "-" 408 -
201.245.192.253 - - [22/Nov/2022:05:17:07 -0500] "POST /kwsrmcab/Wsrmcab  HTTP/1.1" 200 42393
216.245.221.92 - - [22/Nov/2022:05:17:59 -0500] "HEAD / HTTP/1.1" 200 -
172.22.2.4 - - [22/Nov/2022:05:16:45 -0500] "HEAD /BLA/boletinlegal/ HTTP/1.1" 200 -
172.22.2.4 - - [22/Nov/2022:05:17:35 -0500] "GET /BLA/boletinlegal/ HTTP/1.1" 200 58185
201.245.192.253 - - [22/Nov/2022:05:20:52 -0500] "POST /kwsrmcab/Wsrmcab HTTP/1.1" 200 41877
201.245.192.253 - - [22/Nov/2022:05:20:55 -0500] "POST /kwsrmcab/Wsrmcab HTTP/1.1" 200 43784
201.245.192.253 - - [22/Nov/2022:05:22:06 -0500] "POST /kwsrmcab/Wsrmcab  HTTP/1.1" 200 42393
216.245.221.92 - - [22/Nov/2022:05:22:59 -0500] "HEAD / HTTP/1.1" 200 -
172.22.2.4 - - [22/Nov/2022:05:22:35 -0500] "HEAD /BLA/boletinlegal/ HTTP/1.1" 200 -
172.22.2.4 - - [22/Nov/2022:05:24:20 -0500] "GET /BLA/boletinlegal/styles2.css HTTP/1.1" 200 1838
172.22.2.4 - - [22/Nov/2022:05:24:20 -0500] "GET /BLA/boletinlegal/style.css HTTP/1.1" 200 9406
172.22.2.4 - - [22/Nov/2022:05:24:20 -0500] "GET /BLA/boletinlegal/js/jquery.js HTTP/1.1" 200 57254
172.22.2.4 - - [22/Nov/2022:05:24:20 -0500] "GET /BLA/boletinlegal/js/jquery.scrollTo-min.js HTTP/1.1" 200 1150
172.22.2.4 - - [22/Nov/2022:05:24:20 -0500] "GET /BLA/boletinlegal/js/jquery.scrollShow.js HTTP/1.1" 200 4586
172.22.2.4 - - [22/Nov/2022:05:24:20 -0500] "GET /BLA/boletinlegal/images/cabezote%20BLEGAL.jpg HTTP/1.1" 200 118164
172.22.2.4 - - [22/Nov/2022:05:24:20 -0500] "GET /BLA/boletinlegal/images/historia.png HTTP/1.1" 200 52775
172.22.2.4 - - [22/Nov/2022:05:24:20 -0500] "GET /BLA/boletinlegal/images/subscribe-icon-big.png HTTP/1.1" 200 47702
172.22.2.4 - - [22/Nov/2022:05:24:20 -0500] "GET /BLA/boletinlegal/images/arr_l.jpg HTTP/1.1" 200 1979
172.22.2.4 - - [22/Nov/2022:05:24:20 -0500] "GET /BLA/boletinlegal/images/registro-usuarios.png HTTP/1.1" 200 8106
172.22.2.4 - - [22/Nov/2022:05:24:20 -0500] "GET /BLA/boletinlegal/images/screen_1.png HTTP/1.1" 200 202547
172.22.2.4 - - [22/Nov/2022:05:24:20 -0500] "GET /BLA/boletinlegal/images/body_bg.jpg HTTP/1.1" 200 1601
172.22.2.4 - - [22/Nov/2022:05:24:20 -0500] "GET /BLA/boletinlegal/images/launch.jpg HTTP/1.1" 200 14577
172.22.2.4 - - [22/Nov/2022:05:24:20 -0500] "GET /BLA/boletinlegal/images/menu_lft.gif HTTP/1.1" 200 1713
172.22.2.4 - - [22/Nov/2022:05:24:20 -0500] "GET /BLA/boletinlegal/images/menu_rght.gif HTTP/1.1" 200 1627
172.22.2.4 - - [22/Nov/2022:05:24:20 -0500] "GET /BLA/boletinlegal/images/bg_top.jpg HTTP/1.1" 200 522
172.22.2.4 - - [22/Nov/2022:05:24:20 -0500] "GET /BLA/boletinlegal/images/menu_bg.jpg HTTP/1.1" 200 620
172.22.2.4 - - [22/Nov/2022:05:24:20 -0500] "GET /BLA/boletinlegal/images/hover.jpg HTTP/1.1" 200 640
172.22.2.4 - - [22/Nov/2022:05:24:20 -0500] "GET /BLA/boletinlegal/images/text.jpg HTTP/1.1" 200 568
172.22.2.4 - - [22/Nov/2022:05:24:22 -0500] "GET /BLA/boletinlegal/normativa.php HTTP/1.1" 200 8333
172.22.2.4 - - [22/Nov/2022:05:24:22 -0500] "GET /BLA/boletinlegal/js/ajax_normativa.js HTTP/1.1" 200 1154
172.22.2.4 - - [22/Nov/2022:05:24:22 -0500] "GET /BLA/boletinlegal/niceforms.js HTTP/1.1" 200 22876
172.22.2.4 - - [22/Nov/2022:05:24:22 -0500] "GET /BLA/boletinlegal/niceforms-default.css HTTP/1.1" 200 6694
172.22.2.4 - - [22/Nov/2022:05:24:22 -0500] "GET /BLA/boletinlegal/images/icono-email.png HTTP/1.1" 200 5544
172.22.2.4 - - [22/Nov/2022:05:24:22 -0500] "GET /BLA/boletinlegal/images/tel.png HTTP/1.1" 200 14477
172.22.2.4 - - [22/Nov/2022:05:24:22 -0500] "GET /BLA/boletinlegal/images/footer_bg.jpg HTTP/1.1" 200 586
172.22.2.4 - - [22/Nov/2022:05:24:22 -0500] "GET /BLA/boletinlegal/images/footer_bg_l.jpg HTTP/1.1" 200 776
172.22.2.4 - - [22/Nov/2022:05:24:22 -0500] "GET /BLA/boletinlegal/img/select-left.png HTTP/1.1" 200 263
172.22.2.4 - - [22/Nov/2022:05:24:22 -0500] "GET /BLA/boletinlegal/img/button-left.png HTTP/1.1" 200 57071
172.22.2.4 - - [22/Nov/2022:05:24:22 -0500] "GET /BLA/boletinlegal/img/select-right.png HTTP/1.1" 200 44019
172.22.2.4 - - [22/Nov/2022:05:24:22 -0500] "GET /BLA/boletinlegal/img/0.png HTTP/1.1" 200 110
172.22.2.4 - - [22/Nov/2022:05:24:22 -0500] "GET /BLA/boletinlegal/img/button.png HTTP/1.1" 200 43241
172.22.2.4 - - [22/Nov/2022:05:24:22 -0500] "GET /BLA/boletinlegal/favicon.ico HTTP/1.1" 404 1334
172.22.2.4 - - [22/Nov/2022:05:24:22 -0500] "GET /BLA/boletinlegal/img/button-right.png HTTP/1.1" 200 57878
172.22.2.4 - - [22/Nov/2022:05:24:23 -0500] "GET /BLA/boletinlegal/actos.php HTTP/1.1" 200 9566
172.22.2.4 - - [22/Nov/2022:05:24:24 -0500] "GET /BLA/boletinlegal/js/popup.js HTTP/1.1" 200 1270
172.22.2.4 - - [22/Nov/2022:05:24:24 -0500] "GET /BLA/boletinlegal/js/lib.js HTTP/1.1" 200 6474
172.22.2.4 - - [22/Nov/2022:05:24:24 -0500] "GET /BLA/boletinlegal/js/jquery1.js HTTP/1.1" 200 29846
172.22.2.4 - - [22/Nov/2022:05:24:24 -0500] "GET /BLA/boletinlegal/js/ajax_actos.js HTTP/1.1" 200 1322
172.22.2.4 - - [22/Nov/2022:05:24:24 -0500] "GET /BLA/boletinlegal/images/green-yellow-blue-pink-th.png HTTP/1.1" 200 7394
172.22.2.4 - - [22/Nov/2022:05:24:37 -0500] "GET /BLA/boletinlegal/consulta_actos.php?tipo=resoluciones&no=0032&usuario=&sector=&fecha=2007&resuelve= HTTP/1.1" 200 626
35.233.62.116 - - [22/Nov/2022:05:24:47 -0500] "GET / HTTP/1.1" 200 319
172.22.2.4 - - [22/Nov/2022:05:24:20 -0500] "GET /BLA/boletinlegal/index.php HTTP/1.1" 200 24523
172.22.2.4 - - [22/Nov/2022:05:23:26 -0500] "GET /BLA/boletinlegal/ HTTP/1.1" 200 52079
172.22.2.4 - - [22/Nov/2022:05:24:52 -0500] "GET /BLA/boletinlegal/index.php HTTP/1.1" 200 24523
66.249.73.127 - - [22/Nov/2022:05:25:53 -0500] "-" 408 -
201.245.192.253 - - [22/Nov/2022:05:27:05 -0500] "POST /kwsrmcab/Wsrmcab  HTTP/1.1" 200 42393
185.119.81.106 - - [22/Nov/2022:05:27:14 -0500] "GET /portaldeninos/wp-login.php HTTP/1.1" 200 2592
185.119.81.106 - - [22/Nov/2022:05:27:15 -0500] "POST /portaldeninos/wp-login.php HTTP/1.1" 200 3605
216.245.221.92 - - [22/Nov/2022:05:27:59 -0500] "HEAD / HTTP/1.1" 200 -
207.46.13.194 - - [22/Nov/2022:05:28:35 -0500] "GET /Publicaciones/2022EE240509.pdf HTTP/1.1" 404 228
172.22.2.4 - - [22/Nov/2022:05:28:25 -0500] "HEAD /BLA/boletinlegal/ HTTP/1.1" 200 -
201.245.192.253 - - [22/Nov/2022:05:30:51 -0500] "POST /kwsrmcab/Wsrmcab HTTP/1.1" 200 41877
172.22.2.4 - - [22/Nov/2022:05:29:15 -0500] "GET /BLA/boletinlegal/ HTTP/1.1" 200 57824
201.245.192.253 - - [22/Nov/2022:05:30:54 -0500] "POST /kwsrmcab/Wsrmcab HTTP/1.1" 200 43784
201.245.192.253 - - [22/Nov/2022:05:32:04 -0500] "POST /kwsrmcab/Wsrmcab  HTTP/1.1" 200 42393
216.245.221.92 - - [22/Nov/2022:05:32:59 -0500] "HEAD / HTTP/1.1" 200 -
66.249.73.127 - - [22/Nov/2022:05:33:03 -0500] "-" 408 -
40.77.167.58 - - [22/Nov/2022:05:34:47 -0500] "GET /BLA/resoluciones/RESOLUCIONES%202000/2000%202650-2699.tif HTTP/1.1" 200 3086633
172.22.2.4 - - [22/Nov/2022:05:35:01 -0500] "GET /BLA/boletinlegal/robots.txt HTTP/1.1" 404 1038
172.22.2.4 - - [22/Nov/2022:05:35:02 -0500] "GET /BLA/boletinlegal/jurisprudencia/analisis/ANALISIST-257-96.docx HTTP/1.1" 304 -
192.241.193.251 - - [22/Nov/2022:05:35:34 -0500] "GET /manager/text/list HTTP/1.1" 404 1018
185.119.81.99 - - [22/Nov/2022:05:35:38 -0500] "GET /portaldeninos/wp-login.php HTTP/1.1" 200 2592
185.119.81.99 - - [22/Nov/2022:05:35:39 -0500] "POST /portaldeninos/wp-login.php HTTP/1.1" 200 3605
172.22.2.4 - - [22/Nov/2022:05:34:15 -0500] "HEAD /BLA/boletinlegal/ HTTP/1.1" 200 -
172.22.2.4 - - [22/Nov/2022:05:35:05 -0500] "GET /BLA/boletinlegal/ HTTP/1.1" 200 53337
205.169.39.63 - - [22/Nov/2022:05:36:46 -0500] "GET /galeria/galeria/jquery.fancybox.js?v=2.1.5 HTTP/1.1" 200 48706
205.169.39.63 - - [22/Nov/2022:05:36:46 -0500] "GET /galeria/galeria/jquery.fancybox.css?v=2.1.5 HTTP/1.1" 200 4895
205.169.39.63 - - [22/Nov/2022:05:36:46 -0500] "GET /BLA/boletinlegal/js/jquery.scrollShow.js HTTP/1.1" 200 4586
201.245.192.253 - - [22/Nov/2022:05:37:02 -0500] "POST /kwsrmcab/Wsrmcab  HTTP/1.1" 200 42393
216.245.221.92 - - [22/Nov/2022:05:37:59 -0500] "HEAD / HTTP/1.1" 200 -
172.22.2.4 - - [22/Nov/2022:05:40:40 -0500] "GET /BLA/boletinlegal/.env HTTP/1.1" 404 1018
201.245.192.253 - - [22/Nov/2022:05:40:52 -0500] "POST /kwsrmcab/Wsrmcab HTTP/1.1" 200 41877
201.245.192.253 - - [22/Nov/2022:05:40:54 -0500] "POST /kwsrmcab/Wsrmcab HTTP/1.1" 200 43784
172.22.2.4 - - [22/Nov/2022:05:41:04 -0500] "GET /BLA/boletinlegal/jurisprudencia/analisis/AnalisisT-693-12.docx HTTP/1.1" 304 -
172.22.2.4 - - [22/Nov/2022:05:40:43 -0500] "POST /BLA/boletinlegal/ HTTP/1.1" 200 24523
172.22.2.4 - - [22/Nov/2022:05:40:05 -0500] "HEAD /BLA/boletinlegal/ HTTP/1.1" 200 -
201.245.192.253 - - [22/Nov/2022:05:42:00 -0500] "POST /kwsrmcab/Wsrmcab  HTTP/1.1" 200 42393
172.22.2.4 - - [22/Nov/2022:05:40:55 -0500] "GET /BLA/boletinlegal/ HTTP/1.1" 200 57192
66.249.73.127 - - [22/Nov/2022:05:42:54 -0500] "-" 408 -
103.234.98.140 - - [22/Nov/2022:05:42:58 -0500] "GET / HTTP/1.1" 200 4720
216.245.221.92 - - [22/Nov/2022:05:42:59 -0500] "HEAD / HTTP/1.1" 200 -
172.22.2.4 - - [22/Nov/2022:05:42:57 -0500] "GET /BLA/boletinlegal/ HTTP/1.1" 200 24523
201.245.192.253 - - [22/Nov/2022:05:47:00 -0500] "POST /kwsrmcab/Wsrmcab  HTTP/1.1" 200 42393
172.22.2.4 - - [22/Nov/2022:05:45:55 -0500] "HEAD /BLA/boletinlegal/ HTTP/1.1" 200 -
216.245.221.92 - - [22/Nov/2022:05:47:59 -0500] "HEAD / HTTP/1.1" 200 -
172.22.2.4 - - [22/Nov/2022:05:46:45 -0500] "GET /BLA/boletinlegal/ HTTP/1.1" 200 59779
80.94.92.40 - - [22/Nov/2022:05:49:01 -0500] "GET / HTTP/1.1" 200 319
66.249.73.127 - - [22/Nov/2022:05:50:01 -0500] "-" 408 -
201.245.192.253 - - [22/Nov/2022:05:51:59 -0500] "POST /kwsrmcab/Wsrmcab  HTTP/1.1" 200 42393
216.245.221.92 - - [22/Nov/2022:05:52:59 -0500] "HEAD / HTTP/1.1" 200 -
40.77.167.58 - - [22/Nov/2022:05:53:09 -0500] "GET /galeria/galeria/fotos/Humedal-la-Isla2G.jpg HTTP/1.1" 200 207490
172.22.2.4 - - [22/Nov/2022:05:51:45 -0500] "HEAD /BLA/boletinlegal/ HTTP/1.1" 200 -
172.22.2.4 - - [22/Nov/2022:05:52:35 -0500] "GET /BLA/boletinlegal/ HTTP/1.1" 200 57824
4.14.70.9 - - [22/Nov/2022:05:54:37 -0500] "GET /.env HTTP/1.1" 404 1018
4.14.70.9 - - [22/Nov/2022:05:54:38 -0500] "POST / HTTP/1.1" 200 319
66.249.73.127 - - [22/Nov/2022:05:56:00 -0500] "-" 408 -
201.245.192.253 - - [22/Nov/2022:05:56:58 -0500] "POST /kwsrmcab/Wsrmcab  HTTP/1.1" 200 42393
40.77.167.13 - - [22/Nov/2022:05:57:02 -0500] "GET /BLA/resoluciones/RESOLUCIONES%202006/RES%202006%201-50/00000050.tif HTTP/1.1" 200 39256
181.53.12.24 - - [22/Nov/2022:05:57:19 -0500] "GET /BLA/resoluciones/RESOLUCIONES%202018/0346.pdf HTTP/1.1" 200 335587
181.53.12.24 - - [22/Nov/2022:05:57:19 -0500] "GET /BLA/resoluciones/RESOLUCIONES%202018/0346.pdf HTTP/1.1" 200 335587
216.245.221.92 - - [22/Nov/2022:05:57:59 -0500] "HEAD / HTTP/1.1" 200 -
185.119.81.107 - - [22/Nov/2022:05:58:19 -0500] "GET /portaldeninos/wp-login.php HTTP/1.1" 200 2592
185.119.81.107 - - [22/Nov/2022:05:58:20 -0500] "POST /portaldeninos/wp-login.php HTTP/1.1" 200 3605
172.22.2.4 - - [22/Nov/2022:05:57:35 -0500] "HEAD /BLA/boletinlegal/ HTTP/1.1" 200 -
172.22.2.4 - - [22/Nov/2022:05:59:29 -0500] "GET /BLA/boletinlegal/Directivas/2018/Directiva%20No.%2026%20del%2028%20de%20diciembre%20de%202018.pdf HTTP/1.1" 304 -
172.22.2.4 - - [22/Nov/2022:05:58:25 -0500] "GET /BLA/boletinlegal/ HTTP/1.1" 200 57192
172.22.2.4 - - [22/Nov/2022:06:00:38 -0500] "GET /BLA/boletinlegal/actos.php HTTP/1.1" 200 9566
43.134.22.252 - - [22/Nov/2022:06:00:42 -0500] "GET /galeria/galeria/fotos/2CaminataP5.jpg HTTP/1.1" 200 28121
128.14.136.18 - - [22/Nov/2022:06:01:15 -0500] "GET /portaldeninos/ HTTP/1.1" 200 110197
66.249.73.127 - - [22/Nov/2022:06:01:57 -0500] "-" 408 -
201.245.192.253 - - [22/Nov/2022:06:01:57 -0500] "POST /kwsrmcab/Wsrmcab  HTTP/1.1" 200 42393
216.245.221.92 - - [22/Nov/2022:06:02:59 -0500] "HEAD / HTTP/1.1" 200 -
185.119.81.109 - - [22/Nov/2022:06:03:27 -0500] "GET /portaldeninos/wp-login.php HTTP/1.1" 200 2592
185.119.81.109 - - [22/Nov/2022:06:03:28 -0500] "POST /portaldeninos/wp-login.php HTTP/1.1" 200 3605
192.241.196.182 - - [22/Nov/2022:06:04:18 -0500] "MGLNDD_190.27.245.106_80" 501 953
172.22.2.4 - - [22/Nov/2022:06:03:25 -0500] "HEAD /BLA/boletinlegal/ HTTP/1.1" 200 -
190.27.85.114 - - [22/Nov/2022:06:05:51 -0500] "GET /sipse/faces/presentacion/financiero/solicitudAnulacion/solicitudAnulacion.xhtml HTTP/1.1" 302 -
190.27.85.114 - - [22/Nov/2022:06:05:51 -0500] "GET /sipse/faces/autenticacion.xhtml HTTP/1.1" 200 12182
190.27.85.114 - - [22/Nov/2022:06:05:51 -0500] "GET /sipse/faces/javax.faces.resource/theme.css?ln=primefaces-sipse HTTP/1.1" 304 -
190.27.85.114 - - [22/Nov/2022:06:05:51 -0500] "GET /sipse/faces/javax.faces.resource/primefaces.css?ln=primefaces&v=4.0 HTTP/1.1" 304 -
190.27.85.114 - - [22/Nov/2022:06:05:51 -0500] "GET /sipse/faces/javax.faces.resource/layout/layout.css?ln=primefaces&v=4.0 HTTP/1.1" 304 -
190.27.85.114 - - [22/Nov/2022:06:05:51 -0500] "GET /sipse/faces/javax.faces.resource/jquery/jquery.js?ln=primefaces&v=4.0 HTTP/1.1" 304 -
190.27.85.114 - - [22/Nov/2022:06:05:52 -0500] "GET /sipse/faces/javax.faces.resource/jquery/jquery-plugins.js?ln=primefaces&v=4.0 HTTP/1.1" 304 -
190.27.85.114 - - [22/Nov/2022:06:05:52 -0500] "GET /sipse/faces/javax.faces.resource/primefaces.js?ln=primefaces&v=4.0 HTTP/1.1" 304 -
190.27.85.114 - - [22/Nov/2022:06:05:52 -0500] "GET /sipse/faces/javax.faces.resource/layout/layout.js?ln=primefaces&v=4.0 HTTP/1.1" 304 -
190.27.85.114 - - [22/Nov/2022:06:05:52 -0500] "GET /sipse/faces/javax.faces.resource/images/ui-icons_898989_256x240.png?ln=primefaces-aristo HTTP/1.1" 304 -
190.27.85.114 - - [22/Nov/2022:06:05:52 -0500] "GET /sipse/faces/index.xhtml HTTP/1.1" 200 677
190.27.85.114 - - [22/Nov/2022:06:05:52 -0500] "GET /sipse/faces/javax.faces.resource/theme.css?ln=primefaces-sipse HTTP/1.1" 304 -
190.27.85.114 - - [22/Nov/2022:06:05:52 -0500] "GET /sipse/faces/faces/autenticacion.xhtml HTTP/1.1" 200 12182
190.27.85.114 - - [22/Nov/2022:06:05:52 -0500] "GET /sipse/faces/javax.faces.resource/theme.css?ln=primefaces-sipse HTTP/1.1" 304 -
190.27.85.114 - - [22/Nov/2022:06:05:52 -0500] "GET /sipse/faces/javax.faces.resource/primefaces.css?ln=primefaces&v=4.0 HTTP/1.1" 304 -
190.27.85.114 - - [22/Nov/2022:06:05:52 -0500] "GET /sipse/faces/javax.faces.resource/layout/layout.css?ln=primefaces&v=4.0 HTTP/1.1" 304 -
190.27.85.114 - - [22/Nov/2022:06:05:52 -0500] "GET /sipse/faces/javax.faces.resource/jquery/jquery.js?ln=primefaces&v=4.0 HTTP/1.1" 304 -
190.27.85.114 - - [22/Nov/2022:06:05:52 -0500] "GET /sipse/faces/javax.faces.resource/jquery/jquery-plugins.js?ln=primefaces&v=4.0 HTTP/1.1" 304 -
190.27.85.114 - - [22/Nov/2022:06:05:52 -0500] "GET /sipse/faces/javax.faces.resource/primefaces.js?ln=primefaces&v=4.0 HTTP/1.1" 304 -
190.27.85.114 - - [22/Nov/2022:06:05:52 -0500] "GET /sipse/faces/javax.faces.resource/layout/layout.js?ln=primefaces&v=4.0 HTTP/1.1" 304 -
172.22.2.4 - - [22/Nov/2022:06:04:15 -0500] "GET /BLA/boletinlegal/ HTTP/1.1" 200 58185
201.245.192.253 - - [22/Nov/2022:06:06:57 -0500] "POST /kwsrmcab/Wsrmcab  HTTP/1.1" 200 42393
152.89.196.211 - - [22/Nov/2022:06:07:37 -0500] "GET /vendor/phpunit/phpunit/src/Util/PHP/eval-stdin.php HTTP/1.1" 404 1018
216.245.221.92 - - [22/Nov/2022:06:07:59 -0500] "HEAD / HTTP/1.1" 200 -
66.249.73.127 - - [22/Nov/2022:06:08:06 -0500] "-" 408 -
136.243.228.197 - - [22/Nov/2022:06:08:10 -0500] "GET /isolucionsda/FrameSetArticulo.asp?Pagina=/IsolucionSDA/bancoconocimiento/R/Resolucion3074del3deJuniode2011/Resolucion3074del3deJuniode2011.asp?IdArticulo=6538 HTTP/1.1" 200 527
192.241.205.24 - - [22/Nov/2022:06:10:38 -0500] "GET /manager/html HTTP/1.1" 404 1018
172.22.2.4 - - [22/Nov/2022:06:09:15 -0500] "HEAD /BLA/boletinlegal/ HTTP/1.1" 200 -
172.22.2.4 - - [22/Nov/2022:06:10:05 -0500] "GET /BLA/boletinlegal/ HTTP/1.1" 200 55272
201.245.192.253 - - [22/Nov/2022:06:11:56 -0500] "POST /kwsrmcab/Wsrmcab  HTTP/1.1" 200 42393
216.245.221.92 - - [22/Nov/2022:06:12:59 -0500] "HEAD / HTTP/1.1" 200 -
141.255.166.2 - - [22/Nov/2022:06:13:04 -0500] "GET / HTTP/1.1" 200 319
69.171.249.9 - - [22/Nov/2022:06:13:34 -0500] "GET /semana-ecoempresarial-herramientas-para-que-el-sector-economico-de-bogota-pueda-tener-un-crecimiento-verde.html HTTP/1.1" 206 918
69.171.249.118 - - [22/Nov/2022:06:13:34 -0500] "GET /semana-ecoempresarial-herramientas-para-que-el-sector-economico-de-bogota-pueda-tener-un-crecimiento-verde.html HTTP/1.1" 206 918
69.171.249.118 - - [22/Nov/2022:06:13:34 -0500] "GET /semana-ecoempresarial-herramientas-para-que-el-sector-economico-de-bogota-pueda-tener-un-crecimiento-verde.html HTTP/1.1" 206 918
66.249.73.127 - - [22/Nov/2022:06:13:54 -0500] "-" 408 -
172.22.2.4 - - [22/Nov/2022:06:13:56 -0500] "GET /BLA/boletinlegal/actos.php HTTP/1.1" 200 9566
185.119.81.106 - - [22/Nov/2022:06:14:52 -0500] "GET /portaldeninos/wp-login.php HTTP/1.1" 200 2592
185.119.81.106 - - [22/Nov/2022:06:14:53 -0500] "POST /portaldeninos/wp-login.php HTTP/1.1" 200 3605
172.22.2.4 - - [22/Nov/2022:06:15:05 -0500] "HEAD /BLA/boletinlegal/ HTTP/1.1" 200 -
201.245.192.253 - - [22/Nov/2022:06:16:55 -0500] "POST /kwsrmcab/Wsrmcab  HTTP/1.1" 200 42393
43.134.60.60 - - [22/Nov/2022:06:17:35 -0500] "GET /galeria/galeria/fotos/2CaminataP5.jpg HTTP/1.1" 200 28121
172.22.2.4 - - [22/Nov/2022:06:15:55 -0500] "GET /BLA/boletinlegal/ HTTP/1.1" 200 59404
216.245.221.92 - - [22/Nov/2022:06:17:59 -0500] "HEAD / HTTP/1.1" 200 -
66.249.73.127 - - [22/Nov/2022:06:19:33 -0500] "-" 408 -
185.119.81.109 - - [22/Nov/2022:06:19:33 -0500] "GET /portaldeninos/wp-login.php HTTP/1.1" 200 2592
185.119.81.109 - - [22/Nov/2022:06:19:34 -0500] "POST /portaldeninos/wp-login.php HTTP/1.1" 200 3605
69.171.249.14 - - [22/Nov/2022:06:20:25 -0500] "GET /proyecto-de-eficiencia-energetica-y-energia-solar-para-entidades-publicas-de-bogota-recibira-apoyo-de-c40.html HTTP/1.1" 206 890
173.252.111.18 - - [22/Nov/2022:06:20:26 -0500] "GET /images/energia-eficiencia-26-mayo.jpg HTTP/1.1" 200 46417
207.46.13.194 - - [22/Nov/2022:06:20:30 -0500] "GET /Publicaciones/2022EE240866.pdf HTTP/1.1" 404 228
69.171.249.21 - - [22/Nov/2022:06:20:31 -0500] "GET /si-estas-buscando-productos-y-servicios-sostenibles-participa-en-la-feria-de-negocios-verdes-en-bogota.html HTTP/1.1" 206 996
173.252.83.2 - - [22/Nov/2022:06:20:32 -0500] "GET /images/negocios-verdes-3-marzo.jpg HTTP/1.1" 200 33179
201.245.192.253 - - [22/Nov/2022:06:20:52 -0500] "POST /kwsrmcab/Wsrmcab HTTP/1.1" 200 42033
201.245.192.253 - - [22/Nov/2022:06:20:54 -0500] "POST /kwsrmcab/Wsrmcab HTTP/1.1" 200 43803
201.245.192.253 - - [22/Nov/2022:06:21:54 -0500] "POST /kwsrmcab/Wsrmcab  HTTP/1.1" 200 42393
172.22.2.4 - - [22/Nov/2022:06:20:55 -0500] "HEAD /BLA/boletinlegal/ HTTP/1.1" 200 -
216.245.221.92 - - [22/Nov/2022:06:22:59 -0500] "HEAD / HTTP/1.1" 200 -
172.22.2.4 - - [22/Nov/2022:06:21:45 -0500] "GET /BLA/boletinlegal/ HTTP/1.1" 200 59779
69.171.249.20 - - [22/Nov/2022:06:24:00 -0500] "GET /images/Junio%2002-experiencias-jardines-verticales-sda.jpeg HTTP/1.1" 200 31171
66.249.73.127 - - [22/Nov/2022:06:25:15 -0500] "-" 408 -
185.119.81.99 - - [22/Nov/2022:06:25:17 -0500] "GET /portaldeninos/wp-login.php HTTP/1.1" 200 2592
185.119.81.99 - - [22/Nov/2022:06:25:18 -0500] "POST /portaldeninos/wp-login.php HTTP/1.1" 200 3670
201.245.192.253 - - [22/Nov/2022:06:26:53 -0500] "POST /kwsrmcab/Wsrmcab  HTTP/1.1" 200 42393
216.245.221.92 - - [22/Nov/2022:06:27:59 -0500] "HEAD / HTTP/1.1" 200 -
172.22.2.4 - - [22/Nov/2022:06:26:45 -0500] "HEAD /BLA/boletinlegal/ HTTP/1.1" 200 -
172.22.2.4 - - [22/Nov/2022:06:27:35 -0500] "GET /BLA/boletinlegal/ HTTP/1.1" 200 59404
201.245.192.253 - - [22/Nov/2022:06:30:52 -0500] "POST /kwsrmcab/Wsrmcab HTTP/1.1" 200 42033
201.245.192.253 - - [22/Nov/2022:06:30:55 -0500] "POST /kwsrmcab/Wsrmcab HTTP/1.1" 200 43803
66.249.73.127 - - [22/Nov/2022:06:31:18 -0500] "-" 408 -
201.245.192.253 - - [22/Nov/2022:06:31:51 -0500] "POST /kwsrmcab/Wsrmcab  HTTP/1.1" 200 42393
216.245.221.92 - - [22/Nov/2022:06:32:59 -0500] "HEAD / HTTP/1.1" 200 -
52.12.184.232 - - [22/Nov/2022:06:33:48 -0500] "-" 408 -
172.22.2.4 - - [22/Nov/2022:06:32:35 -0500] "HEAD /BLA/boletinlegal/ HTTP/1.1" 200 -
172.22.2.4 - - [22/Nov/2022:06:33:28 -0500] "GET /BLA/boletinlegal/ HTTP/1.1" 200 32715
185.119.81.106 - - [22/Nov/2022:06:34:37 -0500] "GET /portaldeninos/wp-login.php HTTP/1.1" 200 2592
185.119.81.106 - - [22/Nov/2022:06:34:38 -0500] "POST /portaldeninos/wp-login.php HTTP/1.1" 200 3670
172.22.2.4 - - [22/Nov/2022:06:33:25 -0500] "GET /BLA/boletinlegal/ HTTP/1.1" 200 56474
185.119.81.104 - - [22/Nov/2022:06:35:15 -0500] "GET /portaldeninos/wp-login.php HTTP/1.1" 200 2592
185.119.81.104 - - [22/Nov/2022:06:35:16 -0500] "POST /portaldeninos/wp-login.php HTTP/1.1" 200 3670
201.245.192.253 - - [22/Nov/2022:06:36:50 -0500] "POST /kwsrmcab/Wsrmcab  HTTP/1.1" 200 42393
66.249.73.127 - - [22/Nov/2022:06:37:17 -0500] "-" 408 -
216.245.221.92 - - [22/Nov/2022:06:37:59 -0500] "HEAD / HTTP/1.1" 200 -
172.22.2.4 - - [22/Nov/2022:06:38:25 -0500] "HEAD /BLA/boletinlegal/ HTTP/1.1" 200 -
201.245.192.253 - - [22/Nov/2022:06:40:51 -0500] "POST /kwsrmcab/Wsrmcab HTTP/1.1" 200 42033
172.22.2.4 - - [22/Nov/2022:06:39:15 -0500] "GET /BLA/boletinlegal/ HTTP/1.1" 200 58612
201.245.192.253 - - [22/Nov/2022:06:40:54 -0500] "POST /kwsrmcab/Wsrmcab HTTP/1.1" 200 43803
201.245.192.253 - - [22/Nov/2022:06:41:49 -0500] "POST /kwsrmcab/Wsrmcab  HTTP/1.1" 200 42393
216.245.221.92 - - [22/Nov/2022:06:42:59 -0500] "HEAD / HTTP/1.1" 200 -
66.249.73.127 - - [22/Nov/2022:06:43:38 -0500] "-" 408 -
172.22.2.4 - - [22/Nov/2022:06:44:15 -0500] "HEAD /BLA/boletinlegal/ HTTP/1.1" 200 -
40.77.167.13 - - [22/Nov/2022:06:46:26 -0500] "GET /BLA/boletinlegal/images/cabezote%20BLEGAL.jpg HTTP/1.1" 200 118164
172.22.2.4 - - [22/Nov/2022:06:45:05 -0500] "GET /BLA/boletinlegal/ HTTP/1.1" 200 59779
201.245.192.253 - - [22/Nov/2022:06:46:48 -0500] "POST /kwsrmcab/Wsrmcab  HTTP/1.1" 200 42393
216.245.221.92 - - [22/Nov/2022:06:47:59 -0500] "HEAD / HTTP/1.1" 200 -
186.168.158.20 - - [22/Nov/2022:06:49:08 -0500] "GET /galeria/galeria/jquery.fancybox.css?v=2.1.5 HTTP/1.1" 200 4895
186.168.158.20 - - [22/Nov/2022:06:49:08 -0500] "GET /galeria/galeria/jquery.fancybox.js?v=2.1.5 HTTP/1.1" 200 48706
186.168.158.20 - - [22/Nov/2022:06:49:08 -0500] "GET /BLA/boletinlegal/js/jquery.scrollShow.js HTTP/1.1" 200 4586
66.249.73.127 - - [22/Nov/2022:06:50:35 -0500] "-" 408 -
190.26.164.133 - - [22/Nov/2022:06:51:38 -0500] "GET /BLA/resoluciones/ HTTP/1.1" 200 13093
190.26.164.133 - - [22/Nov/2022:06:51:43 -0500] "GET /BLA/resoluciones/index.php?dir=AUTOS+2014%2F HTTP/1.1" 200 884658
172.22.2.4 - - [22/Nov/2022:06:50:05 -0500] "HEAD /BLA/boletinlegal/ HTTP/1.1" 200 -
201.245.192.253 - - [22/Nov/2022:06:51:46 -0500] "POST /kwsrmcab/Wsrmcab  HTTP/1.1" 200 42393
172.22.2.4 - - [22/Nov/2022:06:50:55 -0500] "GET /BLA/boletinlegal/ HTTP/1.1" 200 58185
216.245.221.92 - - [22/Nov/2022:06:52:59 -0500] "HEAD / HTTP/1.1" 200 -
207.46.13.194 - - [22/Nov/2022:06:53:42 -0500] "GET /BLA/resoluciones/RESOLUCIONES%202014/1961.pdf HTTP/1.1" 200 615041
201.245.192.253 - - [22/Nov/2022:06:56:45 -0500] "POST /kwsrmcab/Wsrmcab  HTTP/1.1" 200 42393
172.22.2.4 - - [22/Nov/2022:06:55:55 -0500] "HEAD /BLA/boletinlegal/ HTTP/1.1" 200 -
216.245.221.92 - - [22/Nov/2022:06:57:59 -0500] "HEAD / HTTP/1.1" 200 -
172.22.2.4 - - [22/Nov/2022:06:56:45 -0500] "GET /BLA/boletinlegal/ HTTP/1.1" 200 60277
172.22.2.4 - - [22/Nov/2022:06:58:30 -0500] "GET /BLA/boletinlegal/jurisprudencia/analisis/AnalisisC-746-12.docx HTTP/1.1" 200 22637
66.249.73.127 - - [22/Nov/2022:06:59:27 -0500] "-" 408 -
172.22.2.4 - - [22/Nov/2022:06:59:52 -0500] "GET /BLA/boletinlegal/ HTTP/1.1" 200 63221
185.119.81.99 - - [22/Nov/2022:07:01:38 -0500] "GET /portaldeninos/wp-login.php HTTP/1.1" 200 2592
185.119.81.99 - - [22/Nov/2022:07:01:39 -0500] "POST /portaldeninos/wp-login.php HTTP/1.1" 200 3670
201.245.192.253 - - [22/Nov/2022:07:01:44 -0500] "POST /kwsrmcab/Wsrmcab  HTTP/1.1" 200 42393
185.119.81.99 - - [22/Nov/2022:07:02:47 -0500] "GET /portaldeninos/wp-login.php HTTP/1.1" 200 2592
185.119.81.99 - - [22/Nov/2022:07:02:48 -0500] "POST /portaldeninos/wp-login.php HTTP/1.1" 200 3605
216.245.221.92 - - [22/Nov/2022:07:02:59 -0500] "HEAD / HTTP/1.1" 200 -
172.22.2.4 - - [22/Nov/2022:07:01:45 -0500] "HEAD /BLA/boletinlegal/ HTTP/1.1" 200 -
172.22.2.4 - - [22/Nov/2022:07:02:35 -0500] "GET /BLA/boletinlegal/ HTTP/1.1" 200 56825
201.245.192.253 - - [22/Nov/2022:07:06:43 -0500] "POST /kwsrmcab/Wsrmcab  HTTP/1.1" 200 42393
190.90.132.174 - - [22/Nov/2022:07:06:50 -0500] "GET /BLA/boletinlegal/js/jquery.scrollShow.js HTTP/1.1" 200 4586
190.90.132.174 - - [22/Nov/2022:07:06:50 -0500] "GET /galeria/galeria/jquery.fancybox.css?v=2.1.5 HTTP/1.1" 200 4895
190.90.132.174 - - [22/Nov/2022:07:06:50 -0500] "GET /galeria/galeria/jquery.fancybox.js?v=2.1.5 HTTP/1.1" 200 48706
216.245.221.92 - - [22/Nov/2022:07:07:59 -0500] "HEAD / HTTP/1.1" 200 -
172.22.2.4 - - [22/Nov/2022:07:07:35 -0500] "HEAD /BLA/boletinlegal/ HTTP/1.1" 200 -
172.22.2.4 - - [22/Nov/2022:07:08:25 -0500] "GET /BLA/boletinlegal/ HTTP/1.1" 200 59779
201.245.192.253 - - [22/Nov/2022:07:11:42 -0500] "POST /kwsrmcab/Wsrmcab  HTTP/1.1" 200 42393
216.245.221.92 - - [22/Nov/2022:07:12:59 -0500] "HEAD / HTTP/1.1" 200 -
185.119.81.109 - - [22/Nov/2022:07:13:21 -0500] "GET /portaldeninos/wp-login.php HTTP/1.1" 200 2592
185.119.81.109 - - [22/Nov/2022:07:13:22 -0500] "POST /portaldeninos/wp-login.php HTTP/1.1" 200 3670
172.22.2.4 - - [22/Nov/2022:07:13:25 -0500] "HEAD /BLA/boletinlegal/ HTTP/1.1" 200 -
172.22.2.4 - - [22/Nov/2022:07:14:15 -0500] "GET /BLA/boletinlegal/ HTTP/1.1" 200 59779
172.22.2.1 - - [22/Nov/2022:07:16:18 -0500] "GET /reportes_sipse/sdg/ServletViabilidad?reporte=memo_viabilidad&solicitud=19651 HTTP/1.1" 200 1538
172.22.2.1 - - [22/Nov/2022:07:16:40 -0500] "GET /reportes_sipse/sdg/ServletViabilidad?reporte=memo_viabilidad&solicitud=19561 HTTP/1.1" 200 1538
201.245.192.253 - - [22/Nov/2022:07:16:41 -0500] "POST /kwsrmcab/Wsrmcab  HTTP/1.1" 200 42393
201.245.192.253 - - [22/Nov/2022:07:17:12 -0500] "GET /sipse/faces/faces/autenticacion.xhtml HTTP/1.1" 200 12504
201.245.192.253 - - [22/Nov/2022:07:17:12 -0500] "GET /sipse/faces/javax.faces.resource/theme.css?ln=primefaces-sipse HTTP/1.1" 304 -
201.245.192.253 - - [22/Nov/2022:07:17:12 -0500] "GET /sipse/faces/javax.faces.resource/layout/layout.css;jsessionid=3w8VKFU-uDaUHWIs0s3xWGfw.undefined?ln=primefaces&v=4.0 HTTP/1.1" 200 542
201.245.192.253 - - [22/Nov/2022:07:17:12 -0500] "GET /sipse/faces/javax.faces.resource/layout/layout.js;jsessionid=3w8VKFU-uDaUHWIs0s3xWGfw.undefined?ln=primefaces&v=4.0 HTTP/1.1" 200 87560
201.245.192.253 - - [22/Nov/2022:07:17:12 -0500] "GET /sipse/faces/javax.faces.resource/primefaces.css;jsessionid=3w8VKFU-uDaUHWIs0s3xWGfw.undefined?ln=primefaces&v=4.0 HTTP/1.1" 200 53295
201.245.192.253 - - [22/Nov/2022:07:17:12 -0500] "GET /sipse/faces/javax.faces.resource/jquery/jquery.js;jsessionid=3w8VKFU-uDaUHWIs0s3xWGfw.undefined?ln=primefaces&v=4.0 HTTP/1.1" 200 105384
201.245.192.253 - - [22/Nov/2022:07:17:12 -0500] "GET /sipse/faces/javax.faces.resource/jquery/jquery-plugins.js;jsessionid=3w8VKFU-uDaUHWIs0s3xWGfw.undefined?ln=primefaces&v=4.0 HTTP/1.1" 200 220526
201.245.192.253 - - [22/Nov/2022:07:17:12 -0500] "GET /sipse/faces/javax.faces.resource/primefaces.js;jsessionid=3w8VKFU-uDaUHWIs0s3xWGfw.undefined?ln=primefaces&v=4.0 HTTP/1.1" 200 276924
201.245.192.253 - - [22/Nov/2022:07:17:13 -0500] "GET /sipse/faces/javax.faces.resource/images/ui-icons_898989_256x240.png?ln=primefaces-aristo HTTP/1.1" 304 -
201.245.192.253 - - [22/Nov/2022:07:17:13 -0500] "GET /sipse/faces/faces/index.xhtml HTTP/1.1" 200 677
201.245.192.253 - - [22/Nov/2022:07:17:13 -0500] "GET /sipse/faces/javax.faces.resource/theme.css?ln=primefaces-sipse HTTP/1.1" 304 -
201.245.192.253 - - [22/Nov/2022:07:17:13 -0500] "GET /sipse/faces/faces/faces/autenticacion.xhtml HTTP/1.1" 200 12182
201.245.192.253 - - [22/Nov/2022:07:17:13 -0500] "GET /sipse/faces/javax.faces.resource/theme.css?ln=primefaces-sipse HTTP/1.1" 304 -
201.245.192.253 - - [22/Nov/2022:07:17:13 -0500] "GET /sipse/faces/javax.faces.resource/jquery/jquery.js?ln=primefaces&v=4.0 HTTP/1.1" 304 -
201.245.192.253 - - [22/Nov/2022:07:17:13 -0500] "GET /sipse/faces/javax.faces.resource/layout/layout.css?ln=primefaces&v=4.0 HTTP/1.1" 200 542
201.245.192.253 - - [22/Nov/2022:07:17:13 -0500] "GET /sipse/faces/javax.faces.resource/jquery/jquery-plugins.js?ln=primefaces&v=4.0 HTTP/1.1" 304 -
201.245.192.253 - - [22/Nov/2022:07:17:13 -0500] "GET /sipse/faces/javax.faces.resource/primefaces.js?ln=primefaces&v=4.0 HTTP/1.1" 304 -
201.245.192.253 - - [22/Nov/2022:07:17:13 -0500] "GET /sipse/faces/javax.faces.resource/layout/layout.js?ln=primefaces&v=4.0 HTTP/1.1" 304 -
201.245.192.253 - - [22/Nov/2022:07:17:13 -0500] "GET /sipse/faces/javax.faces.resource/primefaces.css?ln=primefaces&v=4.0 HTTP/1.1" 200 53295
201.245.192.253 - - [22/Nov/2022:07:17:13 -0500] "GET /sipse/faces/javax.faces.resource/images/ui-icons_898989_256x240.png?ln=primefaces-aristo HTTP/1.1" 304 -
201.245.192.253 - - [22/Nov/2022:07:17:15 -0500] "POST /sipse/faces/autenticacion.xhtml HTTP/1.1" 200 11168
201.245.192.253 - - [22/Nov/2022:07:17:15 -0500] "GET /sipse/css/custom_css_sg_prime.css HTTP/1.1" 200 5201
201.245.192.253 - - [22/Nov/2022:07:17:15 -0500] "GET /sipse/faces/javax.faces.resource/jquery/jquery.js?ln=primefaces&v=4.0 HTTP/1.1" 304 -
201.245.192.253 - - [22/Nov/2022:07:17:15 -0500] "GET /sipse/faces/javax.faces.resource/jquery/jquery-plugins.js?ln=primefaces&v=4.0 HTTP/1.1" 304 -
201.245.192.253 - - [22/Nov/2022:07:17:15 -0500] "GET /sipse/faces/javax.faces.resource/primefaces.js?ln=primefaces&v=4.0 HTTP/1.1" 304 -
201.245.192.253 - - [22/Nov/2022:07:17:15 -0500] "GET /sipse/faces/javax.faces.resource/layout/layout.js?ln=primefaces&v=4.0 HTTP/1.1" 304 -
201.245.192.253 - - [22/Nov/2022:07:17:15 -0500] "GET /sipse/faces/javax.faces.resource/messages/messages.png?ln=primefaces&v=4.0 HTTP/1.1" 200 27209
201.245.192.253 - - [22/Nov/2022:07:17:18 -0500] "POST /sipse/faces/presentacion/sistema/seguridad/seleccionRol.xhtml HTTP/1.1" 200 5600
201.245.192.253 - - [22/Nov/2022:07:17:19 -0500] "POST /sipse/faces/presentacion/sistema/seguridad/seleccionRol.xhtml HTTP/1.1" 200 17462
201.245.192.253 - - [22/Nov/2022:07:17:20 -0500] "GET /sipse/faces/javax.faces.resource/jquery/jquery.js?ln=primefaces&v=4.0 HTTP/1.1" 304 -
201.245.192.253 - - [22/Nov/2022:07:17:20 -0500] "GET /sipse/faces/javax.faces.resource/jquery/jquery-plugins.js?ln=primefaces&v=4.0 HTTP/1.1" 304 -
201.245.192.253 - - [22/Nov/2022:07:17:20 -0500] "GET /sipse/faces/javax.faces.resource/primefaces.js?ln=primefaces&v=4.0 HTTP/1.1" 304 -
201.245.192.253 - - [22/Nov/2022:07:17:20 -0500] "GET /sipse/faces/javax.faces.resource/layout/layout.js?ln=primefaces&v=4.0 HTTP/1.1" 304 -
201.245.192.253 - - [22/Nov/2022:07:17:20 -0500] "GET /sipse/imagenes/cargando.gif HTTP/1.1" 200 15714
201.245.192.253 - - [22/Nov/2022:07:17:20 -0500] "GET /sipse/imagenes/logoAplicacion.jpg HTTP/1.1" 200 19183
201.245.192.253 - - [22/Nov/2022:07:17:20 -0500] "GET /sipse/css/imagen/contrasena.png HTTP/1.1" 404 383
185.119.81.109 - - [22/Nov/2022:07:17:20 -0500] "GET /portaldeninos/wp-login.php HTTP/1.1" 200 2592
201.245.192.253 - - [22/Nov/2022:07:17:21 -0500] "GET /sipse/faces/javax.faces.resource/images/ui-bg_flat_0_2d5972_40x100.png?ln=primefaces-aristo HTTP/1.1" 200 183
201.245.192.253 - - [22/Nov/2022:07:17:21 -0500] "POST /sipse/faces/bienvenido.xhtml HTTP/1.1" 200 3843
185.119.81.109 - - [22/Nov/2022:07:17:21 -0500] "POST /portaldeninos/wp-login.php HTTP/1.1" 200 3650
201.245.192.253 - - [22/Nov/2022:07:17:23 -0500] "POST /sipse/faces/bienvenido.xhtml HTTP/1.1" 200 66437
201.245.192.253 - - [22/Nov/2022:07:17:23 -0500] "GET /sipse/faces/javax.faces.resource/jquery/jquery.js?ln=primefaces&v=4.0 HTTP/1.1" 304 -
201.245.192.253 - - [22/Nov/2022:07:17:24 -0500] "GET /sipse/faces/javax.faces.resource/jquery/jquery-plugins.js?ln=primefaces&v=4.0 HTTP/1.1" 304 -
201.245.192.253 - - [22/Nov/2022:07:17:24 -0500] "GET /sipse/faces/javax.faces.resource/primefaces.js?ln=primefaces&v=4.0 HTTP/1.1" 304 -
201.245.192.253 - - [22/Nov/2022:07:17:24 -0500] "GET /sipse/faces/javax.faces.resource/layout/layout.js?ln=primefaces&v=4.0 HTTP/1.1" 304 -
201.245.192.253 - - [22/Nov/2022:07:17:24 -0500] "POST /sipse/faces/presentacion/financiero/solicitudProceso/listarSolicitudProceso.xhtml HTTP/1.1" 200 1560
216.245.221.92 - - [22/Nov/2022:07:17:59 -0500] "HEAD / HTTP/1.1" 200 -
201.245.192.253 - - [22/Nov/2022:07:18:14 -0500] "POST /sipse/faces/presentacion/financiero/solicitudProceso/listarSolicitudProceso.xhtml HTTP/1.1" 200 10899
201.245.192.253 - - [22/Nov/2022:07:20:51 -0500] "POST /kwsrmcab/Wsrmcab HTTP/1.1" 200 41933
172.22.2.4 - - [22/Nov/2022:07:19:15 -0500] "HEAD /BLA/boletinlegal/ HTTP/1.1" 200 -
201.245.192.253 - - [22/Nov/2022:07:20:54 -0500] "POST /kwsrmcab/Wsrmcab HTTP/1.1" 200 43799
190.240.162.121 - - [22/Nov/2022:07:21:22 -0500] "GET /BLA/resoluciones/dlf/styles.css HTTP/1.1" 200 3049
190.240.162.121 - - [22/Nov/2022:07:21:22 -0500] "GET /BLA/resoluciones/dlf/dirup.png HTTP/1.1" 200 644
190.240.162.121 - - [22/Nov/2022:07:21:22 -0500] "GET /BLA/resoluciones/dlf/pdf.gif HTTP/1.1" 200 272
190.240.162.121 - - [22/Nov/2022:07:21:22 -0500] "GET /BLA/resoluciones/dlf/bg.gif HTTP/1.1" 200 54
190.240.162.121 - - [22/Nov/2022:07:21:21 -0500] "GET /BLA/resoluciones/index.php?dir=AUTOS+2014%2F HTTP/1.1" 200 884658
190.240.162.121 - - [22/Nov/2022:07:21:23 -0500] "GET /BLA/resoluciones/dlf/unknown.png HTTP/1.1" 200 266
157.55.39.39 - - [22/Nov/2022:07:21:22 -0500] "GET /BLA/resoluciones/index.php?dir=AUTOS+2019%2F HTTP/1.1" 200 349177
201.245.192.253 - - [22/Nov/2022:07:21:40 -0500] "POST /kwsrmcab/Wsrmcab  HTTP/1.1" 200 42393
172.22.2.4 - - [22/Nov/2022:07:20:05 -0500] "GET /BLA/boletinlegal/ HTTP/1.1" 200 59779
207.46.13.194 - - [22/Nov/2022:07:22:54 -0500] "GET /BLA/resoluciones/RESOLUCIONES%202005/1275.tif HTTP/1.1" 200 289474
216.245.221.92 - - [22/Nov/2022:07:22:59 -0500] "HEAD / HTTP/1.1" 200 -
201.245.192.253 - - [22/Nov/2022:07:23:02 -0500] "POST /sipse/faces/presentacion/financiero/solicitudProceso/listarSolicitudProceso.xhtml HTTP/1.1" 200 113246
201.245.192.253 - - [22/Nov/2022:07:23:03 -0500] "GET /sipse/faces/javax.faces.resource/jquery/jquery.js?ln=primefaces&v=4.0 HTTP/1.1" 304 -
