!C99Shell v. 1.0 pre-release build #13!

Software: Apache. PHP/5.5.15 

uname -a: Windows NT SVR-DMZ 6.1 build 7600 (Windows Server 2008 R2 Enterprise Edition) i586 

SYSTEM 

Safe-mode: OFF (not secure)

E:\nuevo\apache\logs\   drwxrwxrwx
Free 8.02 GB of 239.26 GB (3.35%)
Detected drives: [ a ] [ c ] [ d ] [ e ] [ f ]
Home    Back    Forward    UPDIR    Refresh    Search    Buffer    Encoder    Tools    Proc.    FTP brute    Sec.    SQL    PHP-code    Update    Feedback    Self remove    Logout    


Viewing file:     access.2022.11.22.log (2.86 MB)      -rw-rw-rw-
Select action/file-type:
(+) | (+) | (+) | Code (+) | Session (+) | (+) | SDB (+) | (+) | (+) | (+) | (+) | (+) |
201.245.192.253 - - [22/Nov/2022:00:01:10 -0500] "POST /kwsrmcab/Wsrmcab  HTTP/1.1" 200 42393
172.22.2.4 - - [22/Nov/2022:00:01:48 -0500] "HEAD /BLA/boletinlegal/ HTTP/1.1" 200 -
172.22.2.4 - - [22/Nov/2022:00:02:38 -0500] "GET /BLA/boletinlegal/ HTTP/1.1" 200 58185
216.245.221.92 - - [22/Nov/2022:00:04:58 -0500] "HEAD / HTTP/1.1" 200 -
66.249.73.127 - - [22/Nov/2022:00:05:05 -0500] "-" 408 -
201.245.192.253 - - [22/Nov/2022:00:06:09 -0500] "POST /kwsrmcab/Wsrmcab  HTTP/1.1" 200 42393
207.46.13.104 - - [22/Nov/2022:00:07:11 -0500] "GET / HTTP/1.1" 200 319
172.22.2.4 - - [22/Nov/2022:00:07:38 -0500] "HEAD /BLA/boletinlegal/ HTTP/1.1" 200 -
216.245.221.92 - - [22/Nov/2022:00:09:58 -0500] "HEAD / HTTP/1.1" 200 -
172.22.2.4 - - [22/Nov/2022:00:08:28 -0500] "GET /BLA/boletinlegal/ HTTP/1.1" 200 58185
201.245.192.253 - - [22/Nov/2022:00:11:08 -0500] "POST /kwsrmcab/Wsrmcab  HTTP/1.1" 200 42393
46.21.74.106 - - [22/Nov/2022:00:13:53 -0500] "GET / HTTP/1.1" 200 319
66.249.73.127 - - [22/Nov/2022:00:13:57 -0500] "-" 408 -
216.245.221.92 - - [22/Nov/2022:00:14:58 -0500] "HEAD / HTTP/1.1" 200 -
172.22.2.4 - - [22/Nov/2022:00:13:28 -0500] "HEAD /BLA/boletinlegal/ HTTP/1.1" 200 -
207.46.13.194 - - [22/Nov/2022:00:15:35 -0500] "GET /BLA/resoluciones/RESOLUCIONES%202021/4048.pdf HTTP/1.1" 200 785153
172.22.2.4 - - [22/Nov/2022:00:14:18 -0500] "GET /BLA/boletinlegal/ HTTP/1.1" 200 51643
201.245.192.253 - - [22/Nov/2022:00:16:06 -0500] "POST /kwsrmcab/Wsrmcab  HTTP/1.1" 200 42393
172.22.2.4 - - [22/Nov/2022:00:15:13 -0500] "GET /BLA/boletinlegal/ HTTP/1.1" 200 60277
40.77.167.13 - - [22/Nov/2022:00:18:41 -0500] "GET /BLA/resoluciones/RESOLUCIONES%202011/6971.pdf HTTP/1.1" 304 -
95.217.144.245 - - [22/Nov/2022:00:19:17 -0500] "-" 408 -
95.217.144.245 - - [22/Nov/2022:00:19:17 -0500] "-" 408 -
95.217.144.245 - - [22/Nov/2022:00:19:17 -0500] "-" 408 -
95.217.144.245 - - [22/Nov/2022:00:19:17 -0500] "-" 408 -
95.217.144.245 - - [22/Nov/2022:00:19:17 -0500] "-" 408 -
95.217.144.249 - - [22/Nov/2022:00:19:19 -0500] "-" 408 -
95.217.145.45 - - [22/Nov/2022:00:19:21 -0500] "-" 408 -
95.217.144.237 - - [22/Nov/2022:00:19:24 -0500] "-" 408 -
95.217.144.236 - - [22/Nov/2022:00:19:32 -0500] "-" 408 -
95.217.145.45 - - [22/Nov/2022:00:19:34 -0500] "-" 408 -
216.245.221.92 - - [22/Nov/2022:00:19:58 -0500] "HEAD / HTTP/1.1" 200 -
66.249.73.127 - - [22/Nov/2022:00:20:19 -0500] "-" 408 -
201.245.192.253 - - [22/Nov/2022:00:20:53 -0500] "POST /kwsrmcab/Wsrmcab HTTP/1.1" 200 41891
201.245.192.253 - - [22/Nov/2022:00:20:56 -0500] "POST /kwsrmcab/Wsrmcab HTTP/1.1" 200 43787
172.22.2.4 - - [22/Nov/2022:00:19:18 -0500] "HEAD /BLA/boletinlegal/ HTTP/1.1" 200 -
201.245.192.253 - - [22/Nov/2022:00:21:05 -0500] "POST /kwsrmcab/Wsrmcab  HTTP/1.1" 200 42393
207.46.13.56 - - [22/Nov/2022:00:21:43 -0500] "GET /atencion-mujeres-que-reverdecen-ya-inicia-la-segunda-fase.html HTTP/1.1" 200 857
172.22.2.4 - - [22/Nov/2022:00:20:08 -0500] "GET /BLA/boletinlegal/ HTTP/1.1" 200 59779
207.46.13.120 - - [22/Nov/2022:00:22:11 -0500] "GET /si-tienes-ropa-y-calzado-que-ya-no-usas-aca-te-presentamos-seis-puntos-a-donde-los-puedes-llevar.html HTTP/1.1" 200 872
185.119.81.107 - - [22/Nov/2022:00:22:26 -0500] "GET /portaldeninos/wp-login.php HTTP/1.1" 200 2592
185.119.81.107 - - [22/Nov/2022:00:22:27 -0500] "POST /portaldeninos/wp-login.php HTTP/1.1" 200 3650
144.217.70.87 - - [22/Nov/2022:00:22:59 -0500] "GET /auambari-deleito-con-sus-sonidos-ambientales-a-los-asistentes-de-fima-2021.html HTTP/1.1" 200 888
185.119.81.99 - - [22/Nov/2022:00:23:20 -0500] "GET /portaldeninos/wp-login.php HTTP/1.1" 200 2592
185.119.81.99 - - [22/Nov/2022:00:23:21 -0500] "POST /portaldeninos/wp-login.php HTTP/1.1" 200 3670
216.245.221.92 - - [22/Nov/2022:00:24:58 -0500] "HEAD / HTTP/1.1" 200 -
66.249.73.127 - - [22/Nov/2022:00:25:59 -0500] "-" 408 -
201.245.192.253 - - [22/Nov/2022:00:26:04 -0500] "POST /kwsrmcab/Wsrmcab  HTTP/1.1" 200 42393
172.22.2.4 - - [22/Nov/2022:00:25:08 -0500] "HEAD /BLA/boletinlegal/ HTTP/1.1" 200 -
172.22.2.4 - - [22/Nov/2022:00:25:58 -0500] "GET /BLA/boletinlegal/ HTTP/1.1" 200 58185
172.22.2.4 - - [22/Nov/2022:00:27:40 -0500] "GET /BLA/boletinlegal/Directivas/2009/Directiva%20No.%20del%2023%20de%20Diciembre%20de%202009.pdf HTTP/1.1" 304 -
207.46.13.194 - - [22/Nov/2022:00:29:26 -0500] "GET /BLA/resoluciones/RESOLUCIONES%202000/2000%202850-2899.tif HTTP/1.1" 200 4291775
216.245.221.92 - - [22/Nov/2022:00:29:58 -0500] "HEAD / HTTP/1.1" 200 -
201.245.192.253 - - [22/Nov/2022:00:30:53 -0500] "POST /kwsrmcab/Wsrmcab HTTP/1.1" 200 41891
201.245.192.253 - - [22/Nov/2022:00:30:55 -0500] "POST /kwsrmcab/Wsrmcab HTTP/1.1" 200 43787
201.245.192.253 - - [22/Nov/2022:00:31:03 -0500] "POST /kwsrmcab/Wsrmcab  HTTP/1.1" 200 42393
186.102.85.144 - - [22/Nov/2022:00:32:05 -0500] "OPTIONS /kwssiamovil/sm/setfile/f? HTTP/1.1" 200 13
186.102.85.144 - - [22/Nov/2022:00:32:05 -0500] "POST /kwssiamovil/sm/setfile/f? HTTP/1.1" 200 381
186.102.85.144 - - [22/Nov/2022:00:32:07 -0500] "OPTIONS /kwssiamovil/sm/setfile/f? HTTP/1.1" 200 13
186.102.85.144 - - [22/Nov/2022:00:32:07 -0500] "POST /kwssiamovil/sm/setfile/f? HTTP/1.1" 200 381
172.22.2.4 - - [22/Nov/2022:00:30:58 -0500] "HEAD /BLA/boletinlegal/ HTTP/1.1" 200 -
66.249.73.127 - - [22/Nov/2022:00:32:54 -0500] "-" 408 -
190.156.185.197 - - [22/Nov/2022:00:33:07 -0500] "GET /BLA/resoluciones/ HTTP/1.1" 200 13093
190.156.185.197 - - [22/Nov/2022:00:33:16 -0500] "GET /BLA/resoluciones/index.php?dir=AUTOS+2022%2F HTTP/1.1" 200 353525
172.22.2.4 - - [22/Nov/2022:00:31:48 -0500] "GET /BLA/boletinlegal/ HTTP/1.1" 200 57192
190.156.185.197 - - [22/Nov/2022:00:33:37 -0500] "GET /BLA/resoluciones/AUTOS%202022/4975.pdf HTTP/1.1" 200 502687
186.102.85.144 - - [22/Nov/2022:00:33:59 -0500] "GET /kwssiamovil/sm/acme/a?s=U2FsdGVkX1+tJoyFr9Coh5sAk18aG/lpa9+t5GaJ3mfWMEUkHjsFv3MdLExjI6QmouSVW5C9yOB5oFTNCiirj62UNnzAmORLMv7JeerU6GeaNtQdmUAHFI7wonGyQ34fnFfc3wnZrGomt9RqcLaLyBGpMouIuUmSG5gt9iH1BP6Q35E1D1jmpw5rwBTUaWCxgMr1VcQPDqpocfJKoLAmg+TMvW7EBGw5CHT0esTbE3UqLlHgp++nnIE3Wfz3kxsd21SymxHYHZplsOYgLqJe/g==&u=U2FsdGVkX1+8fNcP1xkDshQnrq5Uqsl3EOp109rKmoo=&y=U2FsdGVkX18JB3g0B0395n8Uj5GtM1UOuGqDlO9Vf5A= HTTP/1.1" 200 26
186.102.85.144 - - [22/Nov/2022:00:33:59 -0500] "GET /kwssiamovil/sm/acme/a?s=U2FsdGVkX1/Ka9YoJlh9B++TZ/aJMhqZiD+rdOt+RZdu6kdBhscWRBsYbp05s6EYGwwcNu9mlhryt8PRXmHIqx1gTqTNsaf/a01cV1XYsmoeqpPsc4JPt+Q0K8mHRGiuWLUJDtrnl/2nyWV8m5bkFA0awt3o/zbHu/fzC7LnlzhcUBoN/bhuJkobhGy+75cyzl5DuMrPFZvNKLaxNRvNE1WMEUm03lmeheOJQUAqfyF0MIC4DHaBJNEVlSAEJEY70UdU7f8Dhqpa18ZSuhOS7aAlX6M/huPMa/Z7Eo9vglm/iAvqThnvGhZoOPxYeUyRGmzlZhvbARQW+D0Os6JMJjMTiQX6TiM/Q5ecJuB5ygSaaQAZDQSE2uCdsLemShCw8esuHgLPjEReiZdDAoGv54XVI1vN9yR8mDItytjEVoRMCqjN1EFBPlpsRk9843TlMRq1yXp2nd8nmE8mXFLwJygFZ9ZL1e+UxO9QkF5lZoEsO0JUrDl1MtjpoicofBonsUREbms2Sj2QX3KYZPevMaiTboPxSQo+1pS536CUvfd2JzHtnf5h8yR1ygwoFfZPabB+uML6XI70VVGxiaccCDpxcF8sJ+8qdy2hFf57Ysc6Ix5pctNiIqXE4icKbbBzfIEFmvvLpJZU8nAaf7CPyMpxGV7WA8b8JIZKpiojyaU9Mwj6BWxkE7kBNjF65yocIWBwAPL80K7TmzljIfwh6ScySVeS9U6genGmn0+7Mk2FI9/JgO2IJayQ6WrdeHGLh3qtfoRReGuhJrEXip8AQdQTd5PMFbrZJd8iUReo0BvFG7TMhuyrVWp+K0+y0XW5r1EjdNZ/UYPd8EtZ0YsakG1JRzJC2NxN/9jzkhYaqOgBmIcvmcC1r/79vI9b904UV2MoWUyI1d+GxDs4SMwzgPwTRXsmnMI3x8kkvfP95ZlQ8wq8nOhoNL+mUdacAIpUK2O2AItdsYEzyZUvjzrMMnzh3tOnWbFVeQQszr3CJh/TDGGxYiDW0LJ9ZjP2VDGO3SYq8/0d/W+B81i976eUkkdqBsf94B0vDhm4N9W0YOvKhEyJbqGOAfyvYNkZluBL2ULJbpEcvmV7ulMnELn+F8QGDgFbj9YLiN54sjwAXJEYeJjB7fPa1lWGVwzww9x1g+8LjhUIDNZsNnIrHskp4leJKpIgyZl9Ezf49sSq8cIn7YxUoUxBL3sZdp3I8AOyKapGlsaMGswxesajzSWaL19pm5w1iSYMtPSTNZQ/c1CeNZoBAYDYbwOPJV8umaZUngP6XdIxkopS7SBQTClyh01oDGcqE75WdJHUCidAxBt/mQcEQ3yMiiluDeGT06sKgJA1pGYAwRCvkoajGrdYKVJgy36AQpadbOOLsBFJyKy25qrGlqoA6y7HgT5nGoGu6HuQW9TXKObmQQWjuaqnpDnbNuMrnBDc7cH6cywru4trXlViIJEHMDFImejyo9Vwn1LokPROI4SZIKE0atWUEGqInaLosKGbfyNZQ6FqF6jAa+LLYilCZTsZwPiC9dXglGzPvhV4PjmTch+E2hhWLBgVgqtsq2RO58YmMKPG2F7/jfSEXuHEzUUsmkwV9LiVFHfG7PuK8Qw+rCNYYccfWYWom7+4bqT05NdXTTI836QkkPSsDTPtYbJvTIlH77h2mdUGXfG249iUIvyGVOBjuMkQyZGCvgaK28y1DNN04nhF2W/yWHRcFCId+vr5KHQ8VXnD+VYoFNu/PNSZCkHT4R2hmoshM9lWLOUiZCTiqj5iX5kULfFvv1nBn4PsYz9o+lGYhiaRT18kFDEbmBRsXckHvCjwFL9gcFJZAHKy2rJJxdM7nzcqL0SFMgVjucn6hYdO3HySvOKBw/quL24m0OMjWufqyL1XoCc6pvn0fwyR3J7lJ80gFyIukUTg/0fbGiQFENM/XgCgl3HgS6Je4xNFyuxuNej+nUX+buIaDVxBwjnIcVKLPP06wkOZnU6PIvYWTwiVC1V1mSamBs0JDzHR7Zco6MsBq2Pc0oNaWPBM/gz/n6rVNQwvkZIxMSG9ayqleIWS+jGl8YmXfW5pir2y2Gq8HT/6HcAz7gfumL7vhtbVmd+SfU+TrApaC3eNpuXSKUMukeaCWnoLh7eXtcgIfH1GNg0GdOfO0NIJHzMvd+onbfp/WmNplfB2vXIGXi4PX0NQIuzRKW3p0TTQUgQ4lONuIqQpDMBY+dNOidya2iHLXK+mml1yHZbAmg1+pG4+mGDw4ejsyY7LZ6m7WK7UtXcoITGpMsLc4Re7za5tIm/l1rDV+0Oo4A/Xcl3fd3bHwakUHY16zUAsgccJWuW9z9jV7SJm3UM/+EFi/MMk1TdHoxLyTgBS9aIoXaMzpmlCqP2dVyU/2lmdW5lMa6hSYfZHDEr4ucGtDs5L9Uoq3j1Evm6VRQMGnKtfdzXOyMaJ8HFLHx+f8dgDDuf7ZNic0yHG6md2TSjVyAlSlnugeOboKTV0EF6uFAR7pT0yKsUAfEGCY72A3n7k3wBL6BqUidzC8oT87q0dqXZvlZYp8aXSNpycpDiKbw7AnSb6SzcItF1X8BcGp917BqVxlWqUOO47oULoityWJRZUruteR0WIC2tbTS3sdDrhFr2oQ7u7/hZIpRHAWDoB38GazDP+bAkTx6o/gzVypSoEYHflh9seTa2KQ2+8jvtrSvf5FnSYisUfgwvIMwvWzWOcnu2RswZJ4vUYH8apmARZLM49wc/yZaFeX12ZEs9JZiwDWync0tbUmGhyozU7po8e41rYiujI3+hR001GxAho/uG2bJnYhQaVyjliHyZXVCApNpAa7J60wbhtG0nheYQF7Q==&u=U2FsdGVkX1+8fNcP1xkDshQnrq5Uqsl3EOp109rKmoo=&y=U2FsdGVkX18JB3g0B0395n8Uj5GtM1UOuGqDlO9Vf5A= HTTP/1.1" 200 26
186.102.85.144 - - [22/Nov/2022:00:33:59 -0500] "GET /kwssiamovil/sm/acme/a?s=U2FsdGVkX1+lzgZWVPn+Ma5qdhFp+rhHggB0JzqEpLgBh64Yx0whozI5ctZN9zLODohuJoxcnD1PWtsVZ9ROlwXB1+2u51QY+h0annjSqcZ6TEUUkAqqZqzeuvuJrtVD7wrrJmCMq3kzOyPJDmcM02ZoB2SmdLDPHIARC+7Zt/w=&u=U2FsdGVkX1+8fNcP1xkDshQnrq5Uqsl3EOp109rKmoo=&y=U2FsdGVkX18JB3g0B0395n8Uj5GtM1UOuGqDlO9Vf5A= HTTP/1.1" 200 26
186.102.85.144 - - [22/Nov/2022:00:33:59 -0500] "GET /kwssiamovil/sm/acme/a?s=U2FsdGVkX19veIC6hO/9mhSqC4q1fBMRAQvpArUS94wLgIbMlPZcP2QGR6sLHPlUIuFA8k7eXtJTB+r9DLfAhr028nfVhXOefbm3b8QNJtn3nfFpONwRx2A24YmB76XLPlR3UL0wbC94DuHuUE/MtRhQ83vPMfCPBTmFXEVKGL8=&u=U2FsdGVkX1+8fNcP1xkDshQnrq5Uqsl3EOp109rKmoo=&y=U2FsdGVkX18JB3g0B0395n8Uj5GtM1UOuGqDlO9Vf5A= HTTP/1.1" 200 26
186.102.85.144 - - [22/Nov/2022:00:34:00 -0500] "GET /kwssiamovil/sm/acme/a?s=U2FsdGVkX1+1YJj1KZ1dA1j9rUtteRXeeAG3OUyE/N9Yg1sAhTNJl3wNgxDVkruZMKxuFSkOQBLOPleSbw7R3E4lXDmKdBBI758tOw+430UT6366EP+E5ZmWlCEUlRbm1ywCcDTOj/YZh1ujhN1LmPsqDmS0hvo4k6HOqW8kzsE=&u=U2FsdGVkX1+8fNcP1xkDshQnrq5Uqsl3EOp109rKmoo=&y=U2FsdGVkX18JB3g0B0395n8Uj5GtM1UOuGqDlO9Vf5A= HTTP/1.1" 200 26
186.102.85.144 - - [22/Nov/2022:00:34:00 -0500] "GET /kwssiamovil/sm/acme/a?s=U2FsdGVkX19LW7pmjRo403SmUXkr7dWZEYdP7vdKPGHYJ1b7ygQ9tIv/NbTdwPIhrWloQ/EmFaWsaNv0kSARDRrgrMzCyTxflUIZtsbBATkwsG1TjxLZKmgJykdP4youxV1JO3zkpWeJKYGP72QIkqkXpWvpV6FqefWpscM9YaBbTL7U3+/mSsj8PIfjV6Dp&u=U2FsdGVkX1+8fNcP1xkDshQnrq5Uqsl3EOp109rKmoo=&y=U2FsdGVkX18JB3g0B0395n8Uj5GtM1UOuGqDlO9Vf5A= HTTP/1.1" 200 26
186.102.85.144 - - [22/Nov/2022:00:34:00 -0500] "GET /kwssiamovil/sm/acme/a?s=U2FsdGVkX1+8abu1BDvY5itlFCP4XYMzW6Z0/sS+qteJR8P1hG+My7+2agfR9wFTjz/tX7K5jTjF3h2pFlTERZFvluwB1CO4NVm7i+9VcFJv31xd0OJF3mNEZP1Pd02G10sCLLda0Z8li6WA4XO57Wy1WVSWOP6b8x5NR8PdccOYbbg1mMFMF15ntbz33nPj6mTFyA7N7eYcnaWSPtXjqg==&u=U2FsdGVkX1+8fNcP1xkDshQnrq5Uqsl3EOp109rKmoo=&y=U2FsdGVkX18JB3g0B0395n8Uj5GtM1UOuGqDlO9Vf5A= HTTP/1.1" 200 25
186.102.85.144 - - [22/Nov/2022:00:34:00 -0500] "GET /kwssiamovil/sm/acme/a?s=U2FsdGVkX18TfdkuU2JZdjslisQvWxs+YbWf+YGU48OzK0YHAOaFtYKFfsMnAx93AN4P4m6qxB11pXD+beq11FV/uPl//szQQ7tzETs8hAstetqrQcojPj4U+GrcXnPpxC2FoacOPi2uzYD316wpMFC/n+aJNdJvdfsAiEF6tseo147sBh30KRfk03L/RXdiwso4jwLm00X1fyN3Ug2cRu+vj4JWpxPToHkfvZ6c9U5CvPak55z1QGD+p0/Rxzw+8b4sXEbmDzWS4ODwbUCgpbD10HLAhwKb4If2Z9XXHNzln7UJxaRKxltu09v9ReSvl32ty9pXNct/wR7NhctmBzypYoemIqlU9UG2klVMemu9p2BYmpznITv7KNt8ZB5cvoLMQpfpP2uq2BmtbhNjCSudU5+FR6Qu5pWtXGH9RS+6xgwLBDw4KZ2yzmbogM+2uA77QzjopXm144RGiTdwpidcPeOfXzZQg0/kxBwJ+XR2DK25j4vjv65VaqoMLOFEty0DdCMO3E8obrtPoHGxcG//aHfViJsDIn8rv8DWyHU=&u=U2FsdGVkX1+8fNcP1xkDshQnrq5Uqsl3EOp109rKmoo=&y=U2FsdGVkX18JB3g0B0395n8Uj5GtM1UOuGqDlO9Vf5A= HTTP/1.1" 200 25
186.102.85.144 - - [22/Nov/2022:00:34:00 -0500] "GET /kwssiamovil/sm/acme/a?s=U2FsdGVkX18+xoArbX4CaXO+pgmyKsSWGzILaGd6mmN/8+w9/8iTMCh7HosqWe2i/xyZObhQ3W5rGQOdgBUyFSEyG62wQA6vFYTdUxdIOa2u1KIzVeHTk/WabtX4aOfY9ieiq9x0lmMSvvi62Xi8whmzcHOjDuYmw0HyJrtZ3eQJzUTBm9qx+OkMzwsxb8Sn&u=U2FsdGVkX1+8fNcP1xkDshQnrq5Uqsl3EOp109rKmoo=&y=U2FsdGVkX18JB3g0B0395n8Uj5GtM1UOuGqDlO9Vf5A= HTTP/1.1" 200 25
186.102.85.144 - - [22/Nov/2022:00:34:00 -0500] "GET /kwssiamovil/sm/acme/a?s=U2FsdGVkX1+CSUb0p0PClpvDf7FieFMF3FwBV+td6uMg+NAN1Yc4hyv+u/wJb7rhdfTGF1TYW7akMIjnPphQPUBnOi67qSSIENnuo37WVq16+T33NIPcL0a9dRZSfdHYwxCJng62cIuCgau6TmhkqDJdnjBdl4OtIwsLagHrA9GuT+SIM2DHTyJ8lqyj2BHv1Lpsg4CMzMDjG0ciO32sW2uFwEGLNZDze1DoykOUH7ZZiTXmJ74gQoOhdpzjdZE45HhsEEGPbDpHoBspoq4z4JL53lWlZSKRDY64+c4IlD5Ts+GRpFcboO5CZN0QVqYa1D1yt+O73Dd2XsGqoOSH+CO6DvLHmBGOxXsQKUhnd+ezI/+WKML2sdfLYtP2h6EzqtpCbGRnQIj5P2WuSWqk4baOhZrhjUKydMXV2CQ9gpJVud+8hdb4n2GCqx/sgo0uyG0+pGQ0TIrhhC8gqpxXWfdiwQq90IjwGh1RtIyATmZZqRHqVI+4Z1K5E6KHlvpf&u=U2FsdGVkX1+8fNcP1xkDshQnrq5Uqsl3EOp109rKmoo=&y=U2FsdGVkX18JB3g0B0395n8Uj5GtM1UOuGqDlO9Vf5A= HTTP/1.1" 200 25
216.245.221.92 - - [22/Nov/2022:00:34:58 -0500] "HEAD / HTTP/1.1" 200 -
201.245.192.253 - - [22/Nov/2022:00:36:02 -0500] "POST /kwsrmcab/Wsrmcab  HTTP/1.1" 200 42393
66.249.73.127 - - [22/Nov/2022:00:36:22 -0500] "-" 408 -
67.205.190.189 - - [22/Nov/2022:00:36:46 -0500] "GET /.env HTTP/1.1" 404 1018
67.205.190.189 - - [22/Nov/2022:00:36:46 -0500] "POST / HTTP/1.1" 200 319
172.22.2.4 - - [22/Nov/2022:00:36:48 -0500] "HEAD /BLA/boletinlegal/ HTTP/1.1" 200 -
172.22.2.4 - - [22/Nov/2022:00:37:38 -0500] "GET /BLA/boletinlegal/ HTTP/1.1" 200 53739
216.245.221.92 - - [22/Nov/2022:00:39:58 -0500] "HEAD / HTTP/1.1" 200 -
66.249.73.127 - - [22/Nov/2022:00:40:24 -0500] "-" 408 -
185.119.81.104 - - [22/Nov/2022:00:40:31 -0500] "GET /portaldeninos/wp-login.php HTTP/1.1" 200 2592
185.119.81.104 - - [22/Nov/2022:00:40:32 -0500] "POST /portaldeninos/wp-login.php HTTP/1.1" 200 3605
201.245.192.253 - - [22/Nov/2022:00:40:53 -0500] "POST /kwsrmcab/Wsrmcab HTTP/1.1" 200 41891
201.245.192.253 - - [22/Nov/2022:00:40:57 -0500] "POST /kwsrmcab/Wsrmcab HTTP/1.1" 200 43787
201.245.192.253 - - [22/Nov/2022:00:41:01 -0500] "POST /kwsrmcab/Wsrmcab  HTTP/1.1" 200 42393
191.108.30.223 - - [22/Nov/2022:00:41:06 -0500] "GET /kwssiamovil/sm/ldap/au?x=U2FsdGVkX1+JlyGVvH/Yf+fv43oC5+MPkQnGL5mwOgzAb1hEswTgZRPay+1PnssMcrVj7oP1mD6UPhQvRflWVw==&y=U2FsdGVkX18o0npNQ6ry1Zuw/R1PnQ5qdtJfGXcrLyS7FswyHCnFs49X/wJ2ik32 HTTP/1.1" 200 30
191.108.30.223 - - [22/Nov/2022:00:41:06 -0500] "GET /kwssiamovil/sm/acme/s?s=U2FsdGVkX1/3LVpVUdA2WNtG3dpgVjjmreOY3CtDB25VF461F4lX6LC4fs2geOEHCiai3L8JBzpGDCIQrt8d+SjBd8yyfwjQFEKAXfEQmBI=&u=U2FsdGVkX1/p9NuahtCgYwW8NUlkfyFOO+VfDjLpiRoUemHhUBqIg/pQsPJ6IJJZ&y=U2FsdGVkX18o0npNQ6ry1Zuw/R1PnQ5qdtJfGXcrLyS7FswyHCnFs49X/wJ2ik32 HTTP/1.1" 200 97
191.108.30.223 - - [22/Nov/2022:00:41:06 -0500] "GET /kwssiamovil/sm/acme/s?s=U2FsdGVkX19NevVbk8MX1ieWz9jm9MAubtN1KjHBmbA8PlBAu5E+WvpGSMg2F3Wtw1CBsL5NWFviBYx05YIyL0snyZXwZ+c/8afOK2Ed9S4ZVKzVu4VAFiJuJ/vPqrFSMRZJouK08Uf/ePDTJDFvPkd6ddpV71Wk/eh5E0ToX/MlIvHMDJvj9OEcOrOlylZtH6oy+OJmaGI2ukgiwNclaGAn8PeNlhOXDeDXkOesycIvfqQyVp2o0XK7jSufjL7hvzRVN6FotqDfPuWGI5iasd6TpurVXogXLjm7tbmNjBcg2whUlL9pUnPOUNEGhgYjpFiqiK75iPqD/N6cdOt8sAKhS3u1zT+vdnDLF+st4UyPIMyQhG8eXzam8lZC6+XO6ViEW25G4mgQ4h1Bhx8spVXRbAmsEnCqggERfRwBVYk52Z/5P0TPtnCpbXRup3qB3Pwd/W2Jip1DfECIEvhcKTm7zTwfQOyBGK7z70rYCukFU0rI7AYdZgMHRyLSsYRGxbX7qOx8wYpUMqrxRywPUMGk1MH07Vn7WzVKOZGSR7i+SVQXoBS67fI/nsGveozVD4wSysdqufmkg8xtl/GezdQHaKm6lWPnw5vtMZeVgMSgsFkMXyOQ83wBfvFOcDn44qJBZTh8eEhuIdXpkn4SHNuC0jO2MW6b0gRkDWxP9tFNFw/FssveBFX21RGvftq1GVjgrWmnFIZueXDIVnsaETBEbVrv8DVWPtBpEUXdEsZtrzBvIXKP9fTKYmgS6vkYaMNIGURDkxtsi6VSYjZTzePpCCZLWvN/wkJ5A8oGBN6H3xXrHHh1tvIeZIhWsZyeTdd3+foQUJk9crPmweDswLb/DrFwZDfFCOl0GlFnL66rX3IuLcYU4/9YUFc0J5fR9vPP40utuizr6W0nyf9fy9D6KDiElrRCrgVjni6Hl973CrgPK9+dZKy1PPEDp+SVYMwv4IZ0rfyOBI5B7Sdmy5MIDdtpyqJb/vYpG8pJXfgDlJ6HqVQh0jTkuzit0qV7IlwxHiqbzr4oKaf4ba835XCdRutZb+Cs19FU4FpZBCHxG/Z03u9kqc5yEJ6v0Oi9reP2RgPAw/RW478fpJFTfcNiTjCjjE2Pk7Q3YK9I68tj/6N5y7zxZgm6woRlwmezxCpz1SDpTwjAceFiH7Yfchk96OJmPWVFKI3ZZApJjisdwEftSdntQt9ZsAcusq/h00AQ69LQc8qs3V7eXY4e5PAp1AJzg0PE9cdNGNYUehZdtsFlW1YJyKEAXgHRZv6UIaq8HXEHOnD//BzthhHxGg2AhbplxG+DeBedXupBpotKmNKf1tsH4MzuMTE1XveGEovboJePmxkNXs3Zyjeg8wSVILL3D5WVx2ryxyywuA+2G7PIm4A0YxPGTNVTjLVld59NDWUox87siXNOIRAVw6UGmzHHxlt6XBb/rhYzHeg=&u=U2FsdGVkX1/p9NuahtCgYwW8NUlkfyFOO+VfDjLpiRoUemHhUBqIg/pQsPJ6IJJZ&y=U2FsdGVkX18o0npNQ6ry1Zuw/R1PnQ5qdtJfGXcrLyS7FswyHCnFs49X/wJ2ik32 HTTP/1.1" 200 3391
191.108.30.223 - - [22/Nov/2022:00:41:06 -0500] "GET /kwssiamovil/sm/acme/s?s=U2FsdGVkX198UFe7OhcNzzUdQ3QnmWQjQOEOS5M8zKog3bsdoZ3Q3m2rEL+iZydRQWKJh2ZlbxQTcwWvJzQrUWQjwv+d9PZDjLJ9DlmITTjL8RD0kmMwgDGjTwM6yxb4yu+i6iZlx4+hkUNc8SSdavkTkW85XsLRJAFzd3ZAf2S8DfgP++0CGC4+Yj8aNKDjk/fr1tnRCf2NGmWEXEDpeZxVC+ZT679JLxNI6l2FrF3IPMTwlMr1IcsAhihKiQOHRvT2xXF6SKZvDGkcJP/XWUjoYoFFfZg/UqjTYmJ52cUy9Lcuwpht/zYdem98MKF+n1okf0ggVfEnLL6+KmbbM3YVBI71zzRDwpDrTzZwUAs=&u=U2FsdGVkX1/p9NuahtCgYwW8NUlkfyFOO+VfDjLpiRoUemHhUBqIg/pQsPJ6IJJZ&y=U2FsdGVkX18o0npNQ6ry1Zuw/R1PnQ5qdtJfGXcrLyS7FswyHCnFs49X/wJ2ik32 HTTP/1.1" 200 196
191.108.30.223 - - [22/Nov/2022:00:41:06 -0500] "GET /kwssiamovil/sm/cjson/pre?f=1&x=U2FsdGVkX1+JlyGVvH/Yf+fv43oC5+MPkQnGL5mwOgzAb1hEswTgZRPay+1PnssMcrVj7oP1mD6UPhQvRflWVw== HTTP/1.1" 200 30992
172.22.2.4 - - [22/Nov/2022:00:42:38 -0500] "HEAD /BLA/boletinlegal/ HTTP/1.1" 200 -
172.22.2.4 - - [22/Nov/2022:00:43:28 -0500] "GET /BLA/boletinlegal/ HTTP/1.1" 200 57824
43.134.62.217 - - [22/Nov/2022:00:45:44 -0500] "GET /galeria/galeria/fotos/Humedal-Vaca3P.jpg HTTP/1.1" 200 38460
201.245.192.253 - - [22/Nov/2022:00:46:00 -0500] "POST /kwsrmcab/Wsrmcab  HTTP/1.1" 200 42393
172.22.2.4 - - [22/Nov/2022:00:45:48 -0500] "GET /BLA/boletinlegal/ HTTP/1.1" 200 36811
66.249.73.127 - - [22/Nov/2022:00:46:56 -0500] "-" 408 -
186.102.85.144 - - [22/Nov/2022:00:48:30 -0500] "GET /kwssiamovil/sm/acme/u?s=U2FsdGVkX198R9Hmfu9Gt4f+HvrKM4LwEdoaptdHf3aR8AW3TKNZ3D7cT6JxiOSrs8stZe0VqKo9z9wqaNWArgyKPHS0hSzUNRNGalJu8j3ue6XJXENbbOCX7uElVcyYY5uHqKcmUwqPzN32f6WfEg==&u=U2FsdGVkX1+8fNcP1xkDshQnrq5Uqsl3EOp109rKmoo=&y=U2FsdGVkX18JB3g0B0395n8Uj5GtM1UOuGqDlO9Vf5A= HTTP/1.1" 200 60
172.22.2.4 - - [22/Nov/2022:00:48:28 -0500] "HEAD /BLA/boletinlegal/ HTTP/1.1" 200 -
172.22.2.4 - - [22/Nov/2022:00:49:18 -0500] "GET /BLA/boletinlegal/ HTTP/1.1" 200 58185
201.245.192.253 - - [22/Nov/2022:00:50:59 -0500] "POST /kwsrmcab/Wsrmcab  HTTP/1.1" 200 42393
185.119.81.104 - - [22/Nov/2022:00:52:51 -0500] "GET /portaldeninos/wp-login.php HTTP/1.1" 200 2592
185.119.81.104 - - [22/Nov/2022:00:52:52 -0500] "POST /portaldeninos/wp-login.php HTTP/1.1" 200 3670
216.245.221.92 - - [22/Nov/2022:00:54:58 -0500] "HEAD / HTTP/1.1" 200 -
172.22.2.4 - - [22/Nov/2022:00:54:18 -0500] "HEAD /BLA/boletinlegal/ HTTP/1.1" 200 -
201.245.192.253 - - [22/Nov/2022:00:55:58 -0500] "POST /kwsrmcab/Wsrmcab  HTTP/1.1" 200 42393
172.22.2.4 - - [22/Nov/2022:00:56:21 -0500] "GET /BLA/boletinlegal/jurisprudencia/analisis/CUADRO%20ANALISIS%20SENTENCIA%20T-411%20DE%201992.doc HTTP/1.1" 200 41984
66.249.73.127 - - [22/Nov/2022:00:56:26 -0500] "-" 408 -
172.22.2.4 - - [22/Nov/2022:00:55:08 -0500] "GET /BLA/boletinlegal/ HTTP/1.1" 200 59779
34.209.90.192 - - [22/Nov/2022:00:57:42 -0500] "GET / HTTP/1.1" 200 319
185.119.81.104 - - [22/Nov/2022:00:58:38 -0500] "GET /portaldeninos/wp-login.php HTTP/1.1" 200 2592
185.119.81.104 - - [22/Nov/2022:00:58:39 -0500] "POST /portaldeninos/wp-login.php HTTP/1.1" 200 3605
216.245.221.92 - - [22/Nov/2022:00:59:58 -0500] "HEAD / HTTP/1.1" 200 -
201.245.192.253 - - [22/Nov/2022:01:00:57 -0500] "POST /kwsrmcab/Wsrmcab  HTTP/1.1" 200 42393
172.22.2.4 - - [22/Nov/2022:01:00:08 -0500] "HEAD /BLA/boletinlegal/ HTTP/1.1" 200 -
43.134.22.252 - - [22/Nov/2022:01:02:12 -0500] "GET /galeria/galeria/fotos/Humedal-Vaca3P.jpg HTTP/1.1" 200 38460
185.119.81.99 - - [22/Nov/2022:01:02:22 -0500] "GET /portaldeninos/wp-login.php HTTP/1.1" 200 2592
185.119.81.99 - - [22/Nov/2022:01:02:23 -0500] "POST /portaldeninos/wp-login.php HTTP/1.1" 200 3650
172.22.2.4 - - [22/Nov/2022:01:00:58 -0500] "GET /BLA/boletinlegal/ HTTP/1.1" 200 53337
216.245.221.92 - - [22/Nov/2022:01:04:58 -0500] "HEAD / HTTP/1.1" 200 -
201.245.192.253 - - [22/Nov/2022:01:05:56 -0500] "POST /kwsrmcab/Wsrmcab  HTTP/1.1" 200 42393
172.22.2.4 - - [22/Nov/2022:01:05:58 -0500] "HEAD /BLA/boletinlegal/ HTTP/1.1" 200 -
172.22.2.4 - - [22/Nov/2022:01:06:48 -0500] "GET /BLA/boletinlegal/ HTTP/1.1" 200 59779
216.245.221.92 - - [22/Nov/2022:01:09:58 -0500] "HEAD / HTTP/1.1" 200 -
66.249.73.127 - - [22/Nov/2022:01:10:06 -0500] "-" 408 -
201.245.192.253 - - [22/Nov/2022:01:10:55 -0500] "POST /kwsrmcab/Wsrmcab  HTTP/1.1" 200 42393
152.61.128.50 - - [22/Nov/2022:01:13:08 -0500] "GET / HTTP/1.1" 200 319
172.22.2.4 - - [22/Nov/2022:01:13:27 -0500] "GET /BLA/boletinlegal/Circulares/2019/Circular%2000020%20del%2020%20de%20diciembre%20de%202019.pdf HTTP/1.1" 304 -
172.22.2.4 - - [22/Nov/2022:01:11:48 -0500] "HEAD /BLA/boletinlegal/ HTTP/1.1" 200 -
172.22.2.4 - - [22/Nov/2022:01:13:30 -0500] "GET /BLA/boletinlegal/normativa.php HTTP/1.1" 200 8333
172.22.2.4 - - [22/Nov/2022:01:13:30 -0500] "GET /BLA/boletinlegal/styles2.css HTTP/1.1" 200 1838
172.22.2.4 - - [22/Nov/2022:01:13:30 -0500] "GET /BLA/boletinlegal/style.css HTTP/1.1" 200 9406
172.22.2.4 - - [22/Nov/2022:01:13:30 -0500] "GET /BLA/boletinlegal/niceforms-default.css HTTP/1.1" 200 6694
172.22.2.4 - - [22/Nov/2022:01:13:30 -0500] "GET /BLA/boletinlegal/js/ajax_normativa.js HTTP/1.1" 200 1154
172.22.2.4 - - [22/Nov/2022:01:13:30 -0500] "GET /BLA/boletinlegal/niceforms.js HTTP/1.1" 200 22876
172.22.2.4 - - [22/Nov/2022:01:13:30 -0500] "GET /BLA/boletinlegal/images/icono-email.png HTTP/1.1" 200 5544
172.22.2.4 - - [22/Nov/2022:01:13:30 -0500] "GET /BLA/boletinlegal/images/cabezote%20BLEGAL.jpg HTTP/1.1" 200 118164
172.22.2.4 - - [22/Nov/2022:01:13:30 -0500] "GET /BLA/boletinlegal/images/registro-usuarios.png HTTP/1.1" 200 8106
172.22.2.4 - - [22/Nov/2022:01:13:30 -0500] "GET /BLA/boletinlegal/images/subscribe-icon-big.png HTTP/1.1" 200 47702
172.22.2.4 - - [22/Nov/2022:01:13:30 -0500] "GET /BLA/boletinlegal/images/historia.png HTTP/1.1" 200 52775
172.22.2.4 - - [22/Nov/2022:01:13:30 -0500] "GET /BLA/boletinlegal/images/tel.png HTTP/1.1" 200 14477
172.22.2.4 - - [22/Nov/2022:01:13:30 -0500] "GET /BLA/boletinlegal/images/body_bg.jpg HTTP/1.1" 200 1601
172.22.2.4 - - [22/Nov/2022:01:13:30 -0500] "GET /BLA/boletinlegal/images/menu_lft.gif HTTP/1.1" 200 1713
172.22.2.4 - - [22/Nov/2022:01:13:30 -0500] "GET /BLA/boletinlegal/images/footer_bg.jpg HTTP/1.1" 200 586
172.22.2.4 - - [22/Nov/2022:01:13:30 -0500] "GET /BLA/boletinlegal/images/menu_rght.gif HTTP/1.1" 200 1627
172.22.2.4 - - [22/Nov/2022:01:13:30 -0500] "GET /BLA/boletinlegal/images/menu_bg.jpg HTTP/1.1" 200 620
172.22.2.4 - - [22/Nov/2022:01:13:30 -0500] "GET /BLA/boletinlegal/images/hover.jpg HTTP/1.1" 200 640
172.22.2.4 - - [22/Nov/2022:01:13:30 -0500] "GET /BLA/boletinlegal/images/bg_top.jpg HTTP/1.1" 200 522
172.22.2.4 - - [22/Nov/2022:01:13:30 -0500] "GET /BLA/boletinlegal/images/text.jpg HTTP/1.1" 200 568
172.22.2.4 - - [22/Nov/2022:01:13:30 -0500] "GET /BLA/boletinlegal/images/footer_bg_l.jpg HTTP/1.1" 200 776
172.22.2.4 - - [22/Nov/2022:01:13:30 -0500] "GET /BLA/boletinlegal/img/0.png HTTP/1.1" 200 110
172.22.2.4 - - [22/Nov/2022:01:13:30 -0500] "GET /BLA/boletinlegal/img/select-left.png HTTP/1.1" 200 263
172.22.2.4 - - [22/Nov/2022:01:13:30 -0500] "GET /BLA/boletinlegal/img/select-right.png HTTP/1.1" 200 44019
172.22.2.4 - - [22/Nov/2022:01:13:30 -0500] "GET /BLA/boletinlegal/img/button.png HTTP/1.1" 200 43241
172.22.2.4 - - [22/Nov/2022:01:13:30 -0500] "GET /BLA/boletinlegal/img/button-left.png HTTP/1.1" 200 57071
172.22.2.4 - - [22/Nov/2022:01:13:30 -0500] "GET /BLA/boletinlegal/img/button-right.png HTTP/1.1" 200 57878
172.22.2.4 - - [22/Nov/2022:01:13:30 -0500] "GET /BLA/boletinlegal/favicon.ico HTTP/1.1" 404 1334
152.61.192.232 - - [22/Nov/2022:01:14:10 -0500] "GET / HTTP/1.1" 200 319
172.22.2.4 - - [22/Nov/2022:01:12:38 -0500] "GET /BLA/boletinlegal/ HTTP/1.1" 200 59779
172.22.2.4 - - [22/Nov/2022:01:14:36 -0500] "GET /BLA/boletinlegal/consulta_normativa.php?tipo=Resolucion&sector=Aire&ano=2019&resuelve=0369 HTTP/1.1" 200 454
172.22.2.4 - - [22/Nov/2022:01:14:46 -0500] "GET /BLA/boletinlegal/consulta_normativa.php?tipo=Resolucion&sector=humedales&ano=2019&resuelve=0369 HTTP/1.1" 200 454
216.245.221.92 - - [22/Nov/2022:01:14:58 -0500] "HEAD / HTTP/1.1" 200 -
172.22.2.4 - - [22/Nov/2022:01:15:02 -0500] "GET /BLA/boletinlegal/consulta_normativa.php?tipo=Resolucion&sector=humedales&ano=2019&resuelve= HTTP/1.1" 200 454
172.22.2.4 - - [22/Nov/2022:01:15:03 -0500] "GET /BLA/boletinlegal/consulta_normativa.php?tipo=Resolucion&sector=humedales&ano=2019&resuelve= HTTP/1.1" 200 454
172.22.2.4 - - [22/Nov/2022:01:15:05 -0500] "GET /BLA/boletinlegal/consulta_normativa.php?tipo=Resolucion&sector=humedales&ano=2019&resuelve= HTTP/1.1" 200 454
172.22.2.4 - - [22/Nov/2022:01:15:16 -0500] "GET /BLA/boletinlegal/actos.php HTTP/1.1" 200 9566
172.22.2.4 - - [22/Nov/2022:01:15:16 -0500] "GET /BLA/boletinlegal/js/lib.js HTTP/1.1" 200 6474
172.22.2.4 - - [22/Nov/2022:01:15:16 -0500] "GET /BLA/boletinlegal/js/ajax_actos.js HTTP/1.1" 200 1322
172.22.2.4 - - [22/Nov/2022:01:15:16 -0500] "GET /BLA/boletinlegal/js/popup.js HTTP/1.1" 200 1270
172.22.2.4 - - [22/Nov/2022:01:15:16 -0500] "GET /BLA/boletinlegal/js/jquery1.js HTTP/1.1" 200 29846
172.22.2.4 - - [22/Nov/2022:01:15:16 -0500] "GET /BLA/boletinlegal/images/green-yellow-blue-pink-th.png HTTP/1.1" 200 7394
172.22.2.4 - - [22/Nov/2022:01:15:30 -0500] "GET /BLA/boletinlegal/consulta_actos.php?tipo=resoluciones&no=0369&usuario=&sector=&fecha=2019&resuelve= HTTP/1.1" 200 1477
172.22.2.4 - - [22/Nov/2022:01:15:30 -0500] "GET /BLA/boletinlegal/images/pdf.gif HTTP/1.1" 200 567
186.86.32.149 - - [22/Nov/2022:01:15:37 -0500] "GET /BLA/resoluciones/RESOLUCIONES%202019/0369.pdf HTTP/1.1" 200 4885066
186.86.32.149 - - [22/Nov/2022:01:15:37 -0500] "GET /favicon.ico HTTP/1.1" 200 7782
201.245.192.253 - - [22/Nov/2022:01:15:54 -0500] "POST /kwsrmcab/Wsrmcab  HTTP/1.1" 200 42393
40.77.167.58 - - [22/Nov/2022:01:17:13 -0500] "GET /BLA/resoluciones/RESOLUCIONES%202020/1754.pdf HTTP/1.1" 304 -
185.119.81.99 - - [22/Nov/2022:01:18:37 -0500] "GET /portaldeninos/wp-login.php HTTP/1.1" 200 2592
185.119.81.99 - - [22/Nov/2022:01:18:38 -0500] "POST /portaldeninos/wp-login.php HTTP/1.1" 200 3605
172.22.2.4 - - [22/Nov/2022:01:17:38 -0500] "HEAD /BLA/boletinlegal/ HTTP/1.1" 200 -
216.245.221.92 - - [22/Nov/2022:01:19:58 -0500] "HEAD / HTTP/1.1" 200 -
172.22.2.4 - - [22/Nov/2022:01:18:28 -0500] "GET /BLA/boletinlegal/ HTTP/1.1" 200 59779
201.245.192.253 - - [22/Nov/2022:01:20:52 -0500] "POST /kwsrmcab/Wsrmcab HTTP/1.1" 200 41891
201.245.192.253 - - [22/Nov/2022:01:20:53 -0500] "POST /kwsrmcab/Wsrmcab  HTTP/1.1" 200 42393
201.245.192.253 - - [22/Nov/2022:01:20:55 -0500] "POST /kwsrmcab/Wsrmcab HTTP/1.1" 200 43460
173.252.127.12 - - [22/Nov/2022:01:22:48 -0500] "GET /images/Musgo%20SDA%20(1)%20(1).png HTTP/1.1" 200 302122
216.245.221.92 - - [22/Nov/2022:01:24:58 -0500] "HEAD / HTTP/1.1" 200 -
172.22.2.4 - - [22/Nov/2022:01:23:28 -0500] "HEAD /BLA/boletinlegal/ HTTP/1.1" 200 -
201.245.192.253 - - [22/Nov/2022:01:25:52 -0500] "POST /kwsrmcab/Wsrmcab  HTTP/1.1" 200 42393
172.22.2.4 - - [22/Nov/2022:01:24:18 -0500] "GET /BLA/boletinlegal/ HTTP/1.1" 200 58612
216.245.221.92 - - [22/Nov/2022:01:29:58 -0500] "HEAD / HTTP/1.1" 200 -
201.245.192.253 - - [22/Nov/2022:01:30:50 -0500] "POST /kwsrmcab/Wsrmcab  HTTP/1.1" 200 42393
201.245.192.253 - - [22/Nov/2022:01:30:53 -0500] "POST /kwsrmcab/Wsrmcab HTTP/1.1" 200 41891
172.22.2.4 - - [22/Nov/2022:01:29:18 -0500] "HEAD /BLA/boletinlegal/ HTTP/1.1" 200 -
201.245.192.253 - - [22/Nov/2022:01:30:55 -0500] "POST /kwsrmcab/Wsrmcab HTTP/1.1" 200 43460
185.119.81.106 - - [22/Nov/2022:01:31:31 -0500] "GET /portaldeninos/wp-login.php HTTP/1.1" 200 2592
185.119.81.106 - - [22/Nov/2022:01:31:32 -0500] "POST /portaldeninos/wp-login.php HTTP/1.1" 200 3650
172.22.2.4 - - [22/Nov/2022:01:30:08 -0500] "GET /BLA/boletinlegal/ HTTP/1.1" 200 57192
66.249.73.100 - - [22/Nov/2022:01:31:58 -0500] "-" 408 -
172.22.2.4 - - [22/Nov/2022:01:32:24 -0500] "GET /BLA/boletinlegal/jurisprudencia/analisis/Analisis%20Sentencia%20T-1077,%202%20corregida.doc HTTP/1.1" 304 -
40.77.167.58 - - [22/Nov/2022:01:34:14 -0500] "GET / HTTP/1.1" 200 319
216.245.221.92 - - [22/Nov/2022:01:34:58 -0500] "HEAD / HTTP/1.1" 200 -
201.245.192.253 - - [22/Nov/2022:01:35:49 -0500] "POST /kwsrmcab/Wsrmcab  HTTP/1.1" 200 42393
172.22.2.4 - - [22/Nov/2022:01:35:08 -0500] "HEAD /BLA/boletinlegal/ HTTP/1.1" 200 -
172.22.2.4 - - [22/Nov/2022:01:35:58 -0500] "GET /BLA/boletinlegal/ HTTP/1.1" 200 58185
216.245.221.92 - - [22/Nov/2022:01:39:58 -0500] "HEAD / HTTP/1.1" 200 -
66.249.73.127 - - [22/Nov/2022:01:40:16 -0500] "-" 408 -
201.245.192.253 - - [22/Nov/2022:01:40:47 -0500] "POST /kwsrmcab/Wsrmcab  HTTP/1.1" 200 42393
201.245.192.253 - - [22/Nov/2022:01:40:53 -0500] "POST /kwsrmcab/Wsrmcab HTTP/1.1" 200 41891
201.245.192.253 - - [22/Nov/2022:01:40:55 -0500] "POST /kwsrmcab/Wsrmcab HTTP/1.1" 200 43460
185.119.81.104 - - [22/Nov/2022:01:41:07 -0500] "GET /portaldeninos/wp-login.php HTTP/1.1" 200 2592
185.119.81.104 - - [22/Nov/2022:01:41:08 -0500] "POST /portaldeninos/wp-login.php HTTP/1.1" 200 3650
172.22.2.4 - - [22/Nov/2022:01:40:58 -0500] "HEAD /BLA/boletinlegal/ HTTP/1.1" 200 -
172.22.2.4 - - [22/Nov/2022:01:41:48 -0500] "GET /BLA/boletinlegal/ HTTP/1.1" 200 59404
172.22.2.4 - - [22/Nov/2022:01:44:23 -0500] "GET /BLA/boletinlegal/owa/auth/logon.aspx?url=https%3a%2f%2f1%2fecp%2f HTTP/1.1" 404 1018
201.245.192.253 - - [22/Nov/2022:01:45:46 -0500] "POST /kwsrmcab/Wsrmcab  HTTP/1.1" 200 42393
66.249.73.127 - - [22/Nov/2022:01:50:08 -0500] "-" 408 -
201.245.192.253 - - [22/Nov/2022:01:50:45 -0500] "POST /kwsrmcab/Wsrmcab  HTTP/1.1" 200 42393
216.245.221.92 - - [22/Nov/2022:01:54:58 -0500] "HEAD / HTTP/1.1" 200 -
201.245.192.253 - - [22/Nov/2022:01:55:43 -0500] "POST /kwsrmcab/Wsrmcab  HTTP/1.1" 200 42393
43.134.62.217 - - [22/Nov/2022:01:56:48 -0500] "GET /galeria/galeria/fotos/Jaboque4P.jpg HTTP/1.1" 200 27446
141.255.166.2 - - [22/Nov/2022:01:57:08 -0500] "GET / HTTP/1.1" 200 319
186.102.85.144 - - [22/Nov/2022:01:57:21 -0500] "GET /kwssiamovil/sm/ldap/au?x=U2FsdGVkX1+T3/2QR1gbYc/wTbe2ueW+/8GAd9XblsKz6nOHXq83sArIzJ9Ndtsx&y=U2FsdGVkX19kZtGqJF6j3BpYrx0/vedDK27b3Gq5BCc= HTTP/1.1" 200 30
186.102.85.144 - - [22/Nov/2022:01:57:22 -0500] "GET /kwssiamovil/sm/acme/s?s=U2FsdGVkX195IuXX/dK2Q4otTrt/5946hDxek/kC+RICZjFXc9l0p0Pj9CSFxiaw3dAT6XjJk/k4PFRsmldgf6p/8QbIllyNmBhkFQ5GQHk=&u=U2FsdGVkX1/IYvimSKPxE7UDLXvVWd9/o4ivOWuWQX4=&y=U2FsdGVkX19kZtGqJF6j3BpYrx0/vedDK27b3Gq5BCc= HTTP/1.1" 200 97
186.102.85.144 - - [22/Nov/2022:01:57:22 -0500] "GET /kwssiamovil/sm/acme/s?s=U2FsdGVkX19gdIYt/KEt4qZ+wLOieULTZRMmEdLDL8UQieTNcAoL+9UhVwi9waQTOX7MAe1C0/5wDPecih3H0b11YOophdQnoI4bt78trtWGuA7PxYphoAiwbAIyGEZeMY9Y4rXIdWFqycsWf4soKQ7clXxRPQOmXnZ7pq5UyzH4WCvIAaYQTz7Gv0Xux9QfoCsru2a4JiWjFOxbsi/ZfLQXeV5WnVtqYDfjtpnuDRGqm/QJMyJrwiSd1Mqu/ukmXFpdlFCM7XeyaTGsDA+qoHZ7bpvDSb2NvVWBWSzdgioGmyMlZMN0vOjK4LchW+cfsYeumo/mOH9v+H52t7gi3p8HMrmuIHvr2e0vCgxLfiabqc0q5UEXHL4WrCfMBcXzzWg1HaOvYpVB9PwxHI27/dQ1y/cE5h2k4hA3oSC8JwlcLrDB7Lfq9qAhk7R4lA9AYIjvuBc4KldA+FsUBQ2T1c34QZCpGz5W8Mtj4W1vecCKCdJ4W2oorpX9OhjXm1+t0XBh3LuG/PGzpgzBT3XP8DtBVMFU7A+oBKsozXcgzz0eYypY7qM3XZfiAYo/exkdppVUaiUN0X3075QYnTMg+0JZzJzFJUE9hNdPlnZWBWQ2mMx2px1lQk5rC+7wv9YSnE9MN1dNhMb1ynbVzO/jU9enjP1ieC8KXmRoIIBbUf/0YdFPhw0ES6rvXw6UgzIb1Scc4VBB5Vh2PRIN5Prw9ahxoKz7CtJd2Nx/1lHRuJDaxMk6KfM2/4olLBwSnQYHlJgTA0xCnNzmaSMdsMUu49tAfOF72zeQrsrCssU9nBOVJyi9AobTkXRkqY9XfRRVGjconYYH0BA4x4FaOgMvbCeSCHlSd8+jQOK01Z9MMX76oFDFd17iPq2VaIyeXRMhPbVtRj0bZQCqOr5DQzVNXXXnxTwmxntPj6Arw8z97LizCdkSsXZDI9vrMd/66FGUcGQxrcyhhC2YfkkZ0vyHCeczSdqFmxh6M/DcMlvPZkalLpOwkXkYvelrTg/e/I0PV9wj9luHdVZJIaAn82k5qAg3AzzH8Mulpb1uQO5POdnwfttIcySv8kS0EP3PGgVCwNrhY+xw+9xlAN8nx8bHv1pPhb9zU/LTWWv+BWdNkLc2z3vXA5ezexaSMx1HlTfcKtXnniZt9shWBU/hvAol+vT7zADUItJ2kep9deJVyBcwmeUmjESsk6D8TS6F4M3Px0DH/+1XGl0NFifZrCx9QbRqFgJ7V5O1PFgQup5i2SrSm3f2CPM5v/2jsbXLTIjIW+qzIUJFs0hLsN4zIbPDODc0Zjr3mNY1vhI+XHicYytd/D3CN3xa2MrqE36h/6y6MgsVFqneOFPa87lo0TXpGJoOnxUGfexEzjzrXpUcffVHCYKA0nuqzbVRthhvwALHXSgfvlTspIJLGBNAPiwPbruSExUY5yoecYOfwy7Oa/FQkhX8MLyADP6CupJwglfHBZSf6Lk+1LMkuxQBgU8z8s6XrCNN1ll8gokI2RgiFH//FGksP9FkBwj8RIfEsJBoxHOibfcCmkOpXLzDmE4bYrt3PLhwmVvQRlrDLLvr5MsAtZUt74arQ8F1EWC6xkiENPoQaFgB8nkdkYWdMZ6Kv37GhR6jKUXoW73tykSVYTzYsnqSoasIVpTQN0QQa4x1ke/Q1CN6EH0oTjj4RcP2Q9RhppbXhmNlB4o2x8u8E3hL8VpLnYjR7vVxgk5TwUY2qe1apb89LNyzXwGGDvLHRR1KfNvZNeZL5ssfP3GqO9g=&u=U2FsdGVkX1/IYvimSKPxE7UDLXvVWd9/o4ivOWuWQX4=&y=U2FsdGVkX19kZtGqJF6j3BpYrx0/vedDK27b3Gq5BCc= HTTP/1.1" 200 2441
186.102.85.144 - - [22/Nov/2022:01:57:22 -0500] "GET /kwssiamovil/sm/acme/s?s=U2FsdGVkX18hGYs32M4CzMOWC2EMcT3EQkTmPSeumtWqLdFMSLp+T2cQLE+OI/1fquxeVJMBF69CyXGLUjcZQfSXLK1wkBYr2eGVclcGbUT6AmcYuWnraueKix5guCeIhGn9Wk7/ZH12Ro02td1Z1N5p1TLbvsiM3pbOpnHqSTkzXNUKz8Pq/c6dO9gAmnttvOmoAY6Fsja7VUezuDGLInSKRoS6nPKmVuPkW2PF7nvSP/g3YHwPe/bwf6azaVkGnXhJPGXsd6qDWJ/V6hl9bFAU495FBb70K/4bP+A+yMIJZvTJWUlKnV0W3+7wp3LIDkmaBxu6pjWTlMgmWnMdnImVkPQ/Fi29aKtpNosELU+ZQOS0efIK+s5Gxm7Gnp+tJWGp99Abm+uXaD2VzZr3WnXSv/F5rDahWBqAbq5uS7G/XFuNVamUNJwWGuZkChZqfaCyweYEe1avKCun5PqxqgA3eza/jbKIkS8eOmW/i8Y8lMjHu7i0ekETWIYLV7V0t+uQGpeHqI7/nB/XejCaKtb7A1z+QyiXW020jJajHkvA8e9yzMW7wH5Smia3VdsNzv4+Ol5WwoW1Cv1/3HDHSm6KvxFAlIBwnZUoqAKfTm4GPiyiuavdkZxFNVA02PlSGd/h7LeQT96xl3n1Mo7k+7gmdGwpfBPh+IclRosHzqoOLpP/1BkFryoL6MJrGQfnK8WmsnM4c8MjHOyOP1OcP96XqaD0ok9/Y6qVhyI4b9e4pfTwFfoO++I/yvu2/Sot&u=U2FsdGVkX1/IYvimSKPxE7UDLXvVWd9/o4ivOWuWQX4=&y=U2FsdGVkX19kZtGqJF6j3BpYrx0/vedDK27b3Gq5BCc= HTTP/1.1" 200 208
186.102.85.144 - - [22/Nov/2022:01:57:22 -0500] "GET /kwssiamovil/sm/cjson/pre?f=1&x=U2FsdGVkX1+T3/2QR1gbYc/wTbe2ueW+/8GAd9XblsKz6nOHXq83sArIzJ9Ndtsx HTTP/1.1" 200 30992
172.22.2.4 - - [22/Nov/2022:01:56:48 -0500] "HEAD /BLA/boletinlegal/ HTTP/1.1" 200 -
84.241.35.5 - - [22/Nov/2022:01:59:17 -0500] "GET / HTTP/1.1" 200 319
172.22.2.4 - - [22/Nov/2022:01:57:38 -0500] "GET /BLA/boletinlegal/ HTTP/1.1" 200 56079
216.245.221.92 - - [22/Nov/2022:01:59:57 -0500] "HEAD / HTTP/1.1" 200 -
66.249.73.127 - - [22/Nov/2022:02:00:00 -0500] "-" 408 -
152.61.128.50 - - [22/Nov/2022:02:00:04 -0500] "GET /arcgis/services/Calidad_del_Agua_WQI/MapServer/WMSServer?request=GetCapabilities&service=WMS HTTP/1.1" 503 1020
152.61.128.50 - - [22/Nov/2022:02:00:05 -0500] "GET /arcgis/services/Calidad_del_Agua_WQI/MapServer/WMSServer?SERVICE=WMS&REQUEST=GetCapabilities HTTP/1.1" 503 1020
152.61.128.50 - - [22/Nov/2022:02:00:06 -0500] "GET /arcgis/services/Calidad_del_Agua_WQI/MapServer/WMSServer?WMTVER=1.0.0&REQUEST=capabilities HTTP/1.1" 503 1020
201.245.192.253 - - [22/Nov/2022:02:00:43 -0500] "POST /kwsrmcab/Wsrmcab  HTTP/1.1" 200 42393
104.152.52.9 - - [22/Nov/2022:02:03:07 -0500] "GET / HTTP/1.0" 200 319
152.61.192.232 - - [22/Nov/2022:02:03:26 -0500] "GET /arcgis/services/Calidad_del_Agua_WQI/MapServer/WMSServer?request=GetCapabilities&service=WMS HTTP/1.1" 503 1020
152.61.192.232 - - [22/Nov/2022:02:03:27 -0500] "GET /arcgis/services/Calidad_del_Agua_WQI/MapServer/WMSServer?SERVICE=WMS&REQUEST=GetCapabilities HTTP/1.1" 503 1020
152.61.192.232 - - [22/Nov/2022:02:03:28 -0500] "GET /arcgis/services/Calidad_del_Agua_WQI/MapServer/WMSServer?WMTVER=1.0.0&REQUEST=capabilities HTTP/1.1" 503 1020
172.22.2.4 - - [22/Nov/2022:02:02:38 -0500] "HEAD /BLA/boletinlegal/ HTTP/1.1" 200 -
201.245.192.253 - - [22/Nov/2022:02:05:41 -0500] "POST /kwsrmcab/Wsrmcab  HTTP/1.1" 200 42393
43.134.96.152 - - [22/Nov/2022:02:06:09 -0500] "GET /galeria/galeria/fotos/juan-amarillo2P.jpg HTTP/1.1" 200 32696
185.119.81.106 - - [22/Nov/2022:02:06:18 -0500] "GET /portaldeninos/wp-login.php HTTP/1.1" 200 2592
185.119.81.106 - - [22/Nov/2022:02:06:19 -0500] "POST /portaldeninos/wp-login.php HTTP/1.1" 200 3605
216.245.221.92 - - [22/Nov/2022:02:08:55 -0500] "HEAD / HTTP/1.1" 200 -
66.249.73.127 - - [22/Nov/2022:02:09:52 -0500] "-" 408 -
201.245.192.253 - - [22/Nov/2022:02:10:40 -0500] "POST /kwsrmcab/Wsrmcab  HTTP/1.1" 200 42393
172.22.2.4 - - [22/Nov/2022:02:11:29 -0500] "HEAD /BLA/boletinlegal/ HTTP/1.1" 200 -
216.245.221.92 - - [22/Nov/2022:02:13:55 -0500] "HEAD / HTTP/1.1" 200 -
172.22.2.4 - - [22/Nov/2022:02:12:19 -0500] "GET /BLA/boletinlegal/ HTTP/1.1" 200 58185
185.119.81.104 - - [22/Nov/2022:02:14:32 -0500] "GET /portaldeninos/wp-login.php HTTP/1.1" 200 2592
185.119.81.104 - - [22/Nov/2022:02:14:33 -0500] "POST /portaldeninos/wp-login.php HTTP/1.1" 200 3650
201.245.192.253 - - [22/Nov/2022:02:15:40 -0500] "POST /kwsrmcab/Wsrmcab  HTTP/1.1" 200 42393
172.22.2.4 - - [22/Nov/2022:02:17:00 -0500] "GET /BLA/boletinlegal/Circulares/2018/CIRCULAR%20COJUNTA%20042%20DE%202018.pdf HTTP/1.1" 304 -
216.245.221.92 - - [22/Nov/2022:02:18:55 -0500] "HEAD / HTTP/1.1" 200 -
172.22.2.4 - - [22/Nov/2022:02:17:19 -0500] "HEAD /BLA/boletinlegal/ HTTP/1.1" 200 -
66.249.73.127 - - [22/Nov/2022:02:19:44 -0500] "-" 408 -
172.22.2.4 - - [22/Nov/2022:02:18:09 -0500] "GET /BLA/boletinlegal/ HTTP/1.1" 200 59779
201.245.192.253 - - [22/Nov/2022:02:20:39 -0500] "POST /kwsrmcab/Wsrmcab  HTTP/1.1" 200 42393
190.156.185.197 - - [22/Nov/2022:02:20:48 -0500] "GET /BLA/resoluciones/AUTOS%202022/5366.pdf HTTP/1.1" 200 403999
201.245.192.253 - - [22/Nov/2022:02:20:52 -0500] "POST /kwsrmcab/Wsrmcab HTTP/1.1" 200 42032
201.245.192.253 - - [22/Nov/2022:02:20:55 -0500] "POST /kwsrmcab/Wsrmcab HTTP/1.1" 200 43782
185.119.81.107 - - [22/Nov/2022:02:21:57 -0500] "GET /portaldeninos/wp-login.php HTTP/1.1" 200 2592
185.119.81.107 - - [22/Nov/2022:02:21:58 -0500] "POST /portaldeninos/wp-login.php HTTP/1.1" 200 3605
216.245.221.92 - - [22/Nov/2022:02:23:55 -0500] "HEAD / HTTP/1.1" 200 -
172.22.2.4 - - [22/Nov/2022:02:23:09 -0500] "HEAD /BLA/boletinlegal/ HTTP/1.1" 200 -
207.46.13.194 - - [22/Nov/2022:02:25:08 -0500] "GET /BLA/resoluciones/AUTOS%202019/4614.pdf HTTP/1.1" 200 341810
201.245.192.253 - - [22/Nov/2022:02:25:37 -0500] "POST /kwsrmcab/Wsrmcab  HTTP/1.1" 200 42393
172.22.2.4 - - [22/Nov/2022:02:23:59 -0500] "GET /BLA/boletinlegal/ HTTP/1.1" 200 57824
69.171.249.16 - - [22/Nov/2022:02:26:42 -0500] "GET /cambio-de-habitos-y-vigilancia-y-control-claves-para-mantener-una-buena-calidad-del-aire-en-bogota-y-la-region.html HTTP/1.1" 206 1090
172.22.2.4 - - [22/Nov/2022:02:26:47 -0500] "GET /BLA/boletinlegal/ HTTP/1.1" 200 20427
157.55.39.39 - - [22/Nov/2022:02:28:25 -0500] "GET /sipse/faces/javax.faces.resource/jquery/jquery.js;jsessionid=wgtop28a+ikegaknavsszxo2.undefined?ln=primefaces&v=4.0 HTTP/1.1" 200 105384
216.245.221.92 - - [22/Nov/2022:02:28:54 -0500] "HEAD / HTTP/1.1" 200 -
201.245.192.253 - - [22/Nov/2022:02:30:36 -0500] "POST /kwsrmcab/Wsrmcab  HTTP/1.1" 200 42393
172.22.2.4 - - [22/Nov/2022:02:28:59 -0500] "HEAD /BLA/boletinlegal/ HTTP/1.1" 200 -
185.119.81.106 - - [22/Nov/2022:02:30:53 -0500] "GET /portaldeninos/wp-login.php HTTP/1.1" 200 2592
185.119.81.106 - - [22/Nov/2022:02:30:54 -0500] "POST /portaldeninos/wp-login.php HTTP/1.1" 200 3670
201.245.192.253 - - [22/Nov/2022:02:30:52 -0500] "POST /kwsrmcab/Wsrmcab HTTP/1.1" 200 42032
201.245.192.253 - - [22/Nov/2022:02:30:55 -0500] "POST /kwsrmcab/Wsrmcab HTTP/1.1" 200 43782
40.77.167.13 - - [22/Nov/2022:02:31:25 -0500] "GET /sipse/faces/javax.faces.resource/jquery/jquery-plugins.js;jsessionid=wgtop28a+ikegaknavsszxo2.undefined?ln=primefaces&v=4.0 HTTP/1.1" 200 220526
172.22.2.4 - - [22/Nov/2022:02:29:49 -0500] "GET /BLA/boletinlegal/ HTTP/1.1" 200 55680
40.77.167.13 - - [22/Nov/2022:02:33:34 -0500] "GET /sipse/faces/javax.faces.resource/primefaces.js;jsessionid=1wswqd1-aqdzfapmyjucsumt.undefined?ln=primefaces&v=4.0 HTTP/1.1" 200 276924
216.245.221.92 - - [22/Nov/2022:02:33:54 -0500] "HEAD / HTTP/1.1" 200 -
207.46.13.174 - - [22/Nov/2022:02:34:44 -0500] "GET /sipse/faces/javax.faces.resource/primefaces.js;jsessionid=rd5-4izvgzce2nkasbrxqfwt.undefined?ln=primefaces&v=4.0 HTTP/1.1" 200 276924
40.77.167.13 - - [22/Nov/2022:02:34:54 -0500] "GET / HTTP/1.1" 200 4720
201.245.192.253 - - [22/Nov/2022:02:35:35 -0500] "POST /kwsrmcab/Wsrmcab  HTTP/1.1" 200 42393
172.22.2.4 - - [22/Nov/2022:02:34:48 -0500] "HEAD /BLA/boletinlegal/ HTTP/1.1" 200 -
172.22.2.4 - - [22/Nov/2022:02:35:39 -0500] "GET /BLA/boletinlegal/ HTTP/1.1" 200 57192
216.245.221.92 - - [22/Nov/2022:02:38:55 -0500] "HEAD / HTTP/1.1" 200 -
201.245.192.253 - - [22/Nov/2022:02:40:34 -0500] "POST /kwsrmcab/Wsrmcab  HTTP/1.1" 200 42393
201.245.192.253 - - [22/Nov/2022:02:40:53 -0500] "POST /kwsrmcab/Wsrmcab HTTP/1.1" 200 42032
201.245.192.253 - - [22/Nov/2022:02:40:55 -0500] "POST /kwsrmcab/Wsrmcab HTTP/1.1" 200 43782
172.22.2.4 - - [22/Nov/2022:02:40:39 -0500] "HEAD /BLA/boletinlegal/ HTTP/1.1" 200 -
172.22.2.4 - - [22/Nov/2022:02:41:29 -0500] "GET /BLA/boletinlegal/ HTTP/1.1" 200 59779
216.245.221.92 - - [22/Nov/2022:02:43:54 -0500] "HEAD / HTTP/1.1" 200 -
157.55.39.39 - - [22/Nov/2022:02:45:16 -0500] "GET /sipse/faces/javax.faces.resource/jquery/jquery-plugins.js;jsessionid=1wswqd1-aqdzfapmyjucsumt.undefined?ln=primefaces&v=4.0 HTTP/1.1" 200 220526
201.245.192.253 - - [22/Nov/2022:02:45:33 -0500] "POST /kwsrmcab/Wsrmcab  HTTP/1.1" 200 42393
172.22.2.4 - - [22/Nov/2022:02:46:28 -0500] "HEAD /BLA/boletinlegal/ HTTP/1.1" 200 -
172.22.2.4 - - [22/Nov/2022:02:47:19 -0500] "GET /BLA/boletinlegal/ HTTP/1.1" 200 36811
172.22.2.4 - - [22/Nov/2022:02:49:41 -0500] "GET /BLA/boletinlegal/robots.txt HTTP/1.1" 404 1038
201.245.192.253 - - [22/Nov/2022:02:50:32 -0500] "POST /kwsrmcab/Wsrmcab  HTTP/1.1" 200 42393
172.22.2.4 - - [22/Nov/2022:02:49:41 -0500] "GET /BLA/boletinlegal/ HTTP/1.1" 200 60277
40.77.167.58 - - [22/Nov/2022:02:52:34 -0500] "GET /bla/boletinlegal/norma_menu.php/js/ajax.js HTTP/1.1" 200 6318
172.22.2.4 - - [22/Nov/2022:02:50:56 -0500] "HEAD /BLA/boletinlegal/ HTTP/1.1" 200 -
216.245.221.92 - - [22/Nov/2022:02:52:59 -0500] "HEAD / HTTP/1.1" 200 -
172.22.2.4 - - [22/Nov/2022:02:51:46 -0500] "GET /BLA/boletinlegal/ HTTP/1.1" 200 57824
201.245.192.253 - - [22/Nov/2022:02:55:31 -0500] "POST /kwsrmcab/Wsrmcab  HTTP/1.1" 200 42393
216.245.221.92 - - [22/Nov/2022:02:57:59 -0500] "HEAD / HTTP/1.1" 200 -
172.22.2.4 - - [22/Nov/2022:02:56:45 -0500] "HEAD /BLA/boletinlegal/ HTTP/1.1" 200 -
172.22.2.4 - - [22/Nov/2022:02:57:36 -0500] "GET /BLA/boletinlegal/ HTTP/1.1" 200 59779
185.119.81.109 - - [22/Nov/2022:03:00:17 -0500] "GET /portaldeninos/wp-login.php HTTP/1.1" 200 2592
185.119.81.109 - - [22/Nov/2022:03:00:17 -0500] "POST /portaldeninos/wp-login.php HTTP/1.1" 200 3650
201.245.192.253 - - [22/Nov/2022:03:00:29 -0500] "POST /kwsrmcab/Wsrmcab  HTTP/1.1" 200 42393
185.119.81.104 - - [22/Nov/2022:03:00:40 -0500] "GET /portaldeninos/wp-login.php HTTP/1.1" 200 2592
185.119.81.104 - - [22/Nov/2022:03:00:41 -0500] "POST /portaldeninos/wp-login.php HTTP/1.1" 200 3605
216.245.221.92 - - [22/Nov/2022:03:02:59 -0500] "HEAD / HTTP/1.1" 200 -
172.22.2.4 - - [22/Nov/2022:03:03:36 -0500] "GET /BLA/boletinlegal/Circulares/2012/Circular%20No.%2014%20del%2011%20de%20Septiembre%20de%202012.pdf HTTP/1.1" 304 -
172.22.2.4 - - [22/Nov/2022:03:02:35 -0500] "HEAD /BLA/boletinlegal/ HTTP/1.1" 200 -
172.22.2.4 - - [22/Nov/2022:03:03:26 -0500] "GET /BLA/boletinlegal/ HTTP/1.1" 200 57824
201.245.192.253 - - [22/Nov/2022:03:05:28 -0500] "POST /kwsrmcab/Wsrmcab  HTTP/1.1" 200 42393
216.245.221.92 - - [22/Nov/2022:03:07:59 -0500] "HEAD / HTTP/1.1" 200 -
172.22.2.4 - - [22/Nov/2022:03:08:25 -0500] "HEAD /BLA/boletinlegal/ HTTP/1.1" 200 -
201.245.192.253 - - [22/Nov/2022:03:10:27 -0500] "POST /kwsrmcab/Wsrmcab  HTTP/1.1" 200 42393
172.22.2.4 - - [22/Nov/2022:03:09:16 -0500] "GET /BLA/boletinlegal/ HTTP/1.1" 200 57824
3.219.56.196 - - [22/Nov/2022:03:12:49 -0500] "GET / HTTP/1.1" 200 319
216.245.221.92 - - [22/Nov/2022:03:12:59 -0500] "HEAD / HTTP/1.1" 200 -
199.59.150.181 - - [22/Nov/2022:03:14:52 -0500] "GET /images/alcaldesa-secretaria-29-octubre.jpg HTTP/1.1" 200 72783
201.245.192.253 - - [22/Nov/2022:03:15:26 -0500] "POST /kwsrmcab/Wsrmcab  HTTP/1.1" 200 42393
69.63.184.2 - - [22/Nov/2022:03:15:54 -0500] "GET /secretaria-de-ambiente-libero-a-33-animales-silvestres-en-el-humedal-la-conejera.html HTTP/1.1" 206 1095
87.236.176.160 - - [22/Nov/2022:03:15:53 -0500] "GET /portaldeninos/ HTTP/1.1" 200 110197
172.22.2.4 - - [22/Nov/2022:03:14:15 -0500] "HEAD /BLA/boletinlegal/ HTTP/1.1" 200 -
40.77.167.13 - - [22/Nov/2022:03:16:17 -0500] "GET /BLA/resoluciones/AUTOS%202021/4623.pdf HTTP/1.1" 304 -
172.22.2.4 - - [22/Nov/2022:03:15:06 -0500] "GET /BLA/boletinlegal/ HTTP/1.1" 200 57824
216.245.221.92 - - [22/Nov/2022:03:17:59 -0500] "HEAD / HTTP/1.1" 200 -
185.119.81.107 - - [22/Nov/2022:03:18:07 -0500] "GET /portaldeninos/wp-login.php HTTP/1.1" 200 2592
185.119.81.107 - - [22/Nov/2022:03:18:08 -0500] "POST /portaldeninos/wp-login.php HTTP/1.1" 200 3605
40.77.167.58 - - [22/Nov/2022:03:18:12 -0500] "GET /Publicaciones/2022EE246552.pdf HTTP/1.1" 404 228
66.249.73.97 - - [22/Nov/2022:03:18:52 -0500] "-" 408 -
157.55.39.39 - - [22/Nov/2022:03:19:02 -0500] "GET /BLA/resoluciones/index.php?dir=AUTOS+2018%2F HTTP/1.1" 200 440187
185.119.81.106 - - [22/Nov/2022:03:19:05 -0500] "GET /portaldeninos/wp-login.php HTTP/1.1" 200 2592
185.119.81.106 - - [22/Nov/2022:03:19:06 -0500] "POST /portaldeninos/wp-login.php HTTP/1.1" 200 3670
207.46.13.209 - - [22/Nov/2022:03:19:09 -0500] "GET /www.ambientebogota.gov.co/web/web-ninos/inicio HTTP/1.1" 404 1049
207.46.13.209 - - [22/Nov/2022:03:19:09 -0500] "GET /BLA/boletinlegal/Directivas/2018/Directiva%20No.%2023%20del%2026%20de%20diciembre%20de%202018.pdf HTTP/1.1" 200 481134
157.55.39.95 - - [22/Nov/2022:03:19:13 -0500] "GET /www.ambientebogota.gov.co:81/ HTTP/1.1" 403 1051
157.55.39.95 - - [22/Nov/2022:03:19:13 -0500] "GET /BLA/boletinlegal/Directivas/2018/Directiva%20No.%2026%20del%2028%20de%20diciembre%20de%202018.pdf HTTP/1.1" 200 332220
157.55.39.95 - - [22/Nov/2022:03:19:13 -0500] "GET /BLA/boletinlegal/Directivas/2018/Directiva%20No.%2024%20del%2027%20de%20diciembre%20de%202018.pdf HTTP/1.1" 200 575948
157.55.39.95 - - [22/Nov/2022:03:19:14 -0500] "GET /BLA/boletinlegal/Directivas/2017/Directiva%20No.%2005%20del%2013%20de%20Junio%20de%202017.pdf HTTP/1.1" 200 853105
92.118.39.78 - - [22/Nov/2022:03:19:36 -0500] "GET / HTTP/1.1" 200 319
201.245.192.253 - - [22/Nov/2022:03:20:24 -0500] "POST /kwsrmcab/Wsrmcab  HTTP/1.1" 200 42393
201.245.192.253 - - [22/Nov/2022:03:20:52 -0500] "POST /kwsrmcab/Wsrmcab HTTP/1.1" 200 41599
201.245.192.253 - - [22/Nov/2022:03:20:55 -0500] "POST /kwsrmcab/Wsrmcab HTTP/1.1" 200 43787
207.46.13.209 - - [22/Nov/2022:03:21:29 -0500] "GET /BLA/boletinlegal/Circulares/2013/Circular%20No.%203%20del%2005%20de%20abril%20de%202013.pdf HTTP/1.1" 200 93580
172.22.2.4 - - [22/Nov/2022:03:20:05 -0500] "HEAD /BLA/boletinlegal/ HTTP/1.1" 200 -
207.46.13.194 - - [22/Nov/2022:03:22:25 -0500] "GET /sipse/faces/javax.faces.resource/jquery/jquery.js;jsessionid=1wswqd1-aqdzfapmyjucsumt.undefined?ln=primefaces&v=4.0 HTTP/1.1" 200 105384
172.22.2.4 - - [22/Nov/2022:03:20:56 -0500] "GET /BLA/boletinlegal/ HTTP/1.1" 200 57824
216.245.221.92 - - [22/Nov/2022:03:22:59 -0500] "HEAD / HTTP/1.1" 200 -
185.119.81.106 - - [22/Nov/2022:03:24:32 -0500] "GET /portaldeninos/wp-login.php HTTP/1.1" 200 2592
185.119.81.106 - - [22/Nov/2022:03:24:33 -0500] "POST /portaldeninos/wp-login.php HTTP/1.1" 200 3605
201.245.192.253 - - [22/Nov/2022:03:25:23 -0500] "POST /kwsrmcab/Wsrmcab  HTTP/1.1" 200 42393
185.119.81.104 - - [22/Nov/2022:03:27:23 -0500] "GET /portaldeninos/wp-login.php HTTP/1.1" 200 2592
185.119.81.104 - - [22/Nov/2022:03:27:24 -0500] "POST /portaldeninos/wp-login.php HTTP/1.1" 200 3650
172.22.2.4 - - [22/Nov/2022:03:25:55 -0500] "HEAD /BLA/boletinlegal/ HTTP/1.1" 200 -
172.22.2.4 - - [22/Nov/2022:03:27:54 -0500] "GET /BLA/boletinlegal/actas/466-2017.pdf HTTP/1.1" 200 9170724
216.245.221.92 - - [22/Nov/2022:03:27:59 -0500] "HEAD / HTTP/1.1" 200 -
172.22.2.4 - - [22/Nov/2022:03:26:46 -0500] "GET /BLA/boletinlegal/ HTTP/1.1" 200 57824
201.245.192.253 - - [22/Nov/2022:03:30:22 -0500] "POST /kwsrmcab/Wsrmcab  HTTP/1.1" 200 42393
201.245.192.253 - - [22/Nov/2022:03:30:52 -0500] "POST /kwsrmcab/Wsrmcab HTTP/1.1" 200 41599
201.245.192.253 - - [22/Nov/2022:03:30:55 -0500] "POST /kwsrmcab/Wsrmcab HTTP/1.1" 200 43787
66.249.79.148 - - [22/Nov/2022:03:31:11 -0500] "-" 408 -
172.22.2.4 - - [22/Nov/2022:03:31:34 -0500] "GET /BLA/boletinlegal/actos.php HTTP/1.1" 200 9566
216.245.221.92 - - [22/Nov/2022:03:32:59 -0500] "HEAD / HTTP/1.1" 200 -
172.22.2.4 - - [22/Nov/2022:03:31:45 -0500] "HEAD /BLA/boletinlegal/ HTTP/1.1" 200 -
172.22.2.4 - - [22/Nov/2022:03:32:36 -0500] "GET /BLA/boletinlegal/ HTTP/1.1" 200 59404
201.245.192.253 - - [22/Nov/2022:03:35:20 -0500] "POST /kwsrmcab/Wsrmcab  HTTP/1.1" 200 42393
216.245.221.92 - - [22/Nov/2022:03:37:59 -0500] "HEAD / HTTP/1.1" 200 -
172.22.2.4 - - [22/Nov/2022:03:37:35 -0500] "HEAD /BLA/boletinlegal/ HTTP/1.1" 200 -
172.22.2.4 - - [22/Nov/2022:03:38:26 -0500] "GET /BLA/boletinlegal/ HTTP/1.1" 200 59035
201.245.192.253 - - [22/Nov/2022:03:40:19 -0500] "POST /kwsrmcab/Wsrmcab  HTTP/1.1" 200 42393
201.245.192.253 - - [22/Nov/2022:03:40:52 -0500] "POST /kwsrmcab/Wsrmcab HTTP/1.1" 200 41599
201.245.192.253 - - [22/Nov/2022:03:40:55 -0500] "POST /kwsrmcab/Wsrmcab HTTP/1.1" 200 43787
44.201.160.93 - - [22/Nov/2022:03:42:28 -0500] "GET / HTTP/1.1" 200 4720
