201.245.192.253 - - [23/Nov/2022:10:38:03 -0500] "GET /sipse/faces/presentacion/financiero/solicitudAnulacion/solicitudAnulacion.xhtml HTTP/1.1" 200 59385
201.245.192.253 - - [23/Nov/2022:10:38:05 -0500] "POST /sipse/faces/presentacion/financiero/solicitudAnulacion/solicitudAnulacion.xhtml HTTP/1.1" 200 37624
201.245.192.253 - - [23/Nov/2022:10:38:31 -0500] "POST /kwsrmcab/Wsrmcab  HTTP/1.1" 200 42393
216.245.221.92 - - [23/Nov/2022:10:38:44 -0500] "HEAD / HTTP/1.1" 200 -
66.249.73.127 - - [23/Nov/2022:10:38:53 -0500] "-" 408 -
201.245.192.253 - - [23/Nov/2022:10:39:05 -0500] "POST /sipse/faces/presentacion/financiero/solicitudAnulacion/solicitudAnulacion.xhtml HTTP/1.1" 200 41519
201.245.192.253 - - [23/Nov/2022:10:39:06 -0500] "GET /sipse/faces/javax.faces.resource/theme.css?ln=primefaces-sipse HTTP/1.1" 304 -
201.245.192.253 - - [23/Nov/2022:10:39:06 -0500] "GET /sipse/faces/javax.faces.resource/primefaces.css?ln=primefaces&v=4.0 HTTP/1.1" 304 -
201.245.192.253 - - [23/Nov/2022:10:39:06 -0500] "GET /sipse/faces/javax.faces.resource/layout/layout.css?ln=primefaces&v=4.0 HTTP/1.1" 304 -
201.245.192.253 - - [23/Nov/2022:10:39:06 -0500] "GET /sipse/faces/javax.faces.resource/fileupload/fileupload.css?ln=primefaces&v=4.0 HTTP/1.1" 304 -
201.245.192.253 - - [23/Nov/2022:10:39:06 -0500] "GET /sipse/faces/javax.faces.resource/jquery/jquery.js?ln=primefaces&v=4.0 HTTP/1.1" 304 -
201.245.192.253 - - [23/Nov/2022:10:39:06 -0500] "GET /sipse/faces/javax.faces.resource/jquery/jquery-plugins.js?ln=primefaces&v=4.0 HTTP/1.1" 304 -
201.245.192.253 - - [23/Nov/2022:10:39:06 -0500] "GET /sipse/faces/javax.faces.resource/primefaces.js?ln=primefaces&v=4.0 HTTP/1.1" 304 -
201.245.192.253 - - [23/Nov/2022:10:39:06 -0500] "GET /sipse/faces/javax.faces.resource/layout/layout.js?ln=primefaces&v=4.0 HTTP/1.1" 304 -
201.245.192.253 - - [23/Nov/2022:10:39:06 -0500] "GET /sipse/faces/javax.faces.resource/fileupload/fileupload.js?ln=primefaces&v=4.0 HTTP/1.1" 304 -
201.245.192.253 - - [23/Nov/2022:10:39:06 -0500] "GET /sipse/faces/javax.faces.resource/images/ui-icons_898989_256x240.png?ln=primefaces-aristo HTTP/1.1" 304 -
181.136.138.151 - - [23/Nov/2022:10:40:06 -0500] "GET /BLA/resoluciones/dlf/dirup.png HTTP/1.1" 200 644
181.136.138.151 - - [23/Nov/2022:10:40:06 -0500] "GET /BLA/resoluciones/dlf/pdf.gif HTTP/1.1" 200 272
181.136.138.151 - - [23/Nov/2022:10:40:05 -0500] "GET /BLA/resoluciones/index.php?dir=RESOLUCIONES+2019%2F HTTP/1.1" 200 248301
201.245.192.253 - - [23/Nov/2022:10:40:46 -0500] "POST /kwsrmcab/Wsrmcab HTTP/1.1" 200 43930
201.245.192.253 - - [23/Nov/2022:10:40:49 -0500] "POST /kwsrmcab/Wsrmcab HTTP/1.1" 200 41106
186.80.174.201 - - [23/Nov/2022:10:41:39 -0500] "GET /sipse/faces/faces/autenticacion.xhtml HTTP/1.1" 200 12508
186.80.174.201 - - [23/Nov/2022:10:41:40 -0500] "GET /sipse/faces/javax.faces.resource/layout/layout.css;jsessionid=1e9AqZNsC95ykk7WglrEoDl3.undefined?ln=primefaces&v=4.0 HTTP/1.1" 200 542
186.80.174.201 - - [23/Nov/2022:10:41:40 -0500] "GET /sipse/faces/javax.faces.resource/primefaces.css;jsessionid=1e9AqZNsC95ykk7WglrEoDl3.undefined?ln=primefaces&v=4.0 HTTP/1.1" 200 53295
186.80.174.201 - - [23/Nov/2022:10:41:40 -0500] "GET /sipse/faces/javax.faces.resource/layout/layout.js;jsessionid=1e9AqZNsC95ykk7WglrEoDl3.undefined?ln=primefaces&v=4.0 HTTP/1.1" 200 87560
186.80.174.201 - - [23/Nov/2022:10:41:40 -0500] "GET /sipse/faces/javax.faces.resource/jquery/jquery.js;jsessionid=1e9AqZNsC95ykk7WglrEoDl3.undefined?ln=primefaces&v=4.0 HTTP/1.1" 200 105384
186.80.174.201 - - [23/Nov/2022:10:41:40 -0500] "GET /sipse/css/custom_css_sg_prime_login.css HTTP/1.1" 200 443
186.80.174.201 - - [23/Nov/2022:10:41:40 -0500] "GET /sipse/css/custom_css_sg.css HTTP/1.1" 200 9694
186.80.174.201 - - [23/Nov/2022:10:41:40 -0500] "GET /sipse/faces/javax.faces.resource/theme.css?ln=primefaces-sipse HTTP/1.1" 200 50058
186.80.174.201 - - [23/Nov/2022:10:41:40 -0500] "GET /sipse/js/disable_browser_buttons.js HTTP/1.1" 304 -
186.80.174.201 - - [23/Nov/2022:10:41:40 -0500] "GET /sipse/js/funciones.js HTTP/1.1" 304 -
186.80.174.201 - - [23/Nov/2022:10:41:40 -0500] "GET /sipse/faces/javax.faces.resource/primefaces.js;jsessionid=1e9AqZNsC95ykk7WglrEoDl3.undefined?ln=primefaces&v=4.0 HTTP/1.1" 200 276924
186.80.174.201 - - [23/Nov/2022:10:41:40 -0500] "GET /sipse/faces/javax.faces.resource/jquery/jquery-plugins.js;jsessionid=1e9AqZNsC95ykk7WglrEoDl3.undefined?ln=primefaces&v=4.0 HTTP/1.1" 200 220526
186.80.174.201 - - [23/Nov/2022:10:41:42 -0500] "GET /sipse/faces/javax.faces.resource/images/ui-icons_898989_256x240.png?ln=primefaces-aristo HTTP/1.1" 200 5355
186.80.174.201 - - [23/Nov/2022:10:41:42 -0500] "GET /sipse/css/imagen/logoSDG.png HTTP/1.1" 200 53064
186.80.174.201 - - [23/Nov/2022:10:41:42 -0500] "GET /sipse/css/imagen/loginimg.png HTTP/1.1" 200 71635
186.80.174.201 - - [23/Nov/2022:10:41:43 -0500] "GET /sipse/faces/faces/index.xhtml HTTP/1.1" 200 677
186.80.174.201 - - [23/Nov/2022:10:41:44 -0500] "GET /sipse/faces/javax.faces.resource/theme.css?ln=primefaces-sipse HTTP/1.1" 304 -
186.80.174.201 - - [23/Nov/2022:10:41:44 -0500] "GET /sipse/faces/faces/faces/autenticacion.xhtml HTTP/1.1" 200 12186
186.80.174.201 - - [23/Nov/2022:10:41:45 -0500] "GET /sipse/faces/javax.faces.resource/theme.css?ln=primefaces-sipse HTTP/1.1" 304 -
186.80.174.201 - - [23/Nov/2022:10:41:45 -0500] "GET /sipse/faces/javax.faces.resource/primefaces.css?ln=primefaces&v=4.0 HTTP/1.1" 304 -
186.80.174.201 - - [23/Nov/2022:10:41:45 -0500] "GET /sipse/faces/javax.faces.resource/layout/layout.css?ln=primefaces&v=4.0 HTTP/1.1" 304 -
186.80.174.201 - - [23/Nov/2022:10:41:45 -0500] "GET /sipse/faces/javax.faces.resource/jquery/jquery.js?ln=primefaces&v=4.0 HTTP/1.1" 304 -
186.80.174.201 - - [23/Nov/2022:10:41:45 -0500] "GET /sipse/faces/javax.faces.resource/jquery/jquery-plugins.js?ln=primefaces&v=4.0 HTTP/1.1" 304 -
186.80.174.201 - - [23/Nov/2022:10:41:45 -0500] "GET /sipse/faces/javax.faces.resource/primefaces.js?ln=primefaces&v=4.0 HTTP/1.1" 304 -
186.80.174.201 - - [23/Nov/2022:10:41:45 -0500] "GET /sipse/faces/javax.faces.resource/layout/layout.js?ln=primefaces&v=4.0 HTTP/1.1" 304 -
186.80.174.201 - - [23/Nov/2022:10:41:46 -0500] "GET /sipse/faces/javax.faces.resource/images/ui-icons_898989_256x240.png?ln=primefaces-aristo HTTP/1.1" 304 -
191.95.38.47 - - [23/Nov/2022:10:42:05 -0500] "GET /calidad-del-aire-consulta-el-borrador-de-decreto-para-el-ascenso-tecnologico-del-transporte-de-carga-en-bogota.html HTTP/1.1" 200 913
172.22.2.4 - - [23/Nov/2022:10:40:30 -0500] "HEAD /BLA/boletinlegal/ HTTP/1.1" 200 -
172.22.2.4 - - [23/Nov/2022:10:42:34 -0500] "GET /BLA/boletinlegal/actos.php HTTP/1.1" 200 9566
172.22.2.4 - - [23/Nov/2022:10:42:34 -0500] "GET /BLA/boletinlegal/favicon.ico HTTP/1.1" 404 1326
186.28.81.137 - - [23/Nov/2022:10:42:37 -0500] "GET /BLA/resoluciones/ HTTP/1.1" 200 13093
69.63.184.118 - - [23/Nov/2022:10:42:37 -0500] "GET /images/Musgo%20SDA%20(1)%20(1).png HTTP/1.1" 200 302122
186.28.81.137 - - [23/Nov/2022:10:42:39 -0500] "GET /BLA/resoluciones/index.php?dir=AUTOS+2018%2F HTTP/1.1" 200 12235
186.28.81.137 - - [23/Nov/2022:10:42:39 -0500] "GET /BLA/resoluciones/index.php?dir=AUTOS+2018%2F HTTP/1.1" 200 440350
186.28.81.137 - - [23/Nov/2022:10:42:50 -0500] "GET /BLA/resoluciones/AUTOS%202018/5807.pdf HTTP/1.1" 200 269077
69.63.184.117 - - [23/Nov/2022:10:42:50 -0500] "GET /images/Acuerdos%2001%20(1)%20(1).jpeg HTTP/1.1" 200 32884
138.185.19.212 - - [23/Nov/2022:10:42:55 -0500] "GET / HTTP/1.1" 200 319
186.80.174.201 - - [23/Nov/2022:10:42:57 -0500] "POST /sipse/faces/autenticacion.xhtml HTTP/1.1" 200 2223
186.80.174.201 - - [23/Nov/2022:10:42:57 -0500] "GET /sipse/faces/javax.faces.resource/messages/messages.png?ln=primefaces&v=4.0 HTTP/1.1" 304 -
186.80.174.201 - - [23/Nov/2022:10:42:59 -0500] "POST /sipse/faces/autenticacion.xhtml HTTP/1.1" 200 16251
186.80.174.201 - - [23/Nov/2022:10:42:59 -0500] "GET /sipse/css/custom_css_sg_prime.css HTTP/1.1" 304 -
186.80.174.201 - - [23/Nov/2022:10:42:59 -0500] "GET /sipse/js/jquery.min.js HTTP/1.1" 304 -
186.80.174.201 - - [23/Nov/2022:10:42:59 -0500] "GET /sipse/faces/javax.faces.resource/jquery/jquery.js?ln=primefaces&v=4.0 HTTP/1.1" 304 -
186.80.174.201 - - [23/Nov/2022:10:42:59 -0500] "GET /sipse/faces/javax.faces.resource/jquery/jquery-plugins.js?ln=primefaces&v=4.0 HTTP/1.1" 304 -
186.80.174.201 - - [23/Nov/2022:10:42:59 -0500] "GET /sipse/faces/javax.faces.resource/primefaces.js?ln=primefaces&v=4.0 HTTP/1.1" 304 -
186.80.174.201 - - [23/Nov/2022:10:42:59 -0500] "GET /sipse/faces/javax.faces.resource/layout/layout.js?ln=primefaces&v=4.0 HTTP/1.1" 304 -
186.80.174.201 - - [23/Nov/2022:10:43:00 -0500] "GET /sipse/imagenes/cargando.gif HTTP/1.1" 304 -
186.80.174.201 - - [23/Nov/2022:10:43:00 -0500] "GET /sipse/imagenes/logoAplicacion.jpg HTTP/1.1" 304 -
186.80.174.201 - - [23/Nov/2022:10:43:00 -0500] "GET /sipse/css/imagen/contrasena.png HTTP/1.1" 404 383
172.22.2.4 - - [23/Nov/2022:10:41:20 -0500] "GET /BLA/boletinlegal/ HTTP/1.1" 200 54816
181.53.12.117 - - [23/Nov/2022:10:43:02 -0500] "GET /kwssiamovil/sm/des/ldap/au?x=U2FsdGVkX18zRIVlkD2Hq58IDza0oX8r4VeCOW+04+IbOlembL76KbigDnPwPFVb&y=U2FsdGVkX18rAmvC7O8TZByI5nJs9tdvowqvVZyMlCzq8lDeQTjzqKbt4sfqc4xi HTTP/1.1" 200 30
181.53.12.117 - - [23/Nov/2022:10:43:02 -0500] "GET /kwssiamovil/sm/des/acme/s?s=U2FsdGVkX1821Y4r+F/tKcpaWvFwAIw/FNsh3gk4moKspdLUHoYer52jHf51Am1C6ofXnX+M2ElHisGA5P9Irzuj6MH0UnqXVnyd3uGrsNg=&u=U2FsdGVkX19XAgtBAqaj2SpBq256pNpiRyhP7Ir9FRM=&y=U2FsdGVkX18rAmvC7O8TZByI5nJs9tdvowqvVZyMlCzq8lDeQTjzqKbt4sfqc4xi HTTP/1.1" 200 97
181.53.12.117 - - [23/Nov/2022:10:43:02 -0500] "GET /kwssiamovil/sm/des/acme/s?s=U2FsdGVkX19oBACwUWwrvz8dfeIVpokrJPWY9xEB9htYKfU8J9xMiJNnEfzn4eEF3e3yJw3Q5kqUTfh9xz9WE6/jWP/28sWPLv1pDCCacMGcp8VjbdO8au8uJM/tS+fTYXY15kCc2KLqae1a85dxjeHlrTLVIl4+ONTlR/CdmDgLw1TeSdjrcRjoz9dE5nlUsBUBWj5mdAtZX9S78IJQ1sABC48ixDRWDB5HUt8WJ3DdrtGJ+U3WTFKAeeGFtZNpm/hSUrRszKIzROAa+2WYymgHIArUZ/jPWpZC1urrnX/RgPxJoDpQYWE8On1/varqbc+lZJOdhsXUj7PbXeNJAIA08N8YLagM17l0Q0r92kw0LdY1AXLY32nF1dSz4LBX6t3QgHRXKLP1tGDADnn8glvcYCHJcM7JAty2Ie598RxofZyTohu8smOgHtt08wDKbzrmJIwJaV2dbPAPUmRbXt3oHpuD8DGmlrOUenSk7PJv0HCJ09zwQL7WlZL9q6Fl9QhnnajMZrLmKqthR5at81jk8ku4myBvg/J9QhmfS6kJw+uQO9bBSV/s0NwmaqJ3zcjof2qppRwj2LiSFpZWbwNjgXatjkNMmoRDuKX9SINtkwy1FZJ3LzH8+drs1GC4cVtDyzcwC8+kmnyiZtCEu/eYPs181Rp3/gdfCgZOc8C49h3XEup4L8sS52ypX0QyqRdlNyPy8xo9dx3oNP3dAkAaw943CzFsWHSqZ5oD3anRLNZsQeMrNChPa2LRCiZhhPdGq3oQYJpVkTj42jYAXoDoMQ9w0+9mgKmU80+PVXTR8rbqgayemp0F5ssmZggqStGxBar6eR5cYZ1szBnzfBNffvbbvld9y7WapeU62hX85i22U/mJwlDyihz7nKI0g6Eyi/pGnR2Q+dIBZSy8/5Khto2a5TUPjiPaG+DMPTjtRfDNwJ2JY93OFUZwppb2Sfsf7wxkNCIR5zC9sqneB9hNfokqrR1jiB3CZqS122PLkZh5A5DxseCtmXKZl1LkFBml6QmW8at/GUo454LmS2w0fpN93c3ZhfLodo30zaWMPQifR0UykglMQ6mKn3ne8pawRhiEPilm4bfqgA9poQzyNSRHtbjJOQUugPlhijL6tvx5y8yol3gXydHOYc2BxmJ72soV0Um8HHkVJZEnYwLlZqvc7jB4d80/NBY2fcdBFnpXOI9wehqzdUrLmSBXKPZG3HklsFYr5CWv6+/NK8DtMuGgAKbdzCSWYPi+n2HjKyJP8aD+0KMTxPR6WqGAnMgUFt0zqX/KVhkSr6Hf6jZ04zcDH4FF8gyeIHySmGmSY45ZadDDY8m/nuhDzfgN5c4zdbo0lvtns2KrhHQ6HQEWUfCsVCvtAIBtXvVLl4SQfey5lG2veTeznlSvyaIqWh1127+TZwLG/dyL77V7gbC/poGMA8tNWE0AFmSEGJ4V7z4CzbicEXg0pGgAcFxvFBvhzxSFLGAzKt/1R0EaxLbIicZ7vQDA2sitOZmeywzK1lDrPg1g/Xb8BcQ/GqS8yQiEJBhYw+zyyztv5XrR6kjLwa6bj5h2IFxI7Cfz7GFHkt0XYCsdOhNt+ANC39vFzuqJ0tIxt+oT/g5AZL0oWhS+dix1sw5n6aKsBNOpYAMk36qSdxlUg67rubNrkrEwIBwUmcMwJDYGT9+ZvLaVIKkuUsq4/jSVKlSRpbPFGGWucR4/ud9fCL7T3nEPF96pQfYnzjkIwZJFJ7e1aY9HfENA+OqMMFGK+tRiBlA+emo=&u=U2FsdGVkX19XAgtBAqaj2SpBq256pNpiRyhP7Ir9FRM=&y=U2FsdGVkX18rAmvC7O8TZByI5nJs9tdvowqvVZyMlCzq8lDeQTjzqKbt4sfqc4xi HTTP/1.1" 200 2615
181.53.12.117 - - [23/Nov/2022:10:43:02 -0500] "GET /kwssiamovil/sm/des/acme/s?s=U2FsdGVkX19eDB67zXDvjBjWlHKQ12GZLz7qnYHu6FijqFPLNQX2aLlbh86gMSJ3HQz28gLn7hyPk1fH6Jp3+hxZMgpqLveGh56RPHM2nCWQn6mx3rMsyzbFwOxYM6rOOhtvgCzKKuL/9jc8Jw5aGA==&u=U2FsdGVkX19XAgtBAqaj2SpBq256pNpiRyhP7Ir9FRM=&y=U2FsdGVkX18rAmvC7O8TZByI5nJs9tdvowqvVZyMlCzq8lDeQTjzqKbt4sfqc4xi HTTP/1.1" 200 92
181.53.12.117 - - [23/Nov/2022:10:43:02 -0500] "GET /kwssiamovil/sm/des/acme/s?s=U2FsdGVkX1+nbk85f/IpWtiSSZyFalOX6WXETft59psYEZy9VTNsAbh4E7oTFB+GiEaP85A3Bs0GplWu0YuPvGoodrn44wKQWZMuEiHYwKF0ZkS4Wan2YJHR0hwo1Ykk+0vETD95m5IRBviT+QiQLQ==&u=U2FsdGVkX19XAgtBAqaj2SpBq256pNpiRyhP7Ir9FRM=&y=U2FsdGVkX18rAmvC7O8TZByI5nJs9tdvowqvVZyMlCzq8lDeQTjzqKbt4sfqc4xi HTTP/1.1" 200 92
181.53.12.117 - - [23/Nov/2022:10:43:02 -0500] "GET /kwssiamovil/sm/des/acme/s?s=U2FsdGVkX19I6hJw5j8fnmkMxHuVfAqCSCojbQ748TcATcOAx04hiv+mk37q/Iqf+u7Ycd0C7jBwf3ZN2U/xJOSwW8tyoOoj1dc+xd79bMC4psRQbOIp+R1pWdU3QM2YNucLXXFaXIopZF9u+V8o0g==&u=U2FsdGVkX19XAgtBAqaj2SpBq256pNpiRyhP7Ir9FRM=&y=U2FsdGVkX18rAmvC7O8TZByI5nJs9tdvowqvVZyMlCzq8lDeQTjzqKbt4sfqc4xi HTTP/1.1" 200 92
181.53.12.117 - - [23/Nov/2022:10:43:02 -0500] "GET /kwssiamovil/sm/des/acme/s?s=U2FsdGVkX18a/aSsP6EGB/Uo6kvCu17iOW55p6eNFeuPgP2+Ptkdekv5ufJah0XNjoNWTFWrSrpAhBnLc/3a7DGDck3+r3FkVqh7kTk0aBT/U0Qn3PnJEwSohEmrpwoAQA3CQZlnGDORN7NsQ+OgNjTi5wTvF792D/R+WowGInAmjIv4zzxO/Pic6UdxJr+7DWADRkBFOa7ZZ7uYYy6lMdYtArnzpqDPOeibNN7cEUnDXBhHdnma28S4HsXpgdyQ3cBkjHcKCaeXnFT8KDRmd1yUPUMgFZzYmEkYZoNpOQUdB2VbW82PMiE/09Cc+F7KdZJ5ZWouNCRCcCktWk++inCEBi4TwfKSbYt5fKAmD+1LL+p2zA955kd9R3Lx1Y+nJEUtjMDKBWviE/anvzWHjag7C5Xx69WGMEj4EAuHLyJQOnzAkLLwtE5Gk3+pLDZq8OUHbgawdJqsxGJZxOd4G1ZPuslUkYqjjsD+Bcs7qoNVWHrS5Fc1ZFuV4kKuj4zx3IV51a7PybaRR/HS72/Bwo2zrFgpv8RwpmtK0xTdwVaIfXn9CqUb/i+NLaYb3QSh3jt1eo+vZbmOC1jeLdGl0MPLcRwwZm2HxtSqx5OPdhWD+fwlALd3IIKZS/rfdQlKJtrGy02c62Xgb7Z6sMp3wPcN4GQd7nC1k3RopcpPC1Z75rn9PL0tFQ07trJQLYCyoARrux99psKf84YWJRvj7HWq0w4PY1pFTSY2uHB+h4H/1WSjqtUMrSnMloU5xsVQ&u=U2FsdGVkX19XAgtBAqaj2SpBq256pNpiRyhP7Ir9FRM=&y=U2FsdGVkX18rAmvC7O8TZByI5nJs9tdvowqvVZyMlCzq8lDeQTjzqKbt4sfqc4xi HTTP/1.1" 200 922
181.53.12.117 - - [23/Nov/2022:10:43:03 -0500] "GET /kwssiamovil/sm/des/cjson/pre?f=17&x=U2FsdGVkX18zRIVlkD2Hq58IDza0oX8r4VeCOW+04+IbOlembL76KbigDnPwPFVb HTTP/1.1" 200 12737
181.53.12.117 - - [23/Nov/2022:10:43:03 -0500] "GET /kwssiamovil/sm/des/cjson/pre?f=9&x=U2FsdGVkX18zRIVlkD2Hq58IDza0oX8r4VeCOW+04+IbOlembL76KbigDnPwPFVb HTTP/1.1" 200 25138
181.53.12.117 - - [23/Nov/2022:10:43:03 -0500] "GET /kwssiamovil/sm/des/cjson/pre?f=18&x=U2FsdGVkX18zRIVlkD2Hq58IDza0oX8r4VeCOW+04+IbOlembL76KbigDnPwPFVb HTTP/1.1" 200 32849
181.53.12.117 - - [23/Nov/2022:10:43:03 -0500] "GET /kwssiamovil/sm/des/cjson/pre?f=1&x=U2FsdGVkX18zRIVlkD2Hq58IDza0oX8r4VeCOW+04+IbOlembL76KbigDnPwPFVb HTTP/1.1" 200 31301
181.53.12.117 - - [23/Nov/2022:10:43:03 -0500] "GET /kwssiamovil/sm/des/cjson/pre?f=5&x=U2FsdGVkX18zRIVlkD2Hq58IDza0oX8r4VeCOW+04+IbOlembL76KbigDnPwPFVb HTTP/1.1" 200 96883
181.53.12.117 - - [23/Nov/2022:10:43:03 -0500] "GET /kwssiamovil/sm/des/cjson/pre?f=3&x=U2FsdGVkX18zRIVlkD2Hq58IDza0oX8r4VeCOW+04+IbOlembL76KbigDnPwPFVb HTTP/1.1" 200 95089
201.245.192.253 - - [23/Nov/2022:10:43:13 -0500] "GET /sipse/faces/javax.faces.resource/images/ui-bg_flat_0_2d5972_40x100.png?ln=primefaces-aristo HTTP/1.1" 304 -
201.245.192.253 - - [23/Nov/2022:10:43:13 -0500] "POST /sipse/faces/presentacion/financiero/solicitudAnulacion/registrarSolicitudAnulacion.xhtml HTTP/1.1" 200 66053
201.245.192.253 - - [23/Nov/2022:10:43:13 -0500] "GET /sipse/faces/javax.faces.resource/theme.css?ln=primefaces-sipse HTTP/1.1" 304 -
201.245.192.253 - - [23/Nov/2022:10:43:13 -0500] "GET /sipse/faces/javax.faces.resource/primefaces.css?ln=primefaces&v=4.0 HTTP/1.1" 304 -
201.245.192.253 - - [23/Nov/2022:10:43:13 -0500] "GET /sipse/faces/javax.faces.resource/layout/layout.css?ln=primefaces&v=4.0 HTTP/1.1" 304 -
201.245.192.253 - - [23/Nov/2022:10:43:13 -0500] "GET /sipse/faces/javax.faces.resource/jquery/jquery.js?ln=primefaces&v=4.0 HTTP/1.1" 304 -
201.245.192.253 - - [23/Nov/2022:10:43:13 -0500] "GET /sipse/faces/javax.faces.resource/jquery/jquery-plugins.js?ln=primefaces&v=4.0 HTTP/1.1" 304 -
201.245.192.253 - - [23/Nov/2022:10:43:13 -0500] "GET /sipse/faces/javax.faces.resource/primefaces.js?ln=primefaces&v=4.0 HTTP/1.1" 304 -
201.245.192.253 - - [23/Nov/2022:10:43:13 -0500] "GET /sipse/faces/javax.faces.resource/layout/layout.js?ln=primefaces&v=4.0 HTTP/1.1" 304 -
201.245.192.253 - - [23/Nov/2022:10:43:13 -0500] "POST /sipse/faces/presentacion/financiero/solicitudProceso/listarSolicitudProceso.xhtml HTTP/1.1" 200 59443
201.245.192.253 - - [23/Nov/2022:10:43:14 -0500] "POST /sipse/faces/presentacion/financiero/solicitudProceso/listarSolicitudProceso.xhtml HTTP/1.1" 200 1560
201.245.192.253 - - [23/Nov/2022:10:43:16 -0500] "POST /sipse/faces/presentacion/financiero/solicitudProceso/listarSolicitudProceso.xhtml HTTP/1.1" 200 1564
201.245.192.253 - - [23/Nov/2022:10:43:29 -0500] "POST /kwsrmcab/Wsrmcab  HTTP/1.1" 200 42393
191.156.51.128 - - [23/Nov/2022:10:43:36 -0500] "GET /calidad-del-aire-consulta-el-borrador-de-decreto-para-el-ascenso-tecnologico-del-transporte-de-carga-en-bogota.html HTTP/1.1" 200 913
181.53.12.117 - - [23/Nov/2022:10:43:38 -0500] "GET /kwssiamovil/sm/des/acme/s?s=U2FsdGVkX19KeC2lmQc75M1wGlTEHqscdzuFp68NcxNvsRK20MbygeRP+/frCDaUM4iOazxTTvVmew03SgW5EJ88Ca0mJq2yhOga6sjpgQxm0uz91dtwF4Qp6ntLZ6lDhONX92MNpM7tDkhgnivtimm44zOCB2IBcTKIsmyF2/p30HyQjeMS1Fp4qMtTEw8JI2rOOjQrsBrIpdDgKi0H18oAcpeEEXFJBkB2ihvyAafGsJkMqOhvTTK24sZxH/ws+zUEsIxO7o8O5rS+ObIygzPkI/clv9HQhspPGW4qaOAkvIvIjZ7v2zvB5PrwQU5RIwyA0c6JK8KdMKaU3R0xEvJdQRuB1ZW/Rq8aznFNsD9AzXUs/jdxaHtEvXlsiwZd&u=U2FsdGVkX19XAgtBAqaj2SpBq256pNpiRyhP7Ir9FRM=&y=U2FsdGVkX18rAmvC7O8TZByI5nJs9tdvowqvVZyMlCzq8lDeQTjzqKbt4sfqc4xi HTTP/1.1" 200 89
181.53.12.117 - - [23/Nov/2022:10:43:39 -0500] "OPTIONS /kwssiamovil/sm/des/setfile/f? HTTP/1.1" 200 13
181.53.12.117 - - [23/Nov/2022:10:43:39 -0500] "POST /kwssiamovil/sm/des/setfile/f? HTTP/1.1" 200 380
181.53.12.117 - - [23/Nov/2022:10:43:42 -0500] "OPTIONS /kwssiamovil/sm/des/setfile/f? HTTP/1.1" 200 13
216.245.221.92 - - [23/Nov/2022:10:43:44 -0500] "HEAD / HTTP/1.1" 200 -
190.126.127.208 - - [23/Nov/2022:10:43:44 -0500] "GET /calidad-del-aire-consulta-el-borrador-de-decreto-para-el-ascenso-tecnologico-del-transporte-de-carga-en-bogota.html HTTP/1.1" 200 913
181.53.12.117 - - [23/Nov/2022:10:43:43 -0500] "POST /kwssiamovil/sm/des/setfile/f? HTTP/1.1" 200 380
181.53.12.117 - - [23/Nov/2022:10:43:45 -0500] "OPTIONS /kwssiamovil/sm/des/setfile/f? HTTP/1.1" 200 13
181.53.12.117 - - [23/Nov/2022:10:43:45 -0500] "POST /kwssiamovil/sm/des/setfile/f? HTTP/1.1" 200 380
181.53.12.117 - - [23/Nov/2022:10:43:47 -0500] "OPTIONS /kwssiamovil/sm/des/setfile/f? HTTP/1.1" 200 13
181.53.12.117 - - [23/Nov/2022:10:43:47 -0500] "POST /kwssiamovil/sm/des/setfile/f? HTTP/1.1" 200 380
181.53.12.117 - - [23/Nov/2022:10:43:48 -0500] "GET /kwssiamovil/sm/des/acme/s?s=U2FsdGVkX19e+v5z0x5LDqUipJ7sN311X9DNsIBDM8Y3pFdYlS0z9brRMXl7cjLxIPCmGovG91RmOfg3KFVMsyctMNCW8hhYTtK/rHMpTqfyetAXqkCtwxzK3iyYlAYrofe1ENhDjS1i8xTVcQblm/ZBOQqZJ12bH9Zz07+Jld6gFCECjyJMNpPyox6qwPQdIYngT9l4mng1gSLsvbICDyfjWmOAhbtlD518P93QC8kE8nlvbt56k1qy33swKPIHMZBx0X24EHxaHdFR8zDs8EsfNIy0TJ+A0eaHMC30F7rO48tWT29QuE4w/rHXkXqNiAzx10vRh/ag+GmctrC6x+Ht+z73nXpoxPAxZj7f9E4xI818S7zM8xy4FU5Qp0a9&u=U2FsdGVkX19XAgtBAqaj2SpBq256pNpiRyhP7Ir9FRM=&y=U2FsdGVkX18rAmvC7O8TZByI5nJs9tdvowqvVZyMlCzq8lDeQTjzqKbt4sfqc4xi HTTP/1.1" 200 89
172.22.2.4 - - [23/Nov/2022:10:43:48 -0500] "GET /BLA/boletinlegal/style.css HTTP/1.1" 200 9406
172.22.2.4 - - [23/Nov/2022:10:43:48 -0500] "GET /BLA/boletinlegal/styles2.css HTTP/1.1" 200 1838
172.22.2.4 - - [23/Nov/2022:10:43:48 -0500] "GET /BLA/boletinlegal/js/jquery.js HTTP/1.1" 200 57254
172.22.2.4 - - [23/Nov/2022:10:43:48 -0500] "GET /BLA/boletinlegal/js/jquery.scrollShow.js HTTP/1.1" 200 4586
172.22.2.4 - - [23/Nov/2022:10:43:48 -0500] "GET /BLA/boletinlegal/js/jquery.scrollTo-min.js HTTP/1.1" 200 1150
172.22.2.4 - - [23/Nov/2022:10:43:48 -0500] "GET /BLA/boletinlegal/images/cabezote%20BLEGAL.jpg HTTP/1.1" 200 118164
172.22.2.4 - - [23/Nov/2022:10:43:48 -0500] "GET /BLA/boletinlegal/images/subscribe-icon-big.png HTTP/1.1" 200 47702
172.22.2.4 - - [23/Nov/2022:10:43:48 -0500] "GET /BLA/boletinlegal/images/registro-usuarios.png HTTP/1.1" 200 8106
172.22.2.4 - - [23/Nov/2022:10:43:48 -0500] "GET /BLA/boletinlegal/images/historia.png HTTP/1.1" 200 52775
172.22.2.4 - - [23/Nov/2022:10:43:48 -0500] "GET /BLA/boletinlegal/images/arr_l.jpg HTTP/1.1" 200 1979
172.22.2.4 - - [23/Nov/2022:10:43:48 -0500] "GET /BLA/boletinlegal/images/screen_1.png HTTP/1.1" 200 202547
172.22.2.4 - - [23/Nov/2022:10:43:48 -0500] "GET /BLA/boletinlegal/images/launch.jpg HTTP/1.1" 200 14577
172.22.2.4 - - [23/Nov/2022:10:43:48 -0500] "GET /BLA/boletinlegal/images/body_bg.jpg HTTP/1.1" 200 1601
172.22.2.4 - - [23/Nov/2022:10:43:48 -0500] "GET /BLA/boletinlegal/images/menu_lft.gif HTTP/1.1" 200 1713
172.22.2.4 - - [23/Nov/2022:10:43:48 -0500] "GET /BLA/boletinlegal/images/menu_rght.gif HTTP/1.1" 200 1627
172.22.2.4 - - [23/Nov/2022:10:43:48 -0500] "GET /BLA/boletinlegal/images/bg_top.jpg HTTP/1.1" 200 522
172.22.2.4 - - [23/Nov/2022:10:43:48 -0500] "GET /BLA/boletinlegal/images/menu_bg.jpg HTTP/1.1" 200 620
172.22.2.4 - - [23/Nov/2022:10:43:48 -0500] "GET /BLA/boletinlegal/images/text.jpg HTTP/1.1" 200 568
172.22.2.4 - - [23/Nov/2022:10:43:48 -0500] "GET /BLA/boletinlegal/images/hover.jpg HTTP/1.1" 200 640
201.245.192.253 - - [23/Nov/2022:10:43:48 -0500] "POST /sipse/faces/presentacion/financiero/solicitudProceso/listarSolicitudProceso.xhtml HTTP/1.1" 200 12549
172.22.2.4 - - [23/Nov/2022:10:43:49 -0500] "GET /BLA/boletinlegal/actos.php HTTP/1.1" 200 9566
172.22.2.4 - - [23/Nov/2022:10:43:49 -0500] "GET /BLA/boletinlegal/js/ajax_actos.js HTTP/1.1" 200 1322
172.22.2.4 - - [23/Nov/2022:10:43:49 -0500] "GET /BLA/boletinlegal/niceforms.js HTTP/1.1" 200 22876
172.22.2.4 - - [23/Nov/2022:10:43:49 -0500] "GET /BLA/boletinlegal/niceforms-default.css HTTP/1.1" 200 6694
172.22.2.4 - - [23/Nov/2022:10:43:49 -0500] "GET /BLA/boletinlegal/js/lib.js HTTP/1.1" 200 6474
172.22.2.4 - - [23/Nov/2022:10:43:49 -0500] "GET /BLA/boletinlegal/js/popup.js HTTP/1.1" 200 1270
172.22.2.4 - - [23/Nov/2022:10:43:49 -0500] "GET /BLA/boletinlegal/js/jquery1.js HTTP/1.1" 200 29846
172.22.2.4 - - [23/Nov/2022:10:43:49 -0500] "GET /BLA/boletinlegal/images/green-yellow-blue-pink-th.png HTTP/1.1" 200 7394
172.22.2.4 - - [23/Nov/2022:10:43:49 -0500] "GET /BLA/boletinlegal/images/tel.png HTTP/1.1" 200 14477
172.22.2.4 - - [23/Nov/2022:10:43:50 -0500] "GET /BLA/boletinlegal/images/icono-email.png HTTP/1.1" 200 5544
172.22.2.4 - - [23/Nov/2022:10:43:50 -0500] "GET /BLA/boletinlegal/images/footer_bg.jpg HTTP/1.1" 200 586
172.22.2.4 - - [23/Nov/2022:10:43:50 -0500] "GET /BLA/boletinlegal/images/footer_bg_l.jpg HTTP/1.1" 200 776
172.22.2.4 - - [23/Nov/2022:10:43:50 -0500] "GET /BLA/boletinlegal/img/0.png HTTP/1.1" 200 110
172.22.2.4 - - [23/Nov/2022:10:43:50 -0500] "GET /BLA/boletinlegal/img/select-left.png HTTP/1.1" 200 263
172.22.2.4 - - [23/Nov/2022:10:43:50 -0500] "GET /BLA/boletinlegal/img/select-right.png HTTP/1.1" 200 44019
172.22.2.4 - - [23/Nov/2022:10:43:50 -0500] "GET /BLA/boletinlegal/img/button-left.png HTTP/1.1" 200 57071
172.22.2.4 - - [23/Nov/2022:10:43:50 -0500] "GET /BLA/boletinlegal/img/button.png HTTP/1.1" 200 43241
172.22.2.4 - - [23/Nov/2022:10:43:50 -0500] "GET /BLA/boletinlegal/img/button-right.png HTTP/1.1" 200 57878
172.22.2.4 - - [23/Nov/2022:10:43:50 -0500] "GET /BLA/boletinlegal/favicon.ico HTTP/1.1" 404 1326
201.245.192.253 - - [23/Nov/2022:10:43:51 -0500] "POST /sipse/faces/presentacion/financiero/solicitudProceso/listarSolicitudProceso.xhtml HTTP/1.1" 200 13621
201.245.192.253 - - [23/Nov/2022:10:43:52 -0500] "POST /sipse/faces/presentacion/financiero/solicitudProceso/listarSolicitudProceso.xhtml HTTP/1.1" 200 40733
201.245.192.253 - - [23/Nov/2022:10:43:52 -0500] "GET /sipse/faces/javax.faces.resource/theme.css?ln=primefaces-sipse HTTP/1.1" 304 -
201.245.192.253 - - [23/Nov/2022:10:43:52 -0500] "GET /sipse/faces/javax.faces.resource/layout/layout.css?ln=primefaces&v=4.0 HTTP/1.1" 304 -
201.245.192.253 - - [23/Nov/2022:10:43:52 -0500] "GET /sipse/faces/javax.faces.resource/primefaces.css?ln=primefaces&v=4.0 HTTP/1.1" 304 -
201.245.192.253 - - [23/Nov/2022:10:43:52 -0500] "GET /sipse/faces/javax.faces.resource/jquery/jquery.js?ln=primefaces&v=4.0 HTTP/1.1" 304 -
201.245.192.253 - - [23/Nov/2022:10:43:52 -0500] "GET /sipse/faces/javax.faces.resource/jquery/jquery-plugins.js?ln=primefaces&v=4.0 HTTP/1.1" 304 -
201.245.192.253 - - [23/Nov/2022:10:43:52 -0500] "GET /sipse/faces/javax.faces.resource/primefaces.js?ln=primefaces&v=4.0 HTTP/1.1" 304 -
201.245.192.253 - - [23/Nov/2022:10:43:52 -0500] "GET /sipse/faces/javax.faces.resource/layout/layout.js?ln=primefaces&v=4.0 HTTP/1.1" 304 -
201.245.192.253 - - [23/Nov/2022:10:43:52 -0500] "POST /sipse/faces/presentacion/financiero/solicitudProceso/consultar.xhtml HTTP/1.1" 200 34149
201.245.192.253 - - [23/Nov/2022:10:43:52 -0500] "POST /sipse/faces/presentacion/financiero/solicitudProceso/consultar.xhtml HTTP/1.1" 200 34149
201.245.192.253 - - [23/Nov/2022:10:43:57 -0500] "POST /sipse/faces/presentacion/financiero/solicitudProceso/consultar.xhtml HTTP/1.1" 200 12954
201.245.192.253 - - [23/Nov/2022:10:43:59 -0500] "POST /sipse/faces/presentacion/financiero/solicitudProceso/consultar.xhtml HTTP/1.1" 200 121580
201.245.192.253 - - [23/Nov/2022:10:44:01 -0500] "GET /sipse/faces/javax.faces.resource/layout/layout.css?ln=primefaces&v=4.0 HTTP/1.1" 304 -
201.245.192.253 - - [23/Nov/2022:10:44:01 -0500] "GET /sipse/faces/javax.faces.resource/primefaces.css?ln=primefaces&v=4.0 HTTP/1.1" 304 -
201.245.192.253 - - [23/Nov/2022:10:44:01 -0500] "GET /sipse/faces/javax.faces.resource/theme.css?ln=primefaces-sipse HTTP/1.1" 304 -
201.245.192.253 - - [23/Nov/2022:10:44:01 -0500] "GET /sipse/faces/javax.faces.resource/jquery/jquery.js?ln=primefaces&v=4.0 HTTP/1.1" 304 -
201.245.192.253 - - [23/Nov/2022:10:44:01 -0500] "GET /sipse/faces/javax.faces.resource/jquery/jquery-plugins.js?ln=primefaces&v=4.0 HTTP/1.1" 304 -
201.245.192.253 - - [23/Nov/2022:10:44:01 -0500] "GET /sipse/faces/javax.faces.resource/primefaces.js?ln=primefaces&v=4.0 HTTP/1.1" 304 -
201.245.192.253 - - [23/Nov/2022:10:44:01 -0500] "GET /sipse/faces/javax.faces.resource/layout/layout.js?ln=primefaces&v=4.0 HTTP/1.1" 304 -
172.22.2.4 - - [23/Nov/2022:10:44:02 -0500] "GET /BLA/boletinlegal/consulta_actos.php?tipo=autos&no=5623&usuario=&sector=&fecha=2022&resuelve= HTTP/1.1" 200 626
181.55.68.44 - - [23/Nov/2022:10:44:04 -0500] "GET /BLA/resoluciones/ HTTP/1.1" 200 13093
172.22.2.4 - - [23/Nov/2022:10:44:07 -0500] "GET /BLA/boletinlegal/consulta_actos.php?tipo=autos&no=5623&usuario=&sector=&fecha=2021&resuelve= HTTP/1.1" 200 626
172.22.2.4 - - [23/Nov/2022:10:44:09 -0500] "GET /BLA/boletinlegal/consulta_actos.php?tipo=autos&no=5623&usuario=&sector=&fecha=2021&resuelve= HTTP/1.1" 200 626
172.22.2.4 - - [23/Nov/2022:10:44:09 -0500] "GET /BLA/boletinlegal/consulta_actos.php?tipo=autos&no=5623&usuario=&sector=&fecha=2021&resuelve= HTTP/1.1" 200 626
172.22.2.4 - - [23/Nov/2022:10:44:09 -0500] "GET /BLA/boletinlegal/consulta_actos.php?tipo=autos&no=5623&usuario=&sector=&fecha=2021&resuelve= HTTP/1.1" 200 626
172.22.2.4 - - [23/Nov/2022:10:44:12 -0500] "GET /BLA/boletinlegal/consulta_actos.php?tipo=autos&no=5623&usuario=&sector=&fecha=2020&resuelve= HTTP/1.1" 200 626
172.22.2.4 - - [23/Nov/2022:10:44:12 -0500] "GET /BLA/boletinlegal/consulta_actos.php?tipo=autos&no=5623&usuario=&sector=&fecha=2020&resuelve= HTTP/1.1" 200 626
172.22.2.4 - - [23/Nov/2022:10:42:32 -0500] "GET /BLA/boletinlegal/ HTTP/1.1" 200 57192
172.22.2.4 - - [23/Nov/2022:10:44:13 -0500] "GET /BLA/boletinlegal/consulta_actos.php?tipo=autos&no=5623&usuario=&sector=&fecha=2020&resuelve= HTTP/1.1" 200 626
172.22.2.4 - - [23/Nov/2022:10:44:15 -0500] "GET /BLA/boletinlegal/consulta_actos.php?tipo=autos&no=5623&usuario=&sector=&fecha=2019&resuelve= HTTP/1.1" 200 626
172.22.2.4 - - [23/Nov/2022:10:44:16 -0500] "GET /BLA/boletinlegal/consulta_actos.php?tipo=autos&no=5623&usuario=&sector=&fecha=2019&resuelve= HTTP/1.1" 200 626
172.22.2.4 - - [23/Nov/2022:10:44:16 -0500] "GET /BLA/boletinlegal/consulta_actos.php?tipo=autos&no=5623&usuario=&sector=&fecha=2019&resuelve= HTTP/1.1" 200 626
181.55.68.44 - - [23/Nov/2022:10:44:18 -0500] "GET /BLA/resoluciones/ HTTP/1.1" 200 13093
172.22.2.4 - - [23/Nov/2022:10:44:19 -0500] "GET /BLA/boletinlegal/consulta_actos.php?tipo=autos&no=5623&usuario=&sector=&fecha=2018&resuelve= HTTP/1.1" 200 626
172.22.2.4 - - [23/Nov/2022:10:44:19 -0500] "GET /BLA/boletinlegal/consulta_actos.php?tipo=autos&no=5623&usuario=&sector=&fecha=2018&resuelve= HTTP/1.1" 200 626
190.27.134.254 - - [23/Nov/2022:10:44:19 -0500] "GET /BLA/resoluciones/AUTOS%202022/6278.pdf HTTP/1.1" 200 419067
190.27.134.254 - - [23/Nov/2022:10:44:19 -0500] "GET /BLA/resoluciones/AUTOS%202022/6278.pdf HTTP/1.1" 200 419067
190.27.134.254 - - [23/Nov/2022:10:44:19 -0500] "GET /BLA/resoluciones/AUTOS%202022/6278.pdf HTTP/1.1" 206 1025
201.245.192.253 - - [23/Nov/2022:10:44:19 -0500] "POST /sipse/faces/presentacion/financiero/solicitudProceso/consultarSolicitudProceso.xhtml HTTP/1.1" 200 43904
201.245.192.253 - - [23/Nov/2022:10:44:19 -0500] "GET /sipse/faces/javax.faces.resource/theme.css?ln=primefaces-sipse HTTP/1.1" 304 -
201.245.192.253 - - [23/Nov/2022:10:44:19 -0500] "GET /sipse/faces/javax.faces.resource/layout/layout.css?ln=primefaces&v=4.0 HTTP/1.1" 304 -
201.245.192.253 - - [23/Nov/2022:10:44:19 -0500] "GET /sipse/faces/javax.faces.resource/primefaces.css?ln=primefaces&v=4.0 HTTP/1.1" 304 -
201.245.192.253 - - [23/Nov/2022:10:44:19 -0500] "GET /sipse/faces/javax.faces.resource/jquery/jquery.js?ln=primefaces&v=4.0 HTTP/1.1" 304 -
201.245.192.253 - - [23/Nov/2022:10:44:20 -0500] "GET /sipse/faces/javax.faces.resource/jquery/jquery-plugins.js?ln=primefaces&v=4.0 HTTP/1.1" 304 -
201.245.192.253 - - [23/Nov/2022:10:44:20 -0500] "GET /sipse/faces/javax.faces.resource/primefaces.js?ln=primefaces&v=4.0 HTTP/1.1" 304 -
201.245.192.253 - - [23/Nov/2022:10:44:20 -0500] "GET /sipse/faces/javax.faces.resource/layout/layout.js?ln=primefaces&v=4.0 HTTP/1.1" 304 -
201.245.192.253 - - [23/Nov/2022:10:44:20 -0500] "POST /sipse/faces/presentacion/financiero/solicitudProceso/consultar.xhtml HTTP/1.1" 200 37320
201.245.192.253 - - [23/Nov/2022:10:44:20 -0500] "POST /sipse/faces/presentacion/financiero/solicitudProceso/consultar.xhtml HTTP/1.1" 200 37320
201.245.192.253 - - [23/Nov/2022:10:44:20 -0500] "POST /sipse/faces/presentacion/financiero/solicitudProceso/consultar.xhtml HTTP/1.1" 200 37320
201.245.192.253 - - [23/Nov/2022:10:44:21 -0500] "POST /sipse/faces/presentacion/financiero/solicitudProceso/consultar.xhtml HTTP/1.1" 200 37320
201.245.192.253 - - [23/Nov/2022:10:44:21 -0500] "GET /BLA/resoluciones/RESOLUCIONES%202022/0114.pdf HTTP/1.1" 200 463914
172.22.2.4 - - [23/Nov/2022:10:44:21 -0500] "GET /BLA/boletinlegal/consulta_actos.php?tipo=autos&no=5623&usuario=&sector=&fecha=2019&resuelve= HTTP/1.1" 200 626
172.22.2.4 - - [23/Nov/2022:10:44:21 -0500] "GET /BLA/boletinlegal/consulta_actos.php?tipo=autos&no=5623&usuario=&sector=&fecha=2019&resuelve= HTTP/1.1" 200 626
172.22.2.4 - - [23/Nov/2022:10:44:21 -0500] "GET /BLA/boletinlegal/consulta_actos.php?tipo=autos&no=5623&usuario=&sector=&fecha=2019&resuelve= HTTP/1.1" 200 626
172.22.2.4 - - [23/Nov/2022:10:43:43 -0500] "GET /BLA/boletinlegal/ HTTP/1.1" 200 24523
172.22.2.4 - - [23/Nov/2022:10:44:24 -0500] "GET /BLA/boletinlegal/consulta_actos.php?tipo=autos&no=5623&usuario=&sector=&fecha=2014&resuelve= HTTP/1.1" 200 1051
172.22.2.4 - - [23/Nov/2022:10:44:24 -0500] "GET /BLA/boletinlegal/images/pdf.gif HTTP/1.1" 200 567
201.245.192.253 - - [23/Nov/2022:10:44:25 -0500] "POST /sipse/faces/presentacion/financiero/solicitudProceso/consultar.xhtml HTTP/1.1" 200 12957
201.245.192.253 - - [23/Nov/2022:10:44:26 -0500] "POST /sipse/faces/presentacion/financiero/solicitudProceso/consultar.xhtml HTTP/1.1" 200 147193
201.245.192.253 - - [23/Nov/2022:10:44:27 -0500] "GET /sipse/faces/javax.faces.resource/primefaces.css?ln=primefaces&v=4.0 HTTP/1.1" 304 -
201.245.192.253 - - [23/Nov/2022:10:44:27 -0500] "GET /sipse/faces/javax.faces.resource/theme.css?ln=primefaces-sipse HTTP/1.1" 304 -
201.245.192.253 - - [23/Nov/2022:10:44:27 -0500] "GET /sipse/faces/javax.faces.resource/layout/layout.css?ln=primefaces&v=4.0 HTTP/1.1" 304 -
201.245.192.253 - - [23/Nov/2022:10:44:27 -0500] "GET /sipse/faces/javax.faces.resource/jquery/jquery.js?ln=primefaces&v=4.0 HTTP/1.1" 304 -
201.245.192.253 - - [23/Nov/2022:10:44:27 -0500] "GET /sipse/faces/javax.faces.resource/jquery/jquery-plugins.js?ln=primefaces&v=4.0 HTTP/1.1" 304 -
201.245.192.253 - - [23/Nov/2022:10:44:27 -0500] "GET /sipse/faces/javax.faces.resource/primefaces.js?ln=primefaces&v=4.0 HTTP/1.1" 304 -
201.245.192.253 - - [23/Nov/2022:10:44:27 -0500] "GET /sipse/faces/javax.faces.resource/layout/layout.js?ln=primefaces&v=4.0 HTTP/1.1" 304 -
181.55.68.44 - - [23/Nov/2022:10:44:28 -0500] "GET /BLA/resoluciones/index.php?dir=AUTOS+2022%2F HTTP/1.1" 200 12235
181.55.68.44 - - [23/Nov/2022:10:44:29 -0500] "GET /BLA/resoluciones/index.php?dir=AUTOS+2022%2F HTTP/1.1" 200 358419
172.22.2.4 - - [23/Nov/2022:10:44:31 -0500] "GET /BLA/boletinlegal/consulta_actos.php?tipo=autos&no=5623&usuario=&sector=&fecha=2015&resuelve= HTTP/1.1" 200 1066
172.22.2.4 - - [23/Nov/2022:10:44:35 -0500] "GET /BLA/boletinlegal/Circulares/2012/Circular%20No.%2011%20del%2027%20de%20Agosto%20de%202012.pdf HTTP/1.1" 200 526945
181.53.12.117 - - [23/Nov/2022:10:44:35 -0500] "GET /kwssiamovil/sm/des/acme/a?s=U2FsdGVkX1/iQN0FShLn/gcDT74m23pSO4YifOVkLH8b4diLIVYeWPZBY2XFvrHtkRWGSprD+XSYvyVWHVN5mrGuOv3tZNNi03ipPUnlsPGmvfVclmF6U6jLN/kndYh7j7Yui4kuFThbukXO9YyNZXSPH4n9anKrQtytMF+BAcubU7W41cnI0TaFUjUdMyZPlMQK9EI6FX+cuzmh/fe8rdcu+vzdfInYlm71gFbm51hfSGRprPMqi2hXkhDUwuxXoh8BTHV2EKbdUqWQ6IQy8Q==&u=U2FsdGVkX19XAgtBAqaj2SpBq256pNpiRyhP7Ir9FRM=&y=U2FsdGVkX18rAmvC7O8TZByI5nJs9tdvowqvVZyMlCzq8lDeQTjzqKbt4sfqc4xi HTTP/1.1" 200 25
181.53.12.117 - - [23/Nov/2022:10:44:37 -0500] "GET /kwssiamovil/sm/des/acme/u?s=U2FsdGVkX19Kng8kKrX7iEJ9TDDhO2/6jsK+xWHG5XSUzLJi+nEj1a7j3Jz3M8hpYRo4Fy7FphPODp+Cb40DzolSkGJpTuH6H80UbOLYEc4abC4vYX7PyYn3xHMw5ot6S3iGa5ZlotOGDxzJ5jx5o7uTm2J0OdAm1dgcAI9o5CFnMyI28fEI3rnkDR/c0yPbIU42B1qvqBvZz3ifLYFOjruTJrTF61wozHNzRjp4GCMVr5l07iosLTzjniTLdNeil8W3donGMNQ7tpxLDjZ0DYCYHwavLaKC2WCp+qXbnfF5PJrAbipYroYT3PWFnyuifyXkL0Rlf1lwdz/pCOfFyMlwxwdFO5eaeURK8m7kmJCkC/TMt6ujZAeviafr5ruDlycRjPJyO4RkSPDlBcQLhlHiuMKJA2ojYIprD25lgSXzGF5skZi9L65z4GiI+hTee8qGSshQKBPM17K1Fh4hvp3QywN0//HWjhwt9mK59lACjX3/X5rvfMcP67Iaw3R2RFmIlcaXq5hdu4ifW6EOmq7Gb7N7NxSNA6gbuGc+kADNNVrxNqEIPfhRyrf1iw1c391Jm4Bx/ZIEoRzmATxTnAapSoOAKfZIFzZVvcXRiwVWJTsP4i/aUXPU6elY8AMgqu2M0PlHXAhnqtumOew3yI3+Pz/S5LrbkNiSQKbONdF0T+ANJBwye//riTJukBWYERBz/giYvde6LcxmNKjHTQqL0D8Ji+fB+J+OsdpdMgPr4oal0VC5j3DGqvZQ+YpnZP4tsQG0chzWI6fNgHdM7TahjRvBKSBKHjtnr+Ffpn+Mg9UOZ1B/7ulDolildQzZjVNHg/lkCa8/XFLve2snctIwvw8yc6RK9Nl3tahDKy6qFXtc5oHAbF8XNoIXTI95J3f4w4eOCvGOAvcQsr2oE62c6ILqqFWmbfYlkKH2gmyPeDsdg3LlHfBQuZ0soxiutek2Sci08r3NRN3QiCPmBCF43sTjyPkaaxMnBVWUQM8=&u=U2FsdGVkX19XAgtBAqaj2SpBq256pNpiRyhP7Ir9FRM=&y=U2FsdGVkX18rAmvC7O8TZByI5nJs9tdvowqvVZyMlCzq8lDeQTjzqKbt4sfqc4xi HTTP/1.1" 200 60
181.53.12.117 - - [23/Nov/2022:10:44:37 -0500] "GET /kwssiamovil/sm/des/acme/a?s=U2FsdGVkX1+Aqezte9ol1fXIdABm3Wuaq6NX5zFbfWJV/gEhH4UG53/TWeNeNaRT8zyvwJLyl66aYwWYPnWF0kkD08g/vA1nWQaj80X9NgJ36mZKfFfNQzxhCVT4jp4b/CGaSJ5ueQZHXaylrGuvQFhH1mS50Aii/8JrpUty4z/DG71N5GmUPVmIb0g/1MLoyJuNS4CwC2HUQelzSHH01tkEPJmMNFPRoCfK0j+TF8BrTF9dO/mOPxWOe7ev9hGXoJEOm5aeaPPRz9wMBCmDW+dG+cWfdIaVu1RdUUBS+S7Ulj+EVov8Q3jAyKWSiMnw&u=U2FsdGVkX19XAgtBAqaj2SpBq256pNpiRyhP7Ir9FRM=&y=U2FsdGVkX18rAmvC7O8TZByI5nJs9tdvowqvVZyMlCzq8lDeQTjzqKbt4sfqc4xi HTTP/1.1" 200 24
181.53.12.117 - - [23/Nov/2022:10:44:38 -0500] "GET /kwssiamovil/sm/des/acme/a?s=U2FsdGVkX18sAbt8mIe0U8qagutI5850MXM/OrjfRAdEEzFk+d65r+fc2pNcHTPOq2ua5p4yPDyV1pr7VJklNRV1hbBrObfFl10I+0yVJ1jywB/wkFqMwzFk8aE0MVF+sY7CxTVoV5Kj2RUM2qXbBs4wugkIzyJTj4mcZG0no4p92RUggQ2w6inwF3wRvfoUZQBh4v8XZn5ORmq2u4fpzDIcpvXTdJH6T72gL4HUy+0Rwy2w50hje1JIDSljLXYw&u=U2FsdGVkX19XAgtBAqaj2SpBq256pNpiRyhP7Ir9FRM=&y=U2FsdGVkX18rAmvC7O8TZByI5nJs9tdvowqvVZyMlCzq8lDeQTjzqKbt4sfqc4xi HTTP/1.1" 200 24
201.245.192.253 - - [23/Nov/2022:10:44:38 -0500] "POST /sipse/faces/presentacion/financiero/solicitudProceso/consultarSolicitudProceso.xhtml HTTP/1.1" 200 35021
181.53.12.117 - - [23/Nov/2022:10:44:38 -0500] "GET /kwssiamovil/sm/des/acme/a?s=U2FsdGVkX1/kYO7vX8PhRx94fEzdFcu9XgXL6ULx7Lz9ay2tQMrlarWk6O3xVtnG7I70GuBGRBGBLfNvxITmNk2TgN6dN0KWIs1bH6Jeb5+f8rT+XLU2QQDZySxOp1r6LxbfJljjmaQ4t2MBW/VDKnPGPQN1dJp9SPpiEuDzcitHkE0mc7BDvPHUXDIqN4ny8zBsHa0k68D2poNNuDuNsQ==&u=U2FsdGVkX19XAgtBAqaj2SpBq256pNpiRyhP7Ir9FRM=&y=U2FsdGVkX18rAmvC7O8TZByI5nJs9tdvowqvVZyMlCzq8lDeQTjzqKbt4sfqc4xi HTTP/1.1" 200 24
201.245.192.253 - - [23/Nov/2022:10:44:38 -0500] "GET /sipse/faces/javax.faces.resource/theme.css?ln=primefaces-sipse HTTP/1.1" 304 -
201.245.192.253 - - [23/Nov/2022:10:44:38 -0500] "GET /sipse/faces/javax.faces.resource/primefaces.css?ln=primefaces&v=4.0 HTTP/1.1" 304 -
201.245.192.253 - - [23/Nov/2022:10:44:38 -0500] "GET /sipse/faces/javax.faces.resource/layout/layout.css?ln=primefaces&v=4.0 HTTP/1.1" 304 -
201.245.192.253 - - [23/Nov/2022:10:44:38 -0500] "GET /sipse/faces/javax.faces.resource/jquery/jquery.js?ln=primefaces&v=4.0 HTTP/1.1" 304 -
201.245.192.253 - - [23/Nov/2022:10:44:38 -0500] "GET /sipse/faces/javax.faces.resource/jquery/jquery-plugins.js?ln=primefaces&v=4.0 HTTP/1.1" 304 -
201.245.192.253 - - [23/Nov/2022:10:44:38 -0500] "GET /sipse/faces/javax.faces.resource/primefaces.js?ln=primefaces&v=4.0 HTTP/1.1" 304 -
201.245.192.253 - - [23/Nov/2022:10:44:38 -0500] "GET /sipse/faces/javax.faces.resource/layout/layout.js?ln=primefaces&v=4.0 HTTP/1.1" 304 -
172.22.2.4 - - [23/Nov/2022:10:44:38 -0500] "GET /BLA/boletinlegal/consulta_actos.php?tipo=autos&no=5623&usuario=&sector=&fecha=2016&resuelve= HTTP/1.1" 200 626
181.53.12.117 - - [23/Nov/2022:10:44:38 -0500] "GET /kwssiamovil/sm/des/acme/a?s=U2FsdGVkX19qcrj1VB6WF5XE5aKIREhyeixe+U2Qs4wNqSeLzhnwe5e1U98BI1Fv3+77q86KRl31zyapXY3bRiJq+PJt8BZpfm7rPkCdDz77yy8paLv1FZr0Mhy6PdeuEzW/6aEKxqxAVxZ0IfAZ3Y1/Tz4eFEYkf8c9uSxvIhc=&u=U2FsdGVkX19XAgtBAqaj2SpBq256pNpiRyhP7Ir9FRM=&y=U2FsdGVkX18rAmvC7O8TZByI5nJs9tdvowqvVZyMlCzq8lDeQTjzqKbt4sfqc4xi HTTP/1.1" 200 25
201.245.192.253 - - [23/Nov/2022:10:44:38 -0500] "POST /sipse/faces/presentacion/financiero/solicitudProceso/listarSolicitudProceso.xhtml HTTP/1.1" 200 28411
181.53.12.117 - - [23/Nov/2022:10:44:39 -0500] "GET /kwssiamovil/sm/des/acme/a?s=U2FsdGVkX1/oQCPX2Az+6D9Vnp08DxWoHY3T73Sz8df7FBAHGr1GrCwYxxEylr57BxLecBaevL2eEMnYPx76O/xx5stIEVweK1CFLMw+2uAT82k0VBhVeLOm7Ui8cZhonMMis4a6SbvTHtECMbvZFDZ1mVzDiWs64l2PsucBFOseLJHOkKp+n2MzEYXvm8GqubeUO64GoJC+DYU3L8VfDQ==&u=U2FsdGVkX19XAgtBAqaj2SpBq256pNpiRyhP7Ir9FRM=&y=U2FsdGVkX18rAmvC7O8TZByI5nJs9tdvowqvVZyMlCzq8lDeQTjzqKbt4sfqc4xi HTTP/1.1" 200 24
181.53.12.117 - - [23/Nov/2022:10:44:39 -0500] "GET /kwssiamovil/sm/des/acme/a?s=U2FsdGVkX1/sOv9Dl73oo28YOz+9TShfL2xv28JXCCEKDTxF/9mQSppQMrr1xW63jL6UMU91963UcO+a3j1auzzlM5Co5slczyldiE2tDCN8RdCad5VTY8D28uQHgl6LzFDKlOFlh9hcLiq4Mb5UaEKuDBlZS18/OybSVOQkrzk9Dty6KtZuWZALznvCiiDt&u=U2FsdGVkX19XAgtBAqaj2SpBq256pNpiRyhP7Ir9FRM=&y=U2FsdGVkX18rAmvC7O8TZByI5nJs9tdvowqvVZyMlCzq8lDeQTjzqKbt4sfqc4xi HTTP/1.1" 200 24
201.245.192.253 - - [23/Nov/2022:10:44:39 -0500] "POST /sipse/faces/presentacion/financiero/solicitudProceso/listarSolicitudProceso.xhtml HTTP/1.1" 200 28411
181.53.12.117 - - [23/Nov/2022:10:44:39 -0500] "GET /kwssiamovil/sm/des/acme/a?s=U2FsdGVkX1+D0d48gXm/K7BzC53/PGRSLV2rW6IUqzYoahM5lbQjvRLRqHX9pZWNz52F6HpbZTDuDVWGXHkDG/mavbrc6CTPw/AUMm0jTPuuA0wcbILf50EWK+Wq3OXn0fZxmTC4DVvLJqcF1r+K8B4UE3E5U2owWGBLReUPFv1vQ4hEUi7bSv3Gil4bMzkXVTzzB9NkPrDYLvYpfRGo13djAX98G2EvAd2FBlv4wUorumBUquX6xpgmYHZ4ZRfAWJcY6tuhYmekPtgzlOQCI1RtFD+Oy2kDrkudNPWe4xhaThdzDEglH/84KHlY5E4E3ZJY4jnWGTC9yGJPOwUYSDUDsBeNA0FjyzvzKEQwsZI=&u=U2FsdGVkX19XAgtBAqaj2SpBq256pNpiRyhP7Ir9FRM=&y=U2FsdGVkX18rAmvC7O8TZByI5nJs9tdvowqvVZyMlCzq8lDeQTjzqKbt4sfqc4xi HTTP/1.1" 200 24
181.53.12.117 - - [23/Nov/2022:10:44:40 -0500] "GET /kwssiamovil/sm/des/acme/a?s=U2FsdGVkX1/+pr4iUaPwFBgHCZVssnR62GgHbWj1pFDugfsLyT79mDnWO8skdKbbdix3mS4Ta3wOsRqeummEgu2bPv246ASLVI1r7fPRjr8j9uEEEUI4sMX1CHAMShtzjsDkqc1UgkovRTRhhTpqF7qW0E8YnWvj9UGMZf8tw0cYSr9Vz6C2RznmCM+52xA9&u=U2FsdGVkX19XAgtBAqaj2SpBq256pNpiRyhP7Ir9FRM=&y=U2FsdGVkX18rAmvC7O8TZByI5nJs9tdvowqvVZyMlCzq8lDeQTjzqKbt4sfqc4xi HTTP/1.1" 200 25
201.245.192.253 - - [23/Nov/2022:10:44:39 -0500] "POST /sipse/faces/presentacion/financiero/solicitudProceso/listarSolicitudProceso.xhtml HTTP/1.1" 200 28411
181.53.12.117 - - [23/Nov/2022:10:44:40 -0500] "GET /kwssiamovil/sm/des/acme/a?s=U2FsdGVkX1+MeOAXyYMszoCmdkZ12Ta1TD9+hK9F40pbzgdQk4rsE4MditYrJQiatJ/z32r3BCX8gvS+mQWJ17qlKzYyWN8xcXitpjQ3WubfxbuCq91z7/MQLb+vjbCEo5pviySfECGhIpxAO+Kl7oxO+wO9/sP/BpohagHjIV6jkx5DOlYnHGbKK41XuEkPtY3MnMAmOLUxmkrobKcZEPCuC+yhRpgYp0IgoNtsl8tFZgCvr3DQIEgwTGXnhJr9e+gMky6/raLFX+g4hivUThTo2XfC4nloatb8Bv2bfjDhX4ZB/mgVFu7PG1fvk95YHY+dfB/0QUb8bq11fg/7hg==&u=U2FsdGVkX19XAgtBAqaj2SpBq256pNpiRyhP7Ir9FRM=&y=U2FsdGVkX18rAmvC7O8TZByI5nJs9tdvowqvVZyMlCzq8lDeQTjzqKbt4sfqc4xi HTTP/1.1" 200 25
201.245.192.253 - - [23/Nov/2022:10:44:40 -0500] "POST /sipse/faces/presentacion/financiero/solicitudProceso/listarSolicitudProceso.xhtml HTTP/1.1" 200 28411
181.53.12.117 - - [23/Nov/2022:10:44:40 -0500] "GET /kwssiamovil/sm/des/acme/a?s=U2FsdGVkX19ucfNU4Y0qETqLKn7HIJJxbMg61R+OtQTMP4jso20D8FRwbi1OPYPVL+Rv/Cypbncc5rPAcEUXl+bm39aWFp8XoDc4spvG2Lwzb9Na+SAKWWxJV6stf4EzTk2Tv2wDV3FKz8+HP5QQj0qR1Rc0/KzY3Eoy7uX3aHWgqSqLC+TYuGL7owh+B7LJw0qo5abC3ZSnRcMkwPUaTg==&u=U2FsdGVkX19XAgtBAqaj2SpBq256pNpiRyhP7Ir9FRM=&y=U2FsdGVkX18rAmvC7O8TZByI5nJs9tdvowqvVZyMlCzq8lDeQTjzqKbt4sfqc4xi HTTP/1.1" 200 24
181.53.12.117 - - [23/Nov/2022:10:44:40 -0500] "GET /kwssiamovil/sm/des/acme/a?s=U2FsdGVkX19gqzvw9nVG76uJsyE6PfH8wF23bDdcFu6fhuYiBVn6iptg07QAan3Zx220X5EYnJSZtVxa1KtamNzf+Usnhwyzv4q1/f0SzR3WfIqf+iUfkOcpSEOqEZqsQrYbLMi6Oc/gP7QDI3wJsglW6CjoWLG3kL1aQLp98JBdQ1J3VjcNsDEoPmwRl7/k&u=U2FsdGVkX19XAgtBAqaj2SpBq256pNpiRyhP7Ir9FRM=&y=U2FsdGVkX18rAmvC7O8TZByI5nJs9tdvowqvVZyMlCzq8lDeQTjzqKbt4sfqc4xi HTTP/1.1" 200 24
186.102.13.70 - - [23/Nov/2022:10:44:41 -0500] "GET /kwssiamovil/sm/ldap/au?x=U2FsdGVkX1/8gFMyKA3BGJb6MJNJcoh2Ghu2FpXuytRiybjEe13riN1n32EGW2MI&y=U2FsdGVkX19AI/zLNpAOrIbBk0SfpRD+WnQtbXXNaXHeE/nt5WLyuByc7/Oy5UkM HTTP/1.1" 200 30
201.245.192.253 - - [23/Nov/2022:10:44:40 -0500] "POST /sipse/faces/presentacion/financiero/solicitudProceso/listarSolicitudProceso.xhtml HTTP/1.1" 200 28411
181.53.12.117 - - [23/Nov/2022:10:44:41 -0500] "GET /kwssiamovil/sm/des/acme/a?s=U2FsdGVkX19Xetx6/xMcVFXHtyzIMQOq3vynTS1tiImJyRUDlX2YN+z8/mMnLOnlTSMsx1/hbSQcLMCrM1rfpOguI3eS+5kWZqk9wqOWvy1Gt/ZceV/qxeAJnHg3dc8KPLbUXWN4f/OjDk61+f9EUyyMVeY5UIUkMRn0qfLfJ4s1G9fu1gogwypDhD3WSR8R&u=U2FsdGVkX19XAgtBAqaj2SpBq256pNpiRyhP7Ir9FRM=&y=U2FsdGVkX18rAmvC7O8TZByI5nJs9tdvowqvVZyMlCzq8lDeQTjzqKbt4sfqc4xi HTTP/1.1" 200 25
186.102.13.70 - - [23/Nov/2022:10:44:41 -0500] "GET /kwssiamovil/sm/acme/s?s=U2FsdGVkX18Tv56Wq978aD3YRUsJbf/V5KdnGiS5lGeYPU/2drAbHG9arQ9vpm3yrBdBUi0l1UuTtIaol92GkrShjE5Bq9uvSJQzFU8YnFU=&u=U2FsdGVkX1/4xn5rPXY+rpHyoI3W6Futinf3g7IusnAZ13ctHqRgtDqpz1ElLV9A&y=U2FsdGVkX19AI/zLNpAOrIbBk0SfpRD+WnQtbXXNaXHeE/nt5WLyuByc7/Oy5UkM HTTP/1.1" 200 97
172.22.2.4 - - [23/Nov/2022:10:44:41 -0500] "GET /BLA/boletinlegal/consulta_actos.php?tipo=autos&no=5623&usuario=&sector=&fecha=2017&resuelve= HTTP/1.1" 200 626
181.53.12.117 - - [23/Nov/2022:10:44:41 -0500] "GET /kwssiamovil/sm/des/acme/a?s=U2FsdGVkX1/eFDT7do3QSuPknBehjKFFse8vfTGIw2ennI6wQUSx1sAkNBkoG7+L1b545WNQsUpGCO5fAIEoUUK6Y1jidgbJnGRvyfduSNAu1q4cHQrIC+0mc1FV4s1yQ4bSfawfB+dRfch8MJnWu5ES1PS7k0Mxg/+7+OWoyGQ=&u=U2FsdGVkX19XAgtBAqaj2SpBq256pNpiRyhP7Ir9FRM=&y=U2FsdGVkX18rAmvC7O8TZByI5nJs9tdvowqvVZyMlCzq8lDeQTjzqKbt4sfqc4xi HTTP/1.1" 200 25
186.102.13.70 - - [23/Nov/2022:10:44:41 -0500] "GET /kwssiamovil/sm/acme/s?s=U2FsdGVkX1/F+EHVqEo3s31IH8iDUM7GlC/7I0Hb3sgYKQ1gPCc16qbWOJCfjDtGUmYjZJIa0yx8mqOYkZAPSYJOcFZN7VSQTYgVFmiydd/Q290aMH+bXFqLItZVpMEHfF2gjrUb9gTOsTBc83Yym308Jt/eKHNV52/VHXJIciYJQLQLMC7QOkx9W8lbztmbIclKl/8i+mHKnJZR1tji9ujH2zKoxisVCd3BF0cHA1WO+aB2sua6wM3SI6QlzF7UEr18O4DL2J7d/sZUVVy9bsg+lHqpi9ZnqW6nz8TE72gWExs9M2bfegKUBG+pJoujOqaGoIZef3tA5AW2Hp1dGKQM095/jbBhOGfn3RD149a83GD8HN5zOld21Rjhuf6QK2gizP/1jNE1wDXinIp0EqSTZT2S9nsNXwyr6JDQbkRyPRwddCViw/bEppZ7e59oUfFsP50TEMZAhZdQTUkODIG0yHB0W7m01OD1bX/ILchUEtERpN4g0IEg6bdQ3q2e2NO/kETXZCGR+yihxQnHqvdvHGUoUehlb5kc2egeZulUe7ZE09KqYRlXO7PBg4QE2V2g5ygbVNzShAjlqXKWgPPvC7gJ0Lg1v4ewcz7TXIbgRe7DkJwoQvwVtTByd9f4sE15tAWG8gOEjU/H7pMP2GVrbZI1SGptmuvjGbTRVf3Yenqds1/srL4exJS9DeK3xDDZGrcODdyG+05gqIzvg9BoTmS2den02mzOLPLrEJY8cjwHv9M6UIgum/l5OrJ9LKe6GOjSacTS1j/z2e78fjYwNSxJugMs47WpJvzgo4yj3X8bGmfrrA3I1/z6w7Ms7JBTcGw0woHoqWGaena/kMXsijQcr2TaufFBAvoUHyXDdBOJ4F93t/QwsQIhgY2ubm3ttUa/dImfdFDTi6iOrzfxgDb4BhgWu83AFLdGuYmMy8wkmHDxydNsGB0SSzWDqBS3k+I6bL9bJuV5N3I0awBp4OlMqqb/CXjbjpkRp7oo+hqIETKiVtfReQD+glHb7ljUtvFzPVkB5mNyVvO8sgxNDMrZfP7e75b0eD9bjsxtHasFERcu0rejov+7rbZbUfUoa0dxyn+MkEtiX9APXT+v3AGxY9dBg5aRaFwnyDVy2l+e9qp/aRGmRGKYMdr51sTjSLAV90Um6piF7H8aOPk/o+6WwtAYPeiPyeA3hzFojiF8E49vb7sinh5Fx9dFfG8z4v6MMc+MqVQtGh/C70YuSuixY81CNKjvPn9/mjm22RG68FtVxkD1a4i3OXoUD/MPzpH4kOuc5YXwyoO59EAYZy+RtxjzJmj3I3Y+HpJH1nn9rvZ0VlnhDGoGs4zAO1ZjhrzRjnbIizwrvlyM21FwTYQpqN7hxBntfijVNcCifcF3D5QWyDyGQ10fMQL45PWBXF304H64TGw0LXRqrmNUKzOH9EK2AhdkV4V7WZU=&u=U2FsdGVkX1/4xn5rPXY+rpHyoI3W6Futinf3g7IusnAZ13ctHqRgtDqpz1ElLV9A&y=U2FsdGVkX19AI/zLNpAOrIbBk0SfpRD+WnQtbXXNaXHeE/nt5WLyuByc7/Oy5UkM HTTP/1.1" 200 603
201.245.192.253 - - [23/Nov/2022:10:44:41 -0500] "POST /sipse/faces/presentacion/financiero/solicitudProceso/listarSolicitudProceso.xhtml HTTP/1.1" 200 28411
186.102.13.70 - - [23/Nov/2022:10:44:41 -0500] "GET /kwssiamovil/sm/acme/s?s=U2FsdGVkX18LrhdiUVhBJvoMvyVC2+IpbRPpbszMInwnXDD13KkmPEhVTG2PKbeIqTVq5BHm+ClgE2e487kZnOJ9bAUzJRALQRcis59whh5BFD8dpl/OJkQ4Np2kqTgDCELC3LLEiC2XcRzyLJ3wLzO1/ZcIqG4N1sGSCNeULbY2JGp2mgNyXQpIhpOacD8PuNyRl+xgfeLYU0GgiZe1BZyRyh5IPG+qp+wu1/X2Abce3LsFDL0N4LOL4i4SQr9yV2FKXSBjMPU5TdtGnQhu6V95gkNR5OahBKExQYxhGjZI4uYvtU9NYl1Fb+d6b3P/BygZjb/FYDIVdVgl3U+VZxPwjsv0D3UMbsTOEVRyXj0=&u=U2FsdGVkX1/4xn5rPXY+rpHyoI3W6Futinf3g7IusnAZ13ctHqRgtDqpz1ElLV9A&y=U2FsdGVkX19AI/zLNpAOrIbBk0SfpRD+WnQtbXXNaXHeE/nt5WLyuByc7/Oy5UkM HTTP/1.1" 200 196
181.53.12.117 - - [23/Nov/2022:10:44:41 -0500] "GET /kwssiamovil/sm/des/acme/a?s=U2FsdGVkX19xY3L1ag+H0othtXqD84goYxlvghvaSDUDd/Lzt8PEo9HExt5rT1HmaM7hPlbtQVmzGyWN9nwAmnCHQ81sw3qdjPkmVDYsiW9LIf7FW6FwDCbkW7+bQBjaJHP7Jk8VrVuKszflakcnMLp9MDbtuLcwXhVGenOtlio6vVjfqHPnFjmCLAulBuR2H2aAo0vTwYcrLaRH2mTPtw==&u=U2FsdGVkX19XAgtBAqaj2SpBq256pNpiRyhP7Ir9FRM=&y=U2FsdGVkX18rAmvC7O8TZByI5nJs9tdvowqvVZyMlCzq8lDeQTjzqKbt4sfqc4xi HTTP/1.1" 200 24
181.53.12.117 - - [23/Nov/2022:10:44:41 -0500] "GET /kwssiamovil/sm/des/acme/a?s=U2FsdGVkX18/uJsxm1OSVaKn1ncqk+WSCySnUDbs79ziyP8hvo05WxItSko1KZXw2yVQMbmqSD+ACSZiNS2oEUAgFy0+Ak/jY1h/604CaUH+98PplGZmjA9vSXqoWtxvEBLLvkl+H/r4jhYjZNFowgfTS5UoYwSdgOvt8fR4b42YzbJUVjbXNqSOPhlItaSU&u=U2FsdGVkX19XAgtBAqaj2SpBq256pNpiRyhP7Ir9FRM=&y=U2FsdGVkX18rAmvC7O8TZByI5nJs9tdvowqvVZyMlCzq8lDeQTjzqKbt4sfqc4xi HTTP/1.1" 200 25
186.102.13.70 - - [23/Nov/2022:10:44:41 -0500] "GET /kwssiamovil/sm/cjson/pre?f=1&x=U2FsdGVkX1/8gFMyKA3BGJb6MJNJcoh2Ghu2FpXuytRiybjEe13riN1n32EGW2MI HTTP/1.1" 200 30992
201.245.192.253 - - [23/Nov/2022:10:44:41 -0500] "POST /sipse/faces/presentacion/financiero/solicitudProceso/listarSolicitudProceso.xhtml HTTP/1.1" 200 1376
172.22.2.4 - - [23/Nov/2022:10:44:43 -0500] "GET /BLA/boletinlegal/consulta_actos.php?tipo=autos&no=5623&usuario=&sector=&fecha=2018&resuelve= HTTP/1.1" 200 626
172.22.2.4 - - [23/Nov/2022:10:44:45 -0500] "GET /BLA/boletinlegal/consulta_actos.php?tipo=autos&no=5623&usuario=&sector=&fecha=2019&resuelve= HTTP/1.1" 200 626
201.245.192.253 - - [23/Nov/2022:10:44:43 -0500] "POST /sipse/faces/presentacion/financiero/solicitudProceso/listarSolicitudProceso.xhtml HTTP/1.1" 200 1380
172.22.2.4 - - [23/Nov/2022:10:44:46 -0500] "GET /BLA/boletinlegal/consulta_actos.php?tipo=autos&no=5623&usuario=&sector=&fecha=2020&resuelve= HTTP/1.1" 200 626
201.245.192.253 - - [23/Nov/2022:10:44:45 -0500] "POST /sipse/faces/presentacion/financiero/solicitudProceso/listarSolicitudProceso.xhtml HTTP/1.1" 200 1380
172.22.2.4 - - [23/Nov/2022:10:44:48 -0500] "GET /BLA/boletinlegal/consulta_actos.php?tipo=autos&no=5623&usuario=&sector=&fecha=2021&resuelve= HTTP/1.1" 200 626
201.245.192.253 - - [23/Nov/2022:10:44:47 -0500] "POST /sipse/faces/presentacion/financiero/solicitudProceso/listarSolicitudProceso.xhtml HTTP/1.1" 200 1380
181.55.68.44 - - [23/Nov/2022:10:44:49 -0500] "GET /BLA/resoluciones/AUTOS%202022/4769.pdf HTTP/1.1" 200 403067
181.55.68.44 - - [23/Nov/2022:10:44:49 -0500] "GET /BLA/resoluciones/AUTOS%202022/4769.pdf HTTP/1.1" 200 403067
172.22.2.4 - - [23/Nov/2022:10:44:50 -0500] "GET /BLA/boletinlegal/consulta_actos.php?tipo=autos&no=5623&usuario=&sector=&fecha=2022&resuelve= HTTP/1.1" 200 626
201.245.192.253 - - [23/Nov/2022:10:44:49 -0500] "POST /sipse/faces/presentacion/financiero/solicitudProceso/listarSolicitudProceso.xhtml HTTP/1.1" 200 1380
172.22.2.4 - - [23/Nov/2022:10:44:50 -0500] "GET /BLA/boletinlegal/consulta_actos.php?tipo=autos&no=5623&usuario=&sector=&fecha=2022&resuelve= HTTP/1.1" 200 626
201.245.192.253 - - [23/Nov/2022:10:44:50 -0500] "POST /sipse/faces/presentacion/financiero/solicitudProceso/listarSolicitudProceso.xhtml HTTP/1.1" 200 1380
201.245.192.253 - - [23/Nov/2022:10:44:55 -0500] "GET /sipse/faces/index.xhtml HTTP/1.1" 200 677
201.245.192.253 - - [23/Nov/2022:10:44:55 -0500] "GET /sipse/faces/javax.faces.resource/theme.css?ln=primefaces-sipse HTTP/1.1" 304 -
201.245.192.253 - - [23/Nov/2022:10:44:55 -0500] "GET /sipse/faces/faces/autenticacion.xhtml HTTP/1.1" 200 12192
201.245.192.253 - - [23/Nov/2022:10:44:55 -0500] "GET /sipse/faces/javax.faces.resource/theme.css?ln=primefaces-sipse HTTP/1.1" 304 -
201.245.192.253 - - [23/Nov/2022:10:44:55 -0500] "GET /sipse/faces/javax.faces.resource/jquery/jquery.js?ln=primefaces&v=4.0 HTTP/1.1" 304 -
201.245.192.253 - - [23/Nov/2022:10:44:55 -0500] "GET /sipse/faces/javax.faces.resource/layout/layout.css?ln=primefaces&v=4.0 HTTP/1.1" 304 -
