!C99Shell v. 1.0 pre-release build #13!

Software: Apache. PHP/5.5.15 

uname -a: Windows NT SVR-DMZ 6.1 build 7600 (Windows Server 2008 R2 Enterprise Edition) i586 

SYSTEM 

Safe-mode: OFF (not secure)

E:\nuevo\apache\logs\   drwxrwxrwx
Free 9.41 GB of 239.26 GB (3.93%)
Detected drives: [ a ] [ c ] [ d ] [ e ] [ f ]
Home    Back    Forward    UPDIR    Refresh    Search    Buffer    Encoder    Tools    Proc.    FTP brute    Sec.    SQL    PHP-code    Update    Feedback    Self remove    Logout    


Viewing file:     access.2022.11.24.log (2.47 MB)      -rw-rw-rw-
Select action/file-type:
(+) | (+) | (+) | Code (+) | Session (+) | (+) | SDB (+) | (+) | (+) | (+) | (+) | (+) |
201.245.192.253 - - [24/Nov/2022:00:00:34 -0500] "POST /kwsrmcab/Wsrmcab  HTTP/1.1" 200 42393
207.46.13.194 - - [24/Nov/2022:00:01:01 -0500] "GET /bla/resoluciones/resoluciones%202020/2610.pdf HTTP/1.1" 200 319989
172.22.2.4 - - [23/Nov/2022:23:59:38 -0500] "HEAD /BLA/boletinlegal/ HTTP/1.1" 200 -
172.22.2.4 - - [24/Nov/2022:00:00:28 -0500] "GET /BLA/boletinlegal/ HTTP/1.1" 200 57824
185.189.182.234 - - [24/Nov/2022:00:03:18 -0500] "GET / HTTP/1.1" 400 946
216.245.221.92 - - [24/Nov/2022:00:03:42 -0500] "HEAD / HTTP/1.1" 200 -
66.249.73.127 - - [24/Nov/2022:00:03:55 -0500] "-" 408 -
201.245.192.253 - - [24/Nov/2022:00:05:33 -0500] "POST /kwsrmcab/Wsrmcab  HTTP/1.1" 200 42393
172.22.2.4 - - [24/Nov/2022:00:05:47 -0500] "GET /BLA/boletinlegal/conceptos.php HTTP/1.1" 200 7450
172.22.2.4 - - [24/Nov/2022:00:05:28 -0500] "HEAD /BLA/boletinlegal/ HTTP/1.1" 200 -
94.102.61.10 - - [24/Nov/2022:00:07:54 -0500] "GET /portaldeninos/ HTTP/1.1" 200 110197
172.22.2.4 - - [24/Nov/2022:00:06:18 -0500] "GET /BLA/boletinlegal/ HTTP/1.1" 200 57824
216.245.221.92 - - [24/Nov/2022:00:08:42 -0500] "HEAD / HTTP/1.1" 200 -
157.55.39.39 - - [24/Nov/2022:00:09:07 -0500] "GET /sipse/faces/presentacion/sistema/anexos/cargarAnexoSolicitudProceso.xhtml HTTP/1.1" 302 -
157.55.39.39 - - [24/Nov/2022:00:09:08 -0500] "GET /sipse/faces/autenticacion.xhtml HTTP/1.1" 200 12182
66.249.73.127 - - [24/Nov/2022:00:09:50 -0500] "-" 408 -
201.245.192.253 - - [24/Nov/2022:00:10:32 -0500] "POST /kwsrmcab/Wsrmcab  HTTP/1.1" 200 42393
172.22.2.4 - - [24/Nov/2022:00:11:18 -0500] "HEAD /BLA/boletinlegal/ HTTP/1.1" 200 -
216.245.221.92 - - [24/Nov/2022:00:13:42 -0500] "HEAD / HTTP/1.1" 200 -
172.22.2.4 - - [24/Nov/2022:00:12:08 -0500] "GET /BLA/boletinlegal/ HTTP/1.1" 200 58185
141.255.166.2 - - [24/Nov/2022:00:15:17 -0500] "GET / HTTP/1.1" 200 319
201.245.192.253 - - [24/Nov/2022:00:15:30 -0500] "POST /kwsrmcab/Wsrmcab  HTTP/1.1" 200 42393
66.249.73.97 - - [24/Nov/2022:00:16:28 -0500] "-" 408 -
23.100.232.233 - - [24/Nov/2022:00:17:32 -0500] "GET /galeria/galeria/jquery.fancybox.js?v=2.1.5 HTTP/1.1" 200 48706
23.100.232.233 - - [24/Nov/2022:00:17:32 -0500] "GET /BLA/boletinlegal/js/jquery.scrollShow.js HTTP/1.1" 200 4586
23.100.232.233 - - [24/Nov/2022:00:17:33 -0500] "GET /galeria/galeria/jquery.fancybox.css?v=2.1.5 HTTP/1.1" 200 4895
173.252.83.7 - - [24/Nov/2022:00:17:34 -0500] "GET /images/Humedal%20SDA%2001.jpeg HTTP/1.1" 200 80229
216.245.221.92 - - [24/Nov/2022:00:18:42 -0500] "HEAD / HTTP/1.1" 200 -
172.22.2.4 - - [24/Nov/2022:00:17:08 -0500] "HEAD /BLA/boletinlegal/ HTTP/1.1" 200 -
172.105.89.161 - - [24/Nov/2022:00:19:26 -0500] "\xba\xabd\xa1EZC\xdbM\x87\xee^\xfd\xbf\x159 X\xd4>\x12\x98\xc4<\xe0\x13\xcf" 400 226
172.22.2.4 - - [24/Nov/2022:00:17:58 -0500] "GET /BLA/boletinlegal/ HTTP/1.1" 200 58185
157.55.39.39 - - [24/Nov/2022:00:20:11 -0500] "GET /BLA/resoluciones/index.php?dir=AUTOS+2018%2F HTTP/1.1" 200 441328
201.245.192.253 - - [24/Nov/2022:00:20:29 -0500] "POST /kwsrmcab/Wsrmcab  HTTP/1.1" 200 42393
172.22.2.4 - - [24/Nov/2022:00:20:33 -0500] "GET /BLA/boletinlegal/Circulares/2020/Circular%2000010%20del%2027%20de%20julio%20de%202020.pdf HTTP/1.1" 304 -
201.245.192.253 - - [24/Nov/2022:00:20:44 -0500] "POST /kwsrmcab/Wsrmcab HTTP/1.1" 200 43606
201.245.192.253 - - [24/Nov/2022:00:20:46 -0500] "POST /kwsrmcab/Wsrmcab HTTP/1.1" 200 43345
173.252.79.6 - - [24/Nov/2022:00:22:19 -0500] "GET /images/jardines-verticales-plantas-24-mayo.jpg HTTP/1.1" 200 148288
190.156.185.197 - - [24/Nov/2022:00:23:05 -0500] "GET /BLA/resoluciones/ HTTP/1.1" 200 13093
190.156.185.197 - - [24/Nov/2022:00:23:06 -0500] "GET /favicon.ico HTTP/1.1" 200 7782
207.46.13.120 - - [24/Nov/2022:00:23:10 -0500] "GET /si-tienes-ropa-y-calzado-que-ya-no-usas-aca-te-presentamos-seis-puntos-a-donde-los-puedes-llevar.html HTTP/1.1" 200 872
66.249.73.127 - - [24/Nov/2022:00:23:21 -0500] "-" 408 -
190.156.185.197 - - [24/Nov/2022:00:23:27 -0500] "GET /BLA/resoluciones/index.php?dir=AUTOS+2022%2F HTTP/1.1" 200 358746
216.245.221.92 - - [24/Nov/2022:00:23:42 -0500] "HEAD / HTTP/1.1" 200 -
172.22.2.4 - - [24/Nov/2022:00:22:58 -0500] "HEAD /BLA/boletinlegal/ HTTP/1.1" 200 -
172.22.2.4 - - [24/Nov/2022:00:23:48 -0500] "GET /BLA/boletinlegal/ HTTP/1.1" 200 58185
201.245.192.253 - - [24/Nov/2022:00:25:28 -0500] "POST /kwsrmcab/Wsrmcab  HTTP/1.1" 200 42393
66.249.73.86 - - [24/Nov/2022:00:28:26 -0500] "-" 408 -
216.245.221.92 - - [24/Nov/2022:00:28:42 -0500] "HEAD / HTTP/1.1" 200 -
167.71.127.241 - - [24/Nov/2022:00:29:41 -0500] "GET /.git/HEAD HTTP/1.1" 404 1013
172.22.2.4 - - [24/Nov/2022:00:28:48 -0500] "HEAD /BLA/boletinlegal/ HTTP/1.1" 200 -
201.245.192.253 - - [24/Nov/2022:00:30:27 -0500] "POST /kwsrmcab/Wsrmcab  HTTP/1.1" 200 42393
201.245.192.253 - - [24/Nov/2022:00:30:43 -0500] "POST /kwsrmcab/Wsrmcab HTTP/1.1" 200 43606
201.245.192.253 - - [24/Nov/2022:00:30:46 -0500] "POST /kwsrmcab/Wsrmcab HTTP/1.1" 200 43345
172.22.2.4 - - [24/Nov/2022:00:29:38 -0500] "GET /BLA/boletinlegal/ HTTP/1.1" 200 57824
216.245.221.92 - - [24/Nov/2022:00:33:42 -0500] "HEAD / HTTP/1.1" 200 -
157.55.39.39 - - [24/Nov/2022:00:34:45 -0500] "GET /bla/resoluciones/resoluciones%202020/2657.pdf HTTP/1.1" 200 353517
201.245.192.253 - - [24/Nov/2022:00:35:25 -0500] "POST /kwsrmcab/Wsrmcab  HTTP/1.1" 200 42393
157.55.39.39 - - [24/Nov/2022:00:35:45 -0500] "GET /BLA/resoluciones/index.php?dir=AUTOS+2019%2F HTTP/1.1" 200 349340
172.22.2.4 - - [24/Nov/2022:00:36:17 -0500] "GET /BLA/boletinlegal/actos.php HTTP/1.1" 200 9566
172.22.2.4 - - [24/Nov/2022:00:36:17 -0500] "GET /BLA/boletinlegal/styles2.css HTTP/1.1" 200 1838
172.22.2.4 - - [24/Nov/2022:00:36:17 -0500] "GET /BLA/boletinlegal/js/ajax_actos.js HTTP/1.1" 200 1322
172.22.2.4 - - [24/Nov/2022:00:36:17 -0500] "GET /BLA/boletinlegal/niceforms-default.css HTTP/1.1" 200 6694
172.22.2.4 - - [24/Nov/2022:00:36:17 -0500] "GET /BLA/boletinlegal/style.css HTTP/1.1" 200 9406
172.22.2.4 - - [24/Nov/2022:00:36:17 -0500] "GET /BLA/boletinlegal/niceforms.js HTTP/1.1" 200 22876
172.22.2.4 - - [24/Nov/2022:00:36:17 -0500] "GET /BLA/boletinlegal/js/lib.js HTTP/1.1" 200 6474
172.22.2.4 - - [24/Nov/2022:00:36:17 -0500] "GET /BLA/boletinlegal/js/popup.js HTTP/1.1" 200 1270
172.22.2.4 - - [24/Nov/2022:00:36:18 -0500] "GET /BLA/boletinlegal/js/jquery1.js HTTP/1.1" 200 29846
172.22.2.4 - - [24/Nov/2022:00:36:18 -0500] "GET /BLA/boletinlegal/images/cabezote%20BLEGAL.jpg HTTP/1.1" 200 118164
172.22.2.4 - - [24/Nov/2022:00:36:18 -0500] "GET /BLA/boletinlegal/images/subscribe-icon-big.png HTTP/1.1" 200 47702
172.22.2.4 - - [24/Nov/2022:00:36:18 -0500] "GET /BLA/boletinlegal/images/historia.png HTTP/1.1" 200 52775
172.22.2.4 - - [24/Nov/2022:00:36:18 -0500] "GET /BLA/boletinlegal/images/registro-usuarios.png HTTP/1.1" 200 8106
172.22.2.4 - - [24/Nov/2022:00:36:18 -0500] "GET /BLA/boletinlegal/images/green-yellow-blue-pink-th.png HTTP/1.1" 200 7394
172.22.2.4 - - [24/Nov/2022:00:36:18 -0500] "GET /BLA/boletinlegal/images/tel.png HTTP/1.1" 200 14477
172.22.2.4 - - [24/Nov/2022:00:36:18 -0500] "GET /BLA/boletinlegal/images/body_bg.jpg HTTP/1.1" 200 1601
172.22.2.4 - - [24/Nov/2022:00:36:18 -0500] "GET /BLA/boletinlegal/images/footer_bg.jpg HTTP/1.1" 200 586
172.22.2.4 - - [24/Nov/2022:00:34:38 -0500] "HEAD /BLA/boletinlegal/ HTTP/1.1" 200 -
172.22.2.4 - - [24/Nov/2022:00:36:18 -0500] "GET /BLA/boletinlegal/images/bg_top.jpg HTTP/1.1" 200 522
172.22.2.4 - - [24/Nov/2022:00:36:18 -0500] "GET /BLA/boletinlegal/images/text.jpg HTTP/1.1" 200 568
172.22.2.4 - - [24/Nov/2022:00:36:18 -0500] "GET /BLA/boletinlegal/images/menu_lft.gif HTTP/1.1" 200 1713
172.22.2.4 - - [24/Nov/2022:00:36:18 -0500] "GET /BLA/boletinlegal/images/menu_rght.gif HTTP/1.1" 200 1627
172.22.2.4 - - [24/Nov/2022:00:36:18 -0500] "GET /BLA/boletinlegal/images/menu_bg.jpg HTTP/1.1" 200 620
172.22.2.4 - - [24/Nov/2022:00:36:18 -0500] "GET /BLA/boletinlegal/images/hover.jpg HTTP/1.1" 200 640
172.22.2.4 - - [24/Nov/2022:00:36:18 -0500] "GET /BLA/boletinlegal/images/footer_bg_l.jpg HTTP/1.1" 200 776
172.22.2.4 - - [24/Nov/2022:00:36:18 -0500] "GET /BLA/boletinlegal/images/icono-email.png HTTP/1.1" 200 5544
172.22.2.4 - - [24/Nov/2022:00:36:19 -0500] "GET /BLA/boletinlegal/img/0.png HTTP/1.1" 200 110
172.22.2.4 - - [24/Nov/2022:00:36:19 -0500] "GET /BLA/boletinlegal/img/select-left.png HTTP/1.1" 200 263
172.22.2.4 - - [24/Nov/2022:00:36:19 -0500] "GET /BLA/boletinlegal/img/select-right.png HTTP/1.1" 200 44019
172.22.2.4 - - [24/Nov/2022:00:36:19 -0500] "GET /BLA/boletinlegal/img/button-left.png HTTP/1.1" 200 57071
172.22.2.4 - - [24/Nov/2022:00:36:19 -0500] "GET /BLA/boletinlegal/img/button.png HTTP/1.1" 200 43241
172.22.2.4 - - [24/Nov/2022:00:36:19 -0500] "GET /BLA/boletinlegal/img/button-right.png HTTP/1.1" 200 57878
172.22.2.4 - - [24/Nov/2022:00:36:19 -0500] "GET /BLA/boletinlegal/favicon.ico HTTP/1.1" 404 1326
172.22.2.4 - - [24/Nov/2022:00:36:23 -0500] "GET /BLA/boletinlegal/actos.php HTTP/1.1" 200 9566
172.22.2.4 - - [24/Nov/2022:00:36:30 -0500] "GET /BLA/boletinlegal/actos.php HTTP/1.1" 200 9566
172.22.2.4 - - [24/Nov/2022:00:36:33 -0500] "GET /BLA/boletinlegal/actos.php HTTP/1.1" 200 9566
172.22.2.4 - - [24/Nov/2022:00:36:39 -0500] "GET /BLA/boletinlegal/actos.php HTTP/1.1" 200 9566
172.22.2.4 - - [24/Nov/2022:00:36:42 -0500] "GET /BLA/boletinlegal/actos.php HTTP/1.1" 200 9566
23.100.232.233 - - [24/Nov/2022:00:36:42 -0500] "GET /BLA/boletinlegal/js/jquery.scrollShow.js HTTP/1.1" 200 4586
23.100.232.233 - - [24/Nov/2022:00:36:42 -0500] "GET /galeria/galeria/jquery.fancybox.js?v=2.1.5 HTTP/1.1" 200 48706
23.100.232.233 - - [24/Nov/2022:00:36:43 -0500] "GET /galeria/galeria/jquery.fancybox.css?v=2.1.5 HTTP/1.1" 200 4895
172.22.2.4 - - [24/Nov/2022:00:36:48 -0500] "GET /BLA/boletinlegal/actos.php HTTP/1.1" 200 9566
172.22.2.4 - - [24/Nov/2022:00:36:51 -0500] "GET /BLA/boletinlegal/actos.php HTTP/1.1" 200 9566
172.22.2.4 - - [24/Nov/2022:00:36:57 -0500] "GET /BLA/boletinlegal/actos.php HTTP/1.1" 200 9566
66.102.8.91 - - [24/Nov/2022:00:37:00 -0500] "GET /galeria/mapa/3MapaBogot%C3%A1.jpg HTTP/1.1" 200 688183
172.22.2.4 - - [24/Nov/2022:00:35:28 -0500] "GET /BLA/boletinlegal/ HTTP/1.1" 200 57824
66.249.73.127 - - [24/Nov/2022:00:37:35 -0500] "-" 408 -
216.245.221.92 - - [24/Nov/2022:00:38:42 -0500] "HEAD / HTTP/1.1" 200 -
201.245.192.253 - - [24/Nov/2022:00:40:24 -0500] "POST /kwsrmcab/Wsrmcab  HTTP/1.1" 200 42393
201.245.192.253 - - [24/Nov/2022:00:40:43 -0500] "POST /kwsrmcab/Wsrmcab HTTP/1.1" 200 43606
201.245.192.253 - - [24/Nov/2022:00:40:46 -0500] "POST /kwsrmcab/Wsrmcab HTTP/1.1" 200 43345
185.192.70.193 - - [24/Nov/2022:00:41:29 -0500] "GET /vota-por-bogota-en-we-love-cities-pioneros-en-sostenibilidad.html HTTP/1.1" 200 850
172.22.2.4 - - [24/Nov/2022:00:41:31 -0500] "GET /BLA/boletinlegal/actos.php HTTP/1.1" 200 9566
185.192.70.193 - - [24/Nov/2022:00:41:30 -0500] "GET /portaldeninos/ HTTP/1.1" 200 110197
172.22.2.4 - - [24/Nov/2022:00:40:28 -0500] "HEAD /BLA/boletinlegal/ HTTP/1.1" 200 -
172.22.2.4 - - [24/Nov/2022:00:41:18 -0500] "GET /BLA/boletinlegal/ HTTP/1.1" 200 52453
172.22.2.4 - - [24/Nov/2022:00:41:26 -0500] "GET /BLA/boletinlegal/ HTTP/1.1" 200 53337
216.245.221.92 - - [24/Nov/2022:00:43:42 -0500] "HEAD / HTTP/1.1" 200 -
201.245.192.253 - - [24/Nov/2022:00:45:22 -0500] "POST /kwsrmcab/Wsrmcab  HTTP/1.1" 200 42393
172.22.2.4 - - [24/Nov/2022:00:46:18 -0500] "HEAD /BLA/boletinlegal/ HTTP/1.1" 200 -
216.245.221.92 - - [24/Nov/2022:00:48:42 -0500] "HEAD / HTTP/1.1" 200 -
172.22.2.4 - - [24/Nov/2022:00:47:08 -0500] "GET /BLA/boletinlegal/ HTTP/1.1" 200 54100
172.22.2.4 - - [24/Nov/2022:00:49:11 -0500] "GET /BLA/boletinlegal/consulta_actos.php?tipo=resoluciones&no=2112&usuario=&sector=&fecha=2019&resuelve= HTTP/1.1" 200 1329
172.22.2.4 - - [24/Nov/2022:00:49:12 -0500] "GET /BLA/boletinlegal/ HTTP/1.1" 200 32715
201.245.192.253 - - [24/Nov/2022:00:50:22 -0500] "POST /kwsrmcab/Wsrmcab  HTTP/1.1" 200 42393
40.77.167.13 - - [24/Nov/2022:00:51:31 -0500] "GET /sipse/faces/javax.faces.resource/jquery/jquery.js;jsessionid=afyiwdn8fhtrzmkau11h7hbs.undefined?ln=primefaces&amp;v=4.0 HTTP/1.1" 200 105384
172.22.2.4 - - [24/Nov/2022:00:51:53 -0500] "GET /BLA/boletinlegal/consulta_actos.php?tipo=resoluciones&no=2958&usuario=&sector=&fecha=2018&resuelve= HTTP/1.1" 200 626
40.77.167.13 - - [24/Nov/2022:00:52:31 -0500] "GET /BLA/resoluciones/AUTOS%202021/6127.pdf HTTP/1.1" 200 362813
172.22.2.4 - - [24/Nov/2022:00:52:58 -0500] "GET /BLA/boletinlegal/consulta_actos.php?tipo=resoluciones&no=2958&usuario=&sector=&fecha=2019&resuelve= HTTP/1.1" 200 626
172.22.2.4 - - [24/Nov/2022:00:52:59 -0500] "GET /BLA/boletinlegal/consulta_actos.php?tipo=resoluciones&no=2958&usuario=&sector=&fecha=2019&resuelve= HTTP/1.1" 200 626
172.22.2.4 - - [24/Nov/2022:00:53:05 -0500] "GET /BLA/boletinlegal/consulta_actos.php?tipo=resoluciones&no=2958&usuario=&sector=&fecha=2018&resuelve= HTTP/1.1" 200 626
172.22.2.4 - - [24/Nov/2022:00:53:05 -0500] "GET /BLA/boletinlegal/consulta_actos.php?tipo=resoluciones&no=2958&usuario=&sector=&fecha=2018&resuelve= HTTP/1.1" 200 626
172.22.2.4 - - [24/Nov/2022:00:53:06 -0500] "GET /BLA/boletinlegal/consulta_actos.php?tipo=resoluciones&no=2958&usuario=&sector=&fecha=2018&resuelve= HTTP/1.1" 200 626
172.22.2.4 - - [24/Nov/2022:00:53:10 -0500] "GET /BLA/boletinlegal/Directivas/2018/Directiva%20No.%2026%20del%2028%20de%20diciembre%20de%202018.pdf HTTP/1.1" 304 -
172.22.2.4 - - [24/Nov/2022:00:53:18 -0500] "GET /BLA/boletinlegal/actos.php HTTP/1.1" 200 9566
172.22.2.4 - - [24/Nov/2022:00:53:36 -0500] "GET /BLA/boletinlegal/consulta_actos.php?tipo=resoluciones&no=2958&usuario=&sector=&fecha=2018&resuelve= HTTP/1.1" 200 626
216.245.221.92 - - [24/Nov/2022:00:53:41 -0500] "HEAD / HTTP/1.1" 200 -
172.22.2.4 - - [24/Nov/2022:00:52:08 -0500] "HEAD /BLA/boletinlegal/ HTTP/1.1" 200 -
172.22.2.4 - - [24/Nov/2022:00:53:16 -0500] "GET /BLA/boletinlegal/ HTTP/1.1" 200 24523
172.22.2.4 - - [24/Nov/2022:00:52:58 -0500] "GET /BLA/boletinlegal/ HTTP/1.1" 200 55272
201.245.192.253 - - [24/Nov/2022:00:55:22 -0500] "POST /kwsrmcab/Wsrmcab  HTTP/1.1" 200 42393
173.252.79.19 - - [24/Nov/2022:00:55:39 -0500] "GET /images/llantaton-jornada.jpg HTTP/1.1" 200 356045
69.171.249.4 - - [24/Nov/2022:00:56:06 -0500] "GET /juntos-cuidamos-bogota-mas-de-65-kilogramos-de-residuos-especiales-y-peligrosos-fueron-recolectados-en-engativa.html HTTP/1.1" 206 994
173.252.107.21 - - [24/Nov/2022:00:56:10 -0500] "GET /images/reciclaton-residuos-secretaria-27-enero.jpg HTTP/1.1" 200 49406
173.252.107.120 - - [24/Nov/2022:00:56:16 -0500] "GET /secretaria-de-ambiente-firma-dos-nuevos-pagos-por-servicios-ambientales-que-permitiran-conservar-36-hectareas-en-usme.html HTTP/1.1" 206 1048
173.252.107.116 - - [24/Nov/2022:00:56:17 -0500] "GET /secretaria-de-ambiente-firma-dos-nuevos-pagos-por-servicios-ambientales-que-permitiran-conservar-36-hectareas-en-usme.html HTTP/1.1" 206 1048
173.252.107.11 - - [24/Nov/2022:00:56:17 -0500] "GET /secretaria-de-ambiente-firma-dos-nuevos-pagos-por-servicios-ambientales-que-permitiran-conservar-36-hectareas-en-usme.html HTTP/1.1" 206 1048
173.252.107.4 - - [24/Nov/2022:00:56:17 -0500] "GET /secretaria-de-ambiente-firma-dos-nuevos-pagos-por-servicios-ambientales-que-permitiran-conservar-36-hectareas-en-usme.html HTTP/1.1" 206 1048
173.252.107.117 - - [24/Nov/2022:00:56:17 -0500] "GET /secretaria-de-ambiente-firma-dos-nuevos-pagos-por-servicios-ambientales-que-permitiran-conservar-36-hectareas-en-usme.html HTTP/1.1" 206 1048
173.252.107.120 - - [24/Nov/2022:00:56:17 -0500] "GET /secretaria-de-ambiente-firma-dos-nuevos-pagos-por-servicios-ambientales-que-permitiran-conservar-36-hectareas-en-usme.html HTTP/1.1" 206 1048
173.252.107.117 - - [24/Nov/2022:00:56:17 -0500] "GET /secretaria-de-ambiente-firma-dos-nuevos-pagos-por-servicios-ambientales-que-permitiran-conservar-36-hectareas-en-usme.html HTTP/1.1" 206 1048
173.252.107.116 - - [24/Nov/2022:00:56:17 -0500] "GET /secretaria-de-ambiente-firma-dos-nuevos-pagos-por-servicios-ambientales-que-permitiran-conservar-36-hectareas-en-usme.html HTTP/1.1" 206 1048
173.252.107.4 - - [24/Nov/2022:00:56:27 -0500] "GET /mas-de-14-000-llantas-fueron-recolectadas-durante-2021-en-actividades-de-llantaton.html HTTP/1.1" 206 1084
173.252.107.4 - - [24/Nov/2022:00:56:27 -0500] "GET /mas-de-14-000-llantas-fueron-recolectadas-durante-2021-en-actividades-de-llantaton.html HTTP/1.1" 206 1084
173.252.107.8 - - [24/Nov/2022:00:56:27 -0500] "GET /mas-de-14-000-llantas-fueron-recolectadas-durante-2021-en-actividades-de-llantaton.html HTTP/1.1" 206 1084
173.252.107.13 - - [24/Nov/2022:00:56:27 -0500] "GET /images/Llantaton1.jpeg HTTP/1.1" 200 70877
173.252.107.23 - - [24/Nov/2022:00:56:44 -0500] "GET /mas-de-36-000-kilogramos-de-residuos-especiales-y-peligrosos-fueron-recolectados-esta-semana-en-bogota.html HTTP/1.1" 206 983
173.252.107.18 - - [24/Nov/2022:00:56:44 -0500] "GET /mas-de-36-000-kilogramos-de-residuos-especiales-y-peligrosos-fueron-recolectados-esta-semana-en-bogota.html HTTP/1.1" 206 983
173.252.107.19 - - [24/Nov/2022:00:56:44 -0500] "GET /mas-de-36-000-kilogramos-de-residuos-especiales-y-peligrosos-fueron-recolectados-esta-semana-en-bogota.html HTTP/1.1" 206 983
173.252.107.117 - - [24/Nov/2022:00:56:44 -0500] "GET /mas-de-36-000-kilogramos-de-residuos-especiales-y-peligrosos-fueron-recolectados-esta-semana-en-bogota.html HTTP/1.1" 206 983
173.252.107.118 - - [24/Nov/2022:00:56:44 -0500] "GET /mas-de-36-000-kilogramos-de-residuos-especiales-y-peligrosos-fueron-recolectados-esta-semana-en-bogota.html HTTP/1.1" 206 983
173.252.107.11 - - [24/Nov/2022:00:56:44 -0500] "GET /mas-de-36-000-kilogramos-de-residuos-especiales-y-peligrosos-fueron-recolectados-esta-semana-en-bogota.html HTTP/1.1" 206 983
173.252.107.11 - - [24/Nov/2022:00:56:44 -0500] "GET /mas-de-36-000-kilogramos-de-residuos-especiales-y-peligrosos-fueron-recolectados-esta-semana-en-bogota.html HTTP/1.1" 206 983
173.252.107.11 - - [24/Nov/2022:00:56:44 -0500] "GET /mas-de-36-000-kilogramos-de-residuos-especiales-y-peligrosos-fueron-recolectados-esta-semana-en-bogota.html HTTP/1.1" 206 983
216.245.221.92 - - [24/Nov/2022:00:58:42 -0500] "HEAD / HTTP/1.1" 200 -
172.22.2.4 - - [24/Nov/2022:00:57:58 -0500] "HEAD /BLA/boletinlegal/ HTTP/1.1" 200 -
23.100.232.233 - - [24/Nov/2022:01:00:19 -0500] "GET /BLA/boletinlegal/js/jquery.scrollShow.js HTTP/1.1" 200 4586
23.100.232.233 - - [24/Nov/2022:01:00:19 -0500] "GET /galeria/galeria/jquery.fancybox.js?v=2.1.5 HTTP/1.1" 200 48706
23.100.232.233 - - [24/Nov/2022:01:00:20 -0500] "GET /galeria/galeria/jquery.fancybox.css?v=2.1.5 HTTP/1.1" 200 4895
201.245.192.253 - - [24/Nov/2022:01:00:21 -0500] "POST /kwsrmcab/Wsrmcab  HTTP/1.1" 200 42393
172.22.2.4 - - [24/Nov/2022:00:58:48 -0500] "GET /BLA/boletinlegal/ HTTP/1.1" 200 58185
216.245.221.92 - - [24/Nov/2022:01:03:42 -0500] "HEAD / HTTP/1.1" 200 -
40.77.167.13 - - [24/Nov/2022:01:03:41 -0500] "GET /bla/resoluciones/resoluciones%202012/0057.pdf HTTP/1.1" 200 9472671
157.55.39.39 - - [24/Nov/2022:01:03:45 -0500] "GET /BLA/resoluciones/index.php?dir=AUTOS+2019%2F HTTP/1.1" 200 349340
172.22.2.4 - - [24/Nov/2022:01:05:11 -0500] "GET /BLA/boletinlegal/actos.php HTTP/1.1" 200 9566
201.245.192.253 - - [24/Nov/2022:01:05:20 -0500] "POST /kwsrmcab/Wsrmcab  HTTP/1.1" 200 42393
172.22.2.4 - - [24/Nov/2022:01:03:48 -0500] "HEAD /BLA/boletinlegal/ HTTP/1.1" 200 -
207.46.13.104 - - [24/Nov/2022:01:06:11 -0500] "GET / HTTP/1.1" 200 319
172.22.2.4 - - [24/Nov/2022:01:04:38 -0500] "GET /BLA/boletinlegal/ HTTP/1.1" 200 58185
216.245.221.92 - - [24/Nov/2022:01:08:41 -0500] "HEAD / HTTP/1.1" 200 -
43.134.62.217 - - [24/Nov/2022:01:10:04 -0500] "GET /galeria/galeria/fotos/Entrenube4P.jpg HTTP/1.1" 200 10881
201.245.192.253 - - [24/Nov/2022:01:10:19 -0500] "POST /kwsrmcab/Wsrmcab  HTTP/1.1" 200 42393
172.22.2.4 - - [24/Nov/2022:01:09:38 -0500] "HEAD /BLA/boletinlegal/ HTTP/1.1" 200 -
172.22.2.4 - - [24/Nov/2022:01:10:28 -0500] "GET /BLA/boletinlegal/ HTTP/1.1" 200 59779
172.22.2.4 - - [24/Nov/2022:01:12:45 -0500] "GET /BLA/boletinlegal/Circulares/2019/Circular%2000020%20del%2020%20de%20diciembre%20de%202019.pdf HTTP/1.1" 304 -
152.61.128.50 - - [24/Nov/2022:01:13:04 -0500] "GET / HTTP/1.1" 200 319
216.245.221.92 - - [24/Nov/2022:01:13:41 -0500] "HEAD / HTTP/1.1" 200 -
152.61.192.232 - - [24/Nov/2022:01:14:23 -0500] "GET / HTTP/1.1" 200 319
172.22.2.4 - - [24/Nov/2022:01:14:23 -0500] "GET /BLA/boletinlegal/Circulares/2022/CIRCULAR%20No.%2000005%20DEL%2030%20DE%20JUNIO%20DEL%202022.pdf HTTP/1.1" 304 -
201.245.192.253 - - [24/Nov/2022:01:15:18 -0500] "POST /kwsrmcab/Wsrmcab  HTTP/1.1" 200 42393
172.22.2.4 - - [24/Nov/2022:01:13:51 -0500] "GET /BLA/boletinlegal/ HTTP/1.1" 200 60277
172.22.2.4 - - [24/Nov/2022:01:15:28 -0500] "HEAD /BLA/boletinlegal/ HTTP/1.1" 200 -
172.22.2.4 - - [24/Nov/2022:01:16:18 -0500] "GET /BLA/boletinlegal/ HTTP/1.1" 200 52942
216.245.221.92 - - [24/Nov/2022:01:18:41 -0500] "HEAD / HTTP/1.1" 200 -
172.22.2.4 - - [24/Nov/2022:01:19:05 -0500] "GET /BLA/boletinlegal/index.php?s=/Index/\\think\\app/invokefunction&function=call_user_func_array&vars[0]=md5&vars[1][]=HelloThinkPHP21 HTTP/1.1" 200 36811
201.245.192.253 - - [24/Nov/2022:01:20:16 -0500] "POST /kwsrmcab/Wsrmcab  HTTP/1.1" 200 42393
201.245.192.253 - - [24/Nov/2022:01:20:43 -0500] "POST /kwsrmcab/Wsrmcab HTTP/1.1" 200 43288
201.245.192.253 - - [24/Nov/2022:01:20:45 -0500] "POST /kwsrmcab/Wsrmcab HTTP/1.1" 200 43205
172.22.2.4 - - [24/Nov/2022:01:21:18 -0500] "HEAD /BLA/boletinlegal/ HTTP/1.1" 200 -
173.252.83.117 - - [24/Nov/2022:01:23:13 -0500] "GET /images/reciclaton-mayo-3-mayo.jpg HTTP/1.1" 200 278453
216.245.221.92 - - [24/Nov/2022:01:23:41 -0500] "HEAD / HTTP/1.1" 200 -
172.22.2.4 - - [24/Nov/2022:01:22:08 -0500] "GET /BLA/boletinlegal/ HTTP/1.1" 200 59779
201.245.192.253 - - [24/Nov/2022:01:25:15 -0500] "POST /kwsrmcab/Wsrmcab  HTTP/1.1" 200 42393
216.245.221.92 - - [24/Nov/2022:01:28:41 -0500] "HEAD / HTTP/1.1" 200 -
172.22.2.4 - - [24/Nov/2022:01:27:07 -0500] "HEAD /BLA/boletinlegal/ HTTP/1.1" 200 -
172.22.2.4 - - [24/Nov/2022:01:28:24 -0500] "GET /BLA/boletinlegal/?XDEBUG_SESSION_START=phpstorm HTTP/1.1" 200 32715
172.22.2.4 - - [24/Nov/2022:01:27:58 -0500] "GET /BLA/boletinlegal/ HTTP/1.1" 200 55272
201.245.192.253 - - [24/Nov/2022:01:30:14 -0500] "POST /kwsrmcab/Wsrmcab  HTTP/1.1" 200 42393
185.246.221.138 - - [24/Nov/2022:01:30:35 -0500] "POST /boaform/admin/formLogin HTTP/1.1" 404 1186
201.245.192.253 - - [24/Nov/2022:01:30:43 -0500] "POST /kwsrmcab/Wsrmcab HTTP/1.1" 200 43288
201.245.192.253 - - [24/Nov/2022:01:30:46 -0500] "POST /kwsrmcab/Wsrmcab HTTP/1.1" 200 43205
141.105.66.212 - - [24/Nov/2022:01:31:12 -0500] "GET / HTTP/1.0" 200 319
190.156.185.197 - - [24/Nov/2022:01:32:08 -0500] "GET /BLA/resoluciones/AUTOS%202022/4918.pdf HTTP/1.1" 200 369156
141.105.66.212 - - [24/Nov/2022:01:32:25 -0500] "GET / HTTP/1.1" 200 319
141.105.66.212 - - [24/Nov/2022:01:32:25 -0500] "GET /inicio.html HTTP/1.1" 404 1043
141.105.66.212 - - [24/Nov/2022:01:32:25 -0500] "GET /nmaplowercheck1669271446 HTTP/1.1" 404 1043
141.105.66.212 - - [24/Nov/2022:01:32:25 -0500] "GET /Portal0000.htm HTTP/1.1" 404 1043
141.105.66.212 - - [24/Nov/2022:01:32:26 -0500] "GET /pools/default/buckets HTTP/1.1" 404 1043
141.105.66.212 - - [24/Nov/2022:01:32:26 -0500] "GET /__Additional HTTP/1.1" 404 1043
141.105.66.212 - - [24/Nov/2022:01:32:26 -0500] "GET /indice.php HTTP/1.1" 404 1043
141.105.66.212 - - [24/Nov/2022:01:32:26 -0500] "GET /main.shtml HTTP/1.1" 404 1043
141.105.66.212 - - [24/Nov/2022:01:32:26 -0500] "GET /pools HTTP/1.1" 404 1043
141.105.66.212 - - [24/Nov/2022:01:32:26 -0500] "GET /server-status HTTP/1.1" 403 1190
141.105.66.212 - - [24/Nov/2022:01:32:26 -0500] "POST /scripts/WPnBr.dll HTTP/1.1" 404 1043
141.105.66.212 - - [24/Nov/2022:01:32:27 -0500] "GET /home.php HTTP/1.1" 404 1043
141.105.66.212 - - [24/Nov/2022:01:32:27 -0500] "GET /H8ht HTTP/1.1" 404 1043
141.105.66.212 - - [24/Nov/2022:01:32:27 -0500] "GET / HTTP/1.1" 200 319
141.105.66.212 - - [24/Nov/2022:01:32:27 -0500] "GET /base.cgi HTTP/1.1" 404 1043
141.105.66.212 - - [24/Nov/2022:01:32:29 -0500] "POST /sdk HTTP/1.1" 404 1043
141.105.66.212 - - [24/Nov/2022:01:32:29 -0500] "GET / HTTP/1.0" 200 319
141.105.66.212 - - [24/Nov/2022:01:32:29 -0500] "GET /Portal/Portal.mwsl HTTP/1.1" 404 1043
141.105.66.212 - - [24/Nov/2022:01:32:29 -0500] "GET /CSS/Miniweb.css HTTP/1.1" 404 1043
141.105.66.212 - - [24/Nov/2022:01:32:30 -0500] "GET / HTTP/1.1" 200 319
141.105.66.212 - - [24/Nov/2022:01:32:30 -0500] "GET /docs/cplugError.html/ HTTP/1.1" 404 1043
141.105.66.212 - - [24/Nov/2022:01:32:32 -0500] "GET /HNAP1 HTTP/1.1" 404 1043
141.105.66.212 - - [24/Nov/2022:01:32:32 -0500] "GET /favicon.ico HTTP/1.1" 200 7782
141.105.66.212 - - [24/Nov/2022:01:32:32 -0500] "GET /?=PHPE9568F36-D428-11d2-A769-00AA001ACF42 HTTP/1.1" 200 319
141.105.66.212 - - [24/Nov/2022:01:32:33 -0500] "GET /?=PHPB8B5F2A0-3C92-11d3-A3A9-4C7B08C10000 HTTP/1.1" 200 319
141.105.66.212 - - [24/Nov/2022:01:32:34 -0500] "HEAD / HTTP/1.1" 200 -
141.105.66.212 - - [24/Nov/2022:01:32:35 -0500] "GET / HTTP/1.1" 200 319
141.105.66.212 - - [24/Nov/2022:01:32:35 -0500] "GET /.git/HEAD HTTP/1.1" 404 1043
141.105.66.212 - - [24/Nov/2022:01:32:35 -0500] "\x16\x03\x01\x02" 400 226
141.105.66.212 - - [24/Nov/2022:01:32:36 -0500] "GET / HTTP/1.0" 200 319
141.105.66.212 - - [24/Nov/2022:01:32:36 -0500] "GET / HTTP/1.1" 200 319
216.245.221.92 - - [24/Nov/2022:01:33:41 -0500] "HEAD / HTTP/1.1" 200 -
186.80.187.83 - - [24/Nov/2022:01:34:06 -0500] "GET /galeria/galeria/jquery.fancybox.css?v=2.1.5 HTTP/1.1" 200 4895
186.80.187.83 - - [24/Nov/2022:01:34:06 -0500] "GET /BLA/boletinlegal/js/jquery.scrollShow.js HTTP/1.1" 200 4586
186.80.187.83 - - [24/Nov/2022:01:34:06 -0500] "GET /galeria/galeria/jquery.fancybox.js?v=2.1.5 HTTP/1.1" 200 48706
172.22.2.4 - - [24/Nov/2022:01:32:58 -0500] "HEAD /BLA/boletinlegal/ HTTP/1.1" 200 -
201.245.192.253 - - [24/Nov/2022:01:35:13 -0500] "POST /kwsrmcab/Wsrmcab  HTTP/1.1" 200 42393
172.22.2.4 - - [24/Nov/2022:01:33:48 -0500] "GET /BLA/boletinlegal/ HTTP/1.1" 200 57192
152.61.192.232 - - [24/Nov/2022:01:36:54 -0500] "GET /arcgis/services/Calidad_del_Agua_WQI/MapServer/WMSServer?request=GetCapabilities&service=WMS HTTP/1.1" 503 1020
152.61.192.232 - - [24/Nov/2022:01:36:55 -0500] "GET /arcgis/services/Calidad_del_Agua_WQI/MapServer/WMSServer?SERVICE=WMS&REQUEST=GetCapabilities HTTP/1.1" 503 1020
152.61.192.232 - - [24/Nov/2022:01:36:55 -0500] "GET /arcgis/services/Calidad_del_Agua_WQI/MapServer/WMSServer?WMTVER=1.0.0&REQUEST=capabilities HTTP/1.1" 503 1020
216.245.221.92 - - [24/Nov/2022:01:38:41 -0500] "HEAD / HTTP/1.1" 200 -
201.245.192.253 - - [24/Nov/2022:01:40:12 -0500] "POST /kwsrmcab/Wsrmcab  HTTP/1.1" 200 42393
172.22.2.4 - - [24/Nov/2022:01:38:48 -0500] "HEAD /BLA/boletinlegal/ HTTP/1.1" 200 -
201.245.192.253 - - [24/Nov/2022:01:40:43 -0500] "POST /kwsrmcab/Wsrmcab HTTP/1.1" 200 43288
201.245.192.253 - - [24/Nov/2022:01:40:46 -0500] "POST /kwsrmcab/Wsrmcab HTTP/1.1" 200 43205
172.22.2.4 - - [24/Nov/2022:01:39:38 -0500] "GET /BLA/boletinlegal/ HTTP/1.1" 200 56825
39.64.253.248 - - [24/Nov/2022:01:42:03 -0500] "GET / HTTP/1.1" 200 319
157.55.39.39 - - [24/Nov/2022:01:42:58 -0500] "GET /BLA/resoluciones/index.php?dir=AUTOS+2019%2F HTTP/1.1" 200 349340
216.245.221.92 - - [24/Nov/2022:01:43:41 -0500] "HEAD / HTTP/1.1" 200 -
201.245.192.253 - - [24/Nov/2022:01:45:11 -0500] "POST /kwsrmcab/Wsrmcab  HTTP/1.1" 200 42393
172.22.2.4 - - [24/Nov/2022:01:44:37 -0500] "HEAD /BLA/boletinlegal/ HTTP/1.1" 200 -
172.22.2.4 - - [24/Nov/2022:01:45:28 -0500] "GET /BLA/boletinlegal/ HTTP/1.1" 200 59779
216.245.221.92 - - [24/Nov/2022:01:48:41 -0500] "HEAD / HTTP/1.1" 200 -
172.22.2.4 - - [24/Nov/2022:01:49:27 -0500] "GET /BLA/boletinlegal/ HTTP/1.1" 200 32715
201.245.192.253 - - [24/Nov/2022:01:50:10 -0500] "POST /kwsrmcab/Wsrmcab  HTTP/1.1" 200 42393
172.22.2.4 - - [24/Nov/2022:01:50:27 -0500] "HEAD /BLA/boletinlegal/ HTTP/1.1" 200 -
172.22.2.4 - - [24/Nov/2022:01:51:18 -0500] "GET /BLA/boletinlegal/ HTTP/1.1" 200 54100
216.245.221.92 - - [24/Nov/2022:01:53:41 -0500] "HEAD / HTTP/1.1" 200 -
40.77.167.58 - - [24/Nov/2022:01:53:42 -0500] "GET /BLA/boletinlegal/Circulares/2012/Circular%20No.%208%20del%2021%20de%20Agosto%20de%202012.pdf HTTP/1.1" 304 -
201.245.192.253 - - [24/Nov/2022:01:55:09 -0500] "POST /kwsrmcab/Wsrmcab  HTTP/1.1" 200 42393
172.22.2.4 - - [24/Nov/2022:01:57:25 -0500] "GET /BLA/boletinlegal/jurisprudencia/analisis/analisis%20C-595-2010.doc HTTP/1.1" 304 -
172.22.2.4 - - [24/Nov/2022:01:56:17 -0500] "HEAD /BLA/boletinlegal/ HTTP/1.1" 200 -
216.245.221.92 - - [24/Nov/2022:01:58:41 -0500] "HEAD / HTTP/1.1" 200 -
172.22.2.4 - - [24/Nov/2022:01:57:08 -0500] "GET /BLA/boletinlegal/ HTTP/1.1" 200 58185
201.245.192.253 - - [24/Nov/2022:02:00:08 -0500] "POST /kwsrmcab/Wsrmcab  HTTP/1.1" 200 42393
40.77.167.13 - - [24/Nov/2022:02:01:48 -0500] "GET /bla/resoluciones/resoluciones%202021/3111.pdf HTTP/1.1" 200 375359
207.46.13.194 - - [24/Nov/2022:02:01:52 -0500] "GET /BLA/resoluciones/AUTOS%202020/4709.pdf HTTP/1.1" 304 -
40.77.167.13 - - [24/Nov/2022:02:02:28 -0500] "GET /BLA/resoluciones/RESOLUCIONES%202011/0055.pdf HTTP/1.1" 200 356113
152.61.128.50 - - [24/Nov/2022:02:03:14 -0500] "GET /arcgis/services/Calidad_del_Agua_WQI/MapServer/WMSServer?request=GetCapabilities&service=WMS HTTP/1.1" 503 1020
152.61.128.50 - - [24/Nov/2022:02:03:15 -0500] "GET /arcgis/services/Calidad_del_Agua_WQI/MapServer/WMSServer?SERVICE=WMS&REQUEST=GetCapabilities HTTP/1.1" 503 1020
152.61.128.50 - - [24/Nov/2022:02:03:16 -0500] "GET /arcgis/services/Calidad_del_Agua_WQI/MapServer/WMSServer?WMTVER=1.0.0&REQUEST=capabilities HTTP/1.1" 503 1020
216.245.221.92 - - [24/Nov/2022:02:03:41 -0500] "HEAD / HTTP/1.1" 200 -
172.22.2.4 - - [24/Nov/2022:02:02:07 -0500] "HEAD /BLA/boletinlegal/ HTTP/1.1" 200 -
40.77.167.13 - - [24/Nov/2022:02:04:36 -0500] "GET /BLA/resoluciones/RESOLUCIONES%202014/0567.pdf HTTP/1.1" 200 462905
172.22.2.4 - - [24/Nov/2022:02:02:58 -0500] "GET /BLA/boletinlegal/ HTTP/1.1" 200 56474
201.245.192.253 - - [24/Nov/2022:02:05:07 -0500] "POST /kwsrmcab/Wsrmcab  HTTP/1.1" 200 42393
216.245.221.92 - - [24/Nov/2022:02:08:41 -0500] "HEAD / HTTP/1.1" 200 -
172.22.2.4 - - [24/Nov/2022:02:07:57 -0500] "HEAD /BLA/boletinlegal/ HTTP/1.1" 200 -
201.245.192.253 - - [24/Nov/2022:02:10:06 -0500] "POST /kwsrmcab/Wsrmcab  HTTP/1.1" 200 42393
172.22.2.4 - - [24/Nov/2022:02:08:48 -0500] "GET /BLA/boletinlegal/ HTTP/1.1" 200 58185
172.22.2.4 - - [24/Nov/2022:02:11:25 -0500] "GET /BLA/boletinlegal/consulta_actos.php?tipo=resoluciones&no=1915&usuario=&sector=&fecha=2013&resuelve= HTTP/1.1" 200 1166
216.245.221.92 - - [24/Nov/2022:02:13:41 -0500] "HEAD / HTTP/1.1" 200 -
201.245.192.253 - - [24/Nov/2022:02:15:03 -0500] "POST /kwsrmcab/Wsrmcab  HTTP/1.1" 200 42393
172.22.2.4 - - [24/Nov/2022:02:13:47 -0500] "HEAD /BLA/boletinlegal/ HTTP/1.1" 200 -
172.22.2.4 - - [24/Nov/2022:02:14:38 -0500] "GET /BLA/boletinlegal/ HTTP/1.1" 200 58185
40.77.167.58 - - [24/Nov/2022:02:17:05 -0500] "GET /bla/resoluciones/resoluciones%202020/2655.pdf HTTP/1.1" 200 341329
172.22.2.4 - - [24/Nov/2022:02:17:21 -0500] "GET /BLA/boletinlegal/consulta_actos.php?tipo=autos&no=0286&usuario=&sector=&fecha=2018&resuelve= HTTP/1.1" 200 1306
216.245.221.92 - - [24/Nov/2022:02:18:41 -0500] "HEAD / HTTP/1.1" 200 -
201.245.192.253 - - [24/Nov/2022:02:20:03 -0500] "POST /kwsrmcab/Wsrmcab  HTTP/1.1" 200 42393
201.245.192.253 - - [24/Nov/2022:02:20:43 -0500] "POST /kwsrmcab/Wsrmcab HTTP/1.1" 200 43019
201.245.192.253 - - [24/Nov/2022:02:20:45 -0500] "POST /kwsrmcab/Wsrmcab HTTP/1.1" 200 43524
172.22.2.4 - - [24/Nov/2022:02:19:37 -0500] "HEAD /BLA/boletinlegal/ HTTP/1.1" 200 -
172.22.2.4 - - [24/Nov/2022:02:20:28 -0500] "GET /BLA/boletinlegal/ HTTP/1.1" 200 59035
216.245.221.92 - - [24/Nov/2022:02:23:41 -0500] "HEAD / HTTP/1.1" 200 -
157.55.39.39 - - [24/Nov/2022:02:23:54 -0500] "GET /BLA/resoluciones/index.php?dir=AUTOS+2019%2F HTTP/1.1" 200 349340
201.245.192.253 - - [24/Nov/2022:02:25:02 -0500] "POST /kwsrmcab/Wsrmcab  HTTP/1.1" 200 42393
157.55.39.39 - - [24/Nov/2022:02:26:15 -0500] "GET /BLA/resoluciones/index.php?dir=AUTOS+2018%2F HTTP/1.1" 200 441328
172.22.2.4 - - [24/Nov/2022:02:25:27 -0500] "HEAD /BLA/boletinlegal/ HTTP/1.1" 200 -
172.22.2.4 - - [24/Nov/2022:02:26:18 -0500] "GET /BLA/boletinlegal/ HTTP/1.1" 200 55680
216.245.221.92 - - [24/Nov/2022:02:28:41 -0500] "HEAD / HTTP/1.1" 200 -
207.46.13.194 - - [24/Nov/2022:02:28:55 -0500] "GET /bla/resoluciones/resoluciones%202020/2599.pdf HTTP/1.1" 200 408928
201.245.192.253 - - [24/Nov/2022:02:30:00 -0500] "POST /kwsrmcab/Wsrmcab  HTTP/1.1" 200 42393
201.245.192.253 - - [24/Nov/2022:02:30:43 -0500] "POST /kwsrmcab/Wsrmcab HTTP/1.1" 200 43019
201.245.192.253 - - [24/Nov/2022:02:30:46 -0500] "POST /kwsrmcab/Wsrmcab HTTP/1.1" 200 43524
172.22.2.4 - - [24/Nov/2022:02:31:25 -0500] "GET /BLA/boletinlegal/Directivas/2009/Directiva%20No.%20del%2023%20de%20Diciembre%20de%202009.pdf HTTP/1.1" 304 -
172.22.2.4 - - [24/Nov/2022:02:31:31 -0500] "GET /BLA/boletinlegal/Circulares/2018/CIRCULAR%20COJUNTA%20042%20DE%202018.pdf HTTP/1.1" 304 -
172.22.2.4 - - [24/Nov/2022:02:32:53 -0500] "GET /BLA/boletinlegal/Circulares/2020/Circular%2000010%20del%2027%20de%20julio%20de%202020.pdf HTTP/1.1" 304 -
172.22.2.4 - - [24/Nov/2022:02:31:17 -0500] "HEAD /BLA/boletinlegal/ HTTP/1.1" 200 -
40.77.167.58 - - [24/Nov/2022:02:33:27 -0500] "GET / HTTP/1.1" 200 319
216.245.221.92 - - [24/Nov/2022:02:33:41 -0500] "HEAD / HTTP/1.1" 200 -
172.22.2.4 - - [24/Nov/2022:02:32:08 -0500] "GET /BLA/boletinlegal/ HTTP/1.1" 200 54100
201.245.192.253 - - [24/Nov/2022:02:34:59 -0500] "POST /kwsrmcab/Wsrmcab  HTTP/1.1" 200 42393
216.245.221.92 - - [24/Nov/2022:02:38:41 -0500] "HEAD / HTTP/1.1" 200 -
172.22.2.4 - - [24/Nov/2022:02:37:07 -0500] "HEAD /BLA/boletinlegal/ HTTP/1.1" 200 -
172.22.2.4 - - [24/Nov/2022:02:37:58 -0500] "GET /BLA/boletinlegal/ HTTP/1.1" 200 57824
201.245.192.253 - - [24/Nov/2022:02:39:59 -0500] "POST /kwsrmcab/Wsrmcab  HTTP/1.1" 200 42393
201.245.192.253 - - [24/Nov/2022:02:40:42 -0500] "POST /kwsrmcab/Wsrmcab HTTP/1.1" 200 43019
201.245.192.253 - - [24/Nov/2022:02:40:45 -0500] "POST /kwsrmcab/Wsrmcab HTTP/1.1" 200 43524
66.249.73.100 - - [24/Nov/2022:02:41:09 -0500] "-" 408 -
51.255.62.7 - - [24/Nov/2022:02:43:20 -0500] "GET /Autoliquidacion/ HTTP/1.1" 200 6629
51.255.62.1 - - [24/Nov/2022:02:43:20 -0500] "GET /catalogoisis/ HTTP/1.1" 200 8575
216.245.221.92 - - [24/Nov/2022:02:43:41 -0500] "HEAD / HTTP/1.1" 200 -
51.255.62.14 - - [24/Nov/2022:02:43:20 -0500] "GET /BLA/boletinlegal/ HTTP/1.1" 200 20427
172.22.2.4 - - [24/Nov/2022:02:42:57 -0500] "HEAD /BLA/boletinlegal/ HTTP/1.1" 200 -
201.245.192.253 - - [24/Nov/2022:02:44:58 -0500] "POST /kwsrmcab/Wsrmcab  HTTP/1.1" 200 42393
172.22.2.4 - - [24/Nov/2022:02:43:48 -0500] "GET /BLA/boletinlegal/ HTTP/1.1" 200 59779
69.171.249.23 - - [24/Nov/2022:02:47:19 -0500] "GET /images/Acuerdos%2001%20(1)%20(1).jpeg HTTP/1.1" 200 32884
216.245.221.92 - - [24/Nov/2022:02:48:41 -0500] "HEAD / HTTP/1.1" 200 -
190.156.185.197 - - [24/Nov/2022:02:49:37 -0500] "GET /BLA/resoluciones/AUTOS%202022/4969.pdf HTTP/1.1" 200 499360
201.245.192.253 - - [24/Nov/2022:02:49:57 -0500] "POST /kwsrmcab/Wsrmcab  HTTP/1.1" 200 42393
172.22.2.4 - - [24/Nov/2022:02:48:47 -0500] "HEAD /BLA/boletinlegal/ HTTP/1.1" 200 -
172.22.2.4 - - [24/Nov/2022:02:49:38 -0500] "GET /BLA/boletinlegal/ HTTP/1.1" 200 57824
172.22.2.4 - - [24/Nov/2022:02:52:19 -0500] "GET /BLA/boletinlegal/ HTTP/1.1" 200 36811
216.245.221.92 - - [24/Nov/2022:02:53:41 -0500] "HEAD / HTTP/1.1" 200 -
201.245.192.253 - - [24/Nov/2022:02:54:56 -0500] "POST /kwsrmcab/Wsrmcab  HTTP/1.1" 200 42393
172.22.2.4 - - [24/Nov/2022:02:53:19 -0500] "GET /BLA/boletinlegal/ HTTP/1.1" 200 61323
172.22.2.4 - - [24/Nov/2022:02:54:37 -0500] "HEAD /BLA/boletinlegal/ HTTP/1.1" 200 -
172.22.2.4 - - [24/Nov/2022:02:55:28 -0500] "GET /BLA/boletinlegal/ HTTP/1.1" 200 56474
141.255.166.2 - - [24/Nov/2022:02:57:55 -0500] "GET / HTTP/1.1" 200 319
172.22.2.4 - - [24/Nov/2022:02:57:16 -0500] "GET /BLA/boletinlegal/ HTTP/1.1" 200 32715
216.245.221.92 - - [24/Nov/2022:02:58:41 -0500] "HEAD / HTTP/1.1" 200 -
40.77.167.13 - - [24/Nov/2022:02:59:03 -0500] "GET /bla/resoluciones/resoluciones%202022/3457.pdf HTTP/1.1" 200 1642293
201.245.192.253 - - [24/Nov/2022:02:59:56 -0500] "POST /kwsrmcab/Wsrmcab  HTTP/1.1" 200 42393
157.55.39.39 - - [24/Nov/2022:03:00:50 -0500] "GET /bla/resoluciones/resoluciones%202021/3232.pdf HTTP/1.1" 200 725600
172.22.2.4 - - [24/Nov/2022:03:00:27 -0500] "HEAD /BLA/boletinlegal/ HTTP/1.1" 200 -
172.22.2.4 - - [24/Nov/2022:03:01:18 -0500] "GET /BLA/boletinlegal/ HTTP/1.1" 200 52453
157.55.39.39 - - [24/Nov/2022:03:03:32 -0500] "GET /BLA/resoluciones/index.php?dir=AUTOS+2019%2F HTTP/1.1" 200 349340
216.245.221.92 - - [24/Nov/2022:03:03:41 -0500] "HEAD / HTTP/1.1" 200 -
201.245.192.253 - - [24/Nov/2022:03:04:54 -0500] "POST /kwsrmcab/Wsrmcab  HTTP/1.1" 200 42393
95.217.145.45 - - [24/Nov/2022:03:06:34 -0500] "-" 408 -
95.217.145.45 - - [24/Nov/2022:03:06:34 -0500] "-" 408 -
95.217.144.245 - - [24/Nov/2022:03:06:39 -0500] "-" 408 -
95.217.144.245 - - [24/Nov/2022:03:06:39 -0500] "-" 408 -
95.217.145.45 - - [24/Nov/2022:03:06:40 -0500] "-" 408 -
95.217.145.45 - - [24/Nov/2022:03:06:40 -0500] "-" 408 -
95.217.145.45 - - [24/Nov/2022:03:06:40 -0500] "-" 408 -
95.217.144.245 - - [24/Nov/2022:03:06:44 -0500] "-" 408 -
95.217.144.245 - - [24/Nov/2022:03:06:54 -0500] "-" 408 -
172.22.2.4 - - [24/Nov/2022:03:06:17 -0500] "HEAD /BLA/boletinlegal/ HTTP/1.1" 200 -
216.245.221.92 - - [24/Nov/2022:03:08:41 -0500] "HEAD / HTTP/1.1" 200 -
172.22.2.4 - - [24/Nov/2022:03:07:07 -0500] "GET /BLA/boletinlegal/ HTTP/1.1" 200 58185
201.245.192.253 - - [24/Nov/2022:03:09:54 -0500] "POST /kwsrmcab/Wsrmcab  HTTP/1.1" 200 42393
141.105.66.212 - - [24/Nov/2022:03:12:28 -0500] "-" 408 -
172.22.2.4 - - [24/Nov/2022:03:11:53 -0500] "GET /BLA/boletinlegal/ HTTP/1.1" 200 54100
216.245.221.92 - - [24/Nov/2022:03:13:41 -0500] "HEAD / HTTP/1.1" 200 -
172.22.2.4 - - [24/Nov/2022:03:12:08 -0500] "HEAD /BLA/boletinlegal/ HTTP/1.1" 200 -
172.22.2.4 - - [24/Nov/2022:03:13:53 -0500] "GET /BLA/boletinlegal/js/jquery.scrollShow.js HTTP/1.1" 200 4586
172.22.2.4 - - [24/Nov/2022:03:13:53 -0500] "GET /BLA/boletinlegal/js/jquery.scrollTo-min.js HTTP/1.1" 200 1150
172.22.2.4 - - [24/Nov/2022:03:12:58 -0500] "GET /BLA/boletinlegal/ HTTP/1.1" 200 56079
201.245.192.253 - - [24/Nov/2022:03:14:52 -0500] "POST /kwsrmcab/Wsrmcab  HTTP/1.1" 200 42393
172.22.2.4 - - [24/Nov/2022:03:14:58 -0500] "GET /BLA/boletinlegal/CSS/Miniweb.css HTTP/1.1" 404 1043
172.22.2.4 - - [24/Nov/2022:03:14:58 -0500] "POST /BLA/boletinlegal/sdk HTTP/1.1" 404 1043
172.22.2.4 - - [24/Nov/2022:03:14:58 -0500] "GET /BLA/boletinlegal/Portal/Portal.mwsl HTTP/1.1" 404 1043
172.22.2.4 - - [24/Nov/2022:03:14:58 -0500] "GET /BLA/boletinlegal/4dtP HTTP/1.1" 404 1043
172.22.2.4 - - [24/Nov/2022:03:14:58 -0500] "GET /BLA/boletinlegal/localstart.jsp HTTP/1.1" 404 1043
172.22.2.4 - - [24/Nov/2022:03:14:58 -0500] "GET /BLA/boletinlegal/Portal0000.htm HTTP/1.1" 404 1043
172.22.2.4 - - [24/Nov/2022:03:14:58 -0500] "GET /BLA/boletinlegal/nmaplowercheck1669277598 HTTP/1.1" 404 1043
172.22.2.4 - - [24/Nov/2022:03:14:59 -0500] "GET /BLA/boletinlegal/docs/cplugError.html/ HTTP/1.1" 404 1043
172.22.2.4 - - [24/Nov/2022:03:14:59 -0500] "GET /BLA/boletinlegal/home.cfm HTTP/1.1" 404 1043
172.22.2.4 - - [24/Nov/2022:03:14:59 -0500] "GET /BLA/boletinlegal/__Additional HTTP/1.1" 404 1043
172.22.2.4 - - [24/Nov/2022:03:14:59 -0500] "POST /BLA/boletinlegal/scripts/WPnBr.dll HTTP/1.1" 404 1043
172.22.2.4 - - [24/Nov/2022:03:14:59 -0500] "GET /BLA/boletinlegal/pools/default/buckets HTTP/1.1" 404 1043
172.22.2.4 - - [24/Nov/2022:03:14:59 -0500] "GET /BLA/boletinlegal/.git/HEAD HTTP/1.1" 404 1043
172.22.2.4 - - [24/Nov/2022:03:14:59 -0500] "GET /BLA/boletinlegal/HNAP1 HTTP/1.1" 404 1043
172.22.2.4 - - [24/Nov/2022:03:14:59 -0500] "GET /BLA/boletinlegal/main.cfm HTTP/1.1" 404 1043
172.22.2.4 - - [24/Nov/2022:03:15:00 -0500] "GET /BLA/boletinlegal/pools HTTP/1.1" 404 1043
172.22.2.4 - - [24/Nov/2022:03:15:00 -0500] "GET /BLA/boletinlegal/index.cgi HTTP/1.1" 404 1043
172.22.2.4 - - [24/Nov/2022:03:15:01 -0500] "GET /BLA/boletinlegal/indice.pl HTTP/1.1" 404 1043
172.22.2.4 - - [24/Nov/2022:03:15:02 -0500] "GET /BLA/boletinlegal/menu.asp HTTP/1.1" 404 1043
172.22.2.4 - - [24/Nov/2022:03:15:03 -0500] "GET /BLA/boletinlegal/readme.txt HTTP/1.1" 404 1043
172.22.2.4 - - [24/Nov/2022:03:15:04 -0500] "GET /BLA/boletinlegal/start.cgi HTTP/1.1" 404 1043
172.22.2.4 - - [24/Nov/2022:03:15:05 -0500] "GET /BLA/boletinlegal/indice.shtml HTTP/1.1" 404 1043
172.22.2.4 - - [24/Nov/2022:03:15:05 -0500] "GET /BLA/boletinlegal/menu.shtml HTTP/1.1" 404 1043
172.22.2.4 - - [24/Nov/2022:03:15:06 -0500] "GET /BLA/boletinlegal/start.html HTTP/1.1" 404 1043
172.22.2.4 - - [24/Nov/2022:03:15:07 -0500] "GET /BLA/boletinlegal/localstart.php HTTP/1.1" 404 1043
172.22.2.4 - - [24/Nov/2022:03:15:49 -0500] "GET /BLA/boletinlegal/Circulares/2012/Circular%20No.%2014%20del%2011%20de%20Septiembre%20de%202012.pdf HTTP/1.1" 304 -
172.22.2.4 - - [24/Nov/2022:03:15:08 -0500] "GET /BLA/boletinlegal/ HTTP/1.1" 200 20427
172.22.2.4 - - [24/Nov/2022:03:15:09 -0500] "GET /BLA/boletinlegal/ HTTP/1.1" 200 20427
172.22.2.4 - - [24/Nov/2022:03:14:57 -0500] "GET /BLA/boletinlegal/ HTTP/1.1" 200 20427
172.22.2.4 - - [24/Nov/2022:03:15:07 -0500] "GET /BLA/boletinlegal/?=PHPB8B5F2A0-3C92-11d3-A3A9-4C7B08C10000 HTTP/1.1" 200 20427
172.22.2.4 - - [24/Nov/2022:03:14:59 -0500] "GET /BLA/boletinlegal/ HTTP/1.1" 200 24523
172.22.2.4 - - [24/Nov/2022:03:14:58 -0500] "GET /BLA/boletinlegal/ HTTP/1.1" 200 28193
172.22.2.4 - - [24/Nov/2022:03:14:58 -0500] "GET /BLA/boletinlegal/ HTTP/1.1" 200 25656
172.22.2.4 - - [24/Nov/2022:03:14:59 -0500] "GET /BLA/boletinlegal/?=PHPE9568F36-D428-11d2-A769-00AA001ACF42 HTTP/1.1" 200 24523
172.22.2.4 - - [24/Nov/2022:03:15:06 -0500] "GET /BLA/boletinlegal/ HTTP/1.1" 200 24523
173.252.127.16 - - [24/Nov/2022:03:17:05 -0500] "GET /images/Musgo%20SDA%20(1)%20(1).png HTTP/1.1" 200 302122
173.252.127.23 - - [24/Nov/2022:03:17:05 -0500] "GET /images/Acuerdos%2001%20(1)%20(1).jpeg HTTP/1.1" 200 32884
173.252.127.3 - - [24/Nov/2022:03:17:24 -0500] "GET /images/Reciclaton%20Nov%202022%20(1)%20(1).jpeg HTTP/1.1" 200 53811
216.245.221.92 - - [24/Nov/2022:03:18:41 -0500] "HEAD / HTTP/1.1" 200 -
40.77.167.13 - - [24/Nov/2022:03:19:15 -0500] "GET /bla/resoluciones/resoluciones%202021/5245.pdf HTTP/1.1" 200 383371
172.22.2.4 - - [24/Nov/2022:03:18:09 -0500] "GET /BLA/boletinlegal/ HTTP/1.1" 200 32715
157.55.39.206 - - [24/Nov/2022:03:19:19 -0500] "GET /sipse/faces/autenticacion.xhtml HTTP/1.1" 200 12504
190.156.185.197 - - [24/Nov/2022:03:19:23 -0500] "GET /BLA/resoluciones/AUTOS%202022/4953.pdf HTTP/1.1" 200 368211
190.156.185.197 - - [24/Nov/2022:03:19:36 -0500] "GET /BLA/resoluciones/AUTOS%202022/4994.pdf HTTP/1.1" 200 497646
172.22.2.4 - - [24/Nov/2022:03:17:57 -0500] "HEAD /BLA/boletinlegal/ HTTP/1.1" 200 -
201.245.192.253 - - [24/Nov/2022:03:19:51 -0500] "POST /kwsrmcab/Wsrmcab  HTTP/1.1" 200 42393
172.22.2.4 - - [24/Nov/2022:03:18:48 -0500] "GET /BLA/boletinlegal/ HTTP/1.1" 200 53739
201.245.192.253 - - [24/Nov/2022:03:20:42 -0500] "POST /kwsrmcab/Wsrmcab HTTP/1.1" 200 43004
201.245.192.253 - - [24/Nov/2022:03:20:45 -0500] "POST /kwsrmcab/Wsrmcab HTTP/1.1" 200 43504
157.55.39.206 - - [24/Nov/2022:03:22:28 -0500] "GET /BLA/resoluciones/RESOLUCIONES%202021/3872.pdf HTTP/1.1" 200 727982
216.245.221.92 - - [24/Nov/2022:03:23:41 -0500] "HEAD / HTTP/1.1" 200 -
201.245.192.253 - - [24/Nov/2022:03:24:50 -0500] "POST /kwsrmcab/Wsrmcab  HTTP/1.1" 200 42393
172.22.2.4 - - [24/Nov/2022:03:23:47 -0500] "HEAD /BLA/boletinlegal/ HTTP/1.1" 200 -
172.22.2.4 - - [24/Nov/2022:03:24:38 -0500] "GET /BLA/boletinlegal/ HTTP/1.1" 200 59035
216.245.221.92 - - [24/Nov/2022:03:28:41 -0500] "HEAD / HTTP/1.1" 200 -
172.22.2.4 - - [24/Nov/2022:03:29:43 -0500] "GET /BLA/boletinlegal/style.css HTTP/1.1" 200 9406
172.22.2.4 - - [24/Nov/2022:03:29:43 -0500] "GET /BLA/boletinlegal/styles2.css HTTP/1.1" 200 1838
172.22.2.4 - - [24/Nov/2022:03:29:43 -0500] "GET /BLA/boletinlegal/js/jquery.js HTTP/1.1" 200 57254
201.245.192.253 - - [24/Nov/2022:03:29:48 -0500] "POST /kwsrmcab/Wsrmcab  HTTP/1.1" 200 42393
201.245.192.253 - - [24/Nov/2022:03:30:43 -0500] "POST /kwsrmcab/Wsrmcab HTTP/1.1" 200 43004
201.245.192.253 - - [24/Nov/2022:03:30:45 -0500] "POST /kwsrmcab/Wsrmcab HTTP/1.1" 200 43504
106.75.181.117 - - [24/Nov/2022:03:30:49 -0500] "GET / HTTP/1.1" 200 319
106.75.181.117 - - [24/Nov/2022:03:30:50 -0500] "GET /favicon.ico HTTP/1.1" 200 7782
172.22.2.4 - - [24/Nov/2022:03:29:37 -0500] "HEAD /BLA/boletinlegal/ HTTP/1.1" 200 -
172.22.2.4 - - [24/Nov/2022:03:30:27 -0500] "GET /BLA/boletinlegal/ HTTP/1.1" 200 58185
216.245.221.92 - - [24/Nov/2022:03:33:41 -0500] "HEAD / HTTP/1.1" 200 -
172.22.2.4 - - [24/Nov/2022:03:34:41 -0500] "GET /BLA/boletinlegal/actuator/health HTTP/1.1" 404 1018
201.245.192.253 - - [24/Nov/2022:03:34:47 -0500] "POST /kwsrmcab/Wsrmcab  HTTP/1.1" 200 42393
13.66.139.8 - - [24/Nov/2022:03:35:19 -0500] "GET /Publicaciones/2022EE30163.pdf HTTP/1.1" 404 227
172.22.2.4 - - [24/Nov/2022:03:35:27 -0500] "HEAD /BLA/boletinlegal/ HTTP/1.1" 200 -
172.22.2.4 - - [24/Nov/2022:03:36:17 -0500] "GET /BLA/boletinlegal/ HTTP/1.1" 200 57824
216.245.221.92 - - [24/Nov/2022:03:38:41 -0500] "HEAD / HTTP/1.1" 200 -
201.245.192.253 - - [24/Nov/2022:03:39:46 -0500] "POST /kwsrmcab/Wsrmcab  HTTP/1.1" 200 42393
201.245.192.253 - - [24/Nov/2022:03:40:42 -0500] "POST /kwsrmcab/Wsrmcab HTTP/1.1" 200 43004
201.245.192.253 - - [24/Nov/2022:03:40:45 -0500] "POST /kwsrmcab/Wsrmcab HTTP/1.1" 200 43504
172.22.2.4 - - [24/Nov/2022:03:41:17 -0500] "HEAD /BLA/boletinlegal/ HTTP/1.1" 200 -
157.55.39.39 - - [24/Nov/2022:03:43:31 -0500] "GET /BLA/resoluciones/index.php?dir=AUTOS+2019%2F HTTP/1.1" 200 349340
216.245.221.92 - - [24/Nov/2022:03:43:41 -0500] "HEAD / HTTP/1.1" 200 -
172.22.2.4 - - [24/Nov/2022:03:42:07 -0500] "GET /BLA/boletinlegal/ HTTP/1.1" 200 59779
201.245.192.253 - - [24/Nov/2022:03:44:45 -0500] "POST /kwsrmcab/Wsrmcab  HTTP/1.1" 200 42393
216.245.221.92 - - [24/Nov/2022:03:48:41 -0500] "HEAD / HTTP/1.1" 200 -
172.22.2.4 - - [24/Nov/2022:03:47:07 -0500] "HEAD /BLA/boletinlegal/ HTTP/1.1" 200 -
69.171.231.2 - - [24/Nov/2022:03:49:21 -0500] "GET /semana-ecoempresarial-herramientas-para-que-el-sector-economico-de-bogota-pueda-tener-un-crecimiento-verde.html HTTP/1.1" 206 918
172.22.2.4 - - [24/Nov/2022:03:47:57 -0500] "GET /BLA/boletinlegal/ HTTP/1.1" 200 58185
201.245.192.253 - - [24/Nov/2022:03:49:45 -0500] "POST /kwsrmcab/Wsrmcab  HTTP/1.1" 200 42393
207.46.13.56 - - [24/Nov/2022:03:51:47 -0500] "GET /si-tienes-entre-14-y-25-anos-y-quieres-participar-inscribete-a-la-convocatoria-de-lideres-juveniles-para-la-cumbre-de-alcaldes-c40-2022.html HTTP/1.1" 200 1141
207.46.13.104 - - [24/Nov/2022:03:51:57 -0500] "GET /guadalupe-aguanoso-y-otros-tres-caminos-de-los-cerros-estarin-cerrados-este-fin-de-semana.html HTTP/1.1" 200 797
207.46.13.120 - - [24/Nov/2022:03:52:02 -0500] "GET /con-participacion-bogota-avanza-en-la-construccion-de-la-politica-publica-de-accion-climatica-2050.html HTTP/1.1" 200 806
207.46.13.120 - - [24/Nov/2022:03:52:02 -0500] "GET /participa-en-la-cuarta-convocatoria-de-sembradoras-por-la-reactivaccion.html HTTP/1.1" 200 757
190.156.185.197 - - [24/Nov/2022:03:52:27 -0500] "GET /BLA/resoluciones/AUTOS%202022/5027.pdf HTTP/1.1" 200 556439
46.101.170.177 - - [24/Nov/2022:03:53:06 -0500] "HEAD / HTTP/1.0" 200 -
46.101.170.177 - - [24/Nov/2022:03:53:08 -0500] "GET /system_api.php HTTP/1.1" 404 1018
46.101.170.177 - - [24/Nov/2022:03:53:11 -0500] "GET /c/version.js HTTP/1.1" 404 1018
46.101.170.177 - - [24/Nov/2022:03:53:14 -0500] "GET /streaming/clients_live.php HTTP/1.1" 404 1018
46.101.170.177 - - [24/Nov/2022:03:53:17 -0500] "GET /stalker_portal/c/version.js HTTP/1.1" 404 1018
46.101.170.177 - - [24/Nov/2022:03:53:20 -0500] "GET /stream/live.php HTTP/1.1" 404 1018
207.46.13.194 - - [24/Nov/2022:03:53:23 -0500] "GET /BLA/resoluciones/AUTOS%202022/2177.pdf HTTP/1.1" 304 -
46.101.170.177 - - [24/Nov/2022:03:53:23 -0500] "GET /flu/403.html HTTP/1.1" 404 1018
46.101.170.177 - - [24/Nov/2022:03:53:26 -0500] "GET / HTTP/1.1" 200 319
216.245.221.92 - - [24/Nov/2022:03:53:41 -0500] "HEAD / HTTP/1.1" 200 -
72.251.235.152 - - [24/Nov/2022:03:54:04 -0500] "GET /myasterisk/admin/config.php HTTP/1.0" 404 1018
172.22.2.4 - - [24/Nov/2022:03:52:57 -0500] "HEAD /BLA/boletinlegal/ HTTP/1.1" 200 -
40.77.167.13 - - [24/Nov/2022:03:54:38 -0500] "GET / HTTP/1.1" 200 4720
201.245.192.253 - - [24/Nov/2022:03:54:44 -0500] "POST /kwsrmcab/Wsrmcab  HTTP/1.1" 200 42393
172.22.2.4 - - [24/Nov/2022:03:53:47 -0500] "GET /BLA/boletinlegal/ HTTP/1.1" 200 57824
216.245.221.92 - - [24/Nov/2022:03:58:41 -0500] "HEAD / HTTP/1.1" 200 -
172.22.2.4 - - [24/Nov/2022:03:59:20 -0500] "GET /BLA/boletinlegal/actuator/gateway/routes HTTP/1.1" 404 1018
201.245.192.253 - - [24/Nov/2022:03:59:43 -0500] "POST /kwsrmcab/Wsrmcab  HTTP/1.1" 200 42393
172.22.2.4 - - [24/Nov/2022:03:58:47 -0500] "HEAD /BLA/boletinlegal/ HTTP/1.1" 200 -
