200.118.64.109 - - [24/Nov/2022:11:13:50 -0500] "POST /forms/lservlet;jsessionid=ac16012b30d6653ef779097d42b8a008a839b76681ea.e3iSbxaKaheRe34QaxmPaNuMbNb0n6jAmljGr5XDqQLvpAe HTTP/1.1" 200 2
201.245.192.253 - - [24/Nov/2022:11:13:53 -0500] "GET /sipse/faces/faces/faces/autenticacion HTTP/1.1" 302 -
201.245.192.253 - - [24/Nov/2022:11:13:53 -0500] "GET /sipse/faces/autenticacion.xhtml HTTP/1.1" 200 12182
201.245.192.253 - - [24/Nov/2022:11:13:53 -0500] "GET /sipse/faces/javax.faces.resource/theme.css?ln=primefaces-sipse HTTP/1.1" 304 -
201.245.192.253 - - [24/Nov/2022:11:13:53 -0500] "GET /sipse/faces/javax.faces.resource/layout/layout.css?ln=primefaces&v=4.0 HTTP/1.1" 200 542
201.245.192.253 - - [24/Nov/2022:11:13:53 -0500] "GET /sipse/faces/javax.faces.resource/primefaces.js?ln=primefaces&v=4.0 HTTP/1.1" 304 -
201.245.192.253 - - [24/Nov/2022:11:13:53 -0500] "GET /sipse/faces/javax.faces.resource/jquery/jquery-plugins.js?ln=primefaces&v=4.0 HTTP/1.1" 304 -
201.245.192.253 - - [24/Nov/2022:11:13:53 -0500] "GET /sipse/faces/javax.faces.resource/jquery/jquery.js?ln=primefaces&v=4.0 HTTP/1.1" 304 -
201.245.192.253 - - [24/Nov/2022:11:13:53 -0500] "GET /sipse/faces/javax.faces.resource/layout/layout.js?ln=primefaces&v=4.0 HTTP/1.1" 304 -
201.245.192.253 - - [24/Nov/2022:11:13:53 -0500] "GET /sipse/faces/javax.faces.resource/primefaces.css?ln=primefaces&v=4.0 HTTP/1.1" 200 53295
201.245.192.253 - - [24/Nov/2022:11:13:53 -0500] "GET /sipse/faces/javax.faces.resource/images/ui-icons_898989_256x240.png?ln=primefaces-aristo HTTP/1.1" 200 5355
179.32.0.91 - - [24/Nov/2022:11:14:05 -0500] "GET /BLA/resoluciones/index.php?dir=RESOLUCIONES+2019%2F HTTP/1.1" 200 248301
200.118.64.109 - - [24/Nov/2022:11:14:09 -0500] "POST /forms/lservlet;jsessionid=ac16012b30d6653ef779097d42b8a008a839b76681ea.e3iSbxaKaheRe34QaxmPaNuMbNb0n6jAmljGr5XDqQLvpAe HTTP/1.1" 200 101
200.118.64.109 - - [24/Nov/2022:11:14:11 -0500] "POST /forms/lservlet;jsessionid=ac16012b30d6653ef779097d42b8a008a839b76681ea.e3iSbxaKaheRe34QaxmPaNuMbNb0n6jAmljGr5XDqQLvpAe HTTP/1.1" 200 1500
200.118.64.109 - - [24/Nov/2022:11:14:11 -0500] "POST /forms/lservlet;jsessionid=ac16012b30d6653ef779097d42b8a008a839b76681ea.e3iSbxaKaheRe34QaxmPaNuMbNb0n6jAmljGr5XDqQLvpAe HTTP/1.1" 200 2
200.118.64.109 - - [24/Nov/2022:11:14:11 -0500] "POST /forms/lservlet;jsessionid=ac16012b30d6653ef779097d42b8a008a839b76681ea.e3iSbxaKaheRe34QaxmPaNuMbNb0n6jAmljGr5XDqQLvpAe HTTP/1.1" 200 2
186.80.174.201 - - [24/Nov/2022:11:14:11 -0500] "POST /sipse/faces/presentacion/financiero/solicitudProceso/listarSolicitudProceso.xhtml HTTP/1.1" 200 59035
186.80.174.201 - - [24/Nov/2022:11:14:12 -0500] "GET /sipse/faces/javax.faces.resource/jquery/jquery.js?ln=primefaces&v=4.0 HTTP/1.1" 304 -
186.80.174.201 - - [24/Nov/2022:11:14:12 -0500] "GET /sipse/faces/javax.faces.resource/jquery/jquery-plugins.js?ln=primefaces&v=4.0 HTTP/1.1" 304 -
186.80.174.201 - - [24/Nov/2022:11:14:12 -0500] "GET /sipse/faces/javax.faces.resource/primefaces.js?ln=primefaces&v=4.0 HTTP/1.1" 304 -
186.80.174.201 - - [24/Nov/2022:11:14:12 -0500] "GET /sipse/faces/javax.faces.resource/layout/layout.js?ln=primefaces&v=4.0 HTTP/1.1" 304 -
18.207.158.201 - - [24/Nov/2022:11:14:14 -0500] "-" 408 -
186.80.174.201 - - [24/Nov/2022:11:14:21 -0500] "POST /sipse/faces/presentacion/financiero/solicitudProceso/crearModificarSolicitudProceso.xhtml HTTP/1.1" 200 27321
186.80.174.201 - - [24/Nov/2022:11:14:24 -0500] "POST /sipse/faces/presentacion/financiero/solicitudProceso/crearModificarSolicitudProceso.xhtml HTTP/1.1" 200 65180
186.80.174.201 - - [24/Nov/2022:11:14:24 -0500] "GET /sipse/faces/javax.faces.resource/jquery/jquery.js?ln=primefaces&v=4.0 HTTP/1.1" 304 -
186.80.174.201 - - [24/Nov/2022:11:14:24 -0500] "GET /sipse/faces/javax.faces.resource/jquery/jquery-plugins.js?ln=primefaces&v=4.0 HTTP/1.1" 304 -
186.80.174.201 - - [24/Nov/2022:11:14:24 -0500] "GET /sipse/faces/javax.faces.resource/primefaces.js?ln=primefaces&v=4.0 HTTP/1.1" 304 -
186.80.174.201 - - [24/Nov/2022:11:14:24 -0500] "GET /sipse/faces/javax.faces.resource/layout/layout.js?ln=primefaces&v=4.0 HTTP/1.1" 304 -
186.80.174.201 - - [24/Nov/2022:11:14:24 -0500] "POST /sipse/faces/presentacion/financiero/solicitudProceso/listarSolicitudProceso.xhtml HTTP/1.1" 200 58561
186.80.174.201 - - [24/Nov/2022:11:14:24 -0500] "POST /sipse/faces/presentacion/financiero/solicitudProceso/listarSolicitudProceso.xhtml HTTP/1.1" 200 58561
186.80.174.201 - - [24/Nov/2022:11:14:25 -0500] "POST /sipse/faces/presentacion/financiero/solicitudProceso/listarSolicitudProceso.xhtml HTTP/1.1" 200 1560
186.80.174.201 - - [24/Nov/2022:11:14:25 -0500] "POST /sipse/faces/presentacion/financiero/solicitudProceso/listarSolicitudProceso.xhtml HTTP/1.1" 200 1564
186.80.174.201 - - [24/Nov/2022:11:14:26 -0500] "POST /sipse/faces/presentacion/financiero/solicitudProceso/listarSolicitudProceso.xhtml HTTP/1.1" 200 1564
186.80.174.201 - - [24/Nov/2022:11:14:27 -0500] "POST /sipse/faces/presentacion/financiero/solicitudProceso/listarSolicitudProceso.xhtml HTTP/1.1" 200 59035
186.80.174.201 - - [24/Nov/2022:11:14:28 -0500] "GET /sipse/faces/javax.faces.resource/jquery/jquery.js?ln=primefaces&v=4.0 HTTP/1.1" 304 -
186.80.174.201 - - [24/Nov/2022:11:14:28 -0500] "GET /sipse/faces/javax.faces.resource/jquery/jquery-plugins.js?ln=primefaces&v=4.0 HTTP/1.1" 304 -
186.80.174.201 - - [24/Nov/2022:11:14:28 -0500] "GET /sipse/faces/javax.faces.resource/primefaces.js?ln=primefaces&v=4.0 HTTP/1.1" 304 -
186.80.174.201 - - [24/Nov/2022:11:14:28 -0500] "GET /sipse/faces/javax.faces.resource/layout/layout.js?ln=primefaces&v=4.0 HTTP/1.1" 304 -
201.245.192.253 - - [24/Nov/2022:11:14:28 -0500] "POST /sipsesda/faces/vista/administracion/funcionario/registrarFuncionario.jspx?_afPfm=1 HTTP/1.1" 200 38043
201.245.192.253 - - [24/Nov/2022:11:14:29 -0500] "GET /sipsesda/faces/imagenes/vinetaAbajo.gif HTTP/1.1" 200 72
201.245.192.253 - - [24/Nov/2022:11:14:29 -0500] "GET /sipsesda/faces/imagenes/vinetaDerecha.gif HTTP/1.1" 200 107
201.245.192.253 - - [24/Nov/2022:11:14:31 -0500] "POST /sipsesda/faces/vista/administracion/funcionario/listadoFuncionario.jspx HTTP/1.1" 200 20206
186.80.174.201 - - [24/Nov/2022:11:14:31 -0500] "POST /sipse/faces/presentacion/financiero/solicitudProceso/crearModificarSolicitudProceso.xhtml HTTP/1.1" 200 51768
201.245.192.253 - - [24/Nov/2022:11:14:34 -0500] "POST /sipsesda/faces/vista/administracion/funcionario/registrarFuncionario.jspx?_afPfm=2 HTTP/1.1" 200 14757
201.245.192.253 - - [24/Nov/2022:11:14:35 -0500] "POST /sipsesda/faces/vista/administracion/dependenciaFuncionario/registrarDependenciaFuncionario.jspx?_afPfm=2.1 HTTP/1.1" 200 20206
201.245.192.253 - - [24/Nov/2022:11:14:36 -0500] "POST /sipsesda/faces/vista/administracion/funcionario/registrarFuncionario.jspx?_afPfm=2 HTTP/1.1" 200 38043
201.245.192.253 - - [24/Nov/2022:11:14:38 -0500] "POST /sipsesda/faces/vista/administracion/funcionario/listadoFuncionario.jspx HTTP/1.1" 302 201
186.28.163.136 - - [24/Nov/2022:11:14:39 -0500] "GET /forest/ HTTP/1.1" 200 12041
186.80.174.201 - - [24/Nov/2022:11:14:39 -0500] "POST /sipse/faces/presentacion/financiero/solicitudProceso/crearModificarSolicitudProceso.xhtml HTTP/1.1" 200 25133
66.249.69.47 - - [24/Nov/2022:11:14:54 -0500] "-" 408 -
186.80.174.201 - - [24/Nov/2022:11:15:02 -0500] "POST /sipse/faces/presentacion/financiero/solicitudProceso/crearModificarSolicitudProceso.xhtml HTTP/1.1" 200 6287
186.80.174.201 - - [24/Nov/2022:11:15:08 -0500] "POST /sipse/faces/presentacion/financiero/solicitudProceso/crearModificarSolicitudProceso.xhtml HTTP/1.1" 200 9530
200.118.64.109 - - [24/Nov/2022:11:15:14 -0500] "POST /forms/lservlet;jsessionid=ac16012b30d6653ef779097d42b8a008a839b76681ea.e3iSbxaKaheRe34QaxmPaNuMbNb0n6jAmljGr5XDqQLvpAe HTTP/1.1" 200 182
200.118.64.109 - - [24/Nov/2022:11:15:16 -0500] "POST /forms/lservlet;jsessionid=ac16012b30d6653ef779097d42b8a008a839b76681ea.e3iSbxaKaheRe34QaxmPaNuMbNb0n6jAmljGr5XDqQLvpAe HTTP/1.1" 200 7
200.118.64.109 - - [24/Nov/2022:11:15:16 -0500] "POST /forms/lservlet;jsessionid=ac16012b30d6653ef779097d42b8a008a839b76681ea.e3iSbxaKaheRe34QaxmPaNuMbNb0n6jAmljGr5XDqQLvpAe HTTP/1.1" 200 30135
200.118.64.109 - - [24/Nov/2022:11:15:17 -0500] "POST /forms/lservlet;jsessionid=ac16012b30d6653ef779097d42b8a008a839b76681ea.e3iSbxaKaheRe34QaxmPaNuMbNb0n6jAmljGr5XDqQLvpAe HTTP/1.1" 200 7
200.118.64.109 - - [24/Nov/2022:11:15:17 -0500] "POST /forms/lservlet;jsessionid=ac16012b30d6653ef779097d42b8a008a839b76681ea.e3iSbxaKaheRe34QaxmPaNuMbNb0n6jAmljGr5XDqQLvpAe HTTP/1.1" 200 2
200.118.64.109 - - [24/Nov/2022:11:15:17 -0500] "POST /forms/lservlet;jsessionid=ac16012b30d6653ef779097d42b8a008a839b76681ea.e3iSbxaKaheRe34QaxmPaNuMbNb0n6jAmljGr5XDqQLvpAe HTTP/1.1" 200 27
200.118.64.109 - - [24/Nov/2022:11:15:17 -0500] "POST /forms/lservlet;jsessionid=ac16012b30d6653ef779097d42b8a008a839b76681ea.e3iSbxaKaheRe34QaxmPaNuMbNb0n6jAmljGr5XDqQLvpAe HTTP/1.1" 200 2
200.118.64.109 - - [24/Nov/2022:11:15:18 -0500] "POST /forms/lservlet;jsessionid=ac16012b30d6653ef779097d42b8a008a839b76681ea.e3iSbxaKaheRe34QaxmPaNuMbNb0n6jAmljGr5XDqQLvpAe HTTP/1.1" 200 7
200.118.64.109 - - [24/Nov/2022:11:15:21 -0500] "POST /forms/lservlet;jsessionid=ac16012b30d6653ef779097d42b8a008a839b76681ea.e3iSbxaKaheRe34QaxmPaNuMbNb0n6jAmljGr5XDqQLvpAe HTTP/1.1" 200 176
200.118.64.109 - - [24/Nov/2022:11:15:22 -0500] "POST /forms/lservlet;jsessionid=ac16012b30d6653ef779097d42b8a008a839b76681ea.e3iSbxaKaheRe34QaxmPaNuMbNb0n6jAmljGr5XDqQLvpAe HTTP/1.1" 200 2
186.80.174.201 - - [24/Nov/2022:11:15:23 -0500] "POST /sipse/faces/presentacion/financiero/solicitudProceso/crearModificarSolicitudProceso.xhtml HTTP/1.1" 200 7338
181.53.239.166 - - [24/Nov/2022:11:15:28 -0500] "-" 408 -
186.102.70.188 - - [24/Nov/2022:11:15:28 -0500] "GET /kwssiamovil/sm/ldap/au?x=U2FsdGVkX1/7NlIHdZfprY4fI1XU9hJaUHt3l92jS1OT66fDdxKNM5uRCh5Nz8fm&y=U2FsdGVkX1/jkxE5WbTd99/RlYH7GFhUmnGcMrQ+1NhFPfjRxOIGM2fRfO5KjUdw HTTP/1.1" 200 30
186.102.70.188 - - [24/Nov/2022:11:15:29 -0500] "GET /kwssiamovil/sm/acme/s?s=U2FsdGVkX18qXvKZGgUlwKIpY6j1ZS+82bByJkMEJsUvONnHlXkPH0NSW3ub5KopHQXyBP/xhbwagq8beTUCHLrDLv9fSxpN0CktDmZMSIY=&u=U2FsdGVkX19PT4kgbhnaA1/ZyCRKvQ3nzkfFeqPvqqk=&y=U2FsdGVkX1/jkxE5WbTd99/RlYH7GFhUmnGcMrQ+1NhFPfjRxOIGM2fRfO5KjUdw HTTP/1.1" 200 97
186.102.70.188 - - [24/Nov/2022:11:15:29 -0500] "GET /kwssiamovil/sm/acme/s?s=U2FsdGVkX1+RugyXgxzT3DdT6Qcw1KRuJ3BnIxIGdnEfNdWP20xO3WO2rWg41n2vlLovpniFysYGF3UX+OAWLipNhQ/kjIm1dNvR2QzBO+aUkY2Q6KWbCeUZQfCns4wzzAidBbpyyj61ASHatJuXy15yKO6aunN17HZwm7MUjPg57oUxdfy7nXX+dyDG7cwFFH9PcwVhsmzeXaI5DDfbarkwx4hsVXGyxV8fc7g0ier8DRXk5gVMOGseqDhSWP+tmMHUKxdobPOy4qlUlUs619vlc9tzaBIz2NCuwXVl33KtTcQAzy6MLsKux/G1l8io7LLm2X9ZRaTHcIK1S29Eg4oja1ejwd0kfZ753M2gwV7Pcx99TMf4KMMgInfV7Eg4Iaw0EEOnWPaB3wIzJxJB/HF4d3+PaK/TUNh8N+GoiqWf+sONPp53dbJ12H+SY9AYduqntCnk0trOxtaI43OAe8GibHSmCU28bQA4hXYX7LdZjmJGnlXzgTRIDhXRCG8dtL2ShbpFol2+eAAaOV69oLj70O96QE3bqQiZp86h84iZY0OBEMqszhhC+FH9yh8XlF0NaqXdKNyZmx5ywdPjKYzRkE+/4pJ+X6dXaLyTvxr3l4MsfKg4Z5WJPaT9mJgmQcUzRl6yhcsT+4lezaxLxykai9WU3ssnFI+jn0222DAAxGHtp5JJK1d0XsVjStjY3qYg8NWz1bmx9L2mnjZ08YRnErugtHYLPIJtHb3oSr+gLBCiwLRtgGkbl4i6Lzlhj4AOJWSsM33T2RzZBNvOnvyTDRBfuwqFrNwptczELRx8KPKjV3Nsu1vTZSl5sHveKSJcci3hK+Wn0s/LE+czt0Rha4WJ2AiHM5KF+UYv0Sc5gaReK4pT4VcE313PEkdAO3hHDfHjJHu2MVsaJYct2FoXkl/z8EX26AVjIYQUGNcBNbe7XJHilgY/nmZYEbFm3pZcDRyzcoQBNDRMMofZHzOTw559LWWqdpTArZ4JvFuBN/wCsV//x59pyJLUe63ZEVA/46f0NnzStc9Q7J0CpI0wlUhxU4zMCb6OIp2hMYwDStGOuc9sB4MOqcl8P+dgg8GAer04PSy85rBoqrsWGZKpEXp3q6puHBALcSqBcFaBIWqJbAKziZIWhsttOh8Du1UT37uzneHRsmZndPokzWQiBr+nAwq4C2Nd13YuesJj1u5q/I+rBVuJk3RBoHPor7MLdkc+V5L/XRizpETaqa8a/ajz9ny2R4QETg/dmwCtOtl3QzTUFIWg5MY8ioN+c374CjxEcD0119FHZQ8dCXZVsTCsl/0hKaFaEhlrhAnKDRRDGy51N2Ki37vTlVqyMmO02LNx6mpfuONDb+ccOxo638VeWbDxoE6iuDS+eK1I0yhABYdTalg3C3G8yMUC05q4Vjh1AX778jDekxbrqhzc0qvKaCJtt7I9E0Ds2iSqGrQ7Z0Q2YKMCGUBkZL6aQzNWvI2T5zJRKAkK/Y5d0CwWWYQRNVJ5iEJq1WBVI+EPTkUP5Tq3HXJNNR620kJgKNDYpt8qnZvnz3G17q0W9tYFDO2cJkHeuaiN+G9ovh1M4ythkWT/Uw62sVnkhmFisxbzE41+8svAEbhQXjep3S+bRo0vkFfzBe8ilw+l55tmacoMikbZKFnXigmRWrejYzATNRgN+fzS1u3IVKq3Rcg+J1pp866CVUizoHalgJzIOHM/sR2U1jbq9d1tLEfZ4XH6p75IPVuLqNAv6sMsLA6FNVzWB0bn4OhISk56AAA=&u=U2FsdGVkX19PT4kgbhnaA1/ZyCRKvQ3nzkfFeqPvqqk=&y=U2FsdGVkX1/jkxE5WbTd99/RlYH7GFhUmnGcMrQ+1NhFPfjRxOIGM2fRfO5KjUdw HTTP/1.1" 200 731
186.102.70.188 - - [24/Nov/2022:11:15:29 -0500] "GET /kwssiamovil/sm/acme/s?s=U2FsdGVkX18qixPD9wAE1z8+eRpQMRzTho6fAZxD60l/Fv/uIXafv2zpkU7UvuGmLbNzwV4dNVJRPKjybR0/qiuUZ/ya6uNkliQvNgdogjjgOkbh052k5IKVUXnyiKUMPzjrDecGg8F7TpisNODeysTD5w58wxKSt/+JRw7sRLwCn4m5KDmpzDUe1qi0Yj0eWckNnKhAD/oT8VgTTYMEJefzqCBZcNbyXBDNy+SIGERSAtFZJipzKA4K79r8fLNuyaA+XGloKw5lpyfutbwITGW06eQkCRecX7cNTk+llUULc6gEe1tBxofHP1EHMi755q+N8SpKKdIOUsgb+9xex1pTd2Oj7gcfE0r+2pU4Og6Tg5PJ1XhRNqwIYwv5NYTPiHlnkgUQixWUfLTJV2PKjIoWCrwvXdz+ytMfgTZlkk9mPIostsc1L/pBRez4IqKsmHDZpBauIYQDVWp7iBzLWHxrDU+iMeUEylf4I75XtbkFbe7DhvHOUuWFT+DTrRysnNZLYXhmA6z6dm25FppDjbBZXmkF6kZsoc/eCMhpvdaAUeiL+f4gY1TwZ/K7rckA80T/ejlBf/hhfzgc/fevBAEQwE6NndTemwIKh7ZaMrH8ee4517xgHWdFW/Bs6yXN+qM8BHhX53fWJFz0xkz9xVyJy6mQg7fn7IQBpwTI1R8V3cWWbVJ8pn+ESFA2v0wLqc9tLlWTdgpn8dQGom+BZJiM85BitFY2T78UPrP+W292OFv+59VMey97BfEGeLeM&u=U2FsdGVkX19PT4kgbhnaA1/ZyCRKvQ3nzkfFeqPvqqk=&y=U2FsdGVkX1/jkxE5WbTd99/RlYH7GFhUmnGcMrQ+1NhFPfjRxOIGM2fRfO5KjUdw HTTP/1.1" 200 208
186.102.70.188 - - [24/Nov/2022:11:15:29 -0500] "GET /kwssiamovil/sm/cjson/pre?f=1&x=U2FsdGVkX1/7NlIHdZfprY4fI1XU9hJaUHt3l92jS1OT66fDdxKNM5uRCh5Nz8fm HTTP/1.1" 200 30992
200.118.64.109 - - [24/Nov/2022:11:15:41 -0500] "POST /forms/lservlet;jsessionid=ac16012b30d6653ef779097d42b8a008a839b76681ea.e3iSbxaKaheRe34QaxmPaNuMbNb0n6jAmljGr5XDqQLvpAe HTTP/1.1" 200 2
201.245.192.253 - - [24/Nov/2022:11:15:52 -0500] "POST /sipse/faces/presentacion/financiero/solicitudProceso/consultarSolicitudProceso.xhtml HTTP/1.1" 302 -
201.245.192.253 - - [24/Nov/2022:11:15:52 -0500] "GET /sipse/faces/autenticacion.xhtml HTTP/1.1" 200 12182
201.245.192.253 - - [24/Nov/2022:11:15:52 -0500] "GET /sipse/faces/javax.faces.resource/theme.css?ln=primefaces-sipse HTTP/1.1" 304 -
201.245.192.253 - - [24/Nov/2022:11:15:52 -0500] "GET /sipse/faces/javax.faces.resource/primefaces.js?ln=primefaces&v=4.0 HTTP/1.1" 304 -
201.245.192.253 - - [24/Nov/2022:11:15:52 -0500] "GET /sipse/faces/javax.faces.resource/jquery/jquery.js?ln=primefaces&v=4.0 HTTP/1.1" 304 -
201.245.192.253 - - [24/Nov/2022:11:15:52 -0500] "GET /sipse/faces/javax.faces.resource/layout/layout.js?ln=primefaces&v=4.0 HTTP/1.1" 304 -
201.245.192.253 - - [24/Nov/2022:11:15:52 -0500] "GET /sipse/faces/javax.faces.resource/jquery/jquery-plugins.js?ln=primefaces&v=4.0 HTTP/1.1" 304 -
201.245.192.253 - - [24/Nov/2022:11:15:52 -0500] "GET /sipse/faces/javax.faces.resource/layout/layout.css?ln=primefaces&v=4.0 HTTP/1.1" 200 542
201.245.192.253 - - [24/Nov/2022:11:15:52 -0500] "GET /sipse/faces/javax.faces.resource/primefaces.css?ln=primefaces&v=4.0 HTTP/1.1" 200 53295
201.245.192.253 - - [24/Nov/2022:11:15:52 -0500] "GET /sipse/faces/javax.faces.resource/images/ui-icons_898989_256x240.png?ln=primefaces-aristo HTTP/1.1" 200 5355
201.245.192.253 - - [24/Nov/2022:11:15:54 -0500] "POST /sipse/faces/autenticacion.xhtml HTTP/1.1" 200 11824
201.245.192.253 - - [24/Nov/2022:11:15:54 -0500] "GET /sipse/faces/javax.faces.resource/jquery/jquery.js?ln=primefaces&v=4.0 HTTP/1.1" 304 -
201.245.192.253 - - [24/Nov/2022:11:15:54 -0500] "GET /sipse/faces/javax.faces.resource/jquery/jquery-plugins.js?ln=primefaces&v=4.0 HTTP/1.1" 304 -
201.245.192.253 - - [24/Nov/2022:11:15:54 -0500] "GET /sipse/faces/javax.faces.resource/primefaces.js?ln=primefaces&v=4.0 HTTP/1.1" 304 -
201.245.192.253 - - [24/Nov/2022:11:15:55 -0500] "GET /sipse/faces/javax.faces.resource/layout/layout.js?ln=primefaces&v=4.0 HTTP/1.1" 304 -
201.245.192.253 - - [24/Nov/2022:11:15:55 -0500] "GET /sipse/faces/javax.faces.resource/messages/messages.png?ln=primefaces&v=4.0 HTTP/1.1" 200 27209
191.102.196.146 - - [24/Nov/2022:11:15:56 -0500] "GET /kwssiamovil/sm/acme/a?s=U2FsdGVkX18P96vAbDthf3QMHnBZ4dQlYvXJgYXPttWcKCwI16xrQlHYoiUR2DYk3Pd0g04VUt2SabSjKuIczdexAvCx8cPB8kAXDYlU/mYDoQo/UbE4StCq+uSplMUrcWBKFQSW42wQ+HzHJR50hDbxXGNvdSWqPqZF3yUpsebnpQk7Nxvk+1hMjrIi3t1fpjpBNUlbUPN5Gws4P/pr5SN3sirnhhNV9LSz8A/eO405vih8LTSXU3C9ZJKqHkoA5VyoO5CIvycdv7U8JakmWg==&u=U2FsdGVkX1/3an7HNjzDpQu2J52fOD9gGPAk/uKM5z0=&y=U2FsdGVkX1/OBxCTUdi6yLiXxOOQKKo3IJwWhc41Nv0= HTTP/1.1" 200 26
191.102.196.146 - - [24/Nov/2022:11:15:56 -0500] "GET /kwssiamovil/sm/acme/a?s=U2FsdGVkX1/W7JLfmBWUbrxXmoBrXaSdlBmA/WlAjjdQRdvi/kZedzYeZleNXo5Zk98PjrUAwnbxSWi1Jw51EKXqaIlvs0bgdj5LQF1Gi9gd/Ct8lxvOYSIQhsR2CkIgGZs+/XgTG6D61mqH3+qkHFxOyZKGRebc9tJP2S4ecQ1QSfxfJDK7LBx732mr7Z6q72Ogj7j4ODbO0WTXRWBko5YhV/aQGeR3NeMtgJmQCpZOapjuof/3piZ+9BX1EsR8EYTS7G4cddylkg2pneiPYwaerWJE5lBrZTWwA+lHfgZqITKtuLfVp04L33+03ghhI7hTCbz4gWqKl+iYoYRE9gjzJG+zge1sgY0oPhsnjrtFukKHaLImLG4GJO68iSseN/46g4i8Y3b429VtCHQR9bbHr8BoEIX0hIxcqIdielHQFuq31ZPnT6lHF4qJ2zuDWXOLf+KYMaoRFph6eRybVl27PUtLfdWLwpEhfbrEJyf1sAn8PRlJigqkBRBd0NUNiTE69NQVX7LcdJLfgEbIyj5+Fbb038LKqJokNrFQLPGqb8bQyD2kE95oH6zLAZ75hd9bClO4PEEQ83Zfv6nX2fkb4qQ94197AdZLTGB8F5SvvcyqAepCisj0cFF/OCX5oYJy2unNuR9Hp+URaTLxkY3zmpjmAzL1xh1qU4kA6Hx1SpnffGD4DuaDyvmLAj40JN2CZVaIRD/M1nOOUVrZq7u7HF402Sgok5Gijwf1O/kCJBKb5J2VaFl/8kADphZjkgOOds7aF7Qxjlgg3rvIW3DnMPGFC50f5MUJKQh2NfahH4xJMTy9uo34ipzlCqRBk3wiHf1tUilcGBkPs9oRirWVl3HmszWo1/K0O0vy8/RLaZOHvaYBaunJ80Is0LBmXP1FFeIyx+klOZsTPHfWncgG1si45y8v3H67IiT/Id8rgWpVuX+N6+dhV3lQrkOeCn8XxH7UlaIETleXxVnlVSj++5C0CLcxzYt5EpzQ72d6FRc6hzee0qLEBVhRv1nf6597PMb6XXOIRLVKFiZDlm/VdJ7sUOYmlUCatOs5//PkP1jHcTFNQAc4ERzJVGvopXLEWLmd0DqTgBjm/dMWMDufcsWnfby7KUt6Dj4bd5oT7bXlarROjzFLVjPFT+Bq2dDaN6QfJJKpIRaE/xSO1sVdv/jhQeqnX1dCgy8Xg1kALXIVe9i6ZtIfdSdoFyDz9V1c3f258jQMl0khUJe0P0NIYv553Yi18vaqyOhC+XWjfoevKhAcDhgCtw4ECYAk0Id/XPrDOV/Fnsrggdu1KoMz2avNHSZuufhHjna8OShSVo37ry37GU5ZZXcpK47tk55wLIJ++/lle0y+kQEEQnWd/yq4WtBBdqCuzLR8wyh1+tEAGr0dW+46OwnMNOCZJVJG2eh/xHdQAE/Uzz8rmmaSE9OodlIzAOjWhUCuukm3b6bh76tnmx31NsqAO0zd1rWOcpLHabD+v5k0kLG3dO8m94KeJf3mluKmk4tlQUKkaeIH3DgrQi9vjtaDXUeXHqsoxq+0PIpy9nMpvoF0J6KXssJwdeAS6S4szVSS+X0c+hQgoMLm+vK+uZREKLgVA8InAP+o+FsDgBbuKDY9CqS6rwffZTi7t+1PpPiNPl5Q8jPvPL8g2/hgUYQgLEpmA9f8aTkF5sovcP2SjBGeCalkX6W11pRGXmcEiKbR/0PDP6ZUbeTJSkI1tRHO2IACOlIDQ+aVnXD+xQdeotlV4gCyxsC3AItBbMoXNGqPZB2K02daoxUApgQurJ7YuiHCpgl7w1CQum/c58NCDCD4FqBatOyGQkiOZQeeqr3chxsRGMo4+A9axKSRV4TITT48W14dBnANCCbkOF7+4nE4zUnfujDSWg8I13VC/2lBGkZ5kPcu/5BnMHeArLHYyAsrLpDtwKJRXF/FNXlnAA11aa1TAiEWqzCwBcR6/ByDxXwfrnmJiB08xNqaGHgCrh2o8zUgwk2Idg1E4zOI7NVXpG8IE5l1BW8edL/m6UZrvKmyKWyIE3MN3Do8/VvgtlLGJC/Hs2N61wd7WcMlMbTbExMd7irYH8/nahoizT8t5EioH/DKfGuu29Fiv0xhjyAh8na9P1K7JAJ+mtof21bJGf4uIimG7ZiJRvotpAfzBr2pxhUwm4Ji0QsUrjkoNtI3uoIjqWwGo/v/aqXIVZFelyAT58w+Y5ilAZBdsAQma2ZwCW+jxuLTqsHmGDeiPyx//UHHzzYsyIvuhk+8do+kADYRwDs1BcYEOqb3eA7DcQDGvTJhvVOiVG3fLRH9II641ynHSfn0i+o5mAtKnzhcaAh+QD+s2nF/dGXn1qfdm0pXuOM59sPA5/9Oy76g7fp7zVfpJRnMdgkTHsQF3dD6eg==&u=U2FsdGVkX1/3an7HNjzDpQu2J52fOD9gGPAk/uKM5z0=&y=U2FsdGVkX1/OBxCTUdi6yLiXxOOQKKo3IJwWhc41Nv0= HTTP/1.1" 200 26
191.102.196.146 - - [24/Nov/2022:11:15:57 -0500] "GET /kwssiamovil/sm/acme/a?s=U2FsdGVkX19wGH88NxmTNp63E1tza7QBw9pRTQLW4pkG6bke5MDopaX7PJ+a5CYh/xwR4vy18xaRxUkDZN5Tl5pe0lNTkR5YjEBCgCNiBHGPx11RjUJ2N366gVVE/5nIPkYXVJxtKi8Z1zDUtaMtKm462hIS/12GiXlIi3xVDBY=&u=U2FsdGVkX1/3an7HNjzDpQu2J52fOD9gGPAk/uKM5z0=&y=U2FsdGVkX1/OBxCTUdi6yLiXxOOQKKo3IJwWhc41Nv0= HTTP/1.1" 200 26
191.102.196.146 - - [24/Nov/2022:11:15:57 -0500] "GET /kwssiamovil/sm/acme/a?s=U2FsdGVkX19YAjbC8HjTWIlRHbsE3rwZNkoYb6nO24+TpF46yJHSPCILwqdoPOs/bm4NJuz+6r/JjeWd70NwsQdNvQM/HsEmEmZV19El1fC0rgsF3RvOIaj3SCzMfS5/Jp+nhoXEuHx2uh/NoHpE9G2w9RDZ20mK9wngp1pWdsg=&u=U2FsdGVkX1/3an7HNjzDpQu2J52fOD9gGPAk/uKM5z0=&y=U2FsdGVkX1/OBxCTUdi6yLiXxOOQKKo3IJwWhc41Nv0= HTTP/1.1" 200 26
191.102.196.146 - - [24/Nov/2022:11:15:57 -0500] "GET /kwssiamovil/sm/acme/a?s=U2FsdGVkX1/sTrG/Emz8Rik9s1o8DM/+nKnhFQMlAIrpW1+XlqdtRzHJ594I7UvuAS8U7lv0NfLNbgCFPOa8WofdVaaBkYZYqpbSuVuT7L3XpX1ql9O/t4d3+6a9qJ45O+B3YJYYDzTjlBDlsN56s29gjM7mxv31rfNm0I29pSA=&u=U2FsdGVkX1/3an7HNjzDpQu2J52fOD9gGPAk/uKM5z0=&y=U2FsdGVkX1/OBxCTUdi6yLiXxOOQKKo3IJwWhc41Nv0= HTTP/1.1" 200 26
191.102.196.146 - - [24/Nov/2022:11:15:57 -0500] "GET /kwssiamovil/sm/acme/a?s=U2FsdGVkX18iVjGBzTiYuzarQvh8j9gmRpJjexORaDeZzFRt8IXiwfuhEgTzQ5lCbgnpZtVh2JyK6aDSjrrRm1XGWQlUVi4QbwGFnQfh5TIe7eaj0SkbMvCn/YU2knM+waxUPOwHOjqAsEZuKCGAuUK2sUpo5vYBPKW4PezdgPafADUAUCAtWMiytsjeuNst&u=U2FsdGVkX1/3an7HNjzDpQu2J52fOD9gGPAk/uKM5z0=&y=U2FsdGVkX1/OBxCTUdi6yLiXxOOQKKo3IJwWhc41Nv0= HTTP/1.1" 200 26
201.245.192.253 - - [24/Nov/2022:11:15:58 -0500] "POST /sipse/faces/presentacion/sistema/seguridad/seleccionRol.xhtml HTTP/1.1" 200 6258
201.245.192.253 - - [24/Nov/2022:11:15:59 -0500] "POST /sipse/faces/presentacion/sistema/seguridad/seleccionRol.xhtml HTTP/1.1" 200 18684
201.245.192.253 - - [24/Nov/2022:11:15:59 -0500] "GET /sipse/faces/javax.faces.resource/jquery/jquery.js?ln=primefaces&v=4.0 HTTP/1.1" 304 -
201.245.192.253 - - [24/Nov/2022:11:15:59 -0500] "GET /sipse/faces/javax.faces.resource/jquery/jquery-plugins.js?ln=primefaces&v=4.0 HTTP/1.1" 304 -
201.245.192.253 - - [24/Nov/2022:11:15:59 -0500] "GET /sipse/faces/javax.faces.resource/primefaces.js?ln=primefaces&v=4.0 HTTP/1.1" 304 -
201.245.192.253 - - [24/Nov/2022:11:15:59 -0500] "GET /sipse/faces/javax.faces.resource/layout/layout.js?ln=primefaces&v=4.0 HTTP/1.1" 304 -
201.245.192.253 - - [24/Nov/2022:11:16:00 -0500] "GET /sipse/imagenes/logoAplicacion.jpg HTTP/1.1" 200 155084
201.245.192.253 - - [24/Nov/2022:11:16:02 -0500] "GET /sipse/faces/javax.faces.resource/images/ui-bg_flat_0_2d5972_40x100.png?ln=primefaces-aristo HTTP/1.1" 200 183
201.245.192.253 - - [24/Nov/2022:11:16:02 -0500] "POST /sipse/faces/bienvenido.xhtml HTTP/1.1" 200 3887
201.245.192.253 - - [24/Nov/2022:11:16:04 -0500] "POST /sipse/faces/bienvenido.xhtml HTTP/1.1" 200 43235
201.245.192.253 - - [24/Nov/2022:11:16:04 -0500] "GET /sipse/faces/javax.faces.resource/jquery/jquery.js?ln=primefaces&v=4.0 HTTP/1.1" 304 -
201.245.192.253 - - [24/Nov/2022:11:16:04 -0500] "GET /sipse/faces/javax.faces.resource/jquery/jquery-plugins.js?ln=primefaces&v=4.0 HTTP/1.1" 304 -
201.245.192.253 - - [24/Nov/2022:11:16:04 -0500] "GET /sipse/faces/javax.faces.resource/primefaces.js?ln=primefaces&v=4.0 HTTP/1.1" 304 -
201.245.192.253 - - [24/Nov/2022:11:16:04 -0500] "GET /sipse/faces/javax.faces.resource/layout/layout.js?ln=primefaces&v=4.0 HTTP/1.1" 304 -
191.102.196.146 - - [24/Nov/2022:11:16:08 -0500] "GET /kwssiamovil/sm/acme/a?s=U2FsdGVkX18gnzXlfwPKmvRhYtnPrjEaO/NIuSciy+uuhmkxxQ+Db0I4+3h2DoLpX7mWJI6NactKvgMmQ/5Bg9YKv9P5A2GB7t+S3jLaCa1Q2K4kT38mBlhkqyI/o+BYfmx9gHlvRRFJzGjjTjc2jd3dYmEwC71xGAIODPEHA6AXyKoLcbStaQ6fjG/3ssn+z5SUQ1nfb7xwEtAFgaA701YRBbWeW7/pPsmE3OZGeP0c1O87f7YL6MviOqGcqHPrXYPtKiQ7sTkEGrobDlcoWA==&u=U2FsdGVkX1/3an7HNjzDpQu2J52fOD9gGPAk/uKM5z0=&y=U2FsdGVkX1/OBxCTUdi6yLiXxOOQKKo3IJwWhc41Nv0= HTTP/1.1" 200 26
181.53.239.166 - - [24/Nov/2022:11:16:09 -0500] "-" 408 -
181.53.239.166 - - [24/Nov/2022:11:16:16 -0500] "-" 408 -
191.102.196.146 - - [24/Nov/2022:11:16:18 -0500] "GET /kwssiamovil/sm/acme/u?s=U2FsdGVkX1/Jf4Yx1O7DA7v9lSOI6/uI5RUJZ9y2YnbPBUmIpanWaC5UXlrYYMfYxEyZPbyQB9izoFSxOHYdpL/wukQrz+USiXPsuxLYiG0P4WWrBesO7jnSXMIFwnRjYMU6k2p5lmxeRlrvqjxj/A==&u=U2FsdGVkX1/3an7HNjzDpQu2J52fOD9gGPAk/uKM5z0=&y=U2FsdGVkX1/OBxCTUdi6yLiXxOOQKKo3IJwWhc41Nv0= HTTP/1.1" 200 60
186.80.174.201 - - [24/Nov/2022:11:16:34 -0500] "POST /sipse/faces/presentacion/financiero/solicitudProceso/crearModificarSolicitudProceso.xhtml HTTP/1.1" 200 24608
186.80.174.201 - - [24/Nov/2022:11:16:34 -0500] "GET /sipse/faces/javax.faces.resource/theme.css?ln=primefaces-sipse HTTP/1.1" 304 -
186.80.174.201 - - [24/Nov/2022:11:16:34 -0500] "GET /sipse/faces/javax.faces.resource/layout/layout.css?ln=primefaces&v=4.0 HTTP/1.1" 304 -
186.80.174.201 - - [24/Nov/2022:11:16:34 -0500] "GET /sipse/faces/javax.faces.resource/primefaces.js?ln=primefaces&v=4.0 HTTP/1.1" 304 -
186.80.174.201 - - [24/Nov/2022:11:16:34 -0500] "GET /sipse/faces/javax.faces.resource/jquery/jquery.js?ln=primefaces&v=4.0 HTTP/1.1" 304 -
186.80.174.201 - - [24/Nov/2022:11:16:34 -0500] "GET /sipse/faces/javax.faces.resource/primefaces.css?ln=primefaces&v=4.0 HTTP/1.1" 304 -
186.80.174.201 - - [24/Nov/2022:11:16:34 -0500] "GET /sipse/faces/javax.faces.resource/jquery/jquery-plugins.js?ln=primefaces&v=4.0 HTTP/1.1" 304 -
186.80.174.201 - - [24/Nov/2022:11:16:34 -0500] "GET /sipse/faces/javax.faces.resource/layout/layout.js?ln=primefaces&v=4.0 HTTP/1.1" 304 -
186.80.174.201 - - [24/Nov/2022:11:16:34 -0500] "GET /sipse/faces/javax.faces.resource/images/ui-icons_898989_256x240.png?ln=primefaces-aristo HTTP/1.1" 304 -
186.80.174.201 - - [24/Nov/2022:11:16:40 -0500] "GET /sipse/faces/javax.faces.resource/images/ui-bg_flat_0_2d5972_40x100.png?ln=primefaces-aristo HTTP/1.1" 304 -
186.80.174.201 - - [24/Nov/2022:11:16:40 -0500] "POST /sipse/faces/presentacion/financiero/solicitudProyectoActividad/asociarProyectoSolicitud.xhtml HTTP/1.1" 200 6543
186.80.174.201 - - [24/Nov/2022:11:16:42 -0500] "POST /sipse/faces/presentacion/financiero/solicitudProyectoActividad/asociarProyectoSolicitud.xhtml HTTP/1.1" 200 1696
186.80.174.201 - - [24/Nov/2022:11:16:44 -0500] "POST /sipse/faces/presentacion/financiero/solicitudProyectoActividad/asociarProyectoSolicitud.xhtml HTTP/1.1" 200 25707
186.80.174.201 - - [24/Nov/2022:11:16:44 -0500] "GET /sipse/faces/javax.faces.resource/jquery/jquery.js?ln=primefaces&v=4.0 HTTP/1.1" 304 -
186.80.174.201 - - [24/Nov/2022:11:16:44 -0500] "GET /sipse/faces/javax.faces.resource/jquery/jquery-plugins.js?ln=primefaces&v=4.0 HTTP/1.1" 304 -
186.80.174.201 - - [24/Nov/2022:11:16:44 -0500] "GET /sipse/faces/javax.faces.resource/primefaces.js?ln=primefaces&v=4.0 HTTP/1.1" 304 -
186.80.174.201 - - [24/Nov/2022:11:16:44 -0500] "GET /sipse/faces/javax.faces.resource/layout/layout.js?ln=primefaces&v=4.0 HTTP/1.1" 304 -
200.118.64.109 - - [24/Nov/2022:11:16:46 -0500] "POST /forms/lservlet;jsessionid=ac16012b30d6653ef779097d42b8a008a839b76681ea.e3iSbxaKaheRe34QaxmPaNuMbNb0n6jAmljGr5XDqQLvpAe HTTP/1.1" 200 108
181.53.239.166 - - [24/Nov/2022:11:16:48 -0500] "-" 408 -
186.80.174.201 - - [24/Nov/2022:11:16:48 -0500] "POST /sipse/faces/presentacion/financiero/solicitudProyectoActividad/asociarActividadSolicitud.xhtml HTTP/1.1" 200 20019
186.80.174.201 - - [24/Nov/2022:11:16:48 -0500] "GET /sipse/faces/javax.faces.resource/jquery/jquery.js?ln=primefaces&v=4.0 HTTP/1.1" 304 -
186.80.174.201 - - [24/Nov/2022:11:16:48 -0500] "GET /sipse/faces/javax.faces.resource/jquery/jquery-plugins.js?ln=primefaces&v=4.0 HTTP/1.1" 304 -
186.80.174.201 - - [24/Nov/2022:11:16:48 -0500] "GET /sipse/faces/javax.faces.resource/primefaces.js?ln=primefaces&v=4.0 HTTP/1.1" 304 -
186.80.174.201 - - [24/Nov/2022:11:16:48 -0500] "GET /sipse/faces/javax.faces.resource/layout/layout.js?ln=primefaces&v=4.0 HTTP/1.1" 304 -
186.80.174.201 - - [24/Nov/2022:11:17:00 -0500] "POST /sipse/faces/presentacion/financiero/solicitudProyectoActividad/asociarFuentesSolicitud.xhtml HTTP/1.1" 200 82277
186.80.174.201 - - [24/Nov/2022:11:17:00 -0500] "GET /sipse/faces/javax.faces.resource/theme.css?ln=primefaces-sipse HTTP/1.1" 304 -
186.80.174.201 - - [24/Nov/2022:11:17:00 -0500] "GET /sipse/faces/javax.faces.resource/primefaces.css?ln=primefaces&v=4.0 HTTP/1.1" 304 -
186.80.174.201 - - [24/Nov/2022:11:17:00 -0500] "GET /sipse/faces/javax.faces.resource/jquery/jquery.js?ln=primefaces&v=4.0 HTTP/1.1" 304 -
186.80.174.201 - - [24/Nov/2022:11:17:00 -0500] "GET /sipse/faces/javax.faces.resource/layout/layout.css?ln=primefaces&v=4.0 HTTP/1.1" 304 -
186.80.174.201 - - [24/Nov/2022:11:17:00 -0500] "GET /sipse/faces/javax.faces.resource/jquery/jquery-plugins.js?ln=primefaces&v=4.0 HTTP/1.1" 304 -
186.80.174.201 - - [24/Nov/2022:11:17:00 -0500] "GET /sipse/faces/javax.faces.resource/layout/layout.js?ln=primefaces&v=4.0 HTTP/1.1" 304 -
186.80.174.201 - - [24/Nov/2022:11:17:00 -0500] "GET /sipse/faces/javax.faces.resource/primefaces.js?ln=primefaces&v=4.0 HTTP/1.1" 304 -
186.80.174.201 - - [24/Nov/2022:11:17:00 -0500] "GET /sipse/faces/javax.faces.resource/images/ui-icons_898989_256x240.png?ln=primefaces-aristo HTTP/1.1" 304 -
186.80.174.201 - - [24/Nov/2022:11:17:07 -0500] "POST /sipse/faces/presentacion/financiero/solicitudProceso/crearModificarSolicitudProceso.xhtml HTTP/1.1" 200 45528
186.80.174.201 - - [24/Nov/2022:11:17:21 -0500] "GET /sipse/faces/javax.faces.resource/layout/layout.css?ln=primefaces&v=4.0 HTTP/1.1" 304 -
186.80.174.201 - - [24/Nov/2022:11:17:21 -0500] "GET /sipse/faces/javax.faces.resource/theme.css?ln=primefaces-sipse HTTP/1.1" 304 -
186.80.174.201 - - [24/Nov/2022:11:17:21 -0500] "GET /sipse/faces/javax.faces.resource/jquery/jquery.js?ln=primefaces&v=4.0 HTTP/1.1" 304 -
186.80.174.201 - - [24/Nov/2022:11:17:21 -0500] "GET /sipse/faces/javax.faces.resource/jquery/jquery-plugins.js?ln=primefaces&v=4.0 HTTP/1.1" 304 -
186.80.174.201 - - [24/Nov/2022:11:17:21 -0500] "GET /sipse/faces/javax.faces.resource/primefaces.js?ln=primefaces&v=4.0 HTTP/1.1" 304 -
186.80.174.201 - - [24/Nov/2022:11:17:21 -0500] "GET /sipse/faces/javax.faces.resource/layout/layout.js?ln=primefaces&v=4.0 HTTP/1.1" 304 -
186.80.174.201 - - [24/Nov/2022:11:17:21 -0500] "GET /sipse/faces/javax.faces.resource/primefaces.css?ln=primefaces&v=4.0 HTTP/1.1" 304 -
186.80.174.201 - - [24/Nov/2022:11:17:21 -0500] "GET /sipse/faces/javax.faces.resource/images/ui-icons_898989_256x240.png?ln=primefaces-aristo HTTP/1.1" 304 -
186.102.78.62 - - [24/Nov/2022:11:17:23 -0500] "GET /kwssiamovil/sm/acme/a?s=U2FsdGVkX1/zGhK76grDy87Ct2WbWLXSY4aGtBrc21khSPYRdf4zCZ/jbE9rcLTsNOIVyxNaMon9V/M0IEiwDonkw/HIpyiNcleP5UZiYaufP3ii2IoAWMbkKI0yXvMIG2AvDbNsdgYQQ9NNTARTpK7LVJdFsnpaIl/v2fq0OMAwxrkr/aYjzKBI3szVqQdYuVr4xWGQA0SEq6v8YQWNPMn8BaCrqq5KNPTYh3YqAbwHFuoPICBEiaoQ4DaDX+k3NCtZClfBF8kcmbCKT7Z+oA==&u=U2FsdGVkX18jJ2fgtYmI+I8mGl48zFUW3HaT9/FU6Zs=&y=U2FsdGVkX19M2O8aSF2UOpJJS+QXZoCQqXZyaqLJhjqfCf84lgyi5PKrhqHT1ezK HTTP/1.1" 200 26
186.102.78.62 - - [24/Nov/2022:11:17:24 -0500] "GET /kwssiamovil/sm/acme/a?s=U2FsdGVkX1/Fc2927GjaJorFGrwWyyAQ/kMoe2wv04jdFk0ORValEI+f1P5ecROj9m7P6yHJvi7ZjXMKQ3omghspIOFWMEr6vOn3Xo0gQDpFudlsqkRylabyMOE8CtUljKu9eeQvaYFpPuHSiz83qB7DGT11HcSTN1/Vw/VgexH2+8Vwzjv0Z4YTM0rmdzt61wu7jJ0EW/FhEqi1/u6RdXIGz8huCw/5OuP4MvAn+nCzMDtyOxXB5KtXo/HjdjNij1ljoGIGK30LTxDKVcFa/L6N5DNn7Lw7z+3o3TWEuQftLOD9t2IyNA3U3Y4kDCstIsurQBHuVmBCtFb1JFK8Ja6/squmJ+ef29VjGDo68W9uta+0i3ia2ruHD5Q3oBQ5ZB061wVpSdAsPOntgQZsZ5OcK2GMCPLapaQIli1dQsaLJvR2S1av7I2gsA6OK1aPcHy83V+bvT6KRuq/Oj/j4RTzYHq9n3GTKSSCo/YBdiINVKRIBr3OrF3VG4+J0sRjpDzB8o5lPYt6NVTianaET4Qkr/n+tjWnN3mcbupf++pn/KJBtnbDIxOPdrP4KMvumYOeKtsgDJneDQKNQZWL7MBq18jipMY8YnQxg1SjpjcOnGYssJmgi80bpdy2Wh8GbEYuTEBOnruoCxB9lk1DUNwpMkDF7NstMb51BnrWhgSCqxTebRmrkan0Az4+kmVBdwslK6ZEwM500FUPbL7eAKkEGhFVHoHKxqL7Wal4kzNK1fU7kos21Bdm0dwanIxRnWcjG5x2p/E+eA76OF6ckt//H4B8KzWAlDsF25CvQHqcqZHwfLDKCBD9h3KTlnN169E2Ij7MTHMzwMujEEKYRvj+SqbvYVHVQm+aV4sMeFcRbYTYfJkyY6D+NP11QmDtoIIF2gF2MAgx7015vYxEzhAFsdvtjHGLYCaFKpZbYk6FvYeoaeNMnfA/PTsA/7e+l1KaOegEKN1Mjmv+wXcAipBJ5phJQVZo++wHHsVRpznWHm4SgAt2ffosHBE3HjHBP8KcejnWHxLtUlJdcBaDlXh1UkCTwayC3kc1F00GMzuwgA7NPmjocQ3UmsuMH8GAnomKjz8QOE+pY0VPt4ugvfqaze6Sh6d9JsO8g2arwjxug24myRM6W8vuqKpJ1KFyx8RDfQ5K9eEvWarHCnA0xrWHEC/Bolcv6U/uBEiu8U1SLa5r05fkLYBTGm8uysjnOf0/AfMra+irHXlbXGa8hSU18mRa0bxre7iLKbY5qHq+0gcIFNV0lstYvRamRj8cCZSibQUb95dOg/LP1aLzhC6tL9VooABrWe6Aa/ujdgmoqfy7ZOH2wj27PTsoIYakEGabhveQl6DC0AiPIX4rgEHr1FvhE+ZZUr+gm79Fix9MD8N6q3iOEl89zZY4AJ0v49Hqz71BkdlnxQEqQkse8YzkAH+jtfQXOmKoORHk8hxp4PikTxUkNbGhiXWSKwEPKJEmSRU+XliP95Wc/FXPZLW0FEPbNfdFEla18bZ18rY=&u=U2FsdGVkX18jJ2fgtYmI+I8mGl48zFUW3HaT9/FU6Zs=&y=U2FsdGVkX19M2O8aSF2UOpJJS+QXZoCQqXZyaqLJhjqfCf84lgyi5PKrhqHT1ezK HTTP/1.1" 200 26
186.102.78.62 - - [24/Nov/2022:11:17:24 -0500] "GET /kwssiamovil/sm/acme/a?s=U2FsdGVkX1/OClNF9+7GNsO28/GdAxgfCV/ApNtHS/ECJZAwIARHWrCELAQ9LTiHRdLzklJu5z+ltimiqItOcBBU8w88yCiE2VE1rbDEFMFDQ3c8nyY50TyVTo4Uq73F5Firfbdujlib+2Rk+1G8bXoHyoUZB4MqbCRnDfrMn+E=&u=U2FsdGVkX18jJ2fgtYmI+I8mGl48zFUW3HaT9/FU6Zs=&y=U2FsdGVkX19M2O8aSF2UOpJJS+QXZoCQqXZyaqLJhjqfCf84lgyi5PKrhqHT1ezK HTTP/1.1" 200 26
186.102.78.62 - - [24/Nov/2022:11:17:24 -0500] "GET /kwssiamovil/sm/acme/a?s=U2FsdGVkX197uBBHRqzIwDH5tE+tUpTJn+hXqHpWQM4y5wsnUL/837hVKv220WSr3TbWZEcz2e/SlUr8NF2Xa41oXjgFKTkm+iAbn5OkwL25BCei9MZeEPmmaXok4Nccvo9vTWq7y5F3KeGcr2fPUp954ZOpszn4u4F3ZLC+nrw=&u=U2FsdGVkX18jJ2fgtYmI+I8mGl48zFUW3HaT9/FU6Zs=&y=U2FsdGVkX19M2O8aSF2UOpJJS+QXZoCQqXZyaqLJhjqfCf84lgyi5PKrhqHT1ezK HTTP/1.1" 200 26
186.102.78.62 - - [24/Nov/2022:11:17:25 -0500] "GET /kwssiamovil/sm/acme/a?s=U2FsdGVkX1+mwLYKPJImdGWoXQnnT68L199hZczwQANKx8UYM/KygkJHShgBKTBrn+2+SQzBVSCWJ9cFnicFA9MIKZo0rmMq52OtYxD2qo7htbtXmR8A9VA6Qtgst+w5aTQkBv82Hv6TGGgWkNZLkwtwsRp5USjlTtrYEBeNkWI=&u=U2FsdGVkX18jJ2fgtYmI+I8mGl48zFUW3HaT9/FU6Zs=&y=U2FsdGVkX19M2O8aSF2UOpJJS+QXZoCQqXZyaqLJhjqfCf84lgyi5PKrhqHT1ezK HTTP/1.1" 200 26
186.102.78.62 - - [24/Nov/2022:11:17:25 -0500] "GET /kwssiamovil/sm/acme/a?s=U2FsdGVkX1+OMj3rpWiUriWxj9zP5SGdoQ3fw4sAMJ9jw9tMlkg9H2HoQnx3fptgADPSNmwQ+CbCsTUv02jrGG2G1lppdswdTq8JA96lISpH2TD9L8QFp7xSpW73V/qeKOsaEJgVszbtC7q9ttU+QkfDPS0nWTZ2pqyxRwGdUghOva7Zd9GXgMoHq/JCfDv8&u=U2FsdGVkX18jJ2fgtYmI+I8mGl48zFUW3HaT9/FU6Zs=&y=U2FsdGVkX19M2O8aSF2UOpJJS+QXZoCQqXZyaqLJhjqfCf84lgyi5PKrhqHT1ezK HTTP/1.1" 200 26
186.80.174.201 - - [24/Nov/2022:11:17:34 -0500] "GET /sipse/faces/javax.faces.resource/images/ui-bg_flat_0_2d5972_40x100.png?ln=primefaces-aristo HTTP/1.1" 304 -
186.80.174.201 - - [24/Nov/2022:11:17:34 -0500] "POST /sipse/faces/presentacion/financiero/solicitudBienServicio/asociarBienServicioSolicitud.xhtml HTTP/1.1" 200 1591
200.118.64.109 - - [24/Nov/2022:11:17:41 -0500] "POST /forms/lservlet;jsessionid=ac16012b30d6653ef779097d42b8a008a839b76681ea.e3iSbxaKaheRe34QaxmPaNuMbNb0n6jAmljGr5XDqQLvpAe HTTP/1.1" 200 2
186.80.174.201 - - [24/Nov/2022:11:17:41 -0500] "POST /sipse/faces/presentacion/financiero/solicitudBienServicio/asociarBienServicioSolicitud.xhtml HTTP/1.1" 200 1595
172.22.2.4 - - [24/Nov/2022:11:16:16 -0500] "HEAD /BLA/boletinlegal/ HTTP/1.1" 200 -
186.80.174.201 - - [24/Nov/2022:11:17:54 -0500] "POST /sipse/faces/presentacion/financiero/solicitudBienServicio/asociarBienServicioSolicitud.xhtml HTTP/1.1" 200 1591
186.80.174.201 - - [24/Nov/2022:11:18:01 -0500] "POST /sipse/faces/presentacion/financiero/solicitudBienServicio/asociarBienServicioSolicitud.xhtml HTTP/1.1" 200 1591
186.102.19.253 - - [24/Nov/2022:11:18:10 -0500] "GET /kwssiamovil/sm/acme/s?s=U2FsdGVkX1+tUqw7+ce8ZF91Gyhn87MSg72wRX2D+/JGfd/kDumE49seAaG1KD5bOh4f2APeBHqHuRlJTgjvTNf5fyJJIjYZOGJbwifeBLOet7BHrV2N/icw5glotilaRiY2ePRxGXmnRVQWK4Hvh77VUNnFHwHkfkbM9LXC72B2A137vdQ5mDuv6FbQt3aJFhOU34iI4CrJXHzh5fSXzwoV9KWnY/b2AovRUM6vS8PuumXEcclUvM2rpApDxGyPNnvYuqOMzaB+TwksY2P+plckYbhsVycaubd4nk6V6w1x0VxxVKyHP572Z7AYWgNKa0PCG3/b1vElZUjN/3LJCROffns7tlLvHPgsMbIB3qs+tnTRtPzEWppyxrMGskiK&u=U2FsdGVkX1/XOyAEwHOqQYPxjIC3mxOQVhSvroxulpY=&y=U2FsdGVkX1/loJAbr0GgJaIBdENmh5eyPvKwj54BaUkKRSYXnDpABCDtCtMzAYFE HTTP/1.1" 200 91
186.102.19.253 - - [24/Nov/2022:11:18:10 -0500] "GET /kwssiamovil/sm/acme/s?s=U2FsdGVkX19rq66jmrTmHDCr8V64llD00oIAkdtlnA1yuhawEDXr+LhV8ki/qzudoZ2TVGvFTFibqpj1jEAIhBisuCrE1+Us8FRfDFCl8t4QNKcfpfjqzVCSayomoFYg+er0XX4pF6ksyVErWZ/W1SstpxVYe7QvlvAWT+K/flXb7lG4ycgsnu1t9qzkUbGWSQN2r0qL8Ij03JOb4V9KrBI3TWqEl1Uji9xUE3urN5OmFcta0mN28+V2ojF07MHi90Qk+dqtok5KoJWLgACKz8fPz4OAKe4+RW8rCXO3qiD74P97M97O9E7OREGmGrHlsHCACXc44Lx90pNL7GtndGIItrMng51QkyjLcv8n4IBzDmenRosLqaEpqFSiLIovALdPeqy26z7nZQ6qqqpFLc4qt4tqNCpBiOu8m0TNqd/SQ4HiN7jaNCwBmtp/kcatEX72RqQI7xHQJyuPHpZaEA==&u=U2FsdGVkX1/XOyAEwHOqQYPxjIC3mxOQVhSvroxulpY=&y=U2FsdGVkX1/loJAbr0GgJaIBdENmh5eyPvKwj54BaUkKRSYXnDpABCDtCtMzAYFE HTTP/1.1" 200 91
186.102.19.253 - - [24/Nov/2022:11:18:10 -0500] "OPTIONS /kwssiamovil/sm/setfile/f? HTTP/1.1" 200 13
201.245.192.253 - - [24/Nov/2022:11:18:12 -0500] "POST /kwsrmcab/Wsrmcab  HTTP/1.1" 200 42393
186.80.174.201 - - [24/Nov/2022:11:18:09 -0500] "POST /sipse/faces/presentacion/financiero/solicitudBienServicio/asociarBienServicioSolicitud.xhtml HTTP/1.1" 200 1591
190.26.8.150 - - [24/Nov/2022:11:18:18 -0500] "GET /sipsesda/faces/faces/faces/faces/faces/faces/faces/login.jspx HTTP/1.1" 200 6860
190.26.8.150 - - [24/Nov/2022:11:18:18 -0500] "GET /sipsesda/faces/faces/faces/faces/faces/faces/faces/faces/index.jsp HTTP/1.1" 200 1477
190.26.8.150 - - [24/Nov/2022:11:18:18 -0500] "GET /sipsesda/faces/faces/faces/faces/faces/faces/faces/faces/faces/login.jspx HTTP/1.1" 200 6860
190.26.8.150 - - [24/Nov/2022:11:18:20 -0500] "POST /sipsesda/faces/login.jspx HTTP/1.1" 200 5694
186.80.174.201 - - [24/Nov/2022:11:18:16 -0500] "POST /sipse/faces/presentacion/financiero/solicitudBienServicio/asociarBienServicioSolicitud.xhtml HTTP/1.1" 200 1591
190.26.8.150 - - [24/Nov/2022:11:18:26 -0500] "POST /sipsesda/faces/vista/sistema/seleccionRol.jspx HTTP/1.1" 200 32885
190.26.8.150 - - [24/Nov/2022:11:18:28 -0500] "GET /sipsesda/faces/vista/sistema/cargarMenu.jspx?accionMenu=listadoFuncionario&menuID=18 HTTP/1.1" 200 33130
190.26.8.150 - - [24/Nov/2022:11:18:28 -0500] "POST /sipsesda/faces/vista/sistema/cargarMenu.jspx HTTP/1.1" 200 36916
186.80.174.201 - - [24/Nov/2022:11:18:25 -0500] "POST /sipse/faces/presentacion/financiero/solicitudBienServicio/asociarBienServicioSolicitud.xhtml HTTP/1.1" 200 25946
181.53.239.166 - - [24/Nov/2022:11:18:32 -0500] "-" 408 -
190.26.8.150 - - [24/Nov/2022:11:18:34 -0500] "POST /sipsesda/faces/vista/administracion/funcionario/listadoFuncionario.jspx HTTP/1.1" 200 37387
186.80.174.201 - - [24/Nov/2022:11:18:32 -0500] "POST /sipse/faces/presentacion/financiero/solicitudBienServicio/asociarBienServicioSolicitud.xhtml HTTP/1.1" 200 25946
186.102.19.253 - - [24/Nov/2022:11:18:10 -0500] "POST /kwssiamovil/sm/setfile/f? HTTP/1.1" 200 381
216.245.221.92 - - [24/Nov/2022:11:18:40 -0500] "HEAD / HTTP/1.1" 200 -
186.102.19.253 - - [24/Nov/2022:11:18:40 -0500] "OPTIONS /kwssiamovil/sm/setfile/f? HTTP/1.1" 200 13
172.22.2.4 - - [24/Nov/2022:11:17:06 -0500] "GET /BLA/boletinlegal/ HTTP/1.1" 200 57824
186.80.174.201 - - [24/Nov/2022:11:18:41 -0500] "POST /sipse/faces/presentacion/financiero/solicitudBienServicio/asociarBienServicioSolicitud.xhtml HTTP/1.1" 200 2720
186.80.174.201 - - [24/Nov/2022:11:18:51 -0500] "POST /sipse/faces/presentacion/financiero/solicitudBienServicio/asociarBienServicioSolicitud.xhtml HTTP/1.1" 200 78065
186.80.174.201 - - [24/Nov/2022:11:18:51 -0500] "GET /sipse/faces/javax.faces.resource/jquery/jquery.js?ln=primefaces&v=4.0 HTTP/1.1" 304 -
186.80.174.201 - - [24/Nov/2022:11:18:51 -0500] "GET /sipse/faces/javax.faces.resource/jquery/jquery-plugins.js?ln=primefaces&v=4.0 HTTP/1.1" 304 -
186.80.174.201 - - [24/Nov/2022:11:18:51 -0500] "GET /sipse/faces/javax.faces.resource/primefaces.js?ln=primefaces&v=4.0 HTTP/1.1" 304 -
186.80.174.201 - - [24/Nov/2022:11:18:51 -0500] "GET /sipse/faces/javax.faces.resource/layout/layout.js?ln=primefaces&v=4.0 HTTP/1.1" 304 -
186.102.19.253 - - [24/Nov/2022:11:18:40 -0500] "POST /kwssiamovil/sm/setfile/f? HTTP/1.1" 200 381
186.102.19.253 - - [24/Nov/2022:11:19:07 -0500] "OPTIONS /kwssiamovil/sm/setfile/f? HTTP/1.1" 200 13
181.53.239.166 - - [24/Nov/2022:11:19:08 -0500] "-" 408 -
186.80.174.201 - - [24/Nov/2022:11:19:13 -0500] "POST /sipse/faces/presentacion/financiero/solicitudProceso/crearModificarSolicitudProceso.xhtml HTTP/1.1" 200 21123
186.80.174.201 - - [24/Nov/2022:11:19:14 -0500] "GET /sipse/faces/javax.faces.resource/theme.css?ln=primefaces-sipse HTTP/1.1" 304 -
186.80.174.201 - - [24/Nov/2022:11:19:14 -0500] "GET /sipse/faces/javax.faces.resource/fileupload/fileupload.js?ln=primefaces&v=4.0 HTTP/1.1" 304 -
186.80.174.201 - - [24/Nov/2022:11:19:14 -0500] "GET /sipse/faces/javax.faces.resource/primefaces.css?ln=primefaces&v=4.0 HTTP/1.1" 304 -
186.80.174.201 - - [24/Nov/2022:11:19:14 -0500] "GET /sipse/faces/javax.faces.resource/jquery/jquery-plugins.js?ln=primefaces&v=4.0 HTTP/1.1" 304 -
186.80.174.201 - - [24/Nov/2022:11:19:14 -0500] "GET /sipse/faces/javax.faces.resource/layout/layout.js?ln=primefaces&v=4.0 HTTP/1.1" 304 -
186.80.174.201 - - [24/Nov/2022:11:19:14 -0500] "GET /sipse/faces/javax.faces.resource/primefaces.js?ln=primefaces&v=4.0 HTTP/1.1" 304 -
186.80.174.201 - - [24/Nov/2022:11:19:14 -0500] "GET /sipse/faces/javax.faces.resource/fileupload/fileupload.css?ln=primefaces&v=4.0 HTTP/1.1" 304 -
186.80.174.201 - - [24/Nov/2022:11:19:14 -0500] "GET /sipse/faces/javax.faces.resource/layout/layout.css?ln=primefaces&v=4.0 HTTP/1.1" 304 -
186.80.174.201 - - [24/Nov/2022:11:19:14 -0500] "GET /sipse/faces/javax.faces.resource/jquery/jquery.js?ln=primefaces&v=4.0 HTTP/1.1" 304 -
186.80.174.201 - - [24/Nov/2022:11:19:14 -0500] "GET /sipse/faces/javax.faces.resource/images/ui-icons_898989_256x240.png?ln=primefaces-aristo HTTP/1.1" 304 -
186.80.174.201 - - [24/Nov/2022:11:19:24 -0500] "POST /sipse/faces/presentacion/sistema/anexos/cargarAnexoSolicitudProceso.xhtml HTTP/1.1" 200 84046
186.80.174.201 - - [24/Nov/2022:11:19:24 -0500] "GET /sipse/faces/javax.faces.resource/theme.css?ln=primefaces-sipse HTTP/1.1" 304 -
186.80.174.201 - - [24/Nov/2022:11:19:24 -0500] "GET /sipse/faces/javax.faces.resource/primefaces.css?ln=primefaces&v=4.0 HTTP/1.1" 304 -
186.80.174.201 - - [24/Nov/2022:11:19:24 -0500] "GET /sipse/faces/javax.faces.resource/jquery/jquery.js?ln=primefaces&v=4.0 HTTP/1.1" 304 -
186.80.174.201 - - [24/Nov/2022:11:19:24 -0500] "GET /sipse/faces/javax.faces.resource/layout/layout.css?ln=primefaces&v=4.0 HTTP/1.1" 304 -
186.80.174.201 - - [24/Nov/2022:11:19:24 -0500] "GET /sipse/faces/javax.faces.resource/jquery/jquery-plugins.js?ln=primefaces&v=4.0 HTTP/1.1" 304 -
186.80.174.201 - - [24/Nov/2022:11:19:24 -0500] "GET /sipse/faces/javax.faces.resource/primefaces.js?ln=primefaces&v=4.0 HTTP/1.1" 304 -
186.80.174.201 - - [24/Nov/2022:11:19:24 -0500] "GET /sipse/faces/javax.faces.resource/layout/layout.js?ln=primefaces&v=4.0 HTTP/1.1" 304 -
186.80.174.201 - - [24/Nov/2022:11:19:25 -0500] "GET /sipse/faces/javax.faces.resource/images/ui-icons_898989_256x240.png?ln=primefaces-aristo HTTP/1.1" 304 -
201.245.192.253 - - [24/Nov/2022:11:19:28 -0500] "POST /sipse/faces/presentacion/financiero/solicitudProceso/consultar.xhtml HTTP/1.1" 200 12793
201.245.192.253 - - [24/Nov/2022:11:19:33 -0500] "POST /sipse/faces/presentacion/financiero/solicitudProceso/consultar.xhtml HTTP/1.1" 200 146266
201.245.192.253 - - [24/Nov/2022:11:19:33 -0500] "GET /sipse/faces/javax.faces.resource/jquery/jquery.js?ln=primefaces&v=4.0 HTTP/1.1" 304 -
201.245.192.253 - - [24/Nov/2022:11:19:33 -0500] "GET /sipse/faces/javax.faces.resource/jquery/jquery-plugins.js?ln=primefaces&v=4.0 HTTP/1.1" 304 -
201.245.192.253 - - [24/Nov/2022:11:19:33 -0500] "GET /sipse/faces/javax.faces.resource/primefaces.js?ln=primefaces&v=4.0 HTTP/1.1" 304 -
201.245.192.253 - - [24/Nov/2022:11:19:34 -0500] "GET /sipse/faces/javax.faces.resource/layout/layout.js?ln=primefaces&v=4.0 HTTP/1.1" 304 -
200.118.64.109 - - [24/Nov/2022:11:19:41 -0500] "POST /forms/lservlet;jsessionid=ac16012b30d6653ef779097d42b8a008a839b76681ea.e3iSbxaKaheRe34QaxmPaNuMbNb0n6jAmljGr5XDqQLvpAe HTTP/1.1" 200 2
186.102.19.253 - - [24/Nov/2022:11:19:07 -0500] "POST /kwssiamovil/sm/setfile/f? HTTP/1.1" 200 381
186.102.19.253 - - [24/Nov/2022:11:19:52 -0500] "OPTIONS /kwssiamovil/sm/setfile/f? HTTP/1.1" 200 13
201.245.192.253 - - [24/Nov/2022:11:19:52 -0500] "POST /sipse/faces/presentacion/financiero/solicitudProceso/consultarSolicitudProceso.xhtml HTTP/1.1" 200 587844
186.102.19.253 - - [24/Nov/2022:11:19:52 -0500] "POST /kwssiamovil/sm/setfile/f? HTTP/1.1" 200 381
186.102.19.253 - - [24/Nov/2022:11:19:56 -0500] "GET /kwssiamovil/sm/acme/s?s=U2FsdGVkX1813EcPiM5HGHwiaLuWP1iuAt3iL64ry3R0ww7ZZz6g9uG0+g2sHwqe+xX1SBYE+YEAomnDoRmnMnIIx4GFb1WgrL0iyW023wuxjeoTEomRVOFA5WGzpAg6IPSNFO+nQDFFtpldfOOGXnWzSMxxYc44nZ9b1JCJLGnuVCTfcWh08ujzI6MUDHKAD0X8vASfCIjDQO+r9/e3Fxuf8lx4EbaPeZNm7O8QbroYBc466VGg6E/LoPgyKneCaO3mBbj1u+beSEZfxrejIGjYfFgZN4RQLzmCaovRFRman+0pwCYaCsN0NFRvp6znekHoag1fyW41dog03krfHRZRHHiTgNncyRFIpa5EptX5l75DXkbB0+BCaKD9IQdF&u=U2FsdGVkX1/XOyAEwHOqQYPxjIC3mxOQVhSvroxulpY=&y=U2FsdGVkX1/loJAbr0GgJaIBdENmh5eyPvKwj54BaUkKRSYXnDpABCDtCtMzAYFE HTTP/1.1" 200 91
186.102.19.253 - - [24/Nov/2022:11:19:57 -0500] "GET /kwssiamovil/sm/acme/s?s=U2FsdGVkX19F1lNJuuyRN/xvVjV277y+YG+KMFdNEjc9fJpzMDvmWyRyCygogmmKAtKbY75Ty6KA6V1mmTE+MqxSmLuWxIo2ADYXkepXMxnvFZw5pQCm9dOSEetGbclMYJMzPKdc9NXMM8doILMcyIRVNMRlMIxs/bmgWAbogq26Sf1vhH+IjPw/+nRRcQdpBi8AXdhlomVwMZMbpJF7cLiOvMrRMa5xW/lqCHW/Ra5S+HWwGsWx15lFV3QBGG00EIzjTPc0fu6mh2Rp0IyIuojR8gQ1ewDYl1AzWYGa+5FFcIL7FOG0JlAz4YQ0QOYD5C1H/gwkqzON06lMJYbzQfHjwR57lNMJky+nQr0BXyksliVI3xQGZ5udnblm+ryu30oopOVhycq58rjg3MdNbzbdFOpRy223F1iLHyzdastbMjFqpTXH2wA2eU666VfjfHPMK9YARk5k8DEQN3P2xA==&u=U2FsdGVkX1/XOyAEwHOqQYPxjIC3mxOQVhSvroxulpY=&y=U2FsdGVkX1/loJAbr0GgJaIBdENmh5eyPvKwj54BaUkKRSYXnDpABCDtCtMzAYFE HTTP/1.1" 200 91
186.154.121.119 - - [24/Nov/2022:11:20:23 -0500] "GET /BLA/resoluciones/index.php?dir=AUTOS+2016%2F HTTP/1.1" 200 327710
201.245.192.253 - - [24/Nov/2022:11:20:29 -0500] "POST /sipse/faces/presentacion/financiero/solicitudProceso/consultarSolicitudProceso.xhtml HTTP/1.1" 200 626400
201.245.192.253 - - [24/Nov/2022:11:20:41 -0500] "POST /kwsrmcab/Wsrmcab HTTP/1.1" 200 43637
201.245.192.253 - - [24/Nov/2022:11:20:44 -0500] "POST /kwsrmcab/Wsrmcab HTTP/1.1" 200 43284
66.249.69.47 - - [24/Nov/2022:11:21:03 -0500] "-" 408 -
157.55.39.206 - - [24/Nov/2022:11:21:04 -0500] "GET /sipse/faces/autenticacion.xhtml HTTP/1.1" 200 12504
186.30.171.20 - - [24/Nov/2022:11:20:53 -0500] "GET /BLA/resoluciones/index.php?dir=AUTOS+2014%2F HTTP/1.1" 200 884821
186.80.174.201 - - [24/Nov/2022:11:21:24 -0500] "POST /sipse/faces/presentacion/financiero/solicitudProceso/crearModificarSolicitudProceso.xhtml HTTP/1.1" 200 21123
186.80.174.201 - - [24/Nov/2022:11:21:24 -0500] "GET /sipse/faces/javax.faces.resource/theme.css?ln=primefaces-sipse HTTP/1.1" 304 -
186.80.174.201 - - [24/Nov/2022:11:21:24 -0500] "GET /sipse/faces/javax.faces.resource/jquery/jquery-plugins.js?ln=primefaces&v=4.0 HTTP/1.1" 304 -
186.80.174.201 - - [24/Nov/2022:11:21:24 -0500] "GET /sipse/faces/javax.faces.resource/jquery/jquery.js?ln=primefaces&v=4.0 HTTP/1.1" 304 -
186.80.174.201 - - [24/Nov/2022:11:21:24 -0500] "GET /sipse/faces/javax.faces.resource/primefaces.js?ln=primefaces&v=4.0 HTTP/1.1" 304 -
186.80.174.201 - - [24/Nov/2022:11:21:24 -0500] "GET /sipse/faces/javax.faces.resource/layout/layout.js?ln=primefaces&v=4.0 HTTP/1.1" 304 -
186.80.174.201 - - [24/Nov/2022:11:21:24 -0500] "GET /sipse/faces/javax.faces.resource/primefaces.css?ln=primefaces&v=4.0 HTTP/1.1" 304 -
186.80.174.201 - - [24/Nov/2022:11:21:24 -0500] "GET /sipse/faces/javax.faces.resource/layout/layout.css?ln=primefaces&v=4.0 HTTP/1.1" 304 -
186.80.174.201 - - [24/Nov/2022:11:21:24 -0500] "GET /sipse/faces/javax.faces.resource/fileupload/fileupload.css?ln=primefaces&v=4.0 HTTP/1.1" 304 -
186.80.174.201 - - [24/Nov/2022:11:21:24 -0500] "GET /sipse/faces/javax.faces.resource/fileupload/fileupload.js?ln=primefaces&v=4.0 HTTP/1.1" 304 -
186.80.174.201 - - [24/Nov/2022:11:21:24 -0500] "GET /sipse/faces/javax.faces.resource/images/ui-icons_898989_256x240.png?ln=primefaces-aristo HTTP/1.1" 304 -
186.102.19.253 - - [24/Nov/2022:11:21:25 -0500] "GET /kwssiamovil/sm/acme/a?s=U2FsdGVkX186jZUzFWEH8NWzG5gcDLzW8UqjyCk5/BnYLzTYmlcjpxoXKv7f8NYY2jesQ5faPP5k3u+eK4/+6dou5xS+NTct4JjI8YfZauT1uFNEpidkS62FTPi/9vFqPSRdrbox0XYz6UE8ER+W03gchkx4dDOm1BR8uNFvN94Tbf5tMTw/djhffsy8gpA42d0dyuKjHC/1h7ZqUZPlFbu8ayT25fzsLvdzLTk2VMNQnikZHPOxnGe4VX/vW3hpkEXs87A7Mgi1R0lPkRFkJQ==&u=U2FsdGVkX1/XOyAEwHOqQYPxjIC3mxOQVhSvroxulpY=&y=U2FsdGVkX1/loJAbr0GgJaIBdENmh5eyPvKwj54BaUkKRSYXnDpABCDtCtMzAYFE HTTP/1.1" 200 26
186.102.19.253 - - [24/Nov/2022:11:21:26 -0500] "GET /kwssiamovil/sm/acme/u?s=U2FsdGVkX1/BwhonfV1/EePFSPLZpMb4ddTKQNW99Gq8tZF+R1iM2gk0WeIDiI+rjxvSp/1vVs1/IU5S44eCGiqece2Up3/CGvsqwlL3WwetDEUuxm8K9D1j6Ztsj17A4cYy3jzFXW8V8OeNCgmJoQ==&u=U2FsdGVkX1/XOyAEwHOqQYPxjIC3mxOQVhSvroxulpY=&y=U2FsdGVkX1/loJAbr0GgJaIBdENmh5eyPvKwj54BaUkKRSYXnDpABCDtCtMzAYFE HTTP/1.1" 200 60
186.102.19.253 - - [24/Nov/2022:11:21:26 -0500] "GET /kwssiamovil/sm/acme/a?s=U2FsdGVkX18A6lrNLJTj7bIdavcpqIG/AMVUMBHpXTDovGf6/hihlDaAAu+wKrPi4CXJlWgSKdUA/3SUI21/wpPHF1FDwVGhng375pyfT35Du4zl5iiOp30VUtdy6mfK69fbK77sr6f/BOSMCfIH1mIyuGp6g3c+mmIwki706DxGQkWd8bPLp8TUIFwyKrq1VpdxnAe1XoAx8QitKasQVgf3dNURnR4MVwyh+bbAv3m+rPtbUni3n+HIJ+k9lR2m&u=U2FsdGVkX1/XOyAEwHOqQYPxjIC3mxOQVhSvroxulpY=&y=U2FsdGVkX1/loJAbr0GgJaIBdENmh5eyPvKwj54BaUkKRSYXnDpABCDtCtMzAYFE HTTP/1.1" 200 25
186.102.19.253 - - [24/Nov/2022:11:21:26 -0500] "GET /kwssiamovil/sm/acme/u?s=U2FsdGVkX1+HZ6ib2MUScjTIxMcBVUHljg7y4X0ce3dcfFBLSYiOzg41Av+z1QW7TkUwJrvvDxI73Gew5szOLWRyv4URovLSyvkxC4L1ODFh+R1C44iTrELgnI5Cu+IG75Cgqi3e2FO3tvVhyIu5iCDUSDS6IuBZvswxR0VTHcqCrkuRoudnmdcQP3H0+/16DBj1Olu5ewKtDJqL9ZkuFQ8hh5HRESQhX6t0O+trqh2qUXGtAY9bDKBLaSWxahvNjkwxnw/G04lMUtPoHxa1tVlQGdHS/UVD8V0ex0IZ6XzuNeOjxnn+w24fsp92u2zPQJP1Pi9jxy+gPLV8dMTJ0mHTwI0M4zDlQVzUKA7PNeVrLSFFQ57lUMKB0OFsE+fi2Ll+bs/alMG1ktKT+9GCrMy5RktbrxUlXk8mlNnpvXGhf+n4fQpCPXCiWOJNZlSXaoa5B2YLjH41lEaz4vJAP5DB6yL7YfuVv6ufT5+DtwVyM83Xr7cFut090OpVDIlwHQ7C3zhrJkR/0CGT7J7EsJbZKQkLxKZ008S5o2S4sKJDpGrFrasnEg6GM3VdiFEH1YYVbTtyA0BvmgTDhSDxwRPTHB2GDlRumLDZi2oOFMyITmADDY7IJ/lbQTIJs7j02qYuHEx0eB9OJwjpmF30iBTKHivZwQ1zESPMZEdikCCoJBWU6+5fFiEAEAu/+oumU3foptXBzsxbZqthOs3Ro7x+EXpcIUC5wAzyr3TVsuNKv41vKkw1yUXg6IECet9ctxvnFJrb1DyMscNQxu1LaiW8SFLI/+o03CRaLsCTof3dqqKshVGk1JGr1Sq5hKpYa6LSijdomYoalIxYIFALjW2BG6FCSzLo+xQ5KGST+pEiSBl5nJR7Ic1eiL3TrNn3CIc2QEB0GhfFkQJJ11F9RoYheqE+C36PtFujE3Sbbh3kb+c5GGWtn1Bl/pHKu2Vg72YDLDVt33An0+d2Pd46kmC5XK6plxpdYhVX0amcgYCOYkUU6rsVjoQOouuLoeGwkOCTt56gcsk47YG5/Xp38Fo/IxAmx35dwxjf49RGdbOn43YVwRisV43N6LErW36GpzHI31ZhfRih5UBVB79/Kg756iiHLAGQ2ubL+CyaA3WgGE2f2GoO9XuP42F2NVhH/MO5Xa2ncsXnh+8ZHyXMddWbbkMLh+WWPer4jcCmPT1df3iLVlfjyYdFNhSBXMIbEA5H+nn98P6XRehVgy3vUuk8UZLjBHhW58BSM80TTqA4LiFJrlGtFztk+7IGbQNZxirWjPbG8rGhHiuV5EZHWPfjWUjYupGvIC5XMtk9fezifUtzfwLct0GskLMBOQ2b&u=U2FsdGVkX1/XOyAEwHOqQYPxjIC3mxOQVhSvroxulpY=&y=U2FsdGVkX1/loJAbr0GgJaIBdENmh5eyPvKwj54BaUkKRSYXnDpABCDtCtMzAYFE HTTP/1.1" 200 60
