172.22.2.4 - - [24/Nov/2022:04:00:38 -0500] "GET /BLA/boletinlegal/Directivas/2016/Directiva%20No.%2001%20del%2012%20de%20Abril%20de%202016.pdf HTTP/1.1" 304 -
172.22.2.4 - - [24/Nov/2022:03:59:37 -0500] "GET /BLA/boletinlegal/ HTTP/1.1" 200 59779
200.91.245.98 - - [24/Nov/2022:04:02:58 -0500] "GET / HTTP/1.1" 200 319
200.91.245.98 - - [24/Nov/2022:04:02:58 -0500] "GET /apple-touch-icon-precomposed.png HTTP/1.1" 404 1120
200.91.245.98 - - [24/Nov/2022:04:02:58 -0500] "GET /favicon.ico HTTP/1.1" 200 7782
200.91.245.98 - - [24/Nov/2022:04:02:58 -0500] "GET /apple-touch-icon.png HTTP/1.1" 404 1120
216.245.221.92 - - [24/Nov/2022:04:03:41 -0500] "HEAD / HTTP/1.1" 200 -
201.245.192.253 - - [24/Nov/2022:04:04:42 -0500] "POST /kwsrmcab/Wsrmcab  HTTP/1.1" 200 42393
205.169.39.232 - - [24/Nov/2022:04:05:05 -0500] "GET /portaldeninos/wp-includes/js/wp-emoji-release.min.js?ver=4.9.8 HTTP/1.1" 200 12026
205.169.39.232 - - [24/Nov/2022:04:05:05 -0500] "GET /portaldeninos/wp-content/plugins/google-analytics-for-wordpress/assets/js/frontend-gtag.min.js?ver=8.5.0 HTTP/1.1" 200 11801
205.169.39.232 - - [24/Nov/2022:04:05:06 -0500] "GET /portaldeninos/wp-includes/js/jquery/jquery.js?ver=1.12.4 HTTP/1.1" 200 97184
205.169.39.232 - - [24/Nov/2022:04:05:07 -0500] "GET /portaldeninos/wp-includes/js/jquery/jquery-migrate.min.js?ver=1.4.1 HTTP/1.1" 200 10056
205.169.39.232 - - [24/Nov/2022:04:05:07 -0500] "GET /portaldeninos/wp-includes/js/jquery/ui/core.min.js?ver=1.11.4 HTTP/1.1" 200 4000
205.169.39.232 - - [24/Nov/2022:04:05:07 -0500] "GET /portaldeninos/wp-content/plugins/gallery-videos/JS/modernizr.custom.js?ver=4.9.8 HTTP/1.1" 200 9019
205.169.39.232 - - [24/Nov/2022:04:05:08 -0500] "GET /portaldeninos/wp-content/plugins/gallery-videos/JS/Total-Soft-Gallery-Video-Widget.js?ver=4.9.8 HTTP/1.1" 200 80264
205.169.39.232 - - [24/Nov/2022:04:05:08 -0500] "GET /portaldeninos/wp-includes/js/jquery/ui/widget.min.js?ver=1.11.4 HTTP/1.1" 200 6908
205.169.39.232 - - [24/Nov/2022:04:05:08 -0500] "GET /portaldeninos/wp-includes/js/jquery/ui/mouse.min.js?ver=1.11.4 HTTP/1.1" 200 3148
205.169.39.232 - - [24/Nov/2022:04:05:09 -0500] "GET /portaldeninos/wp-includes/js/jquery/ui/sortable.min.js?ver=1.11.4 HTTP/1.1" 200 24899
205.169.39.232 - - [24/Nov/2022:04:05:09 -0500] "GET /portaldeninos/wp-includes/js/jquery/ui/tabs.min.js?ver=1.11.4 HTTP/1.1" 200 12110
205.169.39.232 - - [24/Nov/2022:04:05:10 -0500] "GET /portaldeninos/wp-includes/js/jquery/ui/accordion.min.js?ver=1.11.4 HTTP/1.1" 200 8584
205.169.39.232 - - [24/Nov/2022:04:05:10 -0500] "GET /portaldeninos/wp-content/themes/betheme/js/plugins.js?ver=20.9.6 HTTP/1.1" 200 197151
205.169.39.232 - - [24/Nov/2022:04:05:11 -0500] "GET /portaldeninos/wp-content/themes/betheme/js/menu.js?ver=20.9.6 HTTP/1.1" 200 2449
205.169.39.232 - - [24/Nov/2022:04:05:11 -0500] "GET /portaldeninos/wp-content/themes/betheme/assets/animations/animations.min.js?ver=20.9.6 HTTP/1.1" 200 1896
205.169.39.232 - - [24/Nov/2022:04:05:12 -0500] "GET /portaldeninos/wp-content/themes/betheme/assets/jplayer/jplayer.min.js?ver=20.9.6 HTTP/1.1" 200 52702
205.169.39.232 - - [24/Nov/2022:04:05:12 -0500] "GET /portaldeninos/wp-content/themes/betheme/js/scripts.js?ver=20.9.6 HTTP/1.1" 200 77162
205.169.39.232 - - [24/Nov/2022:04:05:13 -0500] "GET /portaldeninos/wp-includes/js/wp-embed.min.js?ver=4.9.8 HTTP/1.1" 200 1398
172.22.2.4 - - [24/Nov/2022:04:04:37 -0500] "HEAD /BLA/boletinlegal/ HTTP/1.1" 200 -
141.255.166.2 - - [24/Nov/2022:04:06:55 -0500] "POST /boaform/admin/formLogin HTTP/1.1" 404 1186
172.22.2.4 - - [24/Nov/2022:04:05:27 -0500] "GET /BLA/boletinlegal/ HTTP/1.1" 200 59779
216.245.221.92 - - [24/Nov/2022:04:08:41 -0500] "HEAD / HTTP/1.1" 200 -
201.245.192.253 - - [24/Nov/2022:04:09:40 -0500] "POST /kwsrmcab/Wsrmcab  HTTP/1.1" 200 42393
172.22.2.4 - - [24/Nov/2022:04:09:56 -0500] "GET /BLA/boletinlegal/system_api.php HTTP/1.1" 404 1018
172.22.2.4 - - [24/Nov/2022:04:09:59 -0500] "GET /BLA/boletinlegal/c/version.js HTTP/1.1" 404 1018
172.22.2.4 - - [24/Nov/2022:04:10:02 -0500] "GET /BLA/boletinlegal/streaming/clients_live.php HTTP/1.1" 404 1018
172.22.2.4 - - [24/Nov/2022:04:10:04 -0500] "GET /BLA/boletinlegal/stalker_portal/c/version.js HTTP/1.1" 404 1018
172.22.2.4 - - [24/Nov/2022:04:10:07 -0500] "GET /BLA/boletinlegal/stream/live.php HTTP/1.1" 404 1018
172.22.2.4 - - [24/Nov/2022:04:10:09 -0500] "GET /BLA/boletinlegal/flu/403.html HTTP/1.1" 404 1018
173.214.175.178 - - [24/Nov/2022:04:10:21 -0500] "CONNECT google.com:443 HTTP/1.1" 405 938
172.22.2.4 - - [24/Nov/2022:04:10:12 -0500] "GET /BLA/boletinlegal/ HTTP/1.1" 200 24523
172.22.2.4 - - [24/Nov/2022:04:11:52 -0500] "GET /BLA/boletinlegal/favicon.ico HTTP/1.1" 404 1018
172.22.2.4 - - [24/Nov/2022:04:11:56 -0500] "GET /BLA/boletinlegal/robots.txt HTTP/1.1" 404 1018
172.22.2.4 - - [24/Nov/2022:04:12:02 -0500] "GET /BLA/boletinlegal/sitemap.xml HTTP/1.1" 404 1018
172.22.2.4 - - [24/Nov/2022:04:10:27 -0500] "HEAD /BLA/boletinlegal/ HTTP/1.1" 200 -
172.22.2.4 - - [24/Nov/2022:04:11:23 -0500] "GET /BLA/boletinlegal/ HTTP/1.1" 200 36811
172.22.2.4 - - [24/Nov/2022:04:11:17 -0500] "GET /BLA/boletinlegal/ HTTP/1.1" 200 50855
216.245.221.92 - - [24/Nov/2022:04:13:41 -0500] "HEAD / HTTP/1.1" 200 -
201.245.192.253 - - [24/Nov/2022:04:14:39 -0500] "POST /kwsrmcab/Wsrmcab  HTTP/1.1" 200 42393
172.22.2.4 - - [24/Nov/2022:04:16:17 -0500] "HEAD /BLA/boletinlegal/ HTTP/1.1" 200 -
40.77.167.58 - - [24/Nov/2022:04:18:28 -0500] "GET /BLA/resoluciones/RESOLUCIONES%202022/0682.pdf HTTP/1.1" 304 -
216.245.221.92 - - [24/Nov/2022:04:18:41 -0500] "HEAD / HTTP/1.1" 200 -
172.22.2.4 - - [24/Nov/2022:04:17:07 -0500] "GET /BLA/boletinlegal/ HTTP/1.1" 200 58185
201.245.192.253 - - [24/Nov/2022:04:19:39 -0500] "POST /kwsrmcab/Wsrmcab  HTTP/1.1" 200 42393
201.245.192.253 - - [24/Nov/2022:04:20:42 -0500] "POST /kwsrmcab/Wsrmcab HTTP/1.1" 200 43611
201.245.192.253 - - [24/Nov/2022:04:20:45 -0500] "POST /kwsrmcab/Wsrmcab HTTP/1.1" 200 43509
207.46.13.174 - - [24/Nov/2022:04:22:21 -0500] "GET /BLA/boletinlegal/norma_menu.php HTTP/1.1" 200 6318
216.245.221.92 - - [24/Nov/2022:04:23:41 -0500] "HEAD / HTTP/1.1" 200 -
172.22.2.4 - - [24/Nov/2022:04:22:07 -0500] "HEAD /BLA/boletinlegal/ HTTP/1.1" 200 -
157.55.39.39 - - [24/Nov/2022:04:23:53 -0500] "GET /BLA/resoluciones/index.php?dir=AUTOS+2019%2F HTTP/1.1" 200 349340
172.22.2.4 - - [24/Nov/2022:04:22:57 -0500] "GET /BLA/boletinlegal/ HTTP/1.1" 200 57192
201.245.192.253 - - [24/Nov/2022:04:24:38 -0500] "POST /kwsrmcab/Wsrmcab  HTTP/1.1" 200 42393
40.77.167.58 - - [24/Nov/2022:04:24:57 -0500] "GET /BLA/resoluciones/RESOLUCIONES%202014/0657.pdf HTTP/1.1" 200 525919
66.249.73.88 - - [24/Nov/2022:04:25:29 -0500] "-" 408 -
157.55.39.39 - - [24/Nov/2022:04:26:32 -0500] "GET /Publicaciones/2022EE247284.pdf HTTP/1.1" 404 228
205.169.39.203 - - [24/Nov/2022:04:28:00 -0500] "GET /portaldeninos/wp-includes/js/wp-emoji-release.min.js?ver=4.9.8 HTTP/1.1" 200 12026
205.169.39.203 - - [24/Nov/2022:04:28:01 -0500] "GET /portaldeninos/wp-content/plugins/google-analytics-for-wordpress/assets/js/frontend-gtag.min.js?ver=8.5.0 HTTP/1.1" 200 11801
205.169.39.203 - - [24/Nov/2022:04:28:01 -0500] "GET /portaldeninos/wp-includes/js/jquery/jquery.js?ver=1.12.4 HTTP/1.1" 200 97184
205.169.39.203 - - [24/Nov/2022:04:28:03 -0500] "GET /portaldeninos/wp-includes/js/jquery/jquery-migrate.min.js?ver=1.4.1 HTTP/1.1" 200 10056
205.169.39.203 - - [24/Nov/2022:04:28:03 -0500] "GET /portaldeninos/wp-includes/js/jquery/ui/core.min.js?ver=1.11.4 HTTP/1.1" 200 4000
205.169.39.203 - - [24/Nov/2022:04:28:03 -0500] "GET /portaldeninos/wp-content/plugins/gallery-videos/JS/modernizr.custom.js?ver=4.9.8 HTTP/1.1" 200 9019
205.169.39.203 - - [24/Nov/2022:04:28:04 -0500] "GET /portaldeninos/wp-content/plugins/gallery-videos/JS/Total-Soft-Gallery-Video-Widget.js?ver=4.9.8 HTTP/1.1" 200 80264
205.169.39.203 - - [24/Nov/2022:04:28:04 -0500] "GET /portaldeninos/wp-includes/js/jquery/ui/widget.min.js?ver=1.11.4 HTTP/1.1" 200 6908
205.169.39.203 - - [24/Nov/2022:04:28:04 -0500] "GET /portaldeninos/wp-includes/js/jquery/ui/mouse.min.js?ver=1.11.4 HTTP/1.1" 200 3148
205.169.39.203 - - [24/Nov/2022:04:28:05 -0500] "GET /portaldeninos/wp-includes/js/jquery/ui/sortable.min.js?ver=1.11.4 HTTP/1.1" 200 24899
205.169.39.203 - - [24/Nov/2022:04:28:05 -0500] "GET /portaldeninos/wp-includes/js/jquery/ui/tabs.min.js?ver=1.11.4 HTTP/1.1" 200 12110
205.169.39.203 - - [24/Nov/2022:04:28:06 -0500] "GET /portaldeninos/wp-includes/js/jquery/ui/accordion.min.js?ver=1.11.4 HTTP/1.1" 200 8584
205.169.39.203 - - [24/Nov/2022:04:28:06 -0500] "GET /portaldeninos/wp-content/themes/betheme/js/plugins.js?ver=20.9.6 HTTP/1.1" 200 197151
205.169.39.203 - - [24/Nov/2022:04:28:07 -0500] "GET /portaldeninos/wp-content/themes/betheme/js/menu.js?ver=20.9.6 HTTP/1.1" 200 2449
205.169.39.203 - - [24/Nov/2022:04:28:07 -0500] "GET /portaldeninos/wp-content/themes/betheme/assets/animations/animations.min.js?ver=20.9.6 HTTP/1.1" 200 1896
205.169.39.203 - - [24/Nov/2022:04:28:07 -0500] "GET /portaldeninos/wp-content/themes/betheme/assets/jplayer/jplayer.min.js?ver=20.9.6 HTTP/1.1" 200 52702
205.169.39.203 - - [24/Nov/2022:04:28:08 -0500] "GET /portaldeninos/wp-content/themes/betheme/js/scripts.js?ver=20.9.6 HTTP/1.1" 200 77162
205.169.39.203 - - [24/Nov/2022:04:28:09 -0500] "GET /portaldeninos/wp-includes/js/wp-embed.min.js?ver=4.9.8 HTTP/1.1" 200 1398
216.245.221.92 - - [24/Nov/2022:04:28:41 -0500] "HEAD / HTTP/1.1" 200 -
172.22.2.4 - - [24/Nov/2022:04:27:57 -0500] "HEAD /BLA/boletinlegal/ HTTP/1.1" 200 -
201.245.192.253 - - [24/Nov/2022:04:29:37 -0500] "POST /kwsrmcab/Wsrmcab  HTTP/1.1" 200 42393
172.22.2.4 - - [24/Nov/2022:04:28:48 -0500] "GET /BLA/boletinlegal/ HTTP/1.1" 200 59779
201.245.192.253 - - [24/Nov/2022:04:30:43 -0500] "POST /kwsrmcab/Wsrmcab HTTP/1.1" 200 43611
201.245.192.253 - - [24/Nov/2022:04:30:46 -0500] "POST /kwsrmcab/Wsrmcab HTTP/1.1" 200 43509
157.55.39.39 - - [24/Nov/2022:04:33:38 -0500] "GET /BLA/resoluciones/index.php?dir=AUTOS+2018%2F HTTP/1.1" 200 441328
216.245.221.92 - - [24/Nov/2022:04:33:41 -0500] "HEAD / HTTP/1.1" 200 -
185.119.81.109 - - [24/Nov/2022:04:34:26 -0500] "GET /portaldeninos/wp-login.php HTTP/1.1" 200 2592
185.119.81.109 - - [24/Nov/2022:04:34:27 -0500] "POST /portaldeninos/wp-login.php HTTP/1.1" 200 3605
201.245.192.253 - - [24/Nov/2022:04:34:35 -0500] "POST /kwsrmcab/Wsrmcab  HTTP/1.1" 200 42393
172.22.2.4 - - [24/Nov/2022:04:33:47 -0500] "HEAD /BLA/boletinlegal/ HTTP/1.1" 200 -
172.22.2.4 - - [24/Nov/2022:04:35:49 -0500] "GET /BLA/boletinlegal/Public/home/js/check.js HTTP/1.1" 404 1018
172.22.2.4 - - [24/Nov/2022:04:35:50 -0500] "GET /BLA/boletinlegal/static/admin/javascript/hetong.js HTTP/1.1" 404 1018
172.22.2.4 - - [24/Nov/2022:04:34:19 -0500] "GET /BLA/boletinlegal/ HTTP/1.1" 200 50149
172.22.2.4 - - [24/Nov/2022:04:34:38 -0500] "GET /BLA/boletinlegal/ HTTP/1.1" 200 51643
172.22.2.4 - - [24/Nov/2022:04:37:12 -0500] "GET /BLA/boletinlegal/jurisprudencia/analisis/CUADRO%20ANALISIS%20SENTENCIA%20T-411%20DE%201992.doc HTTP/1.1" 304 -
216.245.221.92 - - [24/Nov/2022:04:38:41 -0500] "HEAD / HTTP/1.1" 200 -
66.249.73.127 - - [24/Nov/2022:04:39:25 -0500] "-" 408 -
201.245.192.253 - - [24/Nov/2022:04:39:34 -0500] "POST /kwsrmcab/Wsrmcab  HTTP/1.1" 200 42393
201.245.192.253 - - [24/Nov/2022:04:40:42 -0500] "POST /kwsrmcab/Wsrmcab HTTP/1.1" 200 43611
201.245.192.253 - - [24/Nov/2022:04:40:45 -0500] "POST /kwsrmcab/Wsrmcab HTTP/1.1" 200 43509
172.22.2.4 - - [24/Nov/2022:04:39:37 -0500] "HEAD /BLA/boletinlegal/ HTTP/1.1" 200 -
172.22.2.4 - - [24/Nov/2022:04:40:27 -0500] "GET /BLA/boletinlegal/ HTTP/1.1" 200 54452
216.245.221.92 - - [24/Nov/2022:04:43:41 -0500] "HEAD / HTTP/1.1" 200 -
201.245.192.253 - - [24/Nov/2022:04:44:33 -0500] "POST /kwsrmcab/Wsrmcab  HTTP/1.1" 200 42393
172.22.2.4 - - [24/Nov/2022:04:45:27 -0500] "HEAD /BLA/boletinlegal/ HTTP/1.1" 200 -
172.22.2.4 - - [24/Nov/2022:04:46:17 -0500] "GET /BLA/boletinlegal/ HTTP/1.1" 200 58185
216.245.221.92 - - [24/Nov/2022:04:48:41 -0500] "HEAD / HTTP/1.1" 200 -
201.245.192.253 - - [24/Nov/2022:04:49:32 -0500] "POST /kwsrmcab/Wsrmcab  HTTP/1.1" 200 42393
205.169.39.92 - - [24/Nov/2022:04:52:52 -0500] "GET /portaldeninos/wp-includes/js/wp-emoji-release.min.js?ver=4.9.8 HTTP/1.1" 200 12026
205.169.39.92 - - [24/Nov/2022:04:52:52 -0500] "GET /portaldeninos/wp-content/plugins/google-analytics-for-wordpress/assets/js/frontend-gtag.min.js?ver=8.5.0 HTTP/1.1" 200 11801
205.169.39.92 - - [24/Nov/2022:04:52:52 -0500] "GET /portaldeninos/wp-includes/js/jquery/jquery.js?ver=1.12.4 HTTP/1.1" 200 97184
205.169.39.92 - - [24/Nov/2022:04:52:53 -0500] "GET /portaldeninos/wp-includes/js/jquery/jquery-migrate.min.js?ver=1.4.1 HTTP/1.1" 200 10056
205.169.39.92 - - [24/Nov/2022:04:52:53 -0500] "GET /portaldeninos/wp-includes/js/jquery/ui/core.min.js?ver=1.11.4 HTTP/1.1" 200 4000
205.169.39.92 - - [24/Nov/2022:04:52:53 -0500] "GET /portaldeninos/wp-content/plugins/gallery-videos/JS/modernizr.custom.js?ver=4.9.8 HTTP/1.1" 200 9019
205.169.39.92 - - [24/Nov/2022:04:52:53 -0500] "GET /portaldeninos/wp-content/plugins/gallery-videos/JS/Total-Soft-Gallery-Video-Widget.js?ver=4.9.8 HTTP/1.1" 200 80264
205.169.39.92 - - [24/Nov/2022:04:52:53 -0500] "GET /portaldeninos/wp-includes/js/jquery/ui/widget.min.js?ver=1.11.4 HTTP/1.1" 200 6908
205.169.39.92 - - [24/Nov/2022:04:52:53 -0500] "GET /portaldeninos/wp-includes/js/jquery/ui/mouse.min.js?ver=1.11.4 HTTP/1.1" 200 3148
205.169.39.92 - - [24/Nov/2022:04:52:54 -0500] "GET /portaldeninos/wp-includes/js/jquery/ui/sortable.min.js?ver=1.11.4 HTTP/1.1" 200 24899
205.169.39.92 - - [24/Nov/2022:04:52:54 -0500] "GET /portaldeninos/wp-includes/js/jquery/ui/tabs.min.js?ver=1.11.4 HTTP/1.1" 200 12110
205.169.39.92 - - [24/Nov/2022:04:52:54 -0500] "GET /portaldeninos/wp-includes/js/jquery/ui/accordion.min.js?ver=1.11.4 HTTP/1.1" 200 8584
205.169.39.92 - - [24/Nov/2022:04:52:54 -0500] "GET /portaldeninos/wp-content/themes/betheme/js/plugins.js?ver=20.9.6 HTTP/1.1" 200 197151
205.169.39.92 - - [24/Nov/2022:04:52:55 -0500] "GET /portaldeninos/wp-content/themes/betheme/js/menu.js?ver=20.9.6 HTTP/1.1" 200 2449
205.169.39.92 - - [24/Nov/2022:04:52:55 -0500] "GET /portaldeninos/wp-content/themes/betheme/assets/animations/animations.min.js?ver=20.9.6 HTTP/1.1" 200 1896
205.169.39.92 - - [24/Nov/2022:04:52:55 -0500] "GET /portaldeninos/wp-content/themes/betheme/assets/jplayer/jplayer.min.js?ver=20.9.6 HTTP/1.1" 200 52702
205.169.39.92 - - [24/Nov/2022:04:52:55 -0500] "GET /portaldeninos/wp-content/themes/betheme/js/scripts.js?ver=20.9.6 HTTP/1.1" 200 77162
205.169.39.92 - - [24/Nov/2022:04:52:56 -0500] "GET /portaldeninos/wp-includes/js/wp-embed.min.js?ver=4.9.8 HTTP/1.1" 200 1398
172.22.2.4 - - [24/Nov/2022:04:51:17 -0500] "HEAD /BLA/boletinlegal/ HTTP/1.1" 200 -
216.245.221.92 - - [24/Nov/2022:04:53:41 -0500] "HEAD / HTTP/1.1" 200 -
172.22.2.4 - - [24/Nov/2022:04:52:07 -0500] "GET /BLA/boletinlegal/ HTTP/1.1" 200 59779
201.245.192.253 - - [24/Nov/2022:04:54:31 -0500] "POST /kwsrmcab/Wsrmcab  HTTP/1.1" 200 42393
66.249.73.127 - - [24/Nov/2022:04:54:48 -0500] "-" 408 -
207.46.13.56 - - [24/Nov/2022:04:56:23 -0500] "GET /secretaria-de-ambiente-reconoce-15-entidades-distritales-por-su-desempeno-ambiental.html HTTP/1.1" 200 978
216.245.221.92 - - [24/Nov/2022:04:58:41 -0500] "HEAD / HTTP/1.1" 200 -
172.22.2.4 - - [24/Nov/2022:04:57:07 -0500] "HEAD /BLA/boletinlegal/ HTTP/1.1" 200 -
201.245.192.253 - - [24/Nov/2022:04:59:30 -0500] "POST /kwsrmcab/Wsrmcab  HTTP/1.1" 200 42393
69.63.184.3 - - [24/Nov/2022:04:59:33 -0500] "GET /images/Musgo%20SDA%20(1)%20(1).png HTTP/1.1" 200 302122
172.22.2.4 - - [24/Nov/2022:04:57:57 -0500] "GET /BLA/boletinlegal/ HTTP/1.1" 200 58185
40.77.167.58 - - [24/Nov/2022:05:01:12 -0500] "GET /BLA/resoluciones/RESOLUCIONES%202018/3423.pdf HTTP/1.1" 304 -
157.55.39.39 - - [24/Nov/2022:05:02:33 -0500] "GET /BLA/resoluciones/index.php?dir=AUTOS+2019%2F HTTP/1.1" 200 349340
172.22.2.4 - - [24/Nov/2022:05:03:16 -0500] "POST /BLA/boletinlegal/_profiler/phpinfo HTTP/1.1" 404 1018
40.77.167.13 - - [24/Nov/2022:05:03:33 -0500] "GET /Publicaciones/2022EE239128.pdf HTTP/1.1" 404 228
216.245.221.92 - - [24/Nov/2022:05:03:41 -0500] "HEAD / HTTP/1.1" 200 -
185.119.81.109 - - [24/Nov/2022:05:03:41 -0500] "GET /portaldeninos/wp-login.php HTTP/1.1" 200 2592
185.119.81.109 - - [24/Nov/2022:05:03:42 -0500] "POST /portaldeninos/wp-login.php HTTP/1.1" 200 3605
201.245.192.253 - - [24/Nov/2022:05:04:29 -0500] "POST /kwsrmcab/Wsrmcab  HTTP/1.1" 200 42393
172.22.2.4 - - [24/Nov/2022:05:02:57 -0500] "HEAD /BLA/boletinlegal/ HTTP/1.1" 200 -
172.22.2.4 - - [24/Nov/2022:05:03:47 -0500] "GET /BLA/boletinlegal/ HTTP/1.1" 200 59779
185.119.81.109 - - [24/Nov/2022:05:06:23 -0500] "GET /portaldeninos/wp-login.php HTTP/1.1" 200 2592
185.119.81.109 - - [24/Nov/2022:05:06:24 -0500] "POST /portaldeninos/wp-login.php HTTP/1.1" 200 3650
216.245.221.92 - - [24/Nov/2022:05:08:41 -0500] "HEAD / HTTP/1.1" 200 -
201.245.192.253 - - [24/Nov/2022:05:09:28 -0500] "POST /kwsrmcab/Wsrmcab  HTTP/1.1" 200 42393
172.22.2.4 - - [24/Nov/2022:05:08:47 -0500] "HEAD /BLA/boletinlegal/ HTTP/1.1" 200 -
172.22.2.4 - - [24/Nov/2022:05:09:37 -0500] "GET /BLA/boletinlegal/ HTTP/1.1" 200 58612
216.245.221.92 - - [24/Nov/2022:05:13:41 -0500] "HEAD / HTTP/1.1" 200 -
201.245.192.253 - - [24/Nov/2022:05:14:27 -0500] "POST /kwsrmcab/Wsrmcab  HTTP/1.1" 200 42393
66.249.73.127 - - [24/Nov/2022:05:15:12 -0500] "-" 408 -
172.22.2.4 - - [24/Nov/2022:05:14:37 -0500] "HEAD /BLA/boletinlegal/ HTTP/1.1" 200 -
172.22.2.4 - - [24/Nov/2022:05:15:27 -0500] "GET /BLA/boletinlegal/ HTTP/1.1" 200 56474
216.245.221.92 - - [24/Nov/2022:05:18:41 -0500] "HEAD / HTTP/1.1" 200 -
201.245.192.253 - - [24/Nov/2022:05:19:26 -0500] "POST /kwsrmcab/Wsrmcab  HTTP/1.1" 200 42393
201.245.192.253 - - [24/Nov/2022:05:20:42 -0500] "POST /kwsrmcab/Wsrmcab HTTP/1.1" 200 43614
201.245.192.253 - - [24/Nov/2022:05:20:45 -0500] "POST /kwsrmcab/Wsrmcab HTTP/1.1" 200 43496
172.22.2.4 - - [24/Nov/2022:05:21:37 -0500] "GET /BLA/boletinlegal/jurisprudencia/analisis/ANALISIST-257-96.docx HTTP/1.1" 304 -
172.22.2.4 - - [24/Nov/2022:05:20:27 -0500] "HEAD /BLA/boletinlegal/ HTTP/1.1" 200 -
172.22.2.4 - - [24/Nov/2022:05:21:17 -0500] "GET /BLA/boletinlegal/ HTTP/1.1" 200 57824
207.46.13.174 - - [24/Nov/2022:05:23:40 -0500] "GET /BLA/resoluciones/RESOLUCIONES%202020/1361.pdf HTTP/1.1" 304 -
216.245.221.92 - - [24/Nov/2022:05:23:41 -0500] "HEAD / HTTP/1.1" 200 -
201.245.192.253 - - [24/Nov/2022:05:24:23 -0500] "POST /kwsrmcab/Wsrmcab  HTTP/1.1" 200 42393
31.13.127.24 - - [24/Nov/2022:05:27:33 -0500] "GET /calidad-del-aire-consulta-el-borrador-de-decreto-para-la-construccion-de-las-zonas-urbanas-por-un-mejor-aire-zuma.html?fbclid=IwAR2-t_cCkvj2sn8hkHCO0odRQ2lggqDC8ykBtXdHldbiLkQK09G8GyxZ3ec HTTP/1.1" 200 981
172.22.2.4 - - [24/Nov/2022:05:26:17 -0500] "HEAD /BLA/boletinlegal/ HTTP/1.1" 200 -
92.118.39.78 - - [24/Nov/2022:05:28:16 -0500] "GET / HTTP/1.1" 200 319
216.245.221.92 - - [24/Nov/2022:05:28:41 -0500] "HEAD / HTTP/1.1" 200 -
172.22.2.4 - - [24/Nov/2022:05:27:07 -0500] "GET /BLA/boletinlegal/ HTTP/1.1" 200 57824
201.245.192.253 - - [24/Nov/2022:05:29:21 -0500] "POST /kwsrmcab/Wsrmcab  HTTP/1.1" 200 42393
201.245.192.253 - - [24/Nov/2022:05:30:42 -0500] "POST /kwsrmcab/Wsrmcab HTTP/1.1" 200 43614
201.245.192.253 - - [24/Nov/2022:05:30:44 -0500] "POST /kwsrmcab/Wsrmcab HTTP/1.1" 200 43496
185.119.81.109 - - [24/Nov/2022:05:33:40 -0500] "GET /portaldeninos/wp-login.php HTTP/1.1" 200 2592
185.119.81.109 - - [24/Nov/2022:05:33:41 -0500] "POST /portaldeninos/wp-login.php HTTP/1.1" 200 3605
216.245.221.92 - - [24/Nov/2022:05:33:41 -0500] "HEAD / HTTP/1.1" 200 -
172.22.2.4 - - [24/Nov/2022:05:32:07 -0500] "HEAD /BLA/boletinlegal/ HTTP/1.1" 200 -
201.245.192.253 - - [24/Nov/2022:05:34:21 -0500] "POST /kwsrmcab/Wsrmcab  HTTP/1.1" 200 42393
172.22.2.4 - - [24/Nov/2022:05:32:58 -0500] "GET /BLA/boletinlegal/ HTTP/1.1" 200 57824
157.55.39.39 - - [24/Nov/2022:05:34:50 -0500] "GET /BLA/resoluciones/index.php?dir=RESOLUCIONES+2002%2FRES+2002+651-700%2F HTTP/1.1" 200 12213
157.55.39.206 - - [24/Nov/2022:05:36:10 -0500] "GET /BLA/resoluciones/dlf/styles.css HTTP/1.1" 200 3049
157.55.39.206 - - [24/Nov/2022:05:38:11 -0500] "GET /bla/resoluciones/resoluciones%202020/2184.pdf HTTP/1.1" 200 396406
216.245.221.92 - - [24/Nov/2022:05:38:41 -0500] "HEAD / HTTP/1.1" 200 -
201.245.192.253 - - [24/Nov/2022:05:39:20 -0500] "POST /kwsrmcab/Wsrmcab  HTTP/1.1" 200 42393
172.22.2.4 - - [24/Nov/2022:05:37:57 -0500] "HEAD /BLA/boletinlegal/ HTTP/1.1" 200 -
172.22.2.4 - - [24/Nov/2022:05:38:47 -0500] "GET /BLA/boletinlegal/ HTTP/1.1" 200 59779
201.245.192.253 - - [24/Nov/2022:05:40:42 -0500] "POST /kwsrmcab/Wsrmcab HTTP/1.1" 200 43614
201.245.192.253 - - [24/Nov/2022:05:40:45 -0500] "POST /kwsrmcab/Wsrmcab HTTP/1.1" 200 43496
185.119.81.109 - - [24/Nov/2022:05:41:17 -0500] "GET /portaldeninos/wp-login.php HTTP/1.1" 200 2592
185.119.81.109 - - [24/Nov/2022:05:41:18 -0500] "POST /portaldeninos/wp-login.php HTTP/1.1" 200 3605
157.55.39.39 - - [24/Nov/2022:05:41:54 -0500] "GET /BLA/resoluciones/index.php?dir=AUTOS+2019%2F HTTP/1.1" 200 349340
191.156.55.46 - - [24/Nov/2022:05:42:37 -0500] "GET /galeria/galeria/jquery.fancybox.js?v=2.1.5 HTTP/1.1" 200 48706
191.156.51.2 - - [24/Nov/2022:05:42:37 -0500] "GET /galeria/galeria/jquery.fancybox.css?v=2.1.5 HTTP/1.1" 200 4895
191.156.52.13 - - [24/Nov/2022:05:42:37 -0500] "GET /BLA/boletinlegal/js/jquery.scrollShow.js HTTP/1.1" 200 4586
216.245.221.92 - - [24/Nov/2022:05:43:41 -0500] "HEAD / HTTP/1.1" 200 -
141.255.166.2 - - [24/Nov/2022:05:44:21 -0500] "GET / HTTP/1.1" 200 319
201.245.192.253 - - [24/Nov/2022:05:44:19 -0500] "POST /kwsrmcab/Wsrmcab  HTTP/1.1" 200 42393
170.64.130.161 - - [24/Nov/2022:05:44:53 -0500] "\x16\x03\x01" 400 226
170.64.130.161 - - [24/Nov/2022:05:44:54 -0500] "\x16\x03\x01" 400 226
170.64.130.161 - - [24/Nov/2022:05:44:54 -0500] "GET / HTTP/1.1" 200 319
172.22.2.4 - - [24/Nov/2022:05:43:47 -0500] "HEAD /BLA/boletinlegal/ HTTP/1.1" 200 -
66.249.73.100 - - [24/Nov/2022:05:46:07 -0500] "-" 408 -
172.22.2.4 - - [24/Nov/2022:05:44:37 -0500] "GET /BLA/boletinlegal/ HTTP/1.1" 200 57824
216.245.221.92 - - [24/Nov/2022:05:48:41 -0500] "HEAD / HTTP/1.1" 200 -
172.22.2.4 - - [24/Nov/2022:05:49:10 -0500] "GET /BLA/boletinlegal/actos.php HTTP/1.1" 200 9566
172.22.2.4 - - [24/Nov/2022:05:49:10 -0500] "GET /BLA/boletinlegal/styles2.css HTTP/1.1" 200 1838
172.22.2.4 - - [24/Nov/2022:05:49:10 -0500] "GET /BLA/boletinlegal/niceforms-default.css HTTP/1.1" 200 6694
172.22.2.4 - - [24/Nov/2022:05:49:10 -0500] "GET /BLA/boletinlegal/js/ajax_actos.js HTTP/1.1" 200 1322
172.22.2.4 - - [24/Nov/2022:05:49:10 -0500] "GET /BLA/boletinlegal/style.css HTTP/1.1" 200 9406
172.22.2.4 - - [24/Nov/2022:05:49:10 -0500] "GET /BLA/boletinlegal/niceforms.js HTTP/1.1" 200 22876
172.22.2.4 - - [24/Nov/2022:05:49:10 -0500] "GET /BLA/boletinlegal/js/jquery1.js HTTP/1.1" 200 29846
172.22.2.4 - - [24/Nov/2022:05:49:10 -0500] "GET /BLA/boletinlegal/js/lib.js HTTP/1.1" 200 6474
172.22.2.4 - - [24/Nov/2022:05:49:10 -0500] "GET /BLA/boletinlegal/js/popup.js HTTP/1.1" 200 1270
172.22.2.4 - - [24/Nov/2022:05:49:10 -0500] "GET /BLA/boletinlegal/images/cabezote%20BLEGAL.jpg HTTP/1.1" 200 118164
172.22.2.4 - - [24/Nov/2022:05:49:10 -0500] "GET /BLA/boletinlegal/images/subscribe-icon-big.png HTTP/1.1" 200 47702
172.22.2.4 - - [24/Nov/2022:05:49:10 -0500] "GET /BLA/boletinlegal/images/historia.png HTTP/1.1" 200 52775
172.22.2.4 - - [24/Nov/2022:05:49:10 -0500] "GET /BLA/boletinlegal/images/green-yellow-blue-pink-th.png HTTP/1.1" 200 7394
172.22.2.4 - - [24/Nov/2022:05:49:10 -0500] "GET /BLA/boletinlegal/images/registro-usuarios.png HTTP/1.1" 200 8106
172.22.2.4 - - [24/Nov/2022:05:49:10 -0500] "GET /BLA/boletinlegal/images/tel.png HTTP/1.1" 200 14477
172.22.2.4 - - [24/Nov/2022:05:49:10 -0500] "GET /BLA/boletinlegal/images/icono-email.png HTTP/1.1" 200 5544
172.22.2.4 - - [24/Nov/2022:05:49:10 -0500] "GET /BLA/boletinlegal/images/menu_lft.gif HTTP/1.1" 200 1713
172.22.2.4 - - [24/Nov/2022:05:49:10 -0500] "GET /BLA/boletinlegal/images/menu_rght.gif HTTP/1.1" 200 1627
172.22.2.4 - - [24/Nov/2022:05:49:10 -0500] "GET /BLA/boletinlegal/images/body_bg.jpg HTTP/1.1" 200 1601
172.22.2.4 - - [24/Nov/2022:05:49:10 -0500] "GET /BLA/boletinlegal/images/menu_bg.jpg HTTP/1.1" 200 620
172.22.2.4 - - [24/Nov/2022:05:49:10 -0500] "GET /BLA/boletinlegal/images/bg_top.jpg HTTP/1.1" 200 522
172.22.2.4 - - [24/Nov/2022:05:49:10 -0500] "GET /BLA/boletinlegal/images/hover.jpg HTTP/1.1" 200 640
172.22.2.4 - - [24/Nov/2022:05:49:11 -0500] "GET /BLA/boletinlegal/images/text.jpg HTTP/1.1" 200 568
172.22.2.4 - - [24/Nov/2022:05:49:11 -0500] "GET /BLA/boletinlegal/images/footer_bg.jpg HTTP/1.1" 200 586
172.22.2.4 - - [24/Nov/2022:05:49:11 -0500] "GET /BLA/boletinlegal/images/footer_bg_l.jpg HTTP/1.1" 200 776
172.22.2.4 - - [24/Nov/2022:05:49:11 -0500] "GET /BLA/boletinlegal/img/0.png HTTP/1.1" 200 110
172.22.2.4 - - [24/Nov/2022:05:49:11 -0500] "GET /BLA/boletinlegal/img/select-left.png HTTP/1.1" 200 263
172.22.2.4 - - [24/Nov/2022:05:49:11 -0500] "GET /BLA/boletinlegal/img/select-right.png HTTP/1.1" 200 44019
172.22.2.4 - - [24/Nov/2022:05:49:11 -0500] "GET /BLA/boletinlegal/img/button-left.png HTTP/1.1" 200 57071
172.22.2.4 - - [24/Nov/2022:05:49:11 -0500] "GET /BLA/boletinlegal/img/button.png HTTP/1.1" 200 43241
172.22.2.4 - - [24/Nov/2022:05:49:11 -0500] "GET /BLA/boletinlegal/img/button-right.png HTTP/1.1" 200 57878
172.22.2.4 - - [24/Nov/2022:05:49:11 -0500] "GET /BLA/boletinlegal/favicon.ico HTTP/1.1" 404 1230
201.245.192.253 - - [24/Nov/2022:05:49:18 -0500] "POST /kwsrmcab/Wsrmcab  HTTP/1.1" 200 42393
172.22.2.4 - - [24/Nov/2022:05:49:23 -0500] "GET /BLA/boletinlegal/consulta_actos.php?tipo=resoluciones&no=0232&usuario=&sector=&fecha=2018&resuelve= HTTP/1.1" 200 626
172.22.2.4 - - [24/Nov/2022:05:49:26 -0500] "GET /BLA/boletinlegal/consulta_actos.php?tipo=resoluciones&no=0232&usuario=&sector=&fecha=2018&resuelve= HTTP/1.1" 200 626
172.22.2.4 - - [24/Nov/2022:05:49:33 -0500] "GET /BLA/boletinlegal/consulta_actos.php?tipo=resoluciones&no=2332&usuario=&sector=&fecha=2018&resuelve= HTTP/1.1" 200 1140
172.22.2.4 - - [24/Nov/2022:05:49:34 -0500] "GET /BLA/boletinlegal/images/pdf.gif HTTP/1.1" 200 567
40.77.167.13 - - [24/Nov/2022:05:50:38 -0500] "GET /BLA/resoluciones/RESOLUCIONES%202021/1588.pdf HTTP/1.1" 200 442125
172.22.2.4 - - [24/Nov/2022:05:51:01 -0500] "GET /BLA/boletinlegal/consulta_actos.php?tipo=resoluciones&no=0631&usuario=&sector=&fecha=2015&resuelve= HTTP/1.1" 200 626
172.22.2.4 - - [24/Nov/2022:05:51:03 -0500] "GET /BLA/boletinlegal/consulta_actos.php?tipo=resoluciones&no=0631&usuario=&sector=&fecha=2015&resuelve= HTTP/1.1" 200 626
172.22.2.4 - - [24/Nov/2022:05:51:06 -0500] "GET /BLA/boletinlegal/consulta_actos.php?tipo=resoluciones&no=0631&usuario=&sector=&fecha=2015&resuelve= HTTP/1.1" 200 626
172.22.2.4 - - [24/Nov/2022:05:51:07 -0500] "GET /BLA/boletinlegal/consulta_actos.php?tipo=resoluciones&no=0631&usuario=&sector=&fecha=2015&resuelve= HTTP/1.1" 200 626
172.22.2.4 - - [24/Nov/2022:05:51:13 -0500] "GET /BLA/boletinlegal/jurisprudencia/analisis/AnalisisT-693-12.docx HTTP/1.1" 304 -
172.22.2.4 - - [24/Nov/2022:05:49:37 -0500] "HEAD /BLA/boletinlegal/ HTTP/1.1" 200 -
172.22.2.4 - - [24/Nov/2022:05:50:27 -0500] "GET /BLA/boletinlegal/ HTTP/1.1" 200 59779
157.55.39.67 - - [24/Nov/2022:05:52:29 -0500] "GET /BLA/boletinlegal/jurisprudencia/analisis/AnalisisT-606-15.docx HTTP/1.1" 304 -
172.22.2.4 - - [24/Nov/2022:05:52:37 -0500] "GET /BLA/boletinlegal/apple-touch-icon-precomposed.png HTTP/1.1" 404 1140
172.22.2.4 - - [24/Nov/2022:05:52:37 -0500] "GET /BLA/boletinlegal/apple-touch-icon.png HTTP/1.1" 404 1140
172.22.2.4 - - [24/Nov/2022:05:52:37 -0500] "GET /BLA/boletinlegal/favicon.ico HTTP/1.1" 404 1140
172.22.2.4 - - [24/Nov/2022:05:52:08 -0500] "GET /BLA/boletinlegal/ HTTP/1.1" 200 49099
216.245.221.92 - - [24/Nov/2022:05:53:41 -0500] "HEAD / HTTP/1.1" 200 -
201.245.192.253 - - [24/Nov/2022:05:54:17 -0500] "POST /kwsrmcab/Wsrmcab  HTTP/1.1" 200 42393
66.249.73.127 - - [24/Nov/2022:05:56:32 -0500] "-" 408 -
172.22.2.4 - - [24/Nov/2022:05:55:27 -0500] "HEAD /BLA/boletinlegal/ HTTP/1.1" 200 -
40.77.167.13 - - [24/Nov/2022:05:57:39 -0500] "GET /BLA/resoluciones/RESOLUCIONES%202022/0613.pdf HTTP/1.1" 200 355730
185.246.221.138 - - [24/Nov/2022:05:57:41 -0500] "POST /boaform/admin/formLogin HTTP/1.1" 404 1186
172.22.2.4 - - [24/Nov/2022:05:56:17 -0500] "GET /BLA/boletinlegal/ HTTP/1.1" 200 59779
40.77.167.13 - - [24/Nov/2022:05:58:39 -0500] "GET /bla/resoluciones/resoluciones%202020/2608.pdf HTTP/1.1" 200 336241
216.245.221.92 - - [24/Nov/2022:05:58:41 -0500] "HEAD / HTTP/1.1" 200 -
201.245.192.253 - - [24/Nov/2022:05:59:16 -0500] "POST /kwsrmcab/Wsrmcab  HTTP/1.1" 200 42393
13.66.139.8 - - [24/Nov/2022:06:02:23 -0500] "GET /Publicaciones/2022EE30163.pdf HTTP/1.1" 404 227
172.22.2.4 - - [24/Nov/2022:06:01:17 -0500] "HEAD /BLA/boletinlegal/ HTTP/1.1" 200 -
216.245.221.92 - - [24/Nov/2022:06:03:41 -0500] "HEAD / HTTP/1.1" 200 -
172.22.2.4 - - [24/Nov/2022:06:02:07 -0500] "GET /BLA/boletinlegal/ HTTP/1.1" 200 59779
201.245.192.253 - - [24/Nov/2022:06:04:15 -0500] "POST /kwsrmcab/Wsrmcab  HTTP/1.1" 200 42393
191.156.144.154 - - [24/Nov/2022:06:06:02 -0500] "GET /semana-ecoempresarial-herramientas-para-que-el-sector-economico-de-bogota-pueda-tener-un-crecimiento-verde.html HTTP/1.1" 200 918
216.245.221.92 - - [24/Nov/2022:06:08:41 -0500] "HEAD / HTTP/1.1" 200 -
172.22.2.4 - - [24/Nov/2022:06:07:07 -0500] "HEAD /BLA/boletinlegal/ HTTP/1.1" 200 -
201.245.192.253 - - [24/Nov/2022:06:09:14 -0500] "POST /kwsrmcab/Wsrmcab  HTTP/1.1" 200 42393
172.22.2.4 - - [24/Nov/2022:06:07:57 -0500] "GET /BLA/boletinlegal/ HTTP/1.1" 200 59779
172.22.2.4 - - [24/Nov/2022:06:13:19 -0500] "GET /BLA/boletinlegal/actos.php HTTP/1.1" 200 9566
172.22.2.4 - - [24/Nov/2022:06:13:33 -0500] "GET /BLA/boletinlegal/js/jquery1.js HTTP/1.1" 200 29846
172.22.2.4 - - [24/Nov/2022:06:13:33 -0500] "GET /BLA/boletinlegal/js/popup.js HTTP/1.1" 200 1270
66.249.73.127 - - [24/Nov/2022:06:13:34 -0500] "-" 408 -
172.22.2.4 - - [24/Nov/2022:06:13:37 -0500] "GET /BLA/boletinlegal/js/lib.js HTTP/1.1" 200 6474
172.22.2.4 - - [24/Nov/2022:06:13:37 -0500] "GET /BLA/boletinlegal/niceforms-default.css HTTP/1.1" 200 6694
172.22.2.4 - - [24/Nov/2022:06:13:37 -0500] "GET /BLA/boletinlegal/niceforms.js HTTP/1.1" 200 22876
216.245.221.92 - - [24/Nov/2022:06:13:41 -0500] "HEAD / HTTP/1.1" 200 -
172.22.2.4 - - [24/Nov/2022:06:13:42 -0500] "GET /BLA/boletinlegal/js/ajax_actos.js HTTP/1.1" 200 1322
201.245.192.253 - - [24/Nov/2022:06:14:13 -0500] "POST /kwsrmcab/Wsrmcab  HTTP/1.1" 200 42393
172.22.2.4 - - [24/Nov/2022:06:12:57 -0500] "HEAD /BLA/boletinlegal/ HTTP/1.1" 200 -
172.22.2.4 - - [24/Nov/2022:06:13:47 -0500] "GET /BLA/boletinlegal/ HTTP/1.1" 200 57824
216.245.221.92 - - [24/Nov/2022:06:18:41 -0500] "HEAD / HTTP/1.1" 200 -
201.245.192.253 - - [24/Nov/2022:06:19:12 -0500] "POST /kwsrmcab/Wsrmcab  HTTP/1.1" 200 42393
172.22.2.4 - - [24/Nov/2022:06:20:08 -0500] "GET /BLA/boletinlegal/actos.php HTTP/1.1" 200 9566
172.22.2.4 - - [24/Nov/2022:06:20:08 -0500] "GET /BLA/boletinlegal/favicon.ico HTTP/1.1" 404 1326
172.22.2.4 - - [24/Nov/2022:06:20:13 -0500] "GET /BLA/boletinlegal/consulta_actos.php?tipo=resoluciones&no=0496&usuario=&sector=&fecha=2022&resuelve= HTTP/1.1" 200 1101
186.154.67.16 - - [24/Nov/2022:06:20:15 -0500] "GET /BLA/resoluciones/RESOLUCIONES%202022/0496.pdf HTTP/1.1" 200 933695
172.22.2.4 - - [24/Nov/2022:06:18:47 -0500] "HEAD /BLA/boletinlegal/ HTTP/1.1" 200 -
201.245.192.253 - - [24/Nov/2022:06:20:42 -0500] "POST /kwsrmcab/Wsrmcab HTTP/1.1" 200 43640
201.245.192.253 - - [24/Nov/2022:06:20:45 -0500] "POST /kwsrmcab/Wsrmcab HTTP/1.1" 200 43530
172.22.2.4 - - [24/Nov/2022:06:20:50 -0500] "GET /BLA/boletinlegal/robots.txt HTTP/1.1" 404 1038
172.22.2.4 - - [24/Nov/2022:06:20:50 -0500] "GET /BLA/boletinlegal/Directivas/2018/Directiva%20No.%2026%20del%2028%20de%20diciembre%20de%202018.pdf HTTP/1.1" 304 -
172.22.2.4 - - [24/Nov/2022:06:19:37 -0500] "GET /BLA/boletinlegal/ HTTP/1.1" 200 47188
157.55.39.39 - - [24/Nov/2022:06:21:34 -0500] "GET /BLA/resoluciones/index.php?dir=AUTOS+2019%2F HTTP/1.1" 200 349340
172.22.2.4 - - [24/Nov/2022:06:20:05 -0500] "GET /BLA/boletinlegal/ HTTP/1.1" 200 48801
66.249.73.127 - - [24/Nov/2022:06:23:29 -0500] "-" 408 -
216.245.221.92 - - [24/Nov/2022:06:23:41 -0500] "HEAD / HTTP/1.1" 200 -
201.245.192.253 - - [24/Nov/2022:06:24:09 -0500] "POST /kwsrmcab/Wsrmcab  HTTP/1.1" 200 42393
207.46.13.194 - - [24/Nov/2022:06:25:26 -0500] "GET /BLA/resoluciones/AUTOS%202017/0751.pdf HTTP/1.1" 304 -
172.22.2.4 - - [24/Nov/2022:06:24:37 -0500] "HEAD /BLA/boletinlegal/ HTTP/1.1" 200 -
172.22.2.4 - - [24/Nov/2022:06:25:27 -0500] "GET /BLA/boletinlegal/ HTTP/1.1" 200 56079
216.245.221.92 - - [24/Nov/2022:06:28:41 -0500] "HEAD / HTTP/1.1" 200 -
201.245.192.253 - - [24/Nov/2022:06:29:08 -0500] "POST /kwsrmcab/Wsrmcab  HTTP/1.1" 200 42393
66.249.73.127 - - [24/Nov/2022:06:30:04 -0500] "-" 408 -
201.245.192.253 - - [24/Nov/2022:06:30:42 -0500] "POST /kwsrmcab/Wsrmcab HTTP/1.1" 200 43640
201.245.192.253 - - [24/Nov/2022:06:30:44 -0500] "POST /kwsrmcab/Wsrmcab HTTP/1.1" 200 43530
172.22.2.4 - - [24/Nov/2022:06:30:27 -0500] "HEAD /BLA/boletinlegal/ HTTP/1.1" 200 -
191.95.151.52 - - [24/Nov/2022:06:32:54 -0500] "GET /galeria/galeria/jquery.fancybox.css?v=2.1.5 HTTP/1.1" 200 4895
191.95.151.52 - - [24/Nov/2022:06:32:54 -0500] "GET /galeria/galeria/jquery.fancybox.js?v=2.1.5 HTTP/1.1" 200 48706
191.95.151.52 - - [24/Nov/2022:06:32:54 -0500] "GET /BLA/boletinlegal/js/jquery.scrollShow.js HTTP/1.1" 200 4586
172.22.2.4 - - [24/Nov/2022:06:31:17 -0500] "GET /BLA/boletinlegal/ HTTP/1.1" 200 56079
216.245.221.92 - - [24/Nov/2022:06:33:41 -0500] "HEAD / HTTP/1.1" 200 -
201.245.192.253 - - [24/Nov/2022:06:34:07 -0500] "POST /kwsrmcab/Wsrmcab  HTTP/1.1" 200 42393
186.155.18.136 - - [24/Nov/2022:06:34:18 -0500] "GET /vota-por-bogota-en-we-love-cities-pioneros-en-sostenibilidad.html HTTP/1.1" 200 850
172.22.2.4 - - [24/Nov/2022:06:35:54 -0500] "GET /BLA/boletinlegal/style.css HTTP/1.1" 200 9406
172.22.2.4 - - [24/Nov/2022:06:35:54 -0500] "GET /BLA/boletinlegal/styles2.css HTTP/1.1" 200 1838
172.22.2.4 - - [24/Nov/2022:06:35:54 -0500] "GET /BLA/boletinlegal/js/jquery.js HTTP/1.1" 200 57254
172.22.2.4 - - [24/Nov/2022:06:35:54 -0500] "GET /BLA/boletinlegal/js/jquery.scrollTo-min.js HTTP/1.1" 200 1150
172.22.2.4 - - [24/Nov/2022:06:35:54 -0500] "GET /BLA/boletinlegal/js/jquery.scrollShow.js HTTP/1.1" 200 4586
172.22.2.4 - - [24/Nov/2022:06:35:54 -0500] "GET /BLA/boletinlegal/images/cabezote%20BLEGAL.jpg HTTP/1.1" 200 118164
172.22.2.4 - - [24/Nov/2022:06:35:54 -0500] "GET /BLA/boletinlegal/images/subscribe-icon-big.png HTTP/1.1" 200 47702
172.22.2.4 - - [24/Nov/2022:06:35:54 -0500] "GET /BLA/boletinlegal/images/arr_l.jpg HTTP/1.1" 200 1979
172.22.2.4 - - [24/Nov/2022:06:35:54 -0500] "GET /BLA/boletinlegal/images/registro-usuarios.png HTTP/1.1" 200 8106
172.22.2.4 - - [24/Nov/2022:06:35:54 -0500] "GET /BLA/boletinlegal/images/historia.png HTTP/1.1" 200 52775
172.22.2.4 - - [24/Nov/2022:06:35:54 -0500] "GET /BLA/boletinlegal/images/screen_1.png HTTP/1.1" 200 202547
172.22.2.4 - - [24/Nov/2022:06:35:54 -0500] "GET /BLA/boletinlegal/images/launch.jpg HTTP/1.1" 200 14577
172.22.2.4 - - [24/Nov/2022:06:35:54 -0500] "GET /BLA/boletinlegal/images/body_bg.jpg HTTP/1.1" 200 1601
172.22.2.4 - - [24/Nov/2022:06:35:54 -0500] "GET /BLA/boletinlegal/images/menu_lft.gif HTTP/1.1" 200 1713
172.22.2.4 - - [24/Nov/2022:06:35:54 -0500] "GET /BLA/boletinlegal/images/menu_rght.gif HTTP/1.1" 200 1627
172.22.2.4 - - [24/Nov/2022:06:35:54 -0500] "GET /BLA/boletinlegal/images/bg_top.jpg HTTP/1.1" 200 522
172.22.2.4 - - [24/Nov/2022:06:35:54 -0500] "GET /BLA/boletinlegal/images/menu_bg.jpg HTTP/1.1" 200 620
172.22.2.4 - - [24/Nov/2022:06:35:54 -0500] "GET /BLA/boletinlegal/images/text.jpg HTTP/1.1" 200 568
172.22.2.4 - - [24/Nov/2022:06:35:54 -0500] "GET /BLA/boletinlegal/images/hover.jpg HTTP/1.1" 200 640
172.22.2.4 - - [24/Nov/2022:06:36:01 -0500] "GET /BLA/boletinlegal/images/screen_3.png HTTP/1.1" 200 210620
172.22.2.4 - - [24/Nov/2022:06:36:01 -0500] "GET /BLA/boletinlegal/images/screen_2.png HTTP/1.1" 200 362502
172.22.2.4 - - [24/Nov/2022:06:36:01 -0500] "GET /BLA/boletinlegal/images/screen_5.png HTTP/1.1" 200 368876
172.22.2.4 - - [24/Nov/2022:06:36:01 -0500] "GET /BLA/boletinlegal/images/arr_r.jpg HTTP/1.1" 200 1998
172.22.2.4 - - [24/Nov/2022:06:36:01 -0500] "GET /BLA/boletinlegal/images/footer_bg.jpg HTTP/1.1" 200 586
172.22.2.4 - - [24/Nov/2022:06:36:02 -0500] "GET /BLA/boletinlegal/conceptos.php HTTP/1.1" 200 7450
172.22.2.4 - - [24/Nov/2022:06:36:02 -0500] "GET /BLA/boletinlegal/js/ajax_conceptos.js HTTP/1.1" 200 1326
172.22.2.4 - - [24/Nov/2022:06:36:02 -0500] "GET /BLA/boletinlegal/niceforms-default.css HTTP/1.1" 200 6694
172.22.2.4 - - [24/Nov/2022:06:36:02 -0500] "GET /BLA/boletinlegal/images/tel.png HTTP/1.1" 200 14477
172.22.2.4 - - [24/Nov/2022:06:36:02 -0500] "GET /BLA/boletinlegal/niceforms.js HTTP/1.1" 200 22876
172.22.2.4 - - [24/Nov/2022:06:36:02 -0500] "GET /BLA/boletinlegal/images/icono-email.png HTTP/1.1" 200 5544
172.22.2.4 - - [24/Nov/2022:06:36:02 -0500] "GET /BLA/boletinlegal/images/footer_bg_l.jpg HTTP/1.1" 200 776
172.22.2.4 - - [24/Nov/2022:06:36:02 -0500] "GET /BLA/boletinlegal/img/select-left.png HTTP/1.1" 200 263
172.22.2.4 - - [24/Nov/2022:06:36:02 -0500] "GET /BLA/boletinlegal/img/button-left.png HTTP/1.1" 200 57071
172.22.2.4 - - [24/Nov/2022:06:36:02 -0500] "GET /BLA/boletinlegal/img/select-right.png HTTP/1.1" 200 44019
172.22.2.4 - - [24/Nov/2022:06:36:02 -0500] "GET /BLA/boletinlegal/img/button.png HTTP/1.1" 200 43241
172.22.2.4 - - [24/Nov/2022:06:36:02 -0500] "GET /BLA/boletinlegal/img/0.png HTTP/1.1" 200 110
172.22.2.4 - - [24/Nov/2022:06:36:02 -0500] "GET /BLA/boletinlegal/img/button-right.png HTTP/1.1" 200 57878
172.22.2.4 - - [24/Nov/2022:06:36:02 -0500] "GET /BLA/boletinlegal/favicon.ico HTTP/1.1" 404 1334
172.22.2.4 - - [24/Nov/2022:06:36:05 -0500] "GET /BLA/boletinlegal/consulta_conceptos.php?no=&solicitante=&radicado_entrada=&fecha_concepto=2022&objeto= HTTP/1.1" 200 28368
172.22.2.4 - - [24/Nov/2022:06:36:05 -0500] "GET /BLA/boletinlegal/images/background.gif HTTP/1.1" 200 -
172.22.2.4 - - [24/Nov/2022:06:36:05 -0500] "GET /BLA/boletinlegal/images/pdf.gif HTTP/1.1" 200 567
172.22.2.4 - - [24/Nov/2022:06:36:17 -0500] "GET /BLA/boletinlegal/conceptos/2022/41.pdf HTTP/1.1" 200 384539
172.22.2.4 - - [24/Nov/2022:06:35:54 -0500] "GET /BLA/boletinlegal/ HTTP/1.1" 200 32715
172.22.2.4 - - [24/Nov/2022:06:36:45 -0500] "GET /BLA/boletinlegal/actos.php HTTP/1.1" 200 9566
172.22.2.4 - - [24/Nov/2022:06:36:45 -0500] "GET /BLA/boletinlegal/styles2.css HTTP/1.1" 200 1838
172.22.2.4 - - [24/Nov/2022:06:36:45 -0500] "GET /BLA/boletinlegal/js/ajax_actos.js HTTP/1.1" 200 1322
172.22.2.4 - - [24/Nov/2022:06:36:45 -0500] "GET /BLA/boletinlegal/niceforms.js HTTP/1.1" 200 22876
172.22.2.4 - - [24/Nov/2022:06:36:45 -0500] "GET /BLA/boletinlegal/niceforms-default.css HTTP/1.1" 200 6694
172.22.2.4 - - [24/Nov/2022:06:36:45 -0500] "GET /BLA/boletinlegal/style.css HTTP/1.1" 200 9406
172.22.2.4 - - [24/Nov/2022:06:36:45 -0500] "GET /BLA/boletinlegal/js/lib.js HTTP/1.1" 200 6474
172.22.2.4 - - [24/Nov/2022:06:36:45 -0500] "GET /BLA/boletinlegal/js/popup.js HTTP/1.1" 200 1270
172.22.2.4 - - [24/Nov/2022:06:36:45 -0500] "GET /BLA/boletinlegal/js/jquery1.js HTTP/1.1" 200 29846
172.22.2.4 - - [24/Nov/2022:06:36:45 -0500] "GET /BLA/boletinlegal/images/cabezote%20BLEGAL.jpg HTTP/1.1" 200 118164
172.22.2.4 - - [24/Nov/2022:06:36:45 -0500] "GET /BLA/boletinlegal/images/subscribe-icon-big.png HTTP/1.1" 200 47702
172.22.2.4 - - [24/Nov/2022:06:36:45 -0500] "GET /BLA/boletinlegal/images/historia.png HTTP/1.1" 200 52775
172.22.2.4 - - [24/Nov/2022:06:36:45 -0500] "GET /BLA/boletinlegal/images/registro-usuarios.png HTTP/1.1" 200 8106
172.22.2.4 - - [24/Nov/2022:06:36:45 -0500] "GET /BLA/boletinlegal/images/tel.png HTTP/1.1" 200 14477
172.22.2.4 - - [24/Nov/2022:06:36:45 -0500] "GET /BLA/boletinlegal/images/icono-email.png HTTP/1.1" 200 5544
172.22.2.4 - - [24/Nov/2022:06:36:45 -0500] "GET /BLA/boletinlegal/images/green-yellow-blue-pink-th.png HTTP/1.1" 200 7394
172.22.2.4 - - [24/Nov/2022:06:36:45 -0500] "GET /BLA/boletinlegal/images/menu_lft.gif HTTP/1.1" 200 1713
172.22.2.4 - - [24/Nov/2022:06:36:45 -0500] "GET /BLA/boletinlegal/images/body_bg.jpg HTTP/1.1" 200 1601
172.22.2.4 - - [24/Nov/2022:06:36:45 -0500] "GET /BLA/boletinlegal/images/menu_rght.gif HTTP/1.1" 200 1627
172.22.2.4 - - [24/Nov/2022:06:36:45 -0500] "GET /BLA/boletinlegal/images/bg_top.jpg HTTP/1.1" 200 522
172.22.2.4 - - [24/Nov/2022:06:36:45 -0500] "GET /BLA/boletinlegal/images/menu_bg.jpg HTTP/1.1" 200 620
172.22.2.4 - - [24/Nov/2022:06:36:45 -0500] "GET /BLA/boletinlegal/images/hover.jpg HTTP/1.1" 200 640
172.22.2.4 - - [24/Nov/2022:06:36:45 -0500] "GET /BLA/boletinlegal/images/text.jpg HTTP/1.1" 200 568
172.22.2.4 - - [24/Nov/2022:06:36:45 -0500] "GET /BLA/boletinlegal/images/footer_bg.jpg HTTP/1.1" 200 586
172.22.2.4 - - [24/Nov/2022:06:36:46 -0500] "GET /BLA/boletinlegal/images/footer_bg_l.jpg HTTP/1.1" 200 776
172.22.2.4 - - [24/Nov/2022:06:36:46 -0500] "GET /BLA/boletinlegal/img/0.png HTTP/1.1" 200 110
172.22.2.4 - - [24/Nov/2022:06:36:46 -0500] "GET /BLA/boletinlegal/img/select-left.png HTTP/1.1" 200 263
172.22.2.4 - - [24/Nov/2022:06:36:46 -0500] "GET /BLA/boletinlegal/img/button-right.png HTTP/1.1" 200 57878
172.22.2.4 - - [24/Nov/2022:06:36:46 -0500] "GET /BLA/boletinlegal/img/button-left.png HTTP/1.1" 200 57071
172.22.2.4 - - [24/Nov/2022:06:36:46 -0500] "GET /BLA/boletinlegal/img/button.png HTTP/1.1" 200 43241
172.22.2.4 - - [24/Nov/2022:06:36:46 -0500] "GET /BLA/boletinlegal/img/select-right.png HTTP/1.1" 200 44019
66.249.73.127 - - [24/Nov/2022:06:36:58 -0500] "-" 408 -
172.22.2.4 - - [24/Nov/2022:06:37:14 -0500] "GET /BLA/boletinlegal/consulta_actos.php?tipo=resoluciones&no=&usuario=&sector=PEV&fecha=2022&resuelve= HTTP/1.1" 200 1843157
172.22.2.4 - - [24/Nov/2022:06:37:15 -0500] "GET /BLA/boletinlegal/images/pdf.gif HTTP/1.1" 200 567
172.22.2.4 - - [24/Nov/2022:06:37:15 -0500] "GET /BLA/boletinlegal/images/background.gif HTTP/1.1" 200 -
190.253.168.233 - - [24/Nov/2022:06:37:30 -0500] "GET /BLA/resoluciones/RESOLUCIONES%202022/3454.pdf HTTP/1.1" 200 1779237
172.22.2.4 - - [24/Nov/2022:06:36:17 -0500] "HEAD /BLA/boletinlegal/ HTTP/1.1" 200 -
216.245.221.92 - - [24/Nov/2022:06:38:41 -0500] "HEAD / HTTP/1.1" 200 -
172.22.2.4 - - [24/Nov/2022:06:37:07 -0500] "GET /BLA/boletinlegal/ HTTP/1.1" 200 57824
201.245.192.253 - - [24/Nov/2022:06:39:05 -0500] "POST /kwsrmcab/Wsrmcab  HTTP/1.1" 200 42393
31.13.127.14 - - [24/Nov/2022:06:40:13 -0500] "GET /calidad-del-aire-consulta-el-borrador-de-decreto-para-la-construccion-de-las-zonas-urbanas-por-un-mejor-aire-zuma.html?fbclid=IwAR0DzYSav9IyGui-C07URblpI1yAwnk3qNJh9T87ipDuWnaOtt6m_mqDOsI HTTP/1.1" 200 981
201.245.192.253 - - [24/Nov/2022:06:40:42 -0500] "POST /kwsrmcab/Wsrmcab HTTP/1.1" 200 43640
201.245.192.253 - - [24/Nov/2022:06:40:45 -0500] "POST /kwsrmcab/Wsrmcab HTTP/1.1" 200 43530
157.55.39.39 - - [24/Nov/2022:06:41:15 -0500] "GET /BLA/resoluciones/index.php?dir=AUTOS+2018%2F HTTP/1.1" 200 441328
186.154.121.119 - - [24/Nov/2022:06:42:46 -0500] "GET /BLA/resoluciones/ HTTP/1.1" 200 13093
66.249.73.127 - - [24/Nov/2022:06:43:13 -0500] "-" 408 -
186.154.121.119 - - [24/Nov/2022:06:43:29 -0500] "GET /BLA/resoluciones/index.php?dir=RESOLUCIONES+2017%2F HTTP/1.1" 200 284786
216.245.221.92 - - [24/Nov/2022:06:43:41 -0500] "HEAD / HTTP/1.1" 200 -
172.22.2.4 - - [24/Nov/2022:06:42:07 -0500] "HEAD /BLA/boletinlegal/ HTTP/1.1" 200 -
201.245.192.253 - - [24/Nov/2022:06:44:04 -0500] "POST /kwsrmcab/Wsrmcab  HTTP/1.1" 200 42393
172.22.2.4 - - [24/Nov/2022:06:42:57 -0500] "GET /BLA/boletinlegal/ HTTP/1.1" 200 58185
173.252.79.19 - - [24/Nov/2022:06:48:29 -0500] "GET /images/jardines-verticales-plantas-24-mayo.jpg HTTP/1.1" 200 148288
216.245.221.92 - - [24/Nov/2022:06:48:41 -0500] "HEAD / HTTP/1.1" 200 -
201.245.192.253 - - [24/Nov/2022:06:49:02 -0500] "POST /kwsrmcab/Wsrmcab  HTTP/1.1" 200 42393
94.102.61.10 - - [24/Nov/2022:06:49:07 -0500] "GET /portaldeninos/ HTTP/1.1" 200 14393
66.249.73.127 - - [24/Nov/2022:06:49:21 -0500] "-" 408 -
172.22.2.4 - - [24/Nov/2022:06:47:57 -0500] "HEAD /BLA/boletinlegal/ HTTP/1.1" 200 -
172.22.2.4 - - [24/Nov/2022:06:48:47 -0500] "GET /BLA/boletinlegal/ HTTP/1.1" 200 54452
172.22.2.4 - - [24/Nov/2022:06:49:39 -0500] "GET /BLA/boletinlegal/ HTTP/1.1" 200 59779
216.245.221.92 - - [24/Nov/2022:06:53:41 -0500] "HEAD / HTTP/1.1" 200 -
201.245.192.253 - - [24/Nov/2022:06:54:01 -0500] "POST /kwsrmcab/Wsrmcab  HTTP/1.1" 200 42393
172.22.2.4 - - [24/Nov/2022:06:53:47 -0500] "HEAD /BLA/boletinlegal/ HTTP/1.1" 200 -
172.22.2.4 - - [24/Nov/2022:06:54:37 -0500] "GET /BLA/boletinlegal/ HTTP/1.1" 200 59035
216.245.221.92 - - [24/Nov/2022:06:58:41 -0500] "HEAD / HTTP/1.1" 200 -
201.245.192.253 - - [24/Nov/2022:06:59:00 -0500] "POST /kwsrmcab/Wsrmcab  HTTP/1.1" 200 42393
108.174.5.112 - - [24/Nov/2022:06:59:31 -0500] "GET /que-orgullo-bogota-obtiene-reconocimiento-por-sus-planes-y-acciones-para-enfrentar-el-cambio-climatico.html HTTP/1.1" 206 773
40.77.167.13 - - [24/Nov/2022:06:59:45 -0500] "GET /portaldeninos/humedal-capellania-2/ HTTP/1.1" 200 87949
69.63.184.118 - - [24/Nov/2022:07:00:04 -0500] "GET /images/Musgo%20SDA%20(1)%20(1).png HTTP/1.1" 200 302122
191.156.55.110 - - [24/Nov/2022:07:01:10 -0500] "GET /catalogoisis/ HTTP/1.1" 200 8575
191.156.55.110 - - [24/Nov/2022:07:01:10 -0500] "GET /catalogoisis/Css/Busqueda.css HTTP/1.1" 200 1995
191.156.55.110 - - [24/Nov/2022:07:01:10 -0500] "GET /catalogoisis/Js/AceptarLimpiar.js HTTP/1.1" 200 331
191.156.55.110 - - [24/Nov/2022:07:01:10 -0500] "GET /catalogoisis/Js/Go.js HTTP/1.1" 200 364
191.156.51.141 - - [24/Nov/2022:07:01:10 -0500] "GET /catalogoisis/Js/LimpiarCombinada.js HTTP/1.1" 200 207
191.156.51.193 - - [24/Nov/2022:07:01:10 -0500] "GET /catalogoisis/Js/CriterioCombinada.js HTTP/1.1" 200 1843
191.156.51.128 - - [24/Nov/2022:07:01:10 -0500] "GET /catalogoisis/Js/Remote.js HTTP/1.1" 200 436
191.156.59.225 - - [24/Nov/2022:07:01:10 -0500] "GET /catalogoisis/Js/Cookies.js HTTP/1.1" 200 1369
191.156.55.110 - - [24/Nov/2022:07:01:10 -0500] "GET /catalogoisis/Js/Enter.js HTTP/1.1" 200 1208
191.156.55.110 - - [24/Nov/2022:07:01:10 -0500] "GET /catalogoisis/Js/Numero.js HTTP/1.1" 200 398
191.156.55.110 - - [24/Nov/2022:07:01:10 -0500] "GET /catalogoisis/imagenes/br1c1.gif HTTP/1.1" 200 172
191.156.51.128 - - [24/Nov/2022:07:01:10 -0500] "GET /catalogoisis/imagenes/Turnbo1.gif HTTP/1.1" 200 227
191.156.59.225 - - [24/Nov/2022:07:01:10 -0500] "GET /catalogoisis/imagenes/br1c3.gif HTTP/1.1" 200 302
191.156.51.141 - - [24/Nov/2022:07:01:10 -0500] "GET /catalogoisis/imagenes/limpiar1.gif HTTP/1.1" 200 606
191.156.51.193 - - [24/Nov/2022:07:01:10 -0500] "GET /catalogoisis/imagenes/aceptar1.gif HTTP/1.1" 200 604
191.156.55.110 - - [24/Nov/2022:07:01:10 -0500] "GET /catalogoisis/imagenes/br2c2.gif HTTP/1.1" 200 302
191.156.51.128 - - [24/Nov/2022:07:01:10 -0500] "GET /catalogoisis/imagenes/br3c2.gif HTTP/1.1" 200 285
191.156.55.110 - - [24/Nov/2022:07:01:10 -0500] "GET /catalogoisis/imagenes/Header.gif HTTP/1.1" 200 30313
191.156.51.141 - - [24/Nov/2022:07:01:11 -0500] "GET /catalogoisis/imagenes/br3c1.gif HTTP/1.1" 200 177
191.156.51.193 - - [24/Nov/2022:07:01:11 -0500] "GET /catalogoisis/imagenes/br2c1.gif HTTP/1.1" 200 297
191.156.59.225 - - [24/Nov/2022:07:01:11 -0500] "GET /catalogoisis/imagenes/br1c2.gif HTTP/1.1" 200 297
191.156.55.110 - - [24/Nov/2022:07:01:11 -0500] "GET /catalogoisis/imagenes/br2c3.gif HTTP/1.1" 200 416
191.156.51.128 - - [24/Nov/2022:07:01:11 -0500] "GET /catalogoisis/imagenes/br3c3.gif HTTP/1.1" 200 186
191.156.51.128 - - [24/Nov/2022:07:01:11 -0500] "GET /favicon.ico HTTP/1.1" 200 7782
172.22.2.4 - - [24/Nov/2022:06:59:37 -0500] "HEAD /BLA/boletinlegal/ HTTP/1.1" 200 -
181.55.7.185 - - [24/Nov/2022:07:01:33 -0500] "GET /calidad-del-aire-consulta-el-borrador-de-decreto-para-el-ascenso-tecnologico-del-transporte-de-carga-en-bogota.html?fbclid=PAAaZiIqjiLx9p3PNovnEfs529ERjceZqXVDY1hmhsxejovmLEb2ohzxIvILQ HTTP/1.1" 200 913
172.22.2.4 - - [24/Nov/2022:07:00:27 -0500] "GET /BLA/boletinlegal/ HTTP/1.1" 200 55272
216.245.221.92 - - [24/Nov/2022:07:03:41 -0500] "HEAD / HTTP/1.1" 200 -
201.245.192.253 - - [24/Nov/2022:07:03:58 -0500] "POST /kwsrmcab/Wsrmcab  HTTP/1.1" 200 42393
157.55.39.39 - - [24/Nov/2022:07:04:28 -0500] "GET /BLA/resoluciones/index.php?dir=AUTOS+2019%2F HTTP/1.1" 200 349340
186.80.52.172 - - [24/Nov/2022:07:05:08 -0500] "GET /appsia/controlador HTTP/1.1" 200 4799
186.80.52.172 - - [24/Nov/2022:07:05:42 -0500] "POST /appsia/controlador HTTP/1.1" 200 5437
186.80.52.172 - - [24/Nov/2022:07:05:44 -0500] "POST /appsia/controlador HTTP/1.1" 200 7769
186.80.52.172 - - [24/Nov/2022:07:05:45 -0500] "POST /appsia/controlador HTTP/1.1" 200 6634
186.80.52.172 - - [24/Nov/2022:07:05:47 -0500] "POST /appsia/controlador HTTP/1.1" 200 11314
186.80.52.172 - - [24/Nov/2022:07:06:24 -0500] "POST /appsia/controlador HTTP/1.1" 200 7769
186.80.52.172 - - [24/Nov/2022:07:06:26 -0500] "POST /appsia/controlador HTTP/1.1" 200 5437
186.80.52.172 - - [24/Nov/2022:07:06:28 -0500] "POST /appsia/controlador HTTP/1.1" 200 4799
172.22.2.4 - - [24/Nov/2022:07:05:27 -0500] "HEAD /BLA/boletinlegal/ HTTP/1.1" 200 -
172.22.2.4 - - [24/Nov/2022:07:06:17 -0500] "GET /BLA/boletinlegal/ HTTP/1.1" 200 59779
216.245.221.92 - - [24/Nov/2022:07:08:41 -0500] "HEAD / HTTP/1.1" 200 -
201.245.192.253 - - [24/Nov/2022:07:08:58 -0500] "POST /kwsrmcab/Wsrmcab  HTTP/1.1" 200 42393
201.245.192.253 - - [24/Nov/2022:07:09:20 -0500] "GET /appsia/controlador HTTP/1.1" 200 4799
