172.22.2.4 - - [26/Nov/2022:02:16:14 -0500] "GET /BLA/boletinlegal/ HTTP/1.1" 200 57824
216.245.221.92 - - [26/Nov/2022:02:18:35 -0500] "HEAD / HTTP/1.1" 200 -
201.245.192.253 - - [26/Nov/2022:02:19:34 -0500] "POST /kwsrmcab/Wsrmcab  HTTP/1.1" 200 42393
152.89.196.211 - - [26/Nov/2022:02:20:21 -0500] "GET / HTTP/1.1" 200 319
201.245.192.253 - - [26/Nov/2022:02:20:33 -0500] "POST /kwsrmcab/Wsrmcab HTTP/1.1" 200 43485
201.245.192.253 - - [26/Nov/2022:02:20:35 -0500] "POST /kwsrmcab/Wsrmcab HTTP/1.1" 200 43867
185.119.81.104 - - [26/Nov/2022:02:21:40 -0500] "GET /portaldeninos/wp-login.php HTTP/1.1" 200 2592
185.119.81.104 - - [26/Nov/2022:02:21:41 -0500] "POST /portaldeninos/wp-login.php HTTP/1.1" 200 3670
205.210.31.8 - - [26/Nov/2022:02:22:32 -0500] "GET / HTTP/1.1" 200 319
172.22.2.4 - - [26/Nov/2022:02:21:13 -0500] "HEAD /BLA/boletinlegal/ HTTP/1.1" 200 -
216.245.221.92 - - [26/Nov/2022:02:23:35 -0500] "HEAD / HTTP/1.1" 200 -
172.22.2.4 - - [26/Nov/2022:02:22:04 -0500] "GET /BLA/boletinlegal/ HTTP/1.1" 200 57824
173.252.107.6 - - [26/Nov/2022:02:24:25 -0500] "GET /dia-de-la-ninez-la-secretaria-de-ambiente-participo-en-el-festival-de-crianza-amorosa-juego.html HTTP/1.1" 206 1025
201.245.192.253 - - [26/Nov/2022:02:24:33 -0500] "POST /kwsrmcab/Wsrmcab  HTTP/1.1" 200 42393
157.55.39.206 - - [26/Nov/2022:02:25:46 -0500] "GET /bla/resoluciones/resoluciones%202022/3455.pdf HTTP/1.1" 200 1652829
216.245.221.92 - - [26/Nov/2022:02:28:34 -0500] "HEAD / HTTP/1.1" 200 -
172.22.2.4 - - [26/Nov/2022:02:27:03 -0500] "HEAD /BLA/boletinlegal/ HTTP/1.1" 200 -
172.22.2.4 - - [26/Nov/2022:02:27:53 -0500] "GET /BLA/boletinlegal/ HTTP/1.1" 200 56825
201.245.192.253 - - [26/Nov/2022:02:29:32 -0500] "POST /kwsrmcab/Wsrmcab  HTTP/1.1" 200 42393
201.245.192.253 - - [26/Nov/2022:02:30:33 -0500] "POST /kwsrmcab/Wsrmcab HTTP/1.1" 200 43485
201.245.192.253 - - [26/Nov/2022:02:30:36 -0500] "POST /kwsrmcab/Wsrmcab HTTP/1.1" 200 43867
190.111.184.9 - - [26/Nov/2022:02:32:36 -0500] "GET / HTTP/1.1" 200 319
216.245.221.92 - - [26/Nov/2022:02:33:35 -0500] "HEAD / HTTP/1.1" 200 -
172.22.2.4 - - [26/Nov/2022:02:32:53 -0500] "HEAD /BLA/boletinlegal/ HTTP/1.1" 200 -
201.245.192.253 - - [26/Nov/2022:02:34:32 -0500] "POST /kwsrmcab/Wsrmcab  HTTP/1.1" 200 42393
172.22.2.4 - - [26/Nov/2022:02:35:08 -0500] "GET /BLA/boletinlegal/actos.php HTTP/1.1" 200 9566
172.22.2.4 - - [26/Nov/2022:02:33:44 -0500] "GET /BLA/boletinlegal/ HTTP/1.1" 200 54816
216.245.221.92 - - [26/Nov/2022:02:38:34 -0500] "HEAD / HTTP/1.1" 200 -
201.245.192.253 - - [26/Nov/2022:02:39:31 -0500] "POST /kwsrmcab/Wsrmcab  HTTP/1.1" 200 42393
172.22.2.4 - - [26/Nov/2022:02:38:43 -0500] "HEAD /BLA/boletinlegal/ HTTP/1.1" 200 -
201.245.192.253 - - [26/Nov/2022:02:40:33 -0500] "POST /kwsrmcab/Wsrmcab HTTP/1.1" 200 43485
201.245.192.253 - - [26/Nov/2022:02:40:35 -0500] "POST /kwsrmcab/Wsrmcab HTTP/1.1" 200 43867
40.77.167.13 - - [26/Nov/2022:02:41:06 -0500] "GET /appsia/controlador HTTP/1.1" 200 4799
172.22.2.4 - - [26/Nov/2022:02:39:33 -0500] "GET /BLA/boletinlegal/ HTTP/1.1" 200 56825
216.245.221.92 - - [26/Nov/2022:02:43:35 -0500] "HEAD / HTTP/1.1" 200 -
201.245.192.253 - - [26/Nov/2022:02:44:31 -0500] "POST /kwsrmcab/Wsrmcab  HTTP/1.1" 200 42393
172.22.2.4 - - [26/Nov/2022:02:44:33 -0500] "HEAD /BLA/boletinlegal/ HTTP/1.1" 200 -
152.89.196.211 - - [26/Nov/2022:02:46:30 -0500] "GET /actuator/gateway/routes HTTP/1.1" 404 1018
172.22.2.4 - - [26/Nov/2022:02:45:24 -0500] "GET /BLA/boletinlegal/ HTTP/1.1" 200 52942
216.245.221.92 - - [26/Nov/2022:02:48:35 -0500] "HEAD / HTTP/1.1" 200 -
201.245.192.253 - - [26/Nov/2022:02:49:29 -0500] "POST /kwsrmcab/Wsrmcab  HTTP/1.1" 200 42393
207.46.13.174 - - [26/Nov/2022:02:50:54 -0500] "GET /BLA/resoluciones/RESOLUCIONES%202019/1949.pdf HTTP/1.1" 304 -
172.22.2.4 - - [26/Nov/2022:02:50:23 -0500] "HEAD /BLA/boletinlegal/ HTTP/1.1" 200 -
172.22.2.4 - - [26/Nov/2022:02:51:14 -0500] "GET /BLA/boletinlegal/ HTTP/1.1" 200 58185
216.245.221.92 - - [26/Nov/2022:02:53:34 -0500] "HEAD / HTTP/1.1" 200 -
201.245.192.253 - - [26/Nov/2022:02:54:29 -0500] "POST /kwsrmcab/Wsrmcab  HTTP/1.1" 200 42393
109.237.98.226 - - [26/Nov/2022:02:55:06 -0500] "GET /.env HTTP/1.1" 404 1018
109.237.98.226 - - [26/Nov/2022:02:55:06 -0500] "\x16\x03\x01\x01H\x01" 400 226
172.22.2.4 - - [26/Nov/2022:02:56:13 -0500] "HEAD /BLA/boletinlegal/ HTTP/1.1" 200 -
157.55.39.39 - - [26/Nov/2022:02:57:52 -0500] "GET /BLA/resoluciones/index.php?dir=AUTOS+2018%2F HTTP/1.1" 200 441491
157.55.39.39 - - [26/Nov/2022:02:58:32 -0500] "GET /BLA/resoluciones/index.php?dir=AUTOS+2019%2F HTTP/1.1" 200 349340
216.245.221.92 - - [26/Nov/2022:02:58:34 -0500] "HEAD / HTTP/1.1" 200 -
172.22.2.4 - - [26/Nov/2022:02:57:04 -0500] "GET /BLA/boletinlegal/ HTTP/1.1" 200 59779
201.245.192.253 - - [26/Nov/2022:02:59:28 -0500] "POST /kwsrmcab/Wsrmcab  HTTP/1.1" 200 42393
185.119.81.102 - - [26/Nov/2022:03:00:09 -0500] "GET /portaldeninos/wp-login.php HTTP/1.1" 200 2592
185.119.81.102 - - [26/Nov/2022:03:00:10 -0500] "POST /portaldeninos/wp-login.php HTTP/1.1" 200 3670
216.245.221.92 - - [26/Nov/2022:03:03:34 -0500] "HEAD / HTTP/1.1" 200 -
172.22.2.4 - - [26/Nov/2022:03:02:03 -0500] "HEAD /BLA/boletinlegal/ HTTP/1.1" 200 -
201.245.192.253 - - [26/Nov/2022:03:04:26 -0500] "POST /kwsrmcab/Wsrmcab  HTTP/1.1" 200 42393
172.22.2.4 - - [26/Nov/2022:03:02:54 -0500] "GET /BLA/boletinlegal/ HTTP/1.1" 200 59779
172.22.2.4 - - [26/Nov/2022:03:07:01 -0500] "GET /BLA/boletinlegal/ HTTP/1.1" 200 32715
104.218.165.182 - - [26/Nov/2022:03:07:49 -0500] "GET /portaldeninos/wp-includes/js/jquery/ui/core.min.js?ver=1.11.4 HTTP/1.1" 200 4000
104.218.165.182 - - [26/Nov/2022:03:07:49 -0500] "GET /portaldeninos/wp-includes/js/jquery/ui/widget.min.js?ver=1.11.4 HTTP/1.1" 200 6908
104.218.165.182 - - [26/Nov/2022:03:07:49 -0500] "GET /portaldeninos/wp-includes/js/jquery/ui/tabs.min.js?ver=1.11.4 HTTP/1.1" 200 12110
104.218.165.182 - - [26/Nov/2022:03:07:50 -0500] "GET /portaldeninos/wp-includes/js/jquery/ui/mouse.min.js?ver=1.11.4 HTTP/1.1" 200 3148
104.218.165.182 - - [26/Nov/2022:03:07:50 -0500] "GET /portaldeninos/wp-includes/js/wp-embed.min.js?ver=4.9.8 HTTP/1.1" 200 1398
104.218.165.182 - - [26/Nov/2022:03:07:49 -0500] "GET /portaldeninos/wp-includes/js/jquery/jquery.js?ver=1.12.4 HTTP/1.1" 200 97184
104.218.165.182 - - [26/Nov/2022:03:07:50 -0500] "GET /portaldeninos/wp-content/themes/betheme/assets/animations/animations.min.js?ver=20.9.6 HTTP/1.1" 200 1896
104.218.165.182 - - [26/Nov/2022:03:07:49 -0500] "GET /portaldeninos/wp-content/themes/betheme/js/plugins.js?ver=20.9.6 HTTP/1.1" 200 197151
104.218.165.182 - - [26/Nov/2022:03:07:50 -0500] "GET /portaldeninos/wp-content/themes/betheme/assets/jplayer/jplayer.min.js?ver=20.9.6 HTTP/1.1" 200 52702
104.218.165.182 - - [26/Nov/2022:03:07:58 -0500] "GET /portaldeninos/ HTTP/1.1" 200 110197
216.245.221.92 - - [26/Nov/2022:03:08:34 -0500] "HEAD / HTTP/1.1" 200 -
201.245.192.253 - - [26/Nov/2022:03:09:25 -0500] "POST /kwsrmcab/Wsrmcab  HTTP/1.1" 200 42393
172.22.2.4 - - [26/Nov/2022:03:07:53 -0500] "HEAD /BLA/boletinlegal/ HTTP/1.1" 200 -
172.22.2.4 - - [26/Nov/2022:03:08:43 -0500] "GET /BLA/boletinlegal/ HTTP/1.1" 200 58185
172.22.2.4 - - [26/Nov/2022:03:11:38 -0500] "GET /BLA/boletinlegal/ HTTP/1.1" 200 62840
216.245.221.92 - - [26/Nov/2022:03:13:34 -0500] "HEAD / HTTP/1.1" 200 -
172.22.2.4 - - [26/Nov/2022:03:13:39 -0500] "GET /BLA/boletinlegal/js/jquery.scrollShow.js HTTP/1.1" 200 4586
172.22.2.4 - - [26/Nov/2022:03:13:39 -0500] "GET /BLA/boletinlegal/js/jquery.scrollTo-min.js HTTP/1.1" 200 1150
201.245.192.253 - - [26/Nov/2022:03:14:23 -0500] "POST /kwsrmcab/Wsrmcab  HTTP/1.1" 200 42393
172.22.2.4 - - [26/Nov/2022:03:13:43 -0500] "HEAD /BLA/boletinlegal/ HTTP/1.1" 200 -
95.217.145.45 - - [26/Nov/2022:03:16:10 -0500] "-" 408 -
95.217.145.45 - - [26/Nov/2022:03:16:10 -0500] "-" 408 -
95.217.144.245 - - [26/Nov/2022:03:16:12 -0500] "-" 408 -
95.217.144.245 - - [26/Nov/2022:03:16:12 -0500] "-" 408 -
172.22.2.4 - - [26/Nov/2022:03:14:33 -0500] "GET /BLA/boletinlegal/ HTTP/1.1" 200 57192
95.217.144.237 - - [26/Nov/2022:03:16:15 -0500] "-" 408 -
95.217.144.236 - - [26/Nov/2022:03:16:17 -0500] "-" 408 -
95.217.144.236 - - [26/Nov/2022:03:16:17 -0500] "-" 408 -
95.217.144.237 - - [26/Nov/2022:03:16:20 -0500] "-" 408 -
95.217.144.236 - - [26/Nov/2022:03:16:29 -0500] "-" 408 -
95.217.144.249 - - [26/Nov/2022:03:16:35 -0500] "-" 408 -
95.217.144.236 - - [26/Nov/2022:03:16:38 -0500] "-" 408 -
95.217.145.45 - - [26/Nov/2022:03:16:38 -0500] "-" 408 -
95.217.144.236 - - [26/Nov/2022:03:16:38 -0500] "-" 408 -
95.217.145.45 - - [26/Nov/2022:03:16:40 -0500] "-" 408 -
95.217.144.236 - - [26/Nov/2022:03:16:46 -0500] "-" 408 -
95.217.144.236 - - [26/Nov/2022:03:16:46 -0500] "-" 408 -
95.217.144.249 - - [26/Nov/2022:03:16:48 -0500] "-" 408 -
95.217.144.245 - - [26/Nov/2022:03:16:50 -0500] "-" 408 -
95.217.144.245 - - [26/Nov/2022:03:16:50 -0500] "-" 408 -
95.217.144.245 - - [26/Nov/2022:03:16:50 -0500] "-" 408 -
95.217.144.236 - - [26/Nov/2022:03:16:53 -0500] "-" 408 -
95.217.144.236 - - [26/Nov/2022:03:16:59 -0500] "-" 408 -
95.217.144.236 - - [26/Nov/2022:03:16:59 -0500] "-" 408 -
207.46.13.194 - - [26/Nov/2022:03:17:16 -0500] "GET /BLA/resoluciones/AUTOS%202022/3280.pdf HTTP/1.1" 200 378150
95.217.144.236 - - [26/Nov/2022:03:17:21 -0500] "-" 408 -
95.217.144.236 - - [26/Nov/2022:03:17:21 -0500] "-" 408 -
216.245.221.92 - - [26/Nov/2022:03:18:34 -0500] "HEAD / HTTP/1.1" 200 -
201.245.192.253 - - [26/Nov/2022:03:19:22 -0500] "POST /kwsrmcab/Wsrmcab  HTTP/1.1" 200 42393
40.77.167.13 - - [26/Nov/2022:03:19:29 -0500] "GET /Publicaciones/2022EE239240.pdf HTTP/1.1" 404 228
201.245.192.253 - - [26/Nov/2022:03:20:33 -0500] "POST /kwsrmcab/Wsrmcab HTTP/1.1" 200 43486
201.245.192.253 - - [26/Nov/2022:03:20:36 -0500] "POST /kwsrmcab/Wsrmcab HTTP/1.1" 200 43862
172.22.2.4 - - [26/Nov/2022:03:19:33 -0500] "HEAD /BLA/boletinlegal/ HTTP/1.1" 200 -
172.22.2.4 - - [26/Nov/2022:03:20:23 -0500] "GET /BLA/boletinlegal/ HTTP/1.1" 200 58185
216.245.221.92 - - [26/Nov/2022:03:23:34 -0500] "HEAD / HTTP/1.1" 200 -
201.245.192.253 - - [26/Nov/2022:03:24:21 -0500] "POST /kwsrmcab/Wsrmcab  HTTP/1.1" 200 42393
59.98.169.185 - - [26/Nov/2022:03:26:52 -0500] "GET / HTTP/1.1" 200 319
59.98.169.185 - - [26/Nov/2022:03:26:52 -0500] "GET / HTTP/1.1" 200 319
172.22.2.4 - - [26/Nov/2022:03:25:23 -0500] "HEAD /BLA/boletinlegal/ HTTP/1.1" 200 -
172.22.2.4 - - [26/Nov/2022:03:26:13 -0500] "GET /BLA/boletinlegal/ HTTP/1.1" 200 57824
216.245.221.92 - - [26/Nov/2022:03:28:34 -0500] "HEAD / HTTP/1.1" 200 -
66.249.73.97 - - [26/Nov/2022:03:28:51 -0500] "-" 408 -
201.245.192.253 - - [26/Nov/2022:03:29:20 -0500] "POST /kwsrmcab/Wsrmcab  HTTP/1.1" 200 42393
172.22.2.4 - - [26/Nov/2022:03:29:28 -0500] "GET /BLA/boletinlegal/js/jquery.js HTTP/1.1" 200 57254
172.22.2.4 - - [26/Nov/2022:03:29:28 -0500] "GET /BLA/boletinlegal/style.css HTTP/1.1" 200 9406
172.22.2.4 - - [26/Nov/2022:03:29:28 -0500] "GET /BLA/boletinlegal/styles2.css HTTP/1.1" 200 1838
185.119.81.104 - - [26/Nov/2022:03:29:58 -0500] "GET /portaldeninos/wp-login.php HTTP/1.1" 200 2592
185.119.81.104 - - [26/Nov/2022:03:29:59 -0500] "POST /portaldeninos/wp-login.php HTTP/1.1" 200 3650
201.245.192.253 - - [26/Nov/2022:03:30:33 -0500] "POST /kwsrmcab/Wsrmcab HTTP/1.1" 200 43486
201.245.192.253 - - [26/Nov/2022:03:30:35 -0500] "POST /kwsrmcab/Wsrmcab HTTP/1.1" 200 43862
157.55.39.105 - - [26/Nov/2022:03:32:07 -0500] "GET /plan-de-accion-climatica-pac-de-bogota-aporta-en-cerca-del-90-al-cumplimiento-de-las-acciones-del-acuerdo-de-emergencia-climatica.html HTTP/1.1" 200 1069
172.22.2.4 - - [26/Nov/2022:03:31:13 -0500] "HEAD /BLA/boletinlegal/ HTTP/1.1" 200 -
216.245.221.92 - - [26/Nov/2022:03:33:34 -0500] "HEAD / HTTP/1.1" 200 -
172.22.2.4 - - [26/Nov/2022:03:32:04 -0500] "GET /BLA/boletinlegal/ HTTP/1.1" 200 57824
201.245.192.253 - - [26/Nov/2022:03:34:20 -0500] "POST /kwsrmcab/Wsrmcab  HTTP/1.1" 200 42393
141.255.166.2 - - [26/Nov/2022:03:35:33 -0500] "GET / HTTP/1.1" 200 319
157.55.39.39 - - [26/Nov/2022:03:37:08 -0500] "GET /BLA/resoluciones/index.php?dir=AUTOS+2019%2F HTTP/1.1" 200 349340
157.55.39.39 - - [26/Nov/2022:03:37:10 -0500] "GET /BLA/resoluciones/index.php?dir=AUTOS+2018%2F HTTP/1.1" 200 441491
216.245.221.92 - - [26/Nov/2022:03:38:34 -0500] "HEAD / HTTP/1.1" 200 -
172.22.2.4 - - [26/Nov/2022:03:37:03 -0500] "HEAD /BLA/boletinlegal/ HTTP/1.1" 200 -
201.245.192.253 - - [26/Nov/2022:03:39:19 -0500] "POST /kwsrmcab/Wsrmcab  HTTP/1.1" 200 42393
172.22.2.4 - - [26/Nov/2022:03:37:53 -0500] "GET /BLA/boletinlegal/ HTTP/1.1" 200 59779
201.245.192.253 - - [26/Nov/2022:03:40:33 -0500] "POST /kwsrmcab/Wsrmcab HTTP/1.1" 200 43486
201.245.192.253 - - [26/Nov/2022:03:40:36 -0500] "POST /kwsrmcab/Wsrmcab HTTP/1.1" 200 43862
128.14.209.162 - - [26/Nov/2022:03:41:03 -0500] "GET / HTTP/1.1" 200 319
216.245.221.92 - - [26/Nov/2022:03:43:34 -0500] "HEAD / HTTP/1.1" 200 -
201.245.192.253 - - [26/Nov/2022:03:44:18 -0500] "POST /kwsrmcab/Wsrmcab  HTTP/1.1" 200 42393
172.22.2.4 - - [26/Nov/2022:03:42:53 -0500] "HEAD /BLA/boletinlegal/ HTTP/1.1" 200 -
40.77.167.58 - - [26/Nov/2022:03:45:15 -0500] "GET / HTTP/1.1" 200 319
172.22.2.4 - - [26/Nov/2022:03:43:43 -0500] "GET /BLA/boletinlegal/ HTTP/1.1" 200 59779
216.245.221.92 - - [26/Nov/2022:03:48:34 -0500] "HEAD / HTTP/1.1" 200 -
94.102.61.10 - - [26/Nov/2022:03:49:05 -0500] "GET /portaldeninos/ HTTP/1.1" 200 110197
201.245.192.253 - - [26/Nov/2022:03:49:17 -0500] "POST /kwsrmcab/Wsrmcab  HTTP/1.1" 200 42393
172.22.2.4 - - [26/Nov/2022:03:48:43 -0500] "HEAD /BLA/boletinlegal/ HTTP/1.1" 200 -
172.22.2.4 - - [26/Nov/2022:03:49:33 -0500] "GET /BLA/boletinlegal/ HTTP/1.1" 200 57192
207.46.13.194 - - [26/Nov/2022:03:52:41 -0500] "GET /sipse/faces/javax.faces.resource/jquery/jquery-plugins.js;jsessionid=sxwlzfhek6wnulvtpiu8unpb.undefined?ln=primefaces&v=4.0 HTTP/1.1" 200 220526
216.245.221.92 - - [26/Nov/2022:03:53:34 -0500] "HEAD / HTTP/1.1" 200 -
201.245.192.253 - - [26/Nov/2022:03:54:16 -0500] "POST /kwsrmcab/Wsrmcab  HTTP/1.1" 200 42393
172.22.2.4 - - [26/Nov/2022:03:54:33 -0500] "HEAD /BLA/boletinlegal/ HTTP/1.1" 200 -
172.22.2.4 - - [26/Nov/2022:03:55:23 -0500] "GET /BLA/boletinlegal/ HTTP/1.1" 200 57824
216.245.221.92 - - [26/Nov/2022:03:58:34 -0500] "HEAD / HTTP/1.1" 200 -
201.245.192.253 - - [26/Nov/2022:03:59:15 -0500] "POST /kwsrmcab/Wsrmcab  HTTP/1.1" 200 42393
172.22.2.4 - - [26/Nov/2022:04:01:47 -0500] "GET /BLA/boletinlegal/Circulares/2020/Circular%2000010%20del%2027%20de%20julio%20de%202020.pdf HTTP/1.1" 304 -
172.22.2.4 - - [26/Nov/2022:04:00:23 -0500] "HEAD /BLA/boletinlegal/ HTTP/1.1" 200 -
172.22.2.4 - - [26/Nov/2022:04:01:13 -0500] "GET /BLA/boletinlegal/ HTTP/1.1" 200 57824
216.245.221.92 - - [26/Nov/2022:04:03:34 -0500] "HEAD / HTTP/1.1" 200 -
201.245.192.253 - - [26/Nov/2022:04:04:15 -0500] "POST /kwsrmcab/Wsrmcab  HTTP/1.1" 200 42393
172.22.2.4 - - [26/Nov/2022:04:04:24 -0500] "GET /BLA/boletinlegal/Directivas/2011/Directiva%20No.%206%20del%208%20de%20Septiembre%20de%202011.pdf HTTP/1.1" 304 -
185.119.81.102 - - [26/Nov/2022:04:05:56 -0500] "GET /portaldeninos/wp-login.php HTTP/1.1" 200 2592
185.119.81.102 - - [26/Nov/2022:04:05:57 -0500] "POST /portaldeninos/wp-login.php HTTP/1.1" 200 3670
172.22.2.4 - - [26/Nov/2022:04:06:13 -0500] "HEAD /BLA/boletinlegal/ HTTP/1.1" 200 -
216.245.221.92 - - [26/Nov/2022:04:08:34 -0500] "HEAD / HTTP/1.1" 200 -
172.22.2.4 - - [26/Nov/2022:04:07:03 -0500] "GET /BLA/boletinlegal/ HTTP/1.1" 200 58185
201.245.192.253 - - [26/Nov/2022:04:09:13 -0500] "POST /kwsrmcab/Wsrmcab  HTTP/1.1" 200 42393
216.245.221.92 - - [26/Nov/2022:04:13:34 -0500] "HEAD / HTTP/1.1" 200 -
172.22.2.4 - - [26/Nov/2022:04:12:03 -0500] "HEAD /BLA/boletinlegal/ HTTP/1.1" 200 -
201.245.192.253 - - [26/Nov/2022:04:14:12 -0500] "POST /kwsrmcab/Wsrmcab  HTTP/1.1" 200 42393
172.22.2.4 - - [26/Nov/2022:04:12:53 -0500] "GET /BLA/boletinlegal/ HTTP/1.1" 200 57824
157.55.39.39 - - [26/Nov/2022:04:15:56 -0500] "GET /BLA/resoluciones/index.php?dir=AUTOS+2018%2F HTTP/1.1" 200 441491
157.55.39.39 - - [26/Nov/2022:04:16:47 -0500] "GET /BLA/resoluciones/index.php?dir=AUTOS+2019%2F HTTP/1.1" 200 349340
216.245.221.92 - - [26/Nov/2022:04:18:34 -0500] "HEAD / HTTP/1.1" 200 -
176.58.98.157 - - [26/Nov/2022:04:18:35 -0500] "GET / HTTP/1.1" 200 319
201.245.192.253 - - [26/Nov/2022:04:19:10 -0500] "POST /kwsrmcab/Wsrmcab  HTTP/1.1" 200 42393
172.22.2.4 - - [26/Nov/2022:04:19:19 -0500] "GET /BLA/boletinlegal/Circulares/2015/Circular%20No.%201%20del%2010%20de%20Febrero%20de%202015.pdf HTTP/1.1" 304 -
172.22.2.4 - - [26/Nov/2022:04:17:53 -0500] "HEAD /BLA/boletinlegal/ HTTP/1.1" 200 -
172.22.2.4 - - [26/Nov/2022:04:18:43 -0500] "GET /BLA/boletinlegal/ HTTP/1.1" 200 58185
201.245.192.253 - - [26/Nov/2022:04:20:32 -0500] "POST /kwsrmcab/Wsrmcab HTTP/1.1" 200 43474
201.245.192.253 - - [26/Nov/2022:04:20:35 -0500] "POST /kwsrmcab/Wsrmcab HTTP/1.1" 200 43849
85.208.98.200 - - [26/Nov/2022:04:22:22 -0500] "GET /BLA/resoluciones/RESOLUCIONES%202012/0288.pdf HTTP/1.1" 200 418763
85.208.98.199 - - [26/Nov/2022:04:22:27 -0500] "GET /isolucionsda/FrameSetArticulo.asp?Pagina=/IsolucionSDA/bancoconocimiento/R/Resolucion3074del3deJuniode2011/Resolucion3074del3deJuniode2011.asp?IdArticulo=6538 HTTP/1.1" 200 8086
185.119.81.102 - - [26/Nov/2022:04:23:01 -0500] "GET /portaldeninos/wp-login.php HTTP/1.1" 200 2592
185.119.81.102 - - [26/Nov/2022:04:23:02 -0500] "POST /portaldeninos/wp-login.php HTTP/1.1" 200 3605
216.245.221.92 - - [26/Nov/2022:04:23:34 -0500] "HEAD / HTTP/1.1" 200 -
201.245.192.253 - - [26/Nov/2022:04:24:10 -0500] "POST /kwsrmcab/Wsrmcab  HTTP/1.1" 200 42393
84.21.172.205 - - [26/Nov/2022:04:25:10 -0500] "POST /boaform/admin/formLogin HTTP/1.1" 404 1186
172.22.2.4 - - [26/Nov/2022:04:23:43 -0500] "HEAD /BLA/boletinlegal/ HTTP/1.1" 200 -
207.46.13.194 - - [26/Nov/2022:04:26:02 -0500] "GET /BLA/resoluciones/AUTOS%202013/1381.pdf HTTP/1.1" 200 1649109
172.22.2.4 - - [26/Nov/2022:04:24:33 -0500] "GET /BLA/boletinlegal/ HTTP/1.1" 200 56825
45.33.80.237 - - [26/Nov/2022:04:26:27 -0500] "GET /galeria/galeria/jquery.fancybox.css?v=2.1.5 HTTP/1.1" 200 4895
45.33.80.237 - - [26/Nov/2022:04:26:27 -0500] "GET /BLA/boletinlegal/js/jquery.scrollShow.js HTTP/1.1" 200 4586
45.33.80.237 - - [26/Nov/2022:04:26:27 -0500] "GET /galeria/galeria/jquery.fancybox.js?v=2.1.5 HTTP/1.1" 200 48706
216.245.221.92 - - [26/Nov/2022:04:28:34 -0500] "HEAD / HTTP/1.1" 200 -
201.245.192.253 - - [26/Nov/2022:04:29:09 -0500] "POST /kwsrmcab/Wsrmcab  HTTP/1.1" 200 42393
157.55.39.206 - - [26/Nov/2022:04:29:59 -0500] "GET /BLA/resoluciones/RESOLUCIONES%202007/RES%202007%202901%20AL%203000/RESOLUCION%202906%20DE%202007.pdf HTTP/1.1" 304 -
201.245.192.253 - - [26/Nov/2022:04:30:33 -0500] "POST /kwsrmcab/Wsrmcab HTTP/1.1" 200 43474
201.245.192.253 - - [26/Nov/2022:04:30:35 -0500] "POST /kwsrmcab/Wsrmcab HTTP/1.1" 200 43849
172.22.2.4 - - [26/Nov/2022:04:29:33 -0500] "HEAD /BLA/boletinlegal/ HTTP/1.1" 200 -
172.22.2.4 - - [26/Nov/2022:04:30:23 -0500] "GET /BLA/boletinlegal/ HTTP/1.1" 200 57824
216.245.221.92 - - [26/Nov/2022:04:33:34 -0500] "HEAD / HTTP/1.1" 200 -
201.245.192.253 - - [26/Nov/2022:04:34:08 -0500] "POST /kwsrmcab/Wsrmcab  HTTP/1.1" 200 42393
85.208.98.201 - - [26/Nov/2022:04:34:42 -0500] "GET /robots.txt HTTP/1.1" 404 1018
157.55.39.206 - - [26/Nov/2022:04:35:07 -0500] "GET /BLA/resoluciones/00000868.tif HTTP/1.1" 404 1018
172.22.2.4 - - [26/Nov/2022:04:36:58 -0500] "POST /BLA/boletinlegal/vendor/phpunit/phpunit/src/Util/PHP/eval-stdin.php HTTP/1.1" 404 1018
172.22.2.4 - - [26/Nov/2022:04:35:23 -0500] "HEAD /BLA/boletinlegal/ HTTP/1.1" 200 -
172.22.2.4 - - [26/Nov/2022:04:36:13 -0500] "GET /BLA/boletinlegal/ HTTP/1.1" 200 58185
216.245.221.92 - - [26/Nov/2022:04:38:34 -0500] "HEAD / HTTP/1.1" 200 -
172.22.2.4 - - [26/Nov/2022:04:38:35 -0500] "GET /BLA/boletinlegal/images/img_3.jpg HTTP/1.1" 200 1841
201.245.192.253 - - [26/Nov/2022:04:39:06 -0500] "POST /kwsrmcab/Wsrmcab  HTTP/1.1" 200 42393
201.245.192.253 - - [26/Nov/2022:04:40:33 -0500] "POST /kwsrmcab/Wsrmcab HTTP/1.1" 200 43474
201.245.192.253 - - [26/Nov/2022:04:40:36 -0500] "POST /kwsrmcab/Wsrmcab HTTP/1.1" 200 43849
66.249.73.127 - - [26/Nov/2022:04:40:47 -0500] "-" 408 -
157.55.39.39 - - [26/Nov/2022:04:40:59 -0500] "GET /BLA/resoluciones/index.php?dir=AUTOS+2019%2F HTTP/1.1" 200 349340
172.22.2.4 - - [26/Nov/2022:04:41:13 -0500] "HEAD /BLA/boletinlegal/ HTTP/1.1" 200 -
216.245.221.92 - - [26/Nov/2022:04:43:34 -0500] "HEAD / HTTP/1.1" 200 -
172.22.2.4 - - [26/Nov/2022:04:42:04 -0500] "GET /BLA/boletinlegal/ HTTP/1.1" 200 52453
201.245.192.253 - - [26/Nov/2022:04:44:05 -0500] "POST /kwsrmcab/Wsrmcab  HTTP/1.1" 200 42393
66.249.73.84 - - [26/Nov/2022:04:44:30 -0500] "-" 408 -
157.55.39.39 - - [26/Nov/2022:04:45:52 -0500] "GET /BLA/resoluciones/index.php?dir=AUTOS+2018%2F HTTP/1.1" 200 441491
128.14.134.170 - - [26/Nov/2022:04:46:01 -0500] "GET /portaldeninos/ HTTP/1.1" 200 110197
207.46.13.174 - - [26/Nov/2022:04:46:08 -0500] "GET /BLA/resoluciones/RESOLUCIONES%202000/2000%201100-1149.tif HTTP/1.1" 200 4486144
66.249.73.127 - - [26/Nov/2022:04:46:35 -0500] "-" 408 -
185.119.81.102 - - [26/Nov/2022:04:48:17 -0500] "GET /portaldeninos/wp-login.php HTTP/1.1" 200 2592
185.119.81.102 - - [26/Nov/2022:04:48:18 -0500] "POST /portaldeninos/wp-login.php HTTP/1.1" 200 3605
216.245.221.92 - - [26/Nov/2022:04:48:34 -0500] "HEAD / HTTP/1.1" 200 -
172.22.2.4 - - [26/Nov/2022:04:47:03 -0500] "HEAD /BLA/boletinlegal/ HTTP/1.1" 200 -
201.245.192.253 - - [26/Nov/2022:04:49:05 -0500] "POST /kwsrmcab/Wsrmcab  HTTP/1.1" 200 42393
172.22.2.4 - - [26/Nov/2022:04:47:53 -0500] "GET /BLA/boletinlegal/ HTTP/1.1" 200 57824
141.255.166.2 - - [26/Nov/2022:04:49:24 -0500] "POST /boaform/admin/formLogin HTTP/1.1" 404 1186
207.46.13.174 - - [26/Nov/2022:04:51:00 -0500] "GET /BLA/resoluciones/00000027.tif HTTP/1.1" 404 1018
17.121.114.43 - - [26/Nov/2022:04:52:43 -0500] "-" 408 -
40.77.167.13 - - [26/Nov/2022:04:52:49 -0500] "GET /bla/resoluciones/resoluciones%202021/5252.pdf HTTP/1.1" 200 365021
188.166.79.4 - - [26/Nov/2022:04:53:10 -0500] "GET / HTTP/1.1" 200 319
185.119.81.102 - - [26/Nov/2022:04:53:19 -0500] "GET /portaldeninos/wp-login.php HTTP/1.1" 200 2592
185.119.81.102 - - [26/Nov/2022:04:53:20 -0500] "POST /portaldeninos/wp-login.php HTTP/1.1" 200 3670
216.245.221.92 - - [26/Nov/2022:04:53:34 -0500] "HEAD / HTTP/1.1" 200 -
201.245.192.253 - - [26/Nov/2022:04:54:03 -0500] "POST /kwsrmcab/Wsrmcab  HTTP/1.1" 200 42393
188.166.79.4 - - [26/Nov/2022:04:54:08 -0500] "GET /.env HTTP/1.1" 404 1018
207.46.13.104 - - [26/Nov/2022:04:54:19 -0500] "GET /en-esta-navidad-bogota-esta-mejorando-con-mas-espacios-verdes-para-el-disfrute-de-la-ciudadania.html HTTP/1.1" 304 -
172.22.2.4 - - [26/Nov/2022:04:52:53 -0500] "HEAD /BLA/boletinlegal/ HTTP/1.1" 200 -
66.249.73.127 - - [26/Nov/2022:04:54:33 -0500] "-" 408 -
172.22.2.4 - - [26/Nov/2022:04:53:43 -0500] "GET /BLA/boletinlegal/ HTTP/1.1" 200 57824
207.46.13.194 - - [26/Nov/2022:04:55:26 -0500] "GET /bla/resoluciones/resoluciones%202020/2719.pdf HTTP/1.1" 200 498625
216.245.221.92 - - [26/Nov/2022:04:58:34 -0500] "HEAD / HTTP/1.1" 200 -
201.245.192.253 - - [26/Nov/2022:04:59:02 -0500] "POST /kwsrmcab/Wsrmcab  HTTP/1.1" 200 42393
40.77.167.58 - - [26/Nov/2022:04:59:31 -0500] "GET /bla/resoluciones/notificaciones/autos%202020/1942.pdf HTTP/1.1" 200 308481
172.22.2.4 - - [26/Nov/2022:04:58:43 -0500] "HEAD /BLA/boletinlegal/ HTTP/1.1" 200 -
172.22.2.4 - - [26/Nov/2022:04:59:33 -0500] "GET /BLA/boletinlegal/ HTTP/1.1" 200 59779
216.245.221.92 - - [26/Nov/2022:05:03:34 -0500] "HEAD / HTTP/1.1" 200 -
201.245.192.253 - - [26/Nov/2022:05:04:00 -0500] "POST /kwsrmcab/Wsrmcab  HTTP/1.1" 200 42393
185.119.81.102 - - [26/Nov/2022:05:05:51 -0500] "GET /portaldeninos/wp-login.php HTTP/1.1" 200 2592
185.119.81.102 - - [26/Nov/2022:05:05:52 -0500] "POST /portaldeninos/wp-login.php HTTP/1.1" 200 3605
172.22.2.4 - - [26/Nov/2022:05:04:33 -0500] "HEAD /BLA/boletinlegal/ HTTP/1.1" 200 -
207.46.13.120 - - [26/Nov/2022:05:05:33 -0500] "GET /portaldeninos/wp-content/uploads/2022/08/HUmedalConejera03-1.jpg HTTP/1.1" 200 10778883
172.22.2.4 - - [26/Nov/2022:05:05:23 -0500] "GET /BLA/boletinlegal/ HTTP/1.1" 200 57824
216.245.221.92 - - [26/Nov/2022:05:08:34 -0500] "HEAD / HTTP/1.1" 200 -
201.245.192.253 - - [26/Nov/2022:05:08:59 -0500] "POST /kwsrmcab/Wsrmcab  HTTP/1.1" 200 42393
207.46.13.174 - - [26/Nov/2022:05:11:26 -0500] "GET /BLA/resoluciones/index.php?dir=RESOLUCIONES+2019%2F HTTP/1.1" 200 248301
172.22.2.4 - - [26/Nov/2022:05:10:23 -0500] "HEAD /BLA/boletinlegal/ HTTP/1.1" 200 -
172.22.2.4 - - [26/Nov/2022:05:11:13 -0500] "GET /BLA/boletinlegal/ HTTP/1.1" 200 59779
216.245.221.92 - - [26/Nov/2022:05:13:34 -0500] "HEAD / HTTP/1.1" 200 -
201.245.192.253 - - [26/Nov/2022:05:13:58 -0500] "POST /kwsrmcab/Wsrmcab  HTTP/1.1" 200 42393
66.249.73.100 - - [26/Nov/2022:05:14:05 -0500] "-" 408 -
172.22.2.4 - - [26/Nov/2022:05:15:35 -0500] "GET /BLA/boletinlegal/actuator/health HTTP/1.1" 404 1018
40.77.167.58 - - [26/Nov/2022:05:17:13 -0500] "GET /BLA/resoluciones/00000877.tif HTTP/1.1" 404 1018
172.22.2.4 - - [26/Nov/2022:05:16:13 -0500] "HEAD /BLA/boletinlegal/ HTTP/1.1" 200 -
216.245.221.92 - - [26/Nov/2022:05:18:34 -0500] "HEAD / HTTP/1.1" 200 -
172.22.2.4 - - [26/Nov/2022:05:17:03 -0500] "GET /BLA/boletinlegal/ HTTP/1.1" 200 59779
201.245.192.253 - - [26/Nov/2022:05:18:57 -0500] "POST /kwsrmcab/Wsrmcab  HTTP/1.1" 200 42393
172.22.2.4 - - [26/Nov/2022:05:19:49 -0500] "GET /BLA/boletinlegal/jurisprudencia/analisis/CUADRO%20ANALISIS%20SENTENCIA%20T-411%20DE%201992.doc HTTP/1.1" 304 -
40.77.167.58 - - [26/Nov/2022:05:19:52 -0500] "GET /galeria/galeria/fotos/Soratama4P.jpg HTTP/1.1" 200 10482
201.245.192.253 - - [26/Nov/2022:05:20:32 -0500] "POST /kwsrmcab/Wsrmcab HTTP/1.1" 200 43486
201.245.192.253 - - [26/Nov/2022:05:20:35 -0500] "POST /kwsrmcab/Wsrmcab HTTP/1.1" 200 43855
157.55.39.39 - - [26/Nov/2022:05:23:10 -0500] "GET /BLA/resoluciones/index.php?dir=AUTOS+2019%2F HTTP/1.1" 200 349340
216.245.221.92 - - [26/Nov/2022:05:23:34 -0500] "HEAD / HTTP/1.1" 200 -
172.22.2.4 - - [26/Nov/2022:05:22:03 -0500] "HEAD /BLA/boletinlegal/ HTTP/1.1" 200 -
201.245.192.253 - - [26/Nov/2022:05:23:56 -0500] "POST /kwsrmcab/Wsrmcab  HTTP/1.1" 200 42393
172.22.2.4 - - [26/Nov/2022:05:22:53 -0500] "GET /BLA/boletinlegal/ HTTP/1.1" 200 56079
66.249.73.127 - - [26/Nov/2022:05:25:20 -0500] "-" 408 -
185.119.81.102 - - [26/Nov/2022:05:25:49 -0500] "GET /portaldeninos/wp-login.php HTTP/1.1" 200 2592
185.119.81.102 - - [26/Nov/2022:05:25:50 -0500] "POST /portaldeninos/wp-login.php HTTP/1.1" 200 3605
216.245.221.92 - - [26/Nov/2022:05:28:34 -0500] "HEAD / HTTP/1.1" 200 -
201.245.192.253 - - [26/Nov/2022:05:28:55 -0500] "POST /kwsrmcab/Wsrmcab  HTTP/1.1" 200 42393
69.63.184.4 - - [26/Nov/2022:05:29:22 -0500] "GET /en-el-diamundialdelmedioambiente-distrito-ejercito-nacional-y-comunidad-plantaron-120-arboles-en-parque-nacional.html HTTP/1.1" 206 838
172.22.2.4 - - [26/Nov/2022:05:27:53 -0500] "HEAD /BLA/boletinlegal/ HTTP/1.1" 200 -
172.22.2.4 - - [26/Nov/2022:05:28:43 -0500] "GET /BLA/boletinlegal/ HTTP/1.1" 200 57824
201.245.192.253 - - [26/Nov/2022:05:30:33 -0500] "POST /kwsrmcab/Wsrmcab HTTP/1.1" 200 43486
201.245.192.253 - - [26/Nov/2022:05:30:35 -0500] "POST /kwsrmcab/Wsrmcab HTTP/1.1" 200 43855
66.249.73.127 - - [26/Nov/2022:05:33:28 -0500] "-" 408 -
172.22.2.4 - - [26/Nov/2022:05:32:32 -0500] "GET /BLA/boletinlegal/ HTTP/1.1" 200 40907
216.245.221.92 - - [26/Nov/2022:05:33:34 -0500] "HEAD / HTTP/1.1" 200 -
201.245.192.253 - - [26/Nov/2022:05:33:54 -0500] "POST /kwsrmcab/Wsrmcab  HTTP/1.1" 200 42393
172.22.2.4 - - [26/Nov/2022:05:35:02 -0500] "GET /BLA/boletinlegal/images/screen_5.png HTTP/1.1" 200 368876
172.22.2.4 - - [26/Nov/2022:05:33:43 -0500] "HEAD /BLA/boletinlegal/ HTTP/1.1" 200 -
172.22.2.4 - - [26/Nov/2022:05:34:33 -0500] "GET /BLA/boletinlegal/ HTTP/1.1" 200 56825
207.46.13.174 - - [26/Nov/2022:05:37:50 -0500] "GET /galeria/galeria/fotos/Jaboque1P.jpg HTTP/1.1" 200 29995
40.77.167.13 - - [26/Nov/2022:05:38:23 -0500] "GET / HTTP/1.1" 200 4720
216.245.221.92 - - [26/Nov/2022:05:38:34 -0500] "HEAD / HTTP/1.1" 200 -
201.245.192.253 - - [26/Nov/2022:05:38:53 -0500] "POST /kwsrmcab/Wsrmcab  HTTP/1.1" 200 42393
157.55.39.39 - - [26/Nov/2022:05:39:19 -0500] "GET /BLA/resoluciones/index.php?dir=AUTOS+2018%2F HTTP/1.1" 200 441491
172.22.2.4 - - [26/Nov/2022:05:39:42 -0500] "GET /BLA/boletinlegal/favicon.ico HTTP/1.1" 404 1018
172.22.2.4 - - [26/Nov/2022:05:39:49 -0500] "GET /BLA/boletinlegal/robots.txt HTTP/1.1" 404 1018
172.22.2.4 - - [26/Nov/2022:05:39:55 -0500] "GET /BLA/boletinlegal/js/jquery.js HTTP/1.1" 200 57254
172.22.2.4 - - [26/Nov/2022:05:40:05 -0500] "GET /BLA/boletinlegal/js/jquery.scrollTo-min.js HTTP/1.1" 200 1150
172.22.2.4 - - [26/Nov/2022:05:40:06 -0500] "GET /BLA/boletinlegal/js/jquery.scrollShow.js HTTP/1.1" 200 4586
201.245.192.253 - - [26/Nov/2022:05:40:33 -0500] "POST /kwsrmcab/Wsrmcab HTTP/1.1" 200 43486
201.245.192.253 - - [26/Nov/2022:05:40:36 -0500] "POST /kwsrmcab/Wsrmcab HTTP/1.1" 200 43855
172.22.2.4 - - [26/Nov/2022:05:39:33 -0500] "HEAD /BLA/boletinlegal/ HTTP/1.1" 200 -
172.22.2.4 - - [26/Nov/2022:05:40:23 -0500] "GET /BLA/boletinlegal/ HTTP/1.1" 200 60277
157.55.39.39 - - [26/Nov/2022:05:42:20 -0500] "GET /bla/resoluciones/resoluciones%202021/4339.pdf HTTP/1.1" 200 441757
216.245.221.92 - - [26/Nov/2022:05:43:34 -0500] "HEAD / HTTP/1.1" 200 -
201.245.192.253 - - [26/Nov/2022:05:43:52 -0500] "POST /kwsrmcab/Wsrmcab  HTTP/1.1" 200 42393
172.22.2.4 - - [26/Nov/2022:05:42:53 -0500] "GET /BLA/boletinlegal/ HTTP/1.1" 200 62840
66.249.73.127 - - [26/Nov/2022:05:45:50 -0500] "-" 408 -
40.77.167.58 - - [26/Nov/2022:05:46:55 -0500] "GET /BLA/resoluciones/RESOLUCIONES%202000/2000%20800-849.tif HTTP/1.1" 200 4545533
172.22.2.4 - - [26/Nov/2022:05:45:23 -0500] "HEAD /BLA/boletinlegal/ HTTP/1.1" 200 -
185.119.81.102 - - [26/Nov/2022:05:47:11 -0500] "GET /portaldeninos/wp-login.php HTTP/1.1" 200 2592
185.119.81.102 - - [26/Nov/2022:05:47:12 -0500] "POST /portaldeninos/wp-login.php HTTP/1.1" 200 3650
172.22.2.4 - - [26/Nov/2022:05:46:13 -0500] "GET /BLA/boletinlegal/ HTTP/1.1" 200 57192
216.245.221.92 - - [26/Nov/2022:05:48:34 -0500] "HEAD / HTTP/1.1" 200 -
201.245.192.253 - - [26/Nov/2022:05:48:49 -0500] "POST /kwsrmcab/Wsrmcab  HTTP/1.1" 200 42393
207.46.13.174 - - [26/Nov/2022:05:48:53 -0500] "GET /BLA/resoluciones/index.php?dir=AUTOS+2012%2F HTTP/1.1" 200 275011
185.119.81.104 - - [26/Nov/2022:05:49:13 -0500] "GET /portaldeninos/wp-login.php HTTP/1.1" 200 2592
185.119.81.104 - - [26/Nov/2022:05:49:14 -0500] "POST /portaldeninos/wp-login.php HTTP/1.1" 200 3605
40.77.167.58 - - [26/Nov/2022:05:51:37 -0500] "GET /BLA/resoluciones/RESOLUCIONES%202001/2001%20350-399.TIF HTTP/1.1" 200 11619082
172.22.2.4 - - [26/Nov/2022:05:51:13 -0500] "HEAD /BLA/boletinlegal/ HTTP/1.1" 200 -
216.245.221.92 - - [26/Nov/2022:05:53:34 -0500] "HEAD / HTTP/1.1" 200 -
172.22.2.4 - - [26/Nov/2022:05:52:03 -0500] "GET /BLA/boletinlegal/ HTTP/1.1" 200 59779
201.245.192.253 - - [26/Nov/2022:05:53:49 -0500] "POST /kwsrmcab/Wsrmcab  HTTP/1.1" 200 42393
66.249.73.127 - - [26/Nov/2022:05:55:45 -0500] "-" 408 -
157.55.39.206 - - [26/Nov/2022:05:56:25 -0500] "GET /BLA/resoluciones/RESOLUCIONES%202000/2000%202100-2149.tif HTTP/1.1" 200 5864086
172.22.2.4 - - [26/Nov/2022:05:58:08 -0500] "GET /BLA/boletinlegal/vendor/phpunit/phpunit/src/Util/PHP/eval-stdin.php HTTP/1.1" 404 1018
157.55.39.39 - - [26/Nov/2022:05:58:19 -0500] "GET /BLA/resoluciones/index.php?dir=RESOLUCIONES+2003%2F HTTP/1.1" 200 31404
216.245.221.92 - - [26/Nov/2022:05:58:34 -0500] "HEAD / HTTP/1.1" 200 -
157.55.39.206 - - [26/Nov/2022:05:58:35 -0500] "GET /BLA/resoluciones/dlf/styles.css HTTP/1.1" 200 3049
157.55.39.39 - - [26/Nov/2022:05:58:39 -0500] "GET /bla/resoluciones/resoluciones%202022/3419.pdf HTTP/1.1" 200 1642737
172.22.2.4 - - [26/Nov/2022:05:57:03 -0500] "HEAD /BLA/boletinlegal/ HTTP/1.1" 200 -
201.245.192.253 - - [26/Nov/2022:05:58:48 -0500] "POST /kwsrmcab/Wsrmcab  HTTP/1.1" 200 42393
172.22.2.4 - - [26/Nov/2022:05:57:53 -0500] "GET /BLA/boletinlegal/ HTTP/1.1" 200 57824
216.245.221.92 - - [26/Nov/2022:06:03:34 -0500] "HEAD / HTTP/1.1" 200 -
201.245.192.253 - - [26/Nov/2022:06:03:47 -0500] "POST /kwsrmcab/Wsrmcab  HTTP/1.1" 200 42393
185.119.81.102 - - [26/Nov/2022:06:04:03 -0500] "GET /portaldeninos/wp-login.php HTTP/1.1" 200 2592
185.119.81.102 - - [26/Nov/2022:06:04:04 -0500] "POST /portaldeninos/wp-login.php HTTP/1.1" 200 3605
172.22.2.4 - - [26/Nov/2022:06:02:53 -0500] "HEAD /BLA/boletinlegal/ HTTP/1.1" 200 -
66.249.73.127 - - [26/Nov/2022:06:05:15 -0500] "-" 408 -
172.22.2.4 - - [26/Nov/2022:06:03:43 -0500] "GET /BLA/boletinlegal/ HTTP/1.1" 200 56474
157.55.39.42 - - [26/Nov/2022:06:05:23 -0500] "GET /portaldeninos/wp-content/uploads/2020/11/Capellan%C3%ADa-B-1024x576.jpg HTTP/1.1" 200 100158
157.55.39.39 - - [26/Nov/2022:06:05:42 -0500] "GET /BLA/resoluciones/index.php?dir=AUTOS+2019%2F HTTP/1.1" 200 349340
216.245.221.92 - - [26/Nov/2022:06:08:34 -0500] "HEAD / HTTP/1.1" 200 -
201.245.192.253 - - [26/Nov/2022:06:08:46 -0500] "POST /kwsrmcab/Wsrmcab  HTTP/1.1" 200 42393
40.77.167.58 - - [26/Nov/2022:06:09:29 -0500] "GET /Residuos/pinturas/files/guia_pinturas.pdf HTTP/1.1" 200 16736247
172.22.2.4 - - [26/Nov/2022:06:08:43 -0500] "HEAD /BLA/boletinlegal/ HTTP/1.1" 200 -
157.55.39.39 - - [26/Nov/2022:06:10:25 -0500] "GET /BLA/resoluciones/index.php?dir=AUTOS+2018%2F HTTP/1.1" 200 441491
172.22.2.4 - - [26/Nov/2022:06:09:33 -0500] "GET /BLA/boletinlegal/ HTTP/1.1" 200 59779
185.246.221.138 - - [26/Nov/2022:06:12:02 -0500] "POST /boaform/admin/formLogin HTTP/1.1" 404 1186
157.55.39.206 - - [26/Nov/2022:06:12:46 -0500] "GET /BLA/resoluciones/RESOLUCIONES%202002/RES%202002%20851-900/00000877.tif HTTP/1.1" 200 36778
172.22.2.4 - - [26/Nov/2022:06:13:18 -0500] "GET /BLA/boletinlegal/actos.php HTTP/1.1" 200 9566
216.245.221.92 - - [26/Nov/2022:06:13:34 -0500] "HEAD / HTTP/1.1" 200 -
172.22.2.4 - - [26/Nov/2022:06:13:39 -0500] "GET /BLA/boletinlegal/js/lib.js HTTP/1.1" 200 6474
172.22.2.4 - - [26/Nov/2022:06:13:39 -0500] "GET /BLA/boletinlegal/niceforms-default.css HTTP/1.1" 200 6694
172.22.2.4 - - [26/Nov/2022:06:13:40 -0500] "GET /BLA/boletinlegal/niceforms.js HTTP/1.1" 200 22876
172.22.2.4 - - [26/Nov/2022:06:13:44 -0500] "GET /BLA/boletinlegal/js/jquery1.js HTTP/1.1" 200 29846
172.22.2.4 - - [26/Nov/2022:06:13:44 -0500] "GET /BLA/boletinlegal/js/popup.js HTTP/1.1" 200 1270
201.245.192.253 - - [26/Nov/2022:06:13:45 -0500] "POST /kwsrmcab/Wsrmcab  HTTP/1.1" 200 42393
172.22.2.4 - - [26/Nov/2022:06:13:49 -0500] "GET /BLA/boletinlegal/js/ajax_actos.js HTTP/1.1" 200 1322
172.22.2.4 - - [26/Nov/2022:06:14:33 -0500] "HEAD /BLA/boletinlegal/ HTTP/1.1" 200 -
172.22.2.4 - - [26/Nov/2022:06:15:23 -0500] "GET /BLA/boletinlegal/ HTTP/1.1" 200 55272
216.245.221.92 - - [26/Nov/2022:06:18:34 -0500] "HEAD / HTTP/1.1" 200 -
201.245.192.253 - - [26/Nov/2022:06:18:44 -0500] "POST /kwsrmcab/Wsrmcab  HTTP/1.1" 200 42393
172.22.2.4 - - [26/Nov/2022:06:20:04 -0500] "GET /BLA/boletinlegal/jurisprudencia/analisis/AnalisisT-095-16.docx HTTP/1.1" 304 -
201.245.192.253 - - [26/Nov/2022:06:20:33 -0500] "POST /kwsrmcab/Wsrmcab HTTP/1.1" 200 43506
201.245.192.253 - - [26/Nov/2022:06:20:35 -0500] "POST /kwsrmcab/Wsrmcab HTTP/1.1" 200 43711
172.22.2.4 - - [26/Nov/2022:06:20:23 -0500] "HEAD /BLA/boletinlegal/ HTTP/1.1" 200 -
66.249.73.97 - - [26/Nov/2022:06:22:42 -0500] "-" 408 -
172.22.2.4 - - [26/Nov/2022:06:21:13 -0500] "GET /BLA/boletinlegal/ HTTP/1.1" 200 59779
216.245.221.92 - - [26/Nov/2022:06:23:34 -0500] "HEAD / HTTP/1.1" 200 -
201.245.192.253 - - [26/Nov/2022:06:23:43 -0500] "POST /kwsrmcab/Wsrmcab  HTTP/1.1" 200 42393
141.255.166.2 - - [26/Nov/2022:06:24:56 -0500] "GET / HTTP/1.1" 200 319
69.63.189.2 - - [26/Nov/2022:06:25:51 -0500] "GET /images/plantacion-jbb-22-abril.jpg HTTP/1.1" 200 52184
172.22.2.4 - - [26/Nov/2022:06:26:13 -0500] "HEAD /BLA/boletinlegal/ HTTP/1.1" 200 -
216.245.221.92 - - [26/Nov/2022:06:28:34 -0500] "HEAD / HTTP/1.1" 200 -
172.22.2.4 - - [26/Nov/2022:06:27:03 -0500] "GET /BLA/boletinlegal/ HTTP/1.1" 200 57824
201.245.192.253 - - [26/Nov/2022:06:28:42 -0500] "POST /kwsrmcab/Wsrmcab  HTTP/1.1" 200 42393
172.22.2.4 - - [26/Nov/2022:06:29:40 -0500] "GET /BLA/boletinlegal/images/signo-mas.gif HTTP/1.1" 200 13689
66.249.73.127 - - [26/Nov/2022:06:30:10 -0500] "-" 408 -
201.245.192.253 - - [26/Nov/2022:06:30:32 -0500] "POST /kwsrmcab/Wsrmcab HTTP/1.1" 200 43506
201.245.192.253 - - [26/Nov/2022:06:30:35 -0500] "POST /kwsrmcab/Wsrmcab HTTP/1.1" 200 43711
181.53.12.60 - - [26/Nov/2022:06:31:32 -0500] "GET /kwssiamovil/sm/ldap/au?x=U2FsdGVkX195dwvQymjsjOae59WlyP1pKv5tsquyn410So6gucQDkqSQ4igU6zf7&y=U2FsdGVkX180Fla+V3x2rWe8sqiXKH3DWMEHDwzxrUkDfHjAt8So1m1GTII5v/5Y HTTP/1.1" 200 30
181.53.12.60 - - [26/Nov/2022:06:31:32 -0500] "GET /kwssiamovil/sm/acme/s?s=U2FsdGVkX19d5NvYKEN6Gdm7B1Ksgy7+30DIAuD8ptwQzj2fkqHbj+b88xDFsWBHbNkxlLOUoF6gMmmxJflk7gxXGV8FA60KWGHNXhNTIWc=&u=U2FsdGVkX1+vppsOGWyfJGGLh1q2j5234O6hhOyQ4W0=&y=U2FsdGVkX180Fla+V3x2rWe8sqiXKH3DWMEHDwzxrUkDfHjAt8So1m1GTII5v/5Y HTTP/1.1" 200 97
181.53.12.60 - - [26/Nov/2022:06:31:32 -0500] "GET /kwssiamovil/sm/acme/s?s=U2FsdGVkX186r1gXSxQJi/MPMYzKwT6FBf6kjrR9lxjkLzRTzox0G9qdtL6bcyN0+1r6oCOCMJ+GT4m7PME4fAgrNA1Ka/a6ZOvYtTcNt19ZFnWATQ6jFYI80W8G5aJ01eEz5M0h73HR8O7Hq/3lw9mlaF/d1Y0ApOM4rQ5K/tae8eTh1FjbdvSuG1OmfLMCH0CN0DR+hR6bBBXJaVwjd3NqhsAw+0MzwrE5BIDbQQeusNVequjcwXDJxyRoywXmVDHh2MIL9Drzcy3u3PSxQgnp22VqApb93t2zYgnS4uvQ0WLchDQ71oDX8IT/kXe/Uy+ljZR/cgRb8yigYLviComf4PW3xJhy4jkolNSWLc5NmnjUkYuM3WyyuwuIAdXIRmZqw2NTDOsle8CE+0Zy7PNRv0hIogGRlJdwR48iRyJjLBfKk/CJgMm63CHcVue6R9M/cWIgAlsi4KRm/aD/PUGIAudFduiknWFyI+FsYQiGjyyp9oVveBmXAdNDkVpthYsEEyXsoAWsnLvROgYZT1OdRWc+FYzsaBzUknWCpJCFAXxx6538CV8IvPYEl1XTyI6ZdG8fxdfIdTARcsafO9VuSSTmam2xQkcugIWnfPt9NHevPJh4C2gVz9643pumVmdI/3/rbtCDWdSfI6I5130lbXDKBYgmV9WijiUwMKDiywunC47FhAbLFWJkt2gNhbyEBGWrNyB5AS84lp7hG4g3+3KxV7pGbLRnr90bUydt/yY1APtLCuStYumrasLP4QBq3b3VI19+w2mVRuLH0Pyqkq04FSDGktWL8rem8L9Gca1B1d5lUpb/TOmHZMif2okngPM4pVSICYabB4JGG0Yv+oC4dXExPOP+C17st/cifQhjt7gF4gayyjGjgY++XLBfiCHzCYGjxU9Y1DbqjJHcswAkL5dC5xQXrhIEm0+20xcuRd9tkWxnpy6Y/TmWy/0FHbdhS9ZbaNy2o4IX1GeKZAP1/L8TZit2EusBRt4ZyaoR4pBe/sCCL6hV1lBmYmk+8Avi7P1ttMUIPA8kBMr1D5h1Ngf2bxMSKbKA/+CTc+JotsNy0rhg+NeUTbwynaOfF0aOffdrEWoiA7PUyPqIO/McZqCkNBrMXu1Cg1Q/s/5Q0cW/rLrBsx7MyBwOq3uDy4hylVxil8Dg+e6xM9fowjHEAFepTV21bcM+2ozME9nHHxc2AcIXMkiCDExG683DeVc7h53WFv2hhHOvyi/bUs5kX4ObC6PlQyNdZdv8PZyNzKve3xZPQwKCXKXSu9TZH1PN7Gu8g0rXksBANwR39XDdwFgd/DKx9kiFtONBdL0PnYxxVfPMO9Dpi91LE3SOfSg6rqXkbevKKSOIOFRd/+NlV2L0Yo3N1ZtRdBlAjkTH0DARW0Ii0S3tB6pcq8BuszGxD3X0WRKV5RTjFaqQUoFqSHdpzrwa2gff/mk=&u=U2FsdGVkX1+vppsOGWyfJGGLh1q2j5234O6hhOyQ4W0=&y=U2FsdGVkX180Fla+V3x2rWe8sqiXKH3DWMEHDwzxrUkDfHjAt8So1m1GTII5v/5Y HTTP/1.1" 200 684
181.53.12.60 - - [26/Nov/2022:06:31:32 -0500] "GET /kwssiamovil/sm/acme/s?s=U2FsdGVkX1/TbfhVYK7fqh6edc2p8NR6PqAqXzk3Gr6BqfUGtFWVvVd2K0O9fFAtphwUxON17rcXfO6B14fG2uYVAOpFprwd+t9FaBrJNF7suFDam4b4qG+XS+SyJFjmWjrUpDxAXR/Ff0qIV654t9CGgmmSEYayC9cIX3SdbHMVh4nXpgBIBKi2DHOV2A8IE/PkFHpgDr+MLv+vG/y+XIhfcB6oJj23xj9ro5gXMg7ScqXwiIoBqIJaxRXuFGzAlNhBAp/6NqlkNTCCfdpJo+vd1bbewOF+knaNbhqYS0BiRZN0smwxVt69NUg5lWo/mtZWQ2ssiE4Ew3CPm37MjA==&u=U2FsdGVkX1+vppsOGWyfJGGLh1q2j5234O6hhOyQ4W0=&y=U2FsdGVkX180Fla+V3x2rWe8sqiXKH3DWMEHDwzxrUkDfHjAt8So1m1GTII5v/5Y HTTP/1.1" 200 196
181.53.12.60 - - [26/Nov/2022:06:31:32 -0500] "GET /kwssiamovil/sm/cjson/pre?f=1&x=U2FsdGVkX195dwvQymjsjOae59WlyP1pKv5tsquyn410So6gucQDkqSQ4igU6zf7 HTTP/1.1" 200 31032
114.119.147.166 - - [26/Nov/2022:06:32:13 -0500] "-" 408 -
45.8.164.199 - - [26/Nov/2022:06:33:14 -0500] "HEAD /secretaria-de-ambiente-reconoce-15-entidades-distritales-por-su-desempeno-ambiental.html HTTP/1.1" 200 -
185.131.54.35 - - [26/Nov/2022:06:33:15 -0500] "GET /secretaria-de-ambiente-reconoce-15-entidades-distritales-por-su-desempeno-ambiental.html HTTP/1.1" 200 978
216.245.221.92 - - [26/Nov/2022:06:33:34 -0500] "HEAD / HTTP/1.1" 200 -
172.22.2.4 - - [26/Nov/2022:06:32:03 -0500] "HEAD /BLA/boletinlegal/ HTTP/1.1" 200 -
201.245.192.253 - - [26/Nov/2022:06:33:42 -0500] "POST /kwsrmcab/Wsrmcab  HTTP/1.1" 200 42393
173.252.127.13 - - [26/Nov/2022:06:34:08 -0500] "GET /images/Acuerdos%2001%20(1)%20(1).jpeg HTTP/1.1" 200 32884
173.252.127.17 - - [26/Nov/2022:06:34:08 -0500] "GET /images/Musgo%20SDA%20(1)%20(1).png HTTP/1.1" 200 302122
173.252.127.6 - - [26/Nov/2022:06:34:19 -0500] "GET /images/Reciclaton%20Nov%202022%20(1)%20(1).jpeg HTTP/1.1" 200 53811
172.22.2.4 - - [26/Nov/2022:06:32:53 -0500] "GET /BLA/boletinlegal/ HTTP/1.1" 200 57824
66.249.73.127 - - [26/Nov/2022:06:35:59 -0500] "-" 408 -
157.55.39.39 - - [26/Nov/2022:06:36:37 -0500] "GET /galeria/galeria/fotos/Soratama3G.jpg HTTP/1.1" 200 159434
157.55.39.206 - - [26/Nov/2022:06:36:49 -0500] "GET /sipse/faces/autenticacion.xhtml HTTP/1.1" 200 12505
181.53.12.60 - - [26/Nov/2022:06:37:57 -0500] "GET /kwssiamovil/sm/acme/a?s=U2FsdGVkX1+0WY5EFfDN/r7fgSUg2Xz/V3soou/KLvsln8jt0W73wwsvmhdOY68WvP2QzOeeBqCsoyGuNUC8ew7oGxLjLYV1H5FNdOhVcQ2JGlj6PwEtX3NvMKHsn+eqeOPa0DsMcBxgX6/bDbj1k0+g71dHJjk9vJ2BngjQ97TuKFmZdj05WsUGCCAMvI5mTxinKkxg5Hizzi45a+NXj+ec3hepHBCqZKiLigzcqUr8l7KAbKFt/+KBdt58vEDchh+539delSUWp/h9/Zd6zA==&u=U2FsdGVkX1+vppsOGWyfJGGLh1q2j5234O6hhOyQ4W0=&y=U2FsdGVkX180Fla+V3x2rWe8sqiXKH3DWMEHDwzxrUkDfHjAt8So1m1GTII5v/5Y HTTP/1.1" 200 26
181.53.12.60 - - [26/Nov/2022:06:37:58 -0500] "GET /kwssiamovil/sm/acme/a?s=U2FsdGVkX19i+wXk7kMbgqAp8cBpmWIvRG62YEMqkJIJBvgmXNsqjiqIywFuxV2Kp/69tXnFPJbDff7W4gQxJ7n4yX/49AXQpFXEJwl+G1vThJq1YE86EWgWhd3GHcRWi06Nd1GmV5KyjrZu7XjHwruGCuKGDkL4Mj/f7y4dWT4/uZwroXF49CEqkh+f+tmiFMWPrIGkRTnbJ+hLjfAmtD/3ZPfYsxtWmHoNuRvNdwnfRRMEJShYTZj6drQMLHT5pFibr69WXrUTfeRxChnuzMSL0pVWeUb3/o/RZ7wWQ29pVsrfMu9JFn03n0fr4t4X2sir9n1QHiu3Qb2xmYLFU48zKRp86Y0qfmKP9lE0XgnSreyoTzksWmZ49Rc+53AXg7L0Tgdl2jZwYXg0GGWBANwfqVrHi+p4cdgEhhntocvwnXywaQHlNH//Qr15Nm6AUranbiZM6hd5gthkZcj4TKjbneS+YcUqDHlDp0Vv7vObiqfBToT2Ne9IZGIpnyaIbNVKGIN24/AJyCQI5fz6TvpIDdEvLugyV0hm9FsB79e5sz+GYeSBmKr1UEksF9EkN5efBVZx3amUWthxI95u+d8fEus/wcy4dU0eL8n8do3t4ax9uuhmPaUPQfY+HakBdFwjaCw4M+u1EnhwaZKCnsozLPJSyoot3F1tWXbiHxV+3zVIp+7o7zfAA+EOtnXW4MmjljHwbPX/oWU8HKz3vhpFx2O45/rGdR4G1VhMLiNLJnOZtRmYOY8rcZ54rkxMU7MrdtG9ccDf4yRTuLOWTVYWsq8Ck4uR7lNPltqbN50/F5TrlCYeHwDUZdFJcfcZojTThTIlcqGzZZ7k0c6w+Vk8czCZ/eXRdWHOSgvhwrYtU3LnkV6b+95RyASF3W6GqlgeVeU1/eI3yzU4npdTOwQZBoxgu+uHTsA+265vQDe3YoTFTzpvomeXbTmEuqczATTBzcYjzMw9wOqHdauiZyKO1vJJ76waYmfFuh8IYR8pP08myUGSOZiVWzW1P7KXlqkb1510fW6y8i/BkKmUz8xa2qyLpkpqr3mEojgk8SsNMwV8EoOvwVl4URjPCnPrhcGpDNKBP6qiJ/6jOiSlk/bhtPYqEcRsIfHVTRGYffW/RxHZGAahShqmKt/Ykv5ThuvKXjd9GougqxmACpIOJXkYVrQIQRd3vuTmdvEAg5I+tscbKcuxRIfCuMgo8OJRHuzTdg+slFCL0uML0d6d8tteKZr+qWGYxMgzBN70l1/o9qX5Pd3P433VF+Js6PRgDXm5m6n9mNN6PcGgYKJ6GCuo5w5Z6fSRThKjTNFAeVFzVi8g1B2epNWu+BqZ1wnUHlXar4vr1tf2iBOjoc97vV5syIVwPNrPen2+O7QB4SG9flti4coOxWWgN/9gTM1PX6bgxuk9fh7SrlKkXPFyhwNwfTM8/zbfhHbzs/rc4z5biXcv3RDM6TFX/Bptdxc403l90vdPA7T4FZjr8gbJSJGPxOa4WRQ5AGnje/sKWZeyzjZ/PiaZQQSUr8COvVy/IP+Ckw4u6OL1moiF2kWmQP2niPH8DdV97UuiiocBgGHQKbLFYdo/SFWoHE8q4PJ9RVBtl4aVCP5Zqp1/SlgQ7fL9FhH8juWQQfluYkXkxc1pR/GH1W3DxhHDff3PV9HeT8BHOwMd0huB04bdkZdwJ4zWqfnF3m37CNmq/ghNiGxt7TmIWKgfCX7p7ZA2CpphKcJ5q/+rF+gl8uXcpfO9WZMSdPScv81UkeplLx0dhqRagmXfNN/lDX7c5K/ZYRTWmUVzBSn41jr5LvTuFlsTSqBFAaNlQUsbZWY58WSbm1wQ2QmLMMdVmYhFatg0j617rWzP/MOoBI10ZKL/qTbM4GScJpWFrXNQrSSm/iG1bDoZuS+HcQTdIsxIMoFdEx8pAOmJ+72zD1pqf3JdJB3RBya8mN0muqJ7ZC+lPGv33Bi0uLysmeI6tducafpnOm4fO3MRa7ZQx1dOFxUTgykJXgZV+AUd40nkMRwgyd+Ov+mxCCu/MD6VhQk7sxoFwpr/y9T131nck1BpHDJnHvwvfJq8RSnExwZg5mIn7G7CQ9w02RTk80HlWpRSxG3UAR6weKxTUgBzmCvqRzmPLDPrb8AkzrzQnniDxvIhF+Zk6lgZwYizGhsOgFIymCRSatSI7x1PkI7kbZOWdPhUWlRy8icm+UCva4HLxvawrHXtx9ooC8UbAcDpOKng1TMvCElhHyK6rC/vLz33PwwFr8Jd7stRdSSaEZu75Un+iVElyws=&u=U2FsdGVkX1+vppsOGWyfJGGLh1q2j5234O6hhOyQ4W0=&y=U2FsdGVkX180Fla+V3x2rWe8sqiXKH3DWMEHDwzxrUkDfHjAt8So1m1GTII5v/5Y HTTP/1.1" 200 26
181.53.12.60 - - [26/Nov/2022:06:37:58 -0500] "GET /kwssiamovil/sm/acme/a?s=U2FsdGVkX1+bm8Wipm/PFWGTYmJGkBKluzeN04tVZSBmT6TDlykXHvmQ6KTp3YbDZfGy0S+e40boJhiktEJo6w4Lsx4bVESLRCldZDu+0wZF6ns0Tu4JIp6Ek2wySKE+dPXd2pUmzZ30BIJeHIfh23BhcXpb6ib922Dve4UEp8o=&u=U2FsdGVkX1+vppsOGWyfJGGLh1q2j5234O6hhOyQ4W0=&y=U2FsdGVkX180Fla+V3x2rWe8sqiXKH3DWMEHDwzxrUkDfHjAt8So1m1GTII5v/5Y HTTP/1.1" 200 26
181.53.12.60 - - [26/Nov/2022:06:37:58 -0500] "GET /kwssiamovil/sm/acme/a?s=U2FsdGVkX1/Y3peyz5bCZaxX700AMrfZyljT1VSaLY98bdkIadP2tPEwVuc9bpXoI/tvq8j4+iOJKUOfy3Q78IDXPJAAvfGDAKjQa/hziVH9Ni2/JVDWW1sISut4WPJULLlohMPArwCpAUSkDRCAR3ArSF3DtGJM98nkXJHd1aA=&u=U2FsdGVkX1+vppsOGWyfJGGLh1q2j5234O6hhOyQ4W0=&y=U2FsdGVkX180Fla+V3x2rWe8sqiXKH3DWMEHDwzxrUkDfHjAt8So1m1GTII5v/5Y HTTP/1.1" 200 26
181.53.12.60 - - [26/Nov/2022:06:37:58 -0500] "GET /kwssiamovil/sm/acme/a?s=U2FsdGVkX1+c9P5aNqBnBGITjVrXfYFywBEOK9cjs2U5tGc+n5r+GClfPZoUjP17Pj7a/2a7sxgrk++DgI3bPU/zOaOVaxMMhhxiSZ7uvxn0wB/mys2Egskra8SuejHhOKQB5bA4x4qzV9WTdu96sA2ryW2AbRyVUljWClvL1Kk=&u=U2FsdGVkX1+vppsOGWyfJGGLh1q2j5234O6hhOyQ4W0=&y=U2FsdGVkX180Fla+V3x2rWe8sqiXKH3DWMEHDwzxrUkDfHjAt8So1m1GTII5v/5Y HTTP/1.1" 200 26
181.53.12.60 - - [26/Nov/2022:06:37:59 -0500] "GET /kwssiamovil/sm/acme/a?s=U2FsdGVkX1842GtGYQt1GooPe+xJEMaciztrC9Kd9HuStjSB2zhdWiQTC+p/ybvbJ/4OQkB+UmXCLpGz4wktrOMxNmxv17HBLBn0v3iJxHFSWekE7UmhJYjJoZXDKsdDMpC8RhhgjInmquLW9vQMRzocKGW5PBKBjBMxmXNxmcMW9xsXK5tnoQcXh2PDbr1A&u=U2FsdGVkX1+vppsOGWyfJGGLh1q2j5234O6hhOyQ4W0=&y=U2FsdGVkX180Fla+V3x2rWe8sqiXKH3DWMEHDwzxrUkDfHjAt8So1m1GTII5v/5Y HTTP/1.1" 200 26
216.245.221.92 - - [26/Nov/2022:06:38:34 -0500] "HEAD / HTTP/1.1" 200 -
201.245.192.253 - - [26/Nov/2022:06:38:41 -0500] "POST /kwsrmcab/Wsrmcab  HTTP/1.1" 200 42393
172.22.2.4 - - [26/Nov/2022:06:37:53 -0500] "HEAD /BLA/boletinlegal/ HTTP/1.1" 200 -
172.22.2.4 - - [26/Nov/2022:06:38:43 -0500] "GET /BLA/boletinlegal/ HTTP/1.1" 200 57824
201.245.192.253 - - [26/Nov/2022:06:40:33 -0500] "POST /kwsrmcab/Wsrmcab HTTP/1.1" 200 43506
201.245.192.253 - - [26/Nov/2022:06:40:35 -0500] "POST /kwsrmcab/Wsrmcab HTTP/1.1" 200 43711
207.46.13.194 - - [26/Nov/2022:06:41:34 -0500] "GET /galeria/galeria/fotos/Humedal-la-conejera4G.jpg HTTP/1.1" 200 371145
66.249.73.127 - - [26/Nov/2022:06:41:40 -0500] "-" 408 -
194.31.100.202 - - [26/Nov/2022:06:43:27 -0500] "HEAD /bogota-un-distritosilvestre.html HTTP/1.1" 200 -
45.8.166.189 - - [26/Nov/2022:06:43:27 -0500] "GET /bogota-un-distritosilvestre.html HTTP/1.1" 200 723
216.245.221.92 - - [26/Nov/2022:06:43:34 -0500] "HEAD / HTTP/1.1" 200 -
201.245.192.253 - - [26/Nov/2022:06:43:40 -0500] "POST /kwsrmcab/Wsrmcab  HTTP/1.1" 200 42393
172.22.2.4 - - [26/Nov/2022:06:43:43 -0500] "HEAD /BLA/boletinlegal/ HTTP/1.1" 200 -
172.22.2.4 - - [26/Nov/2022:06:44:33 -0500] "GET /BLA/boletinlegal/ HTTP/1.1" 200 59779
157.55.39.39 - - [26/Nov/2022:06:47:03 -0500] "GET /BLA/resoluciones/index.php?dir=AUTOS+2019%2F HTTP/1.1" 200 349340
152.32.180.70 - - [26/Nov/2022:06:47:29 -0500] "\x16\x03\x01\x01\t\x01" 400 226
152.32.180.70 - - [26/Nov/2022:06:47:42 -0500] "GET / HTTP/1.1" 200 319
66.249.73.127 - - [26/Nov/2022:06:47:59 -0500] "-" 408 -
152.32.180.70 - - [26/Nov/2022:06:48:06 -0500] "GET /favicon.ico HTTP/1.1" 200 7782
152.32.180.70 - - [26/Nov/2022:06:48:32 -0500] "GET /sitemap.xml HTTP/1.1" 404 1018
216.245.221.92 - - [26/Nov/2022:06:48:34 -0500] "HEAD / HTTP/1.1" 200 -
201.245.192.253 - - [26/Nov/2022:06:48:39 -0500] "POST /kwsrmcab/Wsrmcab  HTTP/1.1" 200 42393
172.22.2.4 - - [26/Nov/2022:06:51:11 -0500] "GET /BLA/boletinlegal/wp-admin/install.php?step=1 HTTP/1.1" 404 1038
172.22.2.4 - - [26/Nov/2022:06:51:12 -0500] "GET /BLA/boletinlegal/wp-admin/setup-config.php HTTP/1.1" 404 1038
172.22.2.4 - - [26/Nov/2022:06:51:12 -0500] "GET /BLA/boletinlegal/backup/wp-admin/install.php?step=1 HTTP/1.1" 404 1038
172.22.2.4 - - [26/Nov/2022:06:51:13 -0500] "GET /BLA/boletinlegal/backup/wp-admin/setup-config.php HTTP/1.1" 404 1038
172.22.2.4 - - [26/Nov/2022:06:49:33 -0500] "HEAD /BLA/boletinlegal/ HTTP/1.1" 200 -
172.22.2.4 - - [26/Nov/2022:06:51:14 -0500] "GET /BLA/boletinlegal/wordpress/wp-admin/install.php?step=1 HTTP/1.1" 404 1038
172.22.2.4 - - [26/Nov/2022:06:51:14 -0500] "GET /BLA/boletinlegal/wordpress/wp-admin/setup-config.php HTTP/1.1" 404 1038
172.22.2.4 - - [26/Nov/2022:06:50:48 -0500] "GET /BLA/boletinlegal/index.php?s=/Index/\\think\\app/invokefunction&function=call_user_func_array&vars[0]=md5&vars[1][]=HelloThinkPHP21 HTTP/1.1" 200 24523
157.55.39.39 - - [26/Nov/2022:06:51:46 -0500] "GET /BLA/resoluciones/index.php?dir=AUTOS+2018%2F HTTP/1.1" 200 441491
172.22.2.4 - - [26/Nov/2022:06:50:23 -0500] "GET /BLA/boletinlegal/ HTTP/1.1" 200 56079
216.245.221.92 - - [26/Nov/2022:06:53:34 -0500] "HEAD / HTTP/1.1" 200 -
201.245.192.253 - - [26/Nov/2022:06:53:38 -0500] "POST /kwsrmcab/Wsrmcab  HTTP/1.1" 200 42393
123.139.90.101 - - [26/Nov/2022:06:54:06 -0500] "GET / HTTP/1.1" 400 946
172.22.2.4 - - [26/Nov/2022:06:54:23 -0500] "GET /BLA/boletinlegal/Circulares/2018/CIRCULAR%20COJUNTA%20042%20DE%202018.pdf HTTP/1.1" 304 -
80.94.92.40 - - [26/Nov/2022:06:55:08 -0500] "GET / HTTP/1.1" 200 319
199.16.157.181 - - [26/Nov/2022:06:56:28 -0500] "GET /images/desayuno-por-el-clima-del-c40-cop26-3-nov.jpg HTTP/1.1" 200 103146
185.119.81.104 - - [26/Nov/2022:06:56:44 -0500] "GET /portaldeninos/wp-login.php HTTP/1.1" 200 2592
185.119.81.104 - - [26/Nov/2022:06:56:45 -0500] "POST /portaldeninos/wp-login.php HTTP/1.1" 200 3605
172.22.2.4 - - [26/Nov/2022:06:55:23 -0500] "HEAD /BLA/boletinlegal/ HTTP/1.1" 200 -
172.22.2.4 - - [26/Nov/2022:06:56:13 -0500] "GET /BLA/boletinlegal/ HTTP/1.1" 200 54816
216.245.221.92 - - [26/Nov/2022:06:58:34 -0500] "HEAD / HTTP/1.1" 200 -
201.245.192.253 - - [26/Nov/2022:06:58:37 -0500] "POST /kwsrmcab/Wsrmcab  HTTP/1.1" 200 42393
172.22.2.4 - - [26/Nov/2022:07:01:13 -0500] "HEAD /BLA/boletinlegal/ HTTP/1.1" 200 -
216.245.221.92 - - [26/Nov/2022:07:03:34 -0500] "HEAD / HTTP/1.1" 200 -
201.245.192.253 - - [26/Nov/2022:07:03:36 -0500] "POST /kwsrmcab/Wsrmcab  HTTP/1.1" 200 42393
172.22.2.4 - - [26/Nov/2022:07:02:03 -0500] "GET /BLA/boletinlegal/ HTTP/1.1" 200 55680
