186.81.229.249 - - [26/Nov/2022:13:42:32 -0500] "GET /sipse/faces/javax.faces.resource/layout/layout.js?ln=primefaces&v=4.0 HTTP/1.1" 304 -
186.81.229.249 - - [26/Nov/2022:13:42:32 -0500] "POST /sipse/faces/presentacion/financiero/solicitudProceso/consultar.xhtml HTTP/1.1" 200 31753
186.81.229.249 - - [26/Nov/2022:13:42:35 -0500] "POST /sipse/faces/presentacion/financiero/solicitudProceso/consultar.xhtml HTTP/1.1" 200 12798
157.55.39.39 - - [26/Nov/2022:13:43:14 -0500] "GET /BLA/resoluciones/index.php?dir=AUTOS+2018%2F HTTP/1.1" 200 441491
216.245.221.92 - - [26/Nov/2022:13:43:33 -0500] "HEAD / HTTP/1.1" 200 -
186.155.32.44 - - [26/Nov/2022:13:43:51 -0500] "POST /BLA/boletinlegal/admin/actos/ingresar.php HTTP/1.1" 200 7236
186.155.32.44 - - [26/Nov/2022:13:43:53 -0500] "GET /BLA/boletinlegal/images/favicon.ico HTTP/1.1" 404 1328
186.155.32.44 - - [26/Nov/2022:13:45:08 -0500] "POST /BLA/boletinlegal/admin/actos/ingresar.php HTTP/1.1" 200 7236
186.155.32.44 - - [26/Nov/2022:13:45:09 -0500] "GET /BLA/boletinlegal/images/favicon.ico HTTP/1.1" 404 1328
172.22.2.4 - - [26/Nov/2022:13:43:43 -0500] "HEAD /BLA/boletinlegal/ HTTP/1.1" 200 -
185.119.81.102 - - [26/Nov/2022:13:45:30 -0500] "GET /portaldeninos/wp-login.php HTTP/1.1" 200 2592
185.119.81.102 - - [26/Nov/2022:13:45:31 -0500] "POST /portaldeninos/wp-login.php HTTP/1.1" 200 3605
172.22.2.4 - - [26/Nov/2022:13:44:33 -0500] "GET /BLA/boletinlegal/ HTTP/1.1" 200 57824
207.46.13.174 - - [26/Nov/2022:13:46:16 -0500] "GET /galeria/galeria/fotos/mirador3G.jpg HTTP/1.1" 200 131992
201.245.192.253 - - [26/Nov/2022:13:47:11 -0500] "POST /kwsrmcab/Wsrmcab  HTTP/1.1" 200 42393
185.215.113.5 - - [26/Nov/2022:13:47:41 -0500] "GET /BLA/resoluciones/AUTOS%202018'/3623.pdf HTTP/1.1" 404 1018
216.245.221.92 - - [26/Nov/2022:13:48:33 -0500] "HEAD / HTTP/1.1" 200 -
172.22.2.4 - - [26/Nov/2022:13:49:49 -0500] "GET /BLA/boletinlegal/images/cabezote%20BLEGAL.jpg HTTP/1.1" 200 118164
40.77.167.13 - - [26/Nov/2022:13:51:09 -0500] "GET /Publicaciones/2022EE190623.pdf HTTP/1.1" 404 228
172.22.2.4 - - [26/Nov/2022:13:49:33 -0500] "HEAD /BLA/boletinlegal/ HTTP/1.1" 200 -
181.54.151.176 - - [26/Nov/2022:13:51:18 -0500] "GET /BLA/resoluciones/RESOLUCIONES%202011/6971.pdf HTTP/1.1" 200 637749
181.54.151.176 - - [26/Nov/2022:13:51:18 -0500] "GET /favicon.ico HTTP/1.1" 200 7782
172.22.2.4 - - [26/Nov/2022:13:50:23 -0500] "GET /BLA/boletinlegal/ HTTP/1.1" 200 56474
201.245.192.253 - - [26/Nov/2022:13:52:10 -0500] "POST /kwsrmcab/Wsrmcab  HTTP/1.1" 200 42393
23.100.232.233 - - [26/Nov/2022:13:52:39 -0500] "GET /bla/resoluciones/autos%202022/2050.pdf HTTP/1.1" 200 379662
216.245.221.92 - - [26/Nov/2022:13:53:33 -0500] "HEAD / HTTP/1.1" 200 -
40.77.167.58 - - [26/Nov/2022:13:55:52 -0500] "GET /BLA/resoluciones/AUTOS%202021/2245.pdf HTTP/1.1" 304 -
172.22.2.4 - - [26/Nov/2022:13:55:23 -0500] "HEAD /BLA/boletinlegal/ HTTP/1.1" 200 -
201.245.192.253 - - [26/Nov/2022:13:57:09 -0500] "POST /kwsrmcab/Wsrmcab  HTTP/1.1" 200 42393
172.22.2.4 - - [26/Nov/2022:13:56:13 -0500] "GET /BLA/boletinlegal/ HTTP/1.1" 200 58185
173.252.95.118 - - [26/Nov/2022:13:58:22 -0500] "GET /images/Musgo%20SDA%20(1)%20(1).png HTTP/1.1" 200 302122
173.252.95.21 - - [26/Nov/2022:13:58:22 -0500] "GET /images/Acuerdos%2001%20(1)%20(1).jpeg HTTP/1.1" 200 32884
173.252.95.4 - - [26/Nov/2022:13:58:25 -0500] "GET /images/Reciclaton%20Nov%202022%20(1)%20(1).jpeg HTTP/1.1" 200 53811
216.245.221.92 - - [26/Nov/2022:13:58:33 -0500] "HEAD / HTTP/1.1" 200 -
185.119.81.102 - - [26/Nov/2022:14:00:53 -0500] "GET /portaldeninos/wp-login.php HTTP/1.1" 200 2592
185.119.81.102 - - [26/Nov/2022:14:00:54 -0500] "POST /portaldeninos/wp-login.php HTTP/1.1" 200 3650
157.55.39.39 - - [26/Nov/2022:14:01:22 -0500] "GET /galeria/galeria/fotos/Jaboque4G.jpg HTTP/1.1" 200 295106
201.245.192.253 - - [26/Nov/2022:14:02:07 -0500] "POST /kwsrmcab/Wsrmcab  HTTP/1.1" 200 42393
95.217.144.236 - - [26/Nov/2022:14:02:09 -0500] "-" 408 -
172.22.2.4 - - [26/Nov/2022:14:01:13 -0500] "HEAD /BLA/boletinlegal/ HTTP/1.1" 200 -
207.46.13.174 - - [26/Nov/2022:14:03:20 -0500] "GET /BLA/resoluciones/index.php?dir=RESOLUCIONES+2019%2F HTTP/1.1" 200 248301
216.245.221.92 - - [26/Nov/2022:14:03:33 -0500] "HEAD / HTTP/1.1" 200 -
172.22.2.4 - - [26/Nov/2022:14:02:03 -0500] "GET /BLA/boletinlegal/ HTTP/1.1" 200 59779
201.245.192.253 - - [26/Nov/2022:14:07:06 -0500] "POST /kwsrmcab/Wsrmcab  HTTP/1.1" 200 42393
216.245.221.92 - - [26/Nov/2022:14:08:33 -0500] "HEAD / HTTP/1.1" 200 -
172.22.2.4 - - [26/Nov/2022:14:07:03 -0500] "HEAD /BLA/boletinlegal/ HTTP/1.1" 200 -
172.22.2.4 - - [26/Nov/2022:14:07:53 -0500] "GET /BLA/boletinlegal/ HTTP/1.1" 200 59779
185.119.81.102 - - [26/Nov/2022:14:11:49 -0500] "GET /portaldeninos/wp-login.php HTTP/1.1" 200 2592
185.119.81.102 - - [26/Nov/2022:14:11:50 -0500] "POST /portaldeninos/wp-login.php HTTP/1.1" 200 3670
201.245.192.253 - - [26/Nov/2022:14:12:06 -0500] "POST /kwsrmcab/Wsrmcab  HTTP/1.1" 200 42393
216.245.221.92 - - [26/Nov/2022:14:13:33 -0500] "HEAD / HTTP/1.1" 200 -
172.22.2.4 - - [26/Nov/2022:14:12:53 -0500] "HEAD /BLA/boletinlegal/ HTTP/1.1" 200 -
172.22.2.4 - - [26/Nov/2022:14:13:43 -0500] "GET /BLA/boletinlegal/ HTTP/1.1" 200 57824
172.22.2.4 - - [26/Nov/2022:14:15:53 -0500] "GET /BLA/boletinlegal/DesktopModules/Admin/RadEditorProvider/DialogHandler.aspx HTTP/1.1" 404 1038
172.22.2.4 - - [26/Nov/2022:14:15:56 -0500] "GET /BLA/boletinlegal/providers/htmleditorproviders/telerik/telerik.web.ui.dialoghandler.aspx HTTP/1.1" 404 1038
172.22.2.4 - - [26/Nov/2022:14:15:58 -0500] "GET /BLA/boletinlegal/desktopmodules/telerikwebui/radeditorprovider/telerik.web.ui.dialoghandler.aspx HTTP/1.1" 404 1038
172.22.2.4 - - [26/Nov/2022:14:16:10 -0500] "GET /BLA/boletinlegal/images/screen_2.png HTTP/1.1" 200 362502
172.22.2.4 - - [26/Nov/2022:14:16:10 -0500] "GET /BLA/boletinlegal/images/screen_3.png HTTP/1.1" 200 210620
172.22.2.4 - - [26/Nov/2022:14:16:10 -0500] "GET /BLA/boletinlegal/images/screen_5.png HTTP/1.1" 200 368876
172.22.2.4 - - [26/Nov/2022:14:16:11 -0500] "GET /BLA/boletinlegal/images/arr_r.jpg HTTP/1.1" 200 1998
172.22.2.4 - - [26/Nov/2022:14:16:11 -0500] "GET /BLA/boletinlegal/desktopmodules/dnnwerk.radeditorprovider/dialoghandler.aspx HTTP/1.1" 404 1038
172.22.2.4 - - [26/Nov/2022:14:16:18 -0500] "GET /BLA/boletinlegal/images/pdf.gif HTTP/1.1" 200 567
172.22.2.4 - - [26/Nov/2022:14:16:20 -0500] "GET /BLA/boletinlegal/App_Master/Telerik.Web.UI.DialogHandler.aspx HTTP/1.1" 404 1038
172.22.2.4 - - [26/Nov/2022:14:16:23 -0500] "GET /BLA/boletinlegal/common/admin/Jobs2/Telerik.Web.UI.DialogHandler.aspx HTTP/1.1" 404 1038
172.22.2.4 - - [26/Nov/2022:14:16:26 -0500] "GET /BLA/boletinlegal/common/admin/PhotoGallery2/Telerik.Web.UI.DialogHandler.aspx HTTP/1.1" 404 1038
172.22.2.4 - - [26/Nov/2022:14:16:29 -0500] "GET /BLA/boletinlegal/AsiCommon/Controls/ContentManagement/ContentDesigner/Telerik.Web.UI.DialogHandler.aspx HTTP/1.1" 404 1038
172.22.2.4 - - [26/Nov/2022:14:16:31 -0500] "GET /BLA/boletinlegal/DesktopModules/TNComments/Telerik.Web.UI.DialogHandler.aspx HTTP/1.1" 404 1038
172.22.2.4 - - [26/Nov/2022:14:16:33 -0500] "GET /BLA/boletinlegal/common/admin/Calendar/Telerik.Web.UI.DialogHandler.aspx HTTP/1.1" 404 1038
172.22.2.4 - - [26/Nov/2022:14:16:36 -0500] "GET /BLA/boletinlegal/Telerik.Web.UI.DialogHandler.axd HTTP/1.1" 404 1038
172.22.2.4 - - [26/Nov/2022:14:16:38 -0500] "GET /BLA/boletinlegal/DesktopModule/UIQuestionControls/UIAskQuestion/Telerik.Web.UI.DialogHandler.aspx HTTP/1.1" 404 1038
172.22.2.4 - - [26/Nov/2022:14:16:41 -0500] "GET /BLA/boletinlegal/DesktopModule/UIYKienCuTri/Telerik.Web.UI.DialogHandler.aspx HTTP/1.1" 404 1038
172.22.2.4 - - [26/Nov/2022:14:16:45 -0500] "GET /BLA/boletinlegal/actos.php HTTP/1.1" 200 9566
172.22.2.4 - - [26/Nov/2022:14:16:46 -0500] "GET /BLA/boletinlegal/favicon.ico HTTP/1.1" 404 1326
152.203.36.0 - - [26/Nov/2022:14:16:48 -0500] "GET /BLA/resoluciones/ HTTP/1.1" 200 13093
152.203.36.0 - - [26/Nov/2022:14:16:52 -0500] "GET /BLA/resoluciones/index.php?dir=RESOLUCIONES+2022%2F HTTP/1.1" 200 221961
201.245.192.253 - - [26/Nov/2022:14:17:05 -0500] "POST /kwsrmcab/Wsrmcab  HTTP/1.1" 200 42393
172.22.2.4 - - [26/Nov/2022:14:16:03 -0500] "GET /BLA/boletinlegal/ HTTP/1.1" 200 49099
216.245.221.92 - - [26/Nov/2022:14:18:33 -0500] "HEAD / HTTP/1.1" 200 -
157.55.39.39 - - [26/Nov/2022:14:19:22 -0500] "GET /BLA/resoluciones/index.php?dir=AUTOS+2019%2F HTTP/1.1" 200 349340
172.22.2.4 - - [26/Nov/2022:14:18:42 -0500] "HEAD /BLA/boletinlegal/ HTTP/1.1" 200 -
201.245.192.253 - - [26/Nov/2022:14:20:30 -0500] "POST /kwsrmcab/Wsrmcab HTTP/1.1" 200 43492
201.245.192.253 - - [26/Nov/2022:14:20:33 -0500] "POST /kwsrmcab/Wsrmcab HTTP/1.1" 200 44130
172.22.2.4 - - [26/Nov/2022:14:19:33 -0500] "GET /BLA/boletinlegal/ HTTP/1.1" 200 53739
201.245.192.253 - - [26/Nov/2022:14:22:04 -0500] "POST /kwsrmcab/Wsrmcab  HTTP/1.1" 200 42393
216.245.221.92 - - [26/Nov/2022:14:23:33 -0500] "HEAD / HTTP/1.1" 200 -
157.55.39.39 - - [26/Nov/2022:14:25:14 -0500] "GET /BLA/resoluciones/index.php?dir=AUTOS+2018%2F HTTP/1.1" 200 441491
173.252.83.10 - - [26/Nov/2022:14:25:34 -0500] "GET /images/pieza-mujeres-reverdecen-4-abril.jpg HTTP/1.1" 200 48916
172.22.2.4 - - [26/Nov/2022:14:24:32 -0500] "HEAD /BLA/boletinlegal/ HTTP/1.1" 200 -
173.252.83.11 - - [26/Nov/2022:14:26:53 -0500] "GET /images/pieza-calidad-aire-noche-4-febrero.jpg HTTP/1.1" 200 37476
172.22.2.4 - - [26/Nov/2022:14:25:23 -0500] "GET /BLA/boletinlegal/ HTTP/1.1" 200 58185
201.245.192.253 - - [26/Nov/2022:14:27:02 -0500] "POST /kwsrmcab/Wsrmcab  HTTP/1.1" 200 42393
207.46.13.194 - - [26/Nov/2022:14:27:18 -0500] "GET /BLA/resoluciones/RESOLUCIONES%202002/RES%202002%20301-350/00000325.tif HTTP/1.1" 200 73924
216.245.221.92 - - [26/Nov/2022:14:28:33 -0500] "HEAD / HTTP/1.1" 200 -
201.245.192.253 - - [26/Nov/2022:14:30:31 -0500] "POST /kwsrmcab/Wsrmcab HTTP/1.1" 200 43492
201.245.192.253 - - [26/Nov/2022:14:30:33 -0500] "POST /kwsrmcab/Wsrmcab HTTP/1.1" 200 44130
192.168.171.62 - - [26/Nov/2022:14:32:00 -0500] "GET /BLA/boletinlegal/img/0.png HTTP/1.1" 200 110
172.22.2.4 - - [26/Nov/2022:14:30:22 -0500] "HEAD /BLA/boletinlegal/ HTTP/1.1" 200 -
201.245.192.253 - - [26/Nov/2022:14:32:01 -0500] "POST /kwsrmcab/Wsrmcab  HTTP/1.1" 200 42393
172.22.2.4 - - [26/Nov/2022:14:31:13 -0500] "GET /BLA/boletinlegal/ HTTP/1.1" 200 58185
216.245.221.92 - - [26/Nov/2022:14:33:33 -0500] "HEAD / HTTP/1.1" 200 -
186.155.72.224 - - [26/Nov/2022:14:34:17 -0500] "POST /BLA/boletinlegal/admin/actos/ingresar.php HTTP/1.1" 200 7236
186.155.72.224 - - [26/Nov/2022:14:34:19 -0500] "GET /BLA/boletinlegal/admin/css/default.css HTTP/1.1" 200 4379
186.155.72.224 - - [26/Nov/2022:14:34:20 -0500] "GET /BLA/boletinlegal/images/favicon.ico HTTP/1.1" 404 1328
172.22.2.4 - - [26/Nov/2022:14:35:09 -0500] "GET /BLA/boletinlegal/style.css HTTP/1.1" 200 9406
172.22.2.4 - - [26/Nov/2022:14:35:09 -0500] "GET /BLA/boletinlegal/styles2.css HTTP/1.1" 200 1838
172.22.2.4 - - [26/Nov/2022:14:35:09 -0500] "GET /BLA/boletinlegal/js/jquery.js HTTP/1.1" 200 57254
172.22.2.4 - - [26/Nov/2022:14:35:09 -0500] "GET /BLA/boletinlegal/js/jquery.scrollTo-min.js HTTP/1.1" 200 1150
172.22.2.4 - - [26/Nov/2022:14:35:09 -0500] "GET /BLA/boletinlegal/js/jquery.scrollShow.js HTTP/1.1" 200 4586
172.22.2.4 - - [26/Nov/2022:14:35:09 -0500] "GET /BLA/boletinlegal/images/launch.jpg HTTP/1.1" 200 14577
172.22.2.4 - - [26/Nov/2022:14:35:09 -0500] "GET /BLA/boletinlegal/images/historia.png HTTP/1.1" 200 52775
172.22.2.4 - - [26/Nov/2022:14:35:09 -0500] "GET /BLA/boletinlegal/images/subscribe-icon-big.png HTTP/1.1" 200 47702
172.22.2.4 - - [26/Nov/2022:14:35:09 -0500] "GET /BLA/boletinlegal/images/registro-usuarios.png HTTP/1.1" 200 8106
172.22.2.4 - - [26/Nov/2022:14:35:09 -0500] "GET /BLA/boletinlegal/images/cabezote%20BLEGAL.jpg HTTP/1.1" 200 118164
172.22.2.4 - - [26/Nov/2022:14:35:09 -0500] "GET /BLA/boletinlegal/images/arr_l.jpg HTTP/1.1" 200 1979
172.22.2.4 - - [26/Nov/2022:14:35:09 -0500] "GET /BLA/boletinlegal/images/screen_1.png HTTP/1.1" 200 202547
172.22.2.4 - - [26/Nov/2022:14:35:09 -0500] "GET /BLA/boletinlegal/images/body_bg.jpg HTTP/1.1" 200 1601
172.22.2.4 - - [26/Nov/2022:14:35:09 -0500] "GET /BLA/boletinlegal/images/menu_lft.gif HTTP/1.1" 200 1713
172.22.2.4 - - [26/Nov/2022:14:35:09 -0500] "GET /BLA/boletinlegal/images/menu_rght.gif HTTP/1.1" 200 1627
172.22.2.4 - - [26/Nov/2022:14:35:09 -0500] "GET /BLA/boletinlegal/images/bg_top.jpg HTTP/1.1" 200 522
172.22.2.4 - - [26/Nov/2022:14:35:09 -0500] "GET /BLA/boletinlegal/images/menu_bg.jpg HTTP/1.1" 200 620
172.22.2.4 - - [26/Nov/2022:14:35:09 -0500] "GET /BLA/boletinlegal/images/hover.jpg HTTP/1.1" 200 640
172.22.2.4 - - [26/Nov/2022:14:35:09 -0500] "GET /BLA/boletinlegal/images/text.jpg HTTP/1.1" 200 568
172.22.2.4 - - [26/Nov/2022:14:35:10 -0500] "GET /BLA/boletinlegal/actos.php HTTP/1.1" 200 9566
172.22.2.4 - - [26/Nov/2022:14:35:11 -0500] "GET /BLA/boletinlegal/js/ajax_actos.js HTTP/1.1" 200 1322
172.22.2.4 - - [26/Nov/2022:14:35:11 -0500] "GET /BLA/boletinlegal/niceforms.js HTTP/1.1" 200 22876
172.22.2.4 - - [26/Nov/2022:14:35:11 -0500] "GET /BLA/boletinlegal/niceforms-default.css HTTP/1.1" 200 6694
172.22.2.4 - - [26/Nov/2022:14:35:11 -0500] "GET /BLA/boletinlegal/js/lib.js HTTP/1.1" 200 6474
172.22.2.4 - - [26/Nov/2022:14:35:11 -0500] "GET /BLA/boletinlegal/js/popup.js HTTP/1.1" 200 1270
172.22.2.4 - - [26/Nov/2022:14:35:11 -0500] "GET /BLA/boletinlegal/js/jquery1.js HTTP/1.1" 200 29846
172.22.2.4 - - [26/Nov/2022:14:35:11 -0500] "GET /BLA/boletinlegal/images/tel.png HTTP/1.1" 200 14477
172.22.2.4 - - [26/Nov/2022:14:35:11 -0500] "GET /BLA/boletinlegal/images/green-yellow-blue-pink-th.png HTTP/1.1" 200 7394
172.22.2.4 - - [26/Nov/2022:14:35:11 -0500] "GET /BLA/boletinlegal/images/icono-email.png HTTP/1.1" 200 5544
172.22.2.4 - - [26/Nov/2022:14:35:11 -0500] "GET /BLA/boletinlegal/images/footer_bg.jpg HTTP/1.1" 200 586
172.22.2.4 - - [26/Nov/2022:14:35:11 -0500] "GET /BLA/boletinlegal/images/footer_bg_l.jpg HTTP/1.1" 200 776
172.22.2.4 - - [26/Nov/2022:14:35:11 -0500] "GET /BLA/boletinlegal/favicon.ico HTTP/1.1" 404 1326
172.22.2.4 - - [26/Nov/2022:14:35:11 -0500] "GET /BLA/boletinlegal/img/0.png HTTP/1.1" 200 110
172.22.2.4 - - [26/Nov/2022:14:35:11 -0500] "GET /BLA/boletinlegal/img/button.png HTTP/1.1" 200 43241
172.22.2.4 - - [26/Nov/2022:14:35:11 -0500] "GET /BLA/boletinlegal/img/select-left.png HTTP/1.1" 200 263
172.22.2.4 - - [26/Nov/2022:14:35:11 -0500] "GET /BLA/boletinlegal/img/select-right.png HTTP/1.1" 200 44019
172.22.2.4 - - [26/Nov/2022:14:35:11 -0500] "GET /BLA/boletinlegal/img/button-left.png HTTP/1.1" 200 57071
172.22.2.4 - - [26/Nov/2022:14:35:11 -0500] "GET /BLA/boletinlegal/img/button-right.png HTTP/1.1" 200 57878
172.22.2.4 - - [26/Nov/2022:14:35:17 -0500] "GET /BLA/boletinlegal/consulta_actos.php?tipo=resoluciones&no=4388&usuario=&sector=&fecha=2022&resuelve= HTTP/1.1" 200 37373
172.22.2.4 - - [26/Nov/2022:14:35:17 -0500] "GET /BLA/boletinlegal/images/pdf.gif HTTP/1.1" 200 567
172.22.2.4 - - [26/Nov/2022:14:35:09 -0500] "GET /BLA/boletinlegal/ HTTP/1.1" 200 24523
152.203.36.0 - - [26/Nov/2022:14:36:05 -0500] "GET /BLA/resoluciones/index.php?dir= HTTP/1.1" 200 13093
152.203.36.0 - - [26/Nov/2022:14:36:08 -0500] "GET /BLA/resoluciones/index.php?dir=RESOLUCIONES+2017%2F HTTP/1.1" 200 284786
157.55.39.206 - - [26/Nov/2022:14:36:24 -0500] "GET /BLA/resoluciones/RESOLUCIONES%202000/2000%20950-999.tif HTTP/1.1" 200 4451157
201.245.192.253 - - [26/Nov/2022:14:37:01 -0500] "POST /kwsrmcab/Wsrmcab  HTTP/1.1" 200 42393
186.155.72.224 - - [26/Nov/2022:14:37:16 -0500] "POST /BLA/boletinlegal/admin/actos/ingresar.php HTTP/1.1" 200 7236
186.155.72.224 - - [26/Nov/2022:14:37:19 -0500] "GET /BLA/boletinlegal/images/favicon.ico HTTP/1.1" 404 1328
172.22.2.4 - - [26/Nov/2022:14:36:13 -0500] "HEAD /BLA/boletinlegal/ HTTP/1.1" 200 -
216.245.221.92 - - [26/Nov/2022:14:38:32 -0500] "HEAD / HTTP/1.1" 200 -
172.22.2.4 - - [26/Nov/2022:14:37:03 -0500] "GET /BLA/boletinlegal/ HTTP/1.1" 200 58612
186.155.72.224 - - [26/Nov/2022:14:38:52 -0500] "POST /BLA/boletinlegal/admin/actos/ingresar.php HTTP/1.1" 200 7236
186.155.72.224 - - [26/Nov/2022:14:38:54 -0500] "GET /BLA/boletinlegal/images/favicon.ico HTTP/1.1" 404 1328
201.245.192.253 - - [26/Nov/2022:14:40:30 -0500] "POST /kwsrmcab/Wsrmcab HTTP/1.1" 200 43492
201.245.192.253 - - [26/Nov/2022:14:40:33 -0500] "POST /kwsrmcab/Wsrmcab HTTP/1.1" 200 44130
207.46.13.174 - - [26/Nov/2022:14:41:18 -0500] "GET /BLA/resoluciones/index.php?dir=AUTOS+2012%2F HTTP/1.1" 200 275011
201.245.192.253 - - [26/Nov/2022:14:41:59 -0500] "POST /kwsrmcab/Wsrmcab  HTTP/1.1" 200 42393
216.245.221.92 - - [26/Nov/2022:14:43:33 -0500] "HEAD / HTTP/1.1" 200 -
172.22.2.4 - - [26/Nov/2022:14:42:02 -0500] "HEAD /BLA/boletinlegal/ HTTP/1.1" 200 -
172.22.2.4 - - [26/Nov/2022:14:42:53 -0500] "GET /BLA/boletinlegal/ HTTP/1.1" 200 59779
207.46.13.174 - - [26/Nov/2022:14:45:38 -0500] "GET /forest/ HTTP/1.1" 200 12041
157.55.39.39 - - [26/Nov/2022:14:46:21 -0500] "GET /galeria/galeria/fotos/4humedal-Burro4G.jpg HTTP/1.1" 200 98452
201.245.192.253 - - [26/Nov/2022:14:46:58 -0500] "POST /kwsrmcab/Wsrmcab  HTTP/1.1" 200 42393
40.77.167.58 - - [26/Nov/2022:14:48:08 -0500] "GET /BLA/resoluciones/RESOLUCIONES%202001/2001%20850-899.TIF HTTP/1.1" 200 9964820
157.55.39.39 - - [26/Nov/2022:14:48:22 -0500] "GET /BLA/resoluciones/RESOLUCIONES%202001/2001%20300-349.TIF HTTP/1.1" 200 9570664
216.245.221.92 - - [26/Nov/2022:14:48:33 -0500] "HEAD / HTTP/1.1" 200 -
172.22.2.4 - - [26/Nov/2022:14:47:52 -0500] "HEAD /BLA/boletinlegal/ HTTP/1.1" 200 -
172.22.2.4 - - [26/Nov/2022:14:48:44 -0500] "GET /BLA/boletinlegal/ HTTP/1.1" 200 57824
201.245.192.253 - - [26/Nov/2022:14:51:57 -0500] "POST /kwsrmcab/Wsrmcab  HTTP/1.1" 200 42393
207.46.13.209 - - [26/Nov/2022:14:53:06 -0500] "GET /BLA/boletinlegal/images/screen_5.png HTTP/1.1" 200 368876
216.245.221.92 - - [26/Nov/2022:14:53:33 -0500] "HEAD / HTTP/1.1" 200 -
85.31.44.178 - - [26/Nov/2022:14:53:55 -0500] "GET / HTTP/1.1" 200 319
85.31.44.178 - - [26/Nov/2022:14:54:04 -0500] "POST /GponForm/diag_Form?images/ HTTP/1.1" 404 1018
172.22.2.4 - - [26/Nov/2022:14:53:42 -0500] "HEAD /BLA/boletinlegal/ HTTP/1.1" 200 -
172.22.2.4 - - [26/Nov/2022:14:54:33 -0500] "GET /BLA/boletinlegal/ HTTP/1.1" 200 59779
185.119.81.102 - - [26/Nov/2022:14:56:43 -0500] "GET /portaldeninos/wp-login.php HTTP/1.1" 200 2592
185.119.81.102 - - [26/Nov/2022:14:56:44 -0500] "POST /portaldeninos/wp-login.php HTTP/1.1" 200 3670
201.245.192.253 - - [26/Nov/2022:14:56:56 -0500] "POST /kwsrmcab/Wsrmcab  HTTP/1.1" 200 42393
216.245.221.92 - - [26/Nov/2022:14:58:32 -0500] "HEAD / HTTP/1.1" 200 -
172.22.2.4 - - [26/Nov/2022:14:59:32 -0500] "HEAD /BLA/boletinlegal/ HTTP/1.1" 200 -
201.245.192.253 - - [26/Nov/2022:15:01:55 -0500] "POST /kwsrmcab/Wsrmcab  HTTP/1.1" 200 42393
157.55.39.39 - - [26/Nov/2022:15:01:58 -0500] "GET /BLA/resoluciones/index.php?dir=AUTOS+2019%2F HTTP/1.1" 200 349340
172.22.2.4 - - [26/Nov/2022:15:00:23 -0500] "GET /BLA/boletinlegal/ HTTP/1.1" 200 58185
216.245.221.92 - - [26/Nov/2022:15:03:33 -0500] "HEAD / HTTP/1.1" 200 -
157.55.39.39 - - [26/Nov/2022:15:05:09 -0500] "GET /BLA/resoluciones/index.php?dir=AUTOS+2018%2F HTTP/1.1" 200 441491
201.245.192.253 - - [26/Nov/2022:15:06:54 -0500] "POST /kwsrmcab/Wsrmcab  HTTP/1.1" 200 42393
172.22.2.4 - - [26/Nov/2022:15:05:22 -0500] "HEAD /BLA/boletinlegal/ HTTP/1.1" 200 -
172.22.2.4 - - [26/Nov/2022:15:06:13 -0500] "GET /BLA/boletinlegal/ HTTP/1.1" 200 59779
216.245.221.92 - - [26/Nov/2022:15:08:32 -0500] "HEAD / HTTP/1.1" 200 -
185.119.81.102 - - [26/Nov/2022:15:11:23 -0500] "GET /portaldeninos/wp-login.php HTTP/1.1" 200 2592
185.119.81.102 - - [26/Nov/2022:15:11:24 -0500] "POST /portaldeninos/wp-login.php HTTP/1.1" 200 3605
201.245.192.253 - - [26/Nov/2022:15:11:53 -0500] "POST /kwsrmcab/Wsrmcab  HTTP/1.1" 200 42393
172.22.2.4 - - [26/Nov/2022:15:11:12 -0500] "HEAD /BLA/boletinlegal/ HTTP/1.1" 200 -
216.245.221.92 - - [26/Nov/2022:15:13:33 -0500] "HEAD / HTTP/1.1" 200 -
172.22.2.4 - - [26/Nov/2022:15:12:03 -0500] "GET /BLA/boletinlegal/ HTTP/1.1" 200 59779
186.84.20.34 - - [26/Nov/2022:15:16:38 -0500] "GET /BLA/boletinlegal/normativa.php HTTP/1.1" 200 8333
186.84.20.34 - - [26/Nov/2022:15:16:38 -0500] "GET /apple-touch-icon-120x120-precomposed.png HTTP/1.1" 404 1120
186.84.20.34 - - [26/Nov/2022:15:16:38 -0500] "GET /apple-touch-icon-120x120.png HTTP/1.1" 404 1120
186.84.20.34 - - [26/Nov/2022:15:16:38 -0500] "GET /apple-touch-icon-precomposed.png HTTP/1.1" 404 1120
186.84.20.34 - - [26/Nov/2022:15:16:38 -0500] "GET /apple-touch-icon.png HTTP/1.1" 404 1120
186.84.20.34 - - [26/Nov/2022:15:16:38 -0500] "GET /favicon.ico HTTP/1.1" 200 7782
152.200.169.86 - - [26/Nov/2022:15:16:40 -0500] "GET /forest/ HTTP/1.1" 200 12041
152.200.169.86 - - [26/Nov/2022:15:16:44 -0500] "POST /forest/index.php HTTP/1.1" 200 12268
201.245.192.253 - - [26/Nov/2022:15:16:51 -0500] "POST /kwsrmcab/Wsrmcab  HTTP/1.1" 200 42393
152.203.36.0 - - [26/Nov/2022:15:18:31 -0500] "GET /BLA/resoluciones/index.php?dir= HTTP/1.1" 200 13093
216.245.221.92 - - [26/Nov/2022:15:18:33 -0500] "HEAD / HTTP/1.1" 200 -
152.203.36.0 - - [26/Nov/2022:15:18:37 -0500] "GET /BLA/resoluciones/index.php?dir=RESOLUCIONES+2020%2F HTTP/1.1" 200 166674
207.46.13.174 - - [26/Nov/2022:15:18:38 -0500] "GET /BLA/resoluciones/RESOLUCIONES%202016/0940.pdf HTTP/1.1" 304 -
172.22.2.4 - - [26/Nov/2022:15:17:02 -0500] "HEAD /BLA/boletinlegal/ HTTP/1.1" 200 -
152.203.36.0 - - [26/Nov/2022:15:18:46 -0500] "GET /BLA/resoluciones/RESOLUCIONES%202020/1120.pdf HTTP/1.1" 200 359833
172.22.2.4 - - [26/Nov/2022:15:17:53 -0500] "GET /BLA/boletinlegal/ HTTP/1.1" 200 58185
173.252.95.8 - - [26/Nov/2022:15:19:40 -0500] "GET /un-animal-adulto-espera-renacer-de-tu-mano-adopta.html HTTP/1.1" 206 1028
40.77.167.13 - - [26/Nov/2022:15:19:56 -0500] "GET /BLA/resoluciones/AUTOS%202018/5557.pdf HTTP/1.1" 200 260916
186.154.121.119 - - [26/Nov/2022:15:20:18 -0500] "GET /BLA/resoluciones/ HTTP/1.1" 200 13093
201.245.192.253 - - [26/Nov/2022:15:20:30 -0500] "POST /kwsrmcab/Wsrmcab HTTP/1.1" 200 43498
201.245.192.253 - - [26/Nov/2022:15:20:33 -0500] "POST /kwsrmcab/Wsrmcab HTTP/1.1" 200 44135
186.154.121.119 - - [26/Nov/2022:15:20:53 -0500] "GET /BLA/resoluciones/index.php?dir=AUTOS+2015%2F HTTP/1.1" 200 577811
201.245.192.253 - - [26/Nov/2022:15:21:51 -0500] "POST /kwsrmcab/Wsrmcab  HTTP/1.1" 200 42393
186.154.121.119 - - [26/Nov/2022:15:21:54 -0500] "GET /BLA/resoluciones/ HTTP/1.1" 200 13093
186.154.121.119 - - [26/Nov/2022:15:21:56 -0500] "GET /BLA/resoluciones/index.php?dir=RESOLUCIONES+2010%2F HTTP/1.1" 200 1307967
186.154.121.119 - - [26/Nov/2022:15:22:00 -0500] "GET /BLA/resoluciones/RESOLUCIONES%202010/1886.pdf HTTP/1.1" 200 1095305
185.119.81.102 - - [26/Nov/2022:15:22:14 -0500] "GET /portaldeninos/wp-login.php HTTP/1.1" 200 2592
185.119.81.102 - - [26/Nov/2022:15:22:15 -0500] "POST /portaldeninos/wp-login.php HTTP/1.1" 200 3650
186.81.229.249 - - [26/Nov/2022:15:22:56 -0500] "GET /sipse/faces/javax.faces.resource/theme.css?ln=primefaces-sipse HTTP/1.1" 304 -
186.81.229.249 - - [26/Nov/2022:15:22:56 -0500] "GET /sipse/faces/faces/autenticacion.xhtml HTTP/1.1" 200 12192
186.81.229.249 - - [26/Nov/2022:15:22:56 -0500] "GET /sipse/faces/javax.faces.resource/theme.css?ln=primefaces-sipse HTTP/1.1" 304 -
186.81.229.249 - - [26/Nov/2022:15:22:56 -0500] "GET /sipse/faces/javax.faces.resource/primefaces.css?ln=primefaces&v=4.0 HTTP/1.1" 304 -
186.81.229.249 - - [26/Nov/2022:15:22:56 -0500] "GET /sipse/faces/javax.faces.resource/layout/layout.js?ln=primefaces&v=4.0 HTTP/1.1" 304 -
186.81.229.249 - - [26/Nov/2022:15:22:56 -0500] "GET /sipse/faces/javax.faces.resource/layout/layout.css?ln=primefaces&v=4.0 HTTP/1.1" 304 -
186.81.229.249 - - [26/Nov/2022:15:22:57 -0500] "GET /sipse/faces/javax.faces.resource/jquery/jquery.js?ln=primefaces&v=4.0 HTTP/1.1" 304 -
186.81.229.249 - - [26/Nov/2022:15:22:57 -0500] "GET /sipse/faces/javax.faces.resource/jquery/jquery-plugins.js?ln=primefaces&v=4.0 HTTP/1.1" 304 -
186.81.229.249 - - [26/Nov/2022:15:22:57 -0500] "GET /sipse/faces/javax.faces.resource/primefaces.js?ln=primefaces&v=4.0 HTTP/1.1" 304 -
186.81.229.249 - - [26/Nov/2022:15:22:57 -0500] "GET /sipse/faces/javax.faces.resource/images/ui-icons_898989_256x240.png?ln=primefaces-aristo HTTP/1.1" 304 -
216.245.221.92 - - [26/Nov/2022:15:23:32 -0500] "HEAD / HTTP/1.1" 200 -
172.22.2.4 - - [26/Nov/2022:15:22:52 -0500] "HEAD /BLA/boletinlegal/ HTTP/1.1" 200 -
207.46.13.174 - - [26/Nov/2022:15:25:07 -0500] "GET /BLA/resoluciones/RESOLUCIONES%202001/2001%201150-1199.tif HTTP/1.1" 200 4090636
172.22.2.4 - - [26/Nov/2022:15:23:43 -0500] "GET /BLA/boletinlegal/ HTTP/1.1" 200 57192
201.245.192.253 - - [26/Nov/2022:15:26:50 -0500] "POST /kwsrmcab/Wsrmcab  HTTP/1.1" 200 42393
216.245.221.92 - - [26/Nov/2022:15:28:33 -0500] "HEAD / HTTP/1.1" 200 -
157.55.39.39 - - [26/Nov/2022:15:29:29 -0500] "GET /BLA/resoluciones/AUTOS%202020/1056.pdf HTTP/1.1" 304 -
172.22.2.4 - - [26/Nov/2022:15:28:42 -0500] "HEAD /BLA/boletinlegal/ HTTP/1.1" 200 -
201.245.192.253 - - [26/Nov/2022:15:30:31 -0500] "POST /kwsrmcab/Wsrmcab HTTP/1.1" 200 43498
201.245.192.253 - - [26/Nov/2022:15:30:33 -0500] "POST /kwsrmcab/Wsrmcab HTTP/1.1" 200 44135
172.22.2.4 - - [26/Nov/2022:15:29:33 -0500] "GET /BLA/boletinlegal/ HTTP/1.1" 200 59779
201.245.192.253 - - [26/Nov/2022:15:31:47 -0500] "POST /kwsrmcab/Wsrmcab  HTTP/1.1" 200 42393
216.245.221.92 - - [26/Nov/2022:15:33:33 -0500] "HEAD / HTTP/1.1" 200 -
193.118.53.194 - - [26/Nov/2022:15:35:00 -0500] "GET / HTTP/1.1" 200 319
172.22.2.4 - - [26/Nov/2022:15:33:54 -0500] "GET /BLA/boletinlegal/ HTTP/1.1" 200 57824
172.22.2.4 - - [26/Nov/2022:15:34:32 -0500] "HEAD /BLA/boletinlegal/ HTTP/1.1" 200 -
201.245.192.253 - - [26/Nov/2022:15:36:47 -0500] "POST /kwsrmcab/Wsrmcab  HTTP/1.1" 200 42393
172.22.2.4 - - [26/Nov/2022:15:35:23 -0500] "GET /BLA/boletinlegal/ HTTP/1.1" 200 52942
172.22.2.4 - - [26/Nov/2022:15:37:42 -0500] "GET /BLA/boletinlegal/Circulares/2019/.pdf HTTP/1.1" 404 1218
172.22.2.4 - - [26/Nov/2022:15:37:52 -0500] "GET /BLA/boletinlegal/Circulares/2012/Circular%20No.%2010%20del%2026%20de%20Enero%20de%202012.pdf HTTP/1.1" 404 1218
216.245.221.92 - - [26/Nov/2022:15:38:33 -0500] "HEAD / HTTP/1.1" 200 -
40.77.167.58 - - [26/Nov/2022:15:40:02 -0500] "GET /BLA/resoluciones/RESOLUCIONES%202000/2000%20200-249.tif HTTP/1.1" 200 6293319
199.16.157.181 - - [26/Nov/2022:15:40:12 -0500] "GET /images/Simulacro%2001%20SDA.jpeg HTTP/1.1" 200 60190
201.245.192.253 - - [26/Nov/2022:15:40:31 -0500] "POST /kwsrmcab/Wsrmcab HTTP/1.1" 200 43498
201.245.192.253 - - [26/Nov/2022:15:40:33 -0500] "POST /kwsrmcab/Wsrmcab HTTP/1.1" 200 44135
185.246.221.138 - - [26/Nov/2022:15:40:52 -0500] "POST /boaform/admin/formLogin HTTP/1.1" 404 1186
201.245.192.253 - - [26/Nov/2022:15:41:46 -0500] "POST /kwsrmcab/Wsrmcab  HTTP/1.1" 200 42393
172.22.2.4 - - [26/Nov/2022:15:40:22 -0500] "HEAD /BLA/boletinlegal/ HTTP/1.1" 200 -
172.22.2.4 - - [26/Nov/2022:15:41:13 -0500] "GET /BLA/boletinlegal/ HTTP/1.1" 200 58185
216.245.221.92 - - [26/Nov/2022:15:43:33 -0500] "HEAD / HTTP/1.1" 200 -
157.55.39.39 - - [26/Nov/2022:15:43:44 -0500] "GET /BLA/resoluciones/index.php?dir=AUTOS+2019%2F HTTP/1.1" 200 349340
186.84.22.63 - - [26/Nov/2022:15:45:28 -0500] "GET /appsia/controlador HTTP/1.1" 200 4799
186.84.22.63 - - [26/Nov/2022:15:45:29 -0500] "GET /appsia/css/estilos.css HTTP/1.1" 200 4804
186.84.22.63 - - [26/Nov/2022:15:45:29 -0500] "GET /appsia/scripts/validarIngreso.js HTTP/1.1" 200 851
186.84.22.63 - - [26/Nov/2022:15:45:29 -0500] "GET /appsia/images/cabezoteHojaVida.png HTTP/1.1" 200 32493
186.84.22.63 - - [26/Nov/2022:15:45:29 -0500] "GET /appsia/images/logo_bogota_p.png HTTP/1.1" 200 14951
186.84.22.63 - - [26/Nov/2022:15:45:29 -0500] "GET /favicon.ico HTTP/1.1" 200 7782
186.84.22.63 - - [26/Nov/2022:15:45:44 -0500] "POST /appsia/controlador HTTP/1.1" 200 5437
186.84.22.63 - - [26/Nov/2022:15:45:52 -0500] "POST /appsia/controlador HTTP/1.1" 200 7731
186.84.22.63 - - [26/Nov/2022:15:45:52 -0500] "GET /appsia/images/logo_escudo.png HTTP/1.1" 200 36965
190.240.2.133 - - [26/Nov/2022:15:45:57 -0500] "GET /appsia/controlador HTTP/1.1" 200 4799
190.240.2.133 - - [26/Nov/2022:15:45:58 -0500] "GET /appsia/css/estilos.css HTTP/1.1" 200 4804
190.240.2.133 - - [26/Nov/2022:15:45:58 -0500] "GET /appsia/scripts/validarIngreso.js HTTP/1.1" 200 851
190.240.2.133 - - [26/Nov/2022:15:45:58 -0500] "GET /appsia/images/logo_bogota_p.png HTTP/1.1" 200 14951
190.240.2.133 - - [26/Nov/2022:15:45:58 -0500] "GET /appsia/images/cabezoteHojaVida.png HTTP/1.1" 200 32493
201.245.192.253 - - [26/Nov/2022:15:46:46 -0500] "POST /kwsrmcab/Wsrmcab  HTTP/1.1" 200 42393
193.47.61.60 - - [26/Nov/2022:15:47:50 -0500] "GET / HTTP/1.1" 200 319
172.22.2.4 - - [26/Nov/2022:15:46:12 -0500] "HEAD /BLA/boletinlegal/ HTTP/1.1" 200 -
157.55.39.39 - - [26/Nov/2022:15:48:05 -0500] "GET /BLA/resoluciones/index.php?dir=AUTOS+2018%2F HTTP/1.1" 200 441491
193.47.61.60 - - [26/Nov/2022:15:48:03 -0500] "POST /GponForm/diag_Form?images/ HTTP/1.1" 404 1018
216.245.221.92 - - [26/Nov/2022:15:48:32 -0500] "HEAD / HTTP/1.1" 200 -
172.22.2.4 - - [26/Nov/2022:15:47:03 -0500] "GET /BLA/boletinlegal/ HTTP/1.1" 200 59404
172.22.2.4 - - [26/Nov/2022:15:49:12 -0500] "GET /BLA/boletinlegal/favicon.ico HTTP/1.1" 404 1018
172.22.2.4 - - [26/Nov/2022:15:49:13 -0500] "GET /BLA/boletinlegal/robots.txt HTTP/1.1" 404 1018
172.22.2.4 - - [26/Nov/2022:15:49:14 -0500] "GET /BLA/boletinlegal/sitemap.xml HTTP/1.1" 404 1018
172.22.2.4 - - [26/Nov/2022:15:49:35 -0500] "GET /BLA/boletinlegal/axis2-admin/ HTTP/1.1" 404 1018
172.22.2.4 - - [26/Nov/2022:15:49:37 -0500] "GET /BLA/boletinlegal/axis2/ HTTP/1.1" 404 1018
172.22.2.4 - - [26/Nov/2022:15:49:38 -0500] "GET /BLA/boletinlegal/axis2/axis2-admin/ HTTP/1.1" 404 1018
172.22.2.4 - - [26/Nov/2022:15:49:39 -0500] "GET /BLA/boletinlegal/pma/index.php HTTP/1.1" 404 1018
172.22.2.4 - - [26/Nov/2022:15:49:40 -0500] "GET /BLA/boletinlegal/phpmyadmin/index.php HTTP/1.1" 404 1018
172.22.2.4 - - [26/Nov/2022:15:48:52 -0500] "GET /BLA/boletinlegal/ HTTP/1.1" 200 36811
172.22.2.4 - - [26/Nov/2022:15:49:41 -0500] "GET /BLA/boletinlegal/PhpMyAdmin/index.php HTTP/1.1" 404 1018
172.22.2.4 - - [26/Nov/2022:15:49:42 -0500] "GET /BLA/boletinlegal/php/thinkphp/aaaffff123.php HTTP/1.1" 404 1018
172.22.2.4 - - [26/Nov/2022:15:49:43 -0500] "GET /BLA/boletinlegal/index_sso.php HTTP/1.1" 404 1018
172.22.2.4 - - [26/Nov/2022:15:50:29 -0500] "GET /BLA/boletinlegal/ HTTP/1.1" 200 20427
201.245.192.253 - - [26/Nov/2022:15:51:45 -0500] "POST /kwsrmcab/Wsrmcab  HTTP/1.1" 200 42393
216.245.221.92 - - [26/Nov/2022:15:53:32 -0500] "HEAD / HTTP/1.1" 200 -
172.22.2.4 - - [26/Nov/2022:15:52:02 -0500] "HEAD /BLA/boletinlegal/ HTTP/1.1" 200 -
172.22.2.4 - - [26/Nov/2022:15:52:53 -0500] "GET /BLA/boletinlegal/ HTTP/1.1" 200 55272
201.245.192.253 - - [26/Nov/2022:15:56:43 -0500] "POST /kwsrmcab/Wsrmcab  HTTP/1.1" 200 42393
179.43.177.154 - - [26/Nov/2022:15:57:41 -0500] "\x16\x03\x01" 400 226
179.43.177.154 - - [26/Nov/2022:15:57:42 -0500] "GET /wp-content/.git/config HTTP/1.1" 404 1018
66.249.73.97 - - [26/Nov/2022:15:57:49 -0500] "-" 408 -
216.245.221.92 - - [26/Nov/2022:15:58:32 -0500] "HEAD / HTTP/1.1" 200 -
172.22.2.4 - - [26/Nov/2022:15:57:52 -0500] "HEAD /BLA/boletinlegal/ HTTP/1.1" 200 -
181.53.13.12 - - [26/Nov/2022:16:00:01 -0500] "GET /atencion-mujeres-que-reverdecen-ya-inicia-la-segunda-fase.html HTTP/1.1" 200 857
40.77.167.58 - - [26/Nov/2022:16:00:03 -0500] "GET /BLA/resoluciones/RESOLUCIONES%202000/2000%201700-1749.tif HTTP/1.1" 200 4092284
172.22.2.4 - - [26/Nov/2022:15:58:43 -0500] "GET /BLA/boletinlegal/ HTTP/1.1" 200 58185
201.245.192.253 - - [26/Nov/2022:16:01:42 -0500] "POST /kwsrmcab/Wsrmcab  HTTP/1.1" 200 42393
216.245.221.92 - - [26/Nov/2022:16:03:33 -0500] "HEAD / HTTP/1.1" 200 -
185.119.81.102 - - [26/Nov/2022:16:03:38 -0500] "GET /portaldeninos/wp-login.php HTTP/1.1" 200 2592
185.119.81.102 - - [26/Nov/2022:16:03:39 -0500] "POST /portaldeninos/wp-login.php HTTP/1.1" 200 3605
173.252.111.117 - - [26/Nov/2022:16:05:02 -0500] "GET /images/negocios-verdes-mayo-2022.jpg HTTP/1.1" 200 48000
162.142.125.220 - - [26/Nov/2022:16:05:13 -0500] "GET / HTTP/1.1" 200 319
162.142.125.220 - - [26/Nov/2022:16:05:13 -0500] "GET / HTTP/1.1" 200 319
162.142.125.220 - - [26/Nov/2022:16:05:13 -0500] "PRI * HTTP/2.0" 400 946
162.142.125.220 - - [26/Nov/2022:16:05:13 -0500] "GET /favicon.ico HTTP/1.1" 200 7782
172.22.2.4 - - [26/Nov/2022:16:03:42 -0500] "HEAD /BLA/boletinlegal/ HTTP/1.1" 200 -
172.22.2.4 - - [26/Nov/2022:16:04:33 -0500] "GET /BLA/boletinlegal/ HTTP/1.1" 200 59779
201.245.192.253 - - [26/Nov/2022:16:06:41 -0500] "POST /kwsrmcab/Wsrmcab  HTTP/1.1" 200 42393
216.245.221.92 - - [26/Nov/2022:16:08:32 -0500] "HEAD / HTTP/1.1" 200 -
47.88.6.178 - - [26/Nov/2022:16:09:04 -0500] "GET / HTTP/1.1" 200 319
47.88.94.28 - - [26/Nov/2022:16:09:04 -0500] "GET /Public/home/js/check.js HTTP/1.1" 404 1018
47.254.16.187 - - [26/Nov/2022:16:09:05 -0500] "GET /static/admin/javascript/hetong.js HTTP/1.1" 404 1018
172.22.2.4 - - [26/Nov/2022:16:09:32 -0500] "HEAD /BLA/boletinlegal/ HTTP/1.1" 200 -
201.245.192.253 - - [26/Nov/2022:16:11:40 -0500] "POST /kwsrmcab/Wsrmcab  HTTP/1.1" 200 42393
172.22.2.4 - - [26/Nov/2022:16:10:23 -0500] "GET /BLA/boletinlegal/ HTTP/1.1" 200 57824
186.102.95.185 - - [26/Nov/2022:16:13:09 -0500] "GET /galeria/galeria/jquery.fancybox.css?v=2.1.5 HTTP/1.1" 200 4895
186.102.95.185 - - [26/Nov/2022:16:13:09 -0500] "GET /BLA/boletinlegal/js/jquery.scrollShow.js HTTP/1.1" 200 4586
186.102.95.185 - - [26/Nov/2022:16:13:09 -0500] "GET /galeria/galeria/jquery.fancybox.js?v=2.1.5 HTTP/1.1" 200 48706
216.245.221.92 - - [26/Nov/2022:16:13:32 -0500] "HEAD / HTTP/1.1" 200 -
185.119.81.104 - - [26/Nov/2022:16:14:55 -0500] "GET /portaldeninos/wp-login.php HTTP/1.1" 200 2592
185.119.81.104 - - [26/Nov/2022:16:14:56 -0500] "POST /portaldeninos/wp-login.php HTTP/1.1" 200 3650
201.245.192.253 - - [26/Nov/2022:16:16:39 -0500] "POST /kwsrmcab/Wsrmcab  HTTP/1.1" 200 42393
207.46.13.174 - - [26/Nov/2022:16:16:58 -0500] "GET /BLA/resoluciones/index.php?dir=RESOLUCIONES+2019%2F HTTP/1.1" 200 248471
207.46.13.174 - - [26/Nov/2022:16:17:00 -0500] "GET /BLA/resoluciones/RESOLUCIONES%202018/1473.pdf HTTP/1.1" 200 1909117
172.22.2.4 - - [26/Nov/2022:16:15:22 -0500] "HEAD /BLA/boletinlegal/ HTTP/1.1" 200 -
172.22.2.4 - - [26/Nov/2022:16:16:12 -0500] "GET /BLA/boletinlegal/ HTTP/1.1" 200 58185
40.77.167.13 - - [26/Nov/2022:16:18:13 -0500] "GET /portaldeninos/aulas-ambientales/aula-ambiental-sorotama/ HTTP/1.1" 200 89596
186.102.48.222 - - [26/Nov/2022:16:18:29 -0500] "GET /kwssiamovil/sm/acme/a?s=U2FsdGVkX1+n6BofsmnmagUuJM+5yAs2Kj+y5v21UhsAeryhXKS/AQO8MGNVmkU/Hi3+Amil69bkVSq8FanVfOslqIaNCTJkFSGvpPYKDLP0z6/8z5/gYdEdegYHIKBeol9ymhPxoz84HQt6776jHWAAKogW3WwEqxI2bLNIGWl8hnaFq9YoW0LT28nRGyzoDGkYLouwVZNgagfG41J26DY7JsAXLFAc/BGgMxOq9cnKtPYSlOkfxFKB1tRcUTTPXIiPj3cfolsrcPHBOxohNw==&u=U2FsdGVkX18ide9cb8dGJa6R6nwWCOcP77l+BRflIBwOtRT8RODHtn1Q8t7EnYGa&y=U2FsdGVkX1+pjGmjpWc07bqb7GVvlnrQLPchPuppAF4HaOlHkFHqBRi4hhTAfdVo HTTP/1.1" 200 26
186.102.48.222 - - [26/Nov/2022:16:18:30 -0500] "GET /kwssiamovil/sm/acme/a?s=U2FsdGVkX188JJ7kM/7rhMCexoKlQGpPkfRAaGaZ4L4WJKUhomgniG1Azm2Xd0lTIAznBU8JCDmCrGu3VPED49/A1xWoplpF/hytqbQl11x4t2/lqUPwIhpf+AypGcd8F3vhjDeaJkDlqoNk/ECGbZVSRoh5xCrItcU8U/Rm4PBULb/byK7ftIv8oT/ZhjNFZs7nyI9+7YP8w2CmzmyenPbKW6Bh2k4bRcJxbN+U7SeXvAnpL5bqN2Ow+u+De6BvPNNgKszmy+M28+4gHIgv3SmIMK/2FZ05Kw/Tdcdox6F9id0c5deKcsxZ6R8TeXFo4fJ7j5WVEmbjdsb9kXHN6LjgcvYaszWf3BSChxIt0RgscZ6DHFo9yfGcoqxEPNFXoyYtVzQQt8vvnFK8ameq5vH47beCtkntzjD9WF8H2Rb69hp6G/zJCFo7XxEMr/TnFmzyvkrNq27edDcsvlyPOIgfvq548ZGwh0RjPEh1uuZs68xi20+wGvL7zq5LoDbYnD4IFjCmAl3rkMJqbxRYk6EHLiEfHssG74DJGRxJTVuK2VKykiTpM+2bqJjZRWYyoJrhi///JFvAyIwZLywzv8akMdhWs5rVivmTADvnZkPiEmtGprRiZ3+KdDS/Qg2L/nI2eV6jPUITf6dd9kcU/BQM7epaqI2OzPgRVOE01LJysg7lEH/MIU3k0+SJJWuO79l1d3dtb5a605N6zKgaZm9jOjapqe3Cib9VL+moPBAkICAE9D8xYy90Qei4SVgXVmU9C2nHqjzr7Hil+8m42ePTU6KgbSSB+V6edXna1mtUwDKQO8EmBm8zwtEq/19H0qYym4w6Uv+4kddPhLcT1yivG4J43APX5AF+0eBNpvN/iWW0D+KkKPAC80ui8fuGLa6FJQU3h+sEUOyy/nHjL59lnGWjFkxKRc1APAbWWa9/ikNd70YYtckWLDF82MhMw+9ooPFH1fMDiZ4NuNwPsGKc7P1YQUEFKYZriG8As6sI58YvUJl4+LUzRJ0oa8Dy3irG6DqqLkNHefChlugRI6Yu+qYfe8AAdC1AOQNXT/Wh94WTnnetSW8/FMGffTBZqSYYRnCaTzZN8V2Q0VXDIBx+6ikXSTf+mCzxcak8GNi8bA2bF9lvbHUsRqsV5TqaH1RVHsAfWYn3iDoQQMlQ8i8tlBI/6oTr1AYOBh2vJ+UsIsdt3fIOK2mESmAQV74J0nMFsAmFTWP6pCThOYDaQD7frpH88XXZFO9Q92arnxDef7wjkm0LrUhhGSux5XFJJKxhcM3q3DnE/PYXad0vzUwaskgHuB8xShgJS0+2L1yyhCztbGSMccEEk1QEUKKHh1U/MKF08VDZr4LOILJsMZ5rWwSWlgdWuK5BArjGsbI+5C98ip63VBTczeWTpy/tRaCt40NhW+IF3UKmCtSGqAkrsxX3byN5B7tvr8fjNjEI8atCyNqxiS5qwDKnPSAlM8HJoRxmaPd8JmXiDUN3kNE+lLh99cITqzfo/xxPxYfCRDdehV+KSOk4eG41pQMZ5YyLvX0aTr/22sOHhjx/T5pjDlsOM6TpBrJsEbuLbNw6C/v0t5M27yY/QDBeljJNJw5tujVDTrTQq0HpZLIfhnjFQ26vozAEpP1le9aTx6r3UaTUasYYWljvL4QrzvqWtlOUfRAcEiln3yL7iNey1ADAddZNPJZYKq1Dwj5c53R22r0ifJ29e/IZU8giMM8IYCOVlhe27osKwZT1yN+xatLsaFcMs91sM1wbittu9Tf5sTBbwQJjzsoC8lO7ihr9MJiHBN8ul15zna40ZqoTpN9SYMy65ph/OH1dwzKVOXzTv68n4yequvEdtvksdLzyvledTklV/F4B78r8lFBlWPWjYDce8rcIYtHGUfK2S3qFs6i6Dah+Y4SUXCWvmJ4NvZCOX7D07T0TFk6E85/r6xtNFd5qRWome5pmgazBJsIti+kgcAPllkNRytcxgWbEQUb/ucB4DOTNyWy5LA9Oe69h7oSwsYk9qrlaM7K/v9AaI7zBZJ8yJdrFmo/WVJjZrY3D9WS6M1ZGAOQi8rDd+novPS9S4AdoAq/2P+kmBtiTlmllhtm65TsqIlaLG0Mz58PZKRCOUHrq2u6ezeVzC3sSxqSnEam7FZ0fW/DcG4W96kgiFm/0SXdBObJzn+jNU3Y4rTUsHENtHbk4N+PUBAUHZ1ZY9y+XhCM5sMx+bnHn8EJXpg+g1kknq828NXJt4DYp8H4BCiJvNfScJXcO3GflPrKZ4W7x3uNTW7g8fuUgeOOZV6S8DzOW3k7tW3t1uGsGjMC8reF+xae5UAXqUUO3lvYqmmtsx0alRbJTusrcwrK898qHXIJVq10KafjTMGbrjuBZ+SnoHWGWA9KJnQgnpxezkzQH0s5nwNvpGfC3Jx9Vqf2pHUON9HzbgIsJiWgJf7Ma6yrXHA6JWZ7EdWV69qp3H1vH4gKu/d/PUZy5FxI4enKkff7S16/uh7ODStdzwyektXvRTm53s/krBo5GiXM841YdeMH9iy1s01A9s44M6Tj7gI/+AXqpJx3GH/v+W3KUpgHuuxZF0tXn+sU8Rwz71a6qcE2NQSjftteqeOU3B8U98pjXg4CVJcNNmTIHzh0g2p0Y8ystpiH48uhndg+jnkcTfkuD49RJaZQfK8xqgpGtjdRPBsG/SfhduzzpreKklLkhNqc58NZ1OVw3dRu9OkEGrJ3wh0njhb0A+4zojSctuIjXvktqteNG6nYRje3fbCwczqni4fMnUfKFgSmRdgSwcsGcpmSgJJCAzeGp0tgeHN9HI0bHKLVRoxsCrh4YWFV1rNJaoKKoEdBYyCm2GTOO9l2aEsfptK4pB7EGRqx7HhVZpf3xglDe7fUvNWHsMrNmc6YHEOLLipCkWGKHYdVgoOM0IXzY+hLW6hq0XovsB8XParp0jyT0CWLx5Dk17S0LKOApyW/+Lu3KtzOHetNOL1Yc3Ejsm12S5r/esR42bwi3hh26jVa8414+Fu3CUg0NPQbJ8fOMhNeI/f4xVTKmZ6Zwq+2CPipeB+Jrx6Uwu6uMCJVeh0Du&u=U2FsdGVkX18ide9cb8dGJa6R6nwWCOcP77l+BRflIBwOtRT8RODHtn1Q8t7EnYGa&y=U2FsdGVkX1+pjGmjpWc07bqb7GVvlnrQLPchPuppAF4HaOlHkFHqBRi4hhTAfdVo HTTP/1.1" 200 26
186.102.48.222 - - [26/Nov/2022:16:18:30 -0500] "GET /kwssiamovil/sm/acme/a?s=U2FsdGVkX1/HooZgR6H/VFr7fHZUagugRR1wmlxBAKhiY/qxVpxM6osm3TvrY6Ci2whaSE+bMh9c0zX+peHnDMkz4J7/tQfc8hQHyouVS6W5jbd/DQDZwN6qnhK8T3ZadMowXbwfaEQsefpbSZJu/TFa1XjQRkGQNyrfkUPwGcw=&u=U2FsdGVkX18ide9cb8dGJa6R6nwWCOcP77l+BRflIBwOtRT8RODHtn1Q8t7EnYGa&y=U2FsdGVkX1+pjGmjpWc07bqb7GVvlnrQLPchPuppAF4HaOlHkFHqBRi4hhTAfdVo HTTP/1.1" 200 26
186.102.48.222 - - [26/Nov/2022:16:18:30 -0500] "GET /kwssiamovil/sm/acme/a?s=U2FsdGVkX19ELV1RzSHN9uGr+A9fPmFIW5H/T6MrMIakN8P0BbJsYhJlVNfpFUBcUZMBh5RnuvLYxR5txJuq61pv5HeziXvJx6mNWu073eepupqm6z4mB/YrV3AfTEZCB316IdJBT3xwBxg4rqsAC00B2NjoKh6bdZgw2HN5WoA=&u=U2FsdGVkX18ide9cb8dGJa6R6nwWCOcP77l+BRflIBwOtRT8RODHtn1Q8t7EnYGa&y=U2FsdGVkX1+pjGmjpWc07bqb7GVvlnrQLPchPuppAF4HaOlHkFHqBRi4hhTAfdVo HTTP/1.1" 200 26
186.102.48.222 - - [26/Nov/2022:16:18:30 -0500] "GET /kwssiamovil/sm/acme/a?s=U2FsdGVkX1/b4G6d72Lk6NdMWKep2TN9sKE6r0ZBUUKapD+dLgTwT95N+L10mrEbqt6EQz/xah8rJ4IvBJRMZ6z8UfOgGJL2hfx7MP1uXnLE0Z7oi0ZSRKl7JIrnvhMC8d62cWYS0YFNok7TPIWQiqLIvps+apt1wguLfyD8LYo=&u=U2FsdGVkX18ide9cb8dGJa6R6nwWCOcP77l+BRflIBwOtRT8RODHtn1Q8t7EnYGa&y=U2FsdGVkX1+pjGmjpWc07bqb7GVvlnrQLPchPuppAF4HaOlHkFHqBRi4hhTAfdVo HTTP/1.1" 200 26
186.102.48.222 - - [26/Nov/2022:16:18:31 -0500] "GET /kwssiamovil/sm/acme/a?s=U2FsdGVkX1+4G0P5CuJm9/G1N+9IDm5ZoOSIIQDhCYjFMY5082ihznfQ/+lsvnnW8NWoCBjB0AfXcu4hFg6E94ZqfzOKnS0AVr9dBBQQKfcLH33YqK7qDOKdXDuiFKf/Yd6fZ7dXLa5QPRQNYpJ0O2T+tLLwWNVAaRaYw43mrNNg+mfJn5VIxnyYgeofkUbrwH6F2IjCg1ehxS71bV4a6g==&u=U2FsdGVkX18ide9cb8dGJa6R6nwWCOcP77l+BRflIBwOtRT8RODHtn1Q8t7EnYGa&y=U2FsdGVkX1+pjGmjpWc07bqb7GVvlnrQLPchPuppAF4HaOlHkFHqBRi4hhTAfdVo HTTP/1.1" 200 26
216.245.221.92 - - [26/Nov/2022:16:18:33 -0500] "HEAD / HTTP/1.1" 200 -
186.102.30.90 - - [26/Nov/2022:16:19:43 -0500] "GET /kwssiamovil/sm/acme/a?s=U2FsdGVkX1+x4m+7CdQ/LAfLe/6yemBs2ZrL7dVCzlNx+/a/pQODgRBndDoCAM+/8QwdvxYH+Xf1ir/2VJnrVHTz7ZsweWU0z+CBIbQC/DsWpbVnDUYWLjNGL3P4NnIIoBDbmZFbgZwpWLdfM/soEqBwKqvHtffUX18ufpbwPyW+9J76vcWL36ZpeWfWxaD5wTWhamWjiSUOPQRH1ltje4DZyMC/teDtINwJHR0aALZrNPzChbMNoBddxKEV8H/3n8LKsdxIcNCN3h2rRHUIdg==&u=U2FsdGVkX1+bwWpTKxDoKRa3djxoB0N79tnTITOf4Q8=&y=U2FsdGVkX18/tjmRxV/XglXmB2feUWGoM/WkLLzwuXwv9j7DC8pEb+mrA5y/KMx2 HTTP/1.1" 200 26
186.102.30.90 - - [26/Nov/2022:16:19:43 -0500] "GET /kwssiamovil/sm/acme/a?s=U2FsdGVkX18VbZDJUWOSTt1frv/d705ZvLzicKK/TUDXtataNQK4F6fLE6ieqiYak1k0HV1wIyW2n4kjD9Xf142vgaqURqyknnhwqe2uCi8HVTR33FrcN1nGU/8rmdVuUVN/5gYdkwn1o4AMc7qSuJt0sMe3A582r1RVC7gY94NE+l/1MwqlIZFvnJup35esurpfHbS7Gg6V37wTn0kiiRNacj2Js7fnHSZfNTEyYzZz9chb/Rl9YL2A+AZqdN7jRW8HyOIcDwaI4waF8WehK0O+i7/wNLc91K58mJ/In1P46HKQsA30YyxMGTxOL9vpi+TMCLMlCwXAeH3H4uLLs41NsIuwU7KGa7Ipmz2QNABGKs25CNxnXJWXwet922Mk+AmBZEEoh/drfUSXvBS6oTodcIZuZgHj+IB6ICTdtItuFFI6kv41NQjeM1xM310shUbGG2IjSxaAeITcZCejhitsouvchZpc6Uu7nUujiyw+YroFfJE3PySFIZGNLHwJrcTXKxPMiW6qc7GYEhcpxNfEFwmmPATE7hG09ydwszVF8riZ1qFDdJ7AeC+734xxXuCPE8a6yHe5DHnFqdamxZxCFU/y7FH692/s561PZGWGFu7jEiIbA7lDlrGYIuqMpcwJgd+sSpQgwHfZFVukrXjh1OJFRIVBL/qQmGaHwM4L19nHFd+1x+HnNf5Gh64apCXC5TFMH45mV66Prs5sRneUY3/6xF0y8T7O9+42svmZlIX5OkSIJXp1E/u4T32f/Gzl/w2+0GBgd2aT9ftokfPjgmmNz0zz9DW15Alh/Ne6LraEzHEFEPV0Sq9U68VUmvVR9oQXGbQAa1p/1J/P6QrxvDumsDQwWMvrCYKCx8Ysu9VHeEIcl3QAgsmWXwCEC5yyTDJnYvcYWMQIgXUDE2eWOPT4ULbpCk9rMMUyrLqZtbZYwfZSDWephNcsdvZOMyjckSLvif0iQ/aiSlTJosngaF918LDZt+4CNwLtf4iyuxoZWkpvuEYYM53EGFm7VAx5bUhkqQvX6ADDBW96zuut8Gy1htT2BHelQ+6iTSUWjUHeD11b0ke3CylufvG6G5u4wA3R6Qi/urXstlae7omwFaIRF/kVbqWrFSE716L05nIx7Yoe3n040/IoYKmeZuNnL8UGPmCfCPK/smKMkG4VRwKJW60KKPhudfqDTJ0c9/ZgobBkaSMpIwuR0WmU6W8NMJ4hQZDnU0GjC58gNOYDN5ZcIJ4+aTFtcmLzYM1VLzdb9GsRe/H6DkrI28410WDILP8kf3AeY2KkwGBJUMDMGh6Wu8QnMPSnSw0LQTG96fwkGFU7lQO44PPYabjKUq3qLPzUuLsqOPCZe3t8N2JuLieiBYHrdtBVpESObJMon1eNamEY2rVirqKi/jVrKP1CeGstu/dBFE1UspfUgmlwwq6T3rGbuhisbs1H0vMqmz+Ex9Y4wIOIPRFTlTrXy7n/pr/TyggFzd1Fty6VbnXwIvV0BUMgP5IIXOL4QsipAeKSZx96WfEZfLQlFbqxdjAFvTRZkO1ZGcZnVbTRDZ78pavwWWxAFl9noS97Y2CXryE8DHk9/40JEr9Ce/zK9MaqPkWSbpcYRaC8EjWAI26BhW9+bSsvSSWK1U6Uex9LmfnNGgc68FWUEldd9+rntFKPWLjnyBefk15Ljg2h3EMG9BmOXWS5XlnSi7HOC1BAhUAbrqCjOezf4wnIHPn6Uq4PKbWD/gwsj2WiWyMRhzhyQBUzbNZ7cqaVnl1qOLcJcRjlHSuWMhB1xS9p7F5N7gBOTWHNh6UGmh7v5svoBzGGQySZHLEOq7NvZxqMhPY1OgOx6yMpFMbV7LwSpdkUeNTDldzmP27ljAKDLjZw69qiY0TCPouT3fqp1I8YSPFRee3jBgImPtX74W8MyFenzrfXWjXkRo6EwEXF8pAuU/3aTFODtdK693j0Pr7ICtv2bCcMCyCPROnIAaKiFD+9zJDnsLGwB0pindAwKk9so8ZYbAPBdje6grYekvNhW3IRz6PlrlJCr9ug56v1za0OzAnDcayAN7iiTZ6nbWVLtCRU4sNqcjv3fy+bveepuwU5ilfTu61WGIr/PdOgSHccq+L/vvRcDy1poTGMKCE1VU+3EWIBulNUwgHW1Y/h+SUAiM+r1yUF5gelMHSiDdI1X5Gj+TE958OVVYtFTBDRBlW/5r5JWiAc3kuwXAKS3w33Qw3YmcvjCQYB90PEjk4kVU/uGsKF8uFNu8yAXatzgQDf7oRbSsGRvGg/4N9oesMEQXnaGYrHcoh5X75jl0pYkhSMYBpfE4TLtWI3GcHynOe5wi4BOXlKJB/Z/zmu2HSeFnqkcMoke9soGNAxywflrk4QKYWhWovImvx13ZxePnO20SsuKOO80YbDYyRq+5tcQdtd7E+Tb4ioR2U0+svVm7EUt0F03u7zvZq/zjzW4tElvHvWhkllbKgPcPR0uMcqoHv6aAK54cB9LfW5QULAvExMjoGpApA4APZt0CiR2OpdfJlVOM4d5C/teaVQ4GmNWZFG2tteYybEZdHb7MbrlQgRYCryOfygokeTkqz1YTkkJ3RaDzrRNQCP1o0hA0/Jti9lIsxt7y1LPvGW2OcdPA7zJjJI43YYBde6L5uAAvvG0zzcqh6Uw4Afvy1f+lV9e/Hdxg9acC64bmYqVpsVQ1mV2L6t4e9Ey17pPjOZnZXAMiA79s13nJLs58IK50vJe0PJIhPGhUP8eF3cCixmPAHSSjMelEpg/vy2tcauPkBz+mUMi7doVKBxuGHRwf1Jtk+eb3C/2zTxw/qhkJHeNErZ08RyhGNJFsbAVAPVSVfPzJMx+4xijJUx0X8DXY1c/XH+IVP3Yai5vetIRUeMi556hjc/NtcUbhJbdQUnYcpKbMmfRG1FSfZxf4yJv3szsrX0GbLKLvei0w2cb122RL71pcdam4PAzXzmUKY57YcX1DnIGx6bqukPFXZ7dPvzPbrpdR+p2GhHZFrVgO6zgod53f3cQylJvQVOSL/dHWJMcHtESPbl00tgPRV+Mo1rcVvxCWqi/yFyUlzEHhJIDKiKPG8z2rdxy+A8ZPmnDuLfZcVy3SkAxui8hRKv4/p1E3dP+ZWXk5z4vnooJWKDbHR0Q5nSPr6Gy52+2veIOKS6K0HJ5gqvIoZnuLWWavCEhm/y/4S4b8rQShjW9/+YHs/E9BG5UQxVbdd44UeSsVSkTF/IlW7wZYPGMLnECkp/1NNz+21PTPRRCjB/B0Zi9d10quLLYGGltcQJE1jf9E6RMYtVp+xGuDJ/A25vtimaJXJRreY+W5rBB+XWsuyx&u=U2FsdGVkX1+bwWpTKxDoKRa3djxoB0N79tnTITOf4Q8=&y=U2FsdGVkX18/tjmRxV/XglXmB2feUWGoM/WkLLzwuXwv9j7DC8pEb+mrA5y/KMx2 HTTP/1.1" 200 26
186.102.30.90 - - [26/Nov/2022:16:19:43 -0500] "GET /kwssiamovil/sm/acme/a?s=U2FsdGVkX1+bnoDOeenhIRprRF4DnQCKJT+EJ8J8Yhrw2N7Ywsh5ktZ2Ns3soi5E8r33VAJk8PX2OETjphx02yYNEArdlilfDWYEHV/K2wpyNmZ7mpcXwjljpBC7kO/X6UCuvJIpQvTXZS9IFXogNUIWf7PSEPkVR6yP23V66R4=&u=U2FsdGVkX1+bwWpTKxDoKRa3djxoB0N79tnTITOf4Q8=&y=U2FsdGVkX18/tjmRxV/XglXmB2feUWGoM/WkLLzwuXwv9j7DC8pEb+mrA5y/KMx2 HTTP/1.1" 200 26
186.102.30.90 - - [26/Nov/2022:16:19:44 -0500] "GET /kwssiamovil/sm/acme/a?s=U2FsdGVkX185TWggkzisgBDvKv1xzuRaGsWkZBRSMccOBkSPzl9bN1xsWIBNliFVJI4vwJKgxFnlzBZ518XQhytmS7DxxKwjWnUM1Zs2YYAAQrTInnP/VAHuwx1FFgv6D0aWPCWF/NT330Z142QOuW4qP8g8nz7gIxNLiOXzpKg=&u=U2FsdGVkX1+bwWpTKxDoKRa3djxoB0N79tnTITOf4Q8=&y=U2FsdGVkX18/tjmRxV/XglXmB2feUWGoM/WkLLzwuXwv9j7DC8pEb+mrA5y/KMx2 HTTP/1.1" 200 26
186.102.30.90 - - [26/Nov/2022:16:19:44 -0500] "GET /kwssiamovil/sm/acme/a?s=U2FsdGVkX18+CMk2ZEZ+HQzrmbuXoD1hFiH3JwxfHxus9xAT9hNglIB9JYaByZJdbVhsXyd3ogEeiphG8V52S1ueF0JPkKlK9OOT9298l5v6Y3lVLelcjHGUwDLsMb4DIFXLW4oI1plhBxCYwpBtUyAh06M4lEjOsMv5BKVIUP0=&u=U2FsdGVkX1+bwWpTKxDoKRa3djxoB0N79tnTITOf4Q8=&y=U2FsdGVkX18/tjmRxV/XglXmB2feUWGoM/WkLLzwuXwv9j7DC8pEb+mrA5y/KMx2 HTTP/1.1" 200 26
186.102.30.90 - - [26/Nov/2022:16:19:44 -0500] "GET /kwssiamovil/sm/acme/a?s=U2FsdGVkX18uatxXbGnaxS+cRJJEJwX4Jt90md0MYFWBwLhGWwvGMYcfZaNIyJ02jQK0t6+wIwsquyimp5WHJgJQdntvMOyfhsFdLEaflgWHUy9NOnOGg3rkuEXEDeXxp1hKDMk0V0PTzfyCo4OxmVFZYveJuGT0wXkwMmXIb7weVyH90SCGoi4KG4IpSzyzFfFnfYuMXyhwc7m4lC/Hfg==&u=U2FsdGVkX1+bwWpTKxDoKRa3djxoB0N79tnTITOf4Q8=&y=U2FsdGVkX18/tjmRxV/XglXmB2feUWGoM/WkLLzwuXwv9j7DC8pEb+mrA5y/KMx2 HTTP/1.1" 200 26
186.102.30.90 - - [26/Nov/2022:16:19:44 -0500] "GET /kwssiamovil/sm/acme/a?s=U2FsdGVkX1+u/XsdTITDWpulMDQmkvPPJxc05zMZ8YN5A779QVeQkTeZ8nYddPdnMUv31go8S86ntglzy/oZ88Wp8s+b4qH8xHgdDOTfj5PoTT0zNYRoERve9414dqslwYThaW6tO0ZgcT0COETWzZwUctRtFR9QnmBhaThvvLoJ04XU1rMNuCIXMtXb4yYHdMl3QeSeBWAghYkbTrRsD7ViQ590TVNnlLyI8N+1MKdT+G/C9aKuEZ9MsU+0oo/H6w6yFUXD09mLub6ll7GaqQYjZO+sCp693d7t1ClUXbwqG5//H0UWE7a+pFdHtJZ/SGacwBb95sWgauA4Cq1g4stsN7z/SxghxuX90BSBQiJxNH3N7hlO8yH6eX2DLDPuzqp9MObMmwsHt1nNjYmDi7xSO5ZOy1GjZxEiaYhtgjWsAbB6IGNkTR9i8KMkfXCpLMi4s+Wk8p9DkVs4uJf9uYxY4ZtsD1zLBJCXu2YAgSW3Vl3cTbtU7VJpUQUFQuYzzYdfW/f0Lv1Qifbzpt9hl3bCR17b57dmtQ4yYc62uKnmcbXOS7s82xal8Lwe63/W9B5JF7raxZ9lFiGKL5z4ENCUh2wR8qfBGEmbrylbLFv+dDvKEnui3xilFEfQmVP17/9blrN6h3CjOjCqCcJkng==&u=U2FsdGVkX1+bwWpTKxDoKRa3djxoB0N79tnTITOf4Q8=&y=U2FsdGVkX18/tjmRxV/XglXmB2feUWGoM/WkLLzwuXwv9j7DC8pEb+mrA5y/KMx2 HTTP/1.1" 200 25
186.102.30.90 - - [26/Nov/2022:16:19:45 -0500] "GET /kwssiamovil/sm/acme/a?s=U2FsdGVkX1/1bnWzDPcyO+5Ole0M2MLDAqkryvVgmySHQDiiGri98IZfWLsGI2H29sXtAfWD01EHDa5f76OLCYf9boD3Ufr1Kx3T0PpnZ1mt785ZjjVDtHMp0Esi3A3EJ/SxkUyK9fB7RFqFgfAwcWbAmk0siqXYxPy3jgh28HmkQ+HL8BXabKd2hkNHonPhBgiwa5xvOy0/Kz8ZtIgn5sjGRR59meAVTDn8DKiWMvqr7JqyqvuiSFcwMzdclC1V32axuhHXvt01GKmFKEoUPL0QR5WFzXeGpmRgOAzm/GOdbxeSVblLn1n3aEmDq3dR9Punw1IOqqTPXxBPKlBHY3JvB1KEC6shv1ksZb9mGs5d/+DZC/iZE6d8GKa3c7jp9cfj3Kksipn8PTTPFMA5iqWigdxu44A0YoClm18a7mTUp14GsXVDBPedCXSWBAJtOo1sB1x3gWdAPJb9wUkK8ggKEz6L003yc+jskqYevrtmgVPHAjspz9DiN90Em8nhA+H4sUfCNLTjZY8wmJNojV8Go5xBc5cpVyBn5V5NeVHBNkZrn9lFkOwLgUovQ1WcDDv1z9/Nw///U9IhdW5/wf35D40x5quIHKWCGOkANHI=&u=U2FsdGVkX1+bwWpTKxDoKRa3djxoB0N79tnTITOf4Q8=&y=U2FsdGVkX18/tjmRxV/XglXmB2feUWGoM/WkLLzwuXwv9j7DC8pEb+mrA5y/KMx2 HTTP/1.1" 200 25
201.245.192.253 - - [26/Nov/2022:16:20:30 -0500] "POST /kwsrmcab/Wsrmcab HTTP/1.1" 200 43358
201.245.192.253 - - [26/Nov/2022:16:20:32 -0500] "POST /kwsrmcab/Wsrmcab HTTP/1.1" 200 44138
201.245.192.253 - - [26/Nov/2022:16:21:37 -0500] "POST /kwsrmcab/Wsrmcab  HTTP/1.1" 200 42393
106.38.226.0 - - [26/Nov/2022:16:21:37 -0500] "GET /portaldeninos/wp-content/uploads/2020/06/mapa-humedales-de-bogot%C3%A1-1.jpg HTTP/1.1" 200 1170768
92.255.85.183 - - [26/Nov/2022:16:22:40 -0500] "\x03" 400 226
172.22.2.4 - - [26/Nov/2022:16:21:12 -0500] "HEAD /BLA/boletinlegal/ HTTP/1.1" 200 -
216.245.221.92 - - [26/Nov/2022:16:23:32 -0500] "HEAD / HTTP/1.1" 200 -
172.22.2.4 - - [26/Nov/2022:16:22:03 -0500] "GET /BLA/boletinlegal/ HTTP/1.1" 200 59779
157.55.39.39 - - [26/Nov/2022:16:23:59 -0500] "GET /BLA/resoluciones/index.php?dir=AUTOS+2019%2F HTTP/1.1" 200 349340
201.245.192.253 - - [26/Nov/2022:16:26:35 -0500] "POST /kwsrmcab/Wsrmcab  HTTP/1.1" 200 42393
172.22.2.4 - - [26/Nov/2022:16:25:32 -0500] "GET /BLA/boletinlegal/index.php HTTP/1.1" 200 62423
216.245.221.92 - - [26/Nov/2022:16:28:32 -0500] "HEAD / HTTP/1.1" 200 -
157.55.39.39 - - [26/Nov/2022:16:28:31 -0500] "GET /BLA/resoluciones/index.php?dir=AUTOS+2018%2F HTTP/1.1" 200 441491
172.22.2.4 - - [26/Nov/2022:16:27:02 -0500] "HEAD /BLA/boletinlegal/ HTTP/1.1" 200 -
172.22.2.4 - - [26/Nov/2022:16:27:52 -0500] "GET /BLA/boletinlegal/ HTTP/1.1" 200 54452
172.22.2.4 - - [26/Nov/2022:16:30:28 -0500] "GET /BLA/boletinlegal/Directivas/2013/Directiva%20No.%201%20del%2004%20de%20Abril%20de%202013.pdf HTTP/1.1" 200 472003
201.245.192.253 - - [26/Nov/2022:16:30:30 -0500] "POST /kwsrmcab/Wsrmcab HTTP/1.1" 200 43358
201.245.192.253 - - [26/Nov/2022:16:30:33 -0500] "POST /kwsrmcab/Wsrmcab HTTP/1.1" 200 44138
201.245.192.253 - - [26/Nov/2022:16:31:35 -0500] "POST /kwsrmcab/Wsrmcab  HTTP/1.1" 200 42393
40.77.167.13 - - [26/Nov/2022:16:32:33 -0500] "GET /BLA/resoluciones/RESOLUCIONES%202000/2000%202500-2549.tif HTTP/1.1" 200 4629212
185.119.81.102 - - [26/Nov/2022:16:32:38 -0500] "GET /portaldeninos/wp-login.php HTTP/1.1" 200 2592
185.119.81.102 - - [26/Nov/2022:16:32:39 -0500] "POST /portaldeninos/wp-login.php HTTP/1.1" 200 3605
216.245.221.92 - - [26/Nov/2022:16:33:32 -0500] "HEAD / HTTP/1.1" 200 -
172.22.2.4 - - [26/Nov/2022:16:32:52 -0500] "HEAD /BLA/boletinlegal/ HTTP/1.1" 200 -
172.22.2.4 - - [26/Nov/2022:16:33:42 -0500] "GET /BLA/boletinlegal/ HTTP/1.1" 200 54100
