186.102.41.103 - - [26/Nov/2022:11:14:40 -0500] "GET /kwssiamovil/sm/acme/s?s=U2FsdGVkX1+YwHg7EHluOEiuqemC2CCanhcoJBzfgm4HtYijGOUfudqKorBtETRsYFcpLIdAcpv/RmmITLy3zXf4vulfJdmJcrI/QDfvzqq11wjEmqsnl1lEuu+a2TSqaYAyaj3AVmMNF9WY3wtO/FJVpNfiXniuqxao5VMz9hzQQmECsjse9IS/khwV0C42ke+uhBqUla2nPsXdlBtaKvacWCsDKHfoJq3M0H+Eg+Q+OzIymLAou1tP2BBK7L8FPJGgZgAruLXV0w+sLKSzfcZpxRrNEvmuvZInIHvRZmLpmAkbsb4xQcTb0ElCcbAidPIHphCvnCEgVpjlxxiCqA==&u=U2FsdGVkX18Y34ENzH9Np7D5dGFavFdNRcORrbw0/+I=&y=U2FsdGVkX1/k4PMPpQ2aXXwm55asDgOE2DjrvdxoS+j0ndCXpua97HNw0aGfOsmh HTTP/1.1" 200 66
186.102.41.103 - - [26/Nov/2022:11:14:41 -0500] "GET /kwssiamovil/sm/acme/s?s=U2FsdGVkX18G71oq67oimQAPuUvACR4CqEpasw+01x8FgclVrr9jUD1HxviPDLfxcCO74iTq6+kcdIwLBGwFpwO8nI2lNj/NaHGGAofi94Pku5HXPmbIc3WPCHjihj9veBBp+XzW0zai9l+Acu9OghuWfBI3SXsbYbeIErocYs/Q8+5o0AHNdj465mfC23d3SiuPbxH+9vcsexdyJh7mjIxQQAtzf/nOg1urspsPAM3e1Tw2G6NZcDrp1qfAVbzkvaymJ+eSsuexMx3eJqGMCaCw0XUwZWaqC4jFbGKyNGTKy/PV5yKaIJsnzHxbmUCX8EV992spuO0btIpFubwVZH3SY5j9qaEJP2GtG49GfC1xyPpnER4AePCvZes43ZobprkHsJZW9ZlsxTHIiWNR7Ug/YleFzYtzj2Yq2jEranRYqG56eV9oK9OmHJXwMBxNTwDW+dibSJ3ZeBrJzYsYrStVya/Ox0zEo1lvWDDlG2pkoFmjeM3GQXtyX/db7oPrgrR2VD8MNmyc+XLi8yturVTzAkL+6nE+N2VfXkxJzNmaB+ymD6QIXtidaoHPwJOGhtMv5iuIQ046TP9Y3cXs/8x4MBD6PleqYdzPiEFMRv22+kDNkE+zTWvPg8GyETLPMK14cBbPpoFJvgDnhvXlg3cQ6xyRfqDt+yuV5axzEWyvZi5HDnU4fpXqSwSIJeZHVfqAUTYy3gKHpUNzX3a+eKfS2Xq0vR59MfWA452KqmKqmGeJNxPugAbAJoazX/1SFLcn27AUEcsk1H8qkV6LGhVpAYkq9c/EYTtiq8j0jkQ7Onql5TDkT1SJcn1zv8VFW4uYM9QUon/Ge2/D9rdUhSmiU/jVxVoakSBcCc67ooDPxlt9rZLds0/PpFl5zvp6600gBMReibO1tGgmWEfT5ISqRv00fnV4CBJswiXw00VjYQIngg3yPQM21YoEwqQwJbbXxAdzS/tJ8L+MtUNzHS2FTk/3By65MPcZqM7Q9EFbJhY/kRfOlEa98ux/22ESSf8za/L9tnaKnInWsjfDOx70Iz//nex2Gu3kj9ncRjPSOePcbP2mUvYFhTxlvyiDa75hvrA43GQ0tA5jBzkRb7kNTxsdhpME4euGMqFyOw0b88Ena8HebupfPP0WwAzrP+tETuHornCakoQ70+6VJulqquQ4ldBeSrpfEfSMdZ1Wv7oJpHARdsouJal8zvLYSn3IheZV3yZUovuAxUGD2M4yC5F+g6cMyOJ7cSiNfUaQZp+RPy+KnK4klyArIsoEbjPtHQAXlaihet0BB151uMgLG4XM/SLPDsNjkSQYCVhbTxLt7Tt9KtSZctE5IEwR0Ar7PKHLqC/umjy5clMxSfYuGIuQJEvJUYL9vgFOOmCGANs+uirvILSpyruc1A3elynpvIQwhDnDTipMA35445HUa/rf7ZyJWdrQJ+5RqsQ=&u=U2FsdGVkX1+k66z0RzvQgqaZsLM7tJoiiUAuzTNX5js=&y=U2FsdGVkX19KBodk2wtqxIMV1mZowUFUD9AfOHtKdAuctsmE6q1AtAnyIb0KIcRM HTTP/1.1" 200 66
186.102.41.103 - - [26/Nov/2022:11:14:41 -0500] "GET /kwssiamovil/sm/acme/s?s=U2FsdGVkX1/9QzuN+biYGM4L35+3ePqxusLanu3JwFj08kyRxu+ubBbtL4ILEdTfiLkoln6v4m8mxKMmndxv6PdVAbXk9enM/Y334mt9YeUd2f2m9L+jhM/qoo7C82pCwXzrPdC4ioqUVtI9MN62zCQ8iUxEX0JfciahvEIPXMpFPspYFgVuxCctujqfloRcBAZhohUw33ABVU5UeQWnHL//66joJ3bjh+ayBkNxdy5sS2Iy9DE7YIAwsC3Injr2LT2Yv0JumEKtoXYydu6LFZHLoK4+F6DPxuZyMMoMDB3Fr9NH8Oyv3G9FyDgJCgRLPKgaBmj2czJE+mcD4oflFInlrS+9rCJBk4rob8IoWE57dLYVqZymYiaEVFdtrGQFe5v/jabvCQwq515qfXzYAPEkgAQxQS/NbdI3GNhpnz/OyFCucx2YZZkzY7/BnQqhvnN1hCBYphWxPqty5Bbq1sjovwL3x7Dmmq+87yFXJys/K1DKsi7c9COf2KYgpwsFSkvOk1JLePR8+8IpobHHKYXPTEgxXGFWPEZeBXrgLL6LIrcFNmhrJc97MYU6h2681q8pvcdR+bn0NQPeWYIoIR//RjtuBDIk938eFuB5EM1f26uYFbNA8ip2wtIZWbsCMkbQg7+YDNJRYais79iPtwoLXwD6iPoFwsEA3e4p6NRjN4V9lVuaxaYyykXwCQh1ZGRdm/P1HxClv98nE9/BFRi3ElM1jZHXlFicTaHfk+xq3fS+Tm6gH5P2WEe9qNbzxDwQ7fh5djMK8RmxmkwIvG/NN8lEOAWiEI8HG0S0sVMNgnwcdo9RS80BoC1UnToRPhpaRAyfTzs3WYFaJ0RrP8EvYV7FDj1GYz8sgiAPbgkVgXqAmXssq1UOrzFjGQFOZN/YTFToKDv2ExoHSTsrgfXPmP2pB+YJ5IGBIGv8pwHB+88XuMeeFxvRMfsI9hFal6usQCij+YlFzyw6mpFsjIhJgqwdZGc1iaRTLzJod8p3sOJF6gu4jf3ERti++WD6YUs7w7+GONn/K4uAG61Mjpi2cw1zRWwXnM+U2KqI5QSdsZNZtD13AthXhWdMatng/tYLMzUBJDEtAR/GPIypcuzP+hOQraFk3XeWdP8Ah6ZYzuoWcdYtw7TMHWRg3uFZbw8OP3dT+a0LrCD+PlF0VzwXmYK8SAvIzbHgzUCqFIXMR1+P6ukfnJNmQ/eI1T+Ly4P5FsfB2GIyHVwvMUJ3UCEwTHA4nqgDgTPlQOy6GaWO6JCeQLVgflJmVwcxm6of/lXZiMe4N8fMN8g6jOWRDDWZFmzPT18kpjZSW1B7YrZdGoEdDfOGjdU3STWT3IlwltN+4eeXEOojnQOCCyOjWx+wEGOPFbIS3JsWtiy2u59fEv4UK9lnabTDQRZO3MCxojhh6kvFcwwsV1Gtdh5NvtEwWLMUkknGm2CXqCNhLxA=&u=U2FsdGVkX18P0QTXq6ahCuRMek5mBbp+OXv37rjwzII=&y=U2FsdGVkX19TPCD1BbALVeg9sgq23YvrBM6sIXt042hXkTnqRbACzNhpB0Wce5SE HTTP/1.1" 200 66
186.102.41.103 - - [26/Nov/2022:11:14:41 -0500] "GET /kwssiamovil/sm/acme/s?s=U2FsdGVkX19crkfI62NYn7kvFHTig1/opXJ5YcHoACWoAolxWXuET/w/bJD1riutQm1ghQENsKej+3Zxu9A2yL33Yb3H+Bb9PJAOWLqIjDrJioYQPIDUHI9wvxyQ0LvpDTld366MbeXgQNGzuIZ04batAFehrkQoVvFWgDkhBTmHqEqt2XSOzjYxrFKXPSi5nqpUh486eL5Wj1BmPFRO3EHVa/JC9nAjtjdS8PHvO+wuk6MPErb2sxuRxkczPIiWDmG9LBscNgEFXr0KbnBWooNe62mPD/f3CQBQe3+IJDrj7O46KuDTY+s/ZsB0Bl/J4qEyAltOLP79x3fAsPEZpA==&u=U2FsdGVkX1+vEA0YwViFNUZFqmVvZFkTsjsuim5jKBo=&y=U2FsdGVkX19nAAw2uWfbeGslxPD6DR0VHbimUJKmzAVxueW+aUiO/otQxXoPecq8 HTTP/1.1" 200 66
186.102.41.103 - - [26/Nov/2022:11:14:42 -0500] "GET /kwssiamovil/sm/acme/s?s=U2FsdGVkX186/8tDwXCaOFedndDcCAON8pUNWpQvoRXsHcC3g/Lhv6+QyobWcwyDRXIVUbKMMmD1NK6h/FR7NLKASa2XDkEWmb1zyeoiv/BP4Lh6y6DHXdSCyAsQ9nKlPK5gzbwKbkJOAgrNXLHTZveG5/7oYIwec5ugPqsEts+bnDEGdjwiJkRKVP1rPr7v+zQwjEJNl20Nzt1pXykYBFAR5YDeaIjrX+EBlXt4QSEe/DR1F6T7n0MBBYcWMA9DHxwRkX788nmlQ2xY361qOnBa5LDBlO2jb7zBrrxNQ8YSvYXQIAu/von1I7drIqCTm1In/qDBF6iSC8fyb0iODgGE+PJl9gFFQWewyI9GayZ48VInILgOD+cjQxm3MhLihFPXlxwX+ZzmZHj+3UW4LNtcdJrvasjv8lIYPa66eZY7RRS2RPimJ55wpMt3nKLpbxemE3exNGRsPqB+bpE6PG8Xm7CuKgOQ5Syb2eQ3iCEk8EQ7jcfCPi8GVmIajirwkKi7aBjvWtH9O/LivNTCBCR29bcDNxdtYUTZg0RrBHl3syIw4gIXyZw2R8n4mVm2l+AvrfG18N3o4j0JypKonZd8Z/DdEKTO1HRk0ihI2iHjZlNLM+8VRR+UwTCYfj/LM+7n++mF9eyn9hkLT0J9QbBJRTlBa0idzTg/pHXU+3SdEzfsVPip9IC8RbgFdtNnEIMFTAtvTcgrgjIHVj/Yd7wdC+I9qeqMPNtkGOiSCseItqK6W84rUByjqHtQPm/has6T1xKlBJpUF2SoldRIon4OVG5In7Ji0T+//B8H54eF2pibdXpuOZSGMBc22CEK5P6emszOAZAZdzOjLcEuOdzojr+bimjgwn+pf7Py+ikM57TClrvYwNUyjnm8gburWpqLnP8Y2UoLbReZknTU6cyK50Wa/up20h1ikFD/AH44YvsTpLb3FerhxhsP8t3YmqAPedDGT470Lv1UPPgGkdoMR0jpGYrQlvHSl1gVfW5KWyQ0cUWcAx6I+y1dp4OcAJweXN2vMQiz9tFJrauOlUnGYpfynMMuzSn4xqNc4YzJZVi6iD8Riq1XsckgSfJBKj529FxY0zW2NrvZgEy4OXElk3/ygyuJ+nxo6bpprfqTFpgR/zLHTcjyC+Hw38TQ+1G2sgSWUuIEXePFKEPOnHUGva3wTHHmkU+tMWwbA2fa38q6nKd63yXmbbhNmMr7LaOC9xNYzr0titC2Fh+LY2ipb/cDeVFtWtVgBlLpDMI3tkJaFWaUx+0NK66U3ui3bnHnaOuWbmDjOdD5U+wJlM6Cce2Pn5+MOb+tiwlh3HI1wFV6mF6BdZ19+gv2a6hpnWXmUtbCBaMxKVwkY+8ryTqxOALHKcgqz8xdxu31v2I5lvbOsyeLdI/Os05aTL5yjtpJ1a+knYNO8+gkKRmnXYYKea7iP4lDEbThf4i4UuM=&u=U2FsdGVkX1/UQ28r6QEkMbWEpV+vQmNkqK57yqLHQFg=&y=U2FsdGVkX192OFwpAw5xaoUgFbliXfzX2GVr3J5taaSfhm5rkvMb2yT/AQ3ijU/u HTTP/1.1" 200 7981
186.102.41.103 - - [26/Nov/2022:11:14:42 -0500] "GET /kwssiamovil/sm/acme/s?s=U2FsdGVkX18rQRPVR1NbccK3Pmt4q2GQ8kZroFI03G28rt3y+Y1x/0fI6gofgAqK122y7N6CvVBy8FZF+dTEqSK1QeDr6JVeiJs7hQ9o9PoRkc4JkE+2MNWz4c0QaiLYRtyZAdHqRfbvKHfsK0w2tC+l/K6fbnBOUAdEMhORgTet9dqMLV7lqae2/aAB70OBqFX0QuiSzutB6o4kDuW8AX+5O6gjeoTy7IGVQGS/yXeey5A+yVq2UZWuwAeKG+DoAU6HKuPGLymBoz4W1rhsoXi+U2UYirGUi3gsmfITrARKd2SVnYcDugCVbfSElFeNVMqVTCkfeIx5VV8Qnv8FAw==&u=U2FsdGVkX1+irNEWtZmWA2w49+AUDL7LFCn+y62gZ4E=&y=U2FsdGVkX18wQ0ciARpP9BBNqGlouDq7Fb0chjLSJyJGM/PGUMzdsswnwzjYC35i HTTP/1.1" 200 66
186.102.41.103 - - [26/Nov/2022:11:14:42 -0500] "GET /kwssiamovil/sm/acme/s?s=U2FsdGVkX19CkteOK3jaiHJj8KV5ab+NEjoZ1c9b07Yx4z/RQD0V0+EgqROVRPSlx9yMbJQte/KF64yTKD9oN0TnMiFH5vu6x65YqdNBoh9Jy96fgobFA5zN0w631dWtEJ9v08/wUM+0TFp7prjHSPGHOQGv0LS71NDu5VdPUtOeUOSoEk+WcxyGn1996MnlAt8TMeDUp5JMC5JK1szlGlHuwT7euLJiITIZV/qnFBhv954i464D+/jSCEQs6+D7oQvJqe0F4Jm2faY+6IpewUYGE/yMQpkhdX8O4r49ZGXPcEOxsoFL90vDuXRpMVXSSHywS7oQ/OOhhkq4tOCq/Q==&u=U2FsdGVkX1+k66z0RzvQgqaZsLM7tJoiiUAuzTNX5js=&y=U2FsdGVkX19KBodk2wtqxIMV1mZowUFUD9AfOHtKdAuctsmE6q1AtAnyIb0KIcRM HTTP/1.1" 200 66
186.102.41.103 - - [26/Nov/2022:11:14:42 -0500] "GET /kwssiamovil/sm/acme/s?s=U2FsdGVkX1+XH7vCq0Y8L5OKz0emdTmAzg8jnI+1VdG7hsbScnXyGEteJr2B0hOWJ9OwL8RsovgwBQ9Gkdq06IaD871NPaLpfSQCyWD6qKcY4RR8YjX021iIRS1Uuuh7wpFl/GN8LugyBe9+Vruj940RXeYGigMJmw1m9rjE6bONtMuxqddI5iQXjyz3G/FUa8XyDo50/oeU7AynVnpdmFdDAZTgxtpL/1rt8xPqhfKAxABWja/oQv5fHqbKCYRkjwUcqojOlO6i8/A8jjkEtgUyK4o0Eltjjc+HZulbIEaZaKiOuLoo/jF1OojiPNRJaNmjmFor5+dNNxiBVo1D/w==&u=U2FsdGVkX18P0QTXq6ahCuRMek5mBbp+OXv37rjwzII=&y=U2FsdGVkX19TPCD1BbALVeg9sgq23YvrBM6sIXt042hXkTnqRbACzNhpB0Wce5SE HTTP/1.1" 200 66
186.102.41.103 - - [26/Nov/2022:11:14:42 -0500] "GET /kwssiamovil/sm/acme/s?s=U2FsdGVkX1/pH5ciURlmL8fb6dGCzeJZ//PsxbNKbSMstvi8/A8i9cSmQ341/Ump3JyvhyACAVzJJhH6/vdmItbFXDjAieHDahxYhfAAv/vp1Sk/lXFLY/PApFHr2Rjz7PoItbKYT5ddxh9lPUiElB3ScyET7PvIGmPrN90rng+TAd2Yznn0WC0XwytukoJeY+IKiUpEdDeWfkOtnLVEwJegXnzYSM+MWfG9D+yr2ejL1GfpP3RrC+jn/4q+aPUiMztZ5GFaVw3x81ye7uD+YyZhV//3ZERCspTCQr5UPvA6ebDgeqchsfX2/gMj1FcnqSfwxMgo9DAtMd1oOoVRyw==&u=U2FsdGVkX1/UQ28r6QEkMbWEpV+vQmNkqK57yqLHQFg=&y=U2FsdGVkX192OFwpAw5xaoUgFbliXfzX2GVr3J5taaSfhm5rkvMb2yT/AQ3ijU/u HTTP/1.1" 200 196
186.102.41.103 - - [26/Nov/2022:11:14:43 -0500] "GET /kwssiamovil/sm/cjson/pre?f=1&x=U2FsdGVkX18begUANDIPlj/LVXrmod5QgkPVd/vZj+Kt7lts3jGu/0dfC+t2S5Pj HTTP/1.1" 200 31032
201.245.192.253 - - [26/Nov/2022:11:17:42 -0500] "POST /kwsrmcab/Wsrmcab  HTTP/1.1" 200 42393
216.245.221.92 - - [26/Nov/2022:11:18:33 -0500] "HEAD / HTTP/1.1" 200 -
172.22.2.4 - - [26/Nov/2022:11:17:52 -0500] "HEAD /BLA/boletinlegal/ HTTP/1.1" 200 -
185.119.81.102 - - [26/Nov/2022:11:20:07 -0500] "GET /portaldeninos/wp-login.php HTTP/1.1" 200 2592
185.119.81.102 - - [26/Nov/2022:11:20:08 -0500] "POST /portaldeninos/wp-login.php HTTP/1.1" 200 3605
172.22.2.4 - - [26/Nov/2022:11:18:42 -0500] "GET /BLA/boletinlegal/ HTTP/1.1" 200 57824
201.245.192.253 - - [26/Nov/2022:11:20:31 -0500] "POST /kwsrmcab/Wsrmcab HTTP/1.1" 200 41005
201.245.192.253 - - [26/Nov/2022:11:20:34 -0500] "POST /kwsrmcab/Wsrmcab HTTP/1.1" 200 44134
173.252.95.19 - - [26/Nov/2022:11:21:00 -0500] "GET /images/Acuerdos%2001%20(1)%20(1).jpeg HTTP/1.1" 200 32884
217.182.198.226 - - [26/Nov/2022:11:22:31 -0500] "-" 408 -
201.245.192.253 - - [26/Nov/2022:11:22:41 -0500] "POST /kwsrmcab/Wsrmcab  HTTP/1.1" 200 42393
216.245.221.92 - - [26/Nov/2022:11:23:33 -0500] "HEAD / HTTP/1.1" 200 -
172.22.2.4 - - [26/Nov/2022:11:24:23 -0500] "GET /BLA/boletinlegal/Directivas/2016/Directiva%20No.%2004%20del%2023%20de%20Diciembre%20de%202016.pdf HTTP/1.1" 304 -
172.22.2.4 - - [26/Nov/2022:11:23:42 -0500] "HEAD /BLA/boletinlegal/ HTTP/1.1" 200 -
157.55.39.206 - - [26/Nov/2022:11:25:46 -0500] "GET /BLA/resoluciones/RESOLUCIONES%202001/2001%20700-749.TIF HTTP/1.1" 200 8147392
192.168.171.62 - - [26/Nov/2022:11:25:52 -0500] "GET /BLA/boletinlegal/actos.php HTTP/1.1" 200 9566
192.168.171.62 - - [26/Nov/2022:11:25:54 -0500] "GET /favicon.ico HTTP/1.1" 200 7782
167.94.145.58 - - [26/Nov/2022:11:26:03 -0500] "GET / HTTP/1.1" 200 319
167.94.145.58 - - [26/Nov/2022:11:26:03 -0500] "GET / HTTP/1.1" 200 319
167.94.145.58 - - [26/Nov/2022:11:26:03 -0500] "PRI * HTTP/2.0" 400 946
167.94.145.58 - - [26/Nov/2022:11:26:04 -0500] "GET /favicon.ico HTTP/1.1" 200 7782
172.22.2.4 - - [26/Nov/2022:11:24:32 -0500] "GET /BLA/boletinlegal/ HTTP/1.1" 200 57192
201.245.192.253 - - [26/Nov/2022:11:27:41 -0500] "POST /kwsrmcab/Wsrmcab  HTTP/1.1" 200 42393
216.245.221.92 - - [26/Nov/2022:11:28:33 -0500] "HEAD / HTTP/1.1" 200 -
201.245.192.253 - - [26/Nov/2022:11:30:31 -0500] "POST /kwsrmcab/Wsrmcab HTTP/1.1" 200 41005
201.245.192.253 - - [26/Nov/2022:11:30:34 -0500] "POST /kwsrmcab/Wsrmcab HTTP/1.1" 200 44134
172.22.2.4 - - [26/Nov/2022:11:29:32 -0500] "HEAD /BLA/boletinlegal/ HTTP/1.1" 200 -
172.22.2.4 - - [26/Nov/2022:11:30:22 -0500] "GET /BLA/boletinlegal/ HTTP/1.1" 200 53739
201.245.192.253 - - [26/Nov/2022:11:32:40 -0500] "POST /kwsrmcab/Wsrmcab  HTTP/1.1" 200 42393
172.22.2.4 - - [26/Nov/2022:11:33:11 -0500] "GET /BLA/boletinlegal/robots.txt HTTP/1.1" 404 1038
172.22.2.4 - - [26/Nov/2022:11:33:13 -0500] "GET /BLA/boletinlegal/jurisprudencia.php HTTP/1.1" 200 17573
216.245.221.92 - - [26/Nov/2022:11:33:33 -0500] "HEAD / HTTP/1.1" 200 -
217.182.198.226 - - [26/Nov/2022:11:33:49 -0500] "GET /vota-por-bogota-en-we-love-cities-pioneros-en-sostenibilidad.html HTTP/1.1" 200 850
157.55.39.39 - - [26/Nov/2022:11:34:44 -0500] "GET /BLA/resoluciones/index.php?dir=AUTOS+2019%2F HTTP/1.1" 200 349340
190.99.224.22 - - [26/Nov/2022:11:36:28 -0500] "GET /galeria/galeria/jquery.fancybox.css?v=2.1.5 HTTP/1.1" 200 4895
190.99.224.22 - - [26/Nov/2022:11:36:28 -0500] "GET /BLA/boletinlegal/js/jquery.scrollShow.js HTTP/1.1" 200 4586
190.99.224.22 - - [26/Nov/2022:11:36:28 -0500] "GET /galeria/galeria/jquery.fancybox.js?v=2.1.5 HTTP/1.1" 200 48706
172.22.2.4 - - [26/Nov/2022:11:35:22 -0500] "HEAD /BLA/boletinlegal/ HTTP/1.1" 200 -
201.245.192.253 - - [26/Nov/2022:11:37:39 -0500] "POST /kwsrmcab/Wsrmcab  HTTP/1.1" 200 42393
172.22.2.4 - - [26/Nov/2022:11:36:12 -0500] "GET /BLA/boletinlegal/ HTTP/1.1" 200 56474
216.245.221.92 - - [26/Nov/2022:11:38:33 -0500] "HEAD / HTTP/1.1" 200 -
186.155.42.153 - - [26/Nov/2022:11:38:43 -0500] "GET /BLA/boletinlegal/admin/ HTTP/1.1" 200 2324
186.155.42.153 - - [26/Nov/2022:11:38:43 -0500] "GET /BLA/boletinlegal/admin/index_files/style.css HTTP/1.1" 200 6223
186.155.42.153 - - [26/Nov/2022:11:38:43 -0500] "GET /BLA/boletinlegal/admin/images/bg.png HTTP/1.1" 200 332965
186.155.42.153 - - [26/Nov/2022:11:38:43 -0500] "GET /favicon.ico HTTP/1.1" 200 7782
186.155.42.153 - - [26/Nov/2022:11:38:46 -0500] "POST /BLA/boletinlegal/admin/usuarios/process.php HTTP/1.1" 302 -
186.155.42.153 - - [26/Nov/2022:11:38:46 -0500] "GET /BLA/boletinlegal/admin/index.php HTTP/1.1" 200 7243
186.155.42.153 - - [26/Nov/2022:11:39:03 -0500] "GET /BLA/boletinlegal/admin/index_files/header.png HTTP/1.1" 200 240212
186.155.42.153 - - [26/Nov/2022:11:38:54 -0500] "GET /BLA/boletinlegal/admin/notificaciones/ingresar.php HTTP/1.1" 200 30026
186.155.42.153 - - [26/Nov/2022:11:39:03 -0500] "GET /BLA/boletinlegal/images/can.png HTTP/1.1" 200 37574
186.155.42.153 - - [26/Nov/2022:11:39:03 -0500] "GET /BLA/boletinlegal/admin/index_files/3_5.gif HTTP/1.1" 200 1633
186.155.42.153 - - [26/Nov/2022:11:39:03 -0500] "GET /BLA/boletinlegal/admin/index_files/7_1.gif HTTP/1.1" 200 1455
186.155.42.153 - - [26/Nov/2022:11:39:03 -0500] "GET /BLA/boletinlegal/admin/index_files/7_5.gif HTTP/1.1" 200 1565
186.155.42.153 - - [26/Nov/2022:11:39:03 -0500] "GET /BLA/boletinlegal/admin/index_files/5_1.gif HTTP/1.1" 200 1623
186.155.42.153 - - [26/Nov/2022:11:39:03 -0500] "GET /BLA/boletinlegal/admin/index_files/2_4.gif HTTP/1.1" 200 1763
186.155.42.153 - - [26/Nov/2022:11:39:03 -0500] "GET /BLA/boletinlegal/admin/index_files/2_2.gif HTTP/1.1" 200 1728
186.155.42.153 - - [26/Nov/2022:11:39:03 -0500] "GET /BLA/boletinlegal/admin/index_files/style.css HTTP/1.1" 200 6223
186.155.42.153 - - [26/Nov/2022:11:39:03 -0500] "GET /BLA/boletinlegal/admin/css/dynamic.css HTTP/1.1" 200 23305
186.155.42.153 - - [26/Nov/2022:11:39:03 -0500] "GET /BLA/boletinlegal/admin/css/creation.css HTTP/1.1" 200 3945
186.155.42.153 - - [26/Nov/2022:11:39:03 -0500] "GET /BLA/boletinlegal/images/cabezote%20BLEGAL.jpg HTTP/1.1" 200 118164
186.155.42.153 - - [26/Nov/2022:11:39:03 -0500] "GET /BLA/boletinlegal/admin/images/calendario.png HTTP/1.1" 200 4380
186.155.42.153 - - [26/Nov/2022:11:39:03 -0500] "GET /BLA/boletinlegal/admin/index_files/index_files/tback.gif HTTP/1.1" 404 1334
186.155.42.153 - - [26/Nov/2022:11:39:03 -0500] "GET /favicon.ico HTTP/1.1" 200 7782
186.155.42.153 - - [26/Nov/2022:11:39:03 -0500] "GET /css/global/buttons.css HTTP/1.1" 404 1324
186.155.42.153 - - [26/Nov/2022:11:39:04 -0500] "GET /BLA/boletinlegal/admin/js/jquery-1.3.1.min.js HTTP/1.1" 304 -
186.155.42.153 - - [26/Nov/2022:11:39:04 -0500] "GET /BLA/boletinlegal/admin/js/jquery.functions.js HTTP/1.1" 304 -
186.155.42.153 - - [26/Nov/2022:11:39:04 -0500] "GET /BLA/boletinlegal/admin/js/nicEdit-latest.js HTTP/1.1" 304 -
186.155.42.153 - - [26/Nov/2022:11:39:04 -0500] "GET /BLA/boletinlegal/images/favicon.ico HTTP/1.1" 404 1346
186.155.49.230 - - [26/Nov/2022:11:39:28 -0500] "GET /galeria/galeria/jquery.fancybox.js?v=2.1.5 HTTP/1.1" 200 48706
186.155.49.230 - - [26/Nov/2022:11:39:28 -0500] "GET /BLA/boletinlegal/js/jquery.scrollShow.js HTTP/1.1" 200 4586
186.155.49.230 - - [26/Nov/2022:11:39:28 -0500] "GET /galeria/galeria/jquery.fancybox.css?v=2.1.5 HTTP/1.1" 200 4895
157.55.39.39 - - [26/Nov/2022:11:39:27 -0500] "GET /BLA/resoluciones/index.php?dir=AUTOS+2018%2F HTTP/1.1" 200 441491
173.252.111.120 - - [26/Nov/2022:11:40:05 -0500] "GET /images/Musgo%20SDA%20(1)%20(1).png HTTP/1.1" 200 302122
201.245.192.253 - - [26/Nov/2022:11:40:31 -0500] "POST /kwsrmcab/Wsrmcab HTTP/1.1" 200 41005
201.245.192.253 - - [26/Nov/2022:11:40:33 -0500] "POST /kwsrmcab/Wsrmcab HTTP/1.1" 200 44134
173.252.111.6 - - [26/Nov/2022:11:40:39 -0500] "GET /images/Reciclaton%20Nov%202022%20(1)%20(1).jpeg HTTP/1.1" 200 53811
201.245.192.253 - - [26/Nov/2022:11:42:39 -0500] "POST /kwsrmcab/Wsrmcab  HTTP/1.1" 200 42393
172.22.2.4 - - [26/Nov/2022:11:41:12 -0500] "HEAD /BLA/boletinlegal/ HTTP/1.1" 200 -
216.245.221.92 - - [26/Nov/2022:11:43:33 -0500] "HEAD / HTTP/1.1" 200 -
172.22.2.4 - - [26/Nov/2022:11:42:02 -0500] "GET /BLA/boletinlegal/ HTTP/1.1" 200 56079
186.155.42.153 - - [26/Nov/2022:11:46:03 -0500] "GET /BLA/boletinlegal/admin/actos/ingresar.php HTTP/1.1" 200 7143
186.155.42.153 - - [26/Nov/2022:11:46:03 -0500] "GET /BLA/boletinlegal/admin/css/default.css HTTP/1.1" 200 4379
186.155.42.153 - - [26/Nov/2022:11:46:04 -0500] "GET /BLA/boletinlegal/images/favicon.ico HTTP/1.1" 404 1328
186.155.42.153 - - [26/Nov/2022:11:46:08 -0500] "GET /BLA/boletinlegal/admin/img/h1.png HTTP/1.1" 200 3227
186.155.42.153 - - [26/Nov/2022:11:46:08 -0500] "GET /BLA/boletinlegal/admin/img/overlay.png HTTP/1.1" 200 984
66.249.73.100 - - [26/Nov/2022:11:46:31 -0500] "-" 408 -
186.155.42.153 - - [26/Nov/2022:11:47:13 -0500] "POST /BLA/boletinlegal/admin/actos/ingresar.php HTTP/1.1" 200 7236
186.155.42.153 - - [26/Nov/2022:11:47:16 -0500] "GET /BLA/boletinlegal/images/favicon.ico HTTP/1.1" 404 1328
207.46.13.56 - - [26/Nov/2022:11:47:30 -0500] "GET /secretaria-de-ambiente-reconoce-15-entidades-distritales-por-su-desempeno-ambiental.html HTTP/1.1" 200 978
201.245.192.253 - - [26/Nov/2022:11:47:40 -0500] "POST /kwsrmcab/Wsrmcab  HTTP/1.1" 200 42393
186.84.90.20 - - [26/Nov/2022:11:48:05 -0500] "GET /semana-ecoempresarial-herramientas-para-que-el-sector-economico-de-bogota-pueda-tener-un-crecimiento-verde.html HTTP/1.1" 200 918
216.245.221.92 - - [26/Nov/2022:11:48:33 -0500] "HEAD / HTTP/1.1" 200 -
172.22.2.4 - - [26/Nov/2022:11:47:02 -0500] "HEAD /BLA/boletinlegal/ HTTP/1.1" 200 -
172.22.2.4 - - [26/Nov/2022:11:47:52 -0500] "GET /BLA/boletinlegal/ HTTP/1.1" 200 59779
190.67.219.193 - - [26/Nov/2022:11:50:40 -0500] "GET /BLA/resoluciones/AUTOS%202013/1179.pdf HTTP/1.1" 200 531371
207.46.13.174 - - [26/Nov/2022:11:50:41 -0500] "GET /BLA/resoluciones/index.php?dir=RESOLUCIONES+2019%2F HTTP/1.1" 200 248301
186.155.42.153 - - [26/Nov/2022:11:52:01 -0500] "POST /BLA/boletinlegal/admin/actos/ingresar.php HTTP/1.1" 200 7236
186.155.42.153 - - [26/Nov/2022:11:52:05 -0500] "GET /BLA/boletinlegal/images/favicon.ico HTTP/1.1" 404 1328
66.249.73.127 - - [26/Nov/2022:11:52:09 -0500] "-" 408 -
201.245.192.253 - - [26/Nov/2022:11:52:38 -0500] "POST /kwsrmcab/Wsrmcab  HTTP/1.1" 200 42393
172.22.2.4 - - [26/Nov/2022:11:53:23 -0500] "GET /BLA/boletinlegal/actuator/gateway/routes HTTP/1.1" 404 1018
216.245.221.92 - - [26/Nov/2022:11:53:33 -0500] "HEAD / HTTP/1.1" 200 -
186.155.42.153 - - [26/Nov/2022:11:54:03 -0500] "POST /BLA/boletinlegal/admin/actos/ingresar.php HTTP/1.1" 200 7236
186.155.42.153 - - [26/Nov/2022:11:54:07 -0500] "GET /BLA/boletinlegal/images/favicon.ico HTTP/1.1" 404 1328
172.22.2.4 - - [26/Nov/2022:11:52:52 -0500] "HEAD /BLA/boletinlegal/ HTTP/1.1" 200 -
207.46.13.174 - - [26/Nov/2022:11:55:11 -0500] "GET /BLA/resoluciones/RESOLUCIONES%202021/1259.pdf HTTP/1.1" 304 -
172.22.2.4 - - [26/Nov/2022:11:53:42 -0500] "GET /BLA/boletinlegal/ HTTP/1.1" 200 59779
186.155.42.153 - - [26/Nov/2022:11:56:01 -0500] "POST /BLA/boletinlegal/admin/actos/ingresar.php HTTP/1.1" 200 7236
186.155.42.153 - - [26/Nov/2022:11:56:04 -0500] "GET /BLA/boletinlegal/images/favicon.ico HTTP/1.1" 404 1328
201.245.192.253 - - [26/Nov/2022:11:57:37 -0500] "POST /kwsrmcab/Wsrmcab  HTTP/1.1" 200 42393
186.155.42.153 - - [26/Nov/2022:11:57:43 -0500] "POST /BLA/boletinlegal/admin/actos/ingresar.php HTTP/1.1" 200 7236
216.245.221.92 - - [26/Nov/2022:11:58:33 -0500] "HEAD / HTTP/1.1" 200 -
185.119.81.102 - - [26/Nov/2022:11:58:47 -0500] "GET /portaldeninos/wp-login.php HTTP/1.1" 200 2592
185.119.81.102 - - [26/Nov/2022:11:58:48 -0500] "POST /portaldeninos/wp-login.php HTTP/1.1" 200 3605
186.155.42.153 - - [26/Nov/2022:11:59:17 -0500] "POST /BLA/boletinlegal/admin/actos/ingresar.php HTTP/1.1" 200 7236
186.155.42.153 - - [26/Nov/2022:11:59:20 -0500] "GET /BLA/boletinlegal/images/favicon.ico HTTP/1.1" 404 1328
172.22.2.4 - - [26/Nov/2022:11:58:42 -0500] "HEAD /BLA/boletinlegal/ HTTP/1.1" 200 -
66.249.73.127 - - [26/Nov/2022:12:00:44 -0500] "-" 408 -
186.155.42.153 - - [26/Nov/2022:12:01:03 -0500] "POST /BLA/boletinlegal/admin/actos/ingresar.php HTTP/1.1" 200 7236
172.22.2.4 - - [26/Nov/2022:11:59:32 -0500] "GET /BLA/boletinlegal/ HTTP/1.1" 200 56825
201.245.192.253 - - [26/Nov/2022:12:02:36 -0500] "POST /kwsrmcab/Wsrmcab  HTTP/1.1" 200 42393
172.22.2.4 - - [26/Nov/2022:12:03:21 -0500] "GET /BLA/boletinlegal/robots.txt HTTP/1.1" 404 1140
216.245.221.92 - - [26/Nov/2022:12:03:33 -0500] "HEAD / HTTP/1.1" 200 -
186.155.42.153 - - [26/Nov/2022:12:04:24 -0500] "POST /BLA/boletinlegal/admin/actos/ingresar.php HTTP/1.1" 200 7236
172.22.2.4 - - [26/Nov/2022:12:04:32 -0500] "HEAD /BLA/boletinlegal/ HTTP/1.1" 200 -
172.22.2.4 - - [26/Nov/2022:12:05:22 -0500] "GET /BLA/boletinlegal/ HTTP/1.1" 200 59779
201.245.192.253 - - [26/Nov/2022:12:07:35 -0500] "POST /kwsrmcab/Wsrmcab  HTTP/1.1" 200 42393
216.245.221.92 - - [26/Nov/2022:12:08:33 -0500] "HEAD / HTTP/1.1" 200 -
157.55.39.42 - - [26/Nov/2022:12:10:17 -0500] "GET /portaldeninos/wp-content/uploads/2018/11/tigrillo.jpg HTTP/1.1" 200 402961
172.22.2.4 - - [26/Nov/2022:12:10:22 -0500] "HEAD /BLA/boletinlegal/ HTTP/1.1" 200 -
201.245.192.253 - - [26/Nov/2022:12:12:33 -0500] "POST /kwsrmcab/Wsrmcab  HTTP/1.1" 200 42393
172.22.2.4 - - [26/Nov/2022:12:11:12 -0500] "GET /BLA/boletinlegal/ HTTP/1.1" 200 57192
216.245.221.92 - - [26/Nov/2022:12:13:33 -0500] "HEAD / HTTP/1.1" 200 -
157.55.39.39 - - [26/Nov/2022:12:15:08 -0500] "GET /BLA/resoluciones/index.php?dir=AUTOS+2019%2F HTTP/1.1" 200 349340
157.55.39.39 - - [26/Nov/2022:12:16:29 -0500] "GET /BLA/resoluciones/AUTOS%202022/1037.pdf HTTP/1.1" 304 -
201.245.192.253 - - [26/Nov/2022:12:17:32 -0500] "POST /kwsrmcab/Wsrmcab  HTTP/1.1" 200 42393
66.249.73.97 - - [26/Nov/2022:12:17:51 -0500] "-" 408 -
172.22.2.4 - - [26/Nov/2022:12:16:13 -0500] "HEAD /BLA/boletinlegal/ HTTP/1.1" 200 -
216.245.221.92 - - [26/Nov/2022:12:18:33 -0500] "HEAD / HTTP/1.1" 200 -
172.22.2.4 - - [26/Nov/2022:12:17:04 -0500] "GET /BLA/boletinlegal/ HTTP/1.1" 200 58185
201.245.192.253 - - [26/Nov/2022:12:20:31 -0500] "POST /kwsrmcab/Wsrmcab HTTP/1.1" 200 40458
201.245.192.253 - - [26/Nov/2022:12:20:33 -0500] "POST /kwsrmcab/Wsrmcab HTTP/1.1" 200 44130
40.77.167.58 - - [26/Nov/2022:12:20:46 -0500] "GET /BLA/resoluciones/RESOLUCIONES%202022/3237.pdf HTTP/1.1" 304 -
95.217.144.249 - - [26/Nov/2022:12:21:11 -0500] "-" 408 -
95.217.144.249 - - [26/Nov/2022:12:21:11 -0500] "-" 408 -
95.217.144.249 - - [26/Nov/2022:12:21:12 -0500] "-" 408 -
95.217.144.249 - - [26/Nov/2022:12:21:14 -0500] "-" 408 -
95.217.144.249 - - [26/Nov/2022:12:21:15 -0500] "-" 408 -
95.217.144.249 - - [26/Nov/2022:12:21:15 -0500] "-" 408 -
95.217.144.245 - - [26/Nov/2022:12:21:16 -0500] "-" 408 -
95.217.144.236 - - [26/Nov/2022:12:21:19 -0500] "-" 408 -
95.217.144.237 - - [26/Nov/2022:12:21:24 -0500] "-" 408 -
201.245.192.253 - - [26/Nov/2022:12:22:30 -0500] "POST /kwsrmcab/Wsrmcab  HTTP/1.1" 200 42393
207.46.13.174 - - [26/Nov/2022:12:22:56 -0500] "GET /BLA/resoluciones/RESOLUCIONES%202021/2541.pdf HTTP/1.1" 304 -
216.245.221.92 - - [26/Nov/2022:12:23:33 -0500] "HEAD / HTTP/1.1" 200 -
172.22.2.4 - - [26/Nov/2022:12:22:03 -0500] "HEAD /BLA/boletinlegal/ HTTP/1.1" 200 -
172.22.2.4 - - [26/Nov/2022:12:22:53 -0500] "GET /BLA/boletinlegal/ HTTP/1.1" 200 57824
66.249.73.127 - - [26/Nov/2022:12:25:10 -0500] "-" 408 -
201.245.192.253 - - [26/Nov/2022:12:27:29 -0500] "POST /kwsrmcab/Wsrmcab  HTTP/1.1" 200 42393
207.46.13.174 - - [26/Nov/2022:12:27:58 -0500] "GET /BLA/resoluciones/index.php?dir=AUTOS+2012%2F HTTP/1.1" 200 275011
216.245.221.92 - - [26/Nov/2022:12:28:33 -0500] "HEAD / HTTP/1.1" 200 -
172.22.2.4 - - [26/Nov/2022:12:27:53 -0500] "HEAD /BLA/boletinlegal/ HTTP/1.1" 200 -
172.22.2.4 - - [26/Nov/2022:12:28:43 -0500] "GET /BLA/boletinlegal/ HTTP/1.1" 200 59404
201.245.192.253 - - [26/Nov/2022:12:30:31 -0500] "POST /kwsrmcab/Wsrmcab HTTP/1.1" 200 40458
201.245.192.253 - - [26/Nov/2022:12:30:34 -0500] "POST /kwsrmcab/Wsrmcab HTTP/1.1" 200 44130
201.245.192.253 - - [26/Nov/2022:12:32:28 -0500] "POST /kwsrmcab/Wsrmcab  HTTP/1.1" 200 42393
66.249.73.127 - - [26/Nov/2022:12:32:48 -0500] "-" 408 -
207.46.13.194 - - [26/Nov/2022:12:33:08 -0500] "GET /BLA/resoluciones/RESOLUCIONES%202000/2000%201900-1949.tif HTTP/1.1" 200 4383060
157.55.39.39 - - [26/Nov/2022:12:33:19 -0500] "GET /BLA/resoluciones/index.php?dir=AUTOS+2018%2F HTTP/1.1" 200 441491
216.245.221.92 - - [26/Nov/2022:12:33:33 -0500] "HEAD / HTTP/1.1" 200 -
174.16.42.161 - - [26/Nov/2022:12:35:03 -0500] "GET / HTTP/1.1" 200 319
172.22.2.4 - - [26/Nov/2022:12:35:06 -0500] "GET /BLA/boletinlegal/.svn/entries HTTP/1.1" 404 1018
172.22.2.4 - - [26/Nov/2022:12:33:43 -0500] "HEAD /BLA/boletinlegal/ HTTP/1.1" 200 -
185.119.81.102 - - [26/Nov/2022:12:35:28 -0500] "GET /portaldeninos/wp-login.php HTTP/1.1" 200 2592
185.119.81.102 - - [26/Nov/2022:12:35:29 -0500] "POST /portaldeninos/wp-login.php HTTP/1.1" 200 3650
172.22.2.4 - - [26/Nov/2022:12:34:33 -0500] "GET /BLA/boletinlegal/ HTTP/1.1" 200 59779
201.245.192.253 - - [26/Nov/2022:12:37:27 -0500] "POST /kwsrmcab/Wsrmcab  HTTP/1.1" 200 42393
186.154.121.119 - - [26/Nov/2022:12:38:02 -0500] "GET /BLA/resoluciones/index.php?dir=AUTOS+2014%2F HTTP/1.1" 200 884821
186.154.121.119 - - [26/Nov/2022:12:38:05 -0500] "GET /BLA/resoluciones/index.php?dir=AUTOS+2015%2F HTTP/1.1" 200 577811
216.245.221.92 - - [26/Nov/2022:12:38:33 -0500] "HEAD / HTTP/1.1" 200 -
201.245.192.253 - - [26/Nov/2022:12:40:31 -0500] "POST /kwsrmcab/Wsrmcab HTTP/1.1" 200 40458
201.245.192.253 - - [26/Nov/2022:12:40:33 -0500] "POST /kwsrmcab/Wsrmcab HTTP/1.1" 200 44130
172.22.2.4 - - [26/Nov/2022:12:39:33 -0500] "HEAD /BLA/boletinlegal/ HTTP/1.1" 200 -
207.46.13.237 - - [26/Nov/2022:12:42:03 -0500] "-" 408 -
172.22.2.4 - - [26/Nov/2022:12:40:23 -0500] "GET /BLA/boletinlegal/ HTTP/1.1" 200 52942
157.55.39.39 - - [26/Nov/2022:12:42:23 -0500] "GET /BLA/resoluciones/RESOLUCIONES%202001/2001%20900-949.TIF HTTP/1.1" 200 8558138
201.245.192.253 - - [26/Nov/2022:12:42:26 -0500] "POST /kwsrmcab/Wsrmcab  HTTP/1.1" 200 42393
191.92.160.222 - - [26/Nov/2022:12:42:46 -0500] "GET /galeria/galeria/jquery.fancybox.css?v=2.1.5 HTTP/1.1" 200 4895
191.92.160.222 - - [26/Nov/2022:12:42:46 -0500] "GET /BLA/boletinlegal/js/jquery.scrollShow.js HTTP/1.1" 200 4586
191.92.160.222 - - [26/Nov/2022:12:42:46 -0500] "GET /galeria/galeria/jquery.fancybox.js?v=2.1.5 HTTP/1.1" 200 48706
216.245.221.92 - - [26/Nov/2022:12:43:33 -0500] "HEAD / HTTP/1.1" 200 -
172.22.2.4 - - [26/Nov/2022:12:45:23 -0500] "HEAD /BLA/boletinlegal/ HTTP/1.1" 200 -
201.245.192.253 - - [26/Nov/2022:12:47:24 -0500] "POST /kwsrmcab/Wsrmcab  HTTP/1.1" 200 42393
172.22.2.4 - - [26/Nov/2022:12:46:13 -0500] "GET /BLA/boletinlegal/ HTTP/1.1" 200 57192
216.245.221.92 - - [26/Nov/2022:12:48:33 -0500] "HEAD / HTTP/1.1" 200 -
185.119.81.102 - - [26/Nov/2022:12:51:49 -0500] "GET /portaldeninos/wp-login.php HTTP/1.1" 200 2592
185.119.81.102 - - [26/Nov/2022:12:51:50 -0500] "POST /portaldeninos/wp-login.php HTTP/1.1" 200 3605
201.245.192.253 - - [26/Nov/2022:12:52:23 -0500] "POST /kwsrmcab/Wsrmcab  HTTP/1.1" 200 42393
172.22.2.4 - - [26/Nov/2022:12:51:13 -0500] "HEAD /BLA/boletinlegal/ HTTP/1.1" 200 -
157.55.39.206 - - [26/Nov/2022:12:53:24 -0500] "GET /BLA/resoluciones/RESOLUCIONES%202002/RES%202002%20851-900/00000895.tif HTTP/1.1" 200 145656
216.245.221.92 - - [26/Nov/2022:12:53:33 -0500] "HEAD / HTTP/1.1" 200 -
172.22.2.4 - - [26/Nov/2022:12:52:03 -0500] "GET /BLA/boletinlegal/ HTTP/1.1" 200 56825
157.55.39.39 - - [26/Nov/2022:12:56:41 -0500] "GET /BLA/resoluciones/index.php?dir=AUTOS+2019%2F HTTP/1.1" 200 349340
201.245.192.253 - - [26/Nov/2022:12:57:22 -0500] "POST /kwsrmcab/Wsrmcab  HTTP/1.1" 200 42393
216.245.221.92 - - [26/Nov/2022:12:58:33 -0500] "HEAD / HTTP/1.1" 200 -
172.22.2.4 - - [26/Nov/2022:12:57:03 -0500] "HEAD /BLA/boletinlegal/ HTTP/1.1" 200 -
66.249.73.127 - - [26/Nov/2022:12:59:25 -0500] "-" 408 -
172.22.2.4 - - [26/Nov/2022:12:57:53 -0500] "GET /BLA/boletinlegal/ HTTP/1.1" 200 58185
40.77.167.13 - - [26/Nov/2022:13:00:53 -0500] "GET /BLA/resoluciones/00000855.tif HTTP/1.1" 404 1018
157.55.39.39 - - [26/Nov/2022:13:01:13 -0500] "GET /BLA/resoluciones/index.php?dir=AUTOS+2018%2F HTTP/1.1" 200 441491
157.55.39.39 - - [26/Nov/2022:13:01:44 -0500] "GET /BLA/resoluciones/AUTOS%202022/1123.pdf HTTP/1.1" 304 -
201.245.192.253 - - [26/Nov/2022:13:02:21 -0500] "POST /kwsrmcab/Wsrmcab  HTTP/1.1" 200 42393
216.245.221.92 - - [26/Nov/2022:13:03:33 -0500] "HEAD / HTTP/1.1" 200 -
185.119.81.104 - - [26/Nov/2022:13:03:47 -0500] "GET /portaldeninos/wp-login.php HTTP/1.1" 200 2592
185.119.81.104 - - [26/Nov/2022:13:03:48 -0500] "POST /portaldeninos/wp-login.php HTTP/1.1" 200 3605
172.22.2.4 - - [26/Nov/2022:13:02:53 -0500] "HEAD /BLA/boletinlegal/ HTTP/1.1" 200 -
172.22.2.4 - - [26/Nov/2022:13:03:43 -0500] "GET /BLA/boletinlegal/ HTTP/1.1" 200 59779
201.245.192.253 - - [26/Nov/2022:13:07:20 -0500] "POST /kwsrmcab/Wsrmcab  HTTP/1.1" 200 42393
40.77.167.13 - - [26/Nov/2022:13:07:25 -0500] "GET /bla/resoluciones/resoluciones%202017/2076.pdf HTTP/1.1" 200 672351
190.27.128.131 - - [26/Nov/2022:13:08:31 -0500] "GET /BLA/resoluciones/ HTTP/1.1" 200 13093
190.27.128.131 - - [26/Nov/2022:13:08:32 -0500] "GET /favicon.ico HTTP/1.1" 200 7782
216.245.221.92 - - [26/Nov/2022:13:08:33 -0500] "HEAD / HTTP/1.1" 200 -
190.27.128.131 - - [26/Nov/2022:13:08:54 -0500] "GET /BLA/resoluciones/dlf/dirup.png HTTP/1.1" 200 644
190.27.128.131 - - [26/Nov/2022:13:08:54 -0500] "GET /BLA/resoluciones/dlf/pdf.gif HTTP/1.1" 200 272
190.27.128.131 - - [26/Nov/2022:13:08:54 -0500] "GET /BLA/resoluciones/index.php?dir=RESOLUCIONES+2019%2F HTTP/1.1" 200 248301
40.77.167.58 - - [26/Nov/2022:13:09:18 -0500] "GET /BLA/resoluciones/RESOLUCIONES%202001/2001%201500-1549.tif HTTP/1.1" 200 4654847
172.22.2.4 - - [26/Nov/2022:13:08:43 -0500] "HEAD /BLA/boletinlegal/ HTTP/1.1" 200 -
190.27.128.131 - - [26/Nov/2022:13:10:57 -0500] "GET /BLA/resoluciones/index.php?dir=RESOLUCIONES+2021%2F HTTP/1.1" 200 431646
190.27.128.131 - - [26/Nov/2022:13:11:12 -0500] "GET /BLA/resoluciones/RESOLUCIONES%202021/0489.pdf HTTP/1.1" 200 548260
190.27.128.131 - - [26/Nov/2022:13:11:12 -0500] "GET /BLA/resoluciones/RESOLUCIONES%202021/0489.pdf HTTP/1.1" 206 1025
190.27.128.131 - - [26/Nov/2022:13:11:12 -0500] "GET /BLA/resoluciones/RESOLUCIONES%202021/0489.pdf HTTP/1.1" 200 548260
172.22.2.4 - - [26/Nov/2022:13:09:33 -0500] "GET /BLA/boletinlegal/ HTTP/1.1" 200 57824
190.27.128.131 - - [26/Nov/2022:13:11:14 -0500] "GET /BLA/resoluciones/RESOLUCIONES%202021/0489.pdf HTTP/1.1" 206 3072
157.55.39.206 - - [26/Nov/2022:13:11:36 -0500] "GET /BLA/resoluciones/RESOLUCIONES%202000/2000%202050-2099.tif HTTP/1.1" 200 4179547
201.245.192.253 - - [26/Nov/2022:13:12:19 -0500] "POST /kwsrmcab/Wsrmcab  HTTP/1.1" 200 42393
66.220.149.23 - - [26/Nov/2022:13:12:59 -0500] "GET /alcaldesa-mayor-lidera-puesto-de-mando-unificado-para-atender-emergencia-invernal-en-inmediaciones-de-la-calera.html HTTP/1.1" 206 1095
185.119.81.102 - - [26/Nov/2022:13:13:06 -0500] "GET /portaldeninos/wp-login.php HTTP/1.1" 200 2592
185.119.81.102 - - [26/Nov/2022:13:13:07 -0500] "POST /portaldeninos/wp-login.php HTTP/1.1" 200 3670
216.245.221.92 - - [26/Nov/2022:13:13:33 -0500] "HEAD / HTTP/1.1" 200 -
217.182.198.226 - - [26/Nov/2022:13:13:39 -0500] "-" 408 -
185.119.81.102 - - [26/Nov/2022:13:14:43 -0500] "GET /portaldeninos/wp-login.php HTTP/1.1" 200 2592
185.119.81.102 - - [26/Nov/2022:13:14:44 -0500] "POST /portaldeninos/wp-login.php HTTP/1.1" 200 3605
37.139.128.90 - - [26/Nov/2022:13:14:55 -0500] "GET / HTTP/1.1" 200 319
37.139.128.90 - - [26/Nov/2022:13:14:55 -0500] "GET /.env HTTP/1.1" 404 1018
37.139.128.90 - - [26/Nov/2022:13:14:56 -0500] "POST / HTTP/1.1" 200 319
37.139.128.90 - - [26/Nov/2022:13:14:56 -0500] "GET /_profiler/phpinfo HTTP/1.1" 404 1018
37.139.128.90 - - [26/Nov/2022:13:14:57 -0500] "GET /debug/default/view?panel=config HTTP/1.1" 404 1018
37.139.128.90 - - [26/Nov/2022:13:14:57 -0500] "GET /config.json HTTP/1.1" 404 1018
37.139.128.90 - - [26/Nov/2022:13:14:57 -0500] "GET /.git/config HTTP/1.1" 404 1018
51.159.164.227 - - [26/Nov/2022:13:15:10 -0500] "GET /portaldeninos/ HTTP/1.1" 200 110197
157.55.39.206 - - [26/Nov/2022:13:16:07 -0500] "GET /sipse/faces/autenticacion.xhtml HTTP/1.1" 200 12505
172.22.2.4 - - [26/Nov/2022:13:14:33 -0500] "HEAD /BLA/boletinlegal/ HTTP/1.1" 200 -
172.22.2.4 - - [26/Nov/2022:13:15:23 -0500] "GET /BLA/boletinlegal/ HTTP/1.1" 200 57824
201.245.192.253 - - [26/Nov/2022:13:17:18 -0500] "POST /kwsrmcab/Wsrmcab  HTTP/1.1" 200 42393
216.245.221.92 - - [26/Nov/2022:13:18:33 -0500] "HEAD / HTTP/1.1" 200 -
186.154.38.59 - - [26/Nov/2022:13:19:51 -0500] "POST /BLA/boletinlegal/admin/actos/ingresar.php HTTP/1.1" 200 7236
186.154.38.59 - - [26/Nov/2022:13:19:54 -0500] "GET /BLA/boletinlegal/images/favicon.ico HTTP/1.1" 404 1328
157.55.39.39 - - [26/Nov/2022:13:20:13 -0500] "GET /BLA/resoluciones/RESOLUCIONES%202001/2001%201200-1249.tif HTTP/1.1" 200 4262737
201.245.192.253 - - [26/Nov/2022:13:20:31 -0500] "POST /kwsrmcab/Wsrmcab HTTP/1.1" 200 41913
201.245.192.253 - - [26/Nov/2022:13:20:33 -0500] "POST /kwsrmcab/Wsrmcab HTTP/1.1" 200 44132
172.22.2.4 - - [26/Nov/2022:13:20:54 -0500] "GET /BLA/boletinlegal/ HTTP/1.1" 200 32715
172.22.2.4 - - [26/Nov/2022:13:20:23 -0500] "HEAD /BLA/boletinlegal/ HTTP/1.1" 200 -
201.245.192.253 - - [26/Nov/2022:13:22:16 -0500] "POST /kwsrmcab/Wsrmcab  HTTP/1.1" 200 42393
172.22.2.4 - - [26/Nov/2022:13:21:13 -0500] "GET /BLA/boletinlegal/ HTTP/1.1" 200 53337
216.245.221.92 - - [26/Nov/2022:13:23:33 -0500] "HEAD / HTTP/1.1" 200 -
157.55.39.39 - - [26/Nov/2022:13:25:37 -0500] "GET /sipse/faces/presentacion/sistema/anexos/cargarAnexoSolicitudProceso.xhtml HTTP/1.1" 302 -
157.55.39.39 - - [26/Nov/2022:13:25:38 -0500] "GET /sipse/faces/autenticacion.xhtml HTTP/1.1" 200 12183
172.22.2.4 - - [26/Nov/2022:13:25:42 -0500] "GET /BLA/boletinlegal/favicon.ico HTTP/1.1" 404 1018
172.22.2.4 - - [26/Nov/2022:13:25:51 -0500] "GET /BLA/boletinlegal/robots.txt HTTP/1.1" 404 1018
172.22.2.4 - - [26/Nov/2022:13:25:13 -0500] "GET /BLA/boletinlegal/ HTTP/1.1" 200 36811
172.22.2.4 - - [26/Nov/2022:13:26:19 -0500] "GET /BLA/boletinlegal/js/jquery.scrollTo-min.js HTTP/1.1" 200 1150
172.22.2.4 - - [26/Nov/2022:13:26:22 -0500] "GET /BLA/boletinlegal/js/jquery.scrollShow.js HTTP/1.1" 200 4586
201.245.192.253 - - [26/Nov/2022:13:27:15 -0500] "POST /kwsrmcab/Wsrmcab  HTTP/1.1" 200 42393
172.22.2.4 - - [26/Nov/2022:13:26:57 -0500] "GET /BLA/boletinlegal/ HTTP/1.1" 200 32715
172.22.2.4 - - [26/Nov/2022:13:26:13 -0500] "HEAD /BLA/boletinlegal/ HTTP/1.1" 200 -
216.245.221.92 - - [26/Nov/2022:13:28:33 -0500] "HEAD / HTTP/1.1" 200 -
172.22.2.4 - - [26/Nov/2022:13:27:03 -0500] "GET /BLA/boletinlegal/ HTTP/1.1" 200 56474
181.55.68.44 - - [26/Nov/2022:13:29:10 -0500] "GET /BLA/resoluciones/ HTTP/1.1" 200 13093
181.55.68.44 - - [26/Nov/2022:13:29:22 -0500] "GET /BLA/resoluciones/ HTTP/1.1" 200 13093
181.55.68.44 - - [26/Nov/2022:13:29:31 -0500] "GET /BLA/resoluciones/dlf/folder.png HTTP/1.1" 200 410
185.119.81.102 - - [26/Nov/2022:13:29:36 -0500] "GET /portaldeninos/wp-login.php HTTP/1.1" 200 2592
185.119.81.102 - - [26/Nov/2022:13:29:37 -0500] "POST /portaldeninos/wp-login.php HTTP/1.1" 200 3670
181.55.68.44 - - [26/Nov/2022:13:29:43 -0500] "GET /BLA/resoluciones/index.php?dir=AUTOS+2022%2F HTTP/1.1" 200 12235
181.55.68.44 - - [26/Nov/2022:13:29:43 -0500] "GET /BLA/resoluciones/index.php?dir=AUTOS+2022%2F HTTP/1.1" 200 361518
181.55.68.44 - - [26/Nov/2022:13:30:17 -0500] "GET /BLA/resoluciones/AUTOS%202022/0184.pdf HTTP/1.1" 200 391821
201.245.192.253 - - [26/Nov/2022:13:30:31 -0500] "POST /kwsrmcab/Wsrmcab HTTP/1.1" 200 41913
201.245.192.253 - - [26/Nov/2022:13:30:34 -0500] "POST /kwsrmcab/Wsrmcab HTTP/1.1" 200 44132
172.22.2.4 - - [26/Nov/2022:13:31:16 -0500] "GET /BLA/boletinlegal/ HTTP/1.1" 200 32715
201.245.192.253 - - [26/Nov/2022:13:32:14 -0500] "POST /kwsrmcab/Wsrmcab  HTTP/1.1" 200 42393
216.245.221.92 - - [26/Nov/2022:13:33:33 -0500] "HEAD / HTTP/1.1" 200 -
172.22.2.4 - - [26/Nov/2022:13:32:03 -0500] "HEAD /BLA/boletinlegal/ HTTP/1.1" 200 -
172.22.2.4 - - [26/Nov/2022:13:32:53 -0500] "GET /BLA/boletinlegal/ HTTP/1.1" 200 59779
186.155.32.44 - - [26/Nov/2022:13:35:02 -0500] "POST /BLA/boletinlegal/admin/actos/ingresar.php HTTP/1.1" 200 7236
186.155.32.44 - - [26/Nov/2022:13:35:04 -0500] "GET /BLA/boletinlegal/admin/css/default.css HTTP/1.1" 200 4379
186.155.32.44 - - [26/Nov/2022:13:35:05 -0500] "GET /BLA/boletinlegal/images/favicon.ico HTTP/1.1" 404 1328
172.22.2.4 - - [26/Nov/2022:13:36:08 -0500] "GET /BLA/boletinlegal/style.css HTTP/1.1" 200 9406
172.22.2.4 - - [26/Nov/2022:13:36:08 -0500] "GET /BLA/boletinlegal/styles2.css HTTP/1.1" 200 1838
172.22.2.4 - - [26/Nov/2022:13:36:08 -0500] "GET /BLA/boletinlegal/js/jquery.js HTTP/1.1" 200 57254
172.22.2.4 - - [26/Nov/2022:13:36:08 -0500] "GET /BLA/boletinlegal/js/jquery.scrollTo-min.js HTTP/1.1" 200 1150
172.22.2.4 - - [26/Nov/2022:13:36:08 -0500] "GET /BLA/boletinlegal/js/jquery.scrollShow.js HTTP/1.1" 200 4586
172.22.2.4 - - [26/Nov/2022:13:36:08 -0500] "GET /BLA/boletinlegal/images/registro-usuarios.png HTTP/1.1" 200 8106
172.22.2.4 - - [26/Nov/2022:13:36:08 -0500] "GET /BLA/boletinlegal/images/launch.jpg HTTP/1.1" 200 14577
172.22.2.4 - - [26/Nov/2022:13:36:08 -0500] "GET /BLA/boletinlegal/images/historia.png HTTP/1.1" 200 52775
172.22.2.4 - - [26/Nov/2022:13:36:08 -0500] "GET /BLA/boletinlegal/images/subscribe-icon-big.png HTTP/1.1" 200 47702
172.22.2.4 - - [26/Nov/2022:13:36:08 -0500] "GET /BLA/boletinlegal/images/cabezote%20BLEGAL.jpg HTTP/1.1" 200 118164
172.22.2.4 - - [26/Nov/2022:13:36:08 -0500] "GET /BLA/boletinlegal/images/arr_l.jpg HTTP/1.1" 200 1979
172.22.2.4 - - [26/Nov/2022:13:36:08 -0500] "GET /BLA/boletinlegal/images/screen_1.png HTTP/1.1" 200 202547
172.22.2.4 - - [26/Nov/2022:13:36:08 -0500] "GET /BLA/boletinlegal/images/body_bg.jpg HTTP/1.1" 200 1601
172.22.2.4 - - [26/Nov/2022:13:36:08 -0500] "GET /BLA/boletinlegal/images/menu_lft.gif HTTP/1.1" 200 1713
172.22.2.4 - - [26/Nov/2022:13:36:08 -0500] "GET /BLA/boletinlegal/images/menu_rght.gif HTTP/1.1" 200 1627
172.22.2.4 - - [26/Nov/2022:13:36:08 -0500] "GET /BLA/boletinlegal/images/bg_top.jpg HTTP/1.1" 200 522
172.22.2.4 - - [26/Nov/2022:13:36:08 -0500] "GET /BLA/boletinlegal/images/menu_bg.jpg HTTP/1.1" 200 620
172.22.2.4 - - [26/Nov/2022:13:36:08 -0500] "GET /BLA/boletinlegal/images/hover.jpg HTTP/1.1" 200 640
172.22.2.4 - - [26/Nov/2022:13:36:08 -0500] "GET /BLA/boletinlegal/images/text.jpg HTTP/1.1" 200 568
172.22.2.4 - - [26/Nov/2022:13:36:10 -0500] "GET /BLA/boletinlegal/favicon.ico HTTP/1.1" 404 1308
172.22.2.4 - - [26/Nov/2022:13:36:11 -0500] "GET /BLA/boletinlegal/actos.php HTTP/1.1" 200 9566
172.22.2.4 - - [26/Nov/2022:13:36:11 -0500] "GET /BLA/boletinlegal/js/ajax_actos.js HTTP/1.1" 200 1322
172.22.2.4 - - [26/Nov/2022:13:36:11 -0500] "GET /BLA/boletinlegal/niceforms.js HTTP/1.1" 200 22876
172.22.2.4 - - [26/Nov/2022:13:36:11 -0500] "GET /BLA/boletinlegal/niceforms-default.css HTTP/1.1" 200 6694
172.22.2.4 - - [26/Nov/2022:13:36:11 -0500] "GET /BLA/boletinlegal/js/lib.js HTTP/1.1" 200 6474
172.22.2.4 - - [26/Nov/2022:13:36:11 -0500] "GET /BLA/boletinlegal/js/popup.js HTTP/1.1" 200 1270
172.22.2.4 - - [26/Nov/2022:13:36:11 -0500] "GET /BLA/boletinlegal/js/jquery1.js HTTP/1.1" 200 29846
172.22.2.4 - - [26/Nov/2022:13:36:11 -0500] "GET /BLA/boletinlegal/images/tel.png HTTP/1.1" 200 14477
172.22.2.4 - - [26/Nov/2022:13:36:11 -0500] "GET /BLA/boletinlegal/images/green-yellow-blue-pink-th.png HTTP/1.1" 200 7394
172.22.2.4 - - [26/Nov/2022:13:36:11 -0500] "GET /BLA/boletinlegal/images/icono-email.png HTTP/1.1" 200 5544
172.22.2.4 - - [26/Nov/2022:13:36:11 -0500] "GET /BLA/boletinlegal/images/footer_bg.jpg HTTP/1.1" 200 586
172.22.2.4 - - [26/Nov/2022:13:36:11 -0500] "GET /BLA/boletinlegal/images/footer_bg_l.jpg HTTP/1.1" 200 776
172.22.2.4 - - [26/Nov/2022:13:36:11 -0500] "GET /BLA/boletinlegal/img/0.png HTTP/1.1" 200 110
172.22.2.4 - - [26/Nov/2022:13:36:11 -0500] "GET /BLA/boletinlegal/img/button.png HTTP/1.1" 200 43241
172.22.2.4 - - [26/Nov/2022:13:36:11 -0500] "GET /BLA/boletinlegal/img/select-right.png HTTP/1.1" 200 44019
172.22.2.4 - - [26/Nov/2022:13:36:11 -0500] "GET /BLA/boletinlegal/img/select-left.png HTTP/1.1" 200 263
172.22.2.4 - - [26/Nov/2022:13:36:11 -0500] "GET /BLA/boletinlegal/img/button-left.png HTTP/1.1" 200 57071
172.22.2.4 - - [26/Nov/2022:13:36:11 -0500] "GET /BLA/boletinlegal/img/button-right.png HTTP/1.1" 200 57878
172.22.2.4 - - [26/Nov/2022:13:36:24 -0500] "GET /BLA/boletinlegal/consulta_actos.php?tipo=resoluciones&no=4052&usuario=&sector=&fecha=2022&resuelve= HTTP/1.1" 200 37310
172.22.2.4 - - [26/Nov/2022:13:36:24 -0500] "GET /BLA/boletinlegal/images/pdf.gif HTTP/1.1" 200 567
172.22.2.4 - - [26/Nov/2022:13:36:08 -0500] "GET /BLA/boletinlegal/ HTTP/1.1" 200 24523
157.55.39.105 - - [26/Nov/2022:13:36:52 -0500] "GET /images/humedal-principal-santa-maria-7-febrero.jpg HTTP/1.1" 200 86406
201.245.192.253 - - [26/Nov/2022:13:37:13 -0500] "POST /kwsrmcab/Wsrmcab  HTTP/1.1" 200 42393
186.155.32.44 - - [26/Nov/2022:13:38:18 -0500] "POST /BLA/boletinlegal/admin/actos/ingresar.php HTTP/1.1" 200 7236
186.155.32.44 - - [26/Nov/2022:13:38:21 -0500] "GET /BLA/boletinlegal/images/favicon.ico HTTP/1.1" 404 1328
216.245.221.92 - - [26/Nov/2022:13:38:33 -0500] "HEAD / HTTP/1.1" 200 -
157.55.39.39 - - [26/Nov/2022:13:38:52 -0500] "GET /BLA/resoluciones/index.php?dir=AUTOS+2019%2F HTTP/1.1" 200 349340
172.22.2.4 - - [26/Nov/2022:13:37:53 -0500] "HEAD /BLA/boletinlegal/ HTTP/1.1" 200 -
186.155.32.44 - - [26/Nov/2022:13:40:05 -0500] "POST /BLA/boletinlegal/admin/actos/ingresar.php HTTP/1.1" 200 7236
186.155.32.44 - - [26/Nov/2022:13:40:08 -0500] "GET /BLA/boletinlegal/images/favicon.ico HTTP/1.1" 404 1328
172.22.2.4 - - [26/Nov/2022:13:38:43 -0500] "GET /BLA/boletinlegal/ HTTP/1.1" 200 57192
201.245.192.253 - - [26/Nov/2022:13:40:30 -0500] "POST /kwsrmcab/Wsrmcab HTTP/1.1" 200 41913
201.245.192.253 - - [26/Nov/2022:13:40:33 -0500] "POST /kwsrmcab/Wsrmcab HTTP/1.1" 200 44132
207.46.13.174 - - [26/Nov/2022:13:41:05 -0500] "GET /BLA/resoluciones/RESOLUCIONES%202002/RES%202002%20851-900/00000863.tif HTTP/1.1" 200 57452
173.252.95.19 - - [26/Nov/2022:13:41:31 -0500] "GET /distrito-entrego-certificado-de-reconocimiento-a-mas-de-600-mujeres-que-reverdecen-tras-seis-meses-de-formacion-teorica-y-practica.html HTTP/1.1" 206 1113
201.245.192.253 - - [26/Nov/2022:13:42:12 -0500] "POST /kwsrmcab/Wsrmcab  HTTP/1.1" 200 42393
186.155.32.44 - - [26/Nov/2022:13:42:15 -0500] "POST /BLA/boletinlegal/admin/actos/ingresar.php HTTP/1.1" 200 7236
186.155.32.44 - - [26/Nov/2022:13:42:17 -0500] "GET /BLA/boletinlegal/images/favicon.ico HTTP/1.1" 404 1328
186.81.229.249 - - [26/Nov/2022:13:42:17 -0500] "GET /sipse/faces/index.xhtml HTTP/1.1" 200 677
186.81.229.249 - - [26/Nov/2022:13:42:17 -0500] "GET /sipse/faces/javax.faces.resource/theme.css?ln=primefaces-sipse HTTP/1.1" 304 -
186.81.229.249 - - [26/Nov/2022:13:42:17 -0500] "GET /sipse/faces/faces/autenticacion.xhtml HTTP/1.1" 200 12183
186.81.229.249 - - [26/Nov/2022:13:42:17 -0500] "GET /sipse/faces/javax.faces.resource/theme.css?ln=primefaces-sipse HTTP/1.1" 304 -
186.81.229.249 - - [26/Nov/2022:13:42:17 -0500] "GET /sipse/faces/javax.faces.resource/primefaces.css?ln=primefaces&v=4.0 HTTP/1.1" 304 -
186.81.229.249 - - [26/Nov/2022:13:42:17 -0500] "GET /sipse/faces/javax.faces.resource/jquery/jquery.js?ln=primefaces&v=4.0 HTTP/1.1" 304 -
186.81.229.249 - - [26/Nov/2022:13:42:17 -0500] "GET /sipse/faces/javax.faces.resource/layout/layout.css?ln=primefaces&v=4.0 HTTP/1.1" 304 -
186.81.229.249 - - [26/Nov/2022:13:42:17 -0500] "GET /sipse/faces/javax.faces.resource/jquery/jquery-plugins.js?ln=primefaces&v=4.0 HTTP/1.1" 304 -
186.81.229.249 - - [26/Nov/2022:13:42:17 -0500] "GET /sipse/faces/javax.faces.resource/layout/layout.js?ln=primefaces&v=4.0 HTTP/1.1" 304 -
186.81.229.249 - - [26/Nov/2022:13:42:17 -0500] "GET /sipse/faces/javax.faces.resource/primefaces.js?ln=primefaces&v=4.0 HTTP/1.1" 304 -
186.81.229.249 - - [26/Nov/2022:13:42:17 -0500] "GET /sipse/faces/javax.faces.resource/images/ui-icons_898989_256x240.png?ln=primefaces-aristo HTTP/1.1" 304 -
186.81.229.249 - - [26/Nov/2022:13:42:20 -0500] "POST /sipse/faces/autenticacion.xhtml HTTP/1.1" 200 11374
186.81.229.249 - - [26/Nov/2022:13:42:20 -0500] "GET /sipse/faces/javax.faces.resource/theme.css?ln=primefaces-sipse HTTP/1.1" 304 -
186.81.229.249 - - [26/Nov/2022:13:42:20 -0500] "GET /sipse/faces/javax.faces.resource/jquery/jquery.js?ln=primefaces&v=4.0 HTTP/1.1" 304 -
186.81.229.249 - - [26/Nov/2022:13:42:20 -0500] "GET /sipse/faces/javax.faces.resource/layout/layout.css?ln=primefaces&v=4.0 HTTP/1.1" 304 -
186.81.229.249 - - [26/Nov/2022:13:42:20 -0500] "GET /sipse/faces/javax.faces.resource/primefaces.css?ln=primefaces&v=4.0 HTTP/1.1" 304 -
186.81.229.249 - - [26/Nov/2022:13:42:20 -0500] "GET /sipse/faces/javax.faces.resource/jquery/jquery-plugins.js?ln=primefaces&v=4.0 HTTP/1.1" 304 -
186.81.229.249 - - [26/Nov/2022:13:42:20 -0500] "GET /sipse/faces/javax.faces.resource/primefaces.js?ln=primefaces&v=4.0 HTTP/1.1" 304 -
186.81.229.249 - - [26/Nov/2022:13:42:20 -0500] "GET /sipse/faces/javax.faces.resource/layout/layout.js?ln=primefaces&v=4.0 HTTP/1.1" 304 -
186.81.229.249 - - [26/Nov/2022:13:42:20 -0500] "GET /sipse/faces/javax.faces.resource/messages/messages.png?ln=primefaces&v=4.0 HTTP/1.1" 304 -
186.81.229.249 - - [26/Nov/2022:13:42:23 -0500] "POST /sipse/faces/presentacion/sistema/seguridad/seleccionRol.xhtml HTTP/1.1" 200 5802
186.81.229.249 - - [26/Nov/2022:13:42:24 -0500] "POST /sipse/faces/presentacion/sistema/seguridad/seleccionRol.xhtml HTTP/1.1" 200 15633
186.81.229.249 - - [26/Nov/2022:13:42:24 -0500] "GET /sipse/faces/javax.faces.resource/theme.css?ln=primefaces-sipse HTTP/1.1" 304 -
186.81.229.249 - - [26/Nov/2022:13:42:24 -0500] "GET /sipse/faces/javax.faces.resource/primefaces.css?ln=primefaces&v=4.0 HTTP/1.1" 304 -
186.81.229.249 - - [26/Nov/2022:13:42:24 -0500] "GET /sipse/faces/javax.faces.resource/layout/layout.css?ln=primefaces&v=4.0 HTTP/1.1" 304 -
186.81.229.249 - - [26/Nov/2022:13:42:24 -0500] "GET /sipse/faces/javax.faces.resource/jquery/jquery.js?ln=primefaces&v=4.0 HTTP/1.1" 304 -
186.81.229.249 - - [26/Nov/2022:13:42:24 -0500] "GET /sipse/faces/javax.faces.resource/jquery/jquery-plugins.js?ln=primefaces&v=4.0 HTTP/1.1" 304 -
186.81.229.249 - - [26/Nov/2022:13:42:24 -0500] "GET /sipse/faces/javax.faces.resource/primefaces.js?ln=primefaces&v=4.0 HTTP/1.1" 304 -
186.81.229.249 - - [26/Nov/2022:13:42:24 -0500] "GET /sipse/faces/javax.faces.resource/layout/layout.js?ln=primefaces&v=4.0 HTTP/1.1" 304 -
186.81.229.249 - - [26/Nov/2022:13:42:24 -0500] "GET /sipse/css/imagen/contrasena.png HTTP/1.1" 404 383
186.81.229.249 - - [26/Nov/2022:13:42:25 -0500] "GET /sipse/faces/javax.faces.resource/images/ui-bg_flat_0_2d5972_40x100.png?ln=primefaces-aristo HTTP/1.1" 304 -
186.81.229.249 - - [26/Nov/2022:13:42:25 -0500] "POST /sipse/faces/bienvenido.xhtml HTTP/1.1" 200 1471
186.81.229.249 - - [26/Nov/2022:13:42:26 -0500] "POST /sipse/faces/bienvenido.xhtml HTTP/1.1" 200 61301
186.81.229.249 - - [26/Nov/2022:13:42:26 -0500] "GET /sipse/faces/javax.faces.resource/theme.css?ln=primefaces-sipse HTTP/1.1" 304 -
186.81.229.249 - - [26/Nov/2022:13:42:26 -0500] "GET /sipse/faces/javax.faces.resource/primefaces.css?ln=primefaces&v=4.0 HTTP/1.1" 304 -
186.81.229.249 - - [26/Nov/2022:13:42:26 -0500] "GET /sipse/faces/javax.faces.resource/layout/layout.css?ln=primefaces&v=4.0 HTTP/1.1" 304 -
186.81.229.249 - - [26/Nov/2022:13:42:26 -0500] "GET /sipse/faces/javax.faces.resource/jquery/jquery.js?ln=primefaces&v=4.0 HTTP/1.1" 304 -
186.81.229.249 - - [26/Nov/2022:13:42:26 -0500] "GET /sipse/faces/javax.faces.resource/jquery/jquery-plugins.js?ln=primefaces&v=4.0 HTTP/1.1" 304 -
186.81.229.249 - - [26/Nov/2022:13:42:26 -0500] "GET /sipse/faces/javax.faces.resource/primefaces.js?ln=primefaces&v=4.0 HTTP/1.1" 304 -
186.81.229.249 - - [26/Nov/2022:13:42:27 -0500] "GET /sipse/faces/javax.faces.resource/layout/layout.js?ln=primefaces&v=4.0 HTTP/1.1" 304 -
186.81.229.249 - - [26/Nov/2022:13:42:27 -0500] "POST /sipse/faces/presentacion/financiero/solicitudProceso/listarSolicitudProceso.xhtml HTTP/1.1" 200 1560
186.81.229.249 - - [26/Nov/2022:13:42:31 -0500] "POST /sipse/faces/presentacion/financiero/solicitudProceso/listarSolicitudProceso.xhtml HTTP/1.1" 200 2257
186.81.229.249 - - [26/Nov/2022:13:42:32 -0500] "POST /sipse/faces/presentacion/financiero/solicitudProceso/listarSolicitudProceso.xhtml HTTP/1.1" 200 38341
186.81.229.249 - - [26/Nov/2022:13:42:32 -0500] "GET /sipse/faces/javax.faces.resource/theme.css?ln=primefaces-sipse HTTP/1.1" 304 -
186.81.229.249 - - [26/Nov/2022:13:42:32 -0500] "GET /sipse/faces/javax.faces.resource/primefaces.css?ln=primefaces&v=4.0 HTTP/1.1" 304 -
186.81.229.249 - - [26/Nov/2022:13:42:32 -0500] "GET /sipse/faces/javax.faces.resource/layout/layout.css?ln=primefaces&v=4.0 HTTP/1.1" 304 -
186.81.229.249 - - [26/Nov/2022:13:42:32 -0500] "GET /sipse/faces/javax.faces.resource/jquery/jquery.js?ln=primefaces&v=4.0 HTTP/1.1" 304 -
186.81.229.249 - - [26/Nov/2022:13:42:32 -0500] "GET /sipse/faces/javax.faces.resource/jquery/jquery-plugins.js?ln=primefaces&v=4.0 HTTP/1.1" 304 -
186.81.229.249 - - [26/Nov/2022:13:42:32 -0500] "GET /sipse/faces/javax.faces.resource/primefaces.js?ln=primefaces&v=4.0 HTTP/1.1" 304 -
