201.245.192.253 - - [27/Nov/2022:12:23:21 -0500] "GET /sipse/faces/javax.faces.resource/layout/layout.js?ln=primefaces&v=4.0 HTTP/1.1" 304 -
201.245.192.253 - - [27/Nov/2022:12:23:21 -0500] "GET /sipse/faces/javax.faces.resource/fileupload/fileupload.css?ln=primefaces&v=4.0 HTTP/1.1" 304 -
201.245.192.253 - - [27/Nov/2022:12:23:21 -0500] "GET /sipse/faces/javax.faces.resource/fileupload/fileupload.js?ln=primefaces&v=4.0 HTTP/1.1" 304 -
201.245.192.253 - - [27/Nov/2022:12:23:21 -0500] "GET /sipse/faces/javax.faces.resource/images/ui-icons_898989_256x240.png?ln=primefaces-aristo HTTP/1.1" 304 -
201.245.192.253 - - [27/Nov/2022:12:23:30 -0500] "POST /sipse/faces/presentacion/sistema/anexos/cargarAnexoSolicitudProceso.xhtml HTTP/1.1" 200 166222
201.245.192.253 - - [27/Nov/2022:12:23:30 -0500] "GET /sipse/faces/javax.faces.resource/theme.css?ln=primefaces-sipse HTTP/1.1" 304 -
201.245.192.253 - - [27/Nov/2022:12:23:30 -0500] "GET /sipse/faces/javax.faces.resource/primefaces.css?ln=primefaces&v=4.0 HTTP/1.1" 304 -
201.245.192.253 - - [27/Nov/2022:12:23:30 -0500] "GET /sipse/faces/javax.faces.resource/jquery/jquery.js?ln=primefaces&v=4.0 HTTP/1.1" 304 -
201.245.192.253 - - [27/Nov/2022:12:23:30 -0500] "GET /sipse/faces/javax.faces.resource/layout/layout.css?ln=primefaces&v=4.0 HTTP/1.1" 304 -
201.245.192.253 - - [27/Nov/2022:12:23:30 -0500] "GET /sipse/faces/javax.faces.resource/jquery/jquery-plugins.js?ln=primefaces&v=4.0 HTTP/1.1" 304 -
201.245.192.253 - - [27/Nov/2022:12:23:30 -0500] "GET /sipse/faces/javax.faces.resource/primefaces.js?ln=primefaces&v=4.0 HTTP/1.1" 304 -
201.245.192.253 - - [27/Nov/2022:12:23:30 -0500] "GET /sipse/faces/javax.faces.resource/layout/layout.js?ln=primefaces&v=4.0 HTTP/1.1" 304 -
201.245.192.253 - - [27/Nov/2022:12:23:31 -0500] "GET /sipse/faces/javax.faces.resource/images/ui-icons_898989_256x240.png?ln=primefaces-aristo HTTP/1.1" 304 -
201.245.192.253 - - [27/Nov/2022:12:23:31 -0500] "GET /sipse/faces/javax.faces.resource/dynamiccontent.properties?ln=primefaces&pfdrid=XjOR5%2F%2FfPAZAuY9TpWQeCiM0BhlXxYRBGKi%2FQcXXfeA%3D&pfdrid_c=false HTTP/1.1" 500 383
201.245.192.253 - - [27/Nov/2022:12:23:54 -0500] "GET /sipse/faces/javax.faces.resource/images/ui-bg_flat_0_2d5972_40x100.png?ln=primefaces-aristo HTTP/1.1" 304 -
201.245.192.253 - - [27/Nov/2022:12:23:54 -0500] "POST /sipse/faces/presentacion/financiero/solicitudProceso/consultarSolicitudProceso.xhtml HTTP/1.1" 200 6796
201.245.192.253 - - [27/Nov/2022:12:23:54 -0500] "GET /sipse/faces/javax.faces.resource/messages/messages.png?ln=primefaces&v=4.0 HTTP/1.1" 304 -
201.245.192.253 - - [27/Nov/2022:12:24:16 -0500] "POST /sipse/faces/presentacion/financiero/solicitudProceso/consultarSolicitudProceso.xhtml HTTP/1.1" 200 65634
201.245.192.253 - - [27/Nov/2022:12:24:20 -0500] "GET /sipse/faces/javax.faces.resource/jquery/jquery.js?ln=primefaces&v=4.0 HTTP/1.1" 304 -
201.245.192.253 - - [27/Nov/2022:12:24:20 -0500] "GET /sipse/faces/javax.faces.resource/jquery/jquery-plugins.js?ln=primefaces&v=4.0 HTTP/1.1" 304 -
201.245.192.253 - - [27/Nov/2022:12:24:20 -0500] "GET /sipse/faces/javax.faces.resource/primefaces.js?ln=primefaces&v=4.0 HTTP/1.1" 304 -
201.245.192.253 - - [27/Nov/2022:12:24:20 -0500] "GET /sipse/faces/javax.faces.resource/layout/layout.js?ln=primefaces&v=4.0 HTTP/1.1" 304 -
201.245.192.253 - - [27/Nov/2022:12:24:20 -0500] "POST /sipse/faces/presentacion/financiero/solicitudProceso/listarSolicitudProceso.xhtml HTTP/1.1" 200 1560
216.245.221.92 - - [27/Nov/2022:12:26:40 -0500] "HEAD / HTTP/1.1" 200 -
172.22.2.4 - - [27/Nov/2022:12:27:25 -0500] "GET /BLA/boletinlegal/Directivas/2019/Directiva%20008%20del%2001%20de%20noviembre%20de%202019.pdf HTTP/1.1" 304 -
172.22.2.4 - - [27/Nov/2022:12:26:26 -0500] "HEAD /BLA/boletinlegal/ HTTP/1.1" 200 -
201.245.192.253 - - [27/Nov/2022:12:28:16 -0500] "POST /kwsrmcab/Wsrmcab  HTTP/1.1" 200 42393
172.22.2.4 - - [27/Nov/2022:12:27:16 -0500] "GET /BLA/boletinlegal/ HTTP/1.1" 200 59779
186.155.17.238 - - [27/Nov/2022:12:29:35 -0500] "POST /BLA/boletinlegal/admin/actos/ingresar.php HTTP/1.1" 200 7236
201.245.192.253 - - [27/Nov/2022:12:31:27 -0500] "POST /kwsrmcab/Wsrmcab HTTP/1.1" 200 41120
201.245.192.253 - - [27/Nov/2022:12:31:30 -0500] "POST /kwsrmcab/Wsrmcab HTTP/1.1" 200 44146
186.155.17.238 - - [27/Nov/2022:12:31:36 -0500] "POST /BLA/boletinlegal/admin/actos/ingresar.php HTTP/1.1" 200 7236
216.245.221.92 - - [27/Nov/2022:12:31:40 -0500] "HEAD / HTTP/1.1" 200 -
201.245.192.253 - - [27/Nov/2022:12:33:16 -0500] "POST /kwsrmcab/Wsrmcab  HTTP/1.1" 200 42393
186.155.17.238 - - [27/Nov/2022:12:33:26 -0500] "POST /BLA/boletinlegal/admin/actos/ingresar.php HTTP/1.1" 200 7236
172.22.2.4 - - [27/Nov/2022:12:33:03 -0500] "GET /BLA/boletinlegal/ HTTP/1.1" 200 24523
172.22.2.4 - - [27/Nov/2022:12:32:16 -0500] "HEAD /BLA/boletinlegal/ HTTP/1.1" 200 -
172.22.2.4 - - [27/Nov/2022:12:33:06 -0500] "GET /BLA/boletinlegal/ HTTP/1.1" 200 54452
186.155.17.238 - - [27/Nov/2022:12:35:08 -0500] "POST /BLA/boletinlegal/admin/actos/ingresar.php HTTP/1.1" 200 7236
172.22.2.4 - - [27/Nov/2022:12:36:16 -0500] "GET /BLA/boletinlegal/consulta_actos.php?tipo=resoluciones&no=3740&usuario=&sector=&fecha=2022&resuelve= HTTP/1.1" 200 38036
172.22.2.4 - - [27/Nov/2022:12:36:16 -0500] "GET /BLA/boletinlegal/images/pdf.gif HTTP/1.1" 200 567
216.245.221.92 - - [27/Nov/2022:12:36:40 -0500] "HEAD / HTTP/1.1" 200 -
40.77.167.13 - - [27/Nov/2022:12:38:16 -0500] "GET /bogota-responsable-con-los-plaguicidas-campana-para-proteger-a-la-fauna-y-flora-de-bogota-ante-un-uso-inadecuado-de-estas-sustancias.html HTTP/1.1" 200 1109
201.245.192.253 - - [27/Nov/2022:12:38:15 -0500] "POST /kwsrmcab/Wsrmcab  HTTP/1.1" 200 42393
186.155.17.238 - - [27/Nov/2022:12:38:18 -0500] "POST /BLA/boletinlegal/admin/actos/ingresar.php HTTP/1.1" 200 7236
141.255.166.2 - - [27/Nov/2022:12:38:22 -0500] "GET / HTTP/1.1" 200 319
201.245.192.253 - - [27/Nov/2022:12:38:24 -0500] "POST /sipse/faces/presentacion/proyectos/proyecto/proyecto.xhtml HTTP/1.1" 200 84535
201.245.192.253 - - [27/Nov/2022:12:38:24 -0500] "GET /sipse/faces/javax.faces.resource/jquery/jquery.js?ln=primefaces&v=4.0 HTTP/1.1" 304 -
201.245.192.253 - - [27/Nov/2022:12:38:24 -0500] "GET /sipse/faces/javax.faces.resource/jquery/jquery-plugins.js?ln=primefaces&v=4.0 HTTP/1.1" 304 -
201.245.192.253 - - [27/Nov/2022:12:38:24 -0500] "GET /sipse/faces/javax.faces.resource/primefaces.js?ln=primefaces&v=4.0 HTTP/1.1" 304 -
201.245.192.253 - - [27/Nov/2022:12:38:24 -0500] "GET /sipse/faces/javax.faces.resource/layout/layout.js?ln=primefaces&v=4.0 HTTP/1.1" 304 -
201.245.192.253 - - [27/Nov/2022:12:38:29 -0500] "POST /sipse/faces/presentacion/proyectos/proyecto/listarProyecto.xhtml HTTP/1.1" 200 163
201.245.192.253 - - [27/Nov/2022:12:38:30 -0500] "GET /sipse/faces/presentacion/proyectos/proyecto/proyecto.xhtml HTTP/1.1" 200 91343
201.245.192.253 - - [27/Nov/2022:12:38:31 -0500] "GET /sipse/faces/javax.faces.resource/theme.css?ln=primefaces-sipse HTTP/1.1" 304 -
201.245.192.253 - - [27/Nov/2022:12:38:31 -0500] "GET /sipse/faces/javax.faces.resource/primefaces.css?ln=primefaces&v=4.0 HTTP/1.1" 304 -
201.245.192.253 - - [27/Nov/2022:12:38:31 -0500] "GET /sipse/faces/javax.faces.resource/jquery/jquery-plugins.js?ln=primefaces&v=4.0 HTTP/1.1" 304 -
201.245.192.253 - - [27/Nov/2022:12:38:31 -0500] "GET /sipse/faces/javax.faces.resource/primefaces.js?ln=primefaces&v=4.0 HTTP/1.1" 304 -
201.245.192.253 - - [27/Nov/2022:12:38:31 -0500] "GET /sipse/faces/javax.faces.resource/layout/layout.css?ln=primefaces&v=4.0 HTTP/1.1" 304 -
201.245.192.253 - - [27/Nov/2022:12:38:31 -0500] "GET /sipse/faces/javax.faces.resource/layout/layout.js?ln=primefaces&v=4.0 HTTP/1.1" 304 -
201.245.192.253 - - [27/Nov/2022:12:38:31 -0500] "GET /sipse/faces/javax.faces.resource/jquery/jquery.js?ln=primefaces&v=4.0 HTTP/1.1" 304 -
201.245.192.253 - - [27/Nov/2022:12:38:31 -0500] "GET /sipse/faces/javax.faces.resource/images/ui-icons_898989_256x240.png?ln=primefaces-aristo HTTP/1.1" 304 -
201.245.192.253 - - [27/Nov/2022:12:38:31 -0500] "GET /sipse/faces/javax.faces.resource/images/ui-bg_flat_0_2d5972_40x100.png?ln=primefaces-aristo HTTP/1.1" 304 -
201.245.192.253 - - [27/Nov/2022:12:38:31 -0500] "POST /sipse/faces/presentacion/proyectos/proyecto/proyecto.xhtml HTTP/1.1" 200 3273
201.245.192.253 - - [27/Nov/2022:12:38:36 -0500] "POST /sipse/faces/presentacion/proyectos/proyecto/proyecto.xhtml HTTP/1.1" 200 43851
201.245.192.253 - - [27/Nov/2022:12:38:38 -0500] "GET /sipse/faces/javax.faces.resource/spacer/dot_clear.gif?ln=primefaces&v=4.0 HTTP/1.1" 304 -
201.245.192.253 - - [27/Nov/2022:12:38:38 -0500] "POST /sipse/faces/presentacion/proyectos/proyecto/proyecto.xhtml HTTP/1.1" 200 3962
205.169.39.249 - - [27/Nov/2022:12:38:45 -0500] "GET /portaldeninos/wp-includes/js/wp-emoji-release.min.js?ver=4.9.8 HTTP/1.1" 200 12026
205.169.39.249 - - [27/Nov/2022:12:38:46 -0500] "GET /portaldeninos/wp-content/plugins/google-analytics-for-wordpress/assets/js/frontend-gtag.min.js?ver=8.5.0 HTTP/1.1" 200 11801
205.169.39.249 - - [27/Nov/2022:12:38:46 -0500] "GET /portaldeninos/wp-includes/js/jquery/jquery.js?ver=1.12.4 HTTP/1.1" 200 97184
205.169.39.249 - - [27/Nov/2022:12:38:46 -0500] "GET /portaldeninos/wp-includes/js/jquery/jquery-migrate.min.js?ver=1.4.1 HTTP/1.1" 200 10056
205.169.39.249 - - [27/Nov/2022:12:38:47 -0500] "GET /portaldeninos/wp-includes/js/jquery/ui/core.min.js?ver=1.11.4 HTTP/1.1" 200 4000
205.169.39.249 - - [27/Nov/2022:12:38:47 -0500] "GET /portaldeninos/wp-content/plugins/gallery-videos/JS/modernizr.custom.js?ver=4.9.8 HTTP/1.1" 200 9019
205.169.39.249 - - [27/Nov/2022:12:38:47 -0500] "GET /portaldeninos/wp-content/plugins/gallery-videos/JS/Total-Soft-Gallery-Video-Widget.js?ver=4.9.8 HTTP/1.1" 200 80264
205.169.39.249 - - [27/Nov/2022:12:38:47 -0500] "GET /portaldeninos/wp-includes/js/jquery/ui/widget.min.js?ver=1.11.4 HTTP/1.1" 200 6908
205.169.39.249 - - [27/Nov/2022:12:38:47 -0500] "GET /portaldeninos/wp-includes/js/jquery/ui/mouse.min.js?ver=1.11.4 HTTP/1.1" 200 3148
205.169.39.249 - - [27/Nov/2022:12:38:47 -0500] "GET /portaldeninos/wp-includes/js/jquery/ui/sortable.min.js?ver=1.11.4 HTTP/1.1" 200 24899
205.169.39.249 - - [27/Nov/2022:12:38:48 -0500] "GET /portaldeninos/wp-includes/js/jquery/ui/tabs.min.js?ver=1.11.4 HTTP/1.1" 200 12110
205.169.39.249 - - [27/Nov/2022:12:38:48 -0500] "GET /portaldeninos/wp-includes/js/jquery/ui/accordion.min.js?ver=1.11.4 HTTP/1.1" 200 8584
201.245.192.253 - - [27/Nov/2022:12:38:45 -0500] "POST /sipse/faces/presentacion/proyectos/proyecto/proyecto.xhtml HTTP/1.1" 200 71796
205.169.39.249 - - [27/Nov/2022:12:38:48 -0500] "GET /portaldeninos/wp-content/themes/betheme/js/plugins.js?ver=20.9.6 HTTP/1.1" 200 197151
205.169.39.249 - - [27/Nov/2022:12:38:49 -0500] "GET /portaldeninos/wp-content/themes/betheme/js/menu.js?ver=20.9.6 HTTP/1.1" 200 2449
205.169.39.249 - - [27/Nov/2022:12:38:49 -0500] "GET /portaldeninos/wp-content/themes/betheme/assets/animations/animations.min.js?ver=20.9.6 HTTP/1.1" 200 1896
205.169.39.249 - - [27/Nov/2022:12:38:49 -0500] "GET /portaldeninos/wp-content/themes/betheme/assets/jplayer/jplayer.min.js?ver=20.9.6 HTTP/1.1" 200 52702
205.169.39.249 - - [27/Nov/2022:12:38:49 -0500] "GET /portaldeninos/wp-content/themes/betheme/js/scripts.js?ver=20.9.6 HTTP/1.1" 200 77162
205.169.39.249 - - [27/Nov/2022:12:38:50 -0500] "GET /portaldeninos/wp-includes/js/wp-embed.min.js?ver=4.9.8 HTTP/1.1" 200 1398
66.249.64.13 - - [27/Nov/2022:12:39:15 -0500] "-" 408 -
205.169.39.63 - - [27/Nov/2022:12:39:37 -0500] "GET /portaldeninos/wp-content/uploads/useanyfont/uaf.css?ver=1589905315 HTTP/1.1" 200 408
205.169.39.63 - - [27/Nov/2022:12:39:37 -0500] "GET /portaldeninos/wp-content/themes/betheme/style.css?ver=20.9.6 HTTP/1.1" 200 287
201.245.192.253 - - [27/Nov/2022:12:39:40 -0500] "POST /sipse/faces/presentacion/proyectos/proyecto/proyecto.xhtml HTTP/1.1" 200 10353
205.169.39.63 - - [27/Nov/2022:12:39:37 -0500] "GET /portaldeninos/wp-content/plugins/gallery-videos/CSS/Total-Soft-Gallery-Video-Widget.css?ver=4.9.8 HTTP/1.1" 200 51554
205.169.39.63 - - [27/Nov/2022:12:39:37 -0500] "GET /portaldeninos/wp-content/themes/betheme/css/base.css?ver=20.9.6 HTTP/1.1" 200 57283
205.169.39.63 - - [27/Nov/2022:12:39:37 -0500] "GET /portaldeninos/wp-content/plugins/gallery-videos/CSS/totalsoft.css?ver=4.9.8 HTTP/1.1" 200 40622
205.169.39.63 - - [27/Nov/2022:12:39:40 -0500] "GET /portaldeninos/wp-content/themes/betheme/assets/animations/animations.min.css?ver=20.9.6 HTTP/1.1" 200 58508
205.169.39.63 - - [27/Nov/2022:12:39:41 -0500] "GET /portaldeninos/wp-content/themes/betheme/assets/jplayer/css/jplayer.blue.monday.css?ver=20.9.6 HTTP/1.1" 200 9834
205.169.39.63 - - [27/Nov/2022:12:39:41 -0500] "GET /portaldeninos/wp-content/themes/betheme/assets/ui/jquery.ui.all.css?ver=20.9.6 HTTP/1.1" 200 18765
205.169.39.63 - - [27/Nov/2022:12:39:42 -0500] "GET /portaldeninos/wp-content/plugins/google-analytics-for-wordpress/assets/js/frontend-gtag.min.js?ver=8.5.0 HTTP/1.1" 200 11801
205.169.39.63 - - [27/Nov/2022:12:39:42 -0500] "GET /portaldeninos/wp-includes/js/jquery/jquery-migrate.min.js?ver=1.4.1 HTTP/1.1" 200 10056
205.169.39.63 - - [27/Nov/2022:12:39:42 -0500] "GET /portaldeninos/wp-includes/js/jquery/ui/core.min.js?ver=1.11.4 HTTP/1.1" 200 4000
205.169.39.63 - - [27/Nov/2022:12:39:42 -0500] "GET /portaldeninos/wp-content/themes/betheme/css/responsive.css?ver=20.9.6 HTTP/1.1" 200 55740
205.169.39.63 - - [27/Nov/2022:12:39:40 -0500] "GET /portaldeninos/wp-content/themes/betheme/css/shortcodes.css?ver=20.9.6 HTTP/1.1" 200 138889
205.169.39.63 - - [27/Nov/2022:12:39:42 -0500] "GET /portaldeninos/wp-content/plugins/gallery-videos/JS/modernizr.custom.js?ver=4.9.8 HTTP/1.1" 200 9019
205.169.39.63 - - [27/Nov/2022:12:39:37 -0500] "GET /portaldeninos/wp-content/themes/betheme/css/layout.css?ver=20.9.6 HTTP/1.1" 200 116639
205.169.39.63 - - [27/Nov/2022:12:39:42 -0500] "GET /portaldeninos/wp-includes/js/jquery/ui/widget.min.js?ver=1.11.4 HTTP/1.1" 200 6908
205.169.39.63 - - [27/Nov/2022:12:39:42 -0500] "GET /portaldeninos/wp-includes/js/jquery/ui/mouse.min.js?ver=1.11.4 HTTP/1.1" 200 3148
205.169.39.63 - - [27/Nov/2022:12:39:42 -0500] "GET /portaldeninos/wp-content/plugins/gallery-videos/JS/Total-Soft-Gallery-Video-Widget.js?ver=4.9.8 HTTP/1.1" 200 80264
205.169.39.63 - - [27/Nov/2022:12:39:43 -0500] "GET /portaldeninos/wp-includes/js/jquery/ui/accordion.min.js?ver=1.11.4 HTTP/1.1" 200 8584
205.169.39.63 - - [27/Nov/2022:12:39:42 -0500] "GET /portaldeninos/wp-includes/js/jquery/ui/tabs.min.js?ver=1.11.4 HTTP/1.1" 200 12110
205.169.39.63 - - [27/Nov/2022:12:39:43 -0500] "GET /portaldeninos/wp-content/themes/betheme/js/menu.js?ver=20.9.6 HTTP/1.1" 200 2449
205.169.39.63 - - [27/Nov/2022:12:39:43 -0500] "GET /portaldeninos/wp-content/themes/betheme/assets/animations/animations.min.js?ver=20.9.6 HTTP/1.1" 200 1896
205.169.39.63 - - [27/Nov/2022:12:39:42 -0500] "GET /portaldeninos/wp-includes/js/jquery/ui/sortable.min.js?ver=1.11.4 HTTP/1.1" 200 24899
186.155.17.238 - - [27/Nov/2022:12:39:40 -0500] "POST /BLA/boletinlegal/admin/actos/ingresar.php HTTP/1.1" 200 7236
205.169.39.63 - - [27/Nov/2022:12:39:43 -0500] "GET /portaldeninos/wp-includes/js/wp-embed.min.js?ver=4.9.8 HTTP/1.1" 200 1398
205.169.39.63 - - [27/Nov/2022:12:39:42 -0500] "GET /portaldeninos/wp-includes/js/jquery/jquery.js?ver=1.12.4 HTTP/1.1" 200 97184
205.169.39.63 - - [27/Nov/2022:12:39:43 -0500] "GET /portaldeninos/wp-content/themes/betheme/assets/jplayer/jplayer.min.js?ver=20.9.6 HTTP/1.1" 200 52702
205.169.39.63 - - [27/Nov/2022:12:39:43 -0500] "GET /portaldeninos/wp-content/themes/betheme/js/scripts.js?ver=20.9.6 HTTP/1.1" 200 77162
205.169.39.63 - - [27/Nov/2022:12:39:44 -0500] "GET /portaldeninos/wp-content/themes/betheme/images/box_shadow.png HTTP/1.1" 200 108
205.169.39.63 - - [27/Nov/2022:12:39:44 -0500] "GET /portaldeninos/wp-includes/js/wp-emoji-release.min.js?ver=4.9.8 HTTP/1.1" 200 12026
205.169.39.63 - - [27/Nov/2022:12:39:44 -0500] "GET /portaldeninos/wp-content/themes/betheme/fonts/mfn-icons.woff?93978679 HTTP/1.1" 200 14626
205.169.39.63 - - [27/Nov/2022:12:39:44 -0500] "GET /portaldeninos/wp-content/themes/betheme/fonts/mfn-icons.ttf?93978679 HTTP/1.1" 200 28512
205.169.39.63 - - [27/Nov/2022:12:39:43 -0500] "GET /portaldeninos/wp-content/themes/betheme/js/plugins.js?ver=20.9.6 HTTP/1.1" 200 197151
172.22.2.4 - - [27/Nov/2022:12:38:06 -0500] "HEAD /BLA/boletinlegal/ HTTP/1.1" 200 -
201.245.192.253 - - [27/Nov/2022:12:40:08 -0500] "POST /sipse/faces/presentacion/proyectos/proyecto/proyecto.xhtml HTTP/1.1" 200 71816
186.84.22.207 - - [27/Nov/2022:12:40:14 -0500] "GET /con-la-apertura-de-la-exposicion-polinizando-bogota-encendio-desde-el-jardin-botanico-la-navidad-2022.html HTTP/1.1" 200 927
172.22.2.4 - - [27/Nov/2022:12:38:56 -0500] "GET /BLA/boletinlegal/ HTTP/1.1" 200 56825
186.155.17.238 - - [27/Nov/2022:12:41:04 -0500] "POST /BLA/boletinlegal/admin/actos/ingresar.php HTTP/1.1" 200 7236
201.245.192.253 - - [27/Nov/2022:12:41:27 -0500] "POST /kwsrmcab/Wsrmcab HTTP/1.1" 200 41120
201.245.192.253 - - [27/Nov/2022:12:41:29 -0500] "POST /kwsrmcab/Wsrmcab HTTP/1.1" 200 44146
216.245.221.92 - - [27/Nov/2022:12:41:40 -0500] "HEAD / HTTP/1.1" 200 -
186.155.17.238 - - [27/Nov/2022:12:42:37 -0500] "POST /BLA/boletinlegal/admin/actos/ingresar.php HTTP/1.1" 200 7236
201.245.192.253 - - [27/Nov/2022:12:43:13 -0500] "POST /kwsrmcab/Wsrmcab  HTTP/1.1" 200 42393
186.155.17.238 - - [27/Nov/2022:12:44:16 -0500] "POST /BLA/boletinlegal/admin/actos/ingresar.php HTTP/1.1" 200 7236
172.22.2.4 - - [27/Nov/2022:12:43:56 -0500] "HEAD /BLA/boletinlegal/ HTTP/1.1" 200 -
172.22.2.4 - - [27/Nov/2022:12:44:46 -0500] "GET /BLA/boletinlegal/ HTTP/1.1" 200 59779
216.245.221.92 - - [27/Nov/2022:12:46:40 -0500] "HEAD / HTTP/1.1" 200 -
201.245.192.253 - - [27/Nov/2022:12:48:12 -0500] "POST /kwsrmcab/Wsrmcab  HTTP/1.1" 200 42393
186.155.17.238 - - [27/Nov/2022:12:48:24 -0500] "POST /BLA/boletinlegal/admin/actos/ingresar.php HTTP/1.1" 200 7236
186.155.17.238 - - [27/Nov/2022:12:48:25 -0500] "GET /BLA/boletinlegal/images/favicon.ico HTTP/1.1" 404 1328
157.55.39.39 - - [27/Nov/2022:12:50:16 -0500] "GET /BLA/resoluciones/index.php?dir=AUTOS+2018%2F HTTP/1.1" 200 441980
172.22.2.4 - - [27/Nov/2022:12:49:46 -0500] "HEAD /BLA/boletinlegal/ HTTP/1.1" 200 -
191.95.61.153 - - [27/Nov/2022:12:51:27 -0500] "GET /con-la-apertura-de-la-exposicion-polinizando-bogota-encendio-desde-el-jardin-botanico-la-navidad-2022.html HTTP/1.1" 200 927
216.245.221.92 - - [27/Nov/2022:12:51:40 -0500] "HEAD / HTTP/1.1" 200 -
186.155.17.238 - - [27/Nov/2022:12:52:11 -0500] "POST /BLA/boletinlegal/admin/actos/ingresar.php HTTP/1.1" 200 7236
186.155.17.238 - - [27/Nov/2022:12:52:12 -0500] "GET /BLA/boletinlegal/images/favicon.ico HTTP/1.1" 404 1328
172.22.2.4 - - [27/Nov/2022:12:50:36 -0500] "GET /BLA/boletinlegal/ HTTP/1.1" 200 57824
185.119.81.104 - - [27/Nov/2022:12:52:35 -0500] "GET /portaldeninos/wp-login.php HTTP/1.1" 200 2592
185.119.81.104 - - [27/Nov/2022:12:52:36 -0500] "POST /portaldeninos/wp-login.php HTTP/1.1" 200 3605
207.46.13.174 - - [27/Nov/2022:12:52:45 -0500] "GET /sipse/faces/javax.faces.resource/primefaces.js;jsessionid=dc60uyapxq9jtmu0rdgzolkt.undefined?ln=primefaces&v=4.0 HTTP/1.1" 200 276924
185.119.81.105 - - [27/Nov/2022:12:52:53 -0500] "GET /portaldeninos/wp-login.php HTTP/1.1" 200 2592
185.119.81.105 - - [27/Nov/2022:12:52:54 -0500] "POST /portaldeninos/wp-login.php HTTP/1.1" 200 3605
201.245.192.253 - - [27/Nov/2022:12:53:11 -0500] "POST /kwsrmcab/Wsrmcab  HTTP/1.1" 200 42393
186.155.17.238 - - [27/Nov/2022:12:54:16 -0500] "POST /BLA/boletinlegal/admin/actos/ingresar.php HTTP/1.1" 200 7236
186.155.17.238 - - [27/Nov/2022:12:55:50 -0500] "POST /BLA/boletinlegal/admin/actos/ingresar.php HTTP/1.1" 200 7236
216.245.221.92 - - [27/Nov/2022:12:56:40 -0500] "HEAD / HTTP/1.1" 200 -
172.22.2.4 - - [27/Nov/2022:12:55:36 -0500] "HEAD /BLA/boletinlegal/ HTTP/1.1" 200 -
172.22.2.4 - - [27/Nov/2022:12:56:26 -0500] "GET /BLA/boletinlegal/ HTTP/1.1" 200 57824
201.245.192.253 - - [27/Nov/2022:12:58:10 -0500] "POST /kwsrmcab/Wsrmcab  HTTP/1.1" 200 42393
185.119.81.100 - - [27/Nov/2022:12:58:22 -0500] "GET /portaldeninos/wp-login.php HTTP/1.1" 200 2592
185.119.81.100 - - [27/Nov/2022:12:58:23 -0500] "POST /portaldeninos/wp-login.php HTTP/1.1" 200 3605
172.22.2.4 - - [27/Nov/2022:12:58:55 -0500] "GET /BLA/boletinlegal/consulta_actos.php?tipo=resoluciones&no=2508&usuario=&sector=&fecha=2022&resuelve= HTTP/1.1" 200 626
186.29.254.147 - - [27/Nov/2022:12:59:44 -0500] "GET / HTTP/1.1" 200 4720
186.29.254.147 - - [27/Nov/2022:12:59:44 -0500] "GET /css/bootstrap.min.css HTTP/1.1" 200 178212
186.29.254.147 - - [27/Nov/2022:12:59:44 -0500] "GET /js/url.js HTTP/1.1" 404 1294
157.55.39.67 - - [27/Nov/2022:12:59:51 -0500] "GET /catalogoisis/js/cookies.js HTTP/1.1" 200 1369
186.155.17.238 - - [27/Nov/2022:13:00:07 -0500] "POST /BLA/boletinlegal/admin/actos/ingresar.php HTTP/1.1" 200 7236
186.155.17.238 - - [27/Nov/2022:13:00:09 -0500] "GET /BLA/boletinlegal/images/favicon.ico HTTP/1.1" 404 1328
186.155.17.238 - - [27/Nov/2022:13:01:25 -0500] "POST /BLA/boletinlegal/admin/actos/ingresar.php HTTP/1.1" 200 7236
186.155.17.238 - - [27/Nov/2022:13:01:27 -0500] "GET /BLA/boletinlegal/images/favicon.ico HTTP/1.1" 404 1328
216.245.221.92 - - [27/Nov/2022:13:01:40 -0500] "HEAD / HTTP/1.1" 200 -
186.155.17.238 - - [27/Nov/2022:13:03:00 -0500] "POST /BLA/boletinlegal/admin/actos/ingresar.php HTTP/1.1" 200 7236
172.22.2.4 - - [27/Nov/2022:13:01:26 -0500] "HEAD /BLA/boletinlegal/ HTTP/1.1" 200 -
66.249.64.17 - - [27/Nov/2022:13:03:10 -0500] "-" 408 -
201.245.192.253 - - [27/Nov/2022:13:03:09 -0500] "POST /kwsrmcab/Wsrmcab  HTTP/1.1" 200 42393
40.77.167.13 - - [27/Nov/2022:13:03:19 -0500] "GET /BLA/resoluciones/AUTOS%202021/6809.pdf HTTP/1.1" 304 -
77.88.5.29 - - [27/Nov/2022:13:03:36 -0500] "-" 408 -
93.158.161.51 - - [27/Nov/2022:13:03:42 -0500] "-" 408 -
77.88.5.135 - - [27/Nov/2022:13:03:47 -0500] "-" 408 -
77.88.5.244 - - [27/Nov/2022:13:03:53 -0500] "-" 408 -
172.22.2.4 - - [27/Nov/2022:13:02:16 -0500] "GET /BLA/boletinlegal/ HTTP/1.1" 200 57824
93.158.161.68 - - [27/Nov/2022:13:04:08 -0500] "-" 408 -
77.88.5.221 - - [27/Nov/2022:13:04:23 -0500] "-" 408 -
77.88.5.234 - - [27/Nov/2022:13:04:53 -0500] "-" 408 -
77.88.5.249 - - [27/Nov/2022:13:05:53 -0500] "-" 408 -
186.155.17.238 - - [27/Nov/2022:13:05:49 -0500] "POST /BLA/boletinlegal/admin/actos/ingresar.php HTTP/1.1" 200 7236
216.245.221.92 - - [27/Nov/2022:13:06:40 -0500] "HEAD / HTTP/1.1" 200 -
77.88.5.126 - - [27/Nov/2022:13:06:53 -0500] "-" 408 -
191.156.56.24 - - [27/Nov/2022:13:07:08 -0500] "GET /con-la-apertura-de-la-exposicion-polinizando-bogota-encendio-desde-el-jardin-botanico-la-navidad-2022.html HTTP/1.1" 200 927
186.155.17.238 - - [27/Nov/2022:13:08:06 -0500] "POST /BLA/boletinlegal/admin/actos/ingresar.php HTTP/1.1" 200 7236
186.155.17.238 - - [27/Nov/2022:13:08:07 -0500] "GET /BLA/boletinlegal/images/favicon.ico HTTP/1.1" 404 1328
201.245.192.253 - - [27/Nov/2022:13:08:08 -0500] "POST /kwsrmcab/Wsrmcab  HTTP/1.1" 200 42393
207.46.13.209 - - [27/Nov/2022:13:08:22 -0500] "GET /catalogoisis/js/numero.js HTTP/1.1" 200 398
157.55.39.42 - - [27/Nov/2022:13:08:51 -0500] "GET /portaldeninos/aula-ambiental-artistica-itinerante-auambari/ HTTP/1.1" 200 89306
77.88.5.158 - - [27/Nov/2022:13:08:53 -0500] "-" 408 -
172.22.2.4 - - [27/Nov/2022:13:07:16 -0500] "HEAD /BLA/boletinlegal/ HTTP/1.1" 200 -
186.155.17.238 - - [27/Nov/2022:13:09:16 -0500] "POST /BLA/boletinlegal/admin/actos/ingresar.php HTTP/1.1" 200 7236
186.155.17.238 - - [27/Nov/2022:13:09:18 -0500] "GET /BLA/boletinlegal/images/favicon.ico HTTP/1.1" 404 1328
172.22.2.4 - - [27/Nov/2022:13:08:06 -0500] "GET /BLA/boletinlegal/ HTTP/1.1" 200 57192
186.155.17.238 - - [27/Nov/2022:13:11:20 -0500] "POST /BLA/boletinlegal/admin/actos/ingresar.php HTTP/1.1" 200 7236
179.19.18.28 - - [27/Nov/2022:13:11:28 -0500] "GET /con-la-apertura-de-la-exposicion-polinizando-bogota-encendio-desde-el-jardin-botanico-la-navidad-2022.html HTTP/1.1" 200 927
216.245.221.92 - - [27/Nov/2022:13:11:40 -0500] "HEAD / HTTP/1.1" 200 -
77.88.5.236 - - [27/Nov/2022:13:11:53 -0500] "-" 408 -
173.252.83.21 - - [27/Nov/2022:13:13:00 -0500] "GET /images/mercados-campesinos-5-mayo.jpg HTTP/1.1" 200 95848
201.245.192.253 - - [27/Nov/2022:13:13:07 -0500] "POST /kwsrmcab/Wsrmcab  HTTP/1.1" 200 42393
141.255.166.2 - - [27/Nov/2022:13:14:02 -0500] "GET / HTTP/1.1" 200 319
172.22.2.4 - - [27/Nov/2022:13:13:06 -0500] "HEAD /BLA/boletinlegal/ HTTP/1.1" 200 -
172.22.2.4 - - [27/Nov/2022:13:13:56 -0500] "GET /BLA/boletinlegal/ HTTP/1.1" 200 57824
173.252.111.3 - - [27/Nov/2022:13:16:28 -0500] "GET /images/Musgo%20SDA%20(1)%20(1).png HTTP/1.1" 200 302122
216.245.221.92 - - [27/Nov/2022:13:16:40 -0500] "HEAD / HTTP/1.1" 200 -
173.252.111.6 - - [27/Nov/2022:13:16:56 -0500] "GET /images/Reciclaton%20Nov%202022%20(1)%20(1).jpeg HTTP/1.1" 200 53811
201.245.192.253 - - [27/Nov/2022:13:18:06 -0500] "POST /kwsrmcab/Wsrmcab  HTTP/1.1" 200 42393
198.199.94.93 - - [27/Nov/2022:13:20:07 -0500] "GET /hudson HTTP/1.1" 404 1018
186.155.17.238 - - [27/Nov/2022:13:20:16 -0500] "POST /BLA/boletinlegal/admin/actos/ingresar.php HTTP/1.1" 200 7236
186.155.17.238 - - [27/Nov/2022:13:20:24 -0500] "GET /BLA/boletinlegal/images/favicon.ico HTTP/1.1" 404 1328
172.22.2.4 - - [27/Nov/2022:13:18:56 -0500] "HEAD /BLA/boletinlegal/ HTTP/1.1" 200 -
172.22.2.4 - - [27/Nov/2022:13:19:46 -0500] "GET /BLA/boletinlegal/ HTTP/1.1" 200 56825
201.245.192.253 - - [27/Nov/2022:13:21:27 -0500] "POST /kwsrmcab/Wsrmcab HTTP/1.1" 200 43043
201.245.192.253 - - [27/Nov/2022:13:21:29 -0500] "POST /kwsrmcab/Wsrmcab HTTP/1.1" 200 44146
216.245.221.92 - - [27/Nov/2022:13:21:40 -0500] "HEAD / HTTP/1.1" 200 -
186.155.17.238 - - [27/Nov/2022:13:22:14 -0500] "POST /BLA/boletinlegal/admin/actos/ingresar.php HTTP/1.1" 200 7236
201.245.192.253 - - [27/Nov/2022:13:23:05 -0500] "POST /kwsrmcab/Wsrmcab  HTTP/1.1" 200 42393
186.155.17.238 - - [27/Nov/2022:13:24:05 -0500] "POST /BLA/boletinlegal/admin/actos/ingresar.php HTTP/1.1" 200 7236
186.155.17.238 - - [27/Nov/2022:13:26:16 -0500] "POST /BLA/boletinlegal/admin/actos/ingresar.php HTTP/1.1" 200 7236
172.22.2.4 - - [27/Nov/2022:13:24:46 -0500] "HEAD /BLA/boletinlegal/ HTTP/1.1" 200 -
216.245.221.92 - - [27/Nov/2022:13:26:40 -0500] "HEAD / HTTP/1.1" 200 -
172.22.2.4 - - [27/Nov/2022:13:25:36 -0500] "GET /BLA/boletinlegal/ HTTP/1.1" 200 59779
157.55.39.39 - - [27/Nov/2022:13:27:29 -0500] "GET /bla/resoluciones/notificaciones/autos%202017/04926.pdf HTTP/1.1" 304 -
201.245.192.253 - - [27/Nov/2022:13:28:04 -0500] "POST /kwsrmcab/Wsrmcab  HTTP/1.1" 200 42393
186.155.17.238 - - [27/Nov/2022:13:28:12 -0500] "POST /BLA/boletinlegal/admin/actos/ingresar.php HTTP/1.1" 200 7236
172.22.2.4 - - [27/Nov/2022:13:28:14 -0500] "GET /BLA/boletinlegal/Circulares/2011/Circular%20No.%207%20del%2015%20de%20Septiembre%20de%202011.pdf HTTP/1.1" 304 -
185.215.113.5 - - [27/Nov/2022:13:28:37 -0500] "GET /BLA/resoluciones/AUTOS%202018/3623.pdf' HTTP/1.1" 404 1018
186.155.17.238 - - [27/Nov/2022:13:29:23 -0500] "POST /BLA/boletinlegal/admin/actos/ingresar.php HTTP/1.1" 200 7236
157.55.39.39 - - [27/Nov/2022:13:29:52 -0500] "GET /BLA/resoluciones/index.php?dir=AUTOS+2018%2F HTTP/1.1" 200 441980
186.155.17.238 - - [27/Nov/2022:13:30:40 -0500] "POST /BLA/boletinlegal/admin/actos/ingresar.php HTTP/1.1" 200 7236
186.84.39.20 - - [27/Nov/2022:13:30:49 -0500] "GET /con-la-apertura-de-la-exposicion-polinizando-bogota-encendio-desde-el-jardin-botanico-la-navidad-2022.html HTTP/1.1" 200 927
201.245.192.253 - - [27/Nov/2022:13:31:26 -0500] "POST /kwsrmcab/Wsrmcab HTTP/1.1" 200 43043
201.245.192.253 - - [27/Nov/2022:13:31:29 -0500] "POST /kwsrmcab/Wsrmcab HTTP/1.1" 200 44146
216.245.221.92 - - [27/Nov/2022:13:31:40 -0500] "HEAD / HTTP/1.1" 200 -
172.22.2.4 - - [27/Nov/2022:13:30:36 -0500] "HEAD /BLA/boletinlegal/ HTTP/1.1" 200 -
207.46.13.194 - - [27/Nov/2022:13:32:59 -0500] "GET /BLA/resoluciones/index.php?dir=RESOLUCIONES+2005%2FRES+2005+1751-1800%2F HTTP/1.1" 200 12368
201.245.192.253 - - [27/Nov/2022:13:33:03 -0500] "POST /kwsrmcab/Wsrmcab  HTTP/1.1" 200 42393
172.22.2.4 - - [27/Nov/2022:13:31:26 -0500] "GET /BLA/boletinlegal/ HTTP/1.1" 200 56474
186.155.17.238 - - [27/Nov/2022:13:33:47 -0500] "POST /BLA/boletinlegal/admin/actos/ingresar.php HTTP/1.1" 200 7236
186.155.17.238 - - [27/Nov/2022:13:33:50 -0500] "GET /BLA/boletinlegal/images/favicon.ico HTTP/1.1" 404 1328
186.155.17.238 - - [27/Nov/2022:13:35:15 -0500] "POST /BLA/boletinlegal/admin/actos/ingresar.php HTTP/1.1" 200 7236
216.245.221.92 - - [27/Nov/2022:13:36:40 -0500] "HEAD / HTTP/1.1" 200 -
202.124.224.164 - - [27/Nov/2022:13:36:46 -0500] "GET / HTTP/1.1" 200 319
172.22.2.4 - - [27/Nov/2022:13:36:12 -0500] "GET /BLA/boletinlegal/ HTTP/1.1" 200 24523
186.155.17.238 - - [27/Nov/2022:13:37:50 -0500] "POST /BLA/boletinlegal/admin/actos/ingresar.php HTTP/1.1" 200 7236
201.245.192.253 - - [27/Nov/2022:13:38:02 -0500] "POST /kwsrmcab/Wsrmcab  HTTP/1.1" 200 42393
198.74.59.35 - - [27/Nov/2022:13:38:05 -0500] "GET /galeria/galeria/jquery.fancybox.css?v=2.1.5 HTTP/1.1" 200 4895
198.74.59.35 - - [27/Nov/2022:13:38:05 -0500] "GET /BLA/boletinlegal/js/jquery.scrollShow.js HTTP/1.1" 200 4586
198.74.59.35 - - [27/Nov/2022:13:38:05 -0500] "GET /galeria/galeria/jquery.fancybox.js?v=2.1.5 HTTP/1.1" 200 48706
172.22.2.4 - - [27/Nov/2022:13:36:26 -0500] "HEAD /BLA/boletinlegal/ HTTP/1.1" 200 -
172.22.2.4 - - [27/Nov/2022:13:38:33 -0500] "GET /BLA/boletinlegal/Circulares/2019/Circular%20No.%200015%20del%2003%20de%20Octubre%20de%202019.pdf HTTP/1.1" 200 165608
172.22.2.4 - - [27/Nov/2022:13:38:33 -0500] "GET /BLA/boletinlegal/favicon.ico HTTP/1.1" 404 1498
172.22.2.4 - - [27/Nov/2022:13:37:16 -0500] "GET /BLA/boletinlegal/ HTTP/1.1" 200 59779
186.155.17.238 - - [27/Nov/2022:13:39:39 -0500] "POST /BLA/boletinlegal/admin/actos/ingresar.php HTTP/1.1" 200 7236
201.245.192.253 - - [27/Nov/2022:13:41:27 -0500] "POST /kwsrmcab/Wsrmcab HTTP/1.1" 200 43043
186.84.89.140 - - [27/Nov/2022:13:41:30 -0500] "GET /BLA/resoluciones/index.php?dir= HTTP/1.1" 200 13093
201.245.192.253 - - [27/Nov/2022:13:41:29 -0500] "POST /kwsrmcab/Wsrmcab HTTP/1.1" 200 44146
186.84.89.140 - - [27/Nov/2022:13:41:35 -0500] "GET /BLA/resoluciones/index.php?dir=AUTOS+2014%2F HTTP/1.1" 200 884821
216.245.221.92 - - [27/Nov/2022:13:41:40 -0500] "HEAD / HTTP/1.1" 200 -
172.22.2.4 - - [27/Nov/2022:13:42:45 -0500] "GET /BLA/boletinlegal/Circulares/2021/CIRCULAR%20No.%2000009%20DEL%2001%20DE%20OCTUBRE%20DEL%202021.pdf HTTP/1.1" 200 320793
201.245.192.253 - - [27/Nov/2022:13:43:01 -0500] "POST /kwsrmcab/Wsrmcab  HTTP/1.1" 200 42393
172.22.2.4 - - [27/Nov/2022:13:42:16 -0500] "HEAD /BLA/boletinlegal/ HTTP/1.1" 200 -
64.124.8.41 - - [27/Nov/2022:13:44:15 -0500] "GET /si-eres-sujeto-del-pago-de-tasa-retributiva-no-olvides-enviarnos-tu-formulario-de-autodeclaracion-de-vertimientos-de-2021.html HTTP/1.1" 200 1165
172.22.2.4 - - [27/Nov/2022:13:43:06 -0500] "GET /BLA/boletinlegal/ HTTP/1.1" 200 59779
186.155.17.238 - - [27/Nov/2022:13:44:55 -0500] "POST /BLA/boletinlegal/admin/actos/ingresar.php HTTP/1.1" 200 7236
216.245.221.92 - - [27/Nov/2022:13:46:40 -0500] "HEAD / HTTP/1.1" 200 -
201.245.192.253 - - [27/Nov/2022:13:48:00 -0500] "POST /kwsrmcab/Wsrmcab  HTTP/1.1" 200 42393
172.22.2.4 - - [27/Nov/2022:13:48:06 -0500] "HEAD /BLA/boletinlegal/ HTTP/1.1" 200 -
172.22.2.4 - - [27/Nov/2022:13:48:56 -0500] "GET /BLA/boletinlegal/ HTTP/1.1" 200 58185
207.46.13.174 - - [27/Nov/2022:13:51:16 -0500] "GET /BLA/resoluciones/index.php?dir=AUTOS+2012%2F HTTP/1.1" 200 275011
216.245.221.92 - - [27/Nov/2022:13:51:40 -0500] "HEAD / HTTP/1.1" 200 -
31.220.1.83 - - [27/Nov/2022:13:52:51 -0500] "GET / HTTP/1.1" 200 319
201.245.192.253 - - [27/Nov/2022:13:52:59 -0500] "POST /kwsrmcab/Wsrmcab  HTTP/1.1" 200 42393
40.77.167.58 - - [27/Nov/2022:13:53:20 -0500] "GET /BLA/resoluciones/index.php?dir=RESOLUCIONES+2017%2F HTTP/1.1" 200 284956
172.22.2.4 - - [27/Nov/2022:13:53:56 -0500] "HEAD /BLA/boletinlegal/ HTTP/1.1" 200 -
172.22.2.4 - - [27/Nov/2022:13:54:46 -0500] "GET /BLA/boletinlegal/ HTTP/1.1" 200 56825
216.245.221.92 - - [27/Nov/2022:13:56:40 -0500] "HEAD / HTTP/1.1" 200 -
201.245.192.253 - - [27/Nov/2022:13:57:58 -0500] "POST /kwsrmcab/Wsrmcab  HTTP/1.1" 200 42393
185.119.81.105 - - [27/Nov/2022:13:59:00 -0500] "GET /portaldeninos/wp-login.php HTTP/1.1" 200 2592
185.119.81.105 - - [27/Nov/2022:13:59:01 -0500] "POST /portaldeninos/wp-login.php HTTP/1.1" 200 3605
157.55.39.206 - - [27/Nov/2022:13:59:08 -0500] "GET /sipse/faces/autenticacion.xhtml HTTP/1.1" 200 12505
185.119.81.105 - - [27/Nov/2022:14:01:16 -0500] "GET /portaldeninos/wp-login.php HTTP/1.1" 200 2592
185.119.81.105 - - [27/Nov/2022:14:01:17 -0500] "POST /portaldeninos/wp-login.php HTTP/1.1" 200 3670
172.22.2.4 - - [27/Nov/2022:13:59:46 -0500] "HEAD /BLA/boletinlegal/ HTTP/1.1" 200 -
216.245.221.92 - - [27/Nov/2022:14:01:40 -0500] "HEAD / HTTP/1.1" 200 -
172.22.2.4 - - [27/Nov/2022:14:00:36 -0500] "GET /BLA/boletinlegal/ HTTP/1.1" 200 53739
201.245.192.253 - - [27/Nov/2022:14:02:57 -0500] "POST /kwsrmcab/Wsrmcab  HTTP/1.1" 200 42393
23.94.14.196 - - [27/Nov/2022:14:05:58 -0500] "GET / HTTP/1.1" 200 319
54.69.177.5 - - [27/Nov/2022:14:06:18 -0500] "GET /galeria/galeria/fotos/Capellania2P.jpg HTTP/1.1" 200 35380
216.245.221.92 - - [27/Nov/2022:14:06:40 -0500] "HEAD / HTTP/1.1" 200 -
186.154.164.111 - - [27/Nov/2022:14:07:10 -0500] "GET /BLA/boletinlegal/js/jquery.scrollShow.js HTTP/1.1" 200 4586
186.154.164.111 - - [27/Nov/2022:14:07:10 -0500] "GET /galeria/galeria/jquery.fancybox.css?v=2.1.5 HTTP/1.1" 200 4895
186.154.164.111 - - [27/Nov/2022:14:07:10 -0500] "GET /galeria/galeria/jquery.fancybox.js?v=2.1.5 HTTP/1.1" 200 48706
172.22.2.4 - - [27/Nov/2022:14:05:36 -0500] "HEAD /BLA/boletinlegal/ HTTP/1.1" 200 -
201.245.192.253 - - [27/Nov/2022:14:07:56 -0500] "POST /kwsrmcab/Wsrmcab  HTTP/1.1" 200 42393
172.22.2.4 - - [27/Nov/2022:14:06:26 -0500] "GET /BLA/boletinlegal/ HTTP/1.1" 200 53739
172.22.2.4 - - [27/Nov/2022:14:07:22 -0500] "GET /BLA/boletinlegal/index.php HTTP/1.1" 200 56079
172.22.2.4 - - [27/Nov/2022:14:09:53 -0500] "GET /BLA/boletinlegal/js/jquery.scrollShow.js HTTP/1.1" 200 4586
172.22.2.4 - - [27/Nov/2022:14:09:53 -0500] "GET /BLA/boletinlegal/js/jquery.scrollTo-min.js HTTP/1.1" 200 1150
157.55.39.39 - - [27/Nov/2022:14:11:07 -0500] "GET /BLA/resoluciones/index.php?dir=AUTOS+2018%2F HTTP/1.1" 200 441980
172.22.2.4 - - [27/Nov/2022:14:11:38 -0500] "GET /BLA/boletinlegal/normativa.php HTTP/1.1" 200 8333
216.245.221.92 - - [27/Nov/2022:14:11:40 -0500] "HEAD / HTTP/1.1" 200 -
172.22.2.4 - - [27/Nov/2022:14:11:53 -0500] "GET /BLA/boletinlegal/js/jquery.js HTTP/1.1" 200 57254
172.22.2.4 - - [27/Nov/2022:14:11:53 -0500] "GET /BLA/boletinlegal/style.css HTTP/1.1" 200 9406
172.22.2.4 - - [27/Nov/2022:14:11:54 -0500] "GET /BLA/boletinlegal/styles2.css HTTP/1.1" 200 1838
172.22.2.4 - - [27/Nov/2022:14:11:54 -0500] "GET /BLA/boletinlegal/style.css HTTP/1.1" 200 9406
172.22.2.4 - - [27/Nov/2022:14:11:54 -0500] "GET /BLA/boletinlegal/styles2.css HTTP/1.1" 200 1838
172.22.2.4 - - [27/Nov/2022:14:11:57 -0500] "GET /BLA/boletinlegal/js/ajax_normativa.js HTTP/1.1" 200 1154
172.22.2.4 - - [27/Nov/2022:14:11:58 -0500] "GET /BLA/boletinlegal/niceforms-default.css HTTP/1.1" 200 6694
172.22.2.4 - - [27/Nov/2022:14:11:58 -0500] "GET /BLA/boletinlegal/niceforms.js HTTP/1.1" 200 22876
201.245.192.253 - - [27/Nov/2022:14:12:55 -0500] "POST /kwsrmcab/Wsrmcab  HTTP/1.1" 200 42393
172.22.2.4 - - [27/Nov/2022:14:11:26 -0500] "HEAD /BLA/boletinlegal/ HTTP/1.1" 200 -
172.22.2.4 - - [27/Nov/2022:14:12:16 -0500] "GET /BLA/boletinlegal/ HTTP/1.1" 200 57824
185.119.81.105 - - [27/Nov/2022:14:14:08 -0500] "GET /portaldeninos/wp-login.php HTTP/1.1" 200 2592
185.119.81.105 - - [27/Nov/2022:14:14:09 -0500] "POST /portaldeninos/wp-login.php HTTP/1.1" 200 3650
216.245.221.92 - - [27/Nov/2022:14:16:40 -0500] "HEAD / HTTP/1.1" 200 -
201.245.192.253 - - [27/Nov/2022:14:17:55 -0500] "POST /kwsrmcab/Wsrmcab  HTTP/1.1" 200 42393
207.46.13.174 - - [27/Nov/2022:14:18:02 -0500] "GET /BLA/resoluciones/index.php?dir=RESOLUCIONES+2019%2F HTTP/1.1" 200 248983
172.22.2.4 - - [27/Nov/2022:14:17:16 -0500] "HEAD /BLA/boletinlegal/ HTTP/1.1" 200 -
172.22.2.4 - - [27/Nov/2022:14:18:06 -0500] "GET /BLA/boletinlegal/ HTTP/1.1" 200 59779
64.124.8.57 - - [27/Nov/2022:14:20:18 -0500] "GET /portaldeninos/aula-ambiental-artistica-itinerante-auambari/ HTTP/1.1" 200 89306
201.245.192.253 - - [27/Nov/2022:14:21:26 -0500] "POST /kwsrmcab/Wsrmcab HTTP/1.1" 200 43193
201.245.192.253 - - [27/Nov/2022:14:21:29 -0500] "POST /kwsrmcab/Wsrmcab HTTP/1.1" 200 44164
216.245.221.92 - - [27/Nov/2022:14:21:40 -0500] "HEAD / HTTP/1.1" 200 -
201.245.192.253 - - [27/Nov/2022:14:22:53 -0500] "POST /kwsrmcab/Wsrmcab  HTTP/1.1" 200 42393
40.77.167.13 - - [27/Nov/2022:14:23:46 -0500] "GET / HTTP/1.1" 200 4720
172.22.2.4 - - [27/Nov/2022:14:23:06 -0500] "HEAD /BLA/boletinlegal/ HTTP/1.1" 200 -
172.22.2.4 - - [27/Nov/2022:14:23:56 -0500] "GET /BLA/boletinlegal/ HTTP/1.1" 200 59404
216.245.221.92 - - [27/Nov/2022:14:26:40 -0500] "HEAD / HTTP/1.1" 200 -
157.55.39.206 - - [27/Nov/2022:14:27:41 -0500] "GET /BLA/resoluciones/AUTOS%202021/6247.pdf HTTP/1.1" 304 -
201.245.192.253 - - [27/Nov/2022:14:27:51 -0500] "POST /kwsrmcab/Wsrmcab  HTTP/1.1" 200 42393
172.22.2.4 - - [27/Nov/2022:14:28:56 -0500] "HEAD /BLA/boletinlegal/ HTTP/1.1" 200 -
172.22.2.4 - - [27/Nov/2022:14:29:46 -0500] "GET /BLA/boletinlegal/ HTTP/1.1" 200 58185
201.245.192.253 - - [27/Nov/2022:14:31:27 -0500] "POST /kwsrmcab/Wsrmcab HTTP/1.1" 200 43193
201.245.192.253 - - [27/Nov/2022:14:31:29 -0500] "POST /kwsrmcab/Wsrmcab HTTP/1.1" 200 44164
216.245.221.92 - - [27/Nov/2022:14:31:40 -0500] "HEAD / HTTP/1.1" 200 -
191.156.153.155 - - [27/Nov/2022:14:32:18 -0500] "GET /con-la-apertura-de-la-exposicion-polinizando-bogota-encendio-desde-el-jardin-botanico-la-navidad-2022.html HTTP/1.1" 200 927
201.245.192.253 - - [27/Nov/2022:14:32:50 -0500] "POST /kwsrmcab/Wsrmcab  HTTP/1.1" 200 42393
185.119.81.105 - - [27/Nov/2022:14:33:27 -0500] "GET /portaldeninos/wp-login.php HTTP/1.1" 200 2592
185.119.81.105 - - [27/Nov/2022:14:33:29 -0500] "POST /portaldeninos/wp-login.php HTTP/1.1" 200 3605
185.119.81.105 - - [27/Nov/2022:14:35:37 -0500] "GET /portaldeninos/wp-login.php HTTP/1.1" 200 2592
185.119.81.105 - - [27/Nov/2022:14:35:38 -0500] "POST /portaldeninos/wp-login.php HTTP/1.1" 200 3605
172.22.2.4 - - [27/Nov/2022:14:34:46 -0500] "HEAD /BLA/boletinlegal/ HTTP/1.1" 200 -
216.245.221.92 - - [27/Nov/2022:14:36:40 -0500] "HEAD / HTTP/1.1" 200 -
172.22.2.4 - - [27/Nov/2022:14:35:36 -0500] "GET /BLA/boletinlegal/ HTTP/1.1" 200 59779
201.245.192.253 - - [27/Nov/2022:14:37:49 -0500] "POST /kwsrmcab/Wsrmcab  HTTP/1.1" 200 42393
66.249.64.17 - - [27/Nov/2022:14:39:48 -0500] "-" 408 -
201.245.192.253 - - [27/Nov/2022:14:41:26 -0500] "POST /kwsrmcab/Wsrmcab HTTP/1.1" 200 43193
201.245.192.253 - - [27/Nov/2022:14:41:29 -0500] "POST /kwsrmcab/Wsrmcab HTTP/1.1" 200 44164
216.245.221.92 - - [27/Nov/2022:14:41:40 -0500] "HEAD / HTTP/1.1" 200 -
172.22.2.4 - - [27/Nov/2022:14:40:36 -0500] "HEAD /BLA/boletinlegal/ HTTP/1.1" 200 -
201.245.192.253 - - [27/Nov/2022:14:42:48 -0500] "POST /kwsrmcab/Wsrmcab  HTTP/1.1" 200 42393
172.22.2.4 - - [27/Nov/2022:14:41:26 -0500] "GET /BLA/boletinlegal/ HTTP/1.1" 200 59404
207.46.13.174 - - [27/Nov/2022:14:45:45 -0500] "GET /forest/ HTTP/1.1" 200 12041
216.245.221.92 - - [27/Nov/2022:14:46:40 -0500] "HEAD / HTTP/1.1" 200 -
201.245.192.253 - - [27/Nov/2022:14:47:47 -0500] "POST /kwsrmcab/Wsrmcab  HTTP/1.1" 200 42393
172.22.2.4 - - [27/Nov/2022:14:46:26 -0500] "HEAD /BLA/boletinlegal/ HTTP/1.1" 200 -
172.22.2.4 - - [27/Nov/2022:14:47:16 -0500] "GET /BLA/boletinlegal/ HTTP/1.1" 200 57824
173.252.107.120 - - [27/Nov/2022:14:49:14 -0500] "GET /cuco-americano-otra-ave-que-esta-en-epoca-de-migracion.html HTTP/1.1" 206 914
173.252.107.5 - - [27/Nov/2022:14:49:14 -0500] "GET /cuco-americano-otra-ave-que-esta-en-epoca-de-migracion.html HTTP/1.1" 206 914
173.252.107.23 - - [27/Nov/2022:14:49:14 -0500] "GET /images/cuco-americano-23-noviembre.jpg HTTP/1.1" 200 34532
92.118.39.78 - - [27/Nov/2022:14:50:47 -0500] "GET / HTTP/1.1" 200 319
216.245.221.92 - - [27/Nov/2022:14:51:40 -0500] "HEAD / HTTP/1.1" 200 -
157.55.39.39 - - [27/Nov/2022:14:52:32 -0500] "GET /BLA/resoluciones/index.php?dir=AUTOS+2018%2F HTTP/1.1" 200 441980
201.245.192.253 - - [27/Nov/2022:14:52:46 -0500] "POST /kwsrmcab/Wsrmcab  HTTP/1.1" 200 42393
200.118.62.238 - - [27/Nov/2022:14:53:00 -0500] "GET /con-la-apertura-de-la-exposicion-polinizando-bogota-encendio-desde-el-jardin-botanico-la-navidad-2022.html HTTP/1.1" 200 927
172.22.2.4 - - [27/Nov/2022:14:52:16 -0500] "HEAD /BLA/boletinlegal/ HTTP/1.1" 200 -
172.22.2.4 - - [27/Nov/2022:14:53:06 -0500] "GET /BLA/boletinlegal/ HTTP/1.1" 200 59779
186.80.52.20 - - [27/Nov/2022:14:56:16 -0500] "GET /con-la-apertura-de-la-exposicion-polinizando-bogota-encendio-desde-el-jardin-botanico-la-navidad-2022.html HTTP/1.1" 200 927
216.245.221.92 - - [27/Nov/2022:14:56:40 -0500] "HEAD / HTTP/1.1" 200 -
173.252.95.20 - - [27/Nov/2022:14:57:03 -0500] "GET /incautadas-tarantulas-que-iban-a-ser-exportadas-ilegalmente-desde-bogota-hasta-mexico.html HTTP/1.1" 206 899
201.245.192.253 - - [27/Nov/2022:14:57:46 -0500] "POST /kwsrmcab/Wsrmcab  HTTP/1.1" 200 42393
172.22.2.4 - - [27/Nov/2022:14:58:06 -0500] "HEAD /BLA/boletinlegal/ HTTP/1.1" 200 -
190.27.121.232 - - [27/Nov/2022:14:59:52 -0500] "GET / HTTP/1.1" 200 319
190.27.121.232 - - [27/Nov/2022:14:59:52 -0500] "GET /favicon.ico HTTP/1.1" 200 7782
172.22.2.4 - - [27/Nov/2022:14:58:56 -0500] "GET /BLA/boletinlegal/ HTTP/1.1" 200 57824
216.245.221.92 - - [27/Nov/2022:15:01:39 -0500] "HEAD / HTTP/1.1" 200 -
201.245.192.253 - - [27/Nov/2022:15:02:45 -0500] "POST /kwsrmcab/Wsrmcab  HTTP/1.1" 200 42393
172.22.2.4 - - [27/Nov/2022:15:03:56 -0500] "HEAD /BLA/boletinlegal/ HTTP/1.1" 200 -
172.22.2.4 - - [27/Nov/2022:15:04:46 -0500] "GET /BLA/boletinlegal/ HTTP/1.1" 200 55680
216.245.221.92 - - [27/Nov/2022:15:06:39 -0500] "HEAD / HTTP/1.1" 200 -
191.95.48.190 - - [27/Nov/2022:15:06:49 -0500] "GET /BLA/boletinlegal/consulta_normativa.php?tipo=Resolucion&sector=concesion&ano=&resuelve= HTTP/1.1" 200 861
191.95.48.190 - - [27/Nov/2022:15:06:49 -0500] "GET /BLA/boletinlegal/images/docs.png HTTP/1.1" 200 10288
185.119.81.100 - - [27/Nov/2022:15:07:03 -0500] "GET /portaldeninos/wp-login.php HTTP/1.1" 200 2592
185.119.81.100 - - [27/Nov/2022:15:07:04 -0500] "POST /portaldeninos/wp-login.php HTTP/1.1" 200 3605
201.245.192.253 - - [27/Nov/2022:15:07:44 -0500] "POST /kwsrmcab/Wsrmcab  HTTP/1.1" 200 42393
173.61.143.98 - - [27/Nov/2022:15:08:24 -0500] "GET / HTTP/1.1" 200 319
179.32.4.79 - - [27/Nov/2022:15:08:34 -0500] "GET /vota-por-bogota-en-we-love-cities-pioneros-en-sostenibilidad.html HTTP/1.1" 200 850
172.22.2.4 - - [27/Nov/2022:15:09:46 -0500] "HEAD /BLA/boletinlegal/ HTTP/1.1" 200 -
207.46.13.174 - - [27/Nov/2022:15:11:30 -0500] "GET /BLA/boletinlegal/js/jquery.scrollShow.js HTTP/1.1" 200 4586
216.245.221.92 - - [27/Nov/2022:15:11:39 -0500] "HEAD / HTTP/1.1" 200 -
172.22.2.4 - - [27/Nov/2022:15:10:36 -0500] "GET /BLA/boletinlegal/ HTTP/1.1" 200 58612
40.77.167.58 - - [27/Nov/2022:15:12:18 -0500] "GET /BLA/resoluciones/AUTOS%202022/3257.pdf HTTP/1.1" 200 409422
201.245.192.253 - - [27/Nov/2022:15:12:43 -0500] "POST /kwsrmcab/Wsrmcab  HTTP/1.1" 200 42393
200.119.187.186 - - [27/Nov/2022:15:13:14 -0500] "GET /galeria/galeria/jquery.fancybox.css?v=2.1.5 HTTP/1.1" 200 4895
200.119.187.186 - - [27/Nov/2022:15:13:14 -0500] "GET /BLA/boletinlegal/js/jquery.scrollShow.js HTTP/1.1" 200 4586
200.119.187.186 - - [27/Nov/2022:15:13:14 -0500] "GET /galeria/galeria/jquery.fancybox.js?v=2.1.5 HTTP/1.1" 200 48706
185.119.81.104 - - [27/Nov/2022:15:14:30 -0500] "GET /portaldeninos/wp-login.php HTTP/1.1" 200 2592
185.119.81.104 - - [27/Nov/2022:15:14:31 -0500] "POST /portaldeninos/wp-login.php HTTP/1.1" 200 3650
205.169.39.63 - - [27/Nov/2022:15:15:56 -0500] "GET /portaldeninos/wp-content/uploads/useanyfont/uaf.css?ver=1589905315 HTTP/1.1" 200 408
205.169.39.63 - - [27/Nov/2022:15:15:56 -0500] "GET /portaldeninos/wp-content/themes/betheme/css/layout.css?ver=20.9.6 HTTP/1.1" 200 116639
65.154.226.171 - - [27/Nov/2022:15:15:56 -0500] "GET /portaldeninos/wp-content/plugins/gallery-videos/CSS/totalsoft.css?ver=4.9.8 HTTP/1.1" 200 40622
205.169.39.63 - - [27/Nov/2022:15:15:58 -0500] "GET /portaldeninos/wp-content/themes/betheme/style.css?ver=20.9.6 HTTP/1.1" 200 287
205.169.39.63 - - [27/Nov/2022:15:15:58 -0500] "GET /portaldeninos/wp-content/plugins/gallery-videos/CSS/Total-Soft-Gallery-Video-Widget.css?ver=4.9.8 HTTP/1.1" 200 51554
205.169.39.63 - - [27/Nov/2022:15:15:58 -0500] "GET /portaldeninos/wp-content/themes/betheme/css/base.css?ver=20.9.6 HTTP/1.1" 200 57283
216.245.221.92 - - [27/Nov/2022:15:16:40 -0500] "HEAD / HTTP/1.1" 200 -
172.22.2.4 - - [27/Nov/2022:15:15:36 -0500] "HEAD /BLA/boletinlegal/ HTTP/1.1" 200 -
201.245.192.253 - - [27/Nov/2022:15:17:41 -0500] "POST /kwsrmcab/Wsrmcab  HTTP/1.1" 200 42393
172.22.2.4 - - [27/Nov/2022:15:16:26 -0500] "GET /BLA/boletinlegal/ HTTP/1.1" 200 57824
201.245.192.253 - - [27/Nov/2022:15:21:26 -0500] "POST /kwsrmcab/Wsrmcab HTTP/1.1" 200 43200
201.245.192.253 - - [27/Nov/2022:15:21:29 -0500] "POST /kwsrmcab/Wsrmcab HTTP/1.1" 200 44337
216.245.221.92 - - [27/Nov/2022:15:21:39 -0500] "HEAD / HTTP/1.1" 200 -
201.245.192.253 - - [27/Nov/2022:15:22:41 -0500] "POST /kwsrmcab/Wsrmcab  HTTP/1.1" 200 42393
190.157.191.204 - - [27/Nov/2022:15:23:02 -0500] "GET /con-la-apertura-de-la-exposicion-polinizando-bogota-encendio-desde-el-jardin-botanico-la-navidad-2022.html HTTP/1.1" 200 927
172.22.2.4 - - [27/Nov/2022:15:21:26 -0500] "HEAD /BLA/boletinlegal/ HTTP/1.1" 200 -
172.22.2.4 - - [27/Nov/2022:15:22:16 -0500] "GET /BLA/boletinlegal/ HTTP/1.1" 200 57192
64.124.8.41 - - [27/Nov/2022:15:24:05 -0500] "-" 408 -
216.245.221.92 - - [27/Nov/2022:15:26:39 -0500] "HEAD / HTTP/1.1" 200 -
201.245.192.253 - - [27/Nov/2022:15:27:39 -0500] "POST /kwsrmcab/Wsrmcab  HTTP/1.1" 200 42393
190.27.128.131 - - [27/Nov/2022:15:28:22 -0500] "GET /BLA/resoluciones/ HTTP/1.1" 200 13093
192.241.206.96 - - [27/Nov/2022:15:28:22 -0500] "GET /portal/redlion HTTP/1.1" 404 1018
190.27.128.131 - - [27/Nov/2022:15:28:25 -0500] "GET /BLA/resoluciones/dlf/dirup.png HTTP/1.1" 200 644
190.27.128.131 - - [27/Nov/2022:15:28:25 -0500] "GET /BLA/resoluciones/dlf/pdf.gif HTTP/1.1" 200 272
190.27.128.131 - - [27/Nov/2022:15:28:25 -0500] "GET /BLA/resoluciones/index.php?dir=RESOLUCIONES+2019%2F HTTP/1.1" 200 248983
192.241.201.18 - - [27/Nov/2022:15:28:33 -0500] "GET /actuator/health HTTP/1.1" 404 1018
190.27.128.131 - - [27/Nov/2022:15:28:41 -0500] "GET /BLA/resoluciones/RESOLUCIONES%202019/1890.pdf HTTP/1.1" 200 283853
190.27.128.131 - - [27/Nov/2022:15:28:41 -0500] "GET /BLA/resoluciones/RESOLUCIONES%202019/1890.pdf HTTP/1.1" 200 283853
190.27.128.131 - - [27/Nov/2022:15:28:41 -0500] "GET /BLA/resoluciones/RESOLUCIONES%202019/1890.pdf HTTP/1.1" 206 1025
157.55.39.39 - - [27/Nov/2022:15:28:44 -0500] "GET /autoliquidacion2020/Grupo%20Forestal%20-%20Industria%20de%20la%20Madera/Registro%20del%20libro%20de%20operaciones%20forestales/PM04-PR20-INS1Diligenciamiento%20libro%20operaciones.docx HTTP/1.1" 200 44945
172.22.2.4 - - [27/Nov/2022:15:27:16 -0500] "HEAD /BLA/boletinlegal/ HTTP/1.1" 200 -
190.27.128.131 - - [27/Nov/2022:15:29:40 -0500] "GET /BLA/resoluciones/index.php?dir=RESOLUCIONES+2022%2F HTTP/1.1" 200 227765
172.22.2.4 - - [27/Nov/2022:15:28:06 -0500] "GET /BLA/boletinlegal/ HTTP/1.1" 200 57824
190.27.128.131 - - [27/Nov/2022:15:29:53 -0500] "GET /BLA/resoluciones/RESOLUCIONES%202022/1890-.pdf HTTP/1.1" 200 290236
190.27.128.131 - - [27/Nov/2022:15:29:53 -0500] "GET /BLA/resoluciones/RESOLUCIONES%202022/1890-.pdf HTTP/1.1" 200 290236
190.27.128.131 - - [27/Nov/2022:15:29:53 -0500] "GET /BLA/resoluciones/RESOLUCIONES%202022/1890-.pdf HTTP/1.1" 206 1025
190.27.128.131 - - [27/Nov/2022:15:30:09 -0500] "GET /BLA/resoluciones/index.php?dir=RESOLUCIONES+2018%2F HTTP/1.1" 200 272626
190.27.128.131 - - [27/Nov/2022:15:30:22 -0500] "GET /BLA/resoluciones/RESOLUCIONES%202018/1890.pdf HTTP/1.1" 200 561608
190.27.128.131 - - [27/Nov/2022:15:30:22 -0500] "GET /BLA/resoluciones/RESOLUCIONES%202018/1890.pdf HTTP/1.1" 200 561608
190.27.128.131 - - [27/Nov/2022:15:30:22 -0500] "GET /BLA/resoluciones/RESOLUCIONES%202018/1890.pdf HTTP/1.1" 206 1025
201.245.192.253 - - [27/Nov/2022:15:31:27 -0500] "POST /kwsrmcab/Wsrmcab HTTP/1.1" 200 43200
201.245.192.253 - - [27/Nov/2022:15:31:29 -0500] "POST /kwsrmcab/Wsrmcab HTTP/1.1" 200 44337
216.245.221.92 - - [27/Nov/2022:15:31:39 -0500] "HEAD / HTTP/1.1" 200 -
152.203.216.100 - - [27/Nov/2022:15:32:26 -0500] "GET /con-la-apertura-de-la-exposicion-polinizando-bogota-encendio-desde-el-jardin-botanico-la-navidad-2022.html HTTP/1.1" 200 927
201.245.192.253 - - [27/Nov/2022:15:32:38 -0500] "POST /kwsrmcab/Wsrmcab  HTTP/1.1" 200 42393
157.55.39.39 - - [27/Nov/2022:15:32:46 -0500] "GET /BLA/resoluciones/index.php?dir=AUTOS+2018%2F HTTP/1.1" 200 441980
172.22.2.4 - - [27/Nov/2022:15:33:06 -0500] "HEAD /BLA/boletinlegal/ HTTP/1.1" 200 -
190.60.254.219 - - [27/Nov/2022:15:35:07 -0500] "GET /con-la-apertura-de-la-exposicion-polinizando-bogota-encendio-desde-el-jardin-botanico-la-navidad-2022.html HTTP/1.1" 200 927
172.22.2.4 - - [27/Nov/2022:15:33:56 -0500] "GET /BLA/boletinlegal/ HTTP/1.1" 200 57824
216.245.221.92 - - [27/Nov/2022:15:36:39 -0500] "HEAD / HTTP/1.1" 200 -
172.22.2.4 - - [27/Nov/2022:15:35:43 -0500] "GET /BLA/boletinlegal/ HTTP/1.1" 200 62840
185.119.81.105 - - [27/Nov/2022:15:37:27 -0500] "GET /portaldeninos/wp-login.php HTTP/1.1" 200 2592
185.119.81.105 - - [27/Nov/2022:15:37:28 -0500] "POST /portaldeninos/wp-login.php HTTP/1.1" 200 3605
