201.245.192.253 - - [27/Nov/2022:15:37:37 -0500] "POST /kwsrmcab/Wsrmcab  HTTP/1.1" 200 42393
199.16.157.180 - - [27/Nov/2022:15:39:15 -0500] "GET /images/Simulacro%2001%20SDA.jpeg HTTP/1.1" 200 60190
172.22.2.4 - - [27/Nov/2022:15:37:48 -0500] "GET /BLA/boletinlegal/ HTTP/1.1" 200 59779
172.22.2.4 - - [27/Nov/2022:15:39:37 -0500] "GET /BLA/boletinlegal/Circulares/2019/.pdf HTTP/1.1" 404 1218
172.22.2.4 - - [27/Nov/2022:15:39:47 -0500] "GET /BLA/boletinlegal/Circulares/2012/Circular%20No.%2010%20del%2026%20de%20Enero%20de%202012.pdf HTTP/1.1" 404 1218
172.22.2.4 - - [27/Nov/2022:15:38:56 -0500] "HEAD /BLA/boletinlegal/ HTTP/1.1" 200 -
181.136.119.148 - - [27/Nov/2022:15:40:43 -0500] "GET /galeria/galeria/jquery.fancybox.css?v=2.1.5 HTTP/1.1" 200 4895
181.136.119.148 - - [27/Nov/2022:15:40:43 -0500] "GET /BLA/boletinlegal/js/jquery.scrollShow.js HTTP/1.1" 200 4586
181.136.119.148 - - [27/Nov/2022:15:40:43 -0500] "GET /galeria/galeria/jquery.fancybox.js?v=2.1.5 HTTP/1.1" 200 48706
172.22.2.4 - - [27/Nov/2022:15:39:46 -0500] "GET /BLA/boletinlegal/ HTTP/1.1" 200 59779
201.245.192.253 - - [27/Nov/2022:15:41:26 -0500] "POST /kwsrmcab/Wsrmcab HTTP/1.1" 200 43200
201.245.192.253 - - [27/Nov/2022:15:41:29 -0500] "POST /kwsrmcab/Wsrmcab HTTP/1.1" 200 44337
216.245.221.92 - - [27/Nov/2022:15:41:39 -0500] "HEAD / HTTP/1.1" 200 -
201.245.192.253 - - [27/Nov/2022:15:42:36 -0500] "POST /kwsrmcab/Wsrmcab  HTTP/1.1" 200 42393
172.22.2.4 - - [27/Nov/2022:15:44:01 -0500] "GET /BLA/boletinlegal/favicon.ico HTTP/1.1" 404 1018
172.22.2.4 - - [27/Nov/2022:15:43:46 -0500] "GET /BLA/boletinlegal/ HTTP/1.1" 200 20427
172.22.2.4 - - [27/Nov/2022:15:43:46 -0500] "GET /BLA/boletinlegal/ HTTP/1.1" 200 32715
172.22.2.4 - - [27/Nov/2022:15:44:18 -0500] "GET /BLA/boletinlegal/ HTTP/1.1" 200 20427
172.22.2.4 - - [27/Nov/2022:15:44:45 -0500] "HEAD /BLA/boletinlegal/ HTTP/1.1" 200 -
216.245.221.92 - - [27/Nov/2022:15:46:39 -0500] "HEAD / HTTP/1.1" 200 -
172.22.2.4 - - [27/Nov/2022:15:45:36 -0500] "GET /BLA/boletinlegal/ HTTP/1.1" 200 59779
201.245.192.253 - - [27/Nov/2022:15:47:35 -0500] "POST /kwsrmcab/Wsrmcab  HTTP/1.1" 200 42393
141.255.166.2 - - [27/Nov/2022:15:49:06 -0500] "POST /boaform/admin/formLogin HTTP/1.1" 404 1186
190.27.128.131 - - [27/Nov/2022:15:49:58 -0500] "GET /BLA/resoluciones/ HTTP/1.1" 200 13093
190.27.128.131 - - [27/Nov/2022:15:50:00 -0500] "GET /BLA/resoluciones/index.php?dir=RESOLUCIONES+2017%2F HTTP/1.1" 200 284956
190.27.128.131 - - [27/Nov/2022:15:50:12 -0500] "GET /BLA/resoluciones/RESOLUCIONES%202017/1819.pdf HTTP/1.1" 200 581328
190.27.128.131 - - [27/Nov/2022:15:50:12 -0500] "GET /BLA/resoluciones/RESOLUCIONES%202017/1819.pdf HTTP/1.1" 200 581328
190.27.128.131 - - [27/Nov/2022:15:50:12 -0500] "GET /BLA/resoluciones/RESOLUCIONES%202017/1819.pdf HTTP/1.1" 206 1025
181.136.119.148 - - [27/Nov/2022:15:51:12 -0500] "GET /galeria/galeria/jquery.fancybox.css?v=2.1.5 HTTP/1.1" 200 4895
181.136.119.148 - - [27/Nov/2022:15:51:12 -0500] "GET /BLA/boletinlegal/js/jquery.scrollShow.js HTTP/1.1" 200 4586
181.136.119.148 - - [27/Nov/2022:15:51:12 -0500] "GET /galeria/galeria/jquery.fancybox.js?v=2.1.5 HTTP/1.1" 200 48706
216.245.221.92 - - [27/Nov/2022:15:51:39 -0500] "HEAD / HTTP/1.1" 200 -
172.22.2.4 - - [27/Nov/2022:15:50:35 -0500] "HEAD /BLA/boletinlegal/ HTTP/1.1" 200 -
201.245.192.253 - - [27/Nov/2022:15:52:34 -0500] "POST /kwsrmcab/Wsrmcab  HTTP/1.1" 200 42393
172.22.2.4 - - [27/Nov/2022:15:51:26 -0500] "GET /BLA/boletinlegal/ HTTP/1.1" 200 57824
40.77.167.13 - - [27/Nov/2022:15:54:05 -0500] "GET /BLA/resoluciones/RESOLUCIONES%202022/0957.pdf HTTP/1.1" 304 -
157.55.39.39 - - [27/Nov/2022:15:54:23 -0500] "GET /BLA/resoluciones/AUTOS%202021/6802.pdf HTTP/1.1" 304 -
216.245.221.92 - - [27/Nov/2022:15:56:39 -0500] "HEAD / HTTP/1.1" 200 -
190.27.128.131 - - [27/Nov/2022:15:56:59 -0500] "GET /BLA/resoluciones/ HTTP/1.1" 200 13093
190.27.128.131 - - [27/Nov/2022:15:57:02 -0500] "GET /BLA/resoluciones/index.php?dir=RESOLUCIONES+2017%2F HTTP/1.1" 200 284956
186.86.33.234 - - [27/Nov/2022:15:57:04 -0500] "GET /galeria/galeria/jquery.fancybox.css?v=2.1.5 HTTP/1.1" 200 4895
186.86.33.234 - - [27/Nov/2022:15:57:04 -0500] "GET /BLA/boletinlegal/js/jquery.scrollShow.js HTTP/1.1" 200 4586
186.86.33.234 - - [27/Nov/2022:15:57:04 -0500] "GET /galeria/galeria/jquery.fancybox.js?v=2.1.5 HTTP/1.1" 200 48706
190.27.128.131 - - [27/Nov/2022:15:57:12 -0500] "GET /BLA/resoluciones/RESOLUCIONES%202017/0600.pdf HTTP/1.1" 200 345869
190.27.128.131 - - [27/Nov/2022:15:57:12 -0500] "GET /BLA/resoluciones/RESOLUCIONES%202017/0600.pdf HTTP/1.1" 200 345869
190.27.128.131 - - [27/Nov/2022:15:57:12 -0500] "GET /BLA/resoluciones/RESOLUCIONES%202017/0600.pdf HTTP/1.1" 206 1025
190.27.128.131 - - [27/Nov/2022:15:57:22 -0500] "GET /BLA/resoluciones/index.php?dir=RESOLUCIONES+2018%2F HTTP/1.1" 200 272626
201.245.192.253 - - [27/Nov/2022:15:57:32 -0500] "POST /kwsrmcab/Wsrmcab  HTTP/1.1" 200 42393
190.27.128.131 - - [27/Nov/2022:15:57:35 -0500] "GET /BLA/resoluciones/index.php?dir=RESOLUCIONES+2019%2F HTTP/1.1" 200 248983
190.27.128.131 - - [27/Nov/2022:15:57:45 -0500] "GET /BLA/resoluciones/index.php?dir=RESOLUCIONES+2020%2F HTTP/1.1" 200 166844
190.27.128.131 - - [27/Nov/2022:15:57:54 -0500] "GET /BLA/resoluciones/RESOLUCIONES%202020/0600.pdf HTTP/1.1" 200 608593
190.27.128.131 - - [27/Nov/2022:15:57:54 -0500] "GET /BLA/resoluciones/RESOLUCIONES%202020/0600.pdf HTTP/1.1" 206 1025
190.27.128.131 - - [27/Nov/2022:15:57:54 -0500] "GET /BLA/resoluciones/RESOLUCIONES%202020/0600.pdf HTTP/1.1" 200 608593
190.27.128.131 - - [27/Nov/2022:15:57:55 -0500] "GET /BLA/resoluciones/RESOLUCIONES%202020/0600.pdf HTTP/1.1" 206 3072
186.144.248.42 - - [27/Nov/2022:15:58:03 -0500] "GET /con-la-apertura-de-la-exposicion-polinizando-bogota-encendio-desde-el-jardin-botanico-la-navidad-2022.html HTTP/1.1" 200 927
190.27.128.131 - - [27/Nov/2022:15:58:05 -0500] "GET /BLA/resoluciones/index.php?dir=RESOLUCIONES+2020%2F HTTP/1.1" 200 166844
172.22.2.4 - - [27/Nov/2022:15:56:25 -0500] "HEAD /BLA/boletinlegal/ HTTP/1.1" 200 -
190.27.128.131 - - [27/Nov/2022:15:58:13 -0500] "GET /BLA/resoluciones/RESOLUCIONES%202020/0600.pdf HTTP/1.1" 206 1
190.27.128.131 - - [27/Nov/2022:15:58:13 -0500] "GET /BLA/resoluciones/RESOLUCIONES%202020/0600.pdf HTTP/1.1" 206 511437
190.27.128.131 - - [27/Nov/2022:15:58:13 -0500] "GET /BLA/resoluciones/RESOLUCIONES%202020/0600.pdf HTTP/1.1" 200 608593
190.27.128.131 - - [27/Nov/2022:15:58:20 -0500] "GET /BLA/resoluciones/index.php?dir=RESOLUCIONES+2021%2F HTTP/1.1" 200 433522
190.27.128.131 - - [27/Nov/2022:15:58:25 -0500] "GET /BLA/resoluciones/RESOLUCIONES%202021/0600.pdf HTTP/1.1" 200 765150
190.27.128.131 - - [27/Nov/2022:15:58:26 -0500] "GET /BLA/resoluciones/RESOLUCIONES%202021/0600.pdf HTTP/1.1" 206 1025
190.27.128.131 - - [27/Nov/2022:15:58:26 -0500] "GET /BLA/resoluciones/RESOLUCIONES%202021/0600.pdf HTTP/1.1" 200 765150
190.27.128.131 - - [27/Nov/2022:15:58:27 -0500] "GET /BLA/resoluciones/RESOLUCIONES%202021/0600.pdf HTTP/1.1" 206 3072
34.77.181.223 - - [27/Nov/2022:15:58:42 -0500] "GET /distrito-entrego-certificado-de-reconocimiento-a-mas-de-600-mujeres-que-reverdecen-tras-seis-meses-de-formacion-teorica-y-practica.html HTTP/1.1" 200 1113
172.22.2.4 - - [27/Nov/2022:15:57:16 -0500] "GET /BLA/boletinlegal/ HTTP/1.1" 200 59404
64.124.8.57 - - [27/Nov/2022:16:00:08 -0500] "-" 408 -
216.245.221.92 - - [27/Nov/2022:16:01:39 -0500] "HEAD / HTTP/1.1" 200 -
207.46.13.174 - - [27/Nov/2022:16:02:18 -0500] "GET /BLA/resoluciones/index.php?dir=AUTOS+2012%2F HTTP/1.1" 200 275011
201.245.192.253 - - [27/Nov/2022:16:02:32 -0500] "POST /kwsrmcab/Wsrmcab  HTTP/1.1" 200 42393
40.77.167.58 - - [27/Nov/2022:16:03:42 -0500] "GET /BLA/resoluciones/index.php?dir=RESOLUCIONES+2017%2F HTTP/1.1" 200 284956
172.22.2.4 - - [27/Nov/2022:16:02:15 -0500] "HEAD /BLA/boletinlegal/ HTTP/1.1" 200 -
172.22.2.4 - - [27/Nov/2022:16:03:06 -0500] "GET /BLA/boletinlegal/ HTTP/1.1" 200 57824
172.22.2.4 - - [27/Nov/2022:16:04:50 -0500] "GET /BLA/boletinlegal/actos.php HTTP/1.1" 200 9566
172.22.2.4 - - [27/Nov/2022:16:04:50 -0500] "GET /BLA/boletinlegal/styles2.css HTTP/1.1" 200 1838
172.22.2.4 - - [27/Nov/2022:16:04:50 -0500] "GET /BLA/boletinlegal/images/body_bg.jpg HTTP/1.1" 200 1601
172.22.2.4 - - [27/Nov/2022:16:04:50 -0500] "GET /BLA/boletinlegal/images/menu_rght.gif HTTP/1.1" 200 1627
172.22.2.4 - - [27/Nov/2022:16:04:50 -0500] "GET /BLA/boletinlegal/images/menu_lft.gif HTTP/1.1" 200 1713
172.22.2.4 - - [27/Nov/2022:16:04:50 -0500] "GET /BLA/boletinlegal/images/bg_top.jpg HTTP/1.1" 200 522
161.18.209.219 - - [27/Nov/2022:16:04:54 -0500] "GET /BLA/resoluciones/ HTTP/1.1" 200 13093
161.18.209.219 - - [27/Nov/2022:16:04:54 -0500] "GET /BLA/resoluciones/dlf/styles.css HTTP/1.1" 200 3049
161.18.209.219 - - [27/Nov/2022:16:04:56 -0500] "GET /BLA/resoluciones/index.php?dir=AUTOS+2019%2F HTTP/1.1" 200 349340
95.217.144.236 - - [27/Nov/2022:16:06:38 -0500] "-" 408 -
95.217.144.236 - - [27/Nov/2022:16:06:38 -0500] "-" 408 -
95.217.144.236 - - [27/Nov/2022:16:06:38 -0500] "-" 408 -
216.245.221.92 - - [27/Nov/2022:16:06:39 -0500] "HEAD / HTTP/1.1" 200 -
95.217.144.237 - - [27/Nov/2022:16:06:42 -0500] "-" 408 -
95.217.144.237 - - [27/Nov/2022:16:06:42 -0500] "-" 408 -
95.217.144.245 - - [27/Nov/2022:16:06:43 -0500] "-" 408 -
95.217.144.249 - - [27/Nov/2022:16:07:16 -0500] "-" 408 -
95.217.144.249 - - [27/Nov/2022:16:07:17 -0500] "-" 408 -
201.245.192.253 - - [27/Nov/2022:16:07:31 -0500] "POST /kwsrmcab/Wsrmcab  HTTP/1.1" 200 42393
173.252.79.21 - - [27/Nov/2022:16:08:43 -0500] "GET /images/siembra-parque-distrital-entrenubes-29-noviembre.jpg HTTP/1.1" 200 62799
172.22.2.4 - - [27/Nov/2022:16:09:08 -0500] "GET /BLA/boletinlegal/robots.txt HTTP/1.1" 404 1038
172.22.2.4 - - [27/Nov/2022:16:08:05 -0500] "HEAD /BLA/boletinlegal/ HTTP/1.1" 200 -
172.22.2.4 - - [27/Nov/2022:16:08:56 -0500] "GET /BLA/boletinlegal/ HTTP/1.1" 200 51248
172.22.2.4 - - [27/Nov/2022:16:09:11 -0500] "GET /BLA/boletinlegal/ HTTP/1.1" 200 51248
216.245.221.92 - - [27/Nov/2022:16:11:40 -0500] "HEAD / HTTP/1.1" 200 -
201.245.192.253 - - [27/Nov/2022:16:12:29 -0500] "POST /kwsrmcab/Wsrmcab  HTTP/1.1" 200 42393
157.55.39.39 - - [27/Nov/2022:16:14:21 -0500] "GET /BLA/resoluciones/index.php?dir=AUTOS+2018%2F HTTP/1.1" 200 441980
172.22.2.4 - - [27/Nov/2022:16:13:55 -0500] "HEAD /BLA/boletinlegal/ HTTP/1.1" 200 -
172.22.2.4 - - [27/Nov/2022:16:14:46 -0500] "GET /BLA/boletinlegal/ HTTP/1.1" 200 57824
216.245.221.92 - - [27/Nov/2022:16:16:39 -0500] "HEAD / HTTP/1.1" 200 -
185.119.81.105 - - [27/Nov/2022:16:16:44 -0500] "GET /portaldeninos/wp-login.php HTTP/1.1" 200 2592
185.119.81.105 - - [27/Nov/2022:16:16:45 -0500] "POST /portaldeninos/wp-login.php HTTP/1.1" 200 3605
201.245.192.253 - - [27/Nov/2022:16:17:28 -0500] "POST /kwsrmcab/Wsrmcab  HTTP/1.1" 200 42393
185.119.81.105 - - [27/Nov/2022:16:19:10 -0500] "GET /portaldeninos/wp-login.php HTTP/1.1" 200 2592
185.119.81.105 - - [27/Nov/2022:16:19:11 -0500] "POST /portaldeninos/wp-login.php HTTP/1.1" 200 3650
49.37.235.136 - - [27/Nov/2022:16:20:28 -0500] "-" 408 -
86.108.120.173 - - [27/Nov/2022:16:21:02 -0500] "-" 408 -
64.124.8.22 - - [27/Nov/2022:16:21:06 -0500] "GET /portaldeninos/contactanos/ HTTP/1.1" 200 88135
172.22.2.4 - - [27/Nov/2022:16:19:45 -0500] "HEAD /BLA/boletinlegal/ HTTP/1.1" 200 -
185.119.81.105 - - [27/Nov/2022:16:21:28 -0500] "GET /portaldeninos/wp-login.php HTTP/1.1" 200 2592
201.245.192.253 - - [27/Nov/2022:16:21:27 -0500] "POST /kwsrmcab/Wsrmcab HTTP/1.1" 200 43955
185.119.81.105 - - [27/Nov/2022:16:21:29 -0500] "POST /portaldeninos/wp-login.php HTTP/1.1" 200 3650
201.245.192.253 - - [27/Nov/2022:16:21:29 -0500] "POST /kwsrmcab/Wsrmcab HTTP/1.1" 200 44146
216.245.221.92 - - [27/Nov/2022:16:21:39 -0500] "HEAD / HTTP/1.1" 200 -
185.119.81.104 - - [27/Nov/2022:16:22:08 -0500] "GET /portaldeninos/wp-login.php HTTP/1.1" 200 2592
185.119.81.104 - - [27/Nov/2022:16:22:09 -0500] "POST /portaldeninos/wp-login.php HTTP/1.1" 200 3650
172.22.2.4 - - [27/Nov/2022:16:20:36 -0500] "GET /BLA/boletinlegal/ HTTP/1.1" 200 56825
201.245.192.253 - - [27/Nov/2022:16:22:27 -0500] "POST /kwsrmcab/Wsrmcab  HTTP/1.1" 200 42393
172.22.2.4 - - [27/Nov/2022:16:21:58 -0500] "GET /BLA/boletinlegal/ HTTP/1.1" 200 32715
181.56.221.162 - - [27/Nov/2022:16:24:00 -0500] "GET /BLA/boletinlegal/js/jquery.scrollShow.js HTTP/1.1" 200 4586
181.56.221.162 - - [27/Nov/2022:16:24:00 -0500] "GET /galeria/galeria/jquery.fancybox.js?v=2.1.5 HTTP/1.1" 200 48706
181.56.221.162 - - [27/Nov/2022:16:24:00 -0500] "GET /galeria/galeria/jquery.fancybox.css?v=2.1.5 HTTP/1.1" 200 4895
207.46.13.174 - - [27/Nov/2022:16:24:50 -0500] "GET /SIIPEV/Diseno%20de%20Elementos%20de%20Mobiliario%20Urbano/Registros/RegistrosOtorgados.html? HTTP/1.1" 200 728881
185.119.81.104 - - [27/Nov/2022:16:24:53 -0500] "GET /portaldeninos/wp-login.php HTTP/1.1" 200 2592
185.119.81.104 - - [27/Nov/2022:16:24:55 -0500] "POST /portaldeninos/wp-login.php HTTP/1.1" 200 3605
166.0.218.6 - - [27/Nov/2022:16:25:51 -0500] "GET / HTTP/1.1" 200 319
216.245.221.92 - - [27/Nov/2022:16:26:39 -0500] "HEAD / HTTP/1.1" 200 -
172.22.2.4 - - [27/Nov/2022:16:25:35 -0500] "HEAD /BLA/boletinlegal/ HTTP/1.1" 200 -
201.245.192.253 - - [27/Nov/2022:16:27:26 -0500] "POST /kwsrmcab/Wsrmcab  HTTP/1.1" 200 42393
172.22.2.4 - - [27/Nov/2022:16:26:26 -0500] "GET /BLA/boletinlegal/ HTTP/1.1" 200 59779
207.46.13.174 - - [27/Nov/2022:16:28:31 -0500] "GET /BLA/resoluciones/index.php?dir=RESOLUCIONES+2019%2F HTTP/1.1" 200 248983
190.27.8.23 - - [27/Nov/2022:16:29:16 -0500] "GET /con-la-apertura-de-la-exposicion-polinizando-bogota-encendio-desde-el-jardin-botanico-la-navidad-2022.html HTTP/1.1" 200 927
40.77.167.13 - - [27/Nov/2022:16:29:17 -0500] "GET /BLA/resoluciones/RESOLUCIONES%202021/0489.pdf HTTP/1.1" 304 -
201.245.192.253 - - [27/Nov/2022:16:31:26 -0500] "POST /kwsrmcab/Wsrmcab HTTP/1.1" 200 43955
201.245.192.253 - - [27/Nov/2022:16:31:29 -0500] "POST /kwsrmcab/Wsrmcab HTTP/1.1" 200 44146
216.245.221.92 - - [27/Nov/2022:16:31:39 -0500] "HEAD / HTTP/1.1" 200 -
201.245.192.253 - - [27/Nov/2022:16:32:24 -0500] "POST /kwsrmcab/Wsrmcab  HTTP/1.1" 200 42393
172.22.2.4 - - [27/Nov/2022:16:31:25 -0500] "HEAD /BLA/boletinlegal/ HTTP/1.1" 200 -
172.22.2.4 - - [27/Nov/2022:16:32:16 -0500] "GET /BLA/boletinlegal/ HTTP/1.1" 200 59779
172.22.2.4 - - [27/Nov/2022:16:34:44 -0500] "GET /BLA/boletinlegal/ HTTP/1.1" 200 62840
216.245.221.92 - - [27/Nov/2022:16:36:39 -0500] "HEAD / HTTP/1.1" 200 -
201.245.192.253 - - [27/Nov/2022:16:37:24 -0500] "POST /kwsrmcab/Wsrmcab  HTTP/1.1" 200 42393
172.22.2.4 - - [27/Nov/2022:16:38:34 -0500] "GET /BLA/boletinlegal/Circulares/2019/.pdf HTTP/1.1" 404 1218
172.22.2.4 - - [27/Nov/2022:16:38:44 -0500] "GET /BLA/boletinlegal/Circulares/2012/Circular%20No.%2010%20del%2026%20de%20Enero%20de%202012.pdf HTTP/1.1" 404 1218
172.22.2.4 - - [27/Nov/2022:16:37:15 -0500] "HEAD /BLA/boletinlegal/ HTTP/1.1" 200 -
172.22.2.4 - - [27/Nov/2022:16:38:06 -0500] "GET /BLA/boletinlegal/ HTTP/1.1" 200 59779
185.119.81.105 - - [27/Nov/2022:16:40:06 -0500] "GET /portaldeninos/wp-login.php HTTP/1.1" 200 2592
185.119.81.105 - - [27/Nov/2022:16:40:07 -0500] "POST /portaldeninos/wp-login.php HTTP/1.1" 200 3605
40.77.188.98 - - [27/Nov/2022:16:40:43 -0500] "GET /SIIPEV/Diseno%20de%20Elementos%20de%20Mobiliario%20Urbano/Registros/css/bootstrap.min.css HTTP/1.1" 200 113504
40.77.188.98 - - [27/Nov/2022:16:40:43 -0500] "GET /SIIPEV/Diseno%20de%20Elementos%20de%20Mobiliario%20Urbano/Registros/css/dataTables.bootstrap.css HTTP/1.1" 200 7679
40.77.188.98 - - [27/Nov/2022:16:40:43 -0500] "GET /SIIPEV/Diseno%20de%20Elementos%20de%20Mobiliario%20Urbano/Registros/js/dataTables.bootstrap.js HTTP/1.1" 200 4287
40.77.188.98 - - [27/Nov/2022:16:40:43 -0500] "GET /SIIPEV/Diseno%20de%20Elementos%20de%20Mobiliario%20Urbano/Registros/js/jquery.dataTables.min.js HTTP/1.1" 200 78766
40.77.188.98 - - [27/Nov/2022:16:40:43 -0500] "GET /SIIPEV/Diseno%20de%20Elementos%20de%20Mobiliario%20Urbano/Registros/js/bootstrap.min.js HTTP/1.1" 200 35601
40.77.188.98 - - [27/Nov/2022:16:40:43 -0500] "GET /SIIPEV/Diseno%20de%20Elementos%20de%20Mobiliario%20Urbano/Registros/js/jquery.min.js HTTP/1.1" 200 95786
40.77.188.98 - - [27/Nov/2022:16:40:48 -0500] "GET /SIIPEV/Diseno%20de%20Elementos%20de%20Mobiliario%20Urbano/Registros/images/sort_both.html HTTP/1.1" 200 1236
40.77.188.98 - - [27/Nov/2022:16:40:50 -0500] "GET /SIIPEV/Diseno%20de%20Elementos%20de%20Mobiliario%20Urbano/Registros/images/sort_asc.html HTTP/1.1" 200 1236
201.245.192.253 - - [27/Nov/2022:16:41:27 -0500] "POST /kwsrmcab/Wsrmcab HTTP/1.1" 200 43955
201.245.192.253 - - [27/Nov/2022:16:41:29 -0500] "POST /kwsrmcab/Wsrmcab HTTP/1.1" 200 44146
216.245.221.92 - - [27/Nov/2022:16:41:39 -0500] "HEAD / HTTP/1.1" 200 -
201.245.192.253 - - [27/Nov/2022:16:42:23 -0500] "POST /kwsrmcab/Wsrmcab  HTTP/1.1" 200 42393
20.203.174.59 - - [27/Nov/2022:16:44:13 -0500] "HEAD / HTTP/1.1" 200 -
20.203.174.59 - - [27/Nov/2022:16:44:13 -0500] "HEAD /wordpress HTTP/1.1" 404 -
20.203.174.59 - - [27/Nov/2022:16:44:13 -0500] "HEAD /Wordpress HTTP/1.1" 404 -
20.203.174.59 - - [27/Nov/2022:16:44:13 -0500] "HEAD /WORDPRESS HTTP/1.1" 404 -
20.203.174.59 - - [27/Nov/2022:16:44:13 -0500] "HEAD /WordPress HTTP/1.1" 404 -
20.203.174.59 - - [27/Nov/2022:16:44:13 -0500] "HEAD /wp HTTP/1.1" 404 -
20.203.174.59 - - [27/Nov/2022:16:44:14 -0500] "HEAD /Wp HTTP/1.1" 404 -
20.203.174.59 - - [27/Nov/2022:16:44:14 -0500] "HEAD /WP HTTP/1.1" 404 -
20.203.174.59 - - [27/Nov/2022:16:44:14 -0500] "HEAD /old HTTP/1.1" 404 -
20.203.174.59 - - [27/Nov/2022:16:44:14 -0500] "HEAD /Old HTTP/1.1" 404 -
20.203.174.59 - - [27/Nov/2022:16:44:14 -0500] "HEAD /OLD HTTP/1.1" 404 -
20.203.174.59 - - [27/Nov/2022:16:44:14 -0500] "HEAD /oldsite HTTP/1.1" 404 -
20.203.174.59 - - [27/Nov/2022:16:44:14 -0500] "HEAD /new HTTP/1.1" 404 -
20.203.174.59 - - [27/Nov/2022:16:44:15 -0500] "HEAD /New HTTP/1.1" 404 -
20.203.174.59 - - [27/Nov/2022:16:44:15 -0500] "HEAD /NEW HTTP/1.1" 404 -
20.203.174.59 - - [27/Nov/2022:16:44:15 -0500] "HEAD /wp-old HTTP/1.1" 404 -
20.203.174.59 - - [27/Nov/2022:16:44:15 -0500] "HEAD /2022 HTTP/1.1" 404 -
20.203.174.59 - - [27/Nov/2022:16:44:15 -0500] "HEAD /2020 HTTP/1.1" 404 -
20.203.174.59 - - [27/Nov/2022:16:44:15 -0500] "HEAD /2019 HTTP/1.1" 404 -
20.203.174.59 - - [27/Nov/2022:16:44:16 -0500] "HEAD /2018 HTTP/1.1" 404 -
20.203.174.59 - - [27/Nov/2022:16:44:16 -0500] "HEAD /backup HTTP/1.1" 404 -
20.203.174.59 - - [27/Nov/2022:16:44:16 -0500] "HEAD /test HTTP/1.1" 404 -
20.203.174.59 - - [27/Nov/2022:16:44:16 -0500] "HEAD /Test HTTP/1.1" 404 -
20.203.174.59 - - [27/Nov/2022:16:44:16 -0500] "HEAD /TEST HTTP/1.1" 404 -
20.203.174.59 - - [27/Nov/2022:16:44:16 -0500] "HEAD /demo HTTP/1.1" 404 -
20.203.174.59 - - [27/Nov/2022:16:44:17 -0500] "HEAD /bc HTTP/1.1" 404 -
20.203.174.59 - - [27/Nov/2022:16:44:17 -0500] "HEAD /www HTTP/1.1" 404 -
20.203.174.59 - - [27/Nov/2022:16:44:17 -0500] "HEAD /WWW HTTP/1.1" 404 -
20.203.174.59 - - [27/Nov/2022:16:44:17 -0500] "HEAD /Www HTTP/1.1" 404 -
20.203.174.59 - - [27/Nov/2022:16:44:17 -0500] "HEAD /2021 HTTP/1.1" 404 -
20.203.174.59 - - [27/Nov/2022:16:44:17 -0500] "HEAD /main HTTP/1.1" 404 -
20.203.174.59 - - [27/Nov/2022:16:44:17 -0500] "HEAD /old-site HTTP/1.1" 404 -
20.203.174.59 - - [27/Nov/2022:16:44:18 -0500] "HEAD /bk HTTP/1.1" 404 -
20.203.174.59 - - [27/Nov/2022:16:44:18 -0500] "HEAD /Backup HTTP/1.1" 404 -
20.203.174.59 - - [27/Nov/2022:16:44:18 -0500] "HEAD /BACKUP HTTP/1.1" 404 -
20.203.174.59 - - [27/Nov/2022:16:44:18 -0500] "HEAD /SHOP HTTP/1.1" 404 -
20.203.174.59 - - [27/Nov/2022:16:44:18 -0500] "HEAD /Shop HTTP/1.1" 404 -
20.203.174.59 - - [27/Nov/2022:16:44:18 -0500] "HEAD /shop HTTP/1.1" 404 -
20.203.174.59 - - [27/Nov/2022:16:44:19 -0500] "HEAD /bak HTTP/1.1" 404 -
20.203.174.59 - - [27/Nov/2022:16:44:19 -0500] "HEAD /sitio HTTP/1.1" 404 -
20.203.174.59 - - [27/Nov/2022:16:44:19 -0500] "HEAD /bac HTTP/1.1" 404 -
20.203.174.59 - - [27/Nov/2022:16:44:19 -0500] "HEAD /sito HTTP/1.1" 404 -
20.203.174.59 - - [27/Nov/2022:16:44:19 -0500] "HEAD /site HTTP/1.1" 404 -
20.203.174.59 - - [27/Nov/2022:16:44:19 -0500] "HEAD /Site HTTP/1.1" 404 -
20.203.174.59 - - [27/Nov/2022:16:44:20 -0500] "HEAD /SITE HTTP/1.1" 404 -
20.203.174.59 - - [27/Nov/2022:16:44:20 -0500] "HEAD /blog HTTP/1.1" 404 -
20.203.174.59 - - [27/Nov/2022:16:44:20 -0500] "HEAD /BLOG HTTP/1.1" 404 -
20.203.174.59 - - [27/Nov/2022:16:44:20 -0500] "HEAD /Blog HTTP/1.1" 404 -
172.22.2.4 - - [27/Nov/2022:16:43:05 -0500] "HEAD /BLA/boletinlegal/ HTTP/1.1" 200 -
172.22.2.4 - - [27/Nov/2022:16:43:56 -0500] "GET /BLA/boletinlegal/ HTTP/1.1" 200 59779
172.22.2.4 - - [27/Nov/2022:16:46:10 -0500] "GET /BLA/boletinlegal/actos.php HTTP/1.1" 200 9566
172.22.2.4 - - [27/Nov/2022:16:46:19 -0500] "GET /BLA/boletinlegal/favicon.ico HTTP/1.1" 404 1326
172.22.2.4 - - [27/Nov/2022:16:46:27 -0500] "GET /BLA/boletinlegal/actos.php HTTP/1.1" 200 9566
186.84.22.225 - - [27/Nov/2022:16:46:33 -0500] "GET /BLA/resoluciones/ HTTP/1.1" 200 13093
186.84.22.225 - - [27/Nov/2022:16:46:35 -0500] "GET /BLA/resoluciones/dlf/styles.css HTTP/1.1" 200 3049
186.84.22.225 - - [27/Nov/2022:16:46:35 -0500] "GET /BLA/resoluciones/dlf/folder.png HTTP/1.1" 200 410
186.84.22.225 - - [27/Nov/2022:16:46:38 -0500] "GET /BLA/resoluciones/dlf/bg.gif HTTP/1.1" 200 54
216.245.221.92 - - [27/Nov/2022:16:46:39 -0500] "HEAD / HTTP/1.1" 200 -
186.84.22.225 - - [27/Nov/2022:16:46:45 -0500] "GET /BLA/resoluciones/index.php?dir=RESOLUCIONES+2017%2F HTTP/1.1" 200 284956
186.84.22.225 - - [27/Nov/2022:16:46:45 -0500] "GET /BLA/resoluciones/dlf/dirup.png HTTP/1.1" 200 644
186.84.22.225 - - [27/Nov/2022:16:46:46 -0500] "GET /BLA/resoluciones/dlf/pdf.gif HTTP/1.1" 200 272
141.255.166.2 - - [27/Nov/2022:16:47:09 -0500] "GET / HTTP/1.1" 200 319
201.245.192.253 - - [27/Nov/2022:16:47:22 -0500] "POST /kwsrmcab/Wsrmcab  HTTP/1.1" 200 42393
172.22.2.4 - - [27/Nov/2022:16:47:51 -0500] "GET /BLA/boletinlegal/Circulares/2013/Circular%20No.%206%20del%2019%20de%20julio%20de%202013.pdf HTTP/1.1" 304 -
172.22.2.4 - - [27/Nov/2022:16:47:54 -0500] "GET /BLA/boletinlegal/ HTTP/1.1" 200 45003
172.22.2.4 - - [27/Nov/2022:16:50:26 -0500] "GET /BLA/boletinlegal/style.css HTTP/1.1" 200 9406
172.22.2.4 - - [27/Nov/2022:16:50:26 -0500] "GET /BLA/boletinlegal/styles2.css HTTP/1.1" 200 1838
172.22.2.4 - - [27/Nov/2022:16:50:26 -0500] "GET /BLA/boletinlegal/js/jquery.js HTTP/1.1" 200 57254
172.22.2.4 - - [27/Nov/2022:16:50:26 -0500] "GET /BLA/boletinlegal/js/jquery.scrollTo-min.js HTTP/1.1" 200 1150
172.22.2.4 - - [27/Nov/2022:16:50:26 -0500] "GET /BLA/boletinlegal/js/jquery.scrollShow.js HTTP/1.1" 200 4586
172.22.2.4 - - [27/Nov/2022:16:50:26 -0500] "GET /BLA/boletinlegal/images/cabezote%20BLEGAL.jpg HTTP/1.1" 200 118164
172.22.2.4 - - [27/Nov/2022:16:50:26 -0500] "GET /BLA/boletinlegal/images/subscribe-icon-big.png HTTP/1.1" 200 47702
172.22.2.4 - - [27/Nov/2022:16:50:26 -0500] "GET /BLA/boletinlegal/images/historia.png HTTP/1.1" 200 52775
172.22.2.4 - - [27/Nov/2022:16:50:26 -0500] "GET /BLA/boletinlegal/images/registro-usuarios.png HTTP/1.1" 200 8106
172.22.2.4 - - [27/Nov/2022:16:50:26 -0500] "GET /BLA/boletinlegal/images/arr_l.jpg HTTP/1.1" 200 1979
172.22.2.4 - - [27/Nov/2022:16:50:26 -0500] "GET /BLA/boletinlegal/images/screen_1.png HTTP/1.1" 200 202547
172.22.2.4 - - [27/Nov/2022:16:50:26 -0500] "GET /BLA/boletinlegal/images/launch.jpg HTTP/1.1" 200 14577
172.22.2.4 - - [27/Nov/2022:16:50:27 -0500] "GET /BLA/boletinlegal/images/body_bg.jpg HTTP/1.1" 200 1601
172.22.2.4 - - [27/Nov/2022:16:50:27 -0500] "GET /BLA/boletinlegal/images/menu_lft.gif HTTP/1.1" 200 1713
172.22.2.4 - - [27/Nov/2022:16:50:27 -0500] "GET /BLA/boletinlegal/images/menu_rght.gif HTTP/1.1" 200 1627
172.22.2.4 - - [27/Nov/2022:16:50:27 -0500] "GET /BLA/boletinlegal/images/bg_top.jpg HTTP/1.1" 200 522
172.22.2.4 - - [27/Nov/2022:16:50:27 -0500] "GET /BLA/boletinlegal/images/menu_bg.jpg HTTP/1.1" 200 620
172.22.2.4 - - [27/Nov/2022:16:50:27 -0500] "GET /BLA/boletinlegal/images/text.jpg HTTP/1.1" 200 568
172.22.2.4 - - [27/Nov/2022:16:50:27 -0500] "GET /BLA/boletinlegal/images/hover.jpg HTTP/1.1" 200 640
172.22.2.4 - - [27/Nov/2022:16:50:31 -0500] "GET /BLA/boletinlegal/images/screen_2.png HTTP/1.1" 200 362502
172.22.2.4 - - [27/Nov/2022:16:50:31 -0500] "GET /BLA/boletinlegal/images/screen_5.png HTTP/1.1" 200 368876
172.22.2.4 - - [27/Nov/2022:16:50:31 -0500] "GET /BLA/boletinlegal/images/screen_3.png HTTP/1.1" 200 210620
172.22.2.4 - - [27/Nov/2022:16:50:31 -0500] "GET /BLA/boletinlegal/images/arr_r.jpg HTTP/1.1" 200 1998
172.22.2.4 - - [27/Nov/2022:16:48:55 -0500] "HEAD /BLA/boletinlegal/ HTTP/1.1" 200 -
172.22.2.4 - - [27/Nov/2022:16:50:36 -0500] "GET /BLA/boletinlegal/images/footer_bg.jpg HTTP/1.1" 200 586
172.22.2.4 - - [27/Nov/2022:16:50:40 -0500] "GET /BLA/boletinlegal/normativa.php HTTP/1.1" 200 8333
172.22.2.4 - - [27/Nov/2022:16:50:41 -0500] "GET /BLA/boletinlegal/js/ajax_normativa.js HTTP/1.1" 200 1154
172.22.2.4 - - [27/Nov/2022:16:50:41 -0500] "GET /BLA/boletinlegal/niceforms-default.css HTTP/1.1" 200 6694
172.22.2.4 - - [27/Nov/2022:16:50:41 -0500] "GET /BLA/boletinlegal/niceforms.js HTTP/1.1" 200 22876
172.22.2.4 - - [27/Nov/2022:16:50:41 -0500] "GET /BLA/boletinlegal/images/tel.png HTTP/1.1" 200 14477
172.22.2.4 - - [27/Nov/2022:16:50:41 -0500] "GET /BLA/boletinlegal/images/icono-email.png HTTP/1.1" 200 5544
172.22.2.4 - - [27/Nov/2022:16:50:41 -0500] "GET /BLA/boletinlegal/images/footer_bg_l.jpg HTTP/1.1" 200 776
172.22.2.4 - - [27/Nov/2022:16:50:41 -0500] "GET /BLA/boletinlegal/img/0.png HTTP/1.1" 200 110
172.22.2.4 - - [27/Nov/2022:16:50:41 -0500] "GET /BLA/boletinlegal/img/select-left.png HTTP/1.1" 200 263
172.22.2.4 - - [27/Nov/2022:16:50:41 -0500] "GET /BLA/boletinlegal/img/select-right.png HTTP/1.1" 200 44019
172.22.2.4 - - [27/Nov/2022:16:50:41 -0500] "GET /BLA/boletinlegal/favicon.ico HTTP/1.1" 404 1334
172.22.2.4 - - [27/Nov/2022:16:50:41 -0500] "GET /BLA/boletinlegal/img/button.png HTTP/1.1" 200 43241
172.22.2.4 - - [27/Nov/2022:16:50:41 -0500] "GET /BLA/boletinlegal/img/button-right.png HTTP/1.1" 200 57878
172.22.2.4 - - [27/Nov/2022:16:50:41 -0500] "GET /BLA/boletinlegal/img/button-left.png HTTP/1.1" 200 57071
172.22.2.4 - - [27/Nov/2022:16:50:50 -0500] "GET /BLA/boletinlegal/consulta_normativa.php?tipo=&sector=concesion&ano=&resuelve= HTTP/1.1" 200 4161
172.22.2.4 - - [27/Nov/2022:16:50:50 -0500] "GET /BLA/boletinlegal/images/docs.png HTTP/1.1" 200 10288
172.22.2.4 - - [27/Nov/2022:16:50:50 -0500] "GET /BLA/boletinlegal/images/background.gif HTTP/1.1" 200 -
172.22.2.4 - - [27/Nov/2022:16:50:20 -0500] "GET /BLA/boletinlegal/ HTTP/1.1" 200 32715
172.22.2.4 - - [27/Nov/2022:16:51:15 -0500] "GET /BLA/boletinlegal/consulta_normativa.php?tipo=&sector=fauna&ano=&resuelve= HTTP/1.1" 200 7729
172.22.2.4 - - [27/Nov/2022:16:49:46 -0500] "GET /BLA/boletinlegal/ HTTP/1.1" 200 49193
181.56.172.244 - - [27/Nov/2022:16:51:30 -0500] "GET /BLA/resoluciones/RESOLUCIONES%202008/2908.pdf HTTP/1.1" 200 297153
181.56.172.244 - - [27/Nov/2022:16:51:31 -0500] "GET /favicon.ico HTTP/1.1" 200 7782
216.245.221.92 - - [27/Nov/2022:16:51:39 -0500] "HEAD / HTTP/1.1" 200 -
180.241.39.138 - - [27/Nov/2022:16:52:07 -0500] "GET / HTTP/1.1" 200 319
201.245.192.253 - - [27/Nov/2022:16:52:21 -0500] "POST /kwsrmcab/Wsrmcab  HTTP/1.1" 200 42393
157.55.39.39 - - [27/Nov/2022:16:53:55 -0500] "GET /galeria/carrusel/Carrusel/jquery.thumbnailScroller.css HTTP/1.1" 200 2066
157.55.39.39 - - [27/Nov/2022:16:53:55 -0500] "GET /galeria/nivo-slider/demo/banner.html HTTP/1.1" 200 5446
40.77.167.58 - - [27/Nov/2022:16:53:56 -0500] "GET /galeria/carrusel/Carrusel/jquery-ui-1.8.13.custom.min.js HTTP/1.1" 200 10800
207.46.13.194 - - [27/Nov/2022:16:53:59 -0500] "GET /galeria/carrusel/Carrusel/jquery.thumbnailScroller.js HTTP/1.1" 200 8157
157.55.39.39 - - [27/Nov/2022:16:54:26 -0500] "GET /BLA/resoluciones/index.php?dir=AUTOS+2018%2F HTTP/1.1" 200 441980
172.22.2.4 - - [27/Nov/2022:16:54:45 -0500] "HEAD /BLA/boletinlegal/ HTTP/1.1" 200 -
216.245.221.92 - - [27/Nov/2022:16:56:39 -0500] "HEAD / HTTP/1.1" 200 -
172.22.2.4 - - [27/Nov/2022:16:55:36 -0500] "GET /BLA/boletinlegal/ HTTP/1.1" 200 59779
201.245.192.253 - - [27/Nov/2022:16:57:20 -0500] "POST /kwsrmcab/Wsrmcab  HTTP/1.1" 200 42393
172.22.2.4 - - [27/Nov/2022:16:57:42 -0500] "GET /BLA/boletinlegal/Directivas/2011/Directiva%20No.%207%20del%2015%20de%20Septiembre%20de%202011.pdf HTTP/1.1" 304 -
186.118.236.46 - - [27/Nov/2022:16:57:56 -0500] "GET /con-la-apertura-de-la-exposicion-polinizando-bogota-encendio-desde-el-jardin-botanico-la-navidad-2022.html HTTP/1.1" 200 927
191.95.50.40 - - [27/Nov/2022:16:58:13 -0500] "GET /con-la-apertura-de-la-exposicion-polinizando-bogota-encendio-desde-el-jardin-botanico-la-navidad-2022.html HTTP/1.1" 200 927
186.84.20.18 - - [27/Nov/2022:16:59:28 -0500] "GET /con-la-apertura-de-la-exposicion-polinizando-bogota-encendio-desde-el-jardin-botanico-la-navidad-2022.html HTTP/1.1" 200 927
172.22.2.4 - - [27/Nov/2022:17:01:32 -0500] "GET /BLA/boletinlegal/consulta_normativa.php?tipo=&sector=licencia&ano=&resuelve= HTTP/1.1" 200 5398
216.245.221.92 - - [27/Nov/2022:17:01:39 -0500] "HEAD / HTTP/1.1" 200 -
172.22.2.4 - - [27/Nov/2022:17:00:35 -0500] "HEAD /BLA/boletinlegal/ HTTP/1.1" 200 -
201.245.192.253 - - [27/Nov/2022:17:02:18 -0500] "POST /kwsrmcab/Wsrmcab  HTTP/1.1" 200 42393
172.22.2.4 - - [27/Nov/2022:17:01:26 -0500] "GET /BLA/boletinlegal/ HTTP/1.1" 200 57824
186.29.183.21 - - [27/Nov/2022:17:03:48 -0500] "GET /con-la-apertura-de-la-exposicion-polinizando-bogota-encendio-desde-el-jardin-botanico-la-navidad-2022.html HTTP/1.1" 200 927
216.245.221.92 - - [27/Nov/2022:17:06:39 -0500] "HEAD / HTTP/1.1" 200 -
201.245.192.253 - - [27/Nov/2022:17:07:18 -0500] "POST /kwsrmcab/Wsrmcab  HTTP/1.1" 200 42393
173.252.83.20 - - [27/Nov/2022:17:07:43 -0500] "GET /images/mercados-campesinos-5-mayo.jpg HTTP/1.1" 200 95848
181.53.13.251 - - [27/Nov/2022:17:07:52 -0500] "GET /con-la-apertura-de-la-exposicion-polinizando-bogota-encendio-desde-el-jardin-botanico-la-navidad-2022.html HTTP/1.1" 200 927
172.22.2.4 - - [27/Nov/2022:17:06:25 -0500] "HEAD /BLA/boletinlegal/ HTTP/1.1" 200 -
172.22.2.4 - - [27/Nov/2022:17:07:16 -0500] "GET /BLA/boletinlegal/ HTTP/1.1" 200 59404
40.77.202.23 - - [27/Nov/2022:17:09:48 -0500] "GET /galeria/nivo-slider/themes/pascal/pascal.css HTTP/1.1" 200 2258
40.77.202.167 - - [27/Nov/2022:17:09:48 -0500] "GET /galeria/nivo-slider/themes/default/default.css HTTP/1.1" 200 1569
40.77.202.118 - - [27/Nov/2022:17:09:48 -0500] "GET /galeria/nivo-slider/themes/orman/orman.css HTTP/1.1" 200 2152
40.77.202.26 - - [27/Nov/2022:17:09:48 -0500] "GET /galeria/nivo-slider/nivo-slider.css HTTP/1.1" 200 1507
40.77.202.113 - - [27/Nov/2022:17:09:48 -0500] "GET /galeria/nivo-slider/demo/style.css HTTP/1.1" 200 2222
40.77.202.115 - - [27/Nov/2022:17:09:48 -0500] "GET /galeria/nivo-slider/demo/scripts/jquery-1.7.1.min.js HTTP/1.1" 200 93868
40.77.202.18 - - [27/Nov/2022:17:09:48 -0500] "GET /galeria/nivo-slider/jquery.nivo.slider.pack.js HTTP/1.1" 200 11561
216.245.221.92 - - [27/Nov/2022:17:11:39 -0500] "HEAD / HTTP/1.1" 200 -
201.245.192.253 - - [27/Nov/2022:17:12:17 -0500] "POST /kwsrmcab/Wsrmcab  HTTP/1.1" 200 42393
172.22.2.4 - - [27/Nov/2022:17:12:15 -0500] "HEAD /BLA/boletinlegal/ HTTP/1.1" 200 -
172.22.2.4 - - [27/Nov/2022:17:13:06 -0500] "GET /BLA/boletinlegal/ HTTP/1.1" 200 59779
216.245.221.92 - - [27/Nov/2022:17:16:39 -0500] "HEAD / HTTP/1.1" 200 -
201.245.192.253 - - [27/Nov/2022:17:17:15 -0500] "POST /kwsrmcab/Wsrmcab  HTTP/1.1" 200 42393
157.55.39.206 - - [27/Nov/2022:17:19:36 -0500] "GET /autoliquidacion2020 HTTP/1.1" 301 250
157.55.39.206 - - [27/Nov/2022:17:19:37 -0500] "GET /autoliquidacion2020/ HTTP/1.1" 200 6146
172.22.2.4 - - [27/Nov/2022:17:18:05 -0500] "HEAD /BLA/boletinlegal/ HTTP/1.1" 200 -
172.22.2.4 - - [27/Nov/2022:17:18:56 -0500] "GET /BLA/boletinlegal/ HTTP/1.1" 200 55680
204.199.117.197 - - [27/Nov/2022:17:21:07 -0500] "GET /galeria/galeria/jquery.fancybox.css?v=2.1.5 HTTP/1.1" 200 4895
204.199.117.197 - - [27/Nov/2022:17:21:07 -0500] "GET /galeria/galeria/jquery.fancybox.js?v=2.1.5 HTTP/1.1" 200 48706
204.199.117.197 - - [27/Nov/2022:17:21:07 -0500] "GET /BLA/boletinlegal/js/jquery.scrollShow.js HTTP/1.1" 200 4586
204.199.117.197 - - [27/Nov/2022:17:21:08 -0500] "GET /galeria/carrusel/Carrusel/jquery.thumbnailScroller.css HTTP/1.1" 200 2066
204.199.117.197 - - [27/Nov/2022:17:21:08 -0500] "GET /galeria/carrusel/Carrusel/jquery-ui-1.8.13.custom.min.js HTTP/1.1" 200 10800
204.199.117.197 - - [27/Nov/2022:17:21:08 -0500] "GET /galeria/carrusel/Carrusel/jquery.thumbnailScroller.js HTTP/1.1" 200 8157
204.199.117.197 - - [27/Nov/2022:17:21:08 -0500] "GET /galeria/nivo-slider/demo/banner.html HTTP/1.1" 200 5446
204.199.117.197 - - [27/Nov/2022:17:21:08 -0500] "GET /galeria/nivo-slider/themes/default/default.css HTTP/1.1" 200 1569
204.199.117.197 - - [27/Nov/2022:17:21:08 -0500] "GET /galeria/nivo-slider/themes/orman/orman.css HTTP/1.1" 200 2152
204.199.117.197 - - [27/Nov/2022:17:21:08 -0500] "GET /galeria/nivo-slider/themes/pascal/pascal.css HTTP/1.1" 200 2258
204.199.117.197 - - [27/Nov/2022:17:21:08 -0500] "GET /galeria/nivo-slider/nivo-slider.css HTTP/1.1" 200 1507
204.199.117.197 - - [27/Nov/2022:17:21:08 -0500] "GET /galeria/nivo-slider/demo/style.css HTTP/1.1" 200 2222
204.199.117.197 - - [27/Nov/2022:17:21:09 -0500] "GET /galeria/nivo-slider/demo/scripts/jquery-1.7.1.min.js HTTP/1.1" 200 93868
204.199.117.197 - - [27/Nov/2022:17:21:09 -0500] "GET /galeria/nivo-slider/jquery.nivo.slider.pack.js HTTP/1.1" 200 11561
204.199.117.197 - - [27/Nov/2022:17:21:09 -0500] "GET /galeria/nivo-slider/demo/images/bannertortuga_optimized.jpg HTTP/1.1" 200 39066
204.199.117.197 - - [27/Nov/2022:17:21:09 -0500] "GET /galeria/nivo-slider/demo/images/Bannermujeresquereverdecen.jpg HTTP/1.1" 200 46558
204.199.117.197 - - [27/Nov/2022:17:21:09 -0500] "GET /galeria/nivo-slider/themes/default/loading.gif HTTP/1.1" 200 1737
204.199.117.197 - - [27/Nov/2022:17:21:09 -0500] "GET /galeria/nivo-slider/demo/images/4Simple_Slider.png HTTP/1.1" 200 11722
204.199.117.197 - - [27/Nov/2022:17:21:09 -0500] "GET /galeria/nivo-slider/demo/images/bannertrafico_optimized.jpg HTTP/1.1" 200 42578
204.199.117.197 - - [27/Nov/2022:17:21:10 -0500] "GET /galeria/nivo-slider/demo/images/Bannersedeelectronica.jpg HTTP/1.1" 200 40383
204.199.117.197 - - [27/Nov/2022:17:21:10 -0500] "GET /galeria/nivo-slider/demo/images/bannerrutaesperanza.jpg HTTP/1.1" 200 55560
204.199.117.197 - - [27/Nov/2022:17:21:10 -0500] "GET /galeria/nivo-slider/demo/images/banneraire2021.jpg HTTP/1.1" 200 265101
204.199.117.197 - - [27/Nov/2022:17:21:10 -0500] "GET /galeria/nivo-slider/demo/images/Bannerplasticosseptiembre.jpg HTTP/1.1" 200 45633
204.199.117.197 - - [27/Nov/2022:17:21:10 -0500] "GET /galeria/nivo-slider/demo/images/bannerresiduoshospitalariosagosto.jpg HTTP/1.1" 200 36499
204.199.117.197 - - [27/Nov/2022:17:21:10 -0500] "GET /galeria/nivo-slider/demo/images/banneraccionpopularcrr68.jpg HTTP/1.1" 200 51887
204.199.117.197 - - [27/Nov/2022:17:21:10 -0500] "GET /galeria/nivo-slider/demo/images/banneraccionpopular.jpeg HTTP/1.1" 200 41707
204.199.117.197 - - [27/Nov/2022:17:21:10 -0500] "GET /galeria/nivo-slider/demo/images/bannerclases2021.jpg HTTP/1.1" 200 68230
204.199.117.197 - - [27/Nov/2022:17:21:10 -0500] "GET /galeria/nivo-slider/demo/images/bannercapacitacionesbogota.jpg HTTP/1.1" 200 42416
204.199.117.197 - - [27/Nov/2022:17:21:10 -0500] "GET /galeria/nivo-slider/demo/images/Bannerenvases.jpg HTTP/1.1" 200 37316
204.199.117.197 - - [27/Nov/2022:17:21:10 -0500] "GET /galeria/nivo-slider/demo/images/Bannervirtualescanales.jpg HTTP/1.1" 200 174544
204.199.117.197 - - [27/Nov/2022:17:21:10 -0500] "GET /galeria/nivo-slider/themes/default/arrows.png HTTP/1.1" 200 824
204.199.117.197 - - [27/Nov/2022:17:21:10 -0500] "GET /galeria/nivo-slider/themes/default/bullets.png HTTP/1.1" 200 1281
201.245.192.253 - - [27/Nov/2022:17:21:26 -0500] "POST /kwsrmcab/Wsrmcab HTTP/1.1" 200 43791
201.245.192.253 - - [27/Nov/2022:17:21:29 -0500] "POST /kwsrmcab/Wsrmcab HTTP/1.1" 200 44315
216.245.221.92 - - [27/Nov/2022:17:21:40 -0500] "HEAD / HTTP/1.1" 200 -
201.245.192.253 - - [27/Nov/2022:17:22:14 -0500] "POST /kwsrmcab/Wsrmcab  HTTP/1.1" 200 42393
140.205.11.18 - - [27/Nov/2022:17:22:34 -0500] "GET /portaldeninos/wp-content/uploads/2020/06/mapa-humedales-de-bogot%C3%A1-1.jpg HTTP/1.1" 200 1170768
190.25.65.169 - - [27/Nov/2022:17:24:35 -0500] "GET /appsia/controlador HTTP/1.1" 200 4799
190.25.65.169 - - [27/Nov/2022:17:24:36 -0500] "GET /appsia/scripts/validarIngreso.js HTTP/1.1" 200 851
190.25.65.169 - - [27/Nov/2022:17:24:36 -0500] "GET /appsia/css/estilos.css HTTP/1.1" 200 4804
190.25.65.169 - - [27/Nov/2022:17:24:36 -0500] "GET /appsia/images/cabezoteHojaVida.png HTTP/1.1" 200 32493
190.25.65.169 - - [27/Nov/2022:17:24:36 -0500] "GET /appsia/images/logo_bogota_p.png HTTP/1.1" 200 14951
190.25.65.169 - - [27/Nov/2022:17:24:36 -0500] "GET /favicon.ico HTTP/1.1" 200 7782
190.25.65.169 - - [27/Nov/2022:17:24:39 -0500] "POST /appsia/controlador HTTP/1.1" 200 5437
190.25.65.169 - - [27/Nov/2022:17:24:40 -0500] "POST /appsia/controlador HTTP/1.1" 200 7775
190.25.65.169 - - [27/Nov/2022:17:24:46 -0500] "POST /appsia/controlador HTTP/1.1" 200 6640
190.25.65.169 - - [27/Nov/2022:17:24:48 -0500] "POST /appsia/controlador HTTP/1.1" 200 12765
190.25.65.169 - - [27/Nov/2022:17:25:04 -0500] "POST /appsia/controlador HTTP/1.1" 200 76130
190.25.65.169 - - [27/Nov/2022:17:25:18 -0500] "GET /appsia/controlador?comando=regresar&id=51950327&funcionario=MONICA+CEFERINO+GIRALDO&desde=51950327&hasta=51950327&version=51950327 HTTP/1.1" 200 7775
173.214.175.178 - - [27/Nov/2022:17:25:21 -0500] "CONNECT google.com:443 HTTP/1.1" 405 938
190.25.65.169 - - [27/Nov/2022:17:25:24 -0500] "POST /appsia/controlador HTTP/1.1" 200 6640
190.25.65.169 - - [27/Nov/2022:17:25:26 -0500] "POST /appsia/controlador HTTP/1.1" 200 11652
172.22.2.4 - - [27/Nov/2022:17:23:55 -0500] "HEAD /BLA/boletinlegal/ HTTP/1.1" 200 -
172.22.2.4 - - [27/Nov/2022:17:24:45 -0500] "GET /BLA/boletinlegal/ HTTP/1.1" 200 56474
216.245.221.92 - - [27/Nov/2022:17:26:39 -0500] "HEAD / HTTP/1.1" 200 -
191.156.24.238 - - [27/Nov/2022:17:26:54 -0500] "GET /con-la-apertura-de-la-exposicion-polinizando-bogota-encendio-desde-el-jardin-botanico-la-navidad-2022.html HTTP/1.1" 200 927
201.245.192.253 - - [27/Nov/2022:17:27:14 -0500] "POST /kwsrmcab/Wsrmcab  HTTP/1.1" 200 42393
190.27.128.131 - - [27/Nov/2022:17:29:56 -0500] "GET /BLA/resoluciones/ HTTP/1.1" 200 13093
190.27.128.131 - - [27/Nov/2022:17:29:59 -0500] "GET /BLA/resoluciones/index.php?dir=RESOLUCIONES+2019%2F HTTP/1.1" 200 248983
190.27.128.131 - - [27/Nov/2022:17:30:01 -0500] "GET /BLA/resoluciones/RESOLUCIONES%202019/0089.pdf HTTP/1.1" 200 301886
190.27.128.131 - - [27/Nov/2022:17:30:01 -0500] "GET /BLA/resoluciones/RESOLUCIONES%202019/0089.pdf HTTP/1.1" 200 301886
190.27.128.131 - - [27/Nov/2022:17:30:01 -0500] "GET /BLA/resoluciones/RESOLUCIONES%202019/0089.pdf HTTP/1.1" 206 1025
172.22.2.4 - - [27/Nov/2022:17:30:44 -0500] "GET /BLA/boletinlegal/style.css HTTP/1.1" 200 9406
172.22.2.4 - - [27/Nov/2022:17:30:44 -0500] "GET /BLA/boletinlegal/styles2.css HTTP/1.1" 200 1838
172.22.2.4 - - [27/Nov/2022:17:30:45 -0500] "GET /BLA/boletinlegal/js/jquery.scrollTo-min.js HTTP/1.1" 200 1150
172.22.2.4 - - [27/Nov/2022:17:30:45 -0500] "GET /BLA/boletinlegal/js/jquery.js HTTP/1.1" 200 57254
172.22.2.4 - - [27/Nov/2022:17:30:45 -0500] "GET /BLA/boletinlegal/js/jquery.scrollShow.js HTTP/1.1" 200 4586
172.22.2.4 - - [27/Nov/2022:17:30:45 -0500] "GET /BLA/boletinlegal/images/cabezote%20BLEGAL.jpg HTTP/1.1" 200 118164
172.22.2.4 - - [27/Nov/2022:17:30:45 -0500] "GET /BLA/boletinlegal/images/subscribe-icon-big.png HTTP/1.1" 200 47702
172.22.2.4 - - [27/Nov/2022:17:30:45 -0500] "GET /BLA/boletinlegal/images/historia.png HTTP/1.1" 200 52775
172.22.2.4 - - [27/Nov/2022:17:30:45 -0500] "GET /BLA/boletinlegal/images/registro-usuarios.png HTTP/1.1" 200 8106
172.22.2.4 - - [27/Nov/2022:17:30:45 -0500] "GET /BLA/boletinlegal/images/arr_l.jpg HTTP/1.1" 200 1979
172.22.2.4 - - [27/Nov/2022:17:30:46 -0500] "GET /BLA/boletinlegal/images/hover.jpg HTTP/1.1" 200 640
172.22.2.4 - - [27/Nov/2022:17:30:46 -0500] "GET /BLA/boletinlegal/images/bg_top.jpg HTTP/1.1" 200 522
172.22.2.4 - - [27/Nov/2022:17:30:46 -0500] "GET /BLA/boletinlegal/images/text.jpg HTTP/1.1" 200 568
172.22.2.4 - - [27/Nov/2022:17:30:46 -0500] "GET /BLA/boletinlegal/images/body_bg.jpg HTTP/1.1" 200 1601
172.22.2.4 - - [27/Nov/2022:17:30:47 -0500] "GET /BLA/boletinlegal/images/menu_lft.gif HTTP/1.1" 200 1713
172.22.2.4 - - [27/Nov/2022:17:30:47 -0500] "GET /BLA/boletinlegal/images/menu_rght.gif HTTP/1.1" 200 1627
172.22.2.4 - - [27/Nov/2022:17:30:47 -0500] "GET /BLA/boletinlegal/images/menu_bg.jpg HTTP/1.1" 200 620
172.22.2.4 - - [27/Nov/2022:17:30:47 -0500] "GET /BLA/boletinlegal/images/launch.jpg HTTP/1.1" 200 14577
172.22.2.4 - - [27/Nov/2022:17:30:47 -0500] "GET /BLA/boletinlegal/images/screen_1.png HTTP/1.1" 200 202547
172.22.2.4 - - [27/Nov/2022:17:31:00 -0500] "GET /BLA/boletinlegal/normativa.php HTTP/1.1" 200 8333
172.22.2.4 - - [27/Nov/2022:17:31:01 -0500] "GET /BLA/boletinlegal/js/ajax_normativa.js HTTP/1.1" 200 1154
172.22.2.4 - - [27/Nov/2022:17:31:01 -0500] "GET /BLA/boletinlegal/niceforms-default.css HTTP/1.1" 200 6694
172.22.2.4 - - [27/Nov/2022:17:31:01 -0500] "GET /BLA/boletinlegal/niceforms.js HTTP/1.1" 200 22876
172.22.2.4 - - [27/Nov/2022:17:31:01 -0500] "GET /BLA/boletinlegal/images/tel.png HTTP/1.1" 200 14477
172.22.2.4 - - [27/Nov/2022:17:31:01 -0500] "GET /BLA/boletinlegal/images/icono-email.png HTTP/1.1" 200 5544
172.22.2.4 - - [27/Nov/2022:17:31:01 -0500] "GET /BLA/boletinlegal/images/footer_bg.jpg HTTP/1.1" 200 586
172.22.2.4 - - [27/Nov/2022:17:31:01 -0500] "GET /BLA/boletinlegal/images/footer_bg_l.jpg HTTP/1.1" 200 776
172.22.2.4 - - [27/Nov/2022:17:31:01 -0500] "GET /BLA/boletinlegal/img/0.png HTTP/1.1" 200 110
172.22.2.4 - - [27/Nov/2022:17:31:01 -0500] "GET /BLA/boletinlegal/img/select-right.png HTTP/1.1" 200 44019
172.22.2.4 - - [27/Nov/2022:17:31:01 -0500] "GET /BLA/boletinlegal/img/button-left.png HTTP/1.1" 200 57071
172.22.2.4 - - [27/Nov/2022:17:31:01 -0500] "GET /BLA/boletinlegal/img/select-left.png HTTP/1.1" 200 263
172.22.2.4 - - [27/Nov/2022:17:31:01 -0500] "GET /BLA/boletinlegal/favicon.ico HTTP/1.1" 404 1334
172.22.2.4 - - [27/Nov/2022:17:31:01 -0500] "GET /BLA/boletinlegal/img/button.png HTTP/1.1" 200 43241
172.22.2.4 - - [27/Nov/2022:17:31:01 -0500] "GET /BLA/boletinlegal/img/button-right.png HTTP/1.1" 200 57878
172.22.2.4 - - [27/Nov/2022:17:29:45 -0500] "HEAD /BLA/boletinlegal/ HTTP/1.1" 200 -
201.245.192.253 - - [27/Nov/2022:17:31:26 -0500] "POST /kwsrmcab/Wsrmcab HTTP/1.1" 200 43791
201.245.192.253 - - [27/Nov/2022:17:31:28 -0500] "POST /kwsrmcab/Wsrmcab HTTP/1.1" 200 44315
172.22.2.4 - - [27/Nov/2022:17:30:43 -0500] "GET /BLA/boletinlegal/ HTTP/1.1" 200 24523
216.245.221.92 - - [27/Nov/2022:17:31:39 -0500] "HEAD / HTTP/1.1" 200 -
172.22.2.4 - - [27/Nov/2022:17:31:44 -0500] "GET /BLA/boletinlegal/consulta_normativa.php?tipo=Resolucion&sector=Aire&ano=&resuelve=2119 HTTP/1.1" 200 454
172.22.2.4 - - [27/Nov/2022:17:31:52 -0500] "GET /BLA/boletinlegal/consulta_normativa.php?tipo=Resolucion&sector=licencia&ano=&resuelve=2119 HTTP/1.1" 200 454
172.22.2.4 - - [27/Nov/2022:17:30:51 -0500] "GET /BLA/boletinlegal/index.php HTTP/1.1" 200 24523
172.22.2.4 - - [27/Nov/2022:17:30:58 -0500] "GET /BLA/boletinlegal/index.php HTTP/1.1" 200 24523
201.245.192.253 - - [27/Nov/2022:17:32:13 -0500] "POST /kwsrmcab/Wsrmcab  HTTP/1.1" 200 42393
172.22.2.4 - - [27/Nov/2022:17:30:36 -0500] "GET /BLA/boletinlegal/ HTTP/1.1" 200 46153
172.22.2.4 - - [27/Nov/2022:17:32:37 -0500] "GET /BLA/boletinlegal/consulta_normativa.php?tipo=Resolucion&sector=Aire&ano=2019&resuelve=2119 HTTP/1.1" 200 454
172.22.2.4 - - [27/Nov/2022:17:32:39 -0500] "GET /BLA/boletinlegal/consulta_normativa.php?tipo=Resolucion&sector=Aire&ano=2019&resuelve=2119 HTTP/1.1" 200 454
172.22.2.4 - - [27/Nov/2022:17:32:42 -0500] "GET /BLA/boletinlegal/consulta_normativa.php?tipo=Resolucion&sector=Aire&ano=2019&resuelve=2119 HTTP/1.1" 200 454
172.22.2.4 - - [27/Nov/2022:17:32:47 -0500] "GET /BLA/boletinlegal/consulta_normativa.php?tipo=Resolucion&sector=competencia-estructura&ano=2019&resuelve=2119 HTTP/1.1" 200 454
172.22.2.4 - - [27/Nov/2022:17:32:52 -0500] "GET /BLA/boletinlegal/consulta_normativa.php?tipo=Resolucion&sector=concesion&ano=2019&resuelve=2119 HTTP/1.1" 200 454
172.22.2.4 - - [27/Nov/2022:17:32:58 -0500] "GET /BLA/boletinlegal/consulta_normativa.php?tipo=Resolucion&sector=emisiones&ano=2019&resuelve=2119 HTTP/1.1" 200 454
172.22.2.4 - - [27/Nov/2022:17:33:02 -0500] "GET /BLA/boletinlegal/consulta_normativa.php?tipo=Resolucion&sector=hidrocarburos&ano=2019&resuelve=2119 HTTP/1.1" 200 454
172.22.2.4 - - [27/Nov/2022:17:33:06 -0500] "GET /BLA/boletinlegal/consulta_normativa.php?tipo=Resolucion&sector=humedales&ano=2019&resuelve=2119 HTTP/1.1" 200 454
172.22.2.4 - - [27/Nov/2022:17:33:11 -0500] "GET /BLA/boletinlegal/consulta_normativa.php?tipo=Resolucion&sector=humedales&ano=2019&resuelve= HTTP/1.1" 200 454
172.22.2.4 - - [27/Nov/2022:17:33:19 -0500] "GET /BLA/boletinlegal/consulta_normativa.php?tipo=Resolucion&sector=pma&ano=2019&resuelve= HTTP/1.1" 200 454
172.22.2.4 - - [27/Nov/2022:17:33:24 -0500] "GET /BLA/boletinlegal/actos.php HTTP/1.1" 200 9566
172.22.2.4 - - [27/Nov/2022:17:33:24 -0500] "GET /BLA/boletinlegal/js/ajax_actos.js HTTP/1.1" 200 1322
172.22.2.4 - - [27/Nov/2022:17:33:25 -0500] "GET /BLA/boletinlegal/js/lib.js HTTP/1.1" 200 6474
172.22.2.4 - - [27/Nov/2022:17:33:25 -0500] "GET /BLA/boletinlegal/js/popup.js HTTP/1.1" 200 1270
172.22.2.4 - - [27/Nov/2022:17:33:25 -0500] "GET /BLA/boletinlegal/js/jquery1.js HTTP/1.1" 200 29846
172.22.2.4 - - [27/Nov/2022:17:33:25 -0500] "GET /BLA/boletinlegal/images/green-yellow-blue-pink-th.png HTTP/1.1" 200 7394
172.22.2.4 - - [27/Nov/2022:17:33:38 -0500] "GET /BLA/boletinlegal/consulta_actos.php?tipo=autos&no=&usuario=&sector=RESIDUOS&fecha=2019&resuelve= HTTP/1.1" 200 17641
172.22.2.4 - - [27/Nov/2022:17:33:39 -0500] "GET /BLA/boletinlegal/images/pdf.gif HTTP/1.1" 200 567
172.22.2.4 - - [27/Nov/2022:17:33:39 -0500] "GET /BLA/boletinlegal/images/background.gif HTTP/1.1" 200 -
172.22.2.4 - - [27/Nov/2022:17:33:43 -0500] "GET /BLA/boletinlegal/consulta_actos.php?tipo=resoluciones&no=&usuario=&sector=RESIDUOS&fecha=2019&resuelve= HTTP/1.1" 200 14905
186.102.10.186 - - [27/Nov/2022:17:35:11 -0500] "GET /BLA/resoluciones/RESOLUCIONES%202019/1551.pdf HTTP/1.1" 200 261048
186.102.10.186 - - [27/Nov/2022:17:35:11 -0500] "GET /favicon.ico HTTP/1.1" 200 7782
172.22.2.4 - - [27/Nov/2022:17:35:26 -0500] "GET /BLA/boletinlegal/consulta_actos.php?tipo=resoluciones&no=2119&usuario=&sector=RESIDUOS&fecha=2019&resuelve= HTTP/1.1" 200 626
157.55.39.39 - - [27/Nov/2022:17:35:31 -0500] "GET /BLA/resoluciones/index.php?dir=AUTOS+2018%2F HTTP/1.1" 200 441980
40.77.139.29 - - [27/Nov/2022:17:35:36 -0500] "GET /dlf/styles.css HTTP/1.1" 404 1188
216.245.221.92 - - [27/Nov/2022:17:36:39 -0500] "HEAD / HTTP/1.1" 200 -
201.245.192.253 - - [27/Nov/2022:17:37:12 -0500] "POST /kwsrmcab/Wsrmcab  HTTP/1.1" 200 42393
172.22.2.4 - - [27/Nov/2022:17:35:35 -0500] "HEAD /BLA/boletinlegal/ HTTP/1.1" 200 -
172.22.2.4 - - [27/Nov/2022:17:35:36 -0500] "GET /BLA/boletinlegal/ HTTP/1.1" 200 50149
172.22.2.4 - - [27/Nov/2022:17:37:31 -0500] "GET /BLA/boletinlegal/consulta_actos.php?tipo=resoluciones&no=&usuario=&sector=RESIDUOS&fecha=2019&resuelve= HTTP/1.1" 200 14905
181.54.33.251 - - [27/Nov/2022:17:37:48 -0500] "GET /con-la-apertura-de-la-exposicion-polinizando-bogota-encendio-desde-el-jardin-botanico-la-navidad-2022.html HTTP/1.1" 200 927
172.22.2.4 - - [27/Nov/2022:17:37:50 -0500] "GET /BLA/boletinlegal/consulta_actos.php?tipo=resoluciones&no=&usuario=&sector=RESIDUOS&fecha=2018&resuelve= HTTP/1.1" 200 15746
172.22.2.4 - - [27/Nov/2022:17:36:25 -0500] "GET /BLA/boletinlegal/ HTTP/1.1" 200 54452
172.22.2.4 - - [27/Nov/2022:17:38:41 -0500] "GET /BLA/boletinlegal/consulta_actos.php?tipo=resoluciones&no=&usuario=&sector=RESIDUOS&fecha=2020&resuelve= HTTP/1.1" 200 8953
172.22.2.4 - - [27/Nov/2022:17:39:23 -0500] "GET /BLA/boletinlegal/consulta_actos.php?tipo=resoluciones&no=2119&usuario=&sector=RESIDUOS&fecha=2020&resuelve= HTTP/1.1" 200 626
172.22.2.4 - - [27/Nov/2022:17:39:29 -0500] "GET /BLA/boletinlegal/consulta_actos.php?tipo=resoluciones&no=2119&usuario=&sector=RESIDUOS&fecha=2018&resuelve= HTTP/1.1" 200 626
172.22.2.4 - - [27/Nov/2022:17:39:29 -0500] "GET /BLA/boletinlegal/Circulares/2019/.pdf HTTP/1.1" 404 1218
172.22.2.4 - - [27/Nov/2022:17:39:30 -0500] "GET /BLA/boletinlegal/consulta_actos.php?tipo=resoluciones&no=2119&usuario=&sector=RESIDUOS&fecha=2018&resuelve= HTTP/1.1" 200 626
172.22.2.4 - - [27/Nov/2022:17:39:34 -0500] "GET /BLA/boletinlegal/consulta_actos.php?tipo=resoluciones&no=2119&usuario=&sector=RESIDUOS&fecha=2020&resuelve= HTTP/1.1" 200 626
172.22.2.4 - - [27/Nov/2022:17:39:49 -0500] "GET /BLA/boletinlegal/consulta_actos.php?tipo=resoluciones&no=2119&usuario=&sector=RESIDUOS&fecha=2021&resuelve= HTTP/1.1" 200 626
5.9.104.30 - - [27/Nov/2022:17:40:24 -0500] "HEAD / HTTP/1.1" 200 -
201.245.192.253 - - [27/Nov/2022:17:41:26 -0500] "POST /kwsrmcab/Wsrmcab HTTP/1.1" 200 43791
201.245.192.253 - - [27/Nov/2022:17:41:29 -0500] "POST /kwsrmcab/Wsrmcab HTTP/1.1" 200 44315
216.245.221.92 - - [27/Nov/2022:17:41:39 -0500] "HEAD / HTTP/1.1" 200 -
201.245.192.253 - - [27/Nov/2022:17:42:10 -0500] "POST /kwsrmcab/Wsrmcab  HTTP/1.1" 200 42393
172.22.2.4 - - [27/Nov/2022:17:42:37 -0500] "GET /BLA/boletinlegal/doctrina.php HTTP/1.1" 200 5604
172.22.2.4 - - [27/Nov/2022:17:42:48 -0500] "GET /BLA/boletinlegal/js/jquery1.js HTTP/1.1" 200 29846
