172.22.2.4 - - [27/Nov/2022:17:42:48 -0500] "GET /BLA/boletinlegal/js/popup.js HTTP/1.1" 200 1270
172.22.2.4 - - [27/Nov/2022:17:42:56 -0500] "GET /BLA/boletinlegal/js/lib.js HTTP/1.1" 200 6474
161.18.113.228 - - [27/Nov/2022:17:42:59 -0500] "GET /secretaria-de-ambiente-y-universidad-de-la-salle-firman-acuerdo-de-conservacion-en-17-hectareas.html HTTP/1.1" 200 990
172.22.2.4 - - [27/Nov/2022:17:43:02 -0500] "GET /BLA/boletinlegal/js/ajax_doctrina.js HTTP/1.1" 200 772
172.22.2.4 - - [27/Nov/2022:17:41:25 -0500] "HEAD /BLA/boletinlegal/ HTTP/1.1" 200 -
172.22.2.4 - - [27/Nov/2022:17:42:16 -0500] "GET /BLA/boletinlegal/ HTTP/1.1" 200 51248
190.27.128.131 - - [27/Nov/2022:17:44:04 -0500] "GET /BLA/resoluciones/ HTTP/1.1" 200 13093
190.27.128.131 - - [27/Nov/2022:17:44:08 -0500] "GET /BLA/resoluciones/index.php?dir=RESOLUCIONES+2022%2F HTTP/1.1" 200 227765
185.119.81.104 - - [27/Nov/2022:17:44:56 -0500] "GET /portaldeninos/wp-login.php HTTP/1.1" 200 2592
185.119.81.104 - - [27/Nov/2022:17:44:57 -0500] "POST /portaldeninos/wp-login.php HTTP/1.1" 200 3670
190.27.128.131 - - [27/Nov/2022:17:45:18 -0500] "GET /BLA/resoluciones/index.php?dir=RESOLUCIONES+2020%2F HTTP/1.1" 200 166844
190.27.128.131 - - [27/Nov/2022:17:45:20 -0500] "GET /BLA/resoluciones/index.php?dir=RESOLUCIONES+2021%2F HTTP/1.1" 200 433522
190.27.128.131 - - [27/Nov/2022:17:45:29 -0500] "GET /BLA/resoluciones/RESOLUCIONES%202021/4304.pdf HTTP/1.1" 200 436632
190.27.128.131 - - [27/Nov/2022:17:45:30 -0500] "GET /BLA/resoluciones/RESOLUCIONES%202021/4304.pdf HTTP/1.1" 200 436632
190.27.128.131 - - [27/Nov/2022:17:45:30 -0500] "GET /BLA/resoluciones/RESOLUCIONES%202021/4304.pdf HTTP/1.1" 206 1025
190.27.128.131 - - [27/Nov/2022:17:45:31 -0500] "GET /BLA/resoluciones/RESOLUCIONES%202021/4304.pdf HTTP/1.1" 206 3072
172.22.2.4 - - [27/Nov/2022:17:46:38 -0500] "GET /BLA/boletinlegal/style.css HTTP/1.1" 200 9406
172.22.2.4 - - [27/Nov/2022:17:46:38 -0500] "GET /BLA/boletinlegal/styles2.css HTTP/1.1" 200 1838
172.22.2.4 - - [27/Nov/2022:17:46:38 -0500] "GET /BLA/boletinlegal/js/jquery.js HTTP/1.1" 200 57254
172.22.2.4 - - [27/Nov/2022:17:46:38 -0500] "GET /BLA/boletinlegal/js/jquery.scrollTo-min.js HTTP/1.1" 200 1150
172.22.2.4 - - [27/Nov/2022:17:46:38 -0500] "GET /BLA/boletinlegal/js/jquery.scrollShow.js HTTP/1.1" 200 4586
172.22.2.4 - - [27/Nov/2022:17:46:38 -0500] "GET /BLA/boletinlegal/images/cabezote%20BLEGAL.jpg HTTP/1.1" 200 118164
172.22.2.4 - - [27/Nov/2022:17:46:38 -0500] "GET /BLA/boletinlegal/images/subscribe-icon-big.png HTTP/1.1" 200 47702
172.22.2.4 - - [27/Nov/2022:17:46:38 -0500] "GET /BLA/boletinlegal/images/historia.png HTTP/1.1" 200 52775
172.22.2.4 - - [27/Nov/2022:17:46:38 -0500] "GET /BLA/boletinlegal/images/registro-usuarios.png HTTP/1.1" 200 8106
172.22.2.4 - - [27/Nov/2022:17:46:38 -0500] "GET /BLA/boletinlegal/images/arr_l.jpg HTTP/1.1" 200 1979
172.22.2.4 - - [27/Nov/2022:17:46:38 -0500] "GET /BLA/boletinlegal/images/screen_1.png HTTP/1.1" 200 202547
172.22.2.4 - - [27/Nov/2022:17:46:38 -0500] "GET /BLA/boletinlegal/images/launch.jpg HTTP/1.1" 200 14577
216.245.221.92 - - [27/Nov/2022:17:46:39 -0500] "HEAD / HTTP/1.1" 200 -
172.22.2.4 - - [27/Nov/2022:17:46:45 -0500] "GET /BLA/boletinlegal/images/screen_2.png HTTP/1.1" 200 362502
172.22.2.4 - - [27/Nov/2022:17:46:45 -0500] "GET /BLA/boletinlegal/images/screen_5.png HTTP/1.1" 200 368876
172.22.2.4 - - [27/Nov/2022:17:46:45 -0500] "GET /BLA/boletinlegal/images/screen_3.png HTTP/1.1" 200 210620
172.22.2.4 - - [27/Nov/2022:17:46:45 -0500] "GET /BLA/boletinlegal/images/arr_r.jpg HTTP/1.1" 200 1998
201.245.192.253 - - [27/Nov/2022:17:47:09 -0500] "POST /kwsrmcab/Wsrmcab  HTTP/1.1" 200 42393
172.22.2.4 - - [27/Nov/2022:17:46:38 -0500] "GET /BLA/boletinlegal/ HTTP/1.1" 200 32715
190.90.154.198 - - [27/Nov/2022:17:48:33 -0500] "GET /catalogoisis/ HTTP/1.1" 200 8575
190.90.154.198 - - [27/Nov/2022:17:48:34 -0500] "GET /catalogoisis/Js/Cookies.js HTTP/1.1" 200 1369
190.90.154.198 - - [27/Nov/2022:17:48:34 -0500] "GET /catalogoisis/Js/AceptarLimpiar.js HTTP/1.1" 200 331
190.90.154.198 - - [27/Nov/2022:17:48:34 -0500] "GET /catalogoisis/Js/CriterioCombinada.js HTTP/1.1" 200 1843
190.90.154.198 - - [27/Nov/2022:17:48:34 -0500] "GET /catalogoisis/Js/LimpiarCombinada.js HTTP/1.1" 200 207
190.90.154.198 - - [27/Nov/2022:17:48:34 -0500] "GET /catalogoisis/Js/Remote.js HTTP/1.1" 200 436
190.90.154.198 - - [27/Nov/2022:17:48:34 -0500] "GET /catalogoisis/Css/Busqueda.css HTTP/1.1" 200 1995
190.90.154.198 - - [27/Nov/2022:17:48:34 -0500] "GET /catalogoisis/Js/Go.js HTTP/1.1" 200 364
190.90.154.198 - - [27/Nov/2022:17:48:34 -0500] "GET /catalogoisis/Js/Numero.js HTTP/1.1" 200 398
190.90.154.198 - - [27/Nov/2022:17:48:34 -0500] "GET /catalogoisis/Js/Enter.js HTTP/1.1" 200 1208
190.90.154.198 - - [27/Nov/2022:17:48:34 -0500] "GET /catalogoisis/imagenes/br1c1.gif HTTP/1.1" 200 172
190.90.154.198 - - [27/Nov/2022:17:48:34 -0500] "GET /catalogoisis/imagenes/br2c1.gif HTTP/1.1" 200 297
190.90.154.198 - - [27/Nov/2022:17:48:34 -0500] "GET /catalogoisis/imagenes/br3c2.gif HTTP/1.1" 200 285
190.90.154.198 - - [27/Nov/2022:17:48:34 -0500] "GET /catalogoisis/imagenes/br2c2.gif HTTP/1.1" 200 302
190.90.154.198 - - [27/Nov/2022:17:48:34 -0500] "GET /catalogoisis/imagenes/br3c3.gif HTTP/1.1" 200 186
190.90.154.198 - - [27/Nov/2022:17:48:34 -0500] "GET /catalogoisis/imagenes/Header.gif HTTP/1.1" 200 30313
190.90.154.198 - - [27/Nov/2022:17:48:34 -0500] "GET /favicon.ico HTTP/1.1" 200 7782
190.90.154.198 - - [27/Nov/2022:17:48:34 -0500] "GET /catalogoisis/imagenes/br2c3.gif HTTP/1.1" 200 416
190.90.154.198 - - [27/Nov/2022:17:48:34 -0500] "GET /catalogoisis/imagenes/Turnbo1.gif HTTP/1.1" 200 227
190.90.154.198 - - [27/Nov/2022:17:48:34 -0500] "GET /catalogoisis/imagenes/br1c2.gif HTTP/1.1" 200 297
190.90.154.198 - - [27/Nov/2022:17:48:34 -0500] "GET /catalogoisis/imagenes/br3c1.gif HTTP/1.1" 200 177
190.90.154.198 - - [27/Nov/2022:17:48:34 -0500] "GET /catalogoisis/imagenes/aceptar1.gif HTTP/1.1" 200 604
190.90.154.198 - - [27/Nov/2022:17:48:34 -0500] "GET /catalogoisis/imagenes/limpiar1.gif HTTP/1.1" 200 606
190.90.154.198 - - [27/Nov/2022:17:48:34 -0500] "GET /catalogoisis/imagenes/br1c3.gif HTTP/1.1" 200 302
172.22.2.4 - - [27/Nov/2022:17:47:16 -0500] "HEAD /BLA/boletinlegal/ HTTP/1.1" 200 -
172.22.2.4 - - [27/Nov/2022:17:48:07 -0500] "GET /BLA/boletinlegal/ HTTP/1.1" 200 50495
204.199.117.197 - - [27/Nov/2022:17:51:06 -0500] "GET /BLA/resoluciones/RESOLUCIONES%202018/2418.pdf HTTP/1.1" 200 249141
216.245.221.92 - - [27/Nov/2022:17:51:39 -0500] "HEAD / HTTP/1.1" 200 -
201.245.192.253 - - [27/Nov/2022:17:52:08 -0500] "POST /kwsrmcab/Wsrmcab  HTTP/1.1" 200 42393
172.22.2.4 - - [27/Nov/2022:17:52:30 -0500] "GET /BLA/boletinlegal/jurisprudencia/analisis/AnalisisC-035-16.docx HTTP/1.1" 304 -
172.22.2.4 - - [27/Nov/2022:17:53:06 -0500] "HEAD /BLA/boletinlegal/ HTTP/1.1" 200 -
172.22.2.4 - - [27/Nov/2022:17:53:56 -0500] "GET /BLA/boletinlegal/ HTTP/1.1" 200 56079
64.124.8.52 - - [27/Nov/2022:17:56:17 -0500] "GET /BLA/boletinlegal/sugerencias.php HTTP/1.1" 200 8615
216.245.221.92 - - [27/Nov/2022:17:56:40 -0500] "HEAD / HTTP/1.1" 200 -
201.245.192.253 - - [27/Nov/2022:17:57:07 -0500] "POST /kwsrmcab/Wsrmcab  HTTP/1.1" 200 42393
201.244.98.206 - - [27/Nov/2022:17:57:38 -0500] "GET /galeria/galeria/jquery.fancybox.css?v=2.1.5 HTTP/1.1" 200 4895
201.244.98.206 - - [27/Nov/2022:17:57:39 -0500] "GET /BLA/boletinlegal/js/jquery.scrollShow.js HTTP/1.1" 200 4586
201.244.98.206 - - [27/Nov/2022:17:57:39 -0500] "GET /galeria/galeria/jquery.fancybox.js?v=2.1.5 HTTP/1.1" 200 48706
172.22.2.4 - - [27/Nov/2022:17:58:56 -0500] "HEAD /BLA/boletinlegal/ HTTP/1.1" 200 -
64.124.8.22 - - [27/Nov/2022:18:00:56 -0500] "-" 408 -
172.22.2.4 - - [27/Nov/2022:17:59:46 -0500] "GET /BLA/boletinlegal/ HTTP/1.1" 200 56825
216.245.221.92 - - [27/Nov/2022:18:01:39 -0500] "HEAD / HTTP/1.1" 200 -
201.245.192.253 - - [27/Nov/2022:18:02:06 -0500] "POST /kwsrmcab/Wsrmcab  HTTP/1.1" 200 42393
66.249.64.15 - - [27/Nov/2022:18:03:11 -0500] "-" 408 -
172.22.2.4 - - [27/Nov/2022:18:04:46 -0500] "HEAD /BLA/boletinlegal/ HTTP/1.1" 200 -
216.245.221.92 - - [27/Nov/2022:18:06:39 -0500] "HEAD / HTTP/1.1" 200 -
201.245.192.253 - - [27/Nov/2022:18:07:05 -0500] "POST /kwsrmcab/Wsrmcab  HTTP/1.1" 200 42393
172.22.2.4 - - [27/Nov/2022:18:05:36 -0500] "GET /BLA/boletinlegal/ HTTP/1.1" 200 56474
191.156.55.3 - - [27/Nov/2022:18:09:42 -0500] "GET /con-la-apertura-de-la-exposicion-polinizando-bogota-encendio-desde-el-jardin-botanico-la-navidad-2022.html HTTP/1.1" 200 927
172.22.2.4 - - [27/Nov/2022:18:11:06 -0500] "GET /BLA/boletinlegal/images/body_bg.jpg HTTP/1.1" 200 1601
172.22.2.4 - - [27/Nov/2022:18:11:06 -0500] "GET /BLA/boletinlegal/images/menu_lft.gif HTTP/1.1" 200 1713
172.22.2.4 - - [27/Nov/2022:18:11:06 -0500] "GET /BLA/boletinlegal/images/bg_top.jpg HTTP/1.1" 200 522
172.22.2.4 - - [27/Nov/2022:18:11:06 -0500] "GET /BLA/boletinlegal/images/menu_rght.gif HTTP/1.1" 200 1627
172.22.2.4 - - [27/Nov/2022:18:11:06 -0500] "GET /BLA/boletinlegal/images/menu_bg.jpg HTTP/1.1" 200 620
172.22.2.4 - - [27/Nov/2022:18:11:06 -0500] "GET /BLA/boletinlegal/images/hover.jpg HTTP/1.1" 200 640
172.22.2.4 - - [27/Nov/2022:18:11:06 -0500] "GET /BLA/boletinlegal/images/text.jpg HTTP/1.1" 200 568
172.22.2.4 - - [27/Nov/2022:18:11:14 -0500] "GET /BLA/boletinlegal/images/footer_bg.jpg HTTP/1.1" 200 586
172.22.2.4 - - [27/Nov/2022:18:11:24 -0500] "GET /BLA/boletinlegal/images/pdf.gif HTTP/1.1" 200 567
216.245.221.92 - - [27/Nov/2022:18:11:39 -0500] "HEAD / HTTP/1.1" 200 -
172.22.2.4 - - [27/Nov/2022:18:11:45 -0500] "GET /BLA/boletinlegal/actos.php HTTP/1.1" 200 9566
172.22.2.4 - - [27/Nov/2022:18:11:45 -0500] "GET /BLA/boletinlegal/js/ajax_actos.js HTTP/1.1" 200 1322
172.22.2.4 - - [27/Nov/2022:18:11:45 -0500] "GET /BLA/boletinlegal/niceforms-default.css HTTP/1.1" 200 6694
172.22.2.4 - - [27/Nov/2022:18:11:45 -0500] "GET /BLA/boletinlegal/niceforms.js HTTP/1.1" 200 22876
172.22.2.4 - - [27/Nov/2022:18:11:45 -0500] "GET /BLA/boletinlegal/js/lib.js HTTP/1.1" 200 6474
172.22.2.4 - - [27/Nov/2022:18:11:45 -0500] "GET /BLA/boletinlegal/js/popup.js HTTP/1.1" 200 1270
172.22.2.4 - - [27/Nov/2022:18:11:45 -0500] "GET /BLA/boletinlegal/js/jquery1.js HTTP/1.1" 200 29846
172.22.2.4 - - [27/Nov/2022:18:11:45 -0500] "GET /BLA/boletinlegal/images/green-yellow-blue-pink-th.png HTTP/1.1" 200 7394
172.22.2.4 - - [27/Nov/2022:18:11:45 -0500] "GET /BLA/boletinlegal/images/tel.png HTTP/1.1" 200 14477
172.22.2.4 - - [27/Nov/2022:18:11:45 -0500] "GET /BLA/boletinlegal/images/icono-email.png HTTP/1.1" 200 5544
172.22.2.4 - - [27/Nov/2022:18:11:45 -0500] "GET /BLA/boletinlegal/images/footer_bg_l.jpg HTTP/1.1" 200 776
172.22.2.4 - - [27/Nov/2022:18:11:46 -0500] "GET /BLA/boletinlegal/img/select-left.png HTTP/1.1" 200 263
172.22.2.4 - - [27/Nov/2022:18:11:46 -0500] "GET /BLA/boletinlegal/img/0.png HTTP/1.1" 200 110
172.22.2.4 - - [27/Nov/2022:18:11:46 -0500] "GET /BLA/boletinlegal/img/select-right.png HTTP/1.1" 200 44019
172.22.2.4 - - [27/Nov/2022:18:11:46 -0500] "GET /BLA/boletinlegal/img/button-right.png HTTP/1.1" 200 57878
172.22.2.4 - - [27/Nov/2022:18:11:46 -0500] "GET /BLA/boletinlegal/img/button-left.png HTTP/1.1" 200 57071
172.22.2.4 - - [27/Nov/2022:18:11:46 -0500] "GET /BLA/boletinlegal/img/button.png HTTP/1.1" 200 43241
172.22.2.4 - - [27/Nov/2022:18:11:46 -0500] "GET /BLA/boletinlegal/favicon.ico HTTP/1.1" 404 1326
190.25.170.2 - - [27/Nov/2022:18:11:47 -0500] "GET /BLA/resoluciones/ HTTP/1.1" 200 13093
190.25.170.2 - - [27/Nov/2022:18:11:47 -0500] "GET /BLA/resoluciones/dlf/styles.css HTTP/1.1" 200 3049
190.25.170.2 - - [27/Nov/2022:18:11:47 -0500] "GET /BLA/resoluciones/dlf/folder.png HTTP/1.1" 200 410
190.25.170.2 - - [27/Nov/2022:18:11:48 -0500] "GET /BLA/resoluciones/dlf/bg.gif HTTP/1.1" 200 54
190.25.170.2 - - [27/Nov/2022:18:11:48 -0500] "GET /favicon.ico HTTP/1.1" 200 7782
190.25.170.2 - - [27/Nov/2022:18:11:52 -0500] "GET /BLA/resoluciones/dlf/dirup.png HTTP/1.1" 200 644
190.25.170.2 - - [27/Nov/2022:18:11:52 -0500] "GET /BLA/resoluciones/dlf/pdf.gif HTTP/1.1" 200 272
190.25.170.2 - - [27/Nov/2022:18:11:51 -0500] "GET /BLA/resoluciones/index.php?dir=RESOLUCIONES+2009%2F HTTP/1.1" 200 1694101
190.25.170.2 - - [27/Nov/2022:18:12:01 -0500] "GET /BLA/resoluciones/RESOLUCIONES%202009/9324.pdf HTTP/1.1" 200 1400325
186.84.21.209 - - [27/Nov/2022:18:12:03 -0500] "GET /BLA/boletinlegal/js/jquery.scrollShow.js HTTP/1.1" 200 4586
186.84.21.209 - - [27/Nov/2022:18:12:03 -0500] "GET /galeria/galeria/jquery.fancybox.css?v=2.1.5 HTTP/1.1" 200 4895
186.84.21.209 - - [27/Nov/2022:18:12:03 -0500] "GET /galeria/galeria/jquery.fancybox.js?v=2.1.5 HTTP/1.1" 200 48706
201.245.192.253 - - [27/Nov/2022:18:12:04 -0500] "POST /kwsrmcab/Wsrmcab  HTTP/1.1" 200 42393
172.22.2.4 - - [27/Nov/2022:18:10:36 -0500] "HEAD /BLA/boletinlegal/ HTTP/1.1" 200 -
172.22.2.4 - - [27/Nov/2022:18:11:05 -0500] "GET /BLA/boletinlegal/ HTTP/1.1" 200 40907
172.22.2.4 - - [27/Nov/2022:18:11:27 -0500] "GET /BLA/boletinlegal/ HTTP/1.1" 200 55272
207.46.13.174 - - [27/Nov/2022:18:13:25 -0500] "GET /BLA/resoluciones/index.php?dir=AUTOS+2012%2F HTTP/1.1" 200 275011
40.77.167.58 - - [27/Nov/2022:18:15:25 -0500] "GET /BLA/resoluciones/index.php?dir=RESOLUCIONES+2017%2F HTTP/1.1" 200 284956
157.55.39.39 - - [27/Nov/2022:18:15:35 -0500] "GET /BLA/resoluciones/index.php?dir=AUTOS+2018%2F HTTP/1.1" 200 441980
216.245.221.92 - - [27/Nov/2022:18:16:39 -0500] "HEAD / HTTP/1.1" 200 -
201.245.192.253 - - [27/Nov/2022:18:17:04 -0500] "POST /kwsrmcab/Wsrmcab  HTTP/1.1" 200 42393
172.22.2.4 - - [27/Nov/2022:18:16:26 -0500] "HEAD /BLA/boletinlegal/ HTTP/1.1" 200 -
173.252.111.1 - - [27/Nov/2022:18:18:27 -0500] "GET /images/Musgo%20SDA%20(1)%20(1).png HTTP/1.1" 200 302122
173.252.111.15 - - [27/Nov/2022:18:18:49 -0500] "GET /images/Reciclaton%20Nov%202022%20(1)%20(1).jpeg HTTP/1.1" 200 53811
172.22.2.4 - - [27/Nov/2022:18:17:16 -0500] "GET /BLA/boletinlegal/ HTTP/1.1" 200 54816
66.249.77.30 - - [27/Nov/2022:18:18:58 -0500] "-" 408 -
64.124.8.51 - - [27/Nov/2022:18:20:11 -0500] "GET /portaldeninos/residuos/ HTTP/1.1" 200 87443
64.124.8.51 - - [27/Nov/2022:18:20:22 -0500] "GET /portaldeninos/2021/06/05/celebracion-del-dia-mundial-del-medio-ambiente-comenzo-desde-uno-de-los-pulmones-de-bogota/ HTTP/1.1" 200 104357
172.22.2.4 - - [27/Nov/2022:18:20:37 -0500] "GET /BLA/boletinlegal/Directivas/2018/Directiva%20No.%2023%20del%2026%20de%20diciembre%20de%202018.pdf HTTP/1.1" 304 -
66.249.64.13 - - [27/Nov/2022:18:20:56 -0500] "-" 408 -
201.245.192.253 - - [27/Nov/2022:18:21:26 -0500] "POST /kwsrmcab/Wsrmcab HTTP/1.1" 200 43126
201.245.192.253 - - [27/Nov/2022:18:21:28 -0500] "POST /kwsrmcab/Wsrmcab HTTP/1.1" 200 44152
216.245.221.92 - - [27/Nov/2022:18:21:39 -0500] "HEAD / HTTP/1.1" 200 -
201.245.192.253 - - [27/Nov/2022:18:22:03 -0500] "POST /kwsrmcab/Wsrmcab  HTTP/1.1" 200 42393
172.22.2.4 - - [27/Nov/2022:18:22:16 -0500] "HEAD /BLA/boletinlegal/ HTTP/1.1" 200 -
172.22.2.4 - - [27/Nov/2022:18:23:06 -0500] "GET /BLA/boletinlegal/ HTTP/1.1" 200 58185
216.245.221.92 - - [27/Nov/2022:18:26:39 -0500] "HEAD / HTTP/1.1" 200 -
201.245.192.253 - - [27/Nov/2022:18:27:00 -0500] "POST /kwsrmcab/Wsrmcab  HTTP/1.1" 200 42393
172.22.2.4 - - [27/Nov/2022:18:28:06 -0500] "HEAD /BLA/boletinlegal/ HTTP/1.1" 200 -
172.22.2.4 - - [27/Nov/2022:18:28:57 -0500] "GET /BLA/boletinlegal/ HTTP/1.1" 200 57824
201.245.192.253 - - [27/Nov/2022:18:31:26 -0500] "POST /kwsrmcab/Wsrmcab HTTP/1.1" 200 43126
201.245.192.253 - - [27/Nov/2022:18:31:28 -0500] "POST /kwsrmcab/Wsrmcab HTTP/1.1" 200 44152
216.245.221.92 - - [27/Nov/2022:18:31:39 -0500] "HEAD / HTTP/1.1" 200 -
201.245.192.253 - - [27/Nov/2022:18:31:59 -0500] "POST /kwsrmcab/Wsrmcab  HTTP/1.1" 200 42393
181.53.13.28 - - [27/Nov/2022:18:34:48 -0500] "GET /portaldeninos/ HTTP/1.1" 200 110197
181.53.13.28 - - [27/Nov/2022:18:34:55 -0500] "GET /portaldeninos/wp-content/plugins/gallery-videos/CSS/Total-Soft-Gallery-Video-Widget.css?ver=4.9.8 HTTP/1.1" 200 51554
181.53.13.28 - - [27/Nov/2022:18:34:55 -0500] "GET /portaldeninos/wp-content/plugins/gallery-videos/CSS/totalsoft.css?ver=4.9.8 HTTP/1.1" 200 40622
181.53.13.28 - - [27/Nov/2022:18:35:08 -0500] "GET /portaldeninos/wp-content/uploads/useanyfont/uaf.css?ver=1589905315 HTTP/1.1" 200 408
181.53.13.28 - - [27/Nov/2022:18:35:08 -0500] "GET /portaldeninos/wp-content/themes/betheme/style.css?ver=20.9.6 HTTP/1.1" 200 287
181.53.13.28 - - [27/Nov/2022:18:35:08 -0500] "GET /portaldeninos/wp-content/themes/betheme/css/base.css?ver=20.9.6 HTTP/1.1" 200 57283
181.53.13.28 - - [27/Nov/2022:18:35:09 -0500] "GET /portaldeninos/wp-content/themes/betheme/assets/animations/animations.min.css?ver=20.9.6 HTTP/1.1" 200 58508
181.53.13.28 - - [27/Nov/2022:18:35:09 -0500] "GET /portaldeninos/wp-content/themes/betheme/css/shortcodes.css?ver=20.9.6 HTTP/1.1" 200 138889
181.53.13.28 - - [27/Nov/2022:18:35:09 -0500] "GET /portaldeninos/wp-content/themes/betheme/css/layout.css?ver=20.9.6 HTTP/1.1" 200 116639
181.53.13.28 - - [27/Nov/2022:18:35:10 -0500] "GET /portaldeninos/wp-content/themes/betheme/assets/ui/jquery.ui.all.css?ver=20.9.6 HTTP/1.1" 200 18765
181.53.13.28 - - [27/Nov/2022:18:35:10 -0500] "GET /portaldeninos/wp-content/themes/betheme/assets/jplayer/css/jplayer.blue.monday.css?ver=20.9.6 HTTP/1.1" 200 9834
181.53.13.28 - - [27/Nov/2022:18:35:10 -0500] "GET /portaldeninos/wp-content/themes/betheme/css/responsive.css?ver=20.9.6 HTTP/1.1" 200 55740
181.53.13.28 - - [27/Nov/2022:18:35:10 -0500] "GET /portaldeninos/wp-content/plugins/popup-maker/assets/css/site.min.css?ver=1.8.14 HTTP/1.1" 200 8260
181.53.13.28 - - [27/Nov/2022:18:35:12 -0500] "GET /portaldeninos/wp-content/plugins/google-analytics-for-wordpress/assets/js/frontend-gtag.min.js?ver=8.5.0 HTTP/1.1" 200 11801
181.53.13.28 - - [27/Nov/2022:18:35:12 -0500] "GET /portaldeninos/wp-includes/js/jquery/jquery.js?ver=1.12.4 HTTP/1.1" 200 97184
181.53.13.28 - - [27/Nov/2022:18:35:13 -0500] "GET /portaldeninos/wp-includes/js/jquery/ui/core.min.js?ver=1.11.4 HTTP/1.1" 200 4000
181.53.13.28 - - [27/Nov/2022:18:35:13 -0500] "GET /portaldeninos/wp-includes/js/jquery/jquery-migrate.min.js?ver=1.4.1 HTTP/1.1" 200 10056
181.53.13.28 - - [27/Nov/2022:18:35:13 -0500] "GET /portaldeninos/wp-content/plugins/gallery-videos/JS/modernizr.custom.js?ver=4.9.8 HTTP/1.1" 200 9019
181.53.13.28 - - [27/Nov/2022:18:35:13 -0500] "GET /portaldeninos/wp-content/plugins/gallery-videos/JS/Total-Soft-Gallery-Video-Widget.js?ver=4.9.8 HTTP/1.1" 200 80264
181.53.13.28 - - [27/Nov/2022:18:35:15 -0500] "GET /portaldeninos/wp-includes/js/jquery/ui/widget.min.js?ver=1.11.4 HTTP/1.1" 200 6908
181.53.13.28 - - [27/Nov/2022:18:35:15 -0500] "GET /portaldeninos/wp-includes/js/jquery/ui/mouse.min.js?ver=1.11.4 HTTP/1.1" 200 3148
181.53.13.28 - - [27/Nov/2022:18:35:15 -0500] "GET /portaldeninos/wp-includes/js/jquery/ui/sortable.min.js?ver=1.11.4 HTTP/1.1" 200 24899
181.53.13.28 - - [27/Nov/2022:18:35:16 -0500] "GET /portaldeninos/wp-includes/js/jquery/ui/tabs.min.js?ver=1.11.4 HTTP/1.1" 200 12110
181.53.13.28 - - [27/Nov/2022:18:35:17 -0500] "GET /portaldeninos/wp-includes/js/jquery/ui/accordion.min.js?ver=1.11.4 HTTP/1.1" 200 8584
181.53.13.28 - - [27/Nov/2022:18:35:17 -0500] "GET /portaldeninos/wp-content/themes/betheme/js/plugins.js?ver=20.9.6 HTTP/1.1" 200 197151
181.53.13.28 - - [27/Nov/2022:18:35:18 -0500] "GET /portaldeninos/wp-content/themes/betheme/js/menu.js?ver=20.9.6 HTTP/1.1" 200 2449
181.53.13.28 - - [27/Nov/2022:18:35:19 -0500] "GET /portaldeninos/wp-content/themes/betheme/assets/animations/animations.min.js?ver=20.9.6 HTTP/1.1" 200 1896
181.53.13.28 - - [27/Nov/2022:18:35:24 -0500] "GET /portaldeninos/wp-includes/js/jquery/ui/position.min.js?ver=1.11.4 HTTP/1.1" 200 6527
181.53.13.28 - - [27/Nov/2022:18:35:24 -0500] "GET /portaldeninos/wp-content/themes/betheme/js/scripts.js?ver=20.9.6 HTTP/1.1" 200 77162
181.53.13.28 - - [27/Nov/2022:18:35:24 -0500] "GET /portaldeninos/wp-content/themes/betheme/assets/jplayer/jplayer.min.js?ver=20.9.6 HTTP/1.1" 200 52702
181.53.13.28 - - [27/Nov/2022:18:35:26 -0500] "GET /portaldeninos/wp-content/plugins/popup-maker/assets/js/site.min.js?defer&ver=1.8.14 HTTP/1.1" 200 48457
181.53.13.28 - - [27/Nov/2022:18:35:27 -0500] "GET /portaldeninos/wp-includes/js/wp-embed.min.js?ver=4.9.8 HTTP/1.1" 200 1398
181.53.13.28 - - [27/Nov/2022:18:35:27 -0500] "GET /portaldeninos/wp-content/uploads/2021/06/titulo-cabezote-ni%C3%B1os.png HTTP/1.1" 200 64425
181.53.13.28 - - [27/Nov/2022:18:35:27 -0500] "GET /portaldeninos/wp-content/uploads/2019/08/Logo-Ambientic.png HTTP/1.1" 200 22941
181.53.13.28 - - [27/Nov/2022:18:35:35 -0500] "GET /portaldeninos/wp-content/uploads/2021/06/titulo-miambiente-ni%C3%B1os.png HTTP/1.1" 200 11944
181.53.13.28 - - [27/Nov/2022:18:35:35 -0500] "GET /portaldeninos/wp-content/themes/betheme/fonts/mfn-icons.woff?93978679 HTTP/1.1" 200 80932
172.22.2.4 - - [27/Nov/2022:18:33:56 -0500] "HEAD /BLA/boletinlegal/ HTTP/1.1" 200 -
181.53.13.28 - - [27/Nov/2022:18:35:36 -0500] "GET /portaldeninos/wp-content/uploads/2018/10/oso.jpg HTTP/1.1" 200 305180
181.53.13.28 - - [27/Nov/2022:18:35:37 -0500] "GET /portaldeninos/wp-content/uploads/2020/01/Frailejon-escenario.jpg HTTP/1.1" 200 357472
181.53.13.28 - - [27/Nov/2022:18:35:38 -0500] "GET /portaldeninos/wp-content/uploads/2018/11/tigrillo.jpg HTTP/1.1" 200 402961
40.77.167.13 - - [27/Nov/2022:18:35:38 -0500] "GET /appsia/controlador HTTP/1.1" 200 4799
181.53.13.28 - - [27/Nov/2022:18:35:40 -0500] "GET /portaldeninos/wp-content/uploads/2021/06/titulo-videos-ni%C3%B1os.png HTTP/1.1" 200 10502
181.53.13.28 - - [27/Nov/2022:18:35:40 -0500] "GET /portaldeninos/wp-content/uploads/2020/01/Tierra-escenario.jpg HTTP/1.1" 200 181491
181.53.13.28 - - [27/Nov/2022:18:35:40 -0500] "GET /portaldeninos/wp-content/uploads/2018/11/caneca.jpg HTTP/1.1" 200 262661
181.53.13.28 - - [27/Nov/2022:18:35:43 -0500] "GET /portaldeninos/wp-content/uploads/2021/06/titulo-humedales-ni%C3%B1os.png HTTP/1.1" 200 13361
181.53.13.28 - - [27/Nov/2022:18:35:43 -0500] "GET /portaldeninos/wp-content/uploads/2022/08/Infograf%C3%ADa-humedales-actualizada.png HTTP/1.1" 200 588022
181.53.13.28 - - [27/Nov/2022:18:35:44 -0500] "GET /portaldeninos/wp-content/uploads/2020/05/fb.jpg HTTP/1.1" 200 9893
181.53.13.28 - - [27/Nov/2022:18:35:44 -0500] "GET /portaldeninos/wp-content/uploads/2020/05/ig.jpg HTTP/1.1" 200 11470
181.53.13.28 - - [27/Nov/2022:18:35:44 -0500] "GET /portaldeninos/wp-content/uploads/2020/06/yt.jpg HTTP/1.1" 200 10577
181.53.13.28 - - [27/Nov/2022:18:35:47 -0500] "GET /portaldeninos/wp-content/uploads/2020/06/tw.jpg HTTP/1.1" 200 11056
181.53.13.28 - - [27/Nov/2022:18:35:47 -0500] "GET /portaldeninos/wp-includes/js/wp-emoji-release.min.js?ver=4.9.8 HTTP/1.1" 200 12026
181.53.13.28 - - [27/Nov/2022:18:35:49 -0500] "GET /portaldeninos/wp-content/themes/betheme/images/box_shadow.png HTTP/1.1" 200 108
181.53.13.28 - - [27/Nov/2022:18:35:49 -0500] "GET /portaldeninos/wp-content/themes/betheme/images/stripes/stripes_3_b.png HTTP/1.1" 200 974
181.53.13.28 - - [27/Nov/2022:18:35:51 -0500] "GET /portaldeninos/wp-json/pum/v1/analytics/?event=open&pid=1126&_cache=1669592011054 HTTP/1.1" 204 -
181.53.13.28 - - [27/Nov/2022:18:35:43 -0500] "GET /portaldeninos/wp-content/uploads/2022/08/HUmedalConejera03-1.jpg HTTP/1.1" 200 12388495
40.77.167.58 - - [27/Nov/2022:18:35:56 -0500] "GET /appsia/css/estilos.css HTTP/1.1" 200 4804
207.46.13.194 - - [27/Nov/2022:18:36:01 -0500] "GET /appsia/scripts/validarIngreso.js HTTP/1.1" 200 851
181.53.13.28 - - [27/Nov/2022:18:36:02 -0500] "GET /portaldeninos/wp-content/uploads/2022/01/Conoce-lo-que-hace-la-Secretar%C3%ADa-de-Ambiente.mp4 HTTP/1.1" 206 4085993
185.119.81.105 - - [27/Nov/2022:18:36:09 -0500] "GET /portaldeninos/wp-login.php HTTP/1.1" 200 2592
185.119.81.105 - - [27/Nov/2022:18:36:10 -0500] "POST /portaldeninos/wp-login.php HTTP/1.1" 200 3605
181.53.13.28 - - [27/Nov/2022:18:36:02 -0500] "GET /portaldeninos/wp-content/uploads/2019/06/CabezoteAMBIENTIC.mp4 HTTP/1.1" 206 17568473
207.46.13.66 - - [27/Nov/2022:18:36:21 -0500] "GET /catalogoisis/js/aceptarlimpiar.js HTTP/1.1" 200 331
181.53.13.28 - - [27/Nov/2022:18:36:17 -0500] "GET /portaldeninos/wp-content/uploads/2019/06/CabezoteAMBIENTIC.mp4 HTTP/1.1" 206 4314084
172.22.2.4 - - [27/Nov/2022:18:34:44 -0500] "GET /BLA/boletinlegal/ HTTP/1.1" 200 47188
172.22.2.4 - - [27/Nov/2022:18:34:46 -0500] "GET /BLA/boletinlegal/ HTTP/1.1" 200 46778
181.53.13.28 - - [27/Nov/2022:18:36:30 -0500] "GET /portaldeninos/residuos HTTP/1.1" 301 -
181.53.13.28 - - [27/Nov/2022:18:36:31 -0500] "GET /portaldeninos/residuos/ HTTP/1.1" 200 87443
181.53.13.28 - - [27/Nov/2022:18:36:33 -0500] "GET /portaldeninos/wp-content/uploads/2021/07/residuos-pagina-ni%C3%B1os.jpg HTTP/1.1" 200 316433
216.245.221.92 - - [27/Nov/2022:18:36:39 -0500] "HEAD / HTTP/1.1" 200 -
201.245.192.253 - - [27/Nov/2022:18:36:58 -0500] "POST /kwsrmcab/Wsrmcab  HTTP/1.1" 200 42393
172.22.2.4 - - [27/Nov/2022:18:38:33 -0500] "GET /BLA/boletinlegal/Circulares/2019/.pdf HTTP/1.1" 404 1218
172.22.2.4 - - [27/Nov/2022:18:38:36 -0500] "GET /BLA/boletinlegal/ab2g HTTP/1.1" 404 1018
172.22.2.4 - - [27/Nov/2022:18:38:38 -0500] "GET /BLA/boletinlegal/ab2h HTTP/1.1" 404 1018
172.22.2.4 - - [27/Nov/2022:18:38:44 -0500] "GET /BLA/boletinlegal/ HTTP/1.1" 200 32715
207.46.13.174 - - [27/Nov/2022:18:39:38 -0500] "GET /BLA/resoluciones/index.php?dir=RESOLUCIONES+2019%2F HTTP/1.1" 200 248983
172.22.2.4 - - [27/Nov/2022:18:40:25 -0500] "GET /BLA/boletinlegal/jurisprudencia/analisis/AnalisisT-606-15.docx HTTP/1.1" 200 26698
172.22.2.4 - - [27/Nov/2022:18:40:26 -0500] "GET /BLA/boletinlegal/apple-touch-icon-120x120-precomposed.png HTTP/1.1" 404 1140
172.22.2.4 - - [27/Nov/2022:18:40:26 -0500] "GET /BLA/boletinlegal/apple-touch-icon-120x120.png HTTP/1.1" 404 1140
172.22.2.4 - - [27/Nov/2022:18:40:26 -0500] "GET /BLA/boletinlegal/apple-touch-icon-precomposed.png HTTP/1.1" 404 1140
172.22.2.4 - - [27/Nov/2022:18:40:26 -0500] "GET /BLA/boletinlegal/apple-touch-icon.png HTTP/1.1" 404 1140
172.22.2.4 - - [27/Nov/2022:18:40:26 -0500] "GET /BLA/boletinlegal/favicon.ico HTTP/1.1" 404 1140
172.22.2.4 - - [27/Nov/2022:18:40:27 -0500] "GET /BLA/boletinlegal/apple-touch-icon-120x120-precomposed.png HTTP/1.1" 404 1140
172.22.2.4 - - [27/Nov/2022:18:40:27 -0500] "GET /BLA/boletinlegal/apple-touch-icon-120x120.png HTTP/1.1" 404 1140
172.22.2.4 - - [27/Nov/2022:18:40:27 -0500] "GET /BLA/boletinlegal/apple-touch-icon-precomposed.png HTTP/1.1" 404 1140
172.22.2.4 - - [27/Nov/2022:18:40:27 -0500] "GET /BLA/boletinlegal/apple-touch-icon.png HTTP/1.1" 404 1140
172.22.2.4 - - [27/Nov/2022:18:40:27 -0500] "GET /BLA/boletinlegal/favicon.ico HTTP/1.1" 404 1140
172.22.2.4 - - [27/Nov/2022:18:39:46 -0500] "HEAD /BLA/boletinlegal/ HTTP/1.1" 200 -
201.245.192.253 - - [27/Nov/2022:18:41:25 -0500] "POST /kwsrmcab/Wsrmcab HTTP/1.1" 200 43126
201.245.192.253 - - [27/Nov/2022:18:41:28 -0500] "POST /kwsrmcab/Wsrmcab HTTP/1.1" 200 44152
216.245.221.92 - - [27/Nov/2022:18:41:39 -0500] "HEAD / HTTP/1.1" 200 -
201.245.192.253 - - [27/Nov/2022:18:41:57 -0500] "POST /kwsrmcab/Wsrmcab  HTTP/1.1" 200 42393
40.77.167.58 - - [27/Nov/2022:18:42:07 -0500] "GET /BLA/resoluciones/AUTOS%202021/4610.pdf HTTP/1.1" 304 -
172.22.2.4 - - [27/Nov/2022:18:40:37 -0500] "GET /BLA/boletinlegal/ HTTP/1.1" 200 57824
216.245.221.92 - - [27/Nov/2022:18:46:39 -0500] "HEAD / HTTP/1.1" 200 -
201.245.192.253 - - [27/Nov/2022:18:46:56 -0500] "POST /kwsrmcab/Wsrmcab  HTTP/1.1" 200 42393
172.22.2.4 - - [27/Nov/2022:18:45:36 -0500] "HEAD /BLA/boletinlegal/ HTTP/1.1" 200 -
186.84.89.42 - - [27/Nov/2022:18:47:25 -0500] "GET /appsia/controlador HTTP/1.1" 200 4799
186.84.89.42 - - [27/Nov/2022:18:47:25 -0500] "GET /appsia/css/estilos.css HTTP/1.1" 304 -
186.84.89.42 - - [27/Nov/2022:18:47:25 -0500] "GET /appsia/scripts/validarIngreso.js HTTP/1.1" 304 -
186.84.89.42 - - [27/Nov/2022:18:47:25 -0500] "GET /appsia/images/cabezoteHojaVida.png HTTP/1.1" 304 -
186.84.89.42 - - [27/Nov/2022:18:47:25 -0500] "GET /appsia/images/logo_bogota_p.png HTTP/1.1" 304 -
186.84.89.42 - - [27/Nov/2022:18:47:37 -0500] "POST /appsia/controlador HTTP/1.1" 200 5437
186.84.89.42 - - [27/Nov/2022:18:47:48 -0500] "POST /appsia/controlador HTTP/1.1" 200 7785
186.84.89.42 - - [27/Nov/2022:18:47:51 -0500] "POST /appsia/controlador HTTP/1.1" 200 6654
186.84.89.42 - - [27/Nov/2022:18:47:53 -0500] "POST /appsia/controlador HTTP/1.1" 200 13697
186.84.22.24 - - [27/Nov/2022:18:47:55 -0500] "GET /con-la-apertura-de-la-exposicion-polinizando-bogota-encendio-desde-el-jardin-botanico-la-navidad-2022.html HTTP/1.1" 200 927
172.22.2.4 - - [27/Nov/2022:18:46:26 -0500] "GET /BLA/boletinlegal/ HTTP/1.1" 200 55680
186.84.89.42 - - [27/Nov/2022:18:48:26 -0500] "POST /appsia/controlador HTTP/1.1" 200 76184
172.22.2.4 - - [27/Nov/2022:18:51:04 -0500] "GET /BLA/boletinlegal/Circulares/2012/Circular%20No.%206%20del%2025%20de%20Mayo%20de%202012.pdf HTTP/1.1" 304 -
216.245.221.92 - - [27/Nov/2022:18:51:39 -0500] "HEAD / HTTP/1.1" 200 -
201.245.192.253 - - [27/Nov/2022:18:51:55 -0500] "POST /kwsrmcab/Wsrmcab  HTTP/1.1" 200 42393
172.22.2.4 - - [27/Nov/2022:18:51:26 -0500] "HEAD /BLA/boletinlegal/ HTTP/1.1" 200 -
185.119.81.105 - - [27/Nov/2022:18:53:21 -0500] "GET /portaldeninos/wp-login.php HTTP/1.1" 200 2592
185.119.81.105 - - [27/Nov/2022:18:53:22 -0500] "POST /portaldeninos/wp-login.php HTTP/1.1" 200 3605
172.22.2.4 - - [27/Nov/2022:18:52:16 -0500] "GET /BLA/boletinlegal/ HTTP/1.1" 200 59779
199.16.157.183 - - [27/Nov/2022:18:54:22 -0500] "GET /images/imagen-comunicado-podcast.jpg HTTP/1.1" 200 39765
199.16.157.182 - - [27/Nov/2022:18:54:23 -0500] "GET /alcaldesa-asistira-a-la-conferencia-de-las-naciones-unidas-sobre-el-cambio-climatico-cop26.html HTTP/1.1" 200 1289
199.16.157.181 - - [27/Nov/2022:18:54:23 -0500] "GET /images/alcaldesa-secretaria-29-octubre.jpg HTTP/1.1" 200 72783
157.55.39.39 - - [27/Nov/2022:18:55:17 -0500] "GET /BLA/resoluciones/index.php?dir=AUTOS+2018%2F HTTP/1.1" 200 441980
69.171.251.21 - - [27/Nov/2022:18:56:00 -0500] "GET /acompanamos-a-la-car-en-la-firma-del-plan-de-accion-para-el-mejoramiento-de-la-calidad-del-aire-en-ciudad-bolivar.html HTTP/1.1" 206 1042
186.155.73.191 - - [27/Nov/2022:18:56:11 -0500] "GET /portaldeninos/wp-content/uploads/useanyfont/uaf.css?ver=1589905315 HTTP/1.1" 200 408
186.155.73.191 - - [27/Nov/2022:18:56:11 -0500] "GET /portaldeninos/wp-content/themes/betheme/style.css?ver=20.9.6 HTTP/1.1" 200 287
186.155.73.191 - - [27/Nov/2022:18:56:11 -0500] "GET /portaldeninos/wp-content/plugins/gallery-videos/CSS/Total-Soft-Gallery-Video-Widget.css?ver=4.9.8 HTTP/1.1" 200 51554
186.155.73.191 - - [27/Nov/2022:18:56:11 -0500] "GET /portaldeninos/wp-content/plugins/gallery-videos/CSS/totalsoft.css?ver=4.9.8 HTTP/1.1" 200 40622
186.155.73.191 - - [27/Nov/2022:18:56:11 -0500] "GET /portaldeninos/wp-content/themes/betheme/css/base.css?ver=20.9.6 HTTP/1.1" 200 57283
186.155.73.191 - - [27/Nov/2022:18:56:11 -0500] "GET /portaldeninos/wp-content/themes/betheme/css/layout.css?ver=20.9.6 HTTP/1.1" 200 116639
186.155.73.191 - - [27/Nov/2022:18:56:11 -0500] "GET /portaldeninos/wp-content/themes/betheme/css/shortcodes.css?ver=20.9.6 HTTP/1.1" 200 138889
186.155.73.191 - - [27/Nov/2022:18:56:10 -0500] "GET /portaldeninos/parque-ecologico-distrital-humedal-santa-maria-del-lago/ HTTP/1.1" 200 90199
186.155.73.191 - - [27/Nov/2022:18:56:11 -0500] "GET /portaldeninos/wp-content/themes/betheme/assets/ui/jquery.ui.all.css?ver=20.9.6 HTTP/1.1" 200 18765
186.155.73.191 - - [27/Nov/2022:18:56:11 -0500] "GET /portaldeninos/wp-content/themes/betheme/assets/animations/animations.min.css?ver=20.9.6 HTTP/1.1" 200 58508
186.155.73.191 - - [27/Nov/2022:18:56:11 -0500] "GET /portaldeninos/wp-content/themes/betheme/assets/jplayer/css/jplayer.blue.monday.css?ver=20.9.6 HTTP/1.1" 200 9834
186.155.73.191 - - [27/Nov/2022:18:56:11 -0500] "GET /portaldeninos/wp-content/plugins/google-analytics-for-wordpress/assets/js/frontend-gtag.min.js?ver=8.5.0 HTTP/1.1" 200 11801
186.155.73.191 - - [27/Nov/2022:18:56:11 -0500] "GET /portaldeninos/wp-content/themes/betheme/css/responsive.css?ver=20.9.6 HTTP/1.1" 200 55740
186.155.73.191 - - [27/Nov/2022:18:56:12 -0500] "GET /portaldeninos/wp-includes/js/jquery/jquery-migrate.min.js?ver=1.4.1 HTTP/1.1" 200 10056
186.155.73.191 - - [27/Nov/2022:18:56:12 -0500] "GET /portaldeninos/wp-includes/js/jquery/ui/core.min.js?ver=1.11.4 HTTP/1.1" 200 4000
186.155.73.191 - - [27/Nov/2022:18:56:12 -0500] "GET /portaldeninos/wp-content/plugins/gallery-videos/JS/modernizr.custom.js?ver=4.9.8 HTTP/1.1" 200 9019
186.155.73.191 - - [27/Nov/2022:18:56:12 -0500] "GET /portaldeninos/wp-content/plugins/gallery-videos/JS/Total-Soft-Gallery-Video-Widget.js?ver=4.9.8 HTTP/1.1" 200 80264
186.155.73.191 - - [27/Nov/2022:18:56:12 -0500] "GET /portaldeninos/wp-includes/js/wp-emoji-release.min.js?ver=4.9.8 HTTP/1.1" 200 12026
186.155.73.191 - - [27/Nov/2022:18:56:12 -0500] "GET /portaldeninos/wp-includes/js/jquery/ui/widget.min.js?ver=1.11.4 HTTP/1.1" 200 6908
186.155.73.191 - - [27/Nov/2022:18:56:12 -0500] "GET /portaldeninos/wp-includes/js/jquery/ui/mouse.min.js?ver=1.11.4 HTTP/1.1" 200 3148
186.155.73.191 - - [27/Nov/2022:18:56:11 -0500] "GET /portaldeninos/wp-includes/js/jquery/jquery.js?ver=1.12.4 HTTP/1.1" 200 97184
186.155.73.191 - - [27/Nov/2022:18:56:12 -0500] "GET /portaldeninos/wp-includes/js/jquery/ui/tabs.min.js?ver=1.11.4 HTTP/1.1" 200 12110
186.155.73.191 - - [27/Nov/2022:18:56:12 -0500] "GET /portaldeninos/wp-includes/js/jquery/ui/sortable.min.js?ver=1.11.4 HTTP/1.1" 200 24899
186.155.73.191 - - [27/Nov/2022:18:56:12 -0500] "GET /portaldeninos/wp-includes/js/jquery/ui/accordion.min.js?ver=1.11.4 HTTP/1.1" 200 8584
186.155.73.191 - - [27/Nov/2022:18:56:12 -0500] "GET /portaldeninos/wp-content/themes/betheme/assets/animations/animations.min.js?ver=20.9.6 HTTP/1.1" 200 1896
186.155.73.191 - - [27/Nov/2022:18:56:12 -0500] "GET /portaldeninos/wp-content/themes/betheme/js/menu.js?ver=20.9.6 HTTP/1.1" 200 2449
186.155.73.191 - - [27/Nov/2022:18:56:12 -0500] "GET /portaldeninos/wp-includes/js/wp-embed.min.js?ver=4.9.8 HTTP/1.1" 200 1398
186.155.73.191 - - [27/Nov/2022:18:56:12 -0500] "GET /portaldeninos/wp-content/themes/betheme/assets/jplayer/jplayer.min.js?ver=20.9.6 HTTP/1.1" 200 52702
186.155.73.191 - - [27/Nov/2022:18:56:12 -0500] "GET /portaldeninos/wp-content/uploads/2021/07/imagenes-con-marcos-pa%CC%81gina-de-nin%CC%83os-humedal-santa-mari%CC%81a-del-lago.jpg HTTP/1.1" 200 29226
186.155.73.191 - - [27/Nov/2022:18:56:12 -0500] "GET /portaldeninos/wp-content/uploads/2019/08/Logo-Ambientic.png HTTP/1.1" 200 22941
186.155.73.191 - - [27/Nov/2022:18:56:12 -0500] "GET /portaldeninos/wp-content/uploads/2021/07/Banners-pa%CC%81gina-de-nin%CC%83os2.jpg HTTP/1.1" 200 33818
186.155.73.191 - - [27/Nov/2022:18:56:12 -0500] "GET /portaldeninos/wp-content/themes/betheme/images/box_shadow.png HTTP/1.1" 200 108
186.155.73.191 - - [27/Nov/2022:18:56:12 -0500] "GET /portaldeninos/wp-content/themes/betheme/js/scripts.js?ver=20.9.6 HTTP/1.1" 200 77162
186.155.73.191 - - [27/Nov/2022:18:56:12 -0500] "GET /portaldeninos/wp-content/themes/betheme/fonts/mfn-icons.woff?93978679 HTTP/1.1" 200 80932
186.155.73.191 - - [27/Nov/2022:18:56:12 -0500] "GET /portaldeninos/wp-content/themes/betheme/js/plugins.js?ver=20.9.6 HTTP/1.1" 200 197151
186.155.73.191 - - [27/Nov/2022:18:56:12 -0500] "GET /portaldeninos/wp-content/uploads/2021/07/Humedal-Santa-Maria-del-Lago.mp4 HTTP/1.1" 206 5142759
216.245.221.92 - - [27/Nov/2022:18:56:39 -0500] "HEAD / HTTP/1.1" 200 -
201.245.192.253 - - [27/Nov/2022:18:56:54 -0500] "POST /kwsrmcab/Wsrmcab  HTTP/1.1" 200 42393
172.22.2.4 - - [27/Nov/2022:18:57:16 -0500] "HEAD /BLA/boletinlegal/ HTTP/1.1" 200 -
172.22.2.4 - - [27/Nov/2022:18:58:06 -0500] "GET /BLA/boletinlegal/ HTTP/1.1" 200 59779
141.255.166.2 - - [27/Nov/2022:18:59:42 -0500] "POST /boaform/admin/formLogin HTTP/1.1" 404 1186
172.22.2.4 - - [27/Nov/2022:19:01:36 -0500] "GET /BLA/boletinlegal/jurisprudencia/analisis/AnalisisT-693-12.docx HTTP/1.1" 304 -
216.245.221.92 - - [27/Nov/2022:19:01:39 -0500] "HEAD / HTTP/1.1" 200 -
201.245.192.253 - - [27/Nov/2022:19:01:54 -0500] "POST /kwsrmcab/Wsrmcab  HTTP/1.1" 200 42393
152.89.196.211 - - [27/Nov/2022:19:02:06 -0500] "GET /?XDEBUG_SESSION_START=phpstorm HTTP/1.1" 200 319
172.22.2.4 - - [27/Nov/2022:19:03:06 -0500] "HEAD /BLA/boletinlegal/ HTTP/1.1" 200 -
172.22.2.4 - - [27/Nov/2022:19:03:57 -0500] "GET /BLA/boletinlegal/ HTTP/1.1" 200 57824
216.245.221.92 - - [27/Nov/2022:19:06:39 -0500] "HEAD / HTTP/1.1" 200 -
201.245.192.253 - - [27/Nov/2022:19:06:53 -0500] "POST /kwsrmcab/Wsrmcab  HTTP/1.1" 200 42393
186.30.101.181 - - [27/Nov/2022:19:08:37 -0500] "GET /kwssiamovil/sm/ldap/au?x=U2FsdGVkX18MZJBDv/LRB0j5YRyGHNZmiaBbgxmAy0GZVtGnn2EKmGwrJvHl3a/Q&y=U2FsdGVkX1+mDn7EjGvNGy/Bx/RltLFfKBVDO3cjNrdnRgq48/dufst7yVKKLpjJ HTTP/1.1" 200 30
186.30.101.181 - - [27/Nov/2022:19:08:38 -0500] "GET /kwssiamovil/sm/acme/s?s=U2FsdGVkX18NWW/sCI9DOy6N+5YlkijqoKbkNogtUuQ0Ck4UipGvALZNbEBXB/7QaQcBib6OuiNHgpJQNxM9YNXiTCQWqcmCusnDL5yhLZM=&u=U2FsdGVkX18EewWfXjfjvErkLW1u1xoCNV69xH4dqMpRfbyOJd1jnoJewFy6wwvM&y=U2FsdGVkX1+mDn7EjGvNGy/Bx/RltLFfKBVDO3cjNrdnRgq48/dufst7yVKKLpjJ HTTP/1.1" 200 97
186.30.101.181 - - [27/Nov/2022:19:08:38 -0500] "GET /kwssiamovil/sm/acme/s?s=U2FsdGVkX19Vkdil6H+QnRfypc5FCr5U0uc94ECdaCn/G0TGvAktCL9JOg3qIQ2GxzcS2zyNtFrgjq3TNiNtQw8SdKFAcv3pbvMFWYkLI19iQtv93xa3vIhf4RlsKq+9EqISw45HK5mQoQwMYSieiDXdXdTF9WbJzATFPwrznZOkWz/CJ/c6nFHL9muhacH/UTsI6Rpqdtku9xUKLoR6GIsTSyl5ureFZHe7sTRjTMsylz5t3/vxxopTFcl9ka8hsCxsEm8frqTOYxJRe+zBAyufqSkL6ExzqnorwNSDNWBYQOp5trE24NW6rIonpxflB7MijkQu6eNQ09s7xSV7/B50NAVIpK6i6BekAnn45b/xnH6op397rqv+7BdzdEd0aAiWkVPMO/TBjjrsJuFaCKKN4gaiOMqLeZXrYpA4X37JMZaWUX/MbHHuRlatxErikc3Vrl0/ml2Hz2f4WwMhrlozDuOklz94o21hTF6L+Hyg2BkczhvwgIgrKb4f7W0DgC6s9SlpZyOJ/PNMb+N3TqYSkY1mIxCrMYw4pQen5376oOOrfV7+i5GjU5MEtutU0EIZR1sI151P9r/x3tf2kuv+lbVV8zT9MMZHld0B5GdOCC7UMfFMYr3Mg+O7NL1jCWE6Sarr7ylq3by1+egnhHJN2IlSXnvkZCREWqw1BC47ai3Pe+zAREwj1HkH4FsrhuNO203G7xWJgXTESdr8A6iMHzjrdDXUI+swvdm8Q1RvZb80ivrN9GUwSQ4o8ILAWlCRAsQD8EhlehB8MIkFAdXvNzoY5LVP87m563slj5D1xgAxFb6ceR15LkFHoTi/GayIhC05uY25pBZY2QyWLp5UPhsMBLhzlG+6reB1pPCeiILlVf6aRNvBjcN8u9MalVGN19tmJFQyv9gYZxZB27gZWbWMu7IPkiGQ5MkpQIcWV8LzRTWPMN6RgeFO6eU0djR9UzuvUTWY8vzG6e2EWewR99ZndpQrqM/ASu3hw6xXrtT6PItB/AHxrKlMnarqxoC8ZeaUxmRS+2aSbAvgZL6B/9QDbRMWYH1C5TU6FVVCGbVnJVoaZ1wo2gi4dm2V8/cb9gj5SLG+exb5/iqdiUil124j0tZCzIvNC0QlS5I6FvxDosJU9dVdagarcbTWNI6L8uNcz2E+0KbfdTvA/x2/tucEGSJHT39GsuNFsmX1LnraFvBHLwIPFilsVTO68Yq1Yl4onadc9D6+Xip7SrXx1qwDid8/RbDOqzkg4dL5y2kEoKF4/vX0niA3zWlSu8z/rGOMF/p/INP9l3DLZh3WoCix7FBu2CiPv2Ug12evpG4ydFWmm7kS8rubF3/NBh+fZke950RB6ZGF9bRE1Y6SYUC20cegHNE0283H/PIaM5GpIw8za5JOG+Lbc+Vq0igm1BwPD+YjCaZCzmEkWJw7QNIJrMfQj6y4mOiZPF2uADm0GBBTrcyJd+hGhI+67WK+tN5841dpUL7XGugr9HNF3MYWiYZ//IWGmo/wOSRFvsBx3lH6H1M2TH7rWY3f5xGEpdJupng3Eox7uX2HEz1CBMrC+BgV4LF1Bf2aAbufNt/I/lhuk4f8UfKx2+tZ4k9XDhnUi0KTaWWrD6UtRKUf8AsN91ycESCAHXBiNFjyPNzIjnX9umLgLPH9SnGbzLwVZUhRLZJSWpKFR96ayPN3QD6NDYI4XJQ06lyHZkaP78nzsGpAsnGJjXTs41MltObkbTZ2r5AehZ/+b/U41G4AsfK7mWbbh9VIJgIWeVJdhwqxYr4FRkQGmkb4/DTl&u=U2FsdGVkX18EewWfXjfjvErkLW1u1xoCNV69xH4dqMpRfbyOJd1jnoJewFy6wwvM&y=U2FsdGVkX1+mDn7EjGvNGy/Bx/RltLFfKBVDO3cjNrdnRgq48/dufst7yVKKLpjJ HTTP/1.1" 200 1928
186.30.101.181 - - [27/Nov/2022:19:08:38 -0500] "GET /kwssiamovil/sm/acme/s?s=U2FsdGVkX1+owSvCZJqE/LEIc8Y1nqeIpgubf4kNacDFP94t2gq+C2SmZgbWGCS04RBjQzD6WWGsdyMsPESyhJ+cyadHUvw8h5wCPDn5QWflyl9r3TemV6s5fNB1DIF/LQEONrFlt2pfYlcrnZcCT2IslVRsp4OWUmbPCLhvuXszemrJ5kujJq8Reld9UJhNezdmPFDsqYibyCa99Om4wLt9NPcbGtVsgegWjXuDTphAcrH3ri3b1f0wHPDdtbhWZ8GcK7B8VCX0FUD9dsx6nw5XK09feiEsA3aJq+FLNwe1X+zwM8WisH5mGV9P1ZqQObEhTyTInyKS+Ra6xXbaniVU+n3AQuw8NQN3XeHh6XOpLdBmqmjamaHHFMEaNVSZJeZ46oenu/G4rXXj2Gyw7C8WNtx9FmL6KjjUI/domHo/9fO0rW1BfwkYfFuIEFzSu04TO7D7zxtBRdY8YCh4+rakGwQ0goYl+w1t7u6i8SGM59ALuwGt6987v8elna0T76LGoDiz07YzGE7yV4q3eFvX5lpQeElifJatFyj16Vz/lzjlkujAl6ROS/vfUt02yytQJMGRp5UzpnmndC8xAIULwx8akTnmb/2R9BX+iMp1+dRhkLgickaU6YBBbhbRIB4dwN7n8hl/DkFUWbDWi/BalQosbDoml6TuEzlIkT6NBafsM+IXdnBQzDo9L6GioXv9ik0Hww1PjyrXpZiymy8in5DzR270rex8R9igGxrCjgMTLNDMCrI9Zz+su9vBcJ3LOPSZX65ydZHvmqUlDQ==&u=U2FsdGVkX18EewWfXjfjvErkLW1u1xoCNV69xH4dqMpRfbyOJd1jnoJewFy6wwvM&y=U2FsdGVkX1+mDn7EjGvNGy/Bx/RltLFfKBVDO3cjNrdnRgq48/dufst7yVKKLpjJ HTTP/1.1" 200 354
186.30.101.181 - - [27/Nov/2022:19:08:38 -0500] "GET /kwssiamovil/sm/cjson/pre?f=1&x=U2FsdGVkX18MZJBDv/LRB0j5YRyGHNZmiaBbgxmAy0GZVtGnn2EKmGwrJvHl3a/Q HTTP/1.1" 200 31032
186.30.101.181 - - [27/Nov/2022:19:08:38 -0500] "GET /kwssiamovil/sm/cjson/pre?f=18&x=U2FsdGVkX18MZJBDv/LRB0j5YRyGHNZmiaBbgxmAy0GZVtGnn2EKmGwrJvHl3a/Q HTTP/1.1" 200 32849
186.84.88.215 - - [27/Nov/2022:19:08:51 -0500] "GET /con-la-apertura-de-la-exposicion-polinizando-bogota-encendio-desde-el-jardin-botanico-la-navidad-2022.html HTTP/1.1" 200 927
157.245.108.30 - - [27/Nov/2022:19:09:44 -0500] "\x16\x03\x01" 400 226
157.245.108.30 - - [27/Nov/2022:19:09:44 -0500] "\x16\x03\x01" 400 226
157.245.108.30 - - [27/Nov/2022:19:09:45 -0500] "GET / HTTP/1.1" 200 319
172.22.2.4 - - [27/Nov/2022:19:08:56 -0500] "HEAD /BLA/boletinlegal/ HTTP/1.1" 200 -
172.22.2.4 - - [27/Nov/2022:19:09:46 -0500] "GET /BLA/boletinlegal/ HTTP/1.1" 200 36811
186.30.101.181 - - [27/Nov/2022:19:10:48 -0500] "GET /kwssiamovil/sm/ldap/au?x=U2FsdGVkX19jXwXTfqsjStTtsipnNif/hzG8sXbtVLTjNdGbONDZxkrNqKzm1lo6&y=U2FsdGVkX19/PwpOvgUsiKqeKBSH0GFK3ItrBx+e4ckciPCmZYai+BxJaM2EMjXH HTTP/1.1" 200 30
186.30.101.181 - - [27/Nov/2022:19:10:49 -0500] "GET /kwssiamovil/sm/acme/s?s=U2FsdGVkX18eG2WVzu64shpXhuHDJ9fXHfjbajzWxrUyasXDdjrfm98Crpv2VTGHPwkVxEByJr48dS/a7KWa6UKZ/qq2iRmsnhOTEANnYCQ=&u=U2FsdGVkX19b5SlEVFdixqcW12v+aoWyZsvXxu2pqhducTLEuXdmcYsv4wzFBFqn&y=U2FsdGVkX19/PwpOvgUsiKqeKBSH0GFK3ItrBx+e4ckciPCmZYai+BxJaM2EMjXH HTTP/1.1" 200 97
186.30.101.181 - - [27/Nov/2022:19:10:49 -0500] "GET /kwssiamovil/sm/acme/s?s=U2FsdGVkX1/pov4Gl/iyzposPupup/64xOzp5IcJbf4g9M8wAibZrpYfQn8pBJNDXRMUGPRfaAaM1kIjmYr2HfU040MTX50BXeg+3Dr5hMeupCMfCYpeZjdgSpDCKgjZR38DFDAvX4vzLlvu7Kt/TlHQkoHxAzs0IJmPTrjOh0dyYzH/zRTRvtl3bY38q4OvLyGxqfGKBms6cqzaMkTGtvLqN1gWlR1gCHIeUxi0xb1YSYcrWMdA7p9EKKcnpRgLuZH9oVuoEMXryGb/CHVF0S3PsAo/1smX5BkMM5lKXDicQ6vtr54Yu1bpKmVVhkAJ/43VfZWOmFHB8IambzK+XxE7ves/QcaPedqJSVogMZWKvCaNV5QrJlSfc4ji+d7IfvjA7j6mSgbkPD5exVIhr0ZcRK39/AoN3wW3mVwOXrD6/RbhJrcFVTBBdXpzS4ko2iSDbqxf9CBJq6Bt3Omsm4MDZm7iV/27Oy/W86qrO9wJoTlofz4MvbmRWTt5I1O2QG4rRhWYWG87i9ajtqX/lgeHld1j6Dc4WOE7cD3EoVKY9mMn5QjCiFtTn+ZE/WNOMRvPQoffxU3w+jeMU0H5mCAZMuUkxnsPcsYU41I7OWLS+TGN0Ih3H1I6C53a2bOQF639wtRUjqiu82dMX3ZpP4SXnjOJR3dYbKgFnnk4dWVZ86+fE2Fkm10lOwpchtII+txiHkFc+rUsVsoPoGGmbVN2o8IaovkHi52m4nv/YuXK5uWfz4wRGUCxoQAnxgah/AW0p6xBhEEd5qHCjHi8dYDuFhR7EDfYlat5kXaw3xEjWeGqO5PzO3qofTLnGym7JXBlMf6OWZnYBw9DKjK1kxxd14BAyIQ/T+wUAKw3cD2cslb92slU9vYSYG8uHDCNyCd8mlgmvo3WZclNcRt3Henn4bqw+MiU87hSYHwPZPDUCmCoYjVrkSyoyejpJMQQQS/tmbWMunRkeRpggi9WAgEZOqRYeqQEpmzcB0zjZdqqxJNScV4ULFr2aW7nB9W5eGo5zAC4Lvm2xx5+VpdQhDHNeVEpNDi6a40pHe3PMsek0ZEnwM4nhiCpCSnjo/VjWk5+n0ngC+KttHeOatglEnT4n6XllecMizYH4Eph+0U/WMriiFG2CFyH43mWgMM5VrnC1vqhQSYpLLZAMqdJEfL14FFD+n20ffkncvBpGuLeN7dj6o5YV7BRmbgn2wBQ/RyU4Z07Mkp3ZX3fMNax3Twv4PrSlQffg7HrKFgRdd7tkuZED8H/v13GlQfVwMo+gZmwoR1l0jylTWZ12LTY3uvqYYHlyLVZgbEflqNm6kK30XYjM7Wq/bJtStmZ3Tq+Nsf3GTdFiKV+ddyaBCxmDnV9F/9J1T3DwDswnt0HzAqcRqrx9WQK7+Rs+jY1NfXCrcTgy5o6Rbbb6K/aVEQt8sI8650RQG+n90piS/2i28ow8F3Vh1oyLFambmpPOgN8FmjINlwwo1lQQHXG7IEfAwWr9F72SkDdWKCPCXoPBRPH0p4o14nm878TxHprC3zI/Ryh74QnzY9cKL9OCrFnbm8/qKCGSZVypv1omfVsWTaoN9ymvGPx7zOWDrBxVliyRy3CoNCTqSQyg0jJCyhTt+Qg7+nFYLrBz/LNjO1BnD7wGp7U4L+2c9YCdhvXgOu6+oytXx0eOfxNNLxkMbg1udolaT09TdmEEILbSYRtjMhL6JsHTR596akxJBtLEYSCnZTFsHf4krkJkJLraGvH7XXmIzaKHEQAmPmH0u54UNmAbEHwiO0T4N98gBw7s7cS&u=U2FsdGVkX19b5SlEVFdixqcW12v+aoWyZsvXxu2pqhducTLEuXdmcYsv4wzFBFqn&y=U2FsdGVkX19/PwpOvgUsiKqeKBSH0GFK3ItrBx+e4ckciPCmZYai+BxJaM2EMjXH HTTP/1.1" 200 1928
186.30.101.181 - - [27/Nov/2022:19:10:49 -0500] "GET /kwssiamovil/sm/acme/s?s=U2FsdGVkX19XNBaIrdEoQhx3ZHxr3c5AJrLAJGQjg67ZmdwN8zSWj2Wfy/7sayBAtj++3NfZQxclinDJrWUmzzJMZbDNMIwCsso41lrU5eWTmf5mKvfYUAOvBHv0/oSXmSXLlq1JuOdqVSN+yhHpglq1XZyg2MWxCna4CnSB7QTqlL6EXyxSx9blPrgvan+DSAwtOflCjNLCubIOzeMFB5QvYgUKVE0UINaHyvGQ/ThdaCtDU5cZ2UXf+qhSR+T3GBBehVi2R3tgA5pOPzOH5M3r42CD8igGV6UOqIOJ2Ek8cMZDkZ4WSo8QzapS6kLc7THNpViGB23Pzw0Hm8T0gSJ03avsJ8ztzFk9lQfhxXhbZBZg5r6QkGEuAuTZM7xTCYEMz0TEGPIHAbZDJyMKefnCa3rprtkl2gNUy3WCpkDekdBWgN0XZWyT5C3zRjp8vkU91V31RGEzO1XZ/5WVjwMgwUDnsW6MzVmxSuFg7Y5ASZGy20R8A/VwJKkug3l7CvYeDjniK8VCoR9EusSQjR2N3NOELXQ96oNzEF/GHYi1UnX+J2C5s8QtH9WRoTNylYglFhCOHrKr4PYmEtpquCLOR10Xc0MwWkvR4tAiOnM9GoDKB00Q51lbtmPhK+75j7UuKlI+VtA1qcURu4T9ZM5e2PqfrQEZ7dVRe9kg7xu8wUF0kZe2jgweWB+pJiJ0yhmE7gF9inpXVIuNlloAWACOJI7zWb+ii/kLqkopM96u4m3B3eI1WXfYstXkvvIJlhKspK96T3wqD7vjnzZS4Q==&u=U2FsdGVkX19b5SlEVFdixqcW12v+aoWyZsvXxu2pqhducTLEuXdmcYsv4wzFBFqn&y=U2FsdGVkX19/PwpOvgUsiKqeKBSH0GFK3ItrBx+e4ckciPCmZYai+BxJaM2EMjXH HTTP/1.1" 200 354
186.30.101.181 - - [27/Nov/2022:19:10:49 -0500] "GET /kwssiamovil/sm/cjson/pre?f=18&x=U2FsdGVkX19jXwXTfqsjStTtsipnNif/hzG8sXbtVLTjNdGbONDZxkrNqKzm1lo6 HTTP/1.1" 200 32849
186.30.101.181 - - [27/Nov/2022:19:10:49 -0500] "GET /kwssiamovil/sm/cjson/pre?f=1&x=U2FsdGVkX19jXwXTfqsjStTtsipnNif/hzG8sXbtVLTjNdGbONDZxkrNqKzm1lo6 HTTP/1.1" 200 31032
201.245.192.253 - - [27/Nov/2022:19:11:52 -0500] "POST /kwsrmcab/Wsrmcab  HTTP/1.1" 200 42393
216.245.221.92 - - [27/Nov/2022:19:13:31 -0500] "HEAD / HTTP/1.1" 200 -
185.119.81.105 - - [27/Nov/2022:19:16:31 -0500] "GET /portaldeninos/wp-login.php HTTP/1.1" 200 2592
185.119.81.105 - - [27/Nov/2022:19:16:32 -0500] "POST /portaldeninos/wp-login.php HTTP/1.1" 200 3605
201.245.192.253 - - [27/Nov/2022:19:16:50 -0500] "POST /kwsrmcab/Wsrmcab  HTTP/1.1" 200 42393
172.22.2.4 - - [27/Nov/2022:19:15:59 -0500] "HEAD /BLA/boletinlegal/ HTTP/1.1" 200 -
172.22.2.4 - - [27/Nov/2022:19:16:49 -0500] "GET /BLA/boletinlegal/ HTTP/1.1" 200 59404
216.245.221.92 - - [27/Nov/2022:19:18:31 -0500] "HEAD / HTTP/1.1" 200 -
185.119.81.104 - - [27/Nov/2022:19:19:13 -0500] "GET /portaldeninos/wp-login.php HTTP/1.1" 200 2592
185.119.81.104 - - [27/Nov/2022:19:19:14 -0500] "POST /portaldeninos/wp-login.php HTTP/1.1" 200 3605
201.245.192.253 - - [27/Nov/2022:19:21:26 -0500] "POST /kwsrmcab/Wsrmcab HTTP/1.1" 200 43431
201.245.192.253 - - [27/Nov/2022:19:21:28 -0500] "POST /kwsrmcab/Wsrmcab HTTP/1.1" 200 44281
201.245.192.253 - - [27/Nov/2022:19:21:49 -0500] "POST /kwsrmcab/Wsrmcab  HTTP/1.1" 200 42393
172.22.2.4 - - [27/Nov/2022:19:21:49 -0500] "HEAD /BLA/boletinlegal/ HTTP/1.1" 200 -
216.245.221.92 - - [27/Nov/2022:19:23:31 -0500] "HEAD / HTTP/1.1" 200 -
193.118.53.210 - - [27/Nov/2022:19:23:34 -0500] "GET /portaldeninos/ HTTP/1.1" 200 110197
172.22.2.4 - - [27/Nov/2022:19:22:40 -0500] "GET /BLA/boletinlegal/ HTTP/1.1" 200 59035
157.55.39.206 - - [27/Nov/2022:19:25:59 -0500] "GET /sipse/faces/javax.faces.resource/jquery/jquery-plugins.js;jsessionid=yn0lh9ljehzleu6qkcm5-gkc.undefined?ln=primefaces&v=4.0 HTTP/1.1" 200 220526
207.46.13.194 - - [27/Nov/2022:19:26:11 -0500] "GET /BLA/resoluciones/RESOLUCIONES%202016/0884.pdf HTTP/1.1" 304 -
201.245.192.253 - - [27/Nov/2022:19:26:48 -0500] "POST /kwsrmcab/Wsrmcab  HTTP/1.1" 200 42393
185.119.81.104 - - [27/Nov/2022:19:28:21 -0500] "GET /portaldeninos/wp-login.php HTTP/1.1" 200 2592
185.119.81.104 - - [27/Nov/2022:19:28:22 -0500] "POST /portaldeninos/wp-login.php HTTP/1.1" 200 3670
216.245.221.92 - - [27/Nov/2022:19:28:31 -0500] "HEAD / HTTP/1.1" 200 -
172.22.2.4 - - [27/Nov/2022:19:27:39 -0500] "HEAD /BLA/boletinlegal/ HTTP/1.1" 200 -
172.22.2.4 - - [27/Nov/2022:19:29:52 -0500] "GET /BLA/boletinlegal/Circulares/2018/CIRCULAR%20COJUNTA%20042%20DE%202018.pdf HTTP/1.1" 304 -
172.22.2.4 - - [27/Nov/2022:19:28:29 -0500] "GET /BLA/boletinlegal/ HTTP/1.1" 200 57824
207.46.13.194 - - [27/Nov/2022:19:30:52 -0500] "GET /sipse/faces/javax.faces.resource/layout/layout.js;jsessionid=yn0lh9ljehzleu6qkcm5-gkc.undefined?ln=primefaces&v=4.0 HTTP/1.1" 200 87560
185.119.81.105 - - [27/Nov/2022:19:31:16 -0500] "GET /portaldeninos/wp-login.php HTTP/1.1" 200 2592
185.119.81.105 - - [27/Nov/2022:19:31:17 -0500] "POST /portaldeninos/wp-login.php HTTP/1.1" 200 3670
201.245.192.253 - - [27/Nov/2022:19:31:25 -0500] "POST /kwsrmcab/Wsrmcab HTTP/1.1" 200 43431
201.245.192.253 - - [27/Nov/2022:19:31:28 -0500] "POST /kwsrmcab/Wsrmcab HTTP/1.1" 200 44281
201.245.192.253 - - [27/Nov/2022:19:31:47 -0500] "POST /kwsrmcab/Wsrmcab  HTTP/1.1" 200 42393
216.245.221.92 - - [27/Nov/2022:19:33:32 -0500] "HEAD / HTTP/1.1" 200 -
172.22.2.4 - - [27/Nov/2022:19:33:29 -0500] "HEAD /BLA/boletinlegal/ HTTP/1.1" 200 -
172.22.2.4 - - [27/Nov/2022:19:35:58 -0500] "GET /BLA/boletinlegal/consulta_actos.php?tipo=autos&no=2383&usuario=&sector=&fecha=2017&resuelve= HTTP/1.1" 200 1329
172.22.2.4 - - [27/Nov/2022:19:34:20 -0500] "GET /BLA/boletinlegal/ HTTP/1.1" 200 49193
200.118.63.86 - - [27/Nov/2022:19:36:01 -0500] "GET /BLA/resoluciones/ HTTP/1.1" 200 13093
200.118.63.86 - - [27/Nov/2022:19:36:02 -0500] "GET /BLA/resoluciones/index.php?dir=AUTOS+2017%2F HTTP/1.1" 200 459672
64.124.8.52 - - [27/Nov/2022:19:36:07 -0500] "-" 408 -
172.22.2.4 - - [27/Nov/2022:19:34:44 -0500] "GET /BLA/boletinlegal/ HTTP/1.1" 200 50855
200.118.63.86 - - [27/Nov/2022:19:36:26 -0500] "GET /BLA/resoluciones/AUTOS%202017/2383.pdf HTTP/1.1" 200 305717
201.245.192.253 - - [27/Nov/2022:19:36:46 -0500] "POST /kwsrmcab/Wsrmcab  HTTP/1.1" 200 42393
157.55.39.39 - - [27/Nov/2022:19:36:59 -0500] "GET /BLA/resoluciones/index.php?dir=AUTOS+2018%2F HTTP/1.1" 200 441980
172.22.2.4 - - [27/Nov/2022:19:37:15 -0500] "GET /BLA/boletinlegal/ HTTP/1.1" 200 32715
216.245.221.92 - - [27/Nov/2022:19:38:31 -0500] "HEAD / HTTP/1.1" 200 -
172.22.2.4 - - [27/Nov/2022:19:38:33 -0500] "GET /BLA/boletinlegal/Circulares/2019/.pdf HTTP/1.1" 404 1218
172.22.2.4 - - [27/Nov/2022:19:39:19 -0500] "HEAD /BLA/boletinlegal/ HTTP/1.1" 200 -
201.245.192.253 - - [27/Nov/2022:19:41:26 -0500] "POST /kwsrmcab/Wsrmcab HTTP/1.1" 200 43431
201.245.192.253 - - [27/Nov/2022:19:41:28 -0500] "POST /kwsrmcab/Wsrmcab HTTP/1.1" 200 44281
