172.22.2.4 - - [02/Dec/2022:11:55:24 -0500] "GET /BLA/boletinlegal/js/jquery1.js HTTP/1.1" 200 29846
172.22.2.4 - - [02/Dec/2022:11:55:24 -0500] "GET /BLA/boletinlegal/niceforms-default.css HTTP/1.1" 200 6694
172.22.2.4 - - [02/Dec/2022:11:55:24 -0500] "GET /BLA/boletinlegal/images/green-yellow-blue-pink-th.png HTTP/1.1" 200 7394
172.22.2.4 - - [02/Dec/2022:11:55:24 -0500] "GET /BLA/boletinlegal/images/tel.png HTTP/1.1" 200 14477
172.22.2.4 - - [02/Dec/2022:11:55:24 -0500] "GET /BLA/boletinlegal/images/icono-email.png HTTP/1.1" 200 5544
172.22.2.4 - - [02/Dec/2022:11:55:24 -0500] "GET /BLA/boletinlegal/images/footer_bg.jpg HTTP/1.1" 200 586
172.22.2.4 - - [02/Dec/2022:11:55:24 -0500] "GET /BLA/boletinlegal/images/footer_bg_l.jpg HTTP/1.1" 200 776
172.22.2.4 - - [02/Dec/2022:11:55:24 -0500] "GET /BLA/boletinlegal/img/0.png HTTP/1.1" 200 110
172.22.2.4 - - [02/Dec/2022:11:55:24 -0500] "GET /BLA/boletinlegal/img/select-left.png HTTP/1.1" 200 263
172.22.2.4 - - [02/Dec/2022:11:55:24 -0500] "GET /BLA/boletinlegal/img/select-right.png HTTP/1.1" 200 44019
172.22.2.4 - - [02/Dec/2022:11:55:24 -0500] "GET /BLA/boletinlegal/img/button.png HTTP/1.1" 200 43241
172.22.2.4 - - [02/Dec/2022:11:55:24 -0500] "GET /BLA/boletinlegal/img/button-left.png HTTP/1.1" 200 57071
172.22.2.4 - - [02/Dec/2022:11:55:24 -0500] "GET /BLA/boletinlegal/img/button-right.png HTTP/1.1" 200 57878
172.22.2.4 - - [02/Dec/2022:11:55:24 -0500] "GET /BLA/boletinlegal/favicon.ico HTTP/1.1" 404 1326
172.22.2.4 - - [02/Dec/2022:11:55:25 -0500] "GET /BLA/boletinlegal/consulta_actos.php?tipo=resoluciones&no=0116&usuario=&sector=&fecha=2017&resuelve= HTTP/1.1" 200 1066
186.28.138.141 - - [02/Dec/2022:11:55:26 -0500] "GET /BLA/resoluciones/ HTTP/1.1" 200 13093
186.28.138.141 - - [02/Dec/2022:11:55:26 -0500] "GET /BLA/resoluciones/dlf/styles.css HTTP/1.1" 200 3049
186.28.138.141 - - [02/Dec/2022:11:55:26 -0500] "GET /BLA/resoluciones/dlf/folder.png HTTP/1.1" 200 410
186.28.138.141 - - [02/Dec/2022:11:55:26 -0500] "GET /BLA/resoluciones/dlf/bg.gif HTTP/1.1" 200 54
186.28.138.141 - - [02/Dec/2022:11:55:26 -0500] "GET /favicon.ico HTTP/1.1" 200 7782
186.28.138.141 - - [02/Dec/2022:11:55:29 -0500] "GET /BLA/resoluciones/dlf/dirup.png HTTP/1.1" 200 644
186.28.138.141 - - [02/Dec/2022:11:55:29 -0500] "GET /BLA/resoluciones/dlf/pdf.gif HTTP/1.1" 200 272
186.28.138.141 - - [02/Dec/2022:11:55:29 -0500] "GET /BLA/resoluciones/index.php?dir=RESOLUCIONES+2021%2F HTTP/1.1" 200 434032
172.22.2.4 - - [02/Dec/2022:11:55:34 -0500] "GET /BLA/boletinlegal/consulta_actos.php?tipo=autos&no=6988&usuario=&sector=&fecha=2022&resuelve= HTTP/1.1" 200 1072
186.28.138.141 - - [02/Dec/2022:11:55:40 -0500] "GET /BLA/resoluciones/RESOLUCIONES%202021/1865.pdf HTTP/1.1" 200 466582
172.22.2.4 - - [02/Dec/2022:11:55:48 -0500] "GET /BLA/boletinlegal/consulta_actos.php?tipo=autos&no=7116&usuario=&sector=&fecha=2022&resuelve= HTTP/1.1" 200 1071
190.27.134.254 - - [02/Dec/2022:11:56:02 -0500] "GET /BLA/resoluciones/AUTOS%202022/6374.pdf HTTP/1.1" 200 415739
190.27.134.254 - - [02/Dec/2022:11:56:02 -0500] "GET /BLA/resoluciones/AUTOS%202022/6374.pdf HTTP/1.1" 200 415739
190.27.134.254 - - [02/Dec/2022:11:56:02 -0500] "GET /BLA/resoluciones/AUTOS%202022/6374.pdf HTTP/1.1" 206 1025
172.22.2.4 - - [02/Dec/2022:11:56:02 -0500] "GET /BLA/boletinlegal/consulta_actos.php?tipo=autos&no=7427&usuario=&sector=&fecha=2022&resuelve= HTTP/1.1" 200 1079
172.22.2.4 - - [02/Dec/2022:11:55:22 -0500] "GET /BLA/boletinlegal/ HTTP/1.1" 200 24523
172.22.2.4 - - [02/Dec/2022:11:56:13 -0500] "GET /BLA/boletinlegal/consulta_actos.php?tipo=autos&no=7436&usuario=&sector=&fecha=2022&resuelve= HTTP/1.1" 200 1081
172.22.2.4 - - [02/Dec/2022:11:56:20 -0500] "GET /BLA/boletinlegal/consulta_actos.php?tipo=resoluciones&no=3959&usuario=&sector=&fecha=2014&resuelve= HTTP/1.1" 200 1096
172.22.2.4 - - [02/Dec/2022:11:54:44 -0500] "GET /BLA/boletinlegal/ HTTP/1.1" 200 51643
172.22.2.4 - - [02/Dec/2022:11:56:25 -0500] "GET /BLA/boletinlegal/consulta_actos.php?tipo=autos&no=7431&usuario=&sector=&fecha=2022&resuelve= HTTP/1.1" 200 1089
172.22.2.4 - - [02/Dec/2022:11:56:46 -0500] "GET /BLA/boletinlegal/consulta_actos.php?tipo=autos&no=7465&usuario=&sector=&fecha=2022&resuelve= HTTP/1.1" 200 1070
172.22.2.4 - - [02/Dec/2022:11:55:14 -0500] "HEAD /BLA/boletinlegal/ HTTP/1.1" 200 -
172.22.2.4 - - [02/Dec/2022:11:57:01 -0500] "GET /BLA/boletinlegal/consulta_actos.php?tipo=autos&no=7434&usuario=&sector=&fecha=2022&resuelve= HTTP/1.1" 200 626
172.22.2.4 - - [02/Dec/2022:11:57:22 -0500] "GET /BLA/boletinlegal/consulta_actos.php?tipo=autos&no=7434&usuario=&sector=&fecha=2021&resuelve= HTTP/1.1" 200 626
172.22.2.4 - - [02/Dec/2022:11:57:22 -0500] "GET /BLA/boletinlegal/consulta_actos.php?tipo=autos&no=7434&usuario=&sector=&fecha=2021&resuelve= HTTP/1.1" 200 626
172.22.2.4 - - [02/Dec/2022:11:57:22 -0500] "GET /BLA/boletinlegal/consulta_actos.php?tipo=autos&no=7434&usuario=&sector=&fecha=2021&resuelve= HTTP/1.1" 200 626
172.22.2.4 - - [02/Dec/2022:11:57:26 -0500] "GET /BLA/boletinlegal/consulta_actos.php?tipo=autos&no=7434&usuario=&sector=&fecha=2022&resuelve= HTTP/1.1" 200 626
172.22.2.4 - - [02/Dec/2022:11:57:26 -0500] "GET /BLA/boletinlegal/consulta_actos.php?tipo=autos&no=7434&usuario=&sector=&fecha=2022&resuelve= HTTP/1.1" 200 626
172.22.2.4 - - [02/Dec/2022:11:57:26 -0500] "GET /BLA/boletinlegal/consulta_actos.php?tipo=autos&no=7434&usuario=&sector=&fecha=2022&resuelve= HTTP/1.1" 200 626
172.22.2.4 - - [02/Dec/2022:11:57:27 -0500] "GET /BLA/boletinlegal/consulta_actos.php?tipo=autos&no=7434&usuario=&sector=&fecha=2022&resuelve= HTTP/1.1" 200 626
172.22.2.4 - - [02/Dec/2022:11:57:37 -0500] "GET /BLA/boletinlegal/consulta_actos.php?tipo=autos&no=6967&usuario=&sector=&fecha=2022&resuelve= HTTP/1.1" 200 1063
172.22.2.4 - - [02/Dec/2022:11:56:04 -0500] "GET /BLA/boletinlegal/ HTTP/1.1" 200 56474
172.22.2.4 - - [02/Dec/2022:11:57:53 -0500] "GET /BLA/boletinlegal/consulta_actos.php?tipo=autos&no=5764&usuario=&sector=&fecha=2022&resuelve= HTTP/1.1" 200 1077
216.245.221.92 - - [02/Dec/2022:11:58:02 -0500] "HEAD / HTTP/1.1" 200 -
172.22.2.4 - - [02/Dec/2022:11:58:09 -0500] "GET /BLA/boletinlegal/consulta_actos.php?tipo=autos&no=6745&usuario=&sector=&fecha=2022&resuelve= HTTP/1.1" 200 1074
172.22.2.4 - - [02/Dec/2022:11:58:21 -0500] "GET /BLA/boletinlegal/consulta_actos.php?tipo=autos&no=6755&usuario=&sector=&fecha=2022&resuelve= HTTP/1.1" 200 1092
201.245.192.253 - - [02/Dec/2022:11:58:26 -0500] "POST /kwsrmcab/Wsrmcab  HTTP/1.1" 200 42393
172.22.2.4 - - [02/Dec/2022:11:58:32 -0500] "GET /BLA/boletinlegal/consulta_actos.php?tipo=autos&no=7014&usuario=&sector=&fecha=2022&resuelve= HTTP/1.1" 200 1079
172.22.2.4 - - [02/Dec/2022:11:58:45 -0500] "GET /BLA/boletinlegal/consulta_actos.php?tipo=autos&no=6929&usuario=&sector=&fecha=2022&resuelve= HTTP/1.1" 200 1072
172.22.2.4 - - [02/Dec/2022:11:58:57 -0500] "GET /BLA/boletinlegal/consulta_actos.php?tipo=autos&no=6946&usuario=&sector=&fecha=2022&resuelve= HTTP/1.1" 200 1070
172.22.2.4 - - [02/Dec/2022:11:59:08 -0500] "GET /BLA/boletinlegal/consulta_actos.php?tipo=autos&no=6950&usuario=&sector=&fecha=2022&resuelve= HTTP/1.1" 200 1075
177.69.112.33 - - [02/Dec/2022:11:59:17 -0500] "OPTIONS /kwssiamovil/sm/setfile/f? HTTP/1.1" 200 13
177.69.112.33 - - [02/Dec/2022:11:59:18 -0500] "POST /kwssiamovil/sm/setfile/f? HTTP/1.1" 400 1022
172.22.2.4 - - [02/Dec/2022:11:59:23 -0500] "GET /BLA/boletinlegal/consulta_actos.php?tipo=autos&no=6965&usuario=&sector=&fecha=2022&resuelve= HTTP/1.1" 200 1079
172.22.2.4 - - [02/Dec/2022:11:59:37 -0500] "GET /BLA/boletinlegal/consulta_actos.php?tipo=autos&no=6985&usuario=&sector=&fecha=2022&resuelve= HTTP/1.1" 200 1080
69.171.251.2 - - [02/Dec/2022:12:00:09 -0500] "GET /images/cr\xc3\xb3nica-29-nov-1_optimized.jpeg HTTP/1.1" 404 1034
177.69.112.33 - - [02/Dec/2022:12:00:35 -0500] "GET /kwssiamovil/sm/ldap/au?x=U2FsdGVkX18mQyF1IY5zAOpsy62E5kZJl83MkUu5AklsUZLr5f56o9WIO3awdbwSYsJ4o9amBcK5ze6sORHHCw==&y=U2FsdGVkX18EldqOU1WZFJIAjyaJsi1CFA4J0UwUVUhoG9KlaU7Of7aXjgf4mh1J HTTP/1.1" 200 30
177.69.112.33 - - [02/Dec/2022:12:00:36 -0500] "GET /kwssiamovil/sm/acme/s?s=U2FsdGVkX18xuY8ncF6tHLbozE2VaWXrTCz6LCEyh+bVyW/L5RFQeaEVLWE2EISjlUV42OuPBy8PSme7mC5r+yB7jocHV48PAOoEY99Zctk=&u=U2FsdGVkX1/qR2PD5ZughtoqNLlRf9r5OMo0roGYsFpT7R8ZX1jba4iqPkDhBfak&y=U2FsdGVkX18EldqOU1WZFJIAjyaJsi1CFA4J0UwUVUhoG9KlaU7Of7aXjgf4mh1J HTTP/1.1" 200 97
177.69.112.33 - - [02/Dec/2022:12:00:36 -0500] "GET /kwssiamovil/sm/acme/s?s=U2FsdGVkX1/CW9xrzWkZAXfB5AqSO9EuLERwux1/JL25S33W2wzrHdCuCzlfFEHcmvu9AA+0Sgo+5EZ0dSZLrfkZpo9VJj7g+ZNcWQJ6mIx21B4CzgocXd5ki6dIT4sT7T91585lnDHIFl6yrJjID+1ncsJ06WBTnC9ayaI78MG0aA8Zd8Y+F5HUegTe37K7RRFwqoTCvsX3rFCeQJhwObwcljXBDun+wzaayuWJeaiUyoe+QGEBwiVb6Rz4CJFJjjVOCrNOfOyYNY8B8Uxaxf14+bQNe98qlzNYuZuIz2GJwBRyXry/pnHKiv9AuOyiNwcVK8en+/7cOmZM7989XSYOLBVj1+Y4uIs+fE5/quF8HX/bPUKxnrvcfE6aHjjhwC5TlmQvACIm67F4lGiZ6aO7C/zc7x123V39nI5iQxobPmxDgD9TZqFS83jJ0qfgDjm939abRiPaX5zFUrdPqXWT4w6QxoC7q4J1XXbioz9hJjq/6d1506QmQFthfKU1E+amGs/ihyB6SqYHQj4Bbe2sk4iezzL16BaHShEzioMSg1APV2IhrA9vH4D9DAopRn50POvLEprK/HaFARG79QnRsedX0q8gQmHU1iaGMewvc3bKMoix/M1P3lJZvqF8J6Mo8SkWF2mAudB7f+89sJyBoAxDgj1tbVyiKIZVp0+J5DHyVmD0bCi+I0fhcu7E9gUlhJ2huHdqzok71W0zutE/5v56wcIgI+9uG9cEYBliCiFoojFE6LcBEQNbvWmH5P/miJBN8KprCX4MsuAzAEp3QPZifMb6SbffakbaSY+upCjtpxaOEGeIOv4WEBFrbk3nwPgdeg8Eht72bLE7BFwrxSJAogStoExKuTVxMCVeWKdxskSxoyh2HdSYRA5JjZig65ef0yLlneulJjyMLTR8J1R94iC3R+MhpqugatFDbppSNs05Pg3o+ASR9lTduDtKuJ9iLlNe4pOe3+a3VRjSOASItYiHH4nUGRfztuLiKSIX4e/FcsH7SWOF1oQF/NGAE+s3JQxK17AGnHr7/eTxEKqgJ4bZ/IOYcHxT4h5MCyufd9YugOy/PmfbV/0WWsxbLy9t7nP7Mvn2vI8KfORHcRQOHcC391n8KKn2YuVUtpIR1ILfv1zHDDFG7s1yc9DUCisky8QiMGNXJlXd6h4xiO6LYYR5PIsA2vwyWV3Wx052dG/DjUV54TxdK7LGXD2VjHht7mtiEyON34NZBZ65KfM3MesW1DZNTzkE8iWxhJ3odfLiP3JX79GNWc0rD5ijPvUzodHHeIEUzOOwppvlrLDNcXTGEVGhRcBNy2spZavu6O6FYey8ccayG5O4t7bfbkP3yhZwEcs9obZM1N78DodEa6W4FeNYjN8i6KMbnnUoJIopvvZ/tjoVt7GeM5SRnTNnu85Zw/F7zaUtb3Wlawt95MegnX/7nvkm9Rw=&u=U2FsdGVkX1/qR2PD5ZughtoqNLlRf9r5OMo0roGYsFpT7R8ZX1jba4iqPkDhBfak&y=U2FsdGVkX18EldqOU1WZFJIAjyaJsi1CFA4J0UwUVUhoG9KlaU7Of7aXjgf4mh1J HTTP/1.1" 200 957
177.69.112.33 - - [02/Dec/2022:12:00:37 -0500] "GET /kwssiamovil/sm/acme/s?s=U2FsdGVkX19XZvF0DUgLgnYOVdFtSgK1pjUzie8mk42PBwLXcmhYZSSlP/jJ5YrNL026KtvQzUY56At9H7EcJfMn1F/Rnp7Dc7yPJte7v/amSsFHr7RtE7asPny0CrpIj/0gF2nMedlbTd6hJFtBNq6b9/9BPrAm42hzQ34aRqtYwwFq9DGF/V8MDcAEyW4YcyKv/WZgNKjo3xU3NeFWZ8vWoIndmR/6EhoNOmMZ0dU290+sZ/2vvzcwk161BBwzKnT360OxocPQ+rsZ58Aw/ByOS2gpPptxyE3Q5GKRImVNLDzc7wKCCy78zwVfPh8KMs9PSw0q9VGSFqmzHs1SS/4xt3Lhf6sjsoEtafpr19M=&u=U2FsdGVkX1/qR2PD5ZughtoqNLlRf9r5OMo0roGYsFpT7R8ZX1jba4iqPkDhBfak&y=U2FsdGVkX18EldqOU1WZFJIAjyaJsi1CFA4J0UwUVUhoG9KlaU7Of7aXjgf4mh1J HTTP/1.1" 200 196
177.69.112.33 - - [02/Dec/2022:12:00:38 -0500] "GET /kwssiamovil/sm/cjson/pre?f=1&x=U2FsdGVkX18mQyF1IY5zAOpsy62E5kZJl83MkUu5AklsUZLr5f56o9WIO3awdbwSYsJ4o9amBcK5ze6sORHHCw== HTTP/1.1" 200 31032
201.245.192.253 - - [02/Dec/2022:12:00:42 -0500] "POST /sipse/faces/presentacion/financiero/solicitudProceso/consultarSolicitudProceso.xhtml HTTP/1.1" 200 43974
201.245.192.253 - - [02/Dec/2022:12:00:45 -0500] "GET /sipse/faces/javax.faces.resource/theme.css?ln=primefaces-sipse HTTP/1.1" 304 -
201.245.192.253 - - [02/Dec/2022:12:00:45 -0500] "GET /sipse/faces/javax.faces.resource/primefaces.css?ln=primefaces&v=4.0 HTTP/1.1" 304 -
201.245.192.253 - - [02/Dec/2022:12:00:45 -0500] "GET /sipse/css/imagen/contrasena.png HTTP/1.1" 404 383
201.245.192.253 - - [02/Dec/2022:12:00:45 -0500] "GET /sipse/faces/javax.faces.resource/layout/layout.css?ln=primefaces&v=4.0 HTTP/1.1" 304 -
201.245.192.253 - - [02/Dec/2022:12:00:45 -0500] "GET /sipse/faces/javax.faces.resource/jquery/jquery.js?ln=primefaces&v=4.0 HTTP/1.1" 304 -
172.22.2.4 - - [02/Dec/2022:12:00:44 -0500] "GET /BLA/boletinlegal/consulta_actos.php?tipo=autos&no=5999&usuario=&sector=&fecha=2022&resuelve= HTTP/1.1" 200 1074
201.245.192.253 - - [02/Dec/2022:12:00:45 -0500] "GET /sipse/faces/javax.faces.resource/jquery/jquery-plugins.js?ln=primefaces&v=4.0 HTTP/1.1" 304 -
201.245.192.253 - - [02/Dec/2022:12:00:45 -0500] "GET /sipse/faces/javax.faces.resource/primefaces.js?ln=primefaces&v=4.0 HTTP/1.1" 304 -
201.245.192.253 - - [02/Dec/2022:12:00:45 -0500] "GET /sipse/faces/javax.faces.resource/layout/layout.js?ln=primefaces&v=4.0 HTTP/1.1" 304 -
201.245.192.253 - - [02/Dec/2022:12:00:45 -0500] "GET /sipse/faces/javax.faces.resource/messages/messages.png?ln=primefaces&v=4.0 HTTP/1.1" 304 -
201.245.192.253 - - [02/Dec/2022:12:00:45 -0500] "POST /sipse/faces/presentacion/financiero/solicitudProceso/listarSolicitudProceso.xhtml HTTP/1.1" 200 1460
172.22.2.4 - - [02/Dec/2022:12:00:56 -0500] "GET /BLA/boletinlegal/consulta_actos.php?tipo=autos&no=4056&usuario=&sector=&fecha=2022&resuelve= HTTP/1.1" 200 1069
177.69.112.33 - - [02/Dec/2022:12:01:06 -0500] "OPTIONS /kwssiamovil/sm/setfile/f? HTTP/1.1" 200 13
172.22.2.4 - - [02/Dec/2022:12:01:13 -0500] "GET /BLA/boletinlegal/consulta_actos.php?tipo=resoluciones&no=4056&usuario=&sector=&fecha=2022&resuelve= HTTP/1.1" 200 1083
201.245.192.253 - - [02/Dec/2022:12:01:24 -0500] "POST /sipse/faces/presentacion/financiero/solicitudProceso/listarSolicitudProceso.xhtml HTTP/1.1" 200 8059
172.22.2.4 - - [02/Dec/2022:12:01:26 -0500] "GET /BLA/boletinlegal/consulta_actos.php?tipo=resoluciones&no=4188&usuario=&sector=&fecha=2022&resuelve= HTTP/1.1" 200 1122
201.245.192.253 - - [02/Dec/2022:12:01:26 -0500] "POST /sipse/faces/presentacion/financiero/solicitudProceso/listarSolicitudProceso.xhtml HTTP/1.1" 200 141341
201.245.192.253 - - [02/Dec/2022:12:01:27 -0500] "GET /sipse/faces/javax.faces.resource/theme.css?ln=primefaces-sipse HTTP/1.1" 304 -
201.245.192.253 - - [02/Dec/2022:12:01:27 -0500] "GET /sipse/faces/javax.faces.resource/primefaces.css?ln=primefaces&v=4.0 HTTP/1.1" 304 -
201.245.192.253 - - [02/Dec/2022:12:01:27 -0500] "GET /sipse/faces/javax.faces.resource/layout/layout.css?ln=primefaces&v=4.0 HTTP/1.1" 304 -
201.245.192.253 - - [02/Dec/2022:12:01:27 -0500] "GET /sipse/faces/javax.faces.resource/jquery/jquery.js?ln=primefaces&v=4.0 HTTP/1.1" 304 -
201.245.192.253 - - [02/Dec/2022:12:01:27 -0500] "GET /sipse/faces/javax.faces.resource/jquery/jquery-plugins.js?ln=primefaces&v=4.0 HTTP/1.1" 304 -
201.245.192.253 - - [02/Dec/2022:12:01:27 -0500] "GET /sipse/faces/javax.faces.resource/primefaces.js?ln=primefaces&v=4.0 HTTP/1.1" 304 -
201.245.192.253 - - [02/Dec/2022:12:01:27 -0500] "GET /sipse/faces/javax.faces.resource/layout/layout.js?ln=primefaces&v=4.0 HTTP/1.1" 304 -
172.22.2.4 - - [02/Dec/2022:12:01:38 -0500] "GET /BLA/boletinlegal/consulta_actos.php?tipo=resoluciones&no=4092&usuario=&sector=&fecha=2022&resuelve= HTTP/1.1" 200 1125
173.252.79.24 - - [02/Dec/2022:12:01:42 -0500] "GET /images/cr\xc3\xb3nica-29-nov-1_optimized.jpeg HTTP/1.1" 404 1034
177.69.112.33 - - [02/Dec/2022:12:01:07 -0500] "POST /kwssiamovil/sm/setfile/f? HTTP/1.1" 200 381
177.69.112.33 - - [02/Dec/2022:12:01:44 -0500] "OPTIONS /kwssiamovil/sm/setfile/f? HTTP/1.1" 200 13
201.245.192.253 - - [02/Dec/2022:12:01:45 -0500] "POST /sipse/faces/presentacion/financiero/solicitudProceso/consultarSolicitudProceso.xhtml HTTP/1.1" 200 1179205
172.22.2.4 - - [02/Dec/2022:12:01:49 -0500] "GET /BLA/boletinlegal/consulta_actos.php?tipo=resoluciones&no=4071&usuario=&sector=&fecha=2022&resuelve= HTTP/1.1" 200 1122
172.22.2.4 - - [02/Dec/2022:12:02:01 -0500] "GET /BLA/boletinlegal/consulta_actos.php?tipo=resoluciones&no=4069&usuario=&sector=&fecha=2022&resuelve= HTTP/1.1" 200 1117
201.245.192.253 - - [02/Dec/2022:12:02:07 -0500] "POST /sipse/faces/presentacion/financiero/solicitudProceso/consultarSolicitudProceso.xhtml HTTP/1.1" 200 972666
177.69.112.33 - - [02/Dec/2022:12:01:44 -0500] "POST /kwssiamovil/sm/setfile/f? HTTP/1.1" 200 381
172.22.2.4 - - [02/Dec/2022:12:02:14 -0500] "GET /BLA/boletinlegal/consulta_actos.php?tipo=resoluciones&no=4303&usuario=&sector=&fecha=2022&resuelve= HTTP/1.1" 200 1131
201.245.192.253 - - [02/Dec/2022:12:02:14 -0500] "POST /sipse/faces/presentacion/financiero/solicitudProceso/consultarSolicitudProceso.xhtml HTTP/1.1" 200 1646793
201.245.192.253 - - [02/Dec/2022:12:02:17 -0500] "POST /sipse/faces/presentacion/financiero/solicitudProceso/consultarSolicitudProceso.xhtml HTTP/1.1" 200 107839
66.249.79.113 - - [02/Dec/2022:12:02:18 -0500] "GET /BLA/resoluciones/RESOLUCIONES%202009/6748.pdf HTTP/1.1" 200 780249
66.249.79.115 - - [02/Dec/2022:12:02:20 -0500] "GET /BLA/resoluciones/AUTOS%202017/3810.pdf HTTP/1.1" 200 852078
201.245.192.253 - - [02/Dec/2022:12:02:21 -0500] "POST /sipse/faces/presentacion/financiero/solicitudProceso/consultarSolicitudProceso.xhtml HTTP/1.1" 200 161454
66.249.79.113 - - [02/Dec/2022:12:02:22 -0500] "GET /BLA/resoluciones/AUTOS%202014/2587.pdf HTTP/1.1" 200 708266
66.249.79.111 - - [02/Dec/2022:12:02:24 -0500] "GET /Publicaciones/2022EE284268.pdf HTTP/1.1" 404 228
66.249.79.113 - - [02/Dec/2022:12:02:24 -0500] "GET /BLA/resoluciones/AUTOS%202014/7242.pdf HTTP/1.1" 200 485392
201.245.192.253 - - [02/Dec/2022:12:02:24 -0500] "POST /sipse/faces/presentacion/financiero/solicitudProceso/consultarSolicitudProceso.xhtml HTTP/1.1" 200 85073
66.249.79.113 - - [02/Dec/2022:12:02:25 -0500] "GET /BLA/resoluciones/AUTOS%202014/4134.pdf HTTP/1.1" 200 554040
172.22.2.4 - - [02/Dec/2022:12:02:25 -0500] "GET /BLA/boletinlegal/consulta_actos.php?tipo=resoluciones&no=4190&usuario=&sector=&fecha=2022&resuelve= HTTP/1.1" 200 1126
66.249.79.113 - - [02/Dec/2022:12:02:27 -0500] "GET /BLA/resoluciones/RESOLUCIONES%202012/1298.pdf HTTP/1.1" 200 955127
201.245.192.253 - - [02/Dec/2022:12:02:28 -0500] "POST /sipse/faces/presentacion/financiero/solicitudProceso/consultarSolicitudProceso.xhtml HTTP/1.1" 200 5521
201.245.192.253 - - [02/Dec/2022:12:02:28 -0500] "GET /sipse/faces/javax.faces.resource/dynamiccontent.properties?ln=primefaces&pfdrid=XjOR5%2F%2FfPAZAuY9TpWQeCiM0BhlXxYRBGKi%2FQcXXfeA%3D&pfdrid_c=false HTTP/1.1" 200 165288
66.249.79.111 - - [02/Dec/2022:12:02:30 -0500] "GET /BLA/resoluciones/RESOLUCIONES%202010/2903.pdf HTTP/1.1" 200 500775
66.249.79.113 - - [02/Dec/2022:12:02:31 -0500] "GET /BLA/resoluciones/AUTOS%202016/2044.pdf HTTP/1.1" 200 387236
66.249.79.115 - - [02/Dec/2022:12:02:34 -0500] "GET /BLA/resoluciones/RESOLUCIONES%202009/5985.pdf HTTP/1.1" 200 430922
66.249.79.117 - - [02/Dec/2022:12:02:38 -0500] "GET /BLA/resoluciones/RESOLUCIONES%202009/2912.pdf HTTP/1.1" 200 916090
66.249.79.111 - - [02/Dec/2022:12:02:40 -0500] "GET /BLA/resoluciones/AUTOS%202014/0828.pdf HTTP/1.1" 200 225797
66.249.79.113 - - [02/Dec/2022:12:02:40 -0500] "GET /BLA/resoluciones/RESOLUCIONES%202011/3827.pdf HTTP/1.1" 200 544320
66.249.79.111 - - [02/Dec/2022:12:02:43 -0500] "GET /BLA/resoluciones/RESOLUCIONES%202009/2045.pdf HTTP/1.1" 200 697159
66.249.79.117 - - [02/Dec/2022:12:02:44 -0500] "GET /BLA/resoluciones/AUTOS%202014/5728.pdf HTTP/1.1" 200 475988
172.22.2.4 - - [02/Dec/2022:12:02:44 -0500] "GET /BLA/boletinlegal/consulta_actos.php?tipo=resoluciones&no=4267&usuario=&sector=&fecha=2022&resuelve= HTTP/1.1" 200 2073
172.22.2.4 - - [02/Dec/2022:12:01:04 -0500] "HEAD /BLA/boletinlegal/ HTTP/1.1" 200 -
172.22.2.4 - - [02/Dec/2022:12:02:44 -0500] "GET /BLA/boletinlegal/consulta_actos.php?tipo=resoluciones&no=4267&usuario=&sector=&fecha=2022&resuelve= HTTP/1.1" 200 2073
172.22.2.4 - - [02/Dec/2022:12:02:44 -0500] "GET /BLA/boletinlegal/consulta_actos.php?tipo=resoluciones&no=4267&usuario=&sector=&fecha=2022&resuelve= HTTP/1.1" 200 2073
172.22.2.4 - - [02/Dec/2022:12:02:45 -0500] "GET /BLA/boletinlegal/consulta_actos.php?tipo=resoluciones&no=4267&usuario=&sector=&fecha=2022&resuelve= HTTP/1.1" 200 2073
172.22.2.4 - - [02/Dec/2022:12:02:45 -0500] "GET /BLA/boletinlegal/consulta_actos.php?tipo=resoluciones&no=4267&usuario=&sector=&fecha=2022&resuelve= HTTP/1.1" 200 2073
66.249.79.121 - - [02/Dec/2022:12:02:47 -0500] "GET /BLA/resoluciones/RESOLUCIONES%202010/0599.pdf HTTP/1.1" 200 54640
66.249.79.119 - - [02/Dec/2022:12:02:49 -0500] "GET /BLA/resoluciones/RESOLUCIONES%202010/6285.pdf HTTP/1.1" 200 3274420
66.249.79.115 - - [02/Dec/2022:12:02:50 -0500] "GET /BLA/resoluciones/RESOLUCIONES%202010/1282.pdf HTTP/1.1" 200 101316
66.249.79.115 - - [02/Dec/2022:12:02:51 -0500] "GET /BLA/resoluciones/AUTOS%202014/6795.pdf HTTP/1.1" 200 504984
66.249.79.113 - - [02/Dec/2022:12:02:53 -0500] "GET /BLA/resoluciones/RESOLUCIONES%202011/6262.pdf HTTP/1.1" 200 1396868
201.245.192.253 - - [02/Dec/2022:12:02:53 -0500] "POST /sipse/faces/presentacion/financiero/solicitudProceso/consultarSolicitudProceso.xhtml HTTP/1.1" 200 5510
201.245.192.253 - - [02/Dec/2022:12:02:54 -0500] "GET /BLA/resoluciones/RESOLUCIONES%202022/4267.pdf HTTP/1.1" 200 606881
201.245.192.253 - - [02/Dec/2022:12:02:54 -0500] "GET /BLA/resoluciones/RESOLUCIONES%202022/4267.pdf HTTP/1.1" 206 1025
201.245.192.253 - - [02/Dec/2022:12:02:54 -0500] "GET /BLA/resoluciones/RESOLUCIONES%202022/4267.pdf HTTP/1.1" 200 606881
66.249.79.127 - - [02/Dec/2022:12:02:56 -0500] "GET /Publicaciones/2020EE103238.pdf HTTP/1.1" 404 228
66.249.79.127 - - [02/Dec/2022:12:02:56 -0500] "GET /BLA/resoluciones/Notificaciones/AUTOS%202018/01308.pdf HTTP/1.1" 200 289932
66.249.79.121 - - [02/Dec/2022:12:02:58 -0500] "GET /BLA/boletinlegal/Circulares/2020/CIRCULAR%20No.%2000019%20DEL%2018%20DE%20DICIEMBRE%20DEL%202020.pdf HTTP/1.1" 200 307959
216.245.221.92 - - [02/Dec/2022:12:03:02 -0500] "HEAD / HTTP/1.1" 200 -
201.245.192.253 - - [02/Dec/2022:12:03:02 -0500] "POST /sipse/faces/presentacion/financiero/solicitudProceso/consultarSolicitudProceso.xhtml HTTP/1.1" 200 36252
201.245.192.253 - - [02/Dec/2022:12:03:02 -0500] "GET /sipse/faces/javax.faces.resource/theme.css?ln=primefaces-sipse HTTP/1.1" 304 -
201.245.192.253 - - [02/Dec/2022:12:03:02 -0500] "GET /sipse/faces/javax.faces.resource/jquery/jquery-plugins.js?ln=primefaces&v=4.0 HTTP/1.1" 304 -
201.245.192.253 - - [02/Dec/2022:12:03:02 -0500] "GET /sipse/faces/javax.faces.resource/primefaces.js?ln=primefaces&v=4.0 HTTP/1.1" 304 -
201.245.192.253 - - [02/Dec/2022:12:03:02 -0500] "GET /sipse/faces/javax.faces.resource/layout/layout.js?ln=primefaces&v=4.0 HTTP/1.1" 304 -
201.245.192.253 - - [02/Dec/2022:12:03:02 -0500] "GET /sipse/faces/javax.faces.resource/layout/layout.css?ln=primefaces&v=4.0 HTTP/1.1" 304 -
201.245.192.253 - - [02/Dec/2022:12:03:02 -0500] "GET /sipse/faces/javax.faces.resource/jquery/jquery.js?ln=primefaces&v=4.0 HTTP/1.1" 304 -
201.245.192.253 - - [02/Dec/2022:12:03:02 -0500] "GET /sipse/faces/javax.faces.resource/primefaces.css?ln=primefaces&v=4.0 HTTP/1.1" 304 -
201.245.192.253 - - [02/Dec/2022:12:03:03 -0500] "GET /sipse/faces/javax.faces.resource/images/ui-icons_898989_256x240.png?ln=primefaces-aristo HTTP/1.1" 304 -
201.245.192.253 - - [02/Dec/2022:12:03:03 -0500] "GET /sipse/css/imagen/contrasena.png HTTP/1.1" 404 383
66.249.79.115 - - [02/Dec/2022:12:03:05 -0500] "GET /BLA/resoluciones/RESOLUCIONES%202017/2417.pdf HTTP/1.1" 200 330789
177.69.112.33 - - [02/Dec/2022:12:03:08 -0500] "OPTIONS /kwssiamovil/sm/setfile/f? HTTP/1.1" 200 13
66.249.79.119 - - [02/Dec/2022:12:03:08 -0500] "GET /BLA/resoluciones/RESOLUCIONES%202007/RES%202007%202401%20AL%202500/RESOLUCION%202447%20DE%202007.pdf HTTP/1.1" 200 494064
66.249.79.119 - - [02/Dec/2022:12:03:10 -0500] "GET /BLA/resoluciones/RESOLUCIONES%202007/RES%202007%201501%20AL%201600/RESOLUCION%201559%20DE%202007.pdf HTTP/1.1" 200 544366
201.245.192.253 - - [02/Dec/2022:12:03:10 -0500] "POST /sipse/faces/presentacion/financiero/solicitudProceso/consultarHistorialSolProceso.xhtml HTTP/1.1" 200 187039
201.245.192.253 - - [02/Dec/2022:12:03:10 -0500] "GET /sipse/faces/javax.faces.resource/theme.css?ln=primefaces-sipse HTTP/1.1" 304 -
201.245.192.253 - - [02/Dec/2022:12:03:10 -0500] "GET /sipse/faces/javax.faces.resource/primefaces.css?ln=primefaces&v=4.0 HTTP/1.1" 304 -
201.245.192.253 - - [02/Dec/2022:12:03:10 -0500] "GET /sipse/faces/javax.faces.resource/layout/layout.css?ln=primefaces&v=4.0 HTTP/1.1" 304 -
201.245.192.253 - - [02/Dec/2022:12:03:10 -0500] "GET /sipse/faces/javax.faces.resource/jquery/jquery.js?ln=primefaces&v=4.0 HTTP/1.1" 304 -
201.245.192.253 - - [02/Dec/2022:12:03:10 -0500] "GET /sipse/faces/javax.faces.resource/primefaces.js?ln=primefaces&v=4.0 HTTP/1.1" 304 -
201.245.192.253 - - [02/Dec/2022:12:03:10 -0500] "GET /sipse/faces/javax.faces.resource/jquery/jquery-plugins.js?ln=primefaces&v=4.0 HTTP/1.1" 304 -
201.245.192.253 - - [02/Dec/2022:12:03:10 -0500] "GET /sipse/faces/javax.faces.resource/layout/layout.js?ln=primefaces&v=4.0 HTTP/1.1" 304 -
201.245.192.253 - - [02/Dec/2022:12:03:10 -0500] "GET /sipse/faces/javax.faces.resource/images/ui-icons_898989_256x240.png?ln=primefaces-aristo HTTP/1.1" 304 -
66.249.79.113 - - [02/Dec/2022:12:03:12 -0500] "GET /BLA/resoluciones/AUTOS%202015/1392.pdf HTTP/1.1" 200 594527
66.249.79.123 - - [02/Dec/2022:12:03:13 -0500] "GET /BLA/resoluciones/AUTOS%202014/6973.pdf HTTP/1.1" 200 912892
207.46.13.198 - - [02/Dec/2022:12:03:15 -0500] "GET /BLA/resoluciones/RESOLUCIONES%202002/RES%202002%20851-900/00000895.tif HTTP/1.1" 200 145656
66.249.79.121 - - [02/Dec/2022:12:03:15 -0500] "GET /BLA/resoluciones/AUTOS%202014/1658.pdf HTTP/1.1" 200 476682
66.249.79.113 - - [02/Dec/2022:12:03:17 -0500] "GET /BLA/resoluciones/RESOLUCIONES%202007/RES%202007%201301%20AL%201400/RESOLUCION%201326%20DE%202007.pdf HTTP/1.1" 200 350512
66.249.79.115 - - [02/Dec/2022:12:03:19 -0500] "GET /BLA/resoluciones/RESOLUCIONES%202014/2024.pdf HTTP/1.1" 200 713794
172.22.2.4 - - [02/Dec/2022:12:03:21 -0500] "GET /BLA/boletinlegal/consulta_actos.php?tipo=resoluciones&no=4281&usuario=&sector=&fecha=2022&resuelve= HTTP/1.1" 200 1117
66.249.79.113 - - [02/Dec/2022:12:03:23 -0500] "GET /BLA/resoluciones/RESOLUCIONES%202013/2379.pdf HTTP/1.1" 200 1492801
66.249.79.117 - - [02/Dec/2022:12:03:25 -0500] "GET /BLA/resoluciones/RESOLUCIONES%202008/5735.pdf HTTP/1.1" 200 627672
177.69.112.33 - - [02/Dec/2022:12:03:08 -0500] "POST /kwssiamovil/sm/setfile/f? HTTP/1.1" 200 381
201.245.192.253 - - [02/Dec/2022:12:03:24 -0500] "POST /kwsrmcab/Wsrmcab  HTTP/1.1" 200 42393
66.249.79.115 - - [02/Dec/2022:12:03:27 -0500] "GET /BLA/resoluciones/AUTOS%202009/0802.pdf HTTP/1.1" 200 144251
177.69.112.33 - - [02/Dec/2022:12:03:28 -0500] "OPTIONS /kwssiamovil/sm/setfile/f? HTTP/1.1" 200 13
66.249.79.117 - - [02/Dec/2022:12:03:28 -0500] "GET /BLA/resoluciones/RESOLUCIONES%202017/0979.pdf HTTP/1.1" 200 6159037
66.249.79.117 - - [02/Dec/2022:12:03:31 -0500] "GET /BLA/resoluciones/AUTOS%202015/0572.pdf HTTP/1.1" 200 522233
66.249.79.117 - - [02/Dec/2022:12:03:32 -0500] "GET /BLA/resoluciones/RESOLUCIONES%202015/0340.pdf HTTP/1.1" 200 547063
66.249.79.97 - - [02/Dec/2022:12:03:33 -0500] "GET /BLA/resoluciones/RESOLUCIONES%202016/1793.pdf HTTP/1.1" 200 500555
172.22.2.4 - - [02/Dec/2022:12:01:55 -0500] "GET /BLA/boletinlegal/ HTTP/1.1" 200 59404
172.22.2.4 - - [02/Dec/2022:12:03:35 -0500] "GET /BLA/boletinlegal/consulta_actos.php?tipo=resoluciones&no=4282&usuario=&sector=&fecha=2022&resuelve= HTTP/1.1" 200 1127
66.249.79.119 - - [02/Dec/2022:12:03:40 -0500] "GET /Publicaciones/2022EE291119.pdf HTTP/1.1" 404 228
66.249.79.97 - - [02/Dec/2022:12:03:41 -0500] "GET /BLA/resoluciones/AUTOS%202014/3525.pdf HTTP/1.1" 200 115942
66.249.79.117 - - [02/Dec/2022:12:03:43 -0500] "GET /BLA/resoluciones/AUTOS%202016/1238.pdf HTTP/1.1" 200 485003
66.249.79.127 - - [02/Dec/2022:12:03:44 -0500] "GET /manual_funciones_Listado/2.1.2.%20Subdireccion%20de%20Proyectos%20y%20Cooperacion%20Internacional/Profesional%20Universitario%20219-15.pdf HTTP/1.1" 404 1018
66.249.79.113 - - [02/Dec/2022:12:03:46 -0500] "GET /BLA/resoluciones/RESOLUCIONES%202008/5375.pdf HTTP/1.1" 200 209670
172.22.2.4 - - [02/Dec/2022:12:03:47 -0500] "GET /BLA/boletinlegal/consulta_actos.php?tipo=resoluciones&no=4295&usuario=&sector=&fecha=2022&resuelve= HTTP/1.1" 200 1119
201.245.192.253 - - [02/Dec/2022:12:03:57 -0500] "GET /sipse/faces/javax.faces.resource/theme.css?ln=primefaces-sipse HTTP/1.1" 304 -
201.245.192.253 - - [02/Dec/2022:12:03:57 -0500] "GET /sipse/faces/javax.faces.resource/primefaces.css?ln=primefaces&v=4.0 HTTP/1.1" 304 -
201.245.192.253 - - [02/Dec/2022:12:03:57 -0500] "GET /sipse/faces/javax.faces.resource/jquery/jquery.js?ln=primefaces&v=4.0 HTTP/1.1" 304 -
201.245.192.253 - - [02/Dec/2022:12:03:57 -0500] "GET /sipse/faces/javax.faces.resource/jquery/jquery-plugins.js?ln=primefaces&v=4.0 HTTP/1.1" 304 -
201.245.192.253 - - [02/Dec/2022:12:03:57 -0500] "GET /sipse/faces/javax.faces.resource/layout/layout.css?ln=primefaces&v=4.0 HTTP/1.1" 304 -
201.245.192.253 - - [02/Dec/2022:12:03:57 -0500] "GET /sipse/faces/javax.faces.resource/primefaces.js?ln=primefaces&v=4.0 HTTP/1.1" 304 -
201.245.192.253 - - [02/Dec/2022:12:03:57 -0500] "GET /sipse/faces/javax.faces.resource/layout/layout.js?ln=primefaces&v=4.0 HTTP/1.1" 304 -
201.245.192.253 - - [02/Dec/2022:12:03:57 -0500] "GET /sipse/faces/javax.faces.resource/images/ui-icons_898989_256x240.png?ln=primefaces-aristo HTTP/1.1" 304 -
201.245.192.253 - - [02/Dec/2022:12:03:57 -0500] "POST /sipse/faces/presentacion/financiero/solicitudProceso/consultarSolicitudProceso.xhtml HTTP/1.1" 200 187995
172.22.2.4 - - [02/Dec/2022:12:04:01 -0500] "GET /BLA/boletinlegal/consulta_actos.php?tipo=resoluciones&no=4189&usuario=&sector=&fecha=2022&resuelve= HTTP/1.1" 200 1120
172.22.2.4 - - [02/Dec/2022:12:04:12 -0500] "GET /BLA/boletinlegal/consulta_actos.php?tipo=resoluciones&no=4122&usuario=&sector=&fecha=2022&resuelve= HTTP/1.1" 200 1106
172.22.2.4 - - [02/Dec/2022:12:04:24 -0500] "GET /BLA/boletinlegal/consulta_actos.php?tipo=resoluciones&no=4121&usuario=&sector=&fecha=2022&resuelve= HTTP/1.1" 200 1122
172.22.2.4 - - [02/Dec/2022:12:04:37 -0500] "GET /BLA/boletinlegal/consulta_actos.php?tipo=resoluciones&no=4067&usuario=&sector=&fecha=2022&resuelve= HTTP/1.1" 200 1101
177.69.112.33 - - [02/Dec/2022:12:04:40 -0500] "OPTIONS /kwssiamovil/sm/setfile/f? HTTP/1.1" 200 13
162.55.37.148 - - [02/Dec/2022:12:04:47 -0500] "GET / HTTP/1.1" 200 319
172.22.2.4 - - [02/Dec/2022:12:04:47 -0500] "GET /BLA/boletinlegal/consulta_actos.php?tipo=resoluciones&no=4068&usuario=&sector=&fecha=2022&resuelve= HTTP/1.1" 200 1124
172.22.2.4 - - [02/Dec/2022:12:04:58 -0500] "GET /BLA/boletinlegal/consulta_actos.php?tipo=resoluciones&no=4070&usuario=&sector=&fecha=2022&resuelve= HTTP/1.1" 200 1119
201.245.192.253 - - [02/Dec/2022:12:05:09 -0500] "GET /sipse/faces/javax.faces.resource/images/ui-bg_flat_0_2d5972_40x100.png?ln=primefaces-aristo HTTP/1.1" 304 -
201.245.192.253 - - [02/Dec/2022:12:05:09 -0500] "POST /sipse/faces/presentacion/financiero/solicitudProceso/consultarSolicitudProceso.xhtml HTTP/1.1" 200 38063
201.245.192.253 - - [02/Dec/2022:12:05:10 -0500] "GET /sipse/faces/javax.faces.resource/primefaces.css?ln=primefaces&v=4.0 HTTP/1.1" 304 -
201.245.192.253 - - [02/Dec/2022:12:05:10 -0500] "GET /sipse/faces/javax.faces.resource/theme.css?ln=primefaces-sipse HTTP/1.1" 304 -
201.245.192.253 - - [02/Dec/2022:12:05:11 -0500] "GET /sipse/faces/javax.faces.resource/layout/layout.css?ln=primefaces&v=4.0 HTTP/1.1" 304 -
201.245.192.253 - - [02/Dec/2022:12:05:11 -0500] "GET /sipse/faces/javax.faces.resource/jquery/jquery.js?ln=primefaces&v=4.0 HTTP/1.1" 304 -
201.245.192.253 - - [02/Dec/2022:12:05:11 -0500] "GET /sipse/faces/javax.faces.resource/jquery/jquery-plugins.js?ln=primefaces&v=4.0 HTTP/1.1" 304 -
201.245.192.253 - - [02/Dec/2022:12:05:11 -0500] "GET /sipse/faces/javax.faces.resource/primefaces.js?ln=primefaces&v=4.0 HTTP/1.1" 304 -
201.245.192.253 - - [02/Dec/2022:12:05:11 -0500] "GET /sipse/faces/javax.faces.resource/layout/layout.js?ln=primefaces&v=4.0 HTTP/1.1" 304 -
201.245.192.253 - - [02/Dec/2022:12:05:11 -0500] "GET /sipse/faces/javax.faces.resource/messages/messages.png?ln=primefaces&v=4.0 HTTP/1.1" 304 -
201.245.192.253 - - [02/Dec/2022:12:05:11 -0500] "POST /sipse/faces/presentacion/financiero/solicitudProceso/listarSolicitudProceso.xhtml HTTP/1.1" 200 1420
172.22.2.4 - - [02/Dec/2022:12:05:11 -0500] "GET /BLA/boletinlegal/consulta_actos.php?tipo=resoluciones&no=7125&usuario=&sector=&fecha=2022&resuelve= HTTP/1.1" 200 626
177.69.112.33 - - [02/Dec/2022:12:04:41 -0500] "POST /kwssiamovil/sm/setfile/f? HTTP/1.1" 200 381
177.69.112.33 - - [02/Dec/2022:12:05:20 -0500] "OPTIONS /kwssiamovil/sm/setfile/f? HTTP/1.1" 200 13
201.245.192.253 - - [02/Dec/2022:12:05:30 -0500] "POST /sipse/faces/presentacion/financiero/solicitudProceso/listarSolicitudProceso.xhtml HTTP/1.1" 200 5161
177.69.112.33 - - [02/Dec/2022:12:05:20 -0500] "POST /kwssiamovil/sm/setfile/f? HTTP/1.1" 200 381
172.22.2.4 - - [02/Dec/2022:12:05:35 -0500] "GET /BLA/boletinlegal/consulta_actos.php?tipo=autos&no=5998&usuario=&sector=&fecha=2022&resuelve= HTTP/1.1" 200 1069
201.245.192.253 - - [02/Dec/2022:12:05:38 -0500] "POST /sipse/faces/presentacion/financiero/solicitudProceso/listarSolicitudProceso.xhtml HTTP/1.1" 200 2257
177.69.112.33 - - [02/Dec/2022:12:05:38 -0500] "GET /kwssiamovil/sm/acme/a?s=U2FsdGVkX1+oId+QkzrCzxHua1sdNQXO9tbiooBsV76LzxxgKXafh9C40FxUF28oBIEF4Z2gBFY4cI8x+UUQKMnvPqDV7KgPL10VMnoOgQwVCDFB0LAg4uvTKg/4uJ3LBgUOiqcc3ZCVSpgElR4ZzpSx7Z/66dhJzS0IZWVogx6nf+pe9nGy7i+imdj/wZfVbYKCywzvFXAE/pWkgC4CX48gOTRMzfe3PLv9VcU+szV0eoQUAgilZ2qC5MhfG5BQolXufVEOcqDa7kUmmMO1oA==&u=U2FsdGVkX1/qR2PD5ZughtoqNLlRf9r5OMo0roGYsFpT7R8ZX1jba4iqPkDhBfak&y=U2FsdGVkX18EldqOU1WZFJIAjyaJsi1CFA4J0UwUVUhoG9KlaU7Of7aXjgf4mh1J HTTP/1.1" 200 26
177.69.112.33 - - [02/Dec/2022:12:05:38 -0500] "GET /kwssiamovil/sm/acme/a?s=U2FsdGVkX18HL1tYRHMHNE3X3h0DPkItSePWuIbM3oS3MG7B7JyqHywnqo7OqFwWMVNaHMfNIEg3BfJj+ZmmFRxR4cIm3hiDFpnjJTIPAuIPajWCWzLK2DIRr8LLJ76cSsFrbTtrhssyc3fgQNc6xxjLKok5EjVuwOIlh29WOHQe/sRWFxxek/tb4G98Bt/muZnbjJhDcHpTlDNs+AyGL0G/q53FoyZYuhRB6b8sVfBUH+mAL+mEN6nVcg7tHwcUua/TihdBPjyicHmfdLEQcqiWKYGSJxT3bhkZa7xadxrxOyz/6ropGYkqO+RFG2N8xbec2HMcVjB5DwWby+v3wUn3BHHZlPHmKWpV67B+V8lMWW98LM1y/lsXAM2JnjJnOIT3fKCjCXz6y7tR+pgRwV7mI3DMp+9GJoNlVTYF/o616x3UKslIs5PSv4fwUvzPnVh/Z3mH9AR8j5+dSVW/2fhofLoyv8rIB/XuhBz0Ln7vRqtbc0qtEk311vUN80oBBfMgmmGDC3RYWhpn5AsCkdu87oL4345SkZX/gLJO5hqY5gmCD47AwXRHlOEIth9kfjlKbafJU6giXgCZQbCg1ABDi4V42mxasjDKTqfM8hQc1Ybe6Lrj4/q/ayrNKjT1of7Hn3ZdcIkahCFpA4u+jtanzE3ZGOzBed3F7ZtgAQQ9vo1xJqeMI8B7GN+1UsOc+pcejBFuYPc49wHoEmgY4g2BMA467AVPBfG29vKO6RO+L0Qkxvzbhsc2S8bBYN+NabljnwSiC/c9DZjCoLIRJa0ojY7D5B+AsP+XCAqRXTKNhibgxlICmeeWGwfxRzv/OFaiIOG/iT2cp2a+XrRrYuyyIeOJ9MP7tCEFbNd1ya4RfbngNVdOgiLJW1OpyOTVZJOB4HBYt9IV/eWN1e7Hu9tE+f0h4OqkGDr3jFOILZ0Fbt6MvnkE1CwZRxy6RqOBaMzTyZ+Mxba3FqNzgqQFvMHti4tAEwnp3LmyhuZiHP+qhUafk1gLAro9osgAx6pcHkiqatal8fbz8oA8KvaQtTR/drzpO/ZrxSvu+Kvafs+ey03YS1zUCcDlrp0YdCoUm6NorhdJOF8JC1geNCrZAHISfQn3mlTiyrHSqbQWwQ/N6MOfduFx6egx2zxqApHZpvRLvJedwVrqZaZHvYdfsQfC0LEdGp/LbcsSLk1SKpwz2Jo7he6v5/giQKWCfdi7jWpueWP+AyRhkc5jqet7waaugqFdW74INaeMKcs9WutujijkVdIzH77DsacjcSN0nz1Ne8MHFVn6F/Uil9uKlDXMR0vpNFfKKF2MydGTNaTsaPYiiGyyUo5pBCXWYK6ZhNIckY8XBK8sqtrbMcr2rv6qV6oA3feNDeHv1KORR7WYilCc0DLIN46LMzr8+EBAkxQ94JJ84+CfupSMobB9K8qoYnZLmXUYPE+kElNhHwmleSqm78yWsq7Fk5bbK3lOjSU8NxgxEXc03H9Q6LhGIbB83MRFFnMDcD19qa9se6e5sIJIEXMnsuJCfLaCCT5QSkx5jRNMrEsRP9nYT3nbYtw0eUNqt5E9TLrJsMXFaTrU+tAFB/+rw2HJTG281MXXVmpaIFHK6A/RZYuoXFaxJnAaNvqiIfttsNVqQBy5I6yxmtQL2Uy129UUfQ0DRA1yV+k7I/6qV2EvSRYf7UBoNAIu8ymPad8LGE68bHBdJgBNcgCP6qWl97TRfMJrVMzxexSwLTrhcakbk/esDkawbc8dc3AhmQeudCfWIuqf5uv47QPjS1tuLDtkMYm6tvMssPrA9o3BtnY9ULY5pv72QTGztUqcJeqoiz7+1DOqFJPb5IOqZ9lUlsM+zvLZLgHGaCO9vD3/3TCLHX+XdMUqahkUmxENSTktOoNg4KLmYcmwjRejvH3ShLz5bf7NsMLuoqoi8Bwo+t6IVJj44u3P+NNDadPLbIZGivV1LC/tVSc4YNZ0hiQ6ZGl+lGaAsFLtkJ3VONw65mE7fpR8UZ0tRr3/Ulc7bZbdRkvDFn+EUUYXsOcm9KOdS/H2vH4Lg6FUbcX+AqbkBksQy6ySM0Q6ZW7NVvUnBGyOxHGHm4ZAJwPjdR9M30dd9WvdvclJM6PBOfscIq67bd4DLqohTTKAy05T4VvIIMnrzTlU5q/rMYePhbVVU4yvR4K7Ad+z+UUK2BDuEkrairAh+zkLKCvoy210U3PkKQDJVzp9KuoA8Hs=&u=U2FsdGVkX1/qR2PD5ZughtoqNLlRf9r5OMo0roGYsFpT7R8ZX1jba4iqPkDhBfak&y=U2FsdGVkX18EldqOU1WZFJIAjyaJsi1CFA4J0UwUVUhoG9KlaU7Of7aXjgf4mh1J HTTP/1.1" 200 26
177.69.112.33 - - [02/Dec/2022:12:05:39 -0500] "GET /kwssiamovil/sm/acme/a?s=U2FsdGVkX1+Nc8E8WvomE0eOrQ2P+HXtWYV0hp52fE1Zstj6NVm9YehwJRb/kiHgEyGEEmdVhLefMmlpibrjBNhk8kJg3ybj+LHt9vvgI+HGY+0rTLom/lJGEzOc0o+ByaHRW+UjKjyvC1HNEYJcDc6s/O7pUrWGh6htEHqJTvM=&u=U2FsdGVkX1/qR2PD5ZughtoqNLlRf9r5OMo0roGYsFpT7R8ZX1jba4iqPkDhBfak&y=U2FsdGVkX18EldqOU1WZFJIAjyaJsi1CFA4J0UwUVUhoG9KlaU7Of7aXjgf4mh1J HTTP/1.1" 200 26
201.245.192.253 - - [02/Dec/2022:12:05:40 -0500] "POST /sipse/faces/presentacion/financiero/solicitudProceso/listarSolicitudProceso.xhtml HTTP/1.1" 200 2701
177.69.112.33 - - [02/Dec/2022:12:05:40 -0500] "GET /kwssiamovil/sm/acme/a?s=U2FsdGVkX1+Njqj/ayvqFzdqg6taqt0avdw2f/SNfdgGIT0aGjflSLJqksFYekPw1Qo8Cszz1XwdTe8b4Exz3iUlXtw5RXFxeMimvnUCHGfgZg7BPpDWUBdpNn5pU5FFCJajQU1bJndCpiP+iEDeIzHAeYyYdCsNOWNrTnmd6J0=&u=U2FsdGVkX1/qR2PD5ZughtoqNLlRf9r5OMo0roGYsFpT7R8ZX1jba4iqPkDhBfak&y=U2FsdGVkX18EldqOU1WZFJIAjyaJsi1CFA4J0UwUVUhoG9KlaU7Of7aXjgf4mh1J HTTP/1.1" 200 26
201.245.192.253 - - [02/Dec/2022:12:05:40 -0500] "POST /sipse/faces/presentacion/financiero/solicitudProceso/listarSolicitudProceso.xhtml HTTP/1.1" 200 38441
201.245.192.253 - - [02/Dec/2022:12:05:40 -0500] "GET /sipse/faces/javax.faces.resource/theme.css?ln=primefaces-sipse HTTP/1.1" 304 -
201.245.192.253 - - [02/Dec/2022:12:05:40 -0500] "GET /sipse/faces/javax.faces.resource/primefaces.css?ln=primefaces&v=4.0 HTTP/1.1" 304 -
201.245.192.253 - - [02/Dec/2022:12:05:40 -0500] "GET /sipse/faces/javax.faces.resource/layout/layout.css?ln=primefaces&v=4.0 HTTP/1.1" 304 -
201.245.192.253 - - [02/Dec/2022:12:05:40 -0500] "GET /sipse/css/imagen/contrasena.png HTTP/1.1" 404 383
201.245.192.253 - - [02/Dec/2022:12:05:40 -0500] "GET /sipse/faces/javax.faces.resource/jquery/jquery.js?ln=primefaces&v=4.0 HTTP/1.1" 304 -
201.245.192.253 - - [02/Dec/2022:12:05:40 -0500] "GET /sipse/faces/javax.faces.resource/jquery/jquery-plugins.js?ln=primefaces&v=4.0 HTTP/1.1" 304 -
201.245.192.253 - - [02/Dec/2022:12:05:40 -0500] "GET /sipse/faces/javax.faces.resource/primefaces.js?ln=primefaces&v=4.0 HTTP/1.1" 304 -
201.245.192.253 - - [02/Dec/2022:12:05:40 -0500] "GET /sipse/faces/javax.faces.resource/layout/layout.js?ln=primefaces&v=4.0 HTTP/1.1" 304 -
177.69.112.33 - - [02/Dec/2022:12:05:41 -0500] "GET /kwssiamovil/sm/acme/a?s=U2FsdGVkX1+tdNMhbx7+prYWiGQ4JIvafCDZUO/xIhZVxc7iVlZymk7yT2WgYaldLyxGi/sOSyb69zQ163m8xgfqDoKWthXV2vrE3Z4/iGTnMBYBtkYbOWWUdTRHx9QBMgEwp39PWLB/3mDVTJwdspm4jM+QmVj4MrXYA1QAJEg=&u=U2FsdGVkX1/qR2PD5ZughtoqNLlRf9r5OMo0roGYsFpT7R8ZX1jba4iqPkDhBfak&y=U2FsdGVkX18EldqOU1WZFJIAjyaJsi1CFA4J0UwUVUhoG9KlaU7Of7aXjgf4mh1J HTTP/1.1" 200 26
177.69.112.33 - - [02/Dec/2022:12:05:41 -0500] "GET /kwssiamovil/sm/acme/a?s=U2FsdGVkX19H1qVhzBRvWltSWwKEjjMexvl8AobACaORJRuInrUxGXuit9nkQMXr40onCNfFPvUCc3qcxXTF1mpyWveY5522V4B/hbpMIsZclby3AL7U0VJR9lskXpTaQOb/HpR7he3UZ8fmJiU6mQCWJgzBYi6GppedF3YT3JcN/mql5yscAaCELvAaZNugW2oi1UkRbuHfgtcW7jOMUg==&u=U2FsdGVkX1/qR2PD5ZughtoqNLlRf9r5OMo0roGYsFpT7R8ZX1jba4iqPkDhBfak&y=U2FsdGVkX18EldqOU1WZFJIAjyaJsi1CFA4J0UwUVUhoG9KlaU7Of7aXjgf4mh1J HTTP/1.1" 200 26
201.245.192.253 - - [02/Dec/2022:12:05:41 -0500] "POST /sipse/faces/presentacion/financiero/solicitudProceso/consultar.xhtml HTTP/1.1" 200 31741
177.69.112.33 - - [02/Dec/2022:12:05:41 -0500] "GET /kwssiamovil/sm/acme/a?s=U2FsdGVkX1+Y3P6TfB/kWWadK5AKVGzMqaVq+gkNt3/GlqR5w1Coa2U20gsbfKkRqkd9TTPgtdHeaAyuypstikoG5icAf9FVhFFsDjSBd+vGv+XhR85PJbeiLGcqcVddag0B4yfduhsUHC6qUym1R6/RnSLheH3zaNr/FG5o8CiFacWEW/FBbQy/OBUxHJLEZY5XqBGtx16d0f5I7Z997g==&u=U2FsdGVkX1/qR2PD5ZughtoqNLlRf9r5OMo0roGYsFpT7R8ZX1jba4iqPkDhBfak&y=U2FsdGVkX18EldqOU1WZFJIAjyaJsi1CFA4J0UwUVUhoG9KlaU7Of7aXjgf4mh1J HTTP/1.1" 200 25
177.69.112.33 - - [02/Dec/2022:12:05:42 -0500] "GET /kwssiamovil/sm/acme/a?s=U2FsdGVkX18lF+lDPhOLELkS8CPe3rIiqUkU8GRfJvBW9X+i8buUFLYVnPlrDtw2fQUqlvK7zzbfgREn1vpFrpQohjGtjobxfqLZzMlf0cIBvEFYtX/oV3R8Mor5+hfVfk6rkGsn6ivoBufYFO/1y8UKDIgybvh1MSXq3hjFGSdxLueS1y1vWMxqKVZmPXaM&u=U2FsdGVkX1/qR2PD5ZughtoqNLlRf9r5OMo0roGYsFpT7R8ZX1jba4iqPkDhBfak&y=U2FsdGVkX18EldqOU1WZFJIAjyaJsi1CFA4J0UwUVUhoG9KlaU7Of7aXjgf4mh1J HTTP/1.1" 200 25
177.69.112.33 - - [02/Dec/2022:12:05:42 -0500] "GET /kwssiamovil/sm/acme/a?s=U2FsdGVkX1/19SfomHj34b0dzddiN4kzxfA6HtDLTohl87cCp6UHzJiOL+BPjvNHDIWYTV3Pvo4bHVwWIZTIz3i3iBFaO3cMdqbUbkdCdRaeEr8nQNxTSQvh1z/WOtPBId8XbC/WYzOKcyVttekNJ1OeiYucHYISb7IEXYL0c5JnQnTvI2mybe5RWwN1Oh2wMY1nutqg3T7yA8CCbIGs3Q==&u=U2FsdGVkX1/qR2PD5ZughtoqNLlRf9r5OMo0roGYsFpT7R8ZX1jba4iqPkDhBfak&y=U2FsdGVkX18EldqOU1WZFJIAjyaJsi1CFA4J0UwUVUhoG9KlaU7Of7aXjgf4mh1J HTTP/1.1" 200 25
177.69.112.33 - - [02/Dec/2022:12:05:43 -0500] "GET /kwssiamovil/sm/acme/a?s=U2FsdGVkX1/YL6X+35z+HdnkYaVk+sYLi9RDkXqJgGdwqI/Qf9k2YFgPeIN7u/vFPCOVygtAewewUBSVMlMUeKet2Ci/xYg8kngNiztBII1E8ue4Ab+uTzGpp5YjHY1w4+49CJLWuF62QD9+nwDGShXmUpqJG6xOk2O3QDA5nkkDqi2n+6vWiK4bQBV3ih3y&u=U2FsdGVkX1/qR2PD5ZughtoqNLlRf9r5OMo0roGYsFpT7R8ZX1jba4iqPkDhBfak&y=U2FsdGVkX18EldqOU1WZFJIAjyaJsi1CFA4J0UwUVUhoG9KlaU7Of7aXjgf4mh1J HTTP/1.1" 200 25
177.69.112.33 - - [02/Dec/2022:12:05:43 -0500] "GET /kwssiamovil/sm/acme/a?s=U2FsdGVkX1/TVOQO/OIs9UEErjfWygllc5VZ+S376m9QD3tp6gK53Abwm5A9CmQaHVq6L+AoKKx7GmE2kyWAFtKp7omCaEiMoHnQHnijkxwnGHL7X+NEvkWnM5PV//mNMlkOzDvXn1zjnQuA6zic4kAxKtRBHZs+TyXipd+2qId93ydjSnc/dR8KZ9FCHGd4lFSsG3xROV1Ml7+BVgg1Xg==&u=U2FsdGVkX1/qR2PD5ZughtoqNLlRf9r5OMo0roGYsFpT7R8ZX1jba4iqPkDhBfak&y=U2FsdGVkX18EldqOU1WZFJIAjyaJsi1CFA4J0UwUVUhoG9KlaU7Of7aXjgf4mh1J HTTP/1.1" 200 25
177.69.112.33 - - [02/Dec/2022:12:05:44 -0500] "GET /kwssiamovil/sm/acme/a?s=U2FsdGVkX1/IsUUb0uklz3xH37uv2TkeGjAAs8jMZtKl8DBl7+fLeLPBENgekw1nLDUP6FlppkwkqTlFbgeu+D5YLuIKdtmeuiG/UE5bn++to++KNw96hm/cMdCM3Vt026Y29qzOJggaL+x1lGAOlasUahfMsJlED79EuMJHSQge1+n3iyioZgEm7FzigUtR&u=U2FsdGVkX1/qR2PD5ZughtoqNLlRf9r5OMo0roGYsFpT7R8ZX1jba4iqPkDhBfak&y=U2FsdGVkX18EldqOU1WZFJIAjyaJsi1CFA4J0UwUVUhoG9KlaU7Of7aXjgf4mh1J HTTP/1.1" 200 25
201.245.192.253 - - [02/Dec/2022:12:05:44 -0500] "POST /sipse/faces/presentacion/financiero/solicitudProceso/consultar.xhtml HTTP/1.1" 200 12909
177.69.112.33 - - [02/Dec/2022:12:05:45 -0500] "GET /kwssiamovil/sm/acme/a?s=U2FsdGVkX1/rrO784+Ray8f9rlK3v0xafEX2YKC35kQGVgw6MdmBjA/oAEftIXB+fRP90KZqjixKqgV4cJ9xmYym6bqE5zFFy0lhTs3zAb0QSJzdT4KH5wCuDCU/FZgh1jk18IR20GTQC/GRCJS593nBbHCvC2bX/YA8Z5PI68C4kUCAaIOaLBhUs5AqCPqmSiCw1XtIx/jPuWnrh76Alg==&u=U2FsdGVkX1/qR2PD5ZughtoqNLlRf9r5OMo0roGYsFpT7R8ZX1jba4iqPkDhBfak&y=U2FsdGVkX18EldqOU1WZFJIAjyaJsi1CFA4J0UwUVUhoG9KlaU7Of7aXjgf4mh1J HTTP/1.1" 200 25
177.69.112.33 - - [02/Dec/2022:12:05:45 -0500] "GET /kwssiamovil/sm/acme/a?s=U2FsdGVkX18YIcZaUZ4C6tLRKJv7r/NCk6doHsX89e2z7qwvbeVVPVrgQ8Qoys2dMNieBCCryJx3j2P5LbTiEDdZ/kb2AHPoF0x+M8wsyY9HIUz2QAM9sGOpWSmXDPNEsiv9WfAYxxwjhqGH1k047jCSTpqmM30l009q5PWOBWDqfTZwMJMYbfb3LpnSjEKs&u=U2FsdGVkX1/qR2PD5ZughtoqNLlRf9r5OMo0roGYsFpT7R8ZX1jba4iqPkDhBfak&y=U2FsdGVkX18EldqOU1WZFJIAjyaJsi1CFA4J0UwUVUhoG9KlaU7Of7aXjgf4mh1J HTTP/1.1" 200 25
177.69.112.33 - - [02/Dec/2022:12:05:46 -0500] "GET /kwssiamovil/sm/acme/a?s=U2FsdGVkX19pm5Kb6SgVuprCpBCEBDqR1xW92tdD/TyEtv6zlXavUkbU0I6INgj20euaUlvi/iahdRjLybG0FSNe/tWuvb/LqnVtUjwis7MIcjx3zIAbtv6LunfsOEUo6qzzvCW6xFW/2GAaNfurEC4Rky2B04K0P+7RI0fVNalXRkwvgzByR7JK3vTcd4VrQq8VF7Aa4VcjhH7dAbU6Jgym9NBHe+p2UZbPNvZeviU=&u=U2FsdGVkX1/qR2PD5ZughtoqNLlRf9r5OMo0roGYsFpT7R8ZX1jba4iqPkDhBfak&y=U2FsdGVkX18EldqOU1WZFJIAjyaJsi1CFA4J0UwUVUhoG9KlaU7Of7aXjgf4mh1J HTTP/1.1" 200 25
177.69.112.33 - - [02/Dec/2022:12:05:46 -0500] "GET /kwssiamovil/sm/acme/a?s=U2FsdGVkX18xBtw1Da0Je7UH6Sfr0gTyWmUbCvN439RS9TGvfbxKMRygfnGrk6mPuMoiXni72E18rg/LKvfbhOc3iMgVIHS0rCb7wbARrxcPDMHXLESdqnirN+LQE8L6LetXBVtRXXl/bEm4pZmlxYIQlKnToxDkyR1+IFlnqSXgeZotxeUP2/Tb4MT6c4qKvOhWML3oHj6L9hj17N90Mw==&u=U2FsdGVkX1/qR2PD5ZughtoqNLlRf9r5OMo0roGYsFpT7R8ZX1jba4iqPkDhBfak&y=U2FsdGVkX18EldqOU1WZFJIAjyaJsi1CFA4J0UwUVUhoG9KlaU7Of7aXjgf4mh1J HTTP/1.1" 200 25
172.22.2.4 - - [02/Dec/2022:12:05:53 -0500] "GET /BLA/boletinlegal/actos.php HTTP/1.1" 200 9566
172.22.2.4 - - [02/Dec/2022:12:05:53 -0500] "GET /BLA/boletinlegal/favicon.ico HTTP/1.1" 404 1326
172.22.2.4 - - [02/Dec/2022:12:05:54 -0500] "GET /BLA/boletinlegal/consulta_actos.php?tipo=autos&no=5966&usuario=&sector=&fecha=2022&resuelve= HTTP/1.1" 200 1083
172.22.2.4 - - [02/Dec/2022:12:05:54 -0500] "GET /BLA/boletinlegal/consulta_actos.php?tipo=autos&no=5966&usuario=&sector=&fecha=2022&resuelve= HTTP/1.1" 200 1083
172.22.2.4 - - [02/Dec/2022:12:05:54 -0500] "GET /BLA/boletinlegal/consulta_actos.php?tipo=autos&no=5966&usuario=&sector=&fecha=2022&resuelve= HTTP/1.1" 200 1083
172.22.2.4 - - [02/Dec/2022:12:05:54 -0500] "GET /BLA/boletinlegal/consulta_actos.php?tipo=autos&no=5966&usuario=&sector=&fecha=2022&resuelve= HTTP/1.1" 200 1083
172.22.2.4 - - [02/Dec/2022:12:05:54 -0500] "GET /BLA/boletinlegal/consulta_actos.php?tipo=autos&no=5966&usuario=&sector=&fecha=2022&resuelve= HTTP/1.1" 200 1083
172.22.2.4 - - [02/Dec/2022:12:05:58 -0500] "GET /BLA/boletinlegal/consulta_actos.php?tipo=autos&no=5966&usuario=&sector=&fecha=2022&resuelve= HTTP/1.1" 200 1083
172.22.2.4 - - [02/Dec/2022:12:05:59 -0500] "GET /BLA/boletinlegal/consulta_actos.php?tipo=autos&no=5966&usuario=&sector=&fecha=2022&resuelve= HTTP/1.1" 200 1083
186.80.52.194 - - [02/Dec/2022:12:05:59 -0500] "GET /BLA/resoluciones/ HTTP/1.1" 200 13093
172.22.2.4 - - [02/Dec/2022:12:05:59 -0500] "GET /BLA/boletinlegal/consulta_actos.php?tipo=autos&no=5966&usuario=&sector=&fecha=2022&resuelve= HTTP/1.1" 200 1083
172.22.2.4 - - [02/Dec/2022:12:05:59 -0500] "GET /BLA/boletinlegal/consulta_actos.php?tipo=autos&no=5966&usuario=&sector=&fecha=2022&resuelve= HTTP/1.1" 200 1083
172.22.2.4 - - [02/Dec/2022:12:05:59 -0500] "GET /BLA/boletinlegal/consulta_actos.php?tipo=autos&no=5966&usuario=&sector=&fecha=2022&resuelve= HTTP/1.1" 200 1083
186.80.52.194 - - [02/Dec/2022:12:06:02 -0500] "GET /BLA/resoluciones/index.php?dir=AUTOS+2015%2F HTTP/1.1" 200 577811
201.245.192.253 - - [02/Dec/2022:12:05:47 -0500] "POST /sipse/faces/presentacion/financiero/solicitudProceso/consultar.xhtml HTTP/1.1" 200 140489
201.245.192.253 - - [02/Dec/2022:12:06:10 -0500] "GET /sipse/faces/javax.faces.resource/theme.css?ln=primefaces-sipse HTTP/1.1" 304 -
201.245.192.253 - - [02/Dec/2022:12:06:10 -0500] "GET /sipse/faces/javax.faces.resource/layout/layout.css?ln=primefaces&v=4.0 HTTP/1.1" 304 -
201.245.192.253 - - [02/Dec/2022:12:06:10 -0500] "GET /sipse/faces/javax.faces.resource/primefaces.css?ln=primefaces&v=4.0 HTTP/1.1" 304 -
201.245.192.253 - - [02/Dec/2022:12:06:10 -0500] "GET /sipse/faces/javax.faces.resource/jquery/jquery.js?ln=primefaces&v=4.0 HTTP/1.1" 304 -
201.245.192.253 - - [02/Dec/2022:12:06:10 -0500] "GET /sipse/faces/javax.faces.resource/jquery/jquery-plugins.js?ln=primefaces&v=4.0 HTTP/1.1" 304 -
201.245.192.253 - - [02/Dec/2022:12:06:10 -0500] "GET /sipse/faces/javax.faces.resource/primefaces.js?ln=primefaces&v=4.0 HTTP/1.1" 304 -
201.245.192.253 - - [02/Dec/2022:12:06:10 -0500] "GET /sipse/faces/javax.faces.resource/layout/layout.js?ln=primefaces&v=4.0 HTTP/1.1" 304 -
172.22.2.4 - - [02/Dec/2022:12:06:12 -0500] "GET /BLA/boletinlegal/consulta_actos.php?tipo=autos&no=5968&usuario=&sector=&fecha=2022&resuelve= HTTP/1.1" 200 1069
172.22.2.4 - - [02/Dec/2022:12:05:51 -0500] "GET /BLA/boletinlegal/ HTTP/1.1" 200 24523
186.80.52.194 - - [02/Dec/2022:12:06:26 -0500] "GET /BLA/resoluciones/AUTOS%202015/6923.pdf HTTP/1.1" 200 821231
172.22.2.4 - - [02/Dec/2022:12:06:27 -0500] "GET /BLA/boletinlegal/consulta_actos.php?tipo=autos&no=2567&usuario=&sector=&fecha=2022&resuelve= HTTP/1.1" 200 626
172.22.2.4 - - [02/Dec/2022:12:06:34 -0500] "GET /BLA/boletinlegal/consulta_actos.php?tipo=resoluciones&no=2567&usuario=&sector=&fecha=2022&resuelve= HTTP/1.1" 200 1113
201.245.192.253 - - [02/Dec/2022:12:06:34 -0500] "POST /sipse/faces/presentacion/financiero/solicitudProceso/consultarSolicitudProceso.xhtml HTTP/1.1" 200 32077
201.245.192.253 - - [02/Dec/2022:12:06:35 -0500] "GET /sipse/faces/javax.faces.resource/primefaces.css?ln=primefaces&v=4.0 HTTP/1.1" 304 -
201.245.192.253 - - [02/Dec/2022:12:06:35 -0500] "GET /sipse/faces/javax.faces.resource/theme.css?ln=primefaces-sipse HTTP/1.1" 304 -
201.245.192.253 - - [02/Dec/2022:12:06:35 -0500] "GET /sipse/faces/javax.faces.resource/layout/layout.css?ln=primefaces&v=4.0 HTTP/1.1" 304 -
201.245.192.253 - - [02/Dec/2022:12:06:35 -0500] "GET /sipse/faces/javax.faces.resource/jquery/jquery.js?ln=primefaces&v=4.0 HTTP/1.1" 304 -
201.245.192.253 - - [02/Dec/2022:12:06:35 -0500] "GET /sipse/faces/javax.faces.resource/jquery/jquery-plugins.js?ln=primefaces&v=4.0 HTTP/1.1" 304 -
201.245.192.253 - - [02/Dec/2022:12:06:35 -0500] "GET /sipse/faces/javax.faces.resource/primefaces.js?ln=primefaces&v=4.0 HTTP/1.1" 304 -
201.245.192.253 - - [02/Dec/2022:12:06:35 -0500] "GET /sipse/faces/javax.faces.resource/layout/layout.js?ln=primefaces&v=4.0 HTTP/1.1" 304 -
201.245.192.253 - - [02/Dec/2022:12:06:35 -0500] "POST /sipse/faces/presentacion/financiero/solicitudProceso/listarSolicitudProceso.xhtml HTTP/1.1" 200 25351
201.245.192.253 - - [02/Dec/2022:12:06:35 -0500] "POST /sipse/faces/presentacion/financiero/solicitudProceso/listarSolicitudProceso.xhtml HTTP/1.1" 200 25351
201.245.192.253 - - [02/Dec/2022:12:06:35 -0500] "POST /sipse/faces/presentacion/financiero/solicitudProceso/listarSolicitudProceso.xhtml HTTP/1.1" 200 25351
186.154.14.9 - - [02/Dec/2022:12:06:35 -0500] "POST /sipse/faces/presentacion/financiero/solicitudProceso/listarSolicitudProceso.xhtml HTTP/1.1" 200 118838
186.154.14.9 - - [02/Dec/2022:12:06:35 -0500] "GET /sipse/faces/javax.faces.resource/theme.css?ln=primefaces-sipse HTTP/1.1" 304 -
186.154.14.9 - - [02/Dec/2022:12:06:35 -0500] "GET /sipse/faces/javax.faces.resource/primefaces.css?ln=primefaces&v=4.0 HTTP/1.1" 304 -
186.154.14.9 - - [02/Dec/2022:12:06:35 -0500] "GET /sipse/faces/javax.faces.resource/layout/layout.css?ln=primefaces&v=4.0 HTTP/1.1" 304 -
186.154.14.9 - - [02/Dec/2022:12:06:35 -0500] "GET /sipse/faces/javax.faces.resource/jquery/jquery.js?ln=primefaces&v=4.0 HTTP/1.1" 304 -
201.245.192.253 - - [02/Dec/2022:12:06:35 -0500] "POST /sipse/faces/presentacion/financiero/solicitudProceso/listarSolicitudProceso.xhtml HTTP/1.1" 200 1376
201.245.192.253 - - [02/Dec/2022:12:06:35 -0500] "POST /sipse/faces/presentacion/financiero/solicitudProceso/listarSolicitudProceso.xhtml HTTP/1.1" 200 1380
