191.156.42.80 - - [04/Dec/2022:19:17:29 -0500] "POST /sipse/faces/presentacion/financiero/solicitudProceso/consultarSolicitudProceso.xhtml HTTP/1.1" 200 25051
152.89.196.211 - - [04/Dec/2022:19:17:40 -0500] "GET /?a=fetch&content=<php>die(@md5(HelloThinkCMF))</php> HTTP/1.1" 200 319
191.156.44.34 - - [04/Dec/2022:19:17:44 -0500] "GET /sipse/faces/javax.faces.resource/theme.css?ln=primefaces-sipse HTTP/1.1" 304 -
191.156.42.228 - - [04/Dec/2022:19:17:44 -0500] "GET /sipse/faces/javax.faces.resource/layout/layout.css?ln=primefaces&v=4.0 HTTP/1.1" 304 -
191.156.47.9 - - [04/Dec/2022:19:17:44 -0500] "GET /sipse/faces/javax.faces.resource/primefaces.css?ln=primefaces&v=4.0 HTTP/1.1" 304 -
191.156.45.18 - - [04/Dec/2022:19:17:44 -0500] "GET /sipse/faces/javax.faces.resource/jquery/jquery.js?ln=primefaces&v=4.0 HTTP/1.1" 304 -
191.156.41.225 - - [04/Dec/2022:19:17:44 -0500] "GET /sipse/faces/javax.faces.resource/jquery/jquery-plugins.js?ln=primefaces&v=4.0 HTTP/1.1" 304 -
191.156.44.34 - - [04/Dec/2022:19:17:44 -0500] "GET /sipse/faces/javax.faces.resource/primefaces.js?ln=primefaces&v=4.0 HTTP/1.1" 304 -
191.156.45.18 - - [04/Dec/2022:19:17:44 -0500] "GET /sipse/faces/javax.faces.resource/layout/layout.js?ln=primefaces&v=4.0 HTTP/1.1" 304 -
191.156.42.80 - - [04/Dec/2022:19:17:43 -0500] "POST /sipse/faces/presentacion/financiero/solicitudProceso/consultarHistorialSolProceso.xhtml HTTP/1.1" 200 155703
114.119.159.254 - - [04/Dec/2022:19:18:20 -0500] "GET /BLA/resoluciones/RESOLUCIONES%202010/6548.pdf HTTP/1.1" 200 1649292
201.245.192.253 - - [04/Dec/2022:19:19:52 -0500] "POST /kwsrmcab/Wsrmcab  HTTP/1.1" 200 213
31.13.103.16 - - [04/Dec/2022:19:20:40 -0500] "GET /images/Acuerdos%2001%20(1)%20(1).jpeg HTTP/1.1" 200 32884
216.245.221.92 - - [04/Dec/2022:19:20:44 -0500] "HEAD / HTTP/1.1" 200 -
207.46.13.174 - - [04/Dec/2022:19:20:45 -0500] "GET /BLA/resoluciones/index.php?dir=RESOLUCIONES+2019%2F HTTP/1.1" 200 249154
201.245.192.253 - - [04/Dec/2022:19:20:51 -0500] "POST /kwsrmcab/Wsrmcab HTTP/1.1" 200 43130
201.245.192.253 - - [04/Dec/2022:19:20:55 -0500] "POST /kwsrmcab/Wsrmcab HTTP/1.1" 200 42089
114.119.146.142 - - [04/Dec/2022:19:22:00 -0500] "GET /BLA/resoluciones/RESOLUCIONES%202011/6283.pdf HTTP/1.1" 200 1230296
207.46.13.198 - - [04/Dec/2022:19:22:08 -0500] "GET /BLA/resoluciones/AUTOS%202011/1894.pdf HTTP/1.1" 200 157157
172.22.2.4 - - [04/Dec/2022:19:20:41 -0500] "HEAD /BLA/boletinlegal/ HTTP/1.1" 200 -
172.22.2.4 - - [04/Dec/2022:19:21:31 -0500] "GET /BLA/boletinlegal/ HTTP/1.1" 200 56825
66.249.66.86 - - [04/Dec/2022:19:24:28 -0500] "GET /pdc/actos/301.pdf HTTP/1.1" 200 1910202
201.245.192.253 - - [04/Dec/2022:19:24:51 -0500] "POST /kwsrmcab/Wsrmcab  HTTP/1.1" 200 213
162.55.166.12 - - [04/Dec/2022:19:25:11 -0500] "GET / HTTP/1.1" 200 319
114.119.133.192 - - [04/Dec/2022:19:25:24 -0500] "GET /BLA/resoluciones/RESOLUCIONES%202010/7745.pdf HTTP/1.1" 200 507560
216.245.221.92 - - [04/Dec/2022:19:25:44 -0500] "HEAD / HTTP/1.1" 200 -
114.119.158.220 - - [04/Dec/2022:19:26:18 -0500] "GET /BLA/resoluciones/RESOLUCIONES%202010/6333.pdf HTTP/1.1" 200 498746
207.46.13.194 - - [04/Dec/2022:19:26:18 -0500] "GET /BLA/boletinlegal/Directivas/2011/Directiva%20No.%2011%20del%2027%20de%20Diciembre%20de%202011.pdf HTTP/1.1" 304 -
172.22.2.4 - - [04/Dec/2022:19:26:31 -0500] "HEAD /BLA/boletinlegal/ HTTP/1.1" 200 -
114.119.146.126 - - [04/Dec/2022:19:28:58 -0500] "GET /BLA/resoluciones/RESOLUCIONES%202010/6483.pdf HTTP/1.1" 200 1583768
172.22.2.4 - - [04/Dec/2022:19:27:21 -0500] "GET /BLA/boletinlegal/ HTTP/1.1" 200 57192
186.102.62.236 - - [04/Dec/2022:19:29:25 -0500] "OPTIONS /kwssiamovil/sm/setfile/f? HTTP/1.1" 200 13
186.102.62.236 - - [04/Dec/2022:19:29:25 -0500] "POST /kwssiamovil/sm/setfile/f? HTTP/1.1" 200 381
157.55.39.39 - - [04/Dec/2022:19:29:26 -0500] "GET /BLA/resoluciones/00002139.tif HTTP/1.1" 404 1018
186.102.62.236 - - [04/Dec/2022:19:29:38 -0500] "GET /kwssiamovil/sm/acme/a?s=U2FsdGVkX19UiFcuvz+67Yo1Tl+c8e+A/qPgOASUSuusfEGh4QJq6LlCDSmTgPnauP9uG+sM6HJM5QBT7GN31ZzsXMU99fHWAtPUt22BpM277Mv7Wczqoa7ugZTFJMUwY8wpmF0SoFR/NggrUt7bnLGWyB2klkDphot1hkuklOqHqVccnfJxsXVScesrSYvbi+s5UQc8ntkTZha/FfxqVhCV2im8iyoHOxoypZKGwADwuPg6crI0KwY+MT7ZOb5nTBH8Cov8L5GGahY0DkYo4A==&u=U2FsdGVkX18MS0C0podCfFFRM/wSAxnaVLSn9+Navoc=&y=U2FsdGVkX1+pqLoEUushspqaSaFWXAY0H0ZwLXU4MY5ZhAdssxl/u/6wu+oESpWX HTTP/1.1" 200 26
186.102.62.236 - - [04/Dec/2022:19:29:41 -0500] "GET /kwssiamovil/sm/acme/a?s=U2FsdGVkX1+eAJU0k5T/zlXZynbI5EgwokagnfXwr7t6i2s2u7omFlBLyl+IWb6OYTJOib+JEijZ8TBXB0x3Nkor3cLunM2h9dk56zyBSs4ynwKJgO/uTEfmM5AoZefQNaMHlomcNYx/9lRv/JZ83T/QvEdEfFoL6IytKVm5hiUtkKDL6iIilFHMTZEq/DUHPDAizvcMWTOEpDa0aYKR5WEIXzF584cvohJyV6XZ27lCH25O8NWT6yBXs4CVLMaf3x2E7Kyj+6e0ZdyflRB3pfCb+3N8JIGbHfGQ1bt/MlKvCeF63eYKaNa4kTL8xEE3Sik9tDVZ2UFl+HRii3DNX+wS3OyeiNazoQaWxFuhxO5K4W0lrX/nRlLgkO9YGOu0+ZJ4ySUoPexnmVtzDLZgEPUt1QRK7uFK2Im4syrYhtCcT9v92lRzhjLgnIf5ElrZCrkGzgAc8x1A4J4rzRAxCXLRiSdk5fjus5pcusIMoF28Al2npgaBF3WMCfvUEv2cjDymnO9ldqpMlxedV+jbvm5izMBowvS2sBupuROieAqjJEr7PJAJY7ga/A9TcJ3N4ZBNc5SY0LHSfrU0s6oLi0VWo9V4YiC2yVEtwbNQWshr+xl1GlwcqRafHTz768C04lQ6Fh1p0wB6LdKVddNHydqgKWBe6hQQJ0RLInv+xZjfhk55vxFzUYxhrumGaNflOq37gN4O1hUI5fW94F2LGwPuHbtOCxh3jraDqzaJeaDsuguvEziunfQr7Ra6K/rq/Wfxgg/UfybqawG6Cf8Mgi2eHQBRAm90SZTp6P3WV1fQEm/pPYll+LiGfz798HT/rvp+OFXdh4yBTxLvkUWOnc5XhQCz0VBn7aSkgi8OEFgCJp/WbgKtJ3LGDKF7XeayhM73TG31pr5DrvCvoAorH/S8tEseXcGarZl5fOrIUTyspSnH8E69cElZ7+cDIJUGwX5gPMQB/0XmavU9+OmjcZB+ChWC1SDu7/KMautymAZFfT02tJPqzFNRs3X9N8MwL2DWh4/+O09tWW30vwItDQXm0lmWMxSimsD1jmg8ViaJ2tnHAdaS4OtD1vvMKpHeglWLHKx0+GxbmCstGpzKfrihLZBYiYfJr6pxp6bTmP66Ei+BDkxWHM1C9SpIhr3uyQ6IUbVVjiATSrI4hX9TZ5VH2HqPk3teUNUjm1Y7QQAG/0aysp1gQ6nKdnBn3QO3N49XOB0LqE142UNPOOBGAlWD9tWlha41/nsMlyMSZVNBdmy9jTMS1fxBj0BI953Od7MhGds/Kslddp0qaZ4UHmDMw2ezwFVbgx3v8Yjqero5YtZxP/HvMcDbi08TFHR4U4a2RZq9Md4ZmlPV2Y0u+tyxItcwS9N6mg8pRO24tHP+QinwMCU5Z17iux7tm1XcBugHzC3MlBUHeFFzeIAIeMfNQoHu8Zg03g8YiTPszcSX1uD0D0WLayZaWt44gcukwYxiSRPQMbpSY+Dfrxzy2FJ1A4TyQv/YE2V7egiQD/rtwl0YglYus5EwlpBgzkguzZ10K9ugOi9OTlEfsnB6ri8m041txurqZVXPuJI7qgs6FRsqMANmS1Z+pO7vz27tvV2lQacShqXP2ViPOH5npszcmIoBeK+hGJ47rBrVqvrrziEtqThk32pDYlacbcurIcrrPW2DcpQ7pIVrleD0Cr6T/MfFY9GLApBum1IVpRxcjP4zjPyWb/KNNaC6FlP7OzWvey969eK31AyVTyp+ZYKIVawH7VkFjx7iW6lnezAU0ClN4XMeMTxkzr3xIT66ZauKQ7YUbggVFOGYtzSbeariGBkbKHwkj5OYzBCWY2Vxru5N7V8YEwc6L525wyNQ5A6yU0NKIkQfL5Zlpf+6ZEwrFq9tJ5+M80xHPxz1suMSrYuAINpP/bd6vbmNA5TjPenHPsa+coaNBtD8xyLLUryyLCRx/g7HGMtL7w8UoEfR6L43BFHEGLl46YNLWf0ALJplka8BvK5V+EAKf2p5FlJpuesrkQLCaTG01QF+OGXSFxSbvp3Y37hstsAYJhuoqkucpTxMjEPRUP7b3PZ7luN+9c3Jtix2Ov7vclfK/WLpRC9dZj0REmy7n22cbS2Prx35IDINkHvT1jg3AyX/s+hKCFsiNhOPhgMJ78zsA9EOMmpWq9DAYWPEhFl88xp4HkCO2jQ5x7v5hirfKrTXzeQ/k2sbPiQZUSgFfSTdghS/CdIZ4L5jLq00Xyh6WaNT&u=U2FsdGVkX18MS0C0podCfFFRM/wSAxnaVLSn9+Navoc=&y=U2FsdGVkX1+pqLoEUushspqaSaFWXAY0H0ZwLXU4MY5ZhAdssxl/u/6wu+oESpWX HTTP/1.1" 200 26
186.102.62.236 - - [04/Dec/2022:19:29:44 -0500] "GET /kwssiamovil/sm/acme/a?s=U2FsdGVkX1+op4eJQPcvzG0wQSOSxRnRP4LFIPBTo/EAY5cAehotG3rnQQeLtLzk2kcoBQSyEyHCjZG71lF73wuUuVifZGd8RWWsXBluXHSDGK+9gJpZDGoaQ9sIrRRVLgEPPdt+hYI5xT7nCz9j3qoAoljA9/cfWUgBKGqSFKc=&u=U2FsdGVkX18MS0C0podCfFFRM/wSAxnaVLSn9+Navoc=&y=U2FsdGVkX1+pqLoEUushspqaSaFWXAY0H0ZwLXU4MY5ZhAdssxl/u/6wu+oESpWX HTTP/1.1" 200 26
186.102.62.236 - - [04/Dec/2022:19:29:48 -0500] "GET /kwssiamovil/sm/acme/a?s=U2FsdGVkX19Cp0h5W5t6k5uOWtNRGoX9Vb1QfZoZh4f/NChR3QJtwa9f1mq1ybqCt/syr/BiqQp8WW1UeF6lgs9pqevcGasHLIfRIPnN08bQLJxzMfch1pT5Hc2hSSvd6WI+rHTNixGoRtNbIpqe8rvVDj/hC00ZWCWM3sioee8=&u=U2FsdGVkX18MS0C0podCfFFRM/wSAxnaVLSn9+Navoc=&y=U2FsdGVkX1+pqLoEUushspqaSaFWXAY0H0ZwLXU4MY5ZhAdssxl/u/6wu+oESpWX HTTP/1.1" 200 26
186.102.62.236 - - [04/Dec/2022:19:29:51 -0500] "GET /kwssiamovil/sm/acme/a?s=U2FsdGVkX18Vp7EYWpsMg5NW0w1V22l0o3P4AwUTVS8mUw3tk+/t478z0KlzC3BwFRkTnwli7HoEIugS5KuIogJ0/NmXCt7pTRpsNR4VGA3aIUi5a+FP3BRazkTB75ED5xVdLu5hQwGLWbj2mIO925NpnKijkHm16NgtD8i0tIc=&u=U2FsdGVkX18MS0C0podCfFFRM/wSAxnaVLSn9+Navoc=&y=U2FsdGVkX1+pqLoEUushspqaSaFWXAY0H0ZwLXU4MY5ZhAdssxl/u/6wu+oESpWX HTTP/1.1" 200 26
186.102.62.236 - - [04/Dec/2022:19:29:54 -0500] "GET /kwssiamovil/sm/acme/a?s=U2FsdGVkX180FILN6eL8vjfKC/XCA5M7RyYj94glg3Yl2xH02t4TEWVh6d7l93o+4C8nSxrMtm1Z+EOrZJCLHFXd1OMlx9fWUKXjBxkzpXll3tAo4no0KVVqY1zGWToMLL86UITkREuTh6kiJnHsVhPZcYDphE1/9N90OlniVfSFc3XVp6cJ22v9JFK1+1x/viZ0X3cy7ChQChP2bXRzbw==&u=U2FsdGVkX18MS0C0podCfFFRM/wSAxnaVLSn9+Navoc=&y=U2FsdGVkX1+pqLoEUushspqaSaFWXAY0H0ZwLXU4MY5ZhAdssxl/u/6wu+oESpWX HTTP/1.1" 200 26
201.245.192.253 - - [04/Dec/2022:19:29:53 -0500] "POST /kwsrmcab/Wsrmcab  HTTP/1.1" 200 213
186.102.62.236 - - [04/Dec/2022:19:29:57 -0500] "GET /kwssiamovil/sm/acme/a?s=U2FsdGVkX1/VAGsYuLWLwCPXJpOXcuByzCbdNBGrnPSyP9ovNDXtDhjhbL67sCqOHcSO5rJyU/PKewce5zTfcCG33NehL6eoFTq4wIqRy2ovSiuqR9ZEWYcElUDi+Kg8W55v/p6PJdqsIVds9kG+EGFvBNv7FspglpKgyz4MjNK5owV15z9xKkOVEzsK3mc9X0Yd3NE2pB1y13DtwoyEjMfdv3Rolb/qTI0rcKKUHL7b9r0OxYsqrUwltTb9bSTQRhaHGq+mb9AOXMVyYn4ySmidQ+R+FCU0iij9PoH4qnO5TvgHqTHOEiVR3ERlQTHGRDN2DKEVg+tGK//ZTMDjMu21kjG3B6YpQ9RkjxnMWWh7A8gdqiW4juPm1pTHc0UTnHvy7BeUNYd9vchP52lfGpYvaqGQDyQvMhgkVyPOlxxQnJ+XmrcrQ9MAbTLCfYkV&u=U2FsdGVkX18MS0C0podCfFFRM/wSAxnaVLSn9+Navoc=&y=U2FsdGVkX1+pqLoEUushspqaSaFWXAY0H0ZwLXU4MY5ZhAdssxl/u/6wu+oESpWX HTTP/1.1" 200 25
186.102.62.236 - - [04/Dec/2022:19:30:00 -0500] "GET /kwssiamovil/sm/acme/a?s=U2FsdGVkX18JzW6xqgeDDyiwKYUu8vkTKOsDPS8EkKTOwpAShLa0uG+mPOUKE9YJfeUT5wuLyy+OqCXtmHjhc5qiUjP0+oqNIJejHadRH/W6WJpGYKSGSDcWY5wKQ1fuicKuObwsRc1NIvsY7+m3zw+Cfh8bQ3mEwe0y63SIzBvTmq/NoB47dqoRzDfU4KtoyRNTHN/sdsxFHJSGcRbfw+eF2LLIM+spJ6/8DndAd5ZEsb6KgioxYQQAWXeK6cJlCwek/Oms6ev6rIINVrMxtPMODCynVX2IzDOckWlB6KrcO5uDaur+CVsZc/xJbNjbq13poyxUR5wWEfX6sXhJg1JDvZDgbBixKyxSCnLDKBrxcrxOc+JYbjRWH+bfU5geWhdyh2/em8sIfIvDVz922g==&u=U2FsdGVkX18MS0C0podCfFFRM/wSAxnaVLSn9+Navoc=&y=U2FsdGVkX1+pqLoEUushspqaSaFWXAY0H0ZwLXU4MY5ZhAdssxl/u/6wu+oESpWX HTTP/1.1" 200 25
64.124.8.34 - - [04/Dec/2022:19:30:33 -0500] "-" 408 -
216.245.221.92 - - [04/Dec/2022:19:30:44 -0500] "HEAD / HTTP/1.1" 200 -
201.245.192.253 - - [04/Dec/2022:19:30:52 -0500] "POST /kwsrmcab/Wsrmcab HTTP/1.1" 200 43130
201.245.192.253 - - [04/Dec/2022:19:30:55 -0500] "POST /kwsrmcab/Wsrmcab HTTP/1.1" 200 42089
173.252.83.22 - - [04/Dec/2022:19:31:09 -0500] "GET /images/cr\xc3\xb3nica-29-nov-1_optimized.jpeg HTTP/1.1" 404 1034
207.46.13.56 - - [04/Dec/2022:19:31:10 -0500] "GET /se-abre-convocatoria-a-organizaciones-ambientales-para-generar-1-070-empleos-verdes-dirigidos-a-mujeres.html HTTP/1.1" 200 1128
186.84.20.209 - - [04/Dec/2022:19:32:09 -0500] "GET /sia/ HTTP/1.1" 200 2661
186.84.20.209 - - [04/Dec/2022:19:32:09 -0500] "GET /css/date_blue.css HTTP/1.1" 404 1254
186.84.20.209 - - [04/Dec/2022:19:32:09 -0500] "GET /css/fondos.css HTTP/1.1" 404 1254
186.84.20.209 - - [04/Dec/2022:19:32:09 -0500] "GET /css/bordes.css HTTP/1.1" 404 1254
186.84.20.209 - - [04/Dec/2022:19:32:09 -0500] "GET /css/textos.css HTTP/1.1" 404 1254
66.249.66.85 - - [04/Dec/2022:19:32:29 -0500] "GET /BLA/resoluciones/AUTOS%202013/2156.pdf HTTP/1.1" 200 667769
66.249.66.87 - - [04/Dec/2022:19:32:32 -0500] "GET /BLA/resoluciones/AUTOS%202017/1237.pdf HTTP/1.1" 200 385292
66.249.66.85 - - [04/Dec/2022:19:32:34 -0500] "GET /Caja%20Herramientas%20PIGA/Doc%20Secretaria%20General/Lineamiento%2015%20Responsabilidad%20Social.pdf HTTP/1.1" 200 952838
66.249.66.85 - - [04/Dec/2022:19:32:37 -0500] "GET /BLA/resoluciones/AUTOS%202015/2051.pdf HTTP/1.1" 200 910357
66.249.66.85 - - [04/Dec/2022:19:32:40 -0500] "GET /BLA/resoluciones/AUTOS%202014/4332.pdf HTTP/1.1" 200 522539
66.249.66.85 - - [04/Dec/2022:19:32:42 -0500] "GET /BLA/resoluciones/AUTOS%202015/1404.pdf HTTP/1.1" 200 245092
66.249.66.85 - - [04/Dec/2022:19:32:44 -0500] "GET /BLA/resoluciones/AUTOS%202014/0938.pdf HTTP/1.1" 200 668353
66.249.66.86 - - [04/Dec/2022:19:32:46 -0500] "GET /BLA/resoluciones/RESOLUCIONES%202016/0109.pdf HTTP/1.1" 200 1298196
114.119.140.136 - - [04/Dec/2022:19:32:58 -0500] "GET /BLA/resoluciones/RESOLUCIONES%202010/5768.pdf HTTP/1.1" 200 79794
172.22.2.4 - - [04/Dec/2022:19:32:21 -0500] "HEAD /BLA/boletinlegal/ HTTP/1.1" 200 -
152.89.196.211 - - [04/Dec/2022:19:34:11 -0500] "GET /?XDEBUG_SESSION_START=phpstorm HTTP/1.1" 200 319
172.22.2.4 - - [04/Dec/2022:19:33:11 -0500] "GET /BLA/boletinlegal/ HTTP/1.1" 200 58185
201.245.192.253 - - [04/Dec/2022:19:34:50 -0500] "POST /kwsrmcab/Wsrmcab  HTTP/1.1" 200 213
216.245.221.92 - - [04/Dec/2022:19:35:44 -0500] "HEAD / HTTP/1.1" 200 -
172.22.2.4 - - [04/Dec/2022:19:34:40 -0500] "GET /BLA/boletinlegal/ HTTP/1.1" 200 61323
191.156.42.80 - - [04/Dec/2022:19:37:14 -0500] "POST /sipse/faces/presentacion/financiero/solicitudProceso/consultarSolicitudProceso.xhtml HTTP/1.1" 200 5209
191.156.42.80 - - [04/Dec/2022:19:37:15 -0500] "POST /sipse/faces/presentacion/financiero/solicitudProceso/consultarSolicitudProceso.xhtml HTTP/1.1" 200 193
191.156.44.140 - - [04/Dec/2022:19:37:17 -0500] "GET /sipse/faces/javax.faces.resource/theme.css?ln=primefaces-sipse HTTP/1.1" 304 -
191.156.44.140 - - [04/Dec/2022:19:37:17 -0500] "GET /sipse/faces/javax.faces.resource/primefaces.css?ln=primefaces&v=4.0 HTTP/1.1" 304 -
191.156.44.140 - - [04/Dec/2022:19:37:17 -0500] "GET /sipse/faces/javax.faces.resource/layout/layout.css?ln=primefaces&v=4.0 HTTP/1.1" 304 -
191.156.44.140 - - [04/Dec/2022:19:37:17 -0500] "GET /sipse/faces/javax.faces.resource/jquery/jquery.js?ln=primefaces&v=4.0 HTTP/1.1" 304 -
191.156.44.140 - - [04/Dec/2022:19:37:17 -0500] "GET /sipse/faces/javax.faces.resource/primefaces.js?ln=primefaces&v=4.0 HTTP/1.1" 304 -
191.156.45.18 - - [04/Dec/2022:19:37:17 -0500] "GET /sipse/faces/javax.faces.resource/jquery/jquery-plugins.js?ln=primefaces&v=4.0 HTTP/1.1" 304 -
191.156.44.140 - - [04/Dec/2022:19:37:17 -0500] "GET /sipse/faces/javax.faces.resource/layout/layout.js?ln=primefaces&v=4.0 HTTP/1.1" 304 -
191.156.42.80 - - [04/Dec/2022:19:37:15 -0500] "GET /sipse/faces/presentacion/financiero/solicitudAnulacion/consultarSolicitudAnulacion.xhtml HTTP/1.1" 200 79841
191.156.44.140 - - [04/Dec/2022:19:37:17 -0500] "GET /sipse/css/imagen/contrasena.png HTTP/1.1" 404 383
191.156.44.140 - - [04/Dec/2022:19:37:17 -0500] "GET /sipse/faces/javax.faces.resource/images/ui-icons_898989_256x240.png?ln=primefaces-aristo HTTP/1.1" 304 -
191.156.44.140 - - [04/Dec/2022:19:37:17 -0500] "GET /sipse/faces/javax.faces.resource/images/ui-bg_flat_0_2d5972_40x100.png?ln=primefaces-aristo HTTP/1.1" 304 -
191.156.44.140 - - [04/Dec/2022:19:37:17 -0500] "POST /sipse/faces/presentacion/financiero/solicitudAnulacion/consultarSolicitudAnulacion.xhtml HTTP/1.1" 200 10728
114.119.145.139 - - [04/Dec/2022:19:37:20 -0500] "GET /BLA/resoluciones/RESOLUCIONES%202010/5534.pdf HTTP/1.1" 200 2801415
191.156.44.140 - - [04/Dec/2022:19:37:21 -0500] "GET /sipse/faces/faces/index.xhtml HTTP/1.1" 200 677
191.156.44.140 - - [04/Dec/2022:19:37:21 -0500] "GET /sipse/faces/javax.faces.resource/theme.css?ln=primefaces-sipse HTTP/1.1" 304 -
191.156.44.140 - - [04/Dec/2022:19:37:21 -0500] "GET /sipse/faces/faces/faces/autenticacion.xhtml HTTP/1.1" 200 12183
191.156.42.80 - - [04/Dec/2022:19:37:21 -0500] "GET /sipse/faces/javax.faces.resource/theme.css?ln=primefaces-sipse HTTP/1.1" 304 -
191.156.45.18 - - [04/Dec/2022:19:37:22 -0500] "GET /sipse/faces/javax.faces.resource/primefaces.css?ln=primefaces&v=4.0 HTTP/1.1" 304 -
191.156.44.140 - - [04/Dec/2022:19:37:22 -0500] "GET /sipse/faces/javax.faces.resource/layout/layout.css?ln=primefaces&v=4.0 HTTP/1.1" 304 -
191.156.44.140 - - [04/Dec/2022:19:37:22 -0500] "GET /sipse/faces/javax.faces.resource/jquery/jquery.js?ln=primefaces&v=4.0 HTTP/1.1" 304 -
191.156.42.80 - - [04/Dec/2022:19:37:22 -0500] "GET /sipse/faces/javax.faces.resource/primefaces.js?ln=primefaces&v=4.0 HTTP/1.1" 304 -
191.156.44.34 - - [04/Dec/2022:19:37:22 -0500] "GET /sipse/faces/javax.faces.resource/jquery/jquery-plugins.js?ln=primefaces&v=4.0 HTTP/1.1" 304 -
191.156.44.140 - - [04/Dec/2022:19:37:22 -0500] "GET /sipse/faces/javax.faces.resource/layout/layout.js?ln=primefaces&v=4.0 HTTP/1.1" 304 -
191.156.44.140 - - [04/Dec/2022:19:37:22 -0500] "GET /sipse/faces/javax.faces.resource/images/ui-icons_898989_256x240.png?ln=primefaces-aristo HTTP/1.1" 304 -
191.156.42.80 - - [04/Dec/2022:19:37:50 -0500] "POST /sipse/faces/autenticacion.xhtml HTTP/1.1" 200 2220
191.156.42.80 - - [04/Dec/2022:19:37:51 -0500] "GET /sipse/faces/javax.faces.resource/messages/messages.png?ln=primefaces&v=4.0 HTTP/1.1" 304 -
191.156.42.80 - - [04/Dec/2022:19:38:04 -0500] "POST /sipse/faces/autenticacion.xhtml HTTP/1.1" 200 16410
191.156.42.80 - - [04/Dec/2022:19:38:04 -0500] "GET /sipse/faces/javax.faces.resource/theme.css?ln=primefaces-sipse HTTP/1.1" 304 -
191.156.40.227 - - [04/Dec/2022:19:38:05 -0500] "GET /sipse/faces/javax.faces.resource/jquery/jquery.js?ln=primefaces&v=4.0 HTTP/1.1" 304 -
191.156.43.174 - - [04/Dec/2022:19:38:05 -0500] "GET /sipse/faces/javax.faces.resource/primefaces.css?ln=primefaces&v=4.0 HTTP/1.1" 304 -
191.156.42.80 - - [04/Dec/2022:19:38:05 -0500] "GET /sipse/faces/javax.faces.resource/layout/layout.css?ln=primefaces&v=4.0 HTTP/1.1" 304 -
191.156.42.80 - - [04/Dec/2022:19:38:05 -0500] "GET /sipse/faces/javax.faces.resource/jquery/jquery-plugins.js?ln=primefaces&v=4.0 HTTP/1.1" 304 -
191.156.42.80 - - [04/Dec/2022:19:38:05 -0500] "GET /sipse/faces/javax.faces.resource/primefaces.js?ln=primefaces&v=4.0 HTTP/1.1" 304 -
191.156.42.80 - - [04/Dec/2022:19:38:06 -0500] "GET /sipse/faces/javax.faces.resource/layout/layout.js?ln=primefaces&v=4.0 HTTP/1.1" 304 -
191.156.41.225 - - [04/Dec/2022:19:38:37 -0500] "POST /sipse/faces/bienvenido.xhtml HTTP/1.1" 200 2073
172.22.2.4 - - [04/Dec/2022:19:38:38 -0500] "GET /BLA/boletinlegal/Circulares/2019/.pdf HTTP/1.1" 404 1218
191.156.41.225 - - [04/Dec/2022:19:38:45 -0500] "POST /sipse/faces/bienvenido.xhtml HTTP/1.1" 200 193
191.156.33.57 - - [04/Dec/2022:19:38:45 -0500] "GET /sipse/faces/javax.faces.resource/theme.css?ln=primefaces-sipse HTTP/1.1" 304 -
191.156.47.9 - - [04/Dec/2022:19:38:46 -0500] "GET /sipse/faces/javax.faces.resource/primefaces.css?ln=primefaces&v=4.0 HTTP/1.1" 304 -
191.156.40.227 - - [04/Dec/2022:19:38:46 -0500] "GET /sipse/faces/javax.faces.resource/layout/layout.css?ln=primefaces&v=4.0 HTTP/1.1" 304 -
191.156.45.18 - - [04/Dec/2022:19:38:46 -0500] "GET /sipse/faces/javax.faces.resource/jquery/jquery.js?ln=primefaces&v=4.0 HTTP/1.1" 304 -
191.156.43.174 - - [04/Dec/2022:19:38:46 -0500] "GET /sipse/faces/javax.faces.resource/jquery/jquery-plugins.js?ln=primefaces&v=4.0 HTTP/1.1" 304 -
191.156.33.57 - - [04/Dec/2022:19:38:46 -0500] "GET /sipse/faces/javax.faces.resource/primefaces.js?ln=primefaces&v=4.0 HTTP/1.1" 304 -
191.156.41.225 - - [04/Dec/2022:19:38:45 -0500] "GET /sipse/faces/presentacion/financiero/solicitudAnulacion/consultarSolicitudAnulacion.xhtml HTTP/1.1" 200 35376
191.156.47.9 - - [04/Dec/2022:19:38:46 -0500] "GET /sipse/faces/javax.faces.resource/layout/layout.js?ln=primefaces&v=4.0 HTTP/1.1" 304 -
191.156.47.9 - - [04/Dec/2022:19:38:46 -0500] "POST /sipse/faces/presentacion/financiero/solicitudAnulacion/consultarSolicitudAnulacion.xhtml HTTP/1.1" 200 10620
172.22.2.4 - - [04/Dec/2022:19:38:47 -0500] "GET /BLA/boletinlegal/Circulares/2012/Circular%20No.%2010%20del%2026%20de%20Enero%20de%202012.pdf HTTP/1.1" 404 1218
191.156.47.9 - - [04/Dec/2022:19:38:55 -0500] "POST /sipse/faces/presentacion/financiero/solicitudAnulacion/consultarSolicitudAnulacion.xhtml HTTP/1.1" 200 14805
114.119.156.30 - - [04/Dec/2022:19:38:57 -0500] "GET /BLA/resoluciones/RESOLUCIONES%202010/5304.pdf HTTP/1.1" 200 749635
191.156.47.9 - - [04/Dec/2022:19:38:59 -0500] "POST /sipse/faces/presentacion/financiero/solicitudAnulacion/consultarSolicitudAnulacion.xhtml HTTP/1.1" 200 14805
191.156.47.9 - - [04/Dec/2022:19:39:09 -0500] "POST /sipse/faces/presentacion/financiero/solicitudAnulacion/consultarSolicitudAnulacion.xhtml HTTP/1.1" 200 14805
191.156.47.9 - - [04/Dec/2022:19:39:12 -0500] "POST /sipse/faces/presentacion/financiero/solicitudAnulacion/consultarSolicitudAnulacion.xhtml HTTP/1.1" 200 4078
191.156.47.9 - - [04/Dec/2022:19:39:14 -0500] "POST /sipse/faces/presentacion/financiero/solicitudAnulacion/consultarSolicitudAnulacion.xhtml HTTP/1.1" 200 184
191.156.47.9 - - [04/Dec/2022:19:39:14 -0500] "GET /sipse/faces/presentacion/financiero/solicitudAnulacion/solicitudAnulacion.xhtml HTTP/1.1" 200 32968
191.156.47.9 - - [04/Dec/2022:19:39:15 -0500] "GET /sipse/faces/javax.faces.resource/primefaces.css?ln=primefaces&v=4.0 HTTP/1.1" 304 -
191.156.47.9 - - [04/Dec/2022:19:39:15 -0500] "GET /sipse/faces/javax.faces.resource/theme.css?ln=primefaces-sipse HTTP/1.1" 304 -
191.156.33.57 - - [04/Dec/2022:19:39:15 -0500] "GET /sipse/faces/javax.faces.resource/layout/layout.css?ln=primefaces&v=4.0 HTTP/1.1" 304 -
191.156.42.80 - - [04/Dec/2022:19:39:15 -0500] "GET /sipse/faces/javax.faces.resource/jquery/jquery.js?ln=primefaces&v=4.0 HTTP/1.1" 304 -
191.156.44.34 - - [04/Dec/2022:19:39:15 -0500] "GET /sipse/faces/javax.faces.resource/jquery/jquery-plugins.js?ln=primefaces&v=4.0 HTTP/1.1" 304 -
191.156.40.186 - - [04/Dec/2022:19:39:15 -0500] "GET /sipse/faces/javax.faces.resource/primefaces.js?ln=primefaces&v=4.0 HTTP/1.1" 304 -
191.156.47.9 - - [04/Dec/2022:19:39:15 -0500] "GET /sipse/faces/javax.faces.resource/layout/layout.js?ln=primefaces&v=4.0 HTTP/1.1" 304 -
191.156.47.9 - - [04/Dec/2022:19:39:15 -0500] "POST /sipse/faces/presentacion/financiero/solicitudAnulacion/solicitudAnulacion.xhtml HTTP/1.1" 200 49301
173.252.79.6 - - [04/Dec/2022:19:39:46 -0500] "GET /images/Musgo%20SDA%20(1)%20(1).png HTTP/1.1" 200 302122
185.119.81.107 - - [04/Dec/2022:19:39:48 -0500] "GET /portaldeninos/wp-login.php HTTP/1.1" 200 2592
191.156.47.9 - - [04/Dec/2022:19:39:49 -0500] "GET /sipse/faces/faces/index.xhtml HTTP/1.1" 200 677
185.119.81.107 - - [04/Dec/2022:19:39:49 -0500] "POST /portaldeninos/wp-login.php HTTP/1.1" 200 3650
191.156.47.9 - - [04/Dec/2022:19:39:49 -0500] "GET /sipse/faces/javax.faces.resource/theme.css?ln=primefaces-sipse HTTP/1.1" 304 -
201.245.192.253 - - [04/Dec/2022:19:39:49 -0500] "POST /kwsrmcab/Wsrmcab  HTTP/1.1" 200 213
172.22.2.4 - - [04/Dec/2022:19:38:11 -0500] "HEAD /BLA/boletinlegal/ HTTP/1.1" 200 -
191.156.44.34 - - [04/Dec/2022:19:39:52 -0500] "GET /sipse/faces/javax.faces.resource/theme.css?ln=primefaces-sipse HTTP/1.1" 304 -
191.156.42.80 - - [04/Dec/2022:19:39:52 -0500] "GET /sipse/faces/javax.faces.resource/primefaces.css?ln=primefaces&v=4.0 HTTP/1.1" 304 -
191.156.39.84 - - [04/Dec/2022:19:39:52 -0500] "GET /sipse/faces/javax.faces.resource/layout/layout.css?ln=primefaces&v=4.0 HTTP/1.1" 304 -
191.156.44.34 - - [04/Dec/2022:19:39:52 -0500] "GET /sipse/faces/javax.faces.resource/jquery/jquery.js?ln=primefaces&v=4.0 HTTP/1.1" 304 -
191.156.45.18 - - [04/Dec/2022:19:39:52 -0500] "GET /sipse/faces/javax.faces.resource/jquery/jquery-plugins.js?ln=primefaces&v=4.0 HTTP/1.1" 304 -
191.156.42.80 - - [04/Dec/2022:19:39:52 -0500] "GET /sipse/faces/javax.faces.resource/layout/layout.js?ln=primefaces&v=4.0 HTTP/1.1" 304 -
191.156.42.80 - - [04/Dec/2022:19:39:52 -0500] "GET /sipse/faces/javax.faces.resource/primefaces.js?ln=primefaces&v=4.0 HTTP/1.1" 304 -
191.156.47.9 - - [04/Dec/2022:19:39:51 -0500] "GET /sipse/faces/faces/faces/autenticacion.xhtml HTTP/1.1" 200 12183
191.156.47.9 - - [04/Dec/2022:19:39:56 -0500] "POST /sipse/faces/autenticacion.xhtml HTTP/1.1" 200 2220
191.156.47.9 - - [04/Dec/2022:19:39:57 -0500] "POST /sipse/faces/autenticacion.xhtml HTTP/1.1" 200 16408
191.156.47.9 - - [04/Dec/2022:19:39:58 -0500] "GET /sipse/faces/javax.faces.resource/theme.css?ln=primefaces-sipse HTTP/1.1" 304 -
191.156.42.80 - - [04/Dec/2022:19:39:58 -0500] "GET /sipse/faces/javax.faces.resource/primefaces.css?ln=primefaces&v=4.0 HTTP/1.1" 304 -
191.156.42.80 - - [04/Dec/2022:19:39:58 -0500] "GET /sipse/faces/javax.faces.resource/layout/layout.css?ln=primefaces&v=4.0 HTTP/1.1" 304 -
191.156.45.18 - - [04/Dec/2022:19:39:58 -0500] "GET /sipse/faces/javax.faces.resource/jquery/jquery.js?ln=primefaces&v=4.0 HTTP/1.1" 304 -
191.156.45.18 - - [04/Dec/2022:19:39:58 -0500] "GET /sipse/faces/javax.faces.resource/jquery/jquery-plugins.js?ln=primefaces&v=4.0 HTTP/1.1" 304 -
191.156.45.18 - - [04/Dec/2022:19:39:58 -0500] "GET /sipse/faces/javax.faces.resource/primefaces.js?ln=primefaces&v=4.0 HTTP/1.1" 304 -
191.156.45.18 - - [04/Dec/2022:19:39:59 -0500] "GET /sipse/faces/javax.faces.resource/layout/layout.js?ln=primefaces&v=4.0 HTTP/1.1" 304 -
191.156.45.18 - - [04/Dec/2022:19:40:02 -0500] "POST /sipse/faces/bienvenido.xhtml HTTP/1.1" 200 2658
191.156.45.18 - - [04/Dec/2022:19:40:05 -0500] "POST /sipse/faces/bienvenido.xhtml HTTP/1.1" 200 2073
191.156.45.18 - - [04/Dec/2022:19:40:06 -0500] "POST /sipse/faces/bienvenido.xhtml HTTP/1.1" 200 40859
191.156.42.80 - - [04/Dec/2022:19:40:07 -0500] "GET /sipse/faces/javax.faces.resource/primefaces.css?ln=primefaces&v=4.0 HTTP/1.1" 304 -
191.156.45.18 - - [04/Dec/2022:19:40:07 -0500] "GET /sipse/faces/javax.faces.resource/theme.css?ln=primefaces-sipse HTTP/1.1" 304 -
191.156.42.80 - - [04/Dec/2022:19:40:07 -0500] "GET /sipse/faces/javax.faces.resource/layout/layout.css?ln=primefaces&v=4.0 HTTP/1.1" 304 -
191.156.47.9 - - [04/Dec/2022:19:40:07 -0500] "GET /sipse/faces/javax.faces.resource/jquery/jquery.js?ln=primefaces&v=4.0 HTTP/1.1" 304 -
191.156.47.9 - - [04/Dec/2022:19:40:09 -0500] "GET /sipse/faces/javax.faces.resource/jquery/jquery-plugins.js?ln=primefaces&v=4.0 HTTP/1.1" 304 -
191.156.47.9 - - [04/Dec/2022:19:40:09 -0500] "GET /sipse/faces/javax.faces.resource/primefaces.js?ln=primefaces&v=4.0 HTTP/1.1" 304 -
191.156.47.9 - - [04/Dec/2022:19:40:09 -0500] "GET /sipse/faces/javax.faces.resource/layout/layout.js?ln=primefaces&v=4.0 HTTP/1.1" 304 -
191.156.47.9 - - [04/Dec/2022:19:40:14 -0500] "POST /sipse/faces/presentacion/financiero/solicitudProceso/consultar.xhtml HTTP/1.1" 200 12864
191.156.47.9 - - [04/Dec/2022:19:40:17 -0500] "POST /sipse/faces/presentacion/financiero/solicitudProceso/consultar.xhtml HTTP/1.1" 200 115302
191.156.47.9 - - [04/Dec/2022:19:40:19 -0500] "GET /sipse/faces/javax.faces.resource/theme.css?ln=primefaces-sipse HTTP/1.1" 304 -
191.156.45.18 - - [04/Dec/2022:19:40:19 -0500] "GET /sipse/faces/javax.faces.resource/primefaces.css?ln=primefaces&v=4.0 HTTP/1.1" 304 -
191.156.42.80 - - [04/Dec/2022:19:40:19 -0500] "GET /sipse/faces/javax.faces.resource/layout/layout.css?ln=primefaces&v=4.0 HTTP/1.1" 304 -
191.156.42.80 - - [04/Dec/2022:19:40:19 -0500] "GET /sipse/faces/javax.faces.resource/jquery/jquery.js?ln=primefaces&v=4.0 HTTP/1.1" 304 -
191.156.42.80 - - [04/Dec/2022:19:40:19 -0500] "GET /sipse/faces/javax.faces.resource/jquery/jquery-plugins.js?ln=primefaces&v=4.0 HTTP/1.1" 304 -
191.156.42.80 - - [04/Dec/2022:19:40:19 -0500] "GET /sipse/faces/javax.faces.resource/primefaces.js?ln=primefaces&v=4.0 HTTP/1.1" 304 -
191.156.42.80 - - [04/Dec/2022:19:40:19 -0500] "GET /sipse/faces/javax.faces.resource/layout/layout.js?ln=primefaces&v=4.0 HTTP/1.1" 304 -
191.156.43.174 - - [04/Dec/2022:19:40:36 -0500] "POST /sipse/faces/presentacion/financiero/solicitudProceso/consultarSolicitudProceso.xhtml HTTP/1.1" 200 43956
191.156.43.174 - - [04/Dec/2022:19:40:38 -0500] "GET /sipse/faces/javax.faces.resource/theme.css?ln=primefaces-sipse HTTP/1.1" 304 -
191.156.39.84 - - [04/Dec/2022:19:40:38 -0500] "GET /sipse/faces/javax.faces.resource/jquery/jquery.js?ln=primefaces&v=4.0 HTTP/1.1" 304 -
191.156.44.34 - - [04/Dec/2022:19:40:38 -0500] "GET /sipse/faces/javax.faces.resource/primefaces.css?ln=primefaces&v=4.0 HTTP/1.1" 304 -
191.156.43.174 - - [04/Dec/2022:19:40:38 -0500] "GET /sipse/faces/javax.faces.resource/layout/layout.css?ln=primefaces&v=4.0 HTTP/1.1" 304 -
191.156.43.174 - - [04/Dec/2022:19:40:38 -0500] "GET /sipse/faces/javax.faces.resource/jquery/jquery-plugins.js?ln=primefaces&v=4.0 HTTP/1.1" 304 -
191.156.43.174 - - [04/Dec/2022:19:40:38 -0500] "GET /sipse/faces/javax.faces.resource/primefaces.js?ln=primefaces&v=4.0 HTTP/1.1" 304 -
191.156.43.174 - - [04/Dec/2022:19:40:38 -0500] "GET /sipse/faces/javax.faces.resource/layout/layout.js?ln=primefaces&v=4.0 HTTP/1.1" 304 -
191.156.43.174 - - [04/Dec/2022:19:40:39 -0500] "POST /sipse/faces/presentacion/financiero/solicitudProceso/consultar.xhtml HTTP/1.1" 200 37234
191.156.43.174 - - [04/Dec/2022:19:40:39 -0500] "POST /sipse/faces/presentacion/financiero/solicitudProceso/consultar.xhtml HTTP/1.1" 200 37234
172.22.2.4 - - [04/Dec/2022:19:39:01 -0500] "GET /BLA/boletinlegal/ HTTP/1.1" 200 57824
191.156.43.174 - - [04/Dec/2022:19:40:43 -0500] "POST /sipse/faces/presentacion/financiero/solicitudProceso/consultar.xhtml HTTP/1.1" 200 12924
216.245.221.92 - - [04/Dec/2022:19:40:44 -0500] "HEAD / HTTP/1.1" 200 -
191.156.43.174 - - [04/Dec/2022:19:40:50 -0500] "POST /sipse/faces/presentacion/financiero/solicitudProceso/consultar.xhtml HTTP/1.1" 200 116094
191.156.39.84 - - [04/Dec/2022:19:40:52 -0500] "GET /sipse/faces/javax.faces.resource/layout/layout.css?ln=primefaces&v=4.0 HTTP/1.1" 304 -
191.156.43.174 - - [04/Dec/2022:19:40:52 -0500] "GET /sipse/faces/javax.faces.resource/theme.css?ln=primefaces-sipse HTTP/1.1" 304 -
191.156.44.34 - - [04/Dec/2022:19:40:52 -0500] "GET /sipse/faces/javax.faces.resource/primefaces.css?ln=primefaces&v=4.0 HTTP/1.1" 304 -
191.156.39.84 - - [04/Dec/2022:19:40:52 -0500] "GET /sipse/faces/javax.faces.resource/jquery/jquery.js?ln=primefaces&v=4.0 HTTP/1.1" 304 -
191.156.39.84 - - [04/Dec/2022:19:40:52 -0500] "GET /sipse/faces/javax.faces.resource/jquery/jquery-plugins.js?ln=primefaces&v=4.0 HTTP/1.1" 304 -
191.156.39.84 - - [04/Dec/2022:19:40:52 -0500] "GET /sipse/faces/javax.faces.resource/primefaces.js?ln=primefaces&v=4.0 HTTP/1.1" 304 -
191.156.39.84 - - [04/Dec/2022:19:40:52 -0500] "GET /sipse/faces/javax.faces.resource/layout/layout.js?ln=primefaces&v=4.0 HTTP/1.1" 304 -
201.245.192.253 - - [04/Dec/2022:19:40:51 -0500] "POST /kwsrmcab/Wsrmcab HTTP/1.1" 200 43130
201.245.192.253 - - [04/Dec/2022:19:40:54 -0500] "POST /kwsrmcab/Wsrmcab HTTP/1.1" 200 42089
114.119.133.191 - - [04/Dec/2022:19:41:26 -0500] "GET /Publicaciones/2020EE209603.pdf HTTP/1.1" 404 228
173.252.95.22 - - [04/Dec/2022:19:42:22 -0500] "GET /calidad-del-aire-consulta-el-borrador-de-decreto-para-la-construccion-de-las-zonas-urbanas-por-un-mejor-aire-zuma.html HTTP/1.1" 206 981
185.119.81.107 - - [04/Dec/2022:19:42:30 -0500] "GET /portaldeninos/wp-login.php HTTP/1.1" 200 2592
185.119.81.107 - - [04/Dec/2022:19:42:31 -0500] "POST /portaldeninos/wp-login.php HTTP/1.1" 200 3670
173.252.107.11 - - [04/Dec/2022:19:43:31 -0500] "GET /images/cr%C3%B3nica-29-nov-1_optimized.jpeg HTTP/1.1" 404 1034
31.13.127.118 - - [04/Dec/2022:19:44:17 -0500] "GET /premio-nobel-de-economia-conocio-programa-de-microsensores-de-calidad-del-aire-en-colegios-publicos-de-bogota.html HTTP/1.1" 206 858
114.119.152.147 - - [04/Dec/2022:19:44:47 -0500] "GET /BLA/resoluciones/RESOLUCIONES%202018/2678.pdf HTTP/1.1" 200 282806
201.245.192.253 - - [04/Dec/2022:19:44:48 -0500] "POST /kwsrmcab/Wsrmcab  HTTP/1.1" 200 213
172.22.2.4 - - [04/Dec/2022:19:44:01 -0500] "HEAD /BLA/boletinlegal/ HTTP/1.1" 200 -
216.245.221.92 - - [04/Dec/2022:19:45:53 -0500] "HEAD / HTTP/1.1" 200 -
172.22.2.4 - - [04/Dec/2022:19:44:51 -0500] "GET /BLA/boletinlegal/ HTTP/1.1" 200 52079
114.119.132.105 - - [04/Dec/2022:19:47:14 -0500] "GET /BLA/resoluciones/RESOLUCIONES%202010/7684.pdf HTTP/1.1" 200 271507
191.156.45.18 - - [04/Dec/2022:19:48:03 -0500] "POST /sipse/faces/presentacion/financiero/solicitudProceso/consultarSolicitudProceso.xhtml HTTP/1.1" 200 67030
191.156.45.18 - - [04/Dec/2022:19:48:06 -0500] "GET /sipse/faces/javax.faces.resource/theme.css?ln=primefaces-sipse HTTP/1.1" 304 -
191.156.47.9 - - [04/Dec/2022:19:48:06 -0500] "GET /sipse/faces/javax.faces.resource/jquery/jquery.js?ln=primefaces&v=4.0 HTTP/1.1" 304 -
191.156.40.186 - - [04/Dec/2022:19:48:06 -0500] "GET /sipse/faces/javax.faces.resource/layout/layout.css?ln=primefaces&v=4.0 HTTP/1.1" 304 -
191.156.40.227 - - [04/Dec/2022:19:48:06 -0500] "GET /sipse/faces/javax.faces.resource/primefaces.css?ln=primefaces&v=4.0 HTTP/1.1" 304 -
191.156.45.18 - - [04/Dec/2022:19:48:06 -0500] "GET /sipse/css/imagen/contrasena.png HTTP/1.1" 404 383
191.156.40.227 - - [04/Dec/2022:19:48:06 -0500] "GET /sipse/faces/javax.faces.resource/jquery/jquery-plugins.js?ln=primefaces&v=4.0 HTTP/1.1" 304 -
191.156.40.227 - - [04/Dec/2022:19:48:06 -0500] "GET /sipse/faces/javax.faces.resource/primefaces.js?ln=primefaces&v=4.0 HTTP/1.1" 304 -
191.156.40.227 - - [04/Dec/2022:19:48:07 -0500] "GET /sipse/faces/javax.faces.resource/layout/layout.js?ln=primefaces&v=4.0 HTTP/1.1" 304 -
191.156.45.18 - - [04/Dec/2022:19:48:07 -0500] "GET /sipse/faces/javax.faces.resource/images/ui-icons_898989_256x240.png?ln=primefaces-aristo HTTP/1.1" 304 -
191.156.40.227 - - [04/Dec/2022:19:48:07 -0500] "POST /sipse/faces/presentacion/financiero/solicitudProceso/listarSolicitudProceso.xhtml HTTP/1.1" 200 60282
191.156.40.227 - - [04/Dec/2022:19:48:08 -0500] "GET /sipse/faces/javax.faces.resource/images/ui-bg_flat_0_2d5972_40x100.png?ln=primefaces-aristo HTTP/1.1" 304 -
191.156.45.18 - - [04/Dec/2022:19:48:08 -0500] "POST /sipse/faces/presentacion/financiero/solicitudProceso/listarSolicitudProceso.xhtml HTTP/1.1" 200 60282
191.156.45.18 - - [04/Dec/2022:19:48:09 -0500] "POST /sipse/faces/presentacion/financiero/solicitudProceso/listarSolicitudProceso.xhtml HTTP/1.1" 200 60282
191.156.45.18 - - [04/Dec/2022:19:48:10 -0500] "POST /sipse/faces/presentacion/financiero/solicitudProceso/listarSolicitudProceso.xhtml HTTP/1.1" 200 60282
191.156.45.18 - - [04/Dec/2022:19:48:12 -0500] "POST /sipse/faces/presentacion/financiero/solicitudProceso/listarSolicitudProceso.xhtml HTTP/1.1" 200 1560
191.156.45.18 - - [04/Dec/2022:19:48:14 -0500] "POST /sipse/faces/presentacion/financiero/solicitudProceso/listarSolicitudProceso.xhtml HTTP/1.1" 200 1552
191.156.45.18 - - [04/Dec/2022:19:48:15 -0500] "POST /sipse/faces/presentacion/financiero/solicitudProceso/listarSolicitudProceso.xhtml HTTP/1.1" 200 1564
191.156.45.18 - - [04/Dec/2022:19:48:17 -0500] "POST /sipse/faces/presentacion/financiero/solicitudProceso/listarSolicitudProceso.xhtml HTTP/1.1" 200 1552
191.156.45.18 - - [04/Dec/2022:19:48:19 -0500] "POST /sipse/faces/presentacion/financiero/solicitudProceso/listarSolicitudProceso.xhtml HTTP/1.1" 200 1564
191.156.43.174 - - [04/Dec/2022:19:48:47 -0500] "POST /sipse/faces/presentacion/financiero/solicitudProceso/listarSolicitudProceso.xhtml HTTP/1.1" 200 39935
191.156.43.174 - - [04/Dec/2022:19:48:49 -0500] "POST /sipse/faces/presentacion/financiero/solicitudProceso/listarSolicitudProceso.xhtml HTTP/1.1" 200 39931
191.156.43.174 - - [04/Dec/2022:19:48:51 -0500] "POST /sipse/faces/presentacion/financiero/solicitudProceso/listarSolicitudProceso.xhtml HTTP/1.1" 200 40083
185.119.81.102 - - [04/Dec/2022:19:48:51 -0500] "GET /portaldeninos/wp-login.php HTTP/1.1" 200 2592
185.119.81.102 - - [04/Dec/2022:19:48:52 -0500] "POST /portaldeninos/wp-login.php HTTP/1.1" 200 3670
191.156.43.174 - - [04/Dec/2022:19:48:52 -0500] "POST /sipse/faces/presentacion/financiero/solicitudProceso/listarSolicitudProceso.xhtml HTTP/1.1" 200 40083
191.156.43.174 - - [04/Dec/2022:19:48:55 -0500] "POST /sipse/faces/presentacion/financiero/solicitudProceso/listarSolicitudProceso.xhtml HTTP/1.1" 200 13666
191.156.43.174 - - [04/Dec/2022:19:48:58 -0500] "POST /sipse/faces/presentacion/financiero/solicitudProceso/listarSolicitudProceso.xhtml HTTP/1.1" 200 140120
191.156.43.174 - - [04/Dec/2022:19:48:59 -0500] "GET /sipse/faces/javax.faces.resource/theme.css?ln=primefaces-sipse HTTP/1.1" 304 -
191.156.44.34 - - [04/Dec/2022:19:49:00 -0500] "GET /sipse/faces/javax.faces.resource/jquery/jquery.js?ln=primefaces&v=4.0 HTTP/1.1" 304 -
191.156.41.225 - - [04/Dec/2022:19:49:00 -0500] "GET /sipse/faces/javax.faces.resource/primefaces.css?ln=primefaces&v=4.0 HTTP/1.1" 304 -
191.156.40.186 - - [04/Dec/2022:19:49:00 -0500] "GET /sipse/faces/javax.faces.resource/layout/layout.css?ln=primefaces&v=4.0 HTTP/1.1" 304 -
191.156.40.186 - - [04/Dec/2022:19:49:00 -0500] "GET /sipse/faces/javax.faces.resource/jquery/jquery-plugins.js?ln=primefaces&v=4.0 HTTP/1.1" 304 -
191.156.40.186 - - [04/Dec/2022:19:49:00 -0500] "GET /sipse/faces/javax.faces.resource/primefaces.js?ln=primefaces&v=4.0 HTTP/1.1" 304 -
191.156.40.186 - - [04/Dec/2022:19:49:01 -0500] "GET /sipse/faces/javax.faces.resource/layout/layout.js?ln=primefaces&v=4.0 HTTP/1.1" 304 -
201.245.192.253 - - [04/Dec/2022:19:49:46 -0500] "POST /kwsrmcab/Wsrmcab  HTTP/1.1" 200 213
216.245.221.92 - - [04/Dec/2022:19:50:44 -0500] "HEAD / HTTP/1.1" 200 -
172.22.2.4 - - [04/Dec/2022:19:49:51 -0500] "HEAD /BLA/boletinlegal/ HTTP/1.1" 200 -
114.119.144.17 - - [04/Dec/2022:19:52:10 -0500] "GET /BLA/resoluciones/RESOLUCIONES%202010/6400.pdf HTTP/1.1" 200 527674
172.22.2.4 - - [04/Dec/2022:19:50:41 -0500] "GET /BLA/boletinlegal/ HTTP/1.1" 200 57824
201.245.192.253 - - [04/Dec/2022:19:54:45 -0500] "POST /kwsrmcab/Wsrmcab  HTTP/1.1" 200 213
71.6.232.24 - - [04/Dec/2022:19:55:07 -0500] "GET / HTTP/1.1" 200 319
216.245.221.92 - - [04/Dec/2022:19:55:44 -0500] "HEAD / HTTP/1.1" 200 -
173.252.95.116 - - [04/Dec/2022:19:56:30 -0500] "GET /images/cr\xc3\xb3nica-29-nov-1_optimized.jpeg HTTP/1.1" 404 1034
69.63.184.112 - - [04/Dec/2022:19:56:38 -0500] "GET /images/Entrenubes%201%20(1)%20(1).jpeg HTTP/1.1" 200 70096
114.119.147.73 - - [04/Dec/2022:19:56:55 -0500] "GET /BLA/resoluciones/RESOLUCIONES%202010/4923.pdf HTTP/1.1" 200 757063
172.22.2.4 - - [04/Dec/2022:19:55:41 -0500] "HEAD /BLA/boletinlegal/ HTTP/1.1" 200 -
172.22.2.4 - - [04/Dec/2022:19:56:31 -0500] "GET /BLA/boletinlegal/ HTTP/1.1" 200 52453
31.13.103.119 - - [04/Dec/2022:19:58:34 -0500] "GET /images/cr\xc3\xb3nica-29-nov-1_optimized.jpeg HTTP/1.1" 404 1034
201.245.192.253 - - [04/Dec/2022:19:59:44 -0500] "POST /kwsrmcab/Wsrmcab  HTTP/1.1" 200 213
114.119.142.204 - - [04/Dec/2022:20:00:02 -0500] "GET /BLA/resoluciones/index.php?dir=Notificaciones/AUTOS%2B2016/&sort=size&order=asc HTTP/1.1" 200 13341
173.252.127.19 - - [04/Dec/2022:20:00:21 -0500] "GET /images/Entrenubes%201%20(1)%20(1).jpeg HTTP/1.1" 200 70096
216.245.221.92 - - [04/Dec/2022:20:00:44 -0500] "HEAD / HTTP/1.1" 200 -
172.22.2.4 - - [04/Dec/2022:19:59:11 -0500] "GET /BLA/boletinlegal/ HTTP/1.1" 200 62423
114.119.129.218 - - [04/Dec/2022:20:01:10 -0500] "GET /BLA/resoluciones/RESOLUCIONES%202010/7795.pdf HTTP/1.1" 200 1162469
66.249.66.86 - - [04/Dec/2022:20:02:30 -0500] "GET /BLA/resoluciones/RESOLUCIONES%202007/RES%202007%203001%20AL%203100/RESOLUCION%203089%20DE%202007.pdf HTTP/1.1" 200 522607
66.249.66.86 - - [04/Dec/2022:20:02:32 -0500] "GET /BLA/resoluciones/AUTOS%202014/0882.pdf HTTP/1.1" 200 572876
66.249.66.86 - - [04/Dec/2022:20:02:34 -0500] "GET /BLA/resoluciones/AUTOS%202014/3757.pdf HTTP/1.1" 200 487267
66.249.66.86 - - [04/Dec/2022:20:02:35 -0500] "GET /Publicaciones/2022EE296614.pdf HTTP/1.1" 404 228
66.249.66.85 - - [04/Dec/2022:20:02:36 -0500] "GET /BLA/boletinlegal/Circulares/2011/Circular%20No.%205%20del%2014%20de%20Julio%20de%202011.pdf HTTP/1.1" 200 1488992
66.249.66.85 - - [04/Dec/2022:20:02:37 -0500] "GET /POT-2013/Cartografia/31_TRATAMIENTO_DE_CONSERVACION.pdf HTTP/1.1" 200 3564866
66.249.66.86 - - [04/Dec/2022:20:02:38 -0500] "GET /BLA/resoluciones/AUTOS%202014/6856.pdf HTTP/1.1" 200 882037
66.249.66.88 - - [04/Dec/2022:20:02:40 -0500] "GET /BLA/resoluciones/RESOLUCIONES%202011/5749.pdf HTTP/1.1" 200 745194
66.249.66.87 - - [04/Dec/2022:20:02:41 -0500] "GET /BLA/resoluciones/RESOLUCIONES%202010/0780.pdf HTTP/1.1" 200 104050
66.249.66.88 - - [04/Dec/2022:20:02:43 -0500] "GET /BLA/resoluciones/RESOLUCIONES%202008/3297.pdf HTTP/1.1" 200 246153
66.249.66.90 - - [04/Dec/2022:20:02:44 -0500] "GET /BLA/resoluciones/AUTOS%202014/2070.pdf HTTP/1.1" 200 809658
66.249.66.89 - - [04/Dec/2022:20:02:45 -0500] "GET /BLA/resoluciones/RESOLUCIONES%202017/2778.pdf HTTP/1.1" 200 286432
66.249.66.87 - - [04/Dec/2022:20:02:47 -0500] "GET /Publicaciones/2022EE285010.pdf HTTP/1.1" 404 228
179.19.63.44 - - [04/Dec/2022:20:02:52 -0500] "GET /BLA/resoluciones/AUTOS%202014/3300.pdf HTTP/1.1" 200 433123
172.22.2.4 - - [04/Dec/2022:20:01:31 -0500] "HEAD /BLA/boletinlegal/ HTTP/1.1" 200 -
179.33.130.182 - - [04/Dec/2022:20:03:34 -0500] "GET /a HTTP/1.1" 404 1120
179.33.130.182 - - [04/Dec/2022:20:03:35 -0500] "GET /favicon.ico HTTP/1.1" 200 7782
172.22.2.4 - - [04/Dec/2022:20:02:21 -0500] "GET /BLA/boletinlegal/ HTTP/1.1" 200 57192
179.33.130.182 - - [04/Dec/2022:20:04:24 -0500] "GET /appsia/controlador HTTP/1.1" 200 4799
179.33.130.182 - - [04/Dec/2022:20:04:24 -0500] "GET /appsia/css/estilos.css HTTP/1.1" 200 4804
179.33.130.182 - - [04/Dec/2022:20:04:24 -0500] "GET /appsia/scripts/validarIngreso.js HTTP/1.1" 200 851
179.33.130.182 - - [04/Dec/2022:20:04:24 -0500] "GET /appsia/images/cabezoteHojaVida.png HTTP/1.1" 200 32493
179.33.130.182 - - [04/Dec/2022:20:04:24 -0500] "GET /appsia/images/logo_bogota_p.png HTTP/1.1" 200 14951
201.245.192.253 - - [04/Dec/2022:20:04:43 -0500] "POST /kwsrmcab/Wsrmcab  HTTP/1.1" 200 213
179.33.130.182 - - [04/Dec/2022:20:04:51 -0500] "POST /appsia/controlador HTTP/1.1" 200 5437
191.102.224.199 - - [04/Dec/2022:20:04:58 -0500] "GET /appsia/controlador HTTP/1.1" 200 4799
191.102.224.199 - - [04/Dec/2022:20:04:59 -0500] "GET /appsia/css/estilos.css HTTP/1.1" 200 4804
191.102.224.199 - - [04/Dec/2022:20:04:59 -0500] "GET /appsia/scripts/validarIngreso.js HTTP/1.1" 200 851
191.102.224.199 - - [04/Dec/2022:20:04:59 -0500] "GET /appsia/images/logo_bogota_p.png HTTP/1.1" 200 14951
179.33.130.182 - - [04/Dec/2022:20:05:02 -0500] "POST /appsia/controlador HTTP/1.1" 200 7730
179.33.130.182 - - [04/Dec/2022:20:05:02 -0500] "GET /appsia/images/logo_escudo.png HTTP/1.1" 200 36965
216.245.221.92 - - [04/Dec/2022:20:05:44 -0500] "HEAD / HTTP/1.1" 200 -
152.89.196.211 - - [04/Dec/2022:20:05:51 -0500] "GET /console/ HTTP/1.1" 404 1018
207.46.13.174 - - [04/Dec/2022:20:07:13 -0500] "GET /BLA/resoluciones/index.php?dir=RESOLUCIONES+2019%2F HTTP/1.1" 200 249154
172.22.2.4 - - [04/Dec/2022:20:05:44 -0500] "GET /BLA/boletinlegal/ HTTP/1.1" 200 61905
173.252.111.9 - - [04/Dec/2022:20:07:56 -0500] "GET /secretaria-de-ambiente-rescata-perezoso-y-lo-traslada-al-departamento-de-antioquia-para-su-rehabilitacion.html HTTP/1.1" 206 1059
114.119.135.195 - - [04/Dec/2022:20:08:26 -0500] "GET /BLA/resoluciones/RESOLUCIONES%202010/6776.pdf HTTP/1.1" 200 161977
172.22.2.4 - - [04/Dec/2022:20:07:21 -0500] "HEAD /BLA/boletinlegal/ HTTP/1.1" 200 -
186.80.174.201 - - [04/Dec/2022:20:09:09 -0500] "GET /sipse/faces/faces/autenticacion.xhtml HTTP/1.1" 200 12496
186.80.174.201 - - [04/Dec/2022:20:09:09 -0500] "GET /sipse/css/custom_css_sg.css HTTP/1.1" 200 9694
186.80.174.201 - - [04/Dec/2022:20:09:09 -0500] "GET /sipse/css/custom_css_sg_prime_login.css HTTP/1.1" 200 443
186.80.174.201 - - [04/Dec/2022:20:09:09 -0500] "GET /sipse/faces/javax.faces.resource/theme.css?ln=primefaces-sipse HTTP/1.1" 200 50058
186.80.174.201 - - [04/Dec/2022:20:09:10 -0500] "GET /sipse/faces/javax.faces.resource/layout/layout.css;jsessionid=9DNTsko9fBZLBbb1LM9WlYjG.undefined?ln=primefaces&v=4.0 HTTP/1.1" 200 542
186.80.174.201 - - [04/Dec/2022:20:09:10 -0500] "GET /sipse/faces/javax.faces.resource/primefaces.css;jsessionid=9DNTsko9fBZLBbb1LM9WlYjG.undefined?ln=primefaces&v=4.0 HTTP/1.1" 200 53295
186.80.174.201 - - [04/Dec/2022:20:09:10 -0500] "GET /sipse/js/disable_browser_buttons.js HTTP/1.1" 304 -
186.80.174.201 - - [04/Dec/2022:20:09:10 -0500] "GET /sipse/js/funciones.js HTTP/1.1" 304 -
186.80.174.201 - - [04/Dec/2022:20:09:10 -0500] "GET /sipse/faces/javax.faces.resource/jquery/jquery.js;jsessionid=9DNTsko9fBZLBbb1LM9WlYjG.undefined?ln=primefaces&v=4.0 HTTP/1.1" 200 105384
186.80.174.201 - - [04/Dec/2022:20:09:10 -0500] "GET /sipse/faces/javax.faces.resource/layout/layout.js;jsessionid=9DNTsko9fBZLBbb1LM9WlYjG.undefined?ln=primefaces&v=4.0 HTTP/1.1" 200 87560
186.80.174.201 - - [04/Dec/2022:20:09:10 -0500] "GET /sipse/faces/javax.faces.resource/jquery/jquery-plugins.js;jsessionid=9DNTsko9fBZLBbb1LM9WlYjG.undefined?ln=primefaces&v=4.0 HTTP/1.1" 200 220526
186.80.174.201 - - [04/Dec/2022:20:09:10 -0500] "GET /sipse/faces/javax.faces.resource/primefaces.js;jsessionid=9DNTsko9fBZLBbb1LM9WlYjG.undefined?ln=primefaces&v=4.0 HTTP/1.1" 200 276924
186.80.174.201 - - [04/Dec/2022:20:09:11 -0500] "GET /sipse/faces/javax.faces.resource/images/ui-icons_898989_256x240.png?ln=primefaces-aristo HTTP/1.1" 200 5355
186.80.174.201 - - [04/Dec/2022:20:09:11 -0500] "GET /sipse/css/imagen/logoSDG.png HTTP/1.1" 200 53064
186.80.174.201 - - [04/Dec/2022:20:09:11 -0500] "GET /sipse/css/imagen/loginimg.png HTTP/1.1" 200 71635
186.80.174.201 - - [04/Dec/2022:20:09:12 -0500] "GET /favicon.ico HTTP/1.1" 200 7782
186.80.174.201 - - [04/Dec/2022:20:09:12 -0500] "GET /sipse/faces/faces/index.xhtml HTTP/1.1" 200 677
186.80.174.201 - - [04/Dec/2022:20:09:12 -0500] "GET /sipse/faces/javax.faces.resource/theme.css?ln=primefaces-sipse HTTP/1.1" 304 -
186.80.174.201 - - [04/Dec/2022:20:09:12 -0500] "GET /sipse/faces/faces/faces/autenticacion.xhtml HTTP/1.1" 200 12174
186.80.174.201 - - [04/Dec/2022:20:09:13 -0500] "GET /sipse/faces/javax.faces.resource/theme.css?ln=primefaces-sipse HTTP/1.1" 304 -
186.80.174.201 - - [04/Dec/2022:20:09:13 -0500] "GET /sipse/faces/javax.faces.resource/layout/layout.css?ln=primefaces&v=4.0 HTTP/1.1" 200 542
186.80.174.201 - - [04/Dec/2022:20:09:13 -0500] "GET /sipse/faces/javax.faces.resource/primefaces.css?ln=primefaces&v=4.0 HTTP/1.1" 200 53295
186.80.174.201 - - [04/Dec/2022:20:09:13 -0500] "GET /sipse/faces/javax.faces.resource/jquery/jquery.js?ln=primefaces&v=4.0 HTTP/1.1" 304 -
186.80.174.201 - - [04/Dec/2022:20:09:13 -0500] "GET /sipse/faces/javax.faces.resource/jquery/jquery-plugins.js?ln=primefaces&v=4.0 HTTP/1.1" 304 -
186.80.174.201 - - [04/Dec/2022:20:09:13 -0500] "GET /sipse/faces/javax.faces.resource/primefaces.js?ln=primefaces&v=4.0 HTTP/1.1" 304 -
186.80.174.201 - - [04/Dec/2022:20:09:13 -0500] "GET /sipse/faces/javax.faces.resource/layout/layout.js?ln=primefaces&v=4.0 HTTP/1.1" 304 -
186.80.174.201 - - [04/Dec/2022:20:09:14 -0500] "GET /sipse/faces/javax.faces.resource/images/ui-icons_898989_256x240.png?ln=primefaces-aristo HTTP/1.1" 304 -
186.80.174.201 - - [04/Dec/2022:20:09:17 -0500] "POST /sipse/faces/autenticacion.xhtml HTTP/1.1" 200 2219
186.80.174.201 - - [04/Dec/2022:20:09:17 -0500] "GET /sipse/faces/javax.faces.resource/messages/messages.png?ln=primefaces&v=4.0 HTTP/1.1" 200 27209
186.80.174.201 - - [04/Dec/2022:20:09:18 -0500] "POST /sipse/faces/autenticacion.xhtml HTTP/1.1" 200 16365
186.80.174.201 - - [04/Dec/2022:20:09:18 -0500] "GET /sipse/css/custom_css_sg_prime.css HTTP/1.1" 200 5201
186.80.174.201 - - [04/Dec/2022:20:09:18 -0500] "GET /sipse/js/jquery.min.js HTTP/1.1" 304 -
186.80.174.201 - - [04/Dec/2022:20:09:19 -0500] "GET /sipse/faces/javax.faces.resource/jquery/jquery.js?ln=primefaces&v=4.0 HTTP/1.1" 304 -
186.80.174.201 - - [04/Dec/2022:20:09:19 -0500] "GET /sipse/faces/javax.faces.resource/jquery/jquery-plugins.js?ln=primefaces&v=4.0 HTTP/1.1" 304 -
186.80.174.201 - - [04/Dec/2022:20:09:19 -0500] "GET /sipse/faces/javax.faces.resource/primefaces.js?ln=primefaces&v=4.0 HTTP/1.1" 304 -
186.80.174.201 - - [04/Dec/2022:20:09:19 -0500] "GET /sipse/faces/javax.faces.resource/layout/layout.js?ln=primefaces&v=4.0 HTTP/1.1" 304 -
186.80.174.201 - - [04/Dec/2022:20:09:19 -0500] "GET /sipse/css/imagen/contrasena.png HTTP/1.1" 404 383
186.80.174.201 - - [04/Dec/2022:20:09:19 -0500] "GET /sipse/imagenes/cargando.gif HTTP/1.1" 200 36959
186.80.174.201 - - [04/Dec/2022:20:09:19 -0500] "GET /sipse/imagenes/logoAplicacion.jpg HTTP/1.1" 200 155084
186.80.174.201 - - [04/Dec/2022:20:09:21 -0500] "GET /sipse/faces/javax.faces.resource/images/ui-bg_flat_0_2d5972_40x100.png?ln=primefaces-aristo HTTP/1.1" 200 183
186.80.174.201 - - [04/Dec/2022:20:09:21 -0500] "POST /sipse/faces/bienvenido.xhtml HTTP/1.1" 200 2658
186.80.174.201 - - [04/Dec/2022:20:09:22 -0500] "POST /sipse/faces/bienvenido.xhtml HTTP/1.1" 200 65846
186.80.174.201 - - [04/Dec/2022:20:09:25 -0500] "GET /sipse/faces/javax.faces.resource/jquery/jquery.js?ln=primefaces&v=4.0 HTTP/1.1" 304 -
186.80.174.201 - - [04/Dec/2022:20:09:25 -0500] "GET /sipse/faces/javax.faces.resource/jquery/jquery-plugins.js?ln=primefaces&v=4.0 HTTP/1.1" 304 -
186.80.174.201 - - [04/Dec/2022:20:09:26 -0500] "GET /sipse/faces/javax.faces.resource/primefaces.js?ln=primefaces&v=4.0 HTTP/1.1" 304 -
186.80.174.201 - - [04/Dec/2022:20:09:26 -0500] "GET /sipse/faces/javax.faces.resource/layout/layout.js?ln=primefaces&v=4.0 HTTP/1.1" 304 -
186.80.174.201 - - [04/Dec/2022:20:09:27 -0500] "POST /sipse/faces/presentacion/financiero/solicitudProceso/listarSolicitudProceso.xhtml HTTP/1.1" 200 1560
173.252.79.6 - - [04/Dec/2022:20:09:33 -0500] "GET /images/cr\xc3\xb3nica-29-nov-1_optimized.jpeg HTTP/1.1" 404 1034
185.119.81.99 - - [04/Dec/2022:20:09:39 -0500] "GET /portaldeninos/wp-login.php HTTP/1.1" 200 2592
185.119.81.99 - - [04/Dec/2022:20:09:40 -0500] "POST /portaldeninos/wp-login.php HTTP/1.1" 200 3670
186.80.174.201 - - [04/Dec/2022:20:09:42 -0500] "POST /sipse/faces/presentacion/financiero/solicitudProceso/listarSolicitudProceso.xhtml HTTP/1.1" 200 34778
186.80.174.201 - - [04/Dec/2022:20:09:43 -0500] "POST /sipse/faces/presentacion/financiero/solicitudProceso/listarSolicitudProceso.xhtml HTTP/1.1" 200 34778
201.245.192.253 - - [04/Dec/2022:20:09:42 -0500] "POST /kwsrmcab/Wsrmcab  HTTP/1.1" 200 213
186.80.174.201 - - [04/Dec/2022:20:09:46 -0500] "POST /sipse/faces/presentacion/financiero/solicitudProceso/listarSolicitudProceso.xhtml HTTP/1.1" 200 34777
186.80.174.201 - - [04/Dec/2022:20:09:49 -0500] "POST /sipse/faces/presentacion/financiero/solicitudProceso/listarSolicitudProceso.xhtml HTTP/1.1" 200 19202
186.80.174.201 - - [04/Dec/2022:20:09:51 -0500] "POST /sipse/faces/presentacion/financiero/solicitudProceso/listarSolicitudProceso.xhtml HTTP/1.1" 200 19198
172.22.2.4 - - [04/Dec/2022:20:08:11 -0500] "GET /BLA/boletinlegal/ HTTP/1.1" 200 59404
