172.22.2.4 - - [04/Dec/2022:09:44:17 -0500] "GET /BLA/boletinlegal/consulta_actos.php?tipo=autos&no=&usuario=&sector=VERTIMIENTOS&fecha=2020&resuelve=Edificio HTTP/1.1" 200 626
172.22.2.4 - - [04/Dec/2022:09:44:19 -0500] "GET /BLA/boletinlegal/consulta_actos.php?tipo=autos&no=&usuario=&sector=VERTIMIENTOS&fecha=2020&resuelve=Edificio HTTP/1.1" 200 626
172.22.2.4 - - [04/Dec/2022:09:44:29 -0500] "GET /BLA/boletinlegal/consulta_actos.php?tipo=autos&no=&usuario=&sector=VERTIMIENTOS&fecha=2020&resuelve=Disan HTTP/1.1" 200 626
172.22.2.4 - - [04/Dec/2022:09:44:40 -0500] "GET /BLA/boletinlegal/consulta_actos.php?tipo=autos&no=&usuario=&sector=VERTIMIENTOS&fecha=2021&resuelve=Disan HTTP/1.1" 200 626
172.22.2.4 - - [04/Dec/2022:09:44:43 -0500] "GET /BLA/boletinlegal/consulta_actos.php?tipo=autos&no=&usuario=&sector=VERTIMIENTOS&fecha=2021&resuelve=Disan HTTP/1.1" 200 626
172.22.2.4 - - [04/Dec/2022:09:43:10 -0500] "HEAD /BLA/boletinlegal/ HTTP/1.1" 200 -
172.22.2.4 - - [04/Dec/2022:09:44:53 -0500] "GET /BLA/boletinlegal/consulta_actos.php?tipo=autos&no=&usuario=&sector=VERTIMIENTOS&fecha=2021&resuelve=Sanidad HTTP/1.1" 200 626
172.22.2.4 - - [04/Dec/2022:09:45:04 -0500] "GET /BLA/boletinlegal/consulta_actos.php?tipo=autos&no=&usuario=&sector=VERTIMIENTOS&fecha=2020&resuelve=Sanidad HTTP/1.1" 200 626
185.119.81.99 - - [04/Dec/2022:09:45:16 -0500] "GET /portaldeninos/wp-login.php HTTP/1.1" 200 2592
185.119.81.99 - - [04/Dec/2022:09:45:17 -0500] "POST /portaldeninos/wp-login.php HTTP/1.1" 200 3605
172.22.2.4 - - [04/Dec/2022:09:45:20 -0500] "GET /BLA/boletinlegal/consulta_actos.php?tipo=autos&no=&usuario=&sector=VERTIMIENTOS&fecha=2021&resuelve= HTTP/1.1" 200 269241
114.119.149.254 - - [04/Dec/2022:09:45:35 -0500] "GET /BLA/resoluciones/index.php?dir=Notificaciones/AUTOS%2B2022/&sort=size&order=asc HTTP/1.1" 200 13341
172.22.2.4 - - [04/Dec/2022:09:44:00 -0500] "GET /BLA/boletinlegal/ HTTP/1.1" 200 57192
216.245.221.92 - - [04/Dec/2022:09:45:45 -0500] "HEAD / HTTP/1.1" 200 -
201.245.192.253 - - [04/Dec/2022:09:46:56 -0500] "POST /kwsrmcab/Wsrmcab  HTTP/1.1" 502 1155
172.22.2.4 - - [04/Dec/2022:09:48:11 -0500] "GET /BLA/boletinlegal/Directivas/2011/Directiva%20No.%2011%20del%2027%20de%20Diciembre%20de%202011.pdf HTTP/1.1" 304 -
172.22.2.4 - - [04/Dec/2022:09:48:14 -0500] "GET /BLA/boletinlegal/consulta_actos.php?tipo=autos&no=&usuario=&sector=VERTIMIENTOS&fecha=2020&resuelve= HTTP/1.1" 200 135372
27.115.124.70 - - [04/Dec/2022:09:48:30 -0500] "GET / HTTP/1.1" 200 319
180.163.220.3 - - [04/Dec/2022:09:48:49 -0500] "GET /galeria/galeria/jquery.fancybox.css?v=2.1.5 HTTP/1.1" 200 4895
180.163.220.4 - - [04/Dec/2022:09:48:50 -0500] "GET /galeria/carrusel/Carrusel/jquery.thumbnailScroller.css HTTP/1.1" 200 2066
180.163.220.4 - - [04/Dec/2022:09:48:50 -0500] "GET /BLA/boletinlegal/js/jquery.scrollShow.js HTTP/1.1" 200 4586
180.163.220.67 - - [04/Dec/2022:09:48:50 -0500] "GET /galeria/galeria/jquery.fancybox.js?v=2.1.5 HTTP/1.1" 200 48706
180.163.220.4 - - [04/Dec/2022:09:48:50 -0500] "GET /galeria/carrusel/Carrusel/jquery-ui-1.8.13.custom.min.js HTTP/1.1" 200 10800
180.163.220.3 - - [04/Dec/2022:09:48:50 -0500] "GET /galeria/carrusel/Carrusel/jquery.thumbnailScroller.js HTTP/1.1" 200 8157
172.22.2.4 - - [04/Dec/2022:09:48:51 -0500] "GET /BLA/boletinlegal/consulta_actos.php?tipo=autos&no=&usuario=&sector=VERTIMIENTOS&fecha=2020&resuelve=Seguridad%20social HTTP/1.1" 200 626
192.241.208.213 - - [04/Dec/2022:09:48:59 -0500] "MGLNDD_190.27.245.106_80" 501 953
172.22.2.4 - - [04/Dec/2022:09:48:59 -0500] "GET /BLA/boletinlegal/consulta_actos.php?tipo=autos&no=&usuario=&sector=VERTIMIENTOS&fecha=2020&resuelve= HTTP/1.1" 200 135372
27.115.124.109 - - [04/Dec/2022:09:49:10 -0500] "GET /appsia/controlador HTTP/1.1" 200 4799
27.115.124.70 - - [04/Dec/2022:09:49:10 -0500] "GET /appsia/controlador HTTP/1.1" 200 4799
27.115.124.70 - - [04/Dec/2022:09:49:11 -0500] "GET /appsia/css/estilos.css HTTP/1.1" 200 4804
27.115.124.70 - - [04/Dec/2022:09:49:11 -0500] "GET /appsia/scripts/validarIngreso.js HTTP/1.1" 200 851
27.115.124.70 - - [04/Dec/2022:09:49:11 -0500] "GET /appsia/images/logo_bogota_p.png HTTP/1.1" 200 14951
27.115.124.109 - - [04/Dec/2022:09:49:11 -0500] "GET /appsia/images/cabezoteHojaVida.png HTTP/1.1" 200 32493
172.22.2.4 - - [04/Dec/2022:09:49:20 -0500] "GET /BLA/boletinlegal/consulta_actos.php?tipo=autos&no=&usuario=&sector=VERTIMIENTOS&fecha=2022&resuelve= HTTP/1.1" 200 223349
172.22.2.4 - - [04/Dec/2022:09:48:59 -0500] "HEAD /BLA/boletinlegal/ HTTP/1.1" 200 -
216.245.221.92 - - [04/Dec/2022:09:50:45 -0500] "HEAD / HTTP/1.1" 200 -
172.22.2.4 - - [04/Dec/2022:09:49:50 -0500] "GET /BLA/boletinlegal/ HTTP/1.1" 200 52942
114.119.146.142 - - [04/Dec/2022:09:51:54 -0500] "GET /BLA/resoluciones/RESOLUCIONES%202018/0888.pdf HTTP/1.1" 200 956529
201.245.192.253 - - [04/Dec/2022:09:51:56 -0500] "POST /kwsrmcab/Wsrmcab  HTTP/1.1" 200 213
114.119.154.39 - - [04/Dec/2022:09:52:23 -0500] "GET /BLA/resoluciones/RESOLUCIONES%202010/3242.pdf HTTP/1.1" 200 759231
190.158.204.8 - - [04/Dec/2022:09:53:07 -0500] "GET /sipse/faces/index.xhtml HTTP/1.1" 502 1346
172.22.2.4 - - [04/Dec/2022:09:53:10 -0500] "GET /BLA/boletinlegal/consulta_actos.php?tipo=resoluciones&no=&usuario=&sector=VERTIMIENTOS&fecha=2022&resuelve= HTTP/1.1" 200 39899
189.217.81.130 - - [04/Dec/2022:09:54:12 -0500] "GET /BLA/resoluciones/index.php?dir=AUTOS+2018%2F HTTP/1.1" 200 442469
114.119.143.69 - - [04/Dec/2022:09:54:14 -0500] "GET /BLA/resoluciones/RESOLUCIONES%202010/4276.pdf HTTP/1.1" 200 627462
186.155.19.149 - - [04/Dec/2022:09:54:51 -0500] "POST /sipse/faces/presentacion/financiero/noHay/crearNoHay.xhtml HTTP/1.1" 200 135529
186.155.19.149 - - [04/Dec/2022:09:54:51 -0500] "GET /sipse/faces/javax.faces.resource/theme.css?ln=primefaces-sipse HTTP/1.1" 304 -
186.155.19.149 - - [04/Dec/2022:09:54:51 -0500] "GET /sipse/faces/javax.faces.resource/primefaces.css?ln=primefaces&v=4.0 HTTP/1.1" 304 -
186.155.19.149 - - [04/Dec/2022:09:54:51 -0500] "GET /sipse/faces/javax.faces.resource/jquery/jquery.js?ln=primefaces&v=4.0 HTTP/1.1" 304 -
186.155.19.149 - - [04/Dec/2022:09:54:51 -0500] "GET /sipse/faces/javax.faces.resource/jquery/jquery-plugins.js?ln=primefaces&v=4.0 HTTP/1.1" 304 -
186.155.19.149 - - [04/Dec/2022:09:54:51 -0500] "GET /sipse/faces/javax.faces.resource/primefaces.js?ln=primefaces&v=4.0 HTTP/1.1" 304 -
186.155.19.149 - - [04/Dec/2022:09:54:51 -0500] "GET /sipse/faces/javax.faces.resource/layout/layout.js?ln=primefaces&v=4.0 HTTP/1.1" 304 -
186.155.19.149 - - [04/Dec/2022:09:54:51 -0500] "GET /sipse/faces/javax.faces.resource/layout/layout.css?ln=primefaces&v=4.0 HTTP/1.1" 304 -
186.155.19.149 - - [04/Dec/2022:09:54:52 -0500] "GET /sipse/css/imagen/contrasena.png HTTP/1.1" 404 383
186.155.19.149 - - [04/Dec/2022:09:54:58 -0500] "GET /sipse/faces/javax.faces.resource/images/ui-bg_flat_0_2d5972_40x100.png?ln=primefaces-aristo HTTP/1.1" 304 -
186.155.19.149 - - [04/Dec/2022:09:54:58 -0500] "POST /sipse/faces/presentacion/financiero/solicitudProceso/consultarSolicitudProceso.xhtml HTTP/1.1" 200 34231
186.155.19.149 - - [04/Dec/2022:09:55:00 -0500] "GET /sipse/faces/javax.faces.resource/primefaces.css?ln=primefaces&v=4.0 HTTP/1.1" 304 -
186.155.19.149 - - [04/Dec/2022:09:55:00 -0500] "GET /sipse/faces/javax.faces.resource/theme.css?ln=primefaces-sipse HTTP/1.1" 304 -
186.155.19.149 - - [04/Dec/2022:09:55:00 -0500] "GET /sipse/faces/javax.faces.resource/layout/layout.css?ln=primefaces&v=4.0 HTTP/1.1" 304 -
186.155.19.149 - - [04/Dec/2022:09:55:01 -0500] "GET /sipse/faces/javax.faces.resource/jquery/jquery.js?ln=primefaces&v=4.0 HTTP/1.1" 304 -
186.155.19.149 - - [04/Dec/2022:09:55:01 -0500] "GET /sipse/faces/javax.faces.resource/jquery/jquery-plugins.js?ln=primefaces&v=4.0 HTTP/1.1" 304 -
186.155.19.149 - - [04/Dec/2022:09:55:01 -0500] "GET /sipse/faces/javax.faces.resource/primefaces.js?ln=primefaces&v=4.0 HTTP/1.1" 304 -
186.155.19.149 - - [04/Dec/2022:09:55:01 -0500] "GET /sipse/faces/javax.faces.resource/layout/layout.js?ln=primefaces&v=4.0 HTTP/1.1" 304 -
186.155.19.149 - - [04/Dec/2022:09:55:01 -0500] "POST /sipse/faces/presentacion/financiero/solicitudProceso/listarSolicitudProceso.xhtml HTTP/1.1" 200 1376
186.155.19.149 - - [04/Dec/2022:09:55:02 -0500] "POST /sipse/faces/presentacion/financiero/solicitudProceso/listarSolicitudProceso.xhtml HTTP/1.1" 200 27015
186.155.19.149 - - [04/Dec/2022:09:55:03 -0500] "POST /sipse/faces/presentacion/financiero/solicitudProceso/listarSolicitudProceso.xhtml HTTP/1.1" 200 27015
186.155.19.149 - - [04/Dec/2022:09:55:03 -0500] "POST /sipse/faces/presentacion/financiero/solicitudProceso/listarSolicitudProceso.xhtml HTTP/1.1" 200 27015
186.155.19.149 - - [04/Dec/2022:09:55:03 -0500] "POST /sipse/faces/presentacion/financiero/solicitudProceso/listarSolicitudProceso.xhtml HTTP/1.1" 200 27015
186.155.19.149 - - [04/Dec/2022:09:55:03 -0500] "POST /sipse/faces/presentacion/financiero/solicitudProceso/listarSolicitudProceso.xhtml HTTP/1.1" 200 27015
186.155.19.149 - - [04/Dec/2022:09:55:03 -0500] "POST /sipse/faces/presentacion/financiero/solicitudProceso/listarSolicitudProceso.xhtml HTTP/1.1" 200 27015
186.155.19.149 - - [04/Dec/2022:09:55:04 -0500] "POST /sipse/faces/presentacion/financiero/solicitudProceso/listarSolicitudProceso.xhtml HTTP/1.1" 200 27015
186.155.19.149 - - [04/Dec/2022:09:55:04 -0500] "POST /sipse/faces/presentacion/financiero/solicitudProceso/listarSolicitudProceso.xhtml HTTP/1.1" 200 27015
186.155.19.149 - - [04/Dec/2022:09:55:04 -0500] "POST /sipse/faces/presentacion/financiero/solicitudProceso/listarSolicitudProceso.xhtml HTTP/1.1" 200 27015
186.155.19.149 - - [04/Dec/2022:09:55:04 -0500] "POST /sipse/faces/presentacion/financiero/solicitudProceso/listarSolicitudProceso.xhtml HTTP/1.1" 200 27015
186.155.19.149 - - [04/Dec/2022:09:55:04 -0500] "POST /sipse/faces/presentacion/financiero/solicitudProceso/listarSolicitudProceso.xhtml HTTP/1.1" 200 27015
186.155.19.149 - - [04/Dec/2022:09:55:04 -0500] "POST /sipse/faces/presentacion/financiero/solicitudProceso/listarSolicitudProceso.xhtml HTTP/1.1" 200 27015
186.155.19.149 - - [04/Dec/2022:09:55:05 -0500] "POST /sipse/faces/presentacion/financiero/solicitudProceso/listarSolicitudProceso.xhtml HTTP/1.1" 200 27015
186.155.19.149 - - [04/Dec/2022:09:55:05 -0500] "POST /sipse/faces/presentacion/financiero/solicitudProceso/listarSolicitudProceso.xhtml HTTP/1.1" 200 27015
186.155.19.149 - - [04/Dec/2022:09:55:05 -0500] "POST /sipse/faces/presentacion/financiero/solicitudProceso/listarSolicitudProceso.xhtml HTTP/1.1" 200 27015
186.155.19.149 - - [04/Dec/2022:09:55:05 -0500] "POST /sipse/faces/presentacion/financiero/solicitudProceso/listarSolicitudProceso.xhtml HTTP/1.1" 200 27015
186.155.19.149 - - [04/Dec/2022:09:55:05 -0500] "POST /sipse/faces/presentacion/financiero/solicitudProceso/listarSolicitudProceso.xhtml HTTP/1.1" 200 27015
186.155.19.149 - - [04/Dec/2022:09:55:06 -0500] "POST /sipse/faces/presentacion/financiero/solicitudProceso/listarSolicitudProceso.xhtml HTTP/1.1" 200 27015
186.155.19.149 - - [04/Dec/2022:09:55:06 -0500] "POST /sipse/faces/presentacion/financiero/solicitudProceso/listarSolicitudProceso.xhtml HTTP/1.1" 200 27015
186.155.19.149 - - [04/Dec/2022:09:55:06 -0500] "POST /sipse/faces/presentacion/financiero/solicitudProceso/listarSolicitudProceso.xhtml HTTP/1.1" 200 27015
186.155.19.149 - - [04/Dec/2022:09:55:06 -0500] "POST /sipse/faces/presentacion/financiero/solicitudProceso/listarSolicitudProceso.xhtml HTTP/1.1" 200 27015
186.155.19.149 - - [04/Dec/2022:09:55:07 -0500] "POST /sipse/faces/presentacion/financiero/solicitudProceso/listarSolicitudProceso.xhtml HTTP/1.1" 200 27015
186.155.19.149 - - [04/Dec/2022:09:55:07 -0500] "POST /sipse/faces/presentacion/financiero/solicitudProceso/listarSolicitudProceso.xhtml HTTP/1.1" 200 27015
186.155.19.149 - - [04/Dec/2022:09:55:07 -0500] "POST /sipse/faces/presentacion/financiero/solicitudProceso/listarSolicitudProceso.xhtml HTTP/1.1" 200 27015
186.155.19.149 - - [04/Dec/2022:09:55:07 -0500] "POST /sipse/faces/presentacion/financiero/solicitudProceso/listarSolicitudProceso.xhtml HTTP/1.1" 200 27015
186.155.19.149 - - [04/Dec/2022:09:55:07 -0500] "POST /sipse/faces/presentacion/financiero/solicitudProceso/listarSolicitudProceso.xhtml HTTP/1.1" 200 27015
186.155.19.149 - - [04/Dec/2022:09:55:07 -0500] "POST /sipse/faces/presentacion/financiero/solicitudProceso/listarSolicitudProceso.xhtml HTTP/1.1" 200 27015
186.155.19.149 - - [04/Dec/2022:09:55:08 -0500] "POST /sipse/faces/presentacion/financiero/solicitudProceso/listarSolicitudProceso.xhtml HTTP/1.1" 200 27015
186.155.19.149 - - [04/Dec/2022:09:55:08 -0500] "POST /sipse/faces/presentacion/financiero/solicitudProceso/listarSolicitudProceso.xhtml HTTP/1.1" 200 1376
186.155.19.149 - - [04/Dec/2022:09:55:08 -0500] "POST /sipse/faces/presentacion/financiero/solicitudProceso/listarSolicitudProceso.xhtml HTTP/1.1" 200 1380
186.155.19.149 - - [04/Dec/2022:09:55:08 -0500] "POST /sipse/faces/presentacion/financiero/solicitudProceso/listarSolicitudProceso.xhtml HTTP/1.1" 200 1380
186.155.19.149 - - [04/Dec/2022:09:55:08 -0500] "POST /sipse/faces/presentacion/financiero/solicitudProceso/listarSolicitudProceso.xhtml HTTP/1.1" 200 1380
186.155.19.149 - - [04/Dec/2022:09:55:08 -0500] "POST /sipse/faces/presentacion/financiero/solicitudProceso/listarSolicitudProceso.xhtml HTTP/1.1" 200 1380
186.155.19.149 - - [04/Dec/2022:09:55:08 -0500] "POST /sipse/faces/presentacion/financiero/solicitudProceso/listarSolicitudProceso.xhtml HTTP/1.1" 200 1380
186.155.19.149 - - [04/Dec/2022:09:55:08 -0500] "POST /sipse/faces/presentacion/financiero/solicitudProceso/listarSolicitudProceso.xhtml HTTP/1.1" 200 1380
186.155.19.149 - - [04/Dec/2022:09:55:08 -0500] "POST /sipse/faces/presentacion/financiero/solicitudProceso/listarSolicitudProceso.xhtml HTTP/1.1" 200 1380
186.155.19.149 - - [04/Dec/2022:09:55:08 -0500] "POST /sipse/faces/presentacion/financiero/solicitudProceso/listarSolicitudProceso.xhtml HTTP/1.1" 200 1380
186.155.19.149 - - [04/Dec/2022:09:55:09 -0500] "POST /sipse/faces/presentacion/financiero/solicitudProceso/listarSolicitudProceso.xhtml HTTP/1.1" 200 1380
186.155.19.149 - - [04/Dec/2022:09:55:09 -0500] "POST /sipse/faces/presentacion/financiero/solicitudProceso/listarSolicitudProceso.xhtml HTTP/1.1" 200 1380
186.155.19.149 - - [04/Dec/2022:09:55:09 -0500] "POST /sipse/faces/presentacion/financiero/solicitudProceso/listarSolicitudProceso.xhtml HTTP/1.1" 200 1380
186.155.19.149 - - [04/Dec/2022:09:55:09 -0500] "POST /sipse/faces/presentacion/financiero/solicitudProceso/listarSolicitudProceso.xhtml HTTP/1.1" 200 1380
186.155.19.149 - - [04/Dec/2022:09:55:09 -0500] "POST /sipse/faces/presentacion/financiero/solicitudProceso/listarSolicitudProceso.xhtml HTTP/1.1" 200 1380
186.155.19.149 - - [04/Dec/2022:09:55:09 -0500] "POST /sipse/faces/presentacion/financiero/solicitudProceso/listarSolicitudProceso.xhtml HTTP/1.1" 200 1380
186.155.19.149 - - [04/Dec/2022:09:55:09 -0500] "POST /sipse/faces/presentacion/financiero/solicitudProceso/listarSolicitudProceso.xhtml HTTP/1.1" 200 1380
186.155.19.149 - - [04/Dec/2022:09:55:09 -0500] "POST /sipse/faces/presentacion/financiero/solicitudProceso/listarSolicitudProceso.xhtml HTTP/1.1" 200 1380
186.155.19.149 - - [04/Dec/2022:09:55:09 -0500] "POST /sipse/faces/presentacion/financiero/solicitudProceso/listarSolicitudProceso.xhtml HTTP/1.1" 200 1380
186.155.19.149 - - [04/Dec/2022:09:55:09 -0500] "POST /sipse/faces/presentacion/financiero/solicitudProceso/listarSolicitudProceso.xhtml HTTP/1.1" 200 1380
186.155.19.149 - - [04/Dec/2022:09:55:09 -0500] "POST /sipse/faces/presentacion/financiero/solicitudProceso/listarSolicitudProceso.xhtml HTTP/1.1" 200 1380
186.155.19.149 - - [04/Dec/2022:09:55:09 -0500] "POST /sipse/faces/presentacion/financiero/solicitudProceso/listarSolicitudProceso.xhtml HTTP/1.1" 200 1380
186.155.19.149 - - [04/Dec/2022:09:55:10 -0500] "POST /sipse/faces/presentacion/financiero/solicitudProceso/listarSolicitudProceso.xhtml HTTP/1.1" 200 1380
186.155.19.149 - - [04/Dec/2022:09:55:10 -0500] "POST /sipse/faces/presentacion/financiero/solicitudProceso/listarSolicitudProceso.xhtml HTTP/1.1" 200 1380
186.155.19.149 - - [04/Dec/2022:09:55:10 -0500] "POST /sipse/faces/presentacion/financiero/solicitudProceso/listarSolicitudProceso.xhtml HTTP/1.1" 200 1380
186.155.19.149 - - [04/Dec/2022:09:55:10 -0500] "POST /sipse/faces/presentacion/financiero/solicitudProceso/listarSolicitudProceso.xhtml HTTP/1.1" 200 1380
186.155.19.149 - - [04/Dec/2022:09:55:10 -0500] "POST /sipse/faces/presentacion/financiero/solicitudProceso/listarSolicitudProceso.xhtml HTTP/1.1" 200 1380
186.155.19.149 - - [04/Dec/2022:09:55:10 -0500] "POST /sipse/faces/presentacion/financiero/solicitudProceso/listarSolicitudProceso.xhtml HTTP/1.1" 200 1380
186.155.19.149 - - [04/Dec/2022:09:55:10 -0500] "POST /sipse/faces/presentacion/financiero/solicitudProceso/listarSolicitudProceso.xhtml HTTP/1.1" 200 1380
172.22.2.4 - - [04/Dec/2022:09:55:17 -0500] "GET /BLA/boletinlegal/consulta_actos.php?tipo=autos&no=&usuario=&sector=&fecha=2022&resuelve= HTTP/1.1" 200 1403151
172.22.2.4 - - [04/Dec/2022:09:55:26 -0500] "GET /BLA/boletinlegal/consulta_actos.php?tipo=autos&no=&usuario=&sector=&fecha=2022&resuelve= HTTP/1.1" 200 1403151
216.245.221.92 - - [04/Dec/2022:09:55:45 -0500] "HEAD / HTTP/1.1" 200 -
173.252.107.9 - - [04/Dec/2022:09:56:15 -0500] "GET /capital-natural-para-impulsar-el-desarrollo-economico-sostenible.html HTTP/1.1" 206 942
172.22.2.4 - - [04/Dec/2022:09:54:49 -0500] "HEAD /BLA/boletinlegal/ HTTP/1.1" 200 -
201.245.192.253 - - [04/Dec/2022:09:56:54 -0500] "POST /kwsrmcab/Wsrmcab  HTTP/1.1" 200 213
114.119.131.97 - - [04/Dec/2022:09:57:13 -0500] "GET /BLA/resoluciones/RESOLUCIONES%202010/1752.pdf HTTP/1.1" 200 497735
173.252.127.8 - - [04/Dec/2022:09:57:17 -0500] "GET /images/Entrenubes%201%20(1)%20(1).jpeg HTTP/1.1" 200 70096
172.22.2.4 - - [04/Dec/2022:09:55:40 -0500] "GET /BLA/boletinlegal/ HTTP/1.1" 200 58185
173.252.127.23 - - [04/Dec/2022:09:57:25 -0500] "GET /images/Acuerdos%2001%20(1)%20(1).jpeg HTTP/1.1" 200 32884
173.252.127.119 - - [04/Dec/2022:09:57:25 -0500] "GET /images/Musgo%20SDA%20(1)%20(1).png HTTP/1.1" 200 302122
69.171.231.116 - - [04/Dec/2022:09:57:28 -0500] "GET /participa-en-las-actividades-del-dia-mundial-de-humedales.html HTTP/1.1" 206 874
69.171.231.120 - - [04/Dec/2022:09:57:29 -0500] "GET /images/pieza-dia-humedales-31-enero.jpg HTTP/1.1" 200 29095
173.252.127.16 - - [04/Dec/2022:09:57:33 -0500] "GET /images/Reciclaton%20Nov%202022%20(1)%20(1).jpeg HTTP/1.1" 200 53811
114.119.141.78 - - [04/Dec/2022:09:58:34 -0500] "GET /BLA/resoluciones/RESOLUCIONES%202010/1254.pdf HTTP/1.1" 200 102112
18.204.166.15 - - [04/Dec/2022:09:59:15 -0500] "GET /galeria/galeria/fotos/GuaymaralTorca4G.jpg HTTP/1.1" 200 373786
216.245.221.92 - - [04/Dec/2022:10:00:45 -0500] "HEAD / HTTP/1.1" 200 -
201.245.192.253 - - [04/Dec/2022:10:01:53 -0500] "POST /kwsrmcab/Wsrmcab  HTTP/1.1" 200 213
172.22.2.4 - - [04/Dec/2022:10:00:39 -0500] "HEAD /BLA/boletinlegal/ HTTP/1.1" 200 -
66.249.66.87 - - [04/Dec/2022:10:02:28 -0500] "GET /BLA/resoluciones/RESOLUCIONES%202008/3253.pdf HTTP/1.1" 200 250531
66.249.66.86 - - [04/Dec/2022:10:02:29 -0500] "GET /BLA/resoluciones/AUTOS%202011/3596.pdf HTTP/1.1" 200 202985
66.249.66.87 - - [04/Dec/2022:10:02:30 -0500] "GET /BLA/resoluciones/AUTOS%202009/1695.pdf HTTP/1.1" 200 123718
66.249.66.87 - - [04/Dec/2022:10:02:31 -0500] "GET /BLA/resoluciones/RESOLUCIONES%202010/1039.pdf HTTP/1.1" 200 111200
66.249.66.86 - - [04/Dec/2022:10:02:32 -0500] "GET /BLA/resoluciones/RESOLUCIONES%202007/RES%202007%201301%20AL%201400/RESOLUCION%201392%20DE%202007.pdf HTTP/1.1" 200 148955
66.249.66.86 - - [04/Dec/2022:10:02:33 -0500] "GET /BLA/resoluciones/RESOLUCIONES%202016/0251.pdf HTTP/1.1" 200 1218725
186.86.33.192 - - [04/Dec/2022:10:02:47 -0500] "GET /BLA/resoluciones/AUTOS%202022/4687.pdf HTTP/1.1" 200 947261
191.156.61.211 - - [04/Dec/2022:10:03:05 -0500] "GET /BLA/resoluciones/AUTOS%202022/4687.pdf HTTP/1.1" 206 1
191.156.61.211 - - [04/Dec/2022:10:03:05 -0500] "GET /BLA/resoluciones/AUTOS%202022/4687.pdf HTTP/1.1" 206 372677
172.22.2.4 - - [04/Dec/2022:10:01:30 -0500] "GET /BLA/boletinlegal/ HTTP/1.1" 200 57192
172.22.2.4 - - [04/Dec/2022:10:05:06 -0500] "GET /BLA/boletinlegal/actos.php HTTP/1.1" 200 9566
114.119.147.45 - - [04/Dec/2022:10:05:09 -0500] "GET /BLA/resoluciones/RESOLUCIONES%202010/6294.pdf HTTP/1.1" 200 55447
216.245.221.92 - - [04/Dec/2022:10:05:45 -0500] "HEAD / HTTP/1.1" 200 -
185.119.81.107 - - [04/Dec/2022:10:06:13 -0500] "GET /portaldeninos/wp-login.php HTTP/1.1" 200 2592
185.119.81.107 - - [04/Dec/2022:10:06:14 -0500] "POST /portaldeninos/wp-login.php HTTP/1.1" 200 3605
172.22.2.4 - - [04/Dec/2022:10:06:39 -0500] "GET /BLA/boletinlegal/js/jquery1.js HTTP/1.1" 200 29846
172.22.2.4 - - [04/Dec/2022:10:06:39 -0500] "GET /BLA/boletinlegal/js/popup.js HTTP/1.1" 200 1270
172.22.2.4 - - [04/Dec/2022:10:06:44 -0500] "GET /BLA/boletinlegal/js/lib.js HTTP/1.1" 200 6474
172.22.2.4 - - [04/Dec/2022:10:06:44 -0500] "GET /BLA/boletinlegal/niceforms-default.css HTTP/1.1" 200 6694
172.22.2.4 - - [04/Dec/2022:10:06:44 -0500] "GET /BLA/boletinlegal/niceforms.js HTTP/1.1" 200 22876
201.245.192.253 - - [04/Dec/2022:10:06:52 -0500] "POST /kwsrmcab/Wsrmcab  HTTP/1.1" 200 213
172.22.2.4 - - [04/Dec/2022:10:06:30 -0500] "HEAD /BLA/boletinlegal/ HTTP/1.1" 200 -
172.22.2.4 - - [04/Dec/2022:10:07:20 -0500] "GET /BLA/boletinlegal/ HTTP/1.1" 200 57192
172.104.11.4 - - [04/Dec/2022:10:09:02 -0500] "\x16\x03\x01" 400 226
172.22.2.4 - - [04/Dec/2022:10:09:32 -0500] "GET /BLA/boletinlegal/js/ajax_actos.js HTTP/1.1" 200 1322
172.22.2.4 - - [04/Dec/2022:10:09:37 -0500] "GET /BLA/boletinlegal/styles2.css HTTP/1.1" 200 1838
157.55.39.39 - - [04/Dec/2022:10:09:40 -0500] "GET /BLA/resoluciones/index.php?dir=AUTOS+2018%2F HTTP/1.1" 200 442469
185.119.81.107 - - [04/Dec/2022:10:10:40 -0500] "GET /portaldeninos/wp-login.php HTTP/1.1" 200 2592
185.119.81.107 - - [04/Dec/2022:10:10:41 -0500] "POST /portaldeninos/wp-login.php HTTP/1.1" 200 3650
216.245.221.92 - - [04/Dec/2022:10:10:45 -0500] "HEAD / HTTP/1.1" 200 -
114.119.159.62 - - [04/Dec/2022:10:11:41 -0500] "GET /BLA/resoluciones/RESOLUCIONES%202011/5860.pdf HTTP/1.1" 200 317458
201.245.192.253 - - [04/Dec/2022:10:11:51 -0500] "POST /kwsrmcab/Wsrmcab  HTTP/1.1" 200 213
157.55.39.42 - - [04/Dec/2022:10:12:25 -0500] "GET /images/musgo-planta-flora-bogota-27-noviembre.jpg HTTP/1.1" 200 65902
186.86.32.190 - - [04/Dec/2022:10:13:23 -0500] "-" 408 -
114.119.140.111 - - [04/Dec/2022:10:13:29 -0500] "GET /BLA/resoluciones/RESOLUCIONES%202018/0849.pdf HTTP/1.1" 200 4389134
172.22.2.4 - - [04/Dec/2022:10:12:19 -0500] "HEAD /BLA/boletinlegal/ HTTP/1.1" 200 -
185.119.81.102 - - [04/Dec/2022:10:14:12 -0500] "GET /portaldeninos/wp-login.php HTTP/1.1" 200 2592
185.119.81.102 - - [04/Dec/2022:10:14:13 -0500] "POST /portaldeninos/wp-login.php HTTP/1.1" 200 3605
40.77.167.58 - - [04/Dec/2022:10:14:17 -0500] "GET /sipse/faces/javax.faces.resource/layout/layout.js;jsessionid=167i5evmtnunlesyqe1h5xqi.undefined?ln=primefaces&v=4.0 HTTP/1.1" 502 1312
172.22.2.4 - - [04/Dec/2022:10:13:10 -0500] "GET /BLA/boletinlegal/ HTTP/1.1" 200 57192
173.252.107.1 - - [04/Dec/2022:10:14:59 -0500] "GET /en-esta-navidad-bogota-esta-mejorando-con-mas-espacios-verdes-para-el-disfrute-de-la-ciudadania.html HTTP/1.1" 206 1114
216.245.221.92 - - [04/Dec/2022:10:15:45 -0500] "HEAD / HTTP/1.1" 200 -
207.46.13.194 - - [04/Dec/2022:10:16:20 -0500] "GET /BLA/resoluciones/RESOLUCIONES%202004/RES%202004%202101-2150/00002149.tif HTTP/1.1" 200 179132
173.252.95.7 - - [04/Dec/2022:10:16:26 -0500] "GET /actividades-para-celebrar-el-dia-del-rio-bogota.html HTTP/1.1" 206 805
207.46.13.174 - - [04/Dec/2022:10:16:34 -0500] "GET /BLA/resoluciones/index.php?dir=RESOLUCIONES+2019%2F HTTP/1.1" 200 249154
201.245.192.253 - - [04/Dec/2022:10:16:50 -0500] "POST /kwsrmcab/Wsrmcab  HTTP/1.1" 200 213
172.22.2.4 - - [04/Dec/2022:10:18:09 -0500] "HEAD /BLA/boletinlegal/ HTTP/1.1" 200 -
114.119.143.252 - - [04/Dec/2022:10:19:59 -0500] "GET /BLA/resoluciones/RESOLUCIONES%202010/1652.pdf HTTP/1.1" 200 391248
141.255.166.2 - - [04/Dec/2022:10:20:21 -0500] "POST /boaform/admin/formLogin HTTP/1.1" 404 1186
172.22.2.4 - - [04/Dec/2022:10:19:00 -0500] "GET /BLA/boletinlegal/ HTTP/1.1" 200 52079
216.245.221.92 - - [04/Dec/2022:10:20:54 -0500] "HEAD / HTTP/1.1" 200 -
201.245.192.253 - - [04/Dec/2022:10:20:54 -0500] "POST /kwsrmcab/Wsrmcab HTTP/1.1" 200 41027
201.245.192.253 - - [04/Dec/2022:10:20:57 -0500] "POST /kwsrmcab/Wsrmcab HTTP/1.1" 200 42114
114.119.144.163 - - [04/Dec/2022:10:21:47 -0500] "GET /BLA/resoluciones/AUTOS%202018/2578.pdf HTTP/1.1" 200 346051
207.46.13.198 - - [04/Dec/2022:10:21:47 -0500] "GET /BLA/resoluciones/RESOLUCIONES%202001/2001%20600-649.TIF HTTP/1.1" 200 9885868
201.245.192.253 - - [04/Dec/2022:10:21:49 -0500] "POST /kwsrmcab/Wsrmcab  HTTP/1.1" 200 213
69.171.251.5 - - [04/Dec/2022:10:23:13 -0500] "GET /images/cr\xc3\xb3nica-29-nov-1_optimized.jpeg HTTP/1.1" 404 1034
201.245.175.187 - - [04/Dec/2022:10:23:53 -0500] "GET /BLA/boletinlegal/js/jquery.scrollShow.js HTTP/1.1" 200 4586
201.245.175.187 - - [04/Dec/2022:10:23:53 -0500] "GET /galeria/galeria/jquery.fancybox.js?v=2.1.5 HTTP/1.1" 200 48706
201.245.175.187 - - [04/Dec/2022:10:23:53 -0500] "GET /galeria/galeria/jquery.fancybox.css?v=2.1.5 HTTP/1.1" 200 4895
114.119.158.196 - - [04/Dec/2022:10:24:25 -0500] "GET /BLA/resoluciones/index.php?dir=RESOLUCIONES%2B2002/&sort=name&order=asc HTTP/1.1" 200 13300
172.22.2.4 - - [04/Dec/2022:10:23:59 -0500] "HEAD /BLA/boletinlegal/ HTTP/1.1" 200 -
216.245.221.92 - - [04/Dec/2022:10:25:45 -0500] "HEAD / HTTP/1.1" 200 -
114.119.132.161 - - [04/Dec/2022:10:25:46 -0500] "GET /BLA/resoluciones/RESOLUCIONES%202010/4734.pdf HTTP/1.1" 200 316743
207.46.13.174 - - [04/Dec/2022:10:26:24 -0500] "GET /BLA/resoluciones/RESOLUCIONES%202000/2000%20150-199.tif HTTP/1.1" 200 3922882
172.22.2.4 - - [04/Dec/2022:10:24:50 -0500] "GET /BLA/boletinlegal/ HTTP/1.1" 200 57192
66.249.65.215 - - [04/Dec/2022:10:27:30 -0500] "GET /portaldeninos/wp-content/uploads/2021/06/titulo-videos-ni%C3%B1os.png HTTP/1.1" 304 -
114.119.159.183 - - [04/Dec/2022:10:27:53 -0500] "GET /BLA/resoluciones/AUTOS%202014/1155.pdf HTTP/1.1" 200 516051
207.46.13.194 - - [04/Dec/2022:10:28:52 -0500] "GET /BLA/resoluciones/RESOLUCIONES%202021/0497.pdf HTTP/1.1" 200 876051
114.119.152.148 - - [04/Dec/2022:10:29:07 -0500] "GET /BLA/resoluciones/AUTOS%202014/0208.pdf HTTP/1.1" 200 720672
216.245.221.92 - - [04/Dec/2022:10:30:46 -0500] "HEAD / HTTP/1.1" 200 -
201.245.192.253 - - [04/Dec/2022:10:30:53 -0500] "POST /kwsrmcab/Wsrmcab HTTP/1.1" 502 1155
201.245.192.253 - - [04/Dec/2022:10:30:53 -0500] "POST /kwsrmcab/Wsrmcab HTTP/1.1" 200 42114
168.119.49.52 - - [04/Dec/2022:10:31:20 -0500] "GET / HTTP/1.1" 200 319
172.22.2.4 - - [04/Dec/2022:10:29:49 -0500] "HEAD /BLA/boletinlegal/ HTTP/1.1" 200 -
172.22.2.4 - - [04/Dec/2022:10:31:38 -0500] "GET /BLA/boletinlegal/Electron/download/windows/%5CProgram%20Files%5C3CX%20Phone%20System%5CData%5CDB%5Cbase%5C16384%5C16393 HTTP/1.1" 404 1018
201.245.192.253 - - [04/Dec/2022:10:31:47 -0500] "POST /kwsrmcab/Wsrmcab  HTTP/1.1" 200 213
157.55.39.39 - - [04/Dec/2022:10:31:53 -0500] "GET /BLA/resoluciones/index.php?dir=AUTOS+2019%2F HTTP/1.1" 200 349992
172.22.2.4 - - [04/Dec/2022:10:30:40 -0500] "GET /BLA/boletinlegal/ HTTP/1.1" 200 53739
66.249.66.86 - - [04/Dec/2022:10:33:03 -0500] "GET /robots.txt HTTP/1.1" 404 1018
66.249.66.85 - - [04/Dec/2022:10:33:10 -0500] "GET /BLA/resoluciones/AUTOS%202009/0082.pdf HTTP/1.1" 200 82692
66.249.66.86 - - [04/Dec/2022:10:33:11 -0500] "GET /BLA/resoluciones/RESOLUCIONES%202018/0778.pdf HTTP/1.1" 200 425462
66.249.66.85 - - [04/Dec/2022:10:33:12 -0500] "GET /BLA/resoluciones/RESOLUCIONES%202007/RES%202007%202901%20AL%203000/RESOLUCION%202998%20DE%202007.pdf HTTP/1.1" 200 1172437
66.249.66.85 - - [04/Dec/2022:10:33:14 -0500] "GET /Publicaciones/2022EE288685.pdf HTTP/1.1" 404 228
66.249.66.86 - - [04/Dec/2022:10:33:14 -0500] "GET /Publicaciones/2022EE283364.pdf HTTP/1.1" 404 228
69.63.184.2 - - [04/Dec/2022:10:35:32 -0500] "GET /images/Entrenubes%201%20(1)%20(1).jpeg HTTP/1.1" 200 70096
216.245.221.92 - - [04/Dec/2022:10:35:45 -0500] "HEAD / HTTP/1.1" 200 -
201.245.192.253 - - [04/Dec/2022:10:36:45 -0500] "POST /kwsrmcab/Wsrmcab  HTTP/1.1" 200 213
190.66.247.38 - - [04/Dec/2022:10:37:17 -0500] "GET /con-plantaciones-en-san-cristobal-y-engativa-bogota-sigue-reverdeciendo.html HTTP/1.1" 200 946
172.22.2.4 - - [04/Dec/2022:10:35:39 -0500] "HEAD /BLA/boletinlegal/ HTTP/1.1" 200 -
179.19.82.25 - - [04/Dec/2022:10:37:50 -0500] "GET /BLA/resoluciones/AUTOS%202014/3745.pdf HTTP/1.1" 200 283618
172.22.2.4 - - [04/Dec/2022:10:36:30 -0500] "GET /BLA/boletinlegal/ HTTP/1.1" 200 52453
190.66.247.38 - - [04/Dec/2022:10:38:15 -0500] "GET /acuerdos-de-conservacion-la-estrategia-de-restauracion-y-conectividad-ecologica-que-contribuye-a-reverdecer-y-preservar-la-biodiversidad.html HTTP/1.1" 200 1106
172.22.2.4 - - [04/Dec/2022:10:38:31 -0500] "GET /BLA/boletinlegal/ HTTP/1.1" 200 62423
216.245.221.92 - - [04/Dec/2022:10:40:45 -0500] "HEAD / HTTP/1.1" 200 -
201.245.192.253 - - [04/Dec/2022:10:40:53 -0500] "POST /kwsrmcab/Wsrmcab HTTP/1.1" 200 41027
201.245.192.253 - - [04/Dec/2022:10:40:56 -0500] "POST /kwsrmcab/Wsrmcab HTTP/1.1" 200 42114
201.245.192.253 - - [04/Dec/2022:10:41:54 -0500] "POST /kwsrmcab/Wsrmcab  HTTP/1.1" 200 213
172.22.2.4 - - [04/Dec/2022:10:41:29 -0500] "HEAD /BLA/boletinlegal/ HTTP/1.1" 200 -
172.22.2.4 - - [04/Dec/2022:10:42:20 -0500] "GET /BLA/boletinlegal/ HTTP/1.1" 200 52942
216.245.221.92 - - [04/Dec/2022:10:45:45 -0500] "HEAD / HTTP/1.1" 200 -
69.63.184.119 - - [04/Dec/2022:10:46:22 -0500] "GET /images/Entrenubes%201%20(1)%20(1).jpeg HTTP/1.1" 200 70096
201.245.192.253 - - [04/Dec/2022:10:46:44 -0500] "POST /kwsrmcab/Wsrmcab  HTTP/1.1" 200 213
185.119.81.99 - - [04/Dec/2022:10:47:05 -0500] "GET /portaldeninos/wp-login.php HTTP/1.1" 200 2592
185.119.81.99 - - [04/Dec/2022:10:47:06 -0500] "POST /portaldeninos/wp-login.php HTTP/1.1" 200 3650
114.119.151.63 - - [04/Dec/2022:10:47:23 -0500] "GET /BLA/resoluciones/index.php?dir=RESOLUCIONES%2B2007/&sort=date&order=desc HTTP/1.1" 200 13299
172.22.2.4 - - [04/Dec/2022:10:47:19 -0500] "HEAD /BLA/boletinlegal/ HTTP/1.1" 200 -
114.119.135.121 - - [04/Dec/2022:10:49:07 -0500] "GET /BLA/resoluciones/index.php?dir=RESOLUCIONES%2B1998/&sort=name&order=desc HTTP/1.1" 200 13299
207.46.13.194 - - [04/Dec/2022:10:49:13 -0500] "GET /BLA/resoluciones/AUTOS%202016/1082.pdf HTTP/1.1" 200 230074
172.22.2.4 - - [04/Dec/2022:10:48:10 -0500] "GET /BLA/boletinlegal/ HTTP/1.1" 200 57192
114.119.158.203 - - [04/Dec/2022:10:50:01 -0500] "GET /BLA/resoluciones/RESOLUCIONES%202019/0953.pdf HTTP/1.1" 200 2355215
216.245.221.92 - - [04/Dec/2022:10:50:54 -0500] "HEAD / HTTP/1.1" 200 -
173.252.107.24 - - [04/Dec/2022:10:51:24 -0500] "GET /images/cr%C3%B3nica-29-nov-1_optimized.jpeg HTTP/1.1" 404 1034
114.119.141.133 - - [04/Dec/2022:10:51:25 -0500] "GET /BLA/resoluciones/RESOLUCIONES%202011/3119.pdf HTTP/1.1" 200 640144
201.245.192.253 - - [04/Dec/2022:10:51:42 -0500] "POST /kwsrmcab/Wsrmcab  HTTP/1.1" 200 213
114.119.143.130 - - [04/Dec/2022:10:53:00 -0500] "GET /BLA/resoluciones/RESOLUCIONES%202010/7256.pdf HTTP/1.1" 200 70803
172.22.2.4 - - [04/Dec/2022:10:53:09 -0500] "GET /BLA/boletinlegal/actos.php HTTP/1.1" 200 9566
114.119.151.155 - - [04/Dec/2022:10:54:13 -0500] "GET /BLA/resoluciones/RESOLUCIONES%202010/6118.pdf HTTP/1.1" 200 3199649
172.22.2.4 - - [04/Dec/2022:10:53:12 -0500] "HEAD /BLA/boletinlegal/ HTTP/1.1" 200 -
172.22.2.4 - - [04/Dec/2022:10:54:03 -0500] "GET /BLA/boletinlegal/ HTTP/1.1" 200 59404
114.119.150.158 - - [04/Dec/2022:10:55:45 -0500] "GET /BLA/resoluciones/RESOLUCIONES%202010/5979.pdf HTTP/1.1" 200 494333
216.245.221.92 - - [04/Dec/2022:10:55:45 -0500] "HEAD / HTTP/1.1" 200 -
31.13.127.18 - - [04/Dec/2022:10:56:06 -0500] "GET /images/cr\xc3\xb3nica-29-nov-1_optimized.jpeg HTTP/1.1" 404 1034
207.46.13.174 - - [04/Dec/2022:10:56:09 -0500] "GET /BLA/resoluciones/AUTOS%202021/4344.pdf HTTP/1.1" 304 -
201.245.192.253 - - [04/Dec/2022:10:56:41 -0500] "POST /kwsrmcab/Wsrmcab  HTTP/1.1" 200 213
172.22.2.4 - - [04/Dec/2022:10:56:59 -0500] "GET /BLA/boletinlegal/actos.php HTTP/1.1" 200 9566
189.217.81.130 - - [04/Dec/2022:10:57:02 -0500] "GET /BLA/resoluciones/ HTTP/1.1" 200 13093
172.22.2.4 - - [04/Dec/2022:10:57:06 -0500] "GET /BLA/boletinlegal/images/screen_5.png HTTP/1.1" 200 368876
172.22.2.4 - - [04/Dec/2022:10:57:07 -0500] "GET /BLA/boletinlegal/images/screen_2.png HTTP/1.1" 200 362502
189.217.81.130 - - [04/Dec/2022:10:57:23 -0500] "GET /BLA/resoluciones/index.php?dir=AUTOS+2015%2F HTTP/1.1" 200 577811
40.77.167.13 - - [04/Dec/2022:10:57:46 -0500] "GET /BLA/resoluciones/RESOLUCIONES%202004/RES%202004%202101-2150/00002130.tif HTTP/1.1" 200 110050
40.77.167.13 - - [04/Dec/2022:10:57:47 -0500] "GET /BLA/resoluciones/RESOLUCIONES%202004/RES%202004%202101-2150/00002124.tif HTTP/1.1" 200 40794
172.22.2.4 - - [04/Dec/2022:10:56:57 -0500] "GET /BLA/boletinlegal/ HTTP/1.1" 200 62423
157.55.39.39 - - [04/Dec/2022:10:58:51 -0500] "GET /BLA/resoluciones/index.php?dir=AUTOS+2018%2F HTTP/1.1" 200 442469
114.119.139.251 - - [04/Dec/2022:10:58:53 -0500] "GET /BLA/resoluciones/RESOLUCIONES%202010/5157.pdf HTTP/1.1" 200 1021789
172.22.2.4 - - [04/Dec/2022:10:59:02 -0500] "HEAD /BLA/boletinlegal/ HTTP/1.1" 200 -
216.245.221.92 - - [04/Dec/2022:11:00:45 -0500] "HEAD / HTTP/1.1" 200 -
185.119.81.107 - - [04/Dec/2022:11:00:50 -0500] "GET /portaldeninos/wp-login.php HTTP/1.1" 200 2592
185.119.81.107 - - [04/Dec/2022:11:00:51 -0500] "POST /portaldeninos/wp-login.php HTTP/1.1" 200 3605
172.22.2.4 - - [04/Dec/2022:10:59:53 -0500] "GET /BLA/boletinlegal/ HTTP/1.1" 200 56825
114.119.152.196 - - [04/Dec/2022:11:01:34 -0500] "GET /BLA/resoluciones/RESOLUCIONES%202017/2238.pdf HTTP/1.1" 200 6843144
201.245.192.253 - - [04/Dec/2022:11:01:40 -0500] "POST /kwsrmcab/Wsrmcab  HTTP/1.1" 200 213
66.249.66.87 - - [04/Dec/2022:11:02:28 -0500] "GET /BLA/resoluciones/RESOLUCIONES%202018/4338.pdf HTTP/1.1" 200 1333730
66.249.66.86 - - [04/Dec/2022:11:02:29 -0500] "GET /BLA/resoluciones/RESOLUCIONES%202010/7481.pdf HTTP/1.1" 200 68557
66.249.66.85 - - [04/Dec/2022:11:02:30 -0500] "GET /BLA/resoluciones/AUTOS%202014/2147.pdf HTTP/1.1" 200 556758
66.249.66.87 - - [04/Dec/2022:11:02:32 -0500] "GET /BLA/resoluciones/RESOLUCIONES%202017/1505.pdf HTTP/1.1" 200 333264
66.249.66.87 - - [04/Dec/2022:11:02:32 -0500] "GET /BLA/resoluciones/AUTOS%202013/1508.pdf HTTP/1.1" 200 143884
66.249.66.86 - - [04/Dec/2022:11:02:33 -0500] "GET /BLA/resoluciones/RESOLUCIONES%202010/3113.pdf HTTP/1.1" 200 539623
66.249.66.85 - - [04/Dec/2022:11:02:35 -0500] "GET /BLA/resoluciones/RESOLUCIONES%202017/3218.pdf HTTP/1.1" 200 287830
66.249.66.85 - - [04/Dec/2022:11:02:36 -0500] "GET /BLA/resoluciones/RESOLUCIONES%202009/3827.pdf HTTP/1.1" 200 445214
66.249.66.86 - - [04/Dec/2022:11:02:37 -0500] "GET /BLA/resoluciones/RESOLUCIONES%202007/RES%202007%20801%20AL%20900/RESOLUCION%200811%20DE%202007.pdf HTTP/1.1" 200 280492
66.249.66.87 - - [04/Dec/2022:11:02:38 -0500] "GET /BLA/resoluciones/RESOLUCIONES%202011/2916.pdf HTTP/1.1" 200 525266
66.249.66.85 - - [04/Dec/2022:11:02:40 -0500] "GET /Publicaciones/2022EE282335.pdf HTTP/1.1" 404 228
66.249.66.86 - - [04/Dec/2022:11:02:40 -0500] "GET /BLA/resoluciones/Notificaciones/AUTOS%202022/3673.pdf HTTP/1.1" 200 406146
66.249.66.85 - - [04/Dec/2022:11:02:47 -0500] "GET /BLA/resoluciones/RESOLUCIONES%202017/1608.pdf HTTP/1.1" 200 561066
114.119.152.60 - - [04/Dec/2022:11:03:05 -0500] "GET /BLA/resoluciones/RESOLUCIONES%202010/5538.pdf HTTP/1.1" 200 358195
185.119.81.102 - - [04/Dec/2022:11:03:07 -0500] "GET /portaldeninos/wp-login.php HTTP/1.1" 200 2592
185.119.81.102 - - [04/Dec/2022:11:03:08 -0500] "POST /portaldeninos/wp-login.php HTTP/1.1" 200 3605
186.155.19.149 - - [04/Dec/2022:09:23:18 -0500] "POST /sipse/faces/presentacion/financiero/solicitudProceso/listarSolicitudProceso.xhtml HTTP/1.1" 200 107693
114.119.137.146 - - [04/Dec/2022:11:03:47 -0500] "GET /BLA/resoluciones/RESOLUCIONES%202010/5026.pdf HTTP/1.1" 200 773763
47.246.164.135 - - [04/Dec/2022:11:05:09 -0500] "GET /portaldeninos/wp-content/uploads/2020/01/Tierra-escenario.jpg HTTP/1.1" 200 181491
114.119.148.154 - - [04/Dec/2022:11:05:45 -0500] "GET /BLA/resoluciones/RESOLUCIONES%202010/3876.pdf HTTP/1.1" 200 1127736
216.245.221.92 - - [04/Dec/2022:11:05:45 -0500] "HEAD / HTTP/1.1" 200 -
172.22.2.4 - - [04/Dec/2022:11:04:52 -0500] "HEAD /BLA/boletinlegal/ HTTP/1.1" 200 -
201.245.192.253 - - [04/Dec/2022:11:06:39 -0500] "POST /kwsrmcab/Wsrmcab  HTTP/1.1" 200 213
172.22.2.4 - - [04/Dec/2022:11:05:43 -0500] "GET /BLA/boletinlegal/ HTTP/1.1" 200 59404
162.142.125.211 - - [04/Dec/2022:11:07:23 -0500] "GET / HTTP/1.1" 200 319
162.142.125.211 - - [04/Dec/2022:11:07:23 -0500] "GET / HTTP/1.1" 200 319
162.142.125.211 - - [04/Dec/2022:11:07:23 -0500] "PRI * HTTP/2.0" 400 946
162.142.125.211 - - [04/Dec/2022:11:07:23 -0500] "GET /favicon.ico HTTP/1.1" 200 7782
114.119.134.49 - - [04/Dec/2022:11:08:47 -0500] "GET /BLA/resoluciones/RESOLUCIONES%202010/3802.pdf HTTP/1.1" 200 486603
114.119.132.28 - - [04/Dec/2022:11:10:11 -0500] "GET /BLA/resoluciones/RESOLUCIONES%202011/3685.pdf HTTP/1.1" 200 785442
216.245.221.92 - - [04/Dec/2022:11:10:45 -0500] "HEAD / HTTP/1.1" 200 -
69.171.249.22 - - [04/Dec/2022:11:11:11 -0500] "GET /images/Entrenubes%201%20(1)%20(1).jpeg HTTP/1.1" 200 70096
114.119.130.43 - - [04/Dec/2022:11:11:11 -0500] "GET /BLA/resoluciones/RESOLUCIONES%202010/2347.pdf HTTP/1.1" 200 351220
201.245.192.253 - - [04/Dec/2022:11:11:37 -0500] "POST /kwsrmcab/Wsrmcab  HTTP/1.1" 200 213
172.22.2.4 - - [04/Dec/2022:11:10:42 -0500] "HEAD /BLA/boletinlegal/ HTTP/1.1" 200 -
141.255.166.2 - - [04/Dec/2022:11:12:26 -0500] "GET / HTTP/1.1" 200 319
199.16.157.181 - - [04/Dec/2022:11:12:28 -0500] "-" 408 -
172.22.2.4 - - [04/Dec/2022:11:11:33 -0500] "GET /BLA/boletinlegal/ HTTP/1.1" 200 57192
114.119.153.67 - - [04/Dec/2022:11:13:35 -0500] "GET /BLA/resoluciones/RESOLUCIONES%202010/2107.pdf HTTP/1.1" 200 471198
207.46.13.198 - - [04/Dec/2022:11:13:42 -0500] "GET /BLA/resoluciones/index.php?dir=AUTOS+2015%2F HTTP/1.1" 200 577811
207.46.13.174 - - [04/Dec/2022:11:14:12 -0500] "GET /BLA/resoluciones/index.php?dir=RESOLUCIONES+2019%2F HTTP/1.1" 200 249154
114.119.153.50 - - [04/Dec/2022:11:15:23 -0500] "GET /BLA/resoluciones/RESOLUCIONES%202010/1555.pdf HTTP/1.1" 200 398825
216.245.221.92 - - [04/Dec/2022:11:15:45 -0500] "HEAD / HTTP/1.1" 200 -
201.245.192.253 - - [04/Dec/2022:11:16:36 -0500] "POST /kwsrmcab/Wsrmcab  HTTP/1.1" 200 213
114.119.128.14 - - [04/Dec/2022:11:17:59 -0500] "GET /BLA/resoluciones/RESOLUCIONES%202010/1534.pdf HTTP/1.1" 200 265589
172.22.2.4 - - [04/Dec/2022:11:16:32 -0500] "HEAD /BLA/boletinlegal/ HTTP/1.1" 200 -
172.22.2.4 - - [04/Dec/2022:11:17:23 -0500] "GET /BLA/boletinlegal/ HTTP/1.1" 200 59404
114.119.155.96 - - [04/Dec/2022:11:19:19 -0500] "GET /BLA/resoluciones/RESOLUCIONES%202010/1088.pdf HTTP/1.1" 200 114554
157.55.39.39 - - [04/Dec/2022:11:19:52 -0500] "GET /BLA/resoluciones/index.php?dir=AUTOS+2019%2F HTTP/1.1" 200 349992
216.245.221.92 - - [04/Dec/2022:11:20:45 -0500] "HEAD / HTTP/1.1" 200 -
114.119.137.174 - - [04/Dec/2022:11:20:48 -0500] "GET /BLA/resoluciones/RESOLUCIONES%202008/1586.pdf HTTP/1.1" 200 359550
201.245.192.253 - - [04/Dec/2022:11:20:54 -0500] "GET /kwsrmcab/Wsrmcab?wsdl HTTP/1.1" 200 6948
201.245.192.253 - - [04/Dec/2022:11:20:54 -0500] "POST /kwsrmcab/Wsrmcab HTTP/1.1" 200 40583
201.245.192.253 - - [04/Dec/2022:11:20:57 -0500] "POST /kwsrmcab/Wsrmcab HTTP/1.1" 200 42112
93.158.161.51 - - [04/Dec/2022:11:21:20 -0500] "-" 408 -
77.88.5.40 - - [04/Dec/2022:11:21:26 -0500] "-" 408 -
77.88.5.41 - - [04/Dec/2022:11:21:31 -0500] "-" 408 -
93.158.161.42 - - [04/Dec/2022:11:21:37 -0500] "-" 408 -
201.245.192.253 - - [04/Dec/2022:11:21:35 -0500] "POST /kwsrmcab/Wsrmcab  HTTP/1.1" 200 213
93.158.161.68 - - [04/Dec/2022:11:21:52 -0500] "-" 408 -
77.88.5.221 - - [04/Dec/2022:11:22:07 -0500] "-" 408 -
77.88.5.234 - - [04/Dec/2022:11:22:37 -0500] "-" 408 -
207.46.13.198 - - [04/Dec/2022:11:23:04 -0500] "GET /sipse/faces/autenticacion.xhtml HTTP/1.1" 200 12496
114.119.148.70 - - [04/Dec/2022:11:23:29 -0500] "GET /BLA/resoluciones/AUTOS%202017/2619.pdf HTTP/1.1" 200 304561
77.88.5.249 - - [04/Dec/2022:11:23:37 -0500] "-" 408 -
172.22.2.4 - - [04/Dec/2022:11:22:22 -0500] "HEAD /BLA/boletinlegal/ HTTP/1.1" 200 -
207.46.13.194 - - [04/Dec/2022:11:24:16 -0500] "GET /BLA/resoluciones/RESOLUCIONES%202004/RES%202004%202101-2150/00002105.tif HTTP/1.1" 200 151416
77.88.5.126 - - [04/Dec/2022:11:24:37 -0500] "-" 408 -
172.22.2.4 - - [04/Dec/2022:11:23:13 -0500] "GET /BLA/boletinlegal/ HTTP/1.1" 200 56079
216.245.221.92 - - [04/Dec/2022:11:25:45 -0500] "HEAD / HTTP/1.1" 200 -
114.119.157.54 - - [04/Dec/2022:11:26:26 -0500] "GET /BLA/resoluciones/AUTOS%202011/3088.pdf HTTP/1.1" 200 183789
114.119.155.154 - - [04/Dec/2022:11:26:33 -0500] "GET /Autoliquidacion/index.php?dir=Cobro%2BEvaluacion%2BCertificaci%C3%83%C2%83%C3%82%C2%AF%C3%83%C2%82%C3%82%C2%BF%C3%83%C2%82%C3%82%C2%BDn%2BPara%2BLa%2BDeducci%C3%83%C2%83%C3%82%C2%AF%C3%83%C2%82%C3%82%C2%BF%C3%83%C2%82%C3%82%C2%BDn%2BPor%2BInversi%C3%83%C2%83%C3%82%C2%AF%C3%83%C2%82%C3%82%C2%BF%C3%83%C2%82%C3%82%C2%BDn%2BEn%2BMedio%2BAmbiente/&sort=name&order=asc HTTP/1.1" 200 7231
201.245.192.253 - - [04/Dec/2022:11:26:34 -0500] "POST /kwsrmcab/Wsrmcab  HTTP/1.1" 200 213
77.88.5.158 - - [04/Dec/2022:11:26:37 -0500] "-" 408 -
77.88.5.236 - - [04/Dec/2022:11:29:37 -0500] "-" 408 -
172.22.2.4 - - [04/Dec/2022:11:28:12 -0500] "HEAD /BLA/boletinlegal/ HTTP/1.1" 200 -
40.77.167.13 - - [04/Dec/2022:11:30:20 -0500] "GET /sipse/faces/faces/autenticacion.xhtml HTTP/1.1" 200 12496
172.22.2.4 - - [04/Dec/2022:11:29:02 -0500] "GET /BLA/boletinlegal/ HTTP/1.1" 200 59404
216.245.221.92 - - [04/Dec/2022:11:30:45 -0500] "HEAD / HTTP/1.1" 200 -
201.245.192.253 - - [04/Dec/2022:11:30:53 -0500] "POST /kwsrmcab/Wsrmcab HTTP/1.1" 200 40583
201.245.192.253 - - [04/Dec/2022:11:30:56 -0500] "POST /kwsrmcab/Wsrmcab HTTP/1.1" 200 42112
201.245.192.253 - - [04/Dec/2022:11:31:33 -0500] "POST /kwsrmcab/Wsrmcab  HTTP/1.1" 200 213
66.249.66.86 - - [04/Dec/2022:11:32:29 -0500] "GET /BLA/resoluciones/RESOLUCIONES%202009/3903.pdf HTTP/1.1" 200 777665
66.249.66.85 - - [04/Dec/2022:11:32:30 -0500] "GET /BLA/resoluciones/RESOLUCIONES%202009/5256.pdf HTTP/1.1" 200 557953
66.249.66.86 - - [04/Dec/2022:11:32:31 -0500] "GET /BLA/resoluciones/RESOLUCIONES%202014/1511.pdf HTTP/1.1" 200 1314697
66.249.66.85 - - [04/Dec/2022:11:32:34 -0500] "GET /BLA/resoluciones/AUTOS%202016/2929.pdf HTTP/1.1" 200 353665
66.249.66.85 - - [04/Dec/2022:11:32:35 -0500] "GET /BLA/resoluciones/RESOLUCIONES%202010/7065.pdf HTTP/1.1" 200 83133
66.249.66.86 - - [04/Dec/2022:11:32:36 -0500] "GET /BLA/resoluciones/AUTOS%202014/0798.pdf HTTP/1.1" 200 601623
66.249.66.85 - - [04/Dec/2022:11:32:37 -0500] "GET /BLA/resoluciones/Notificaciones/AUTOS%202017/3584.pdf HTTP/1.1" 200 677316
168.119.61.24 - - [04/Dec/2022:11:33:05 -0500] "GET / HTTP/1.1" 200 319
114.119.156.119 - - [04/Dec/2022:11:35:23 -0500] "GET /BLA/resoluciones/RESOLUCIONES%202010/3454.pdf HTTP/1.1" 200 460646
172.22.2.4 - - [04/Dec/2022:11:34:02 -0500] "HEAD /BLA/boletinlegal/ HTTP/1.1" 200 -
216.245.221.92 - - [04/Dec/2022:11:35:45 -0500] "HEAD / HTTP/1.1" 200 -
114.119.145.228 - - [04/Dec/2022:11:36:26 -0500] "GET /BLA/resoluciones/RESOLUCIONES%202007/RES%202007%20901%20AL%201000/RESOLUCION%200902%20DE%202007.pdf HTTP/1.1" 200 235602
172.22.2.4 - - [04/Dec/2022:11:34:53 -0500] "GET /BLA/boletinlegal/ HTTP/1.1" 200 59035
201.245.192.253 - - [04/Dec/2022:11:36:33 -0500] "POST /kwsrmcab/Wsrmcab  HTTP/1.1" 200 213
216.245.221.92 - - [04/Dec/2022:11:40:45 -0500] "HEAD / HTTP/1.1" 200 -
201.245.192.253 - - [04/Dec/2022:11:40:53 -0500] "POST /kwsrmcab/Wsrmcab HTTP/1.1" 200 40583
201.245.192.253 - - [04/Dec/2022:11:40:57 -0500] "POST /kwsrmcab/Wsrmcab HTTP/1.1" 200 42112
157.55.39.39 - - [04/Dec/2022:11:41:25 -0500] "GET /BLA/resoluciones/index.php?dir=AUTOS+2018%2F HTTP/1.1" 200 442469
172.22.2.4 - - [04/Dec/2022:11:39:52 -0500] "HEAD /BLA/boletinlegal/ HTTP/1.1" 200 -
201.245.192.253 - - [04/Dec/2022:11:41:31 -0500] "POST /kwsrmcab/Wsrmcab  HTTP/1.1" 200 213
201.162.227.17 - - [04/Dec/2022:11:42:18 -0500] "GET /galeria/nivo-slider/demo/escuadron.mp4 HTTP/1.1" 206 2
172.22.2.4 - - [04/Dec/2022:11:42:19 -0500] "GET /BLA/boletinlegal/images/screen_1.png HTTP/1.1" 200 202547
172.22.2.4 - - [04/Dec/2022:11:42:19 -0500] "GET /BLA/boletinlegal/images/cabezote%20BLEGAL.jpg HTTP/1.1" 200 118164
172.22.2.4 - - [04/Dec/2022:11:42:21 -0500] "GET /BLA/boletinlegal/actos.php HTTP/1.1" 200 9566
172.22.2.4 - - [04/Dec/2022:11:42:21 -0500] "GET /BLA/boletinlegal/favicon.ico HTTP/1.1" 404 1326
172.22.2.4 - - [04/Dec/2022:11:40:43 -0500] "GET /BLA/boletinlegal/ HTTP/1.1" 200 56825
186.84.20.209 - - [04/Dec/2022:11:42:23 -0500] "GET /BLA/resoluciones/ HTTP/1.1" 200 13093
186.84.20.209 - - [04/Dec/2022:11:42:24 -0500] "GET /BLA/resoluciones/index.php?dir=AUTOS+2018%2F HTTP/1.1" 200 442469
201.162.227.17 - - [04/Dec/2022:11:42:25 -0500] "GET /galeria/nivo-slider/demo/escuadron.mp4 HTTP/1.1" 206 2020
201.162.227.17 - - [04/Dec/2022:11:42:18 -0500] "GET /galeria/nivo-slider/demo/escuadron.mp4 HTTP/1.1" 206 141917477
201.162.227.17 - - [04/Dec/2022:11:42:23 -0500] "GET /galeria/nivo-slider/demo/escuadron.mp4 HTTP/1.1" 206 141851941
201.162.227.17 - - [04/Dec/2022:11:42:24 -0500] "GET /galeria/nivo-slider/demo/escuadron.mp4 HTTP/1.1" 206 141915029
172.22.2.4 - - [04/Dec/2022:11:42:27 -0500] "GET /BLA/boletinlegal/images/screen_2.png HTTP/1.1" 200 362502
172.22.2.4 - - [04/Dec/2022:11:42:27 -0500] "GET /BLA/boletinlegal/images/screen_3.png HTTP/1.1" 200 210620
172.22.2.4 - - [04/Dec/2022:11:42:27 -0500] "GET /BLA/boletinlegal/images/screen_5.png HTTP/1.1" 200 368876
201.162.227.17 - - [04/Dec/2022:11:42:25 -0500] "GET /galeria/nivo-slider/demo/escuadron.mp4 HTTP/1.1" 206 141655333
186.102.60.228 - - [04/Dec/2022:11:43:30 -0500] "GET /kwssiamovil/sm/acme/a?s=U2FsdGVkX18GwQyWznRZk8eEemAKtRIAk8GO+uc4Rd7cSBgXfBVkZ9KraeaQ+bMrnTugx+xIHN4DsdabRYzKCOmHyHCZ957AyNxQojhYD2i3ryIkDnTFZoM7OIzRoGxJUAUhULzHaO1DORlDhxyGU5L+sckVBB1M28PROQt/ZzDkx8RvNo1044KFZBh5Q4QIk9DSVvJqzA/ZWnAd+bbIIYwALhsfQL4XFbiFKRG/v5sW0arN7ApOZPwKRzr5BMCSYWruQeIHxZ5vZ+3KOcDv7g==&u=U2FsdGVkX19pQWfP8SewuibfXyI8CpJI+iI/yfYSpzE=&y=U2FsdGVkX18EhiALarkApSWEli545HLPVSgJ137pK2lhmDvTYX6a8LGBkv53IDR1 HTTP/1.1" 200 26
186.102.60.228 - - [04/Dec/2022:11:43:31 -0500] "GET /kwssiamovil/sm/acme/a?s=U2FsdGVkX1/PvOCQRRjlriXEHps/8LcKRMsYVdenbmlcQJG0PwiBtuoU2GOMfkfk2U3J2M2DMogU+mISdj+R05YnXlpaHT8hs9uIzLNcVHIj3Pd64XcodOvcAixeUvq7Y7j907qAtwCOmy7LNpBwBUMwBPIAsOnjP4NuMOTRxbUKYWYtOgvAOkyNZiX0pKTy0Q41Ixg09i9eJEqukwn5bUXOkKGn2pibVkuyvgtSiDie6Ka2hzN95xBIUOSmNYHJDCn8LDy+24aEfrN0lxHK5GHmIzodzQtSpdXZgc/7JigiWJKvo266N6mxn2QYpNSmB6byCJSGBlLN6vvn3Adup91vGTTPxifoKxjmbj4rvKtt/OmdVt/QmnXkm6xm7q28dwxWijShWv5OKdFjkrbTx4kuC/PXy7JfoiX1oBW0mMRmmPFQUunzun4Qp/ijhJ0iPJo9Joh1k5F3tux840UZlpXQg6qrtqVfWz2ymm21+vI05nIPqecIfXTk7A0ZAuTqXS4Lr/fBAzF/3oEaq9HvOlHkIZoboRpuJRzuDwpUyT51rMgJ8njZl4TW9NtZsexPX9bDyoEqbKKlHPehi9Of9JZemtPm9waAGhOUydVDwyWvZI4BY6GNW4VzaMQPJMSl+AI/Nj1vzQw4w04IpXBcuCOCeiQ886pcmzIwdFpputniwXlkqAyRI7rontgRCScIgyWDsgDrtk4KbceAvjUnEOdJx79oevThbEFUiokORfw9kiB8nIVfknvJsUvzfMenTGtM7s44EzAX03Ti+Vu8+5fipItoiO+5VrxXFAHYZpTsej8FKXZhMXoD7uQnitYTlRPcZnOn7i4TXl9aeiDVilHYKYSkE4zNrlnT5NKxUgUPSGtcTtsXWGQp3xS/kv7axQbo67g3Vo2My52bn9ogtk2HFbfe1yRnihkKxlayTx5XvfHHPOhdjMlOgYPee7SZCXTLXowMQnEwu7pSEzRoGGcrkkXRqP2ylVuNZab8+Yro4C852Xq2ON1anAdbT/p+pPgZSrGkWGTOxi64eL4Aj9R7FG0UNRvqka+vLPLh3r2r+44NjRt0Zk8btyEn3g3X3R8aWY//FT33sDQNPneK7Qwbyrr/OdpYb7LupmwlpOBspQ4ECYkY8S0XRkjLW9wJDeiH3/TcK1cUbGwZrBYSbP9xLsFFRWLRrNgoEnG+XvJ+qP9PmIyxmwjiTbS2rj7GjzVSACKmMUYbLXsRfN8g3ayJtvg4TgANrFqTs+elmElX/cX2AbfjY26sha724pVT6f8fiNUJPWcg6uVt5Vjf0+NsFAdBoxunCdqDbeaa6aEQ6qpdp9KD464rGu5y51zBnMF7eU4kd2dlKIuZ5tj78lUxayODxstmSC0ozshAqF7crsmbjr8cS0tyHZ0SrGLXeFCDnq52g/01i7iItWybTJaIdIOkC1Jcr4utpd9sdpepT6epTHieXIhAvwd1k8qRDNjZfyJhSc0TUqw07NDo+dZ2OCWUSNSp6Vno71xDRo24XO8cQFfllvpqqyoHmHb6lCcvuW6A40m7FpnQlGpe/4FYCIlTaDiBvaL9hwXMRg0ypNm21uK5LNJvLj1wUncSpUP8UbRnfYf4HfeRQWi4ieU5fIKJkg9yAKZXlXgZBoYU9thJ8jceOR5+hs/vN7vXTBf9pvCS1LudC2iU9BJKT6dG8ssnSVLv1K5cQAwHDCKfizWt4HEq253rvPbCnlvEkXq4GlAu4khnZYl2vlPKgiFVyX3r4OZlEU1sJMhm/q1o5ZXJnU5McuX6kgG13DNmofHKWoFej6cD1JhhbocxxmjU34yejLLUtklMt6qMD8o+zxW/w9IdOEvRICXfS9CtenVavFrt4PWuhQcESIsRQGZKewVipn4l9wRwLRSdgvD+Xem8cIWFiOau/4oc6G4WpypxfRwRmb/Yf52u4U3nFbRke0UDfdRoe4uIxNZb9aUuSfQQFtPeoYkWYDbvHnYC26bxzM16cirT+OsqXtK7RImhszXdRQ+OzBhyT7J2majJUzq5486MkB6JUWTpt0iwPug8ctLOFSw5sIow0E5daXryzUrgX+G3yvZoY+q6E5yczygC7wBfSrj4p1uxawDlJg369b75hSbsnUy9g0w/q0PxOFb7jfEaDHkx6lWRLGZRSCzSJM4B9+iKn7aVNWRdo67aFj5IKCQQ1RfleaxmNet7PlLb5hmCZ0hVu+Sf9rSjz3KJdA32gwOopV4Oe1noI5RRAFg5rC0RSzna68hjQ2U5+J3MiGhYiCZSgDGsfl3VW1T5NbY5WEUtLHC1vd1qJmBXDImg+y7rg2AKhUP1E+NE3aaGLYTgOekeLFRdS+7K0smMFRs5+dG2i+Gnt5w3qqZ5WAe7sJ8SmJ/p9j1Acz0Neqf7qFSxph7XOxu24BhDO21lI4/VRgYJP375BguE+LFVyBCkqtehgxI7Apa6hdj5T4pCR5MyZX3C9exRjgwXTjSCeO9ecKgHQOe/xosuOCLZKA8s+STXcsOPShih0iVYc6OqW3T0He06p7uYHhQ=&u=U2FsdGVkX19pQWfP8SewuibfXyI8CpJI+iI/yfYSpzE=&y=U2FsdGVkX18EhiALarkApSWEli545HLPVSgJ137pK2lhmDvTYX6a8LGBkv53IDR1 HTTP/1.1" 200 26
186.102.60.228 - - [04/Dec/2022:11:43:31 -0500] "GET /kwssiamovil/sm/acme/a?s=U2FsdGVkX18Z+tikQlzlZN2io1ixRBIUoALT9aHaXHnpbWmbfR6OyaLZi7B/FkN6+Xdw/TydZYhqou3cUH9VKaI16W7e94Puvw1U5oeKx8BNQwYb/XN6KtnzJZy2IiUldHi4mE1ZCFkIGvr0tdp8qHFuGcFKoQhxqlAvbdt1vnk=&u=U2FsdGVkX19pQWfP8SewuibfXyI8CpJI+iI/yfYSpzE=&y=U2FsdGVkX18EhiALarkApSWEli545HLPVSgJ137pK2lhmDvTYX6a8LGBkv53IDR1 HTTP/1.1" 200 26
