186.80.174.201 - - [04/Dec/2022:21:08:49 -0500] "GET /sipse/faces/javax.faces.resource/theme.css?ln=primefaces-sipse HTTP/1.1" 304 -
186.80.174.201 - - [04/Dec/2022:21:08:49 -0500] "GET /sipse/faces/javax.faces.resource/jquery/jquery.js?ln=primefaces&v=4.0 HTTP/1.1" 304 -
186.80.174.201 - - [04/Dec/2022:21:08:49 -0500] "GET /sipse/faces/javax.faces.resource/primefaces.js?ln=primefaces&v=4.0 HTTP/1.1" 304 -
186.80.174.201 - - [04/Dec/2022:21:08:49 -0500] "GET /sipse/faces/javax.faces.resource/layout/layout.css?ln=primefaces&v=4.0 HTTP/1.1" 304 -
186.80.174.201 - - [04/Dec/2022:21:08:49 -0500] "GET /sipse/faces/javax.faces.resource/layout/layout.js?ln=primefaces&v=4.0 HTTP/1.1" 304 -
186.80.174.201 - - [04/Dec/2022:21:08:49 -0500] "GET /sipse/faces/javax.faces.resource/jquery/jquery-plugins.js?ln=primefaces&v=4.0 HTTP/1.1" 304 -
186.80.174.201 - - [04/Dec/2022:21:08:49 -0500] "GET /sipse/faces/javax.faces.resource/primefaces.css?ln=primefaces&v=4.0 HTTP/1.1" 304 -
186.80.174.201 - - [04/Dec/2022:21:08:51 -0500] "GET /sipse/faces/javax.faces.resource/images/ui-icons_898989_256x240.png?ln=primefaces-aristo HTTP/1.1" 304 -
186.80.174.201 - - [04/Dec/2022:21:08:52 -0500] "GET /sipse/faces/faces/index.xhtml HTTP/1.1" 200 677
186.80.174.201 - - [04/Dec/2022:21:08:53 -0500] "GET /sipse/faces/javax.faces.resource/theme.css?ln=primefaces-sipse HTTP/1.1" 304 -
186.80.174.201 - - [04/Dec/2022:21:08:54 -0500] "GET /sipse/faces/faces/faces/autenticacion.xhtml HTTP/1.1" 200 12182
186.80.174.201 - - [04/Dec/2022:21:08:54 -0500] "GET /sipse/faces/javax.faces.resource/theme.css?ln=primefaces-sipse HTTP/1.1" 304 -
186.80.174.201 - - [04/Dec/2022:21:08:54 -0500] "GET /sipse/faces/javax.faces.resource/primefaces.css?ln=primefaces&v=4.0 HTTP/1.1" 304 -
186.80.174.201 - - [04/Dec/2022:21:08:54 -0500] "GET /sipse/faces/javax.faces.resource/layout/layout.css?ln=primefaces&v=4.0 HTTP/1.1" 304 -
186.80.174.201 - - [04/Dec/2022:21:08:54 -0500] "GET /sipse/faces/javax.faces.resource/jquery/jquery-plugins.js?ln=primefaces&v=4.0 HTTP/1.1" 304 -
186.80.174.201 - - [04/Dec/2022:21:08:54 -0500] "GET /sipse/faces/javax.faces.resource/jquery/jquery.js?ln=primefaces&v=4.0 HTTP/1.1" 304 -
186.80.174.201 - - [04/Dec/2022:21:08:54 -0500] "GET /sipse/faces/javax.faces.resource/primefaces.js?ln=primefaces&v=4.0 HTTP/1.1" 304 -
186.80.174.201 - - [04/Dec/2022:21:08:54 -0500] "GET /sipse/faces/javax.faces.resource/layout/layout.js?ln=primefaces&v=4.0 HTTP/1.1" 304 -
186.80.174.201 - - [04/Dec/2022:21:08:54 -0500] "GET /sipse/faces/javax.faces.resource/images/ui-icons_898989_256x240.png?ln=primefaces-aristo HTTP/1.1" 304 -
186.80.174.201 - - [04/Dec/2022:21:08:57 -0500] "POST /sipse/faces/autenticacion.xhtml HTTP/1.1" 200 2219
186.80.174.201 - - [04/Dec/2022:21:08:57 -0500] "GET /sipse/faces/javax.faces.resource/messages/messages.png?ln=primefaces&v=4.0 HTTP/1.1" 304 -
186.80.174.201 - - [04/Dec/2022:21:08:58 -0500] "POST /sipse/faces/autenticacion.xhtml HTTP/1.1" 200 16397
186.80.174.201 - - [04/Dec/2022:21:08:58 -0500] "GET /sipse/faces/javax.faces.resource/jquery/jquery.js?ln=primefaces&v=4.0 HTTP/1.1" 304 -
186.80.174.201 - - [04/Dec/2022:21:08:58 -0500] "GET /sipse/faces/javax.faces.resource/jquery/jquery-plugins.js?ln=primefaces&v=4.0 HTTP/1.1" 304 -
186.80.174.201 - - [04/Dec/2022:21:08:58 -0500] "GET /sipse/faces/javax.faces.resource/primefaces.js?ln=primefaces&v=4.0 HTTP/1.1" 304 -
186.80.174.201 - - [04/Dec/2022:21:08:59 -0500] "GET /sipse/faces/javax.faces.resource/layout/layout.js?ln=primefaces&v=4.0 HTTP/1.1" 304 -
186.80.174.201 - - [04/Dec/2022:21:08:59 -0500] "GET /sipse/css/imagen/contrasena.png HTTP/1.1" 404 383
186.80.174.201 - - [04/Dec/2022:21:09:01 -0500] "GET /sipse/faces/javax.faces.resource/images/ui-bg_flat_0_2d5972_40x100.png?ln=primefaces-aristo HTTP/1.1" 304 -
186.80.174.201 - - [04/Dec/2022:21:09:01 -0500] "POST /sipse/faces/bienvenido.xhtml HTTP/1.1" 200 6185
186.80.174.201 - - [04/Dec/2022:21:09:03 -0500] "POST /sipse/faces/bienvenido.xhtml HTTP/1.1" 200 32170
186.80.174.201 - - [04/Dec/2022:21:09:04 -0500] "GET /sipse/faces/javax.faces.resource/jquery/jquery.js?ln=primefaces&v=4.0 HTTP/1.1" 304 -
186.80.174.201 - - [04/Dec/2022:21:09:04 -0500] "GET /sipse/faces/javax.faces.resource/jquery/jquery-plugins.js?ln=primefaces&v=4.0 HTTP/1.1" 304 -
186.80.174.201 - - [04/Dec/2022:21:09:04 -0500] "GET /sipse/faces/javax.faces.resource/primefaces.js?ln=primefaces&v=4.0 HTTP/1.1" 304 -
186.80.174.201 - - [04/Dec/2022:21:09:04 -0500] "GET /sipse/faces/javax.faces.resource/layout/layout.js?ln=primefaces&v=4.0 HTTP/1.1" 304 -
186.80.174.201 - - [04/Dec/2022:21:09:07 -0500] "POST /sipse/faces/presentacion/sistema/reporte/listarReportes.xhtml HTTP/1.1" 200 22440
186.80.174.201 - - [04/Dec/2022:21:09:07 -0500] "GET /sipse/faces/javax.faces.resource/theme.css?ln=primefaces-sipse HTTP/1.1" 304 -
186.80.174.201 - - [04/Dec/2022:21:09:07 -0500] "GET /sipse/faces/javax.faces.resource/primefaces.css?ln=primefaces&v=4.0 HTTP/1.1" 304 -
186.80.174.201 - - [04/Dec/2022:21:09:07 -0500] "GET /sipse/faces/javax.faces.resource/jquery/jquery.js?ln=primefaces&v=4.0 HTTP/1.1" 304 -
186.80.174.201 - - [04/Dec/2022:21:09:07 -0500] "GET /sipse/faces/javax.faces.resource/layout/layout.css?ln=primefaces&v=4.0 HTTP/1.1" 304 -
186.80.174.201 - - [04/Dec/2022:21:09:07 -0500] "GET /sipse/faces/javax.faces.resource/primefaces.js?ln=primefaces&v=4.0 HTTP/1.1" 304 -
186.80.174.201 - - [04/Dec/2022:21:09:07 -0500] "GET /sipse/faces/javax.faces.resource/jquery/jquery-plugins.js?ln=primefaces&v=4.0 HTTP/1.1" 304 -
186.80.174.201 - - [04/Dec/2022:21:09:07 -0500] "GET /sipse/faces/javax.faces.resource/layout/layout.js?ln=primefaces&v=4.0 HTTP/1.1" 304 -
186.80.174.201 - - [04/Dec/2022:21:09:08 -0500] "GET /sipse/faces/javax.faces.resource/images/ui-icons_898989_256x240.png?ln=primefaces-aristo HTTP/1.1" 304 -
201.245.192.253 - - [04/Dec/2022:21:09:25 -0500] "POST /kwsrmcab/Wsrmcab  HTTP/1.1" 200 213
216.245.221.92 - - [04/Dec/2022:21:10:44 -0500] "HEAD / HTTP/1.1" 200 -
152.89.196.211 - - [04/Dec/2022:21:11:06 -0500] "GET /actuator/gateway/routes HTTP/1.1" 404 1018
114.119.150.45 - - [04/Dec/2022:21:11:55 -0500] "GET /BLA/resoluciones/index.php?dir=RESOLUCIONES%2B1995/&sort=size&order=asc HTTP/1.1" 200 13300
172.22.2.4 - - [04/Dec/2022:21:11:33 -0500] "HEAD /BLA/boletinlegal/ HTTP/1.1" 200 -
172.22.2.4 - - [04/Dec/2022:21:12:23 -0500] "GET /BLA/boletinlegal/ HTTP/1.1" 200 58612
114.119.155.145 - - [04/Dec/2022:21:14:14 -0500] "GET /BLA/resoluciones/RESOLUCIONES%202018/1342.pdf HTTP/1.1" 200 508870
201.245.192.253 - - [04/Dec/2022:21:14:23 -0500] "POST /kwsrmcab/Wsrmcab  HTTP/1.1" 200 213
40.77.167.13 - - [04/Dec/2022:21:14:53 -0500] "GET /BLA/resoluciones/RESOLUCIONES%202000/2000%20900-949.tif HTTP/1.1" 200 4091182
216.245.221.92 - - [04/Dec/2022:21:15:44 -0500] "HEAD / HTTP/1.1" 200 -
185.119.81.99 - - [04/Dec/2022:21:15:51 -0500] "GET /portaldeninos/wp-login.php HTTP/1.1" 200 2592
185.119.81.99 - - [04/Dec/2022:21:15:52 -0500] "POST /portaldeninos/wp-login.php HTTP/1.1" 200 3605
173.252.79.16 - - [04/Dec/2022:21:18:42 -0500] "GET /images/cr\xc3\xb3nica-29-nov-1_optimized.jpeg HTTP/1.1" 404 1034
172.22.2.4 - - [04/Dec/2022:21:17:23 -0500] "HEAD /BLA/boletinlegal/ HTTP/1.1" 200 -
201.245.192.253 - - [04/Dec/2022:21:19:22 -0500] "POST /kwsrmcab/Wsrmcab  HTTP/1.1" 502 1155
172.22.2.4 - - [04/Dec/2022:21:18:13 -0500] "GET /BLA/boletinlegal/ HTTP/1.1" 200 53739
216.245.221.92 - - [04/Dec/2022:21:20:44 -0500] "HEAD / HTTP/1.1" 200 -
201.245.192.253 - - [04/Dec/2022:21:20:51 -0500] "POST /kwsrmcab/Wsrmcab HTTP/1.1" 200 42954
201.245.192.253 - - [04/Dec/2022:21:20:54 -0500] "POST /kwsrmcab/Wsrmcab HTTP/1.1" 200 41946
162.55.173.23 - - [04/Dec/2022:21:22:05 -0500] "GET / HTTP/1.1" 200 319
157.55.39.39 - - [04/Dec/2022:21:23:48 -0500] "GET /BLA/resoluciones/index.php?dir=AUTOS+2019%2F HTTP/1.1" 200 349992
201.245.192.253 - - [04/Dec/2022:21:24:21 -0500] "POST /kwsrmcab/Wsrmcab  HTTP/1.1" 200 213
172.22.2.4 - - [04/Dec/2022:21:23:13 -0500] "HEAD /BLA/boletinlegal/ HTTP/1.1" 200 -
186.28.78.64 - - [04/Dec/2022:21:24:57 -0500] "GET /catalogoisis/ HTTP/1.1" 200 8575
186.28.78.64 - - [04/Dec/2022:21:24:57 -0500] "GET /catalogoisis/Css/Busqueda.css HTTP/1.1" 200 1995
186.28.78.64 - - [04/Dec/2022:21:24:57 -0500] "GET /catalogoisis/Js/AceptarLimpiar.js HTTP/1.1" 200 331
186.28.78.64 - - [04/Dec/2022:21:24:57 -0500] "GET /catalogoisis/Js/CriterioCombinada.js HTTP/1.1" 200 1843
186.28.78.64 - - [04/Dec/2022:21:24:57 -0500] "GET /catalogoisis/Js/Cookies.js HTTP/1.1" 200 1369
186.28.78.64 - - [04/Dec/2022:21:24:57 -0500] "GET /catalogoisis/Js/Remote.js HTTP/1.1" 200 436
186.28.78.64 - - [04/Dec/2022:21:24:57 -0500] "GET /catalogoisis/Js/LimpiarCombinada.js HTTP/1.1" 200 207
186.28.78.64 - - [04/Dec/2022:21:24:57 -0500] "GET /catalogoisis/Js/Go.js HTTP/1.1" 200 364
186.28.78.64 - - [04/Dec/2022:21:24:57 -0500] "GET /catalogoisis/Js/Numero.js HTTP/1.1" 200 398
186.28.78.64 - - [04/Dec/2022:21:24:57 -0500] "GET /catalogoisis/Js/Enter.js HTTP/1.1" 200 1208
186.28.78.64 - - [04/Dec/2022:21:24:57 -0500] "GET /catalogoisis/imagenes/br1c1.gif HTTP/1.1" 200 172
186.28.78.64 - - [04/Dec/2022:21:24:57 -0500] "GET /catalogoisis/imagenes/br1c3.gif HTTP/1.1" 200 302
186.28.78.64 - - [04/Dec/2022:21:24:57 -0500] "GET /catalogoisis/imagenes/Turnbo1.gif HTTP/1.1" 200 227
186.28.78.64 - - [04/Dec/2022:21:24:57 -0500] "GET /catalogoisis/imagenes/aceptar1.gif HTTP/1.1" 200 604
186.28.78.64 - - [04/Dec/2022:21:24:57 -0500] "GET /catalogoisis/imagenes/limpiar1.gif HTTP/1.1" 200 606
186.28.78.64 - - [04/Dec/2022:21:24:57 -0500] "GET /catalogoisis/imagenes/br3c2.gif HTTP/1.1" 200 285
186.28.78.64 - - [04/Dec/2022:21:24:57 -0500] "GET /catalogoisis/imagenes/br3c1.gif HTTP/1.1" 200 177
186.28.78.64 - - [04/Dec/2022:21:24:57 -0500] "GET /catalogoisis/imagenes/br3c3.gif HTTP/1.1" 200 186
186.28.78.64 - - [04/Dec/2022:21:24:57 -0500] "GET /catalogoisis/imagenes/br1c2.gif HTTP/1.1" 200 297
186.28.78.64 - - [04/Dec/2022:21:24:57 -0500] "GET /catalogoisis/imagenes/Header.gif HTTP/1.1" 200 30313
186.28.78.64 - - [04/Dec/2022:21:24:57 -0500] "GET /catalogoisis/imagenes/br2c1.gif HTTP/1.1" 200 297
186.28.78.64 - - [04/Dec/2022:21:24:57 -0500] "GET /catalogoisis/imagenes/br2c2.gif HTTP/1.1" 200 302
186.28.78.64 - - [04/Dec/2022:21:24:57 -0500] "GET /catalogoisis/imagenes/br2c3.gif HTTP/1.1" 200 416
186.28.78.64 - - [04/Dec/2022:21:24:58 -0500] "GET /favicon.ico HTTP/1.1" 200 7782
66.249.66.87 - - [04/Dec/2022:21:25:38 -0500] "GET /galeria/galeria/jquery.fancybox.js?v=2.1.5 HTTP/1.1" 200 48706
172.22.2.4 - - [04/Dec/2022:21:24:03 -0500] "GET /BLA/boletinlegal/ HTTP/1.1" 200 52079
216.245.221.92 - - [04/Dec/2022:21:25:44 -0500] "HEAD / HTTP/1.1" 200 -
190.145.240.68 - - [04/Dec/2022:21:26:53 -0500] "GET /kwssiamovil/sm/ldap/au?x=U2FsdGVkX1+14r3PmCMNm/6otxH1P3t9cpgINJXuhV2eBkOUJF54IT726D78Zb2d&y=U2FsdGVkX1/LrF7Eofjw933wLWPjlWEzVY04coKU3TxAWEO1q++inAkBl4GW22JL HTTP/1.1" 200 31
190.145.240.68 - - [04/Dec/2022:21:26:54 -0500] "GET /kwssiamovil/sm/ldap/au?x=U2FsdGVkX18hoYIBUVnih3dWDgrKp+NUmc74hpeBb23d1YtoJztyXox3EeKgu62h&y=U2FsdGVkX18npzeAKrh/mPYGPWde/Lvu1pHVO0I2mseuSh0i08Ip7X2lngzEwAfM HTTP/1.1" 200 31
190.145.240.68 - - [04/Dec/2022:21:27:06 -0500] "GET /kwssiamovil/sm/ldap/au?x=U2FsdGVkX1+C5KhF2lOVDw4/oI9bJrPPaZB2BzHdktgv3x/qppCA+jXB8JIUSKQy&y=U2FsdGVkX185oFGgNJxdJECKNbrBlB1fFO9FdRZwWJVbfzyEJy7nDZs8qyHek2wI HTTP/1.1" 200 30
190.145.240.68 - - [04/Dec/2022:21:27:06 -0500] "GET /kwssiamovil/sm/acme/s?s=U2FsdGVkX18w9pwoc1usCjF3TmzUzcBsVdptKbWPii6rxVbWGzVnc5ps6bbQMFg0J7OgrSmS+15eCHuBLqiJNqtDAGYgaMLvyjs2p2Ey3B0=&u=U2FsdGVkX1+4F9QyX0vHQ6end0xtS8Oy0RBRVrV9sTE=&y=U2FsdGVkX185oFGgNJxdJECKNbrBlB1fFO9FdRZwWJVbfzyEJy7nDZs8qyHek2wI HTTP/1.1" 200 97
190.145.240.68 - - [04/Dec/2022:21:27:06 -0500] "GET /kwssiamovil/sm/acme/s?s=U2FsdGVkX19CSWdWo68lDhTKmAuTYPd4GdIczjYeMEhj0FH1rZYtYflYoJdB9Wg5m+OzlQg53wm10ns9fp32BhedQKuZLOu+xN3GMrpaJ0vlNKl11w6Z7/ogxAUD4VNI/maFMWaLqS7hUeJIZqzTTVozxxL/ELGw4o0HldufV5q9EHh1O48kUYfGhN/UAgSQZNp9pwI3hOpB0HH9Cjzl3SUHbptn9d/fpGSkY3eIRa1cRi25nSBxaZ03IcxeFkN6PuUChMicnB/NR2tEZ/TfLLgc0Yo/PUyl6ymTf9riXxzmRbRuf/Lb9yIUkWd50hgHE6FFKmhAAd7k0Syk4//Ufr5jUzhdw9w6Ui95kSSaLV0X9J8JTOe5a1JyGf2/qGBcW0LRK1n+0z4oFziidyU7K+ZXcxH3bABYes9y/uK6afpRkn4pQTh4ANlGCLV0Wrc4c+BScpzVaVMPaxZPJeYNutDWrfCjz3hXUnMRMq0Ge9tjii3DC7BlsQ19XpPGjI+WSYu/bgTqD4sUgNOrhMpK2L23UTttPF6nZqsePhn/hQyhi5Ey3+17fTVyaPNlROkitsrY3bqp4V8PO2efzZPGvdTRJbRoptaiI25EsuTKYxqBYnSz7HP9rZHdi+iF758z5Z2YHaTEIh2RKakytdqBjM/7zQxRyhbgF1/qQ5zOi3n3Q6s/LBINQ4C6xI56I8b/tvAWB9lWeztGgqVj2nqB6OSshjqW/t+2XFYvnBAuq+XALJvu+91GCzNvMw9h4KlYWUwDjZHfm32d1lDhd3oOKkwqFU2GK5Fjn8UZxjtVGBLV5b1eKR0TVOy7KhvgAYoEYem36tzPC/J9WO7PfNAnivIo+nyo6dQzKuasVhOp82UtAg6k2nmKL3kCCo3mEf0wwSBL8+DPRT/M8QnLjd14sLK1iaKugA58MlrC152X2GX+S83f0TzmgTRmM3OoHB8P56+tiWk/SjYZRPXXasEyqrIcDKECXOwqQs+DzHHBqnmWT3OcNFZB1JsSwmiDD0MAd/Wo7j3gReTjJyRDHt0bHpkDUwrqAVUY+X/DpkVMtFM/LIuZ9KSJfCFRTICbcISMqdzWr515y8MSFEAeqvUWnJfyprpoFFlNEcSXj8WwxRlkSnOclBwgCU9BO+rrkTt0KSFnrF68WxRoUQi8xr0waEzV3Mq2tchPo7QPPIiRUUjAVWN6TWDuV8okGu6KTZwzrBMm4TuEc9LH53SGSJNGG0A2+cas0tD/IdO+Mw3I6VphWLXIFnw0shZjmJRWwEOSur/UI951Ox6v0RkHOAvBUJPNOXEAmcZ8peyX6A/KQlbcqRs8hAkeR5fkRbSOke8L0n1b3sTFWhc/M68Jfq8n74ngpswNOn5rRVz8dk8TEiln/EgsUrqkGCXxyc2NEz6doQtSte7ijpXtHKoICMyEcBwFLBLbPzu8SXPktmTyo4s=&u=U2FsdGVkX1+4F9QyX0vHQ6end0xtS8Oy0RBRVrV9sTE=&y=U2FsdGVkX185oFGgNJxdJECKNbrBlB1fFO9FdRZwWJVbfzyEJy7nDZs8qyHek2wI HTTP/1.1" 200 2565
190.145.240.68 - - [04/Dec/2022:21:27:06 -0500] "GET /kwssiamovil/sm/acme/s?s=U2FsdGVkX1/6bBrLEl9CCu7vDXWIBmetl6vBVnGZdlNpxhgGQ91faKjLEJByFz17/aeiWwtttd271G4mXjI0M2SQLj+DMaIhQrVcq+tsaWzVMRiYsIdBE5c488l38WAETrvVihtmu+BEun6sFNfkGqIPD5APYJCtH/hkoawZvE6mV2Kiaz16KtqLQxG27NHiIuHOm95WgLpZ4wwQNkzWVcquHOFBuO0nyfCnFZzFgr+Z6427BPd0aftlQcuwrv/b8FtbNu/Tjsk2t9U10QuEqoju2EfUfLhPPKvqUGusvoVvdvhvEv3PLPk49YXjidx7fQyjbDLMyNqXUeLkk/rw4w==&u=U2FsdGVkX1+4F9QyX0vHQ6end0xtS8Oy0RBRVrV9sTE=&y=U2FsdGVkX185oFGgNJxdJECKNbrBlB1fFO9FdRZwWJVbfzyEJy7nDZs8qyHek2wI HTTP/1.1" 200 196
190.145.240.68 - - [04/Dec/2022:21:27:06 -0500] "GET /kwssiamovil/sm/cjson/pre?f=1&x=U2FsdGVkX1+C5KhF2lOVDw4/oI9bJrPPaZB2BzHdktgv3x/qppCA+jXB8JIUSKQy HTTP/1.1" 200 31032
201.245.192.253 - - [04/Dec/2022:21:29:21 -0500] "POST /kwsrmcab/Wsrmcab  HTTP/1.1" 200 213
69.171.251.119 - - [04/Dec/2022:21:29:37 -0500] "GET /images/cr\xc3\xb3nica-29-nov-1_optimized.jpeg HTTP/1.1" 404 1034
157.55.39.39 - - [04/Dec/2022:21:30:32 -0500] "GET /BLA/resoluciones/RESOLUCIONES%202004/RES%202004%202101-2150/00002142.tif HTTP/1.1" 200 151346
172.22.2.4 - - [04/Dec/2022:21:29:03 -0500] "HEAD /BLA/boletinlegal/ HTTP/1.1" 200 -
216.245.221.92 - - [04/Dec/2022:21:30:44 -0500] "HEAD / HTTP/1.1" 200 -
201.245.192.253 - - [04/Dec/2022:21:30:51 -0500] "POST /kwsrmcab/Wsrmcab HTTP/1.1" 200 42954
201.245.192.253 - - [04/Dec/2022:21:30:54 -0500] "POST /kwsrmcab/Wsrmcab HTTP/1.1" 200 41946
172.22.2.4 - - [04/Dec/2022:21:29:53 -0500] "GET /BLA/boletinlegal/ HTTP/1.1" 200 57192
66.249.66.85 - - [04/Dec/2022:21:32:31 -0500] "GET /BLA/resoluciones/AUTOS%202015/7301.pdf HTTP/1.1" 200 669936
66.249.66.86 - - [04/Dec/2022:21:32:32 -0500] "GET /BLA/resoluciones/AUTOS%202007/2431.pdf HTTP/1.1" 200 35599
185.119.81.99 - - [04/Dec/2022:21:32:33 -0500] "GET /portaldeninos/wp-login.php HTTP/1.1" 200 2592
66.249.66.86 - - [04/Dec/2022:21:32:34 -0500] "GET /BLA/resoluciones/RESOLUCIONES%202009/5928.pdf HTTP/1.1" 200 529995
185.119.81.99 - - [04/Dec/2022:21:32:34 -0500] "POST /portaldeninos/wp-login.php HTTP/1.1" 200 3670
66.249.66.85 - - [04/Dec/2022:21:32:36 -0500] "GET /BLA/resoluciones/AUTOS%202010/6413.pdf HTTP/1.1" 200 167645
66.249.66.85 - - [04/Dec/2022:21:32:37 -0500] "GET /Publicaciones/2018EE288771.pdf HTTP/1.1" 404 228
66.249.66.85 - - [04/Dec/2022:21:32:39 -0500] "GET /BLA/resoluciones/RESOLUCIONES%202010/6603.pdf HTTP/1.1" 200 262354
66.249.66.85 - - [04/Dec/2022:21:32:40 -0500] "GET /BLA/resoluciones/RESOLUCIONES%202011/2619.pdf HTTP/1.1" 200 747986
66.249.66.85 - - [04/Dec/2022:21:32:41 -0500] "GET /BLA/resoluciones/AUTOS%202007/3038.pdf HTTP/1.1" 200 155483
201.245.192.253 - - [04/Dec/2022:21:34:20 -0500] "POST /kwsrmcab/Wsrmcab  HTTP/1.1" 200 213
157.55.39.39 - - [04/Dec/2022:21:35:07 -0500] "GET /BLA/resoluciones/index.php?dir=AUTOS+2018%2F HTTP/1.1" 200 442469
69.171.251.23 - - [04/Dec/2022:21:35:40 -0500] "GET /images/cr\xc3\xb3nica-29-nov-1_optimized.jpeg HTTP/1.1" 404 1034
216.245.221.92 - - [04/Dec/2022:21:35:44 -0500] "HEAD / HTTP/1.1" 200 -
179.19.63.44 - - [04/Dec/2022:21:36:07 -0500] "GET /BLA/resoluciones/AUTOS%202014/3743.pdf HTTP/1.1" 200 489933
172.22.2.4 - - [04/Dec/2022:21:34:32 -0500] "GET /BLA/boletinlegal/ HTTP/1.1" 200 54100
172.22.2.4 - - [04/Dec/2022:21:36:28 -0500] "GET /BLA/boletinlegal/style.css HTTP/1.1" 200 9406
172.22.2.4 - - [04/Dec/2022:21:36:28 -0500] "GET /BLA/boletinlegal/styles2.css HTTP/1.1" 200 1838
172.22.2.4 - - [04/Dec/2022:21:36:28 -0500] "GET /BLA/boletinlegal/js/jquery.js HTTP/1.1" 200 57254
172.22.2.4 - - [04/Dec/2022:21:36:28 -0500] "GET /BLA/boletinlegal/js/jquery.scrollShow.js HTTP/1.1" 200 4586
172.22.2.4 - - [04/Dec/2022:21:36:28 -0500] "GET /BLA/boletinlegal/js/jquery.scrollTo-min.js HTTP/1.1" 200 1150
172.22.2.4 - - [04/Dec/2022:21:36:28 -0500] "GET /BLA/boletinlegal/images/subscribe-icon-big.png HTTP/1.1" 200 47702
172.22.2.4 - - [04/Dec/2022:21:36:28 -0500] "GET /BLA/boletinlegal/images/cabezote%20BLEGAL.jpg HTTP/1.1" 200 118164
172.22.2.4 - - [04/Dec/2022:21:36:28 -0500] "GET /BLA/boletinlegal/images/historia.png HTTP/1.1" 200 52775
172.22.2.4 - - [04/Dec/2022:21:36:28 -0500] "GET /BLA/boletinlegal/images/registro-usuarios.png HTTP/1.1" 200 8106
172.22.2.4 - - [04/Dec/2022:21:36:28 -0500] "GET /BLA/boletinlegal/images/arr_l.jpg HTTP/1.1" 200 1979
172.22.2.4 - - [04/Dec/2022:21:36:28 -0500] "GET /BLA/boletinlegal/images/screen_1.png HTTP/1.1" 200 202547
172.22.2.4 - - [04/Dec/2022:21:36:28 -0500] "GET /BLA/boletinlegal/images/launch.jpg HTTP/1.1" 200 14577
172.22.2.4 - - [04/Dec/2022:21:36:28 -0500] "GET /BLA/boletinlegal/images/body_bg.jpg HTTP/1.1" 200 1601
172.22.2.4 - - [04/Dec/2022:21:36:28 -0500] "GET /BLA/boletinlegal/images/menu_lft.gif HTTP/1.1" 200 1713
172.22.2.4 - - [04/Dec/2022:21:36:28 -0500] "GET /BLA/boletinlegal/images/menu_rght.gif HTTP/1.1" 200 1627
172.22.2.4 - - [04/Dec/2022:21:36:28 -0500] "GET /BLA/boletinlegal/images/bg_top.jpg HTTP/1.1" 200 522
172.22.2.4 - - [04/Dec/2022:21:36:28 -0500] "GET /BLA/boletinlegal/images/menu_bg.jpg HTTP/1.1" 200 620
172.22.2.4 - - [04/Dec/2022:21:36:28 -0500] "GET /BLA/boletinlegal/images/hover.jpg HTTP/1.1" 200 640
172.22.2.4 - - [04/Dec/2022:21:36:28 -0500] "GET /BLA/boletinlegal/images/text.jpg HTTP/1.1" 200 568
172.22.2.4 - - [04/Dec/2022:21:34:53 -0500] "HEAD /BLA/boletinlegal/ HTTP/1.1" 200 -
172.22.2.4 - - [04/Dec/2022:21:36:27 -0500] "GET /BLA/boletinlegal/ HTTP/1.1" 200 24523
172.22.2.4 - - [04/Dec/2022:21:35:43 -0500] "GET /BLA/boletinlegal/ HTTP/1.1" 200 44920
172.22.2.4 - - [04/Dec/2022:21:38:19 -0500] "GET /BLA/boletinlegal/Circulares/2019/.pdf HTTP/1.1" 404 1218
201.245.192.253 - - [04/Dec/2022:21:39:19 -0500] "POST /kwsrmcab/Wsrmcab  HTTP/1.1" 200 213
216.245.221.92 - - [04/Dec/2022:21:40:44 -0500] "HEAD / HTTP/1.1" 200 -
201.245.192.253 - - [04/Dec/2022:21:40:51 -0500] "POST /kwsrmcab/Wsrmcab HTTP/1.1" 200 42954
114.119.139.86 - - [04/Dec/2022:21:40:54 -0500] "GET /BLA/resoluciones/RESOLUCIONES%202010/7694.pdf HTTP/1.1" 200 215621
201.245.192.253 - - [04/Dec/2022:21:40:54 -0500] "POST /kwsrmcab/Wsrmcab HTTP/1.1" 200 41946
186.28.80.194 - - [04/Dec/2022:21:41:18 -0500] "GET /kwssiamovil/sm/ldap/au?x=U2FsdGVkX1/Ca4+wG7R6HIx2DYfTwlTgdFFO7R38V/T0M2zEJ3gjWCa7rWG4pI9q&y=U2FsdGVkX18lzUeZvjb1ESDPkF45pH7bP7CLulxOBtK3A0ZULRsxiP9c05w+d14W HTTP/1.1" 200 30
186.28.80.194 - - [04/Dec/2022:21:41:18 -0500] "GET /kwssiamovil/sm/acme/s?s=U2FsdGVkX19cSwZImEj8pGHD5aM2EJ36s/aX5gQoynKKvP2oo1YWmXvXFc8XpmVH/SgRZTGbfTsf2mRfSzR4lfBZS/CJYAOJfKVcKdcOG9s=&u=U2FsdGVkX1+X/wGtgxqRd3KIGBAPZJXiZWl1MeKViRaWIQPn0Xyzd23x2H75/MD0&y=U2FsdGVkX18lzUeZvjb1ESDPkF45pH7bP7CLulxOBtK3A0ZULRsxiP9c05w+d14W HTTP/1.1" 200 97
186.28.80.194 - - [04/Dec/2022:21:41:19 -0500] "GET /kwssiamovil/sm/acme/s?s=U2FsdGVkX1+GQ10vk3aYxZNKM6teOElJUYW5xHxeNoBCKR1DYeYwWES13NAt5kU1vNAEDuzPayWgCMpeqwUxTsfU7mdqafAHFjzvHIIhQ3DlGwi9UBRZ4wWn4Ag2621g2WHkimrsR7cEkQ2vNJGOj7uXR0yVlfSVZ8N6xs7mHwkzKxxrBm1timPSL7+PYRh90FF8tbFX0vf+L6Sgx0Qab0/MzUe7PuvGQ7DJOXDTwpBXSFbVegygNLXFnRqqkeH4LEKJS8/TTWDsaqPlWaGsvuZG6n+vqaAzmZ38bJqLmsPrZr72NzHbo7pGbHh4UrTgSTJDBNeVXkYkrUySqkDPINJwQ53s6ycLzSwktw5QMKm5J9YA1nUJMcFGg4BCohur9k2auqvroHy59sfpfGJQNGMqvpuK4ENGQbbQnas8ljP9yZbnj5NhjYyx4mpJgUnNYnXZk13vn68lQDl9sdMnQC1zgegstCD+rxGhEyGDIYRz1zvcQkscej8fgSkFZmI9gBeNBYSFUXBI9cxWMwXiasbcatC4FPtjdvHqh+ij2UnsxuvkgGh23wXxg0tTDRTCesnjNXDs88/aCb25sUvLvSXt7OgWdO97Lh4EBCRzbDb79NmMGvs6Exu0sgGf9BDh/UZn0LIopo9yxoN3qhmaTQApZRR8M8U9g8HHtSstPh1qlNI9ZPmOWi55PnwTiF2UE7bCrpMzvDFq3m29u6l5AcfCXm4WQLlUhkwFtt+YxEEmMkSydI7X9IWaP/jHrEAaTi+RjCqjLfOeISYS323hz1g9E1qeAlQPrCtEY9jYx6BM5r6pZbZ4QKLX7h71dKf/6o1e5jKp8Qj0Nzlkv5uilfQ7zO3Lg43hYkCX35NzDtV+AMTkPxKtBjjSjx76E0LBtV0PgG+BdCwV9AXaPAdp/Aay9+Qw9I8VlX2oFtY06cou6iAiODbsQtqCISrRzXp26EtGuPzQH6/5YpwdAt4ADCOowRQcnO9eNhKAit/p6sOpKoSxZ3atmYMGLxRFM2XyGt2Z/fm76/9LqZACtnzQ5n81/Lt2mzQSX5zj3Z/+MHd9UXV595uChTnkhOiss8LddoDGVZYyAbO2wwBiZFeinpoZnk5Cp5a6Loal0Z+uFgjDGwz0OVTFlKM1p7iomn8tTyJwws9WISehrVatLIP1/OxRnE32UzvEMHYcO/r8z+Hisz+xPhWmjXaDxTL+IxyJztXJo4Rh8oVtl949lpMRsvGwXtmPdFqUfRytwCaYJMN6my4e4/tGiVg5eJjfxzxzqxF+bDtm8wyf3CuzikbKvJyiZIvu9UNh8Dyg6tfAsvqMVcAolnbMX+4YmttYZuUSz5IAQ3ONLoos4TlTDoF94Fi4xvr5UG2hGpGO6AVpHF+NafXyH7I6ThjJebSDjuia1bLOtkvIRW3dTDb47CiNoZRUYGwDwnvmI6PbbJsOunI=&u=U2FsdGVkX1+X/wGtgxqRd3KIGBAPZJXiZWl1MeKViRaWIQPn0Xyzd23x2H75/MD0&y=U2FsdGVkX18lzUeZvjb1ESDPkF45pH7bP7CLulxOBtK3A0ZULRsxiP9c05w+d14W HTTP/1.1" 200 13910
186.28.80.194 - - [04/Dec/2022:21:41:19 -0500] "GET /kwssiamovil/sm/acme/s?s=U2FsdGVkX1+gKYX4/OVVmXNntGcyKmJwFCoRo0cqOT6z9Wy+tpqu4qQdBys3+5In++0ZYnsXYfH6nhjNdxKMeCnQgNXN2ZS/GXwm5+VCp/6oI+tVSGk9HQ2fnNpGvsAy1scxySITZPZUIG84jfNCneCpsRPvctWbcq5CY63KxTSTm+ezk7Md8lmwuy8k0eAr1VrnelhtLDR+DCCwqv0+47PyqLCVRsKv6WD7cpM7267FlfvGkRGuhOlLptCqjeKfEXo9NpTESXEdjNTn1IxE29ZOVVib1sI5ZbVJ4nYFOdIn8T4+t478GjE/vYPDSs0Fqvs5QJ6UwnR6s0eBFLty6gOcrRJdLvjbvnLS/5z7X+g=&u=U2FsdGVkX1+X/wGtgxqRd3KIGBAPZJXiZWl1MeKViRaWIQPn0Xyzd23x2H75/MD0&y=U2FsdGVkX18lzUeZvjb1ESDPkF45pH7bP7CLulxOBtK3A0ZULRsxiP9c05w+d14W HTTP/1.1" 200 196
186.28.80.194 - - [04/Dec/2022:21:41:19 -0500] "GET /kwssiamovil/sm/cjson/pre?f=1&x=U2FsdGVkX1/Ca4+wG7R6HIx2DYfTwlTgdFFO7R38V/T0M2zEJ3gjWCa7rWG4pI9q HTTP/1.1" 200 31032
172.22.2.4 - - [04/Dec/2022:21:40:43 -0500] "HEAD /BLA/boletinlegal/ HTTP/1.1" 200 -
207.46.13.174 - - [04/Dec/2022:21:43:04 -0500] "GET /BLA/resoluciones/index.php?dir=RESOLUCIONES+2019%2F HTTP/1.1" 200 249154
172.22.2.4 - - [04/Dec/2022:21:41:33 -0500] "GET /BLA/boletinlegal/ HTTP/1.1" 200 49550
64.62.197.20 - - [04/Dec/2022:21:43:31 -0500] "GET / HTTP/1.1" 200 319
201.245.192.253 - - [04/Dec/2022:21:44:18 -0500] "POST /kwsrmcab/Wsrmcab  HTTP/1.1" 200 213
216.245.221.92 - - [04/Dec/2022:21:45:44 -0500] "HEAD / HTTP/1.1" 200 -
64.62.197.24 - - [04/Dec/2022:21:46:21 -0500] "GET /favicon.ico HTTP/1.1" 200 7782
172.22.2.4 - - [04/Dec/2022:21:46:33 -0500] "HEAD /BLA/boletinlegal/ HTTP/1.1" 200 -
172.22.2.4 - - [04/Dec/2022:21:47:23 -0500] "GET /BLA/boletinlegal/ HTTP/1.1" 200 54100
201.245.192.253 - - [04/Dec/2022:21:49:18 -0500] "POST /kwsrmcab/Wsrmcab  HTTP/1.1" 502 1155
185.119.81.102 - - [04/Dec/2022:21:50:27 -0500] "GET /portaldeninos/wp-login.php HTTP/1.1" 200 2592
185.119.81.102 - - [04/Dec/2022:21:50:28 -0500] "POST /portaldeninos/wp-login.php HTTP/1.1" 200 3605
216.245.221.92 - - [04/Dec/2022:21:50:44 -0500] "HEAD / HTTP/1.1" 200 -
157.55.39.42 - - [04/Dec/2022:21:51:22 -0500] "GET /portaldeninos/2021/06/06/ciudadanos-disfrutaron-del-tunel-ambiental-en-el-parque-de-los-novios/ HTTP/1.1" 200 105118
172.22.2.4 - - [04/Dec/2022:21:53:49 -0500] "GET /BLA/boletinlegal/Directivas/2013/Directiva%20No.%203%20del%2016%20de%20julio%20de%202013.pdf HTTP/1.1" 304 -
172.22.2.4 - - [04/Dec/2022:21:52:23 -0500] "HEAD /BLA/boletinlegal/ HTTP/1.1" 200 -
172.22.2.4 - - [04/Dec/2022:21:53:13 -0500] "GET /BLA/boletinlegal/ HTTP/1.1" 200 59035
186.28.204.13 - - [04/Dec/2022:21:55:25 -0500] "GET /mesa/contrasena.pdf HTTP/1.1" 200 443199
186.28.204.13 - - [04/Dec/2022:21:55:26 -0500] "GET /mesa/contrasena.pdf HTTP/1.1" 206 1
186.28.204.13 - - [04/Dec/2022:21:55:26 -0500] "GET /mesa/contrasena.pdf HTTP/1.1" 206 611
216.245.221.92 - - [04/Dec/2022:21:55:44 -0500] "HEAD / HTTP/1.1" 200 -
181.61.209.103 - - [04/Dec/2022:21:56:41 -0500] "GET /galeria/galeria/jquery.fancybox.css?v=2.1.5 HTTP/1.1" 200 4895
181.61.209.103 - - [04/Dec/2022:21:56:41 -0500] "GET /BLA/boletinlegal/js/jquery.scrollShow.js HTTP/1.1" 200 4586
181.61.209.103 - - [04/Dec/2022:21:56:41 -0500] "GET /galeria/galeria/jquery.fancybox.js?v=2.1.5 HTTP/1.1" 200 48706
181.237.49.32 - - [04/Dec/2022:21:57:21 -0500] "GET /BLA/boletinlegal/js/jquery.scrollShow.js HTTP/1.1" 200 4586
181.237.49.32 - - [04/Dec/2022:21:57:21 -0500] "GET /galeria/galeria/jquery.fancybox.css?v=2.1.5 HTTP/1.1" 200 4895
181.237.49.32 - - [04/Dec/2022:21:57:21 -0500] "GET /galeria/galeria/jquery.fancybox.js?v=2.1.5 HTTP/1.1" 200 48706
172.22.2.4 - - [04/Dec/2022:21:57:54 -0500] "GET /BLA/boletinlegal/ HTTP/1.1" 200 36811
201.245.192.253 - - [04/Dec/2022:21:59:15 -0500] "POST /kwsrmcab/Wsrmcab  HTTP/1.1" 200 213
172.22.2.4 - - [04/Dec/2022:21:58:13 -0500] "HEAD /BLA/boletinlegal/ HTTP/1.1" 200 -
162.55.35.116 - - [04/Dec/2022:22:00:19 -0500] "GET / HTTP/1.1" 200 319
207.46.13.198 - - [04/Dec/2022:22:00:33 -0500] "GET /BLA/resoluciones/index.php?dir=RESOLUCIONES+2018%2F HTTP/1.1" 200 273136
172.22.2.4 - - [04/Dec/2022:21:59:03 -0500] "GET /BLA/boletinlegal/ HTTP/1.1" 200 53739
216.245.221.92 - - [04/Dec/2022:22:00:44 -0500] "HEAD / HTTP/1.1" 200 -
207.46.13.198 - - [04/Dec/2022:22:00:52 -0500] "GET /BLA/resoluciones/dlf/styles.css HTTP/1.1" 200 3049
114.119.135.143 - - [04/Dec/2022:22:02:30 -0500] "GET /BLA/resoluciones/RESOLUCIONES%202010/6484.pdf HTTP/1.1" 200 1290027
66.249.66.85 - - [04/Dec/2022:22:02:30 -0500] "GET /BLA/resoluciones/AUTOS%202013/3417.pdf HTTP/1.1" 200 615563
66.249.66.85 - - [04/Dec/2022:22:02:31 -0500] "GET /BLA/resoluciones/AUTOS%202009/0604.pdf HTTP/1.1" 200 127418
66.249.66.86 - - [04/Dec/2022:22:02:32 -0500] "GET /BLA/resoluciones/RESOLUCIONES%202009/4227.pdf HTTP/1.1" 200 446885
66.249.66.87 - - [04/Dec/2022:22:02:34 -0500] "GET /BLA/resoluciones/RESOLUCIONES%202013/2502.pdf HTTP/1.1" 200 269360
66.249.66.85 - - [04/Dec/2022:22:02:34 -0500] "GET /BLA/resoluciones/AUTOS%202014/0796.pdf HTTP/1.1" 200 517307
66.249.66.85 - - [04/Dec/2022:22:02:36 -0500] "GET /BLA/resoluciones/RESOLUCIONES%202010/4175.pdf HTTP/1.1" 200 263197
66.249.66.86 - - [04/Dec/2022:22:02:37 -0500] "GET /BLA/resoluciones/RESOLUCIONES%202008/2082.pdf HTTP/1.1" 200 231304
66.249.66.86 - - [04/Dec/2022:22:02:38 -0500] "GET /BLA/resoluciones/Notificaciones/RESOLUCIONES%202022/4020.pdf HTTP/1.1" 200 380817
66.249.66.85 - - [04/Dec/2022:22:02:39 -0500] "GET /Publicaciones/2020EE104825.pdf HTTP/1.1" 404 228
66.249.66.85 - - [04/Dec/2022:22:02:41 -0500] "GET /BLA/resoluciones/AUTOS%202014/1698.pdf HTTP/1.1" 200 1035088
66.249.66.86 - - [04/Dec/2022:22:02:42 -0500] "GET /BLA/resoluciones/AUTOS%202015/2989.pdf HTTP/1.1" 200 493267
66.249.66.85 - - [04/Dec/2022:22:02:45 -0500] "GET /Publicaciones/2022EE285591.pdf HTTP/1.1" 404 228
66.249.66.85 - - [04/Dec/2022:22:02:45 -0500] "GET /BLA/resoluciones/RESOLUCIONES%25202012/1122.pdf HTTP/1.1" 404 1018
66.249.66.86 - - [04/Dec/2022:22:02:46 -0500] "GET /BLA/resoluciones/AUTOS%202014/6614.pdf HTTP/1.1" 200 571680
66.249.66.86 - - [04/Dec/2022:22:02:48 -0500] "GET /BLA/resoluciones/Notificaciones/AUTOS%202017/04485.pdf HTTP/1.1" 200 275834
66.249.66.85 - - [04/Dec/2022:22:02:49 -0500] "GET /BLA/resoluciones/RESOLUCIONES%202009/4206.pdf HTTP/1.1" 200 1062757
201.245.192.253 - - [04/Dec/2022:22:04:15 -0500] "POST /kwsrmcab/Wsrmcab  HTTP/1.1" 200 213
114.119.130.152 - - [04/Dec/2022:22:04:21 -0500] "GET /BLA/resoluciones/RESOLUCIONES%202010/5628.pdf HTTP/1.1" 200 2747216
40.77.167.14 - - [04/Dec/2022:22:05:06 -0500] "GET /BLA/resoluciones/RESOLUCIONES%202022/2324.pdf HTTP/1.1" 200 539109
172.22.2.4 - - [04/Dec/2022:22:05:28 -0500] "GET /BLA/boletinlegal/robots.txt HTTP/1.1" 404 1038
172.22.2.4 - - [04/Dec/2022:22:04:03 -0500] "HEAD /BLA/boletinlegal/ HTTP/1.1" 200 -
216.245.221.92 - - [04/Dec/2022:22:05:56 -0500] "HEAD / HTTP/1.1" 200 -
172.22.2.4 - - [04/Dec/2022:22:04:53 -0500] "GET /BLA/boletinlegal/ HTTP/1.1" 200 54100
172.22.2.4 - - [04/Dec/2022:22:05:29 -0500] "GET /BLA/boletinlegal/index.php HTTP/1.1" 200 57192
114.119.155.122 - - [04/Dec/2022:22:07:40 -0500] "GET /BLA/resoluciones/RESOLUCIONES%202010/5087.pdf HTTP/1.1" 200 754495
201.245.192.253 - - [04/Dec/2022:22:09:14 -0500] "POST /kwsrmcab/Wsrmcab  HTTP/1.1" 200 213
114.119.143.168 - - [04/Dec/2022:22:09:29 -0500] "GET /BLA/resoluciones/RESOLUCIONES%202010/2700.pdf HTTP/1.1" 200 390238
216.245.221.92 - - [04/Dec/2022:22:10:44 -0500] "HEAD / HTTP/1.1" 200 -
186.102.10.173 - - [04/Dec/2022:22:11:20 -0500] "GET /kwssiamovil/sm/acme/a?s=U2FsdGVkX18QYTAI2G+Y81s2kIGqS9cKOH89FHkY/VMNsSWGb+TTaR6u/iBWbV1bv3LKwUK6nH3O4yqKVJSdPLPuKCcmzhbg/ihrvOzzdn20E3xaPr4ll2sjOC1/VDxyb4B3Vkh0dXs9WHLz2I3nTtrGXDWWjikI/RjEUohzxH4V2fYmiqvf15ZUodR7zM7m2fttBcYECwSqE8mtgidKVh6OzbOVw84ndN5DdjxSeVxcoMtb8Yky/bwBo24adIC4mCgM62dK3egRlZcoZK8LuQ==&u=U2FsdGVkX181489qv2XUc0oyMeO4s47VP5Yo8Omz2+A=&y=U2FsdGVkX199+WoNm+0bGR4hli/xW8n17sqQ7C/nvPJ2f5eAc6Jg7YF9Wu/zRLhE HTTP/1.1" 200 26
186.102.10.173 - - [04/Dec/2022:22:11:21 -0500] "GET /kwssiamovil/sm/acme/a?s=U2FsdGVkX1+7kBB5L5KlBCf1AiDCbZ2XwqwIsMpo4UxSh1WzM6Fy7DSzlXGcsC653Pc1tsOCCIXC/KHvJTxxXo+JYd3itIv2JPlc6pc+wOCIoKk0rLwybIT/fKFX5CPeoMJ/8kyXmL9ZqmyI30lXbifL0wLDYF9sX+4SsQyptAxV7fnabr4/pPnTxv2mCtQPrtS04YLqKAHx2U6te0Dq09okcJppbyIJYSk5nUlfCDOCjCpcCIHo7hWN2r6RxfXPBDFgmymVMQfIRVAzDCNBkJkFdEGu0Tsz4iM6nDPSxtymMw+CDTtXFi5PCWOh0gEsPulS0azQNWzRxf/sTT8oDd7MpIuOXVsH9+02zzwTqIyKcX9O1tS0mRfyj5YIiATqVNIkWQ4bz6BiYjo3wOSmvGZzeoAjBnLNOZEqfSL1U/cxoG/dNLE9cRFGw2zR/K75Co1BG5tCxHzDTsqLeMZrQgdjQgqd5DMcT8+ZJla9oGViHmU6RDA2rjDYjlwsLEnVBZeWnwvh1OQh/F+v+5+fAgYsLQQFS9mbUNMj1Tl45SKu5ul0u+BvB4h4WMvjNfguURPqcyzbqlgYTYEu/jsUK4MDEC0m4F9XMMcssxknS7JRIbxbdrPN/w1+xvXlYzcGVuqXrV2kGHFxAoKN27zFVjE5mtckv43ZYOm/lB87mHorFUGMXypedpTCPNrCYNR3B9Il1XYLVG8fRg2pipjoSqLw+duDT4JOYuhjONnXIxGrFTFAOH/V+dhn4lbQ0R/Q31VYKl913BJ3tgaexJFeWD59Hux2GlF4ZLbPISFf+qtBsZ1G6n+ND0+RuTW1EG7+bvuFQWFLZajNCvyoXMjkk33b+hx0TlTblkcUeZEOnwpdcX8Stmpfi8yVd9JRpFhM4dbx5izy9aYCywVYuUMMZYuCH8WpnsxKl/9wkY3HBxWI2c8qH+KKG/hL3zBiUiESlckZD8oAmAeYt7HgPDTX6F5AGM4BqjR06VL+McISkMEyMwvam1cOwlBW5B+7YhAEz6CiTwA0wSEkH//i6ImNRTZ4iMd8SdTpL3KQJErh1mUv89njxUyJgg7bFJGQ7Hz46APEJqgrtCC3QMKOIhKldMB2su00M71pR379C2Xqp7W9OXOUpmEK6OgG1GdWpVMki4haGSB6dsBOXhtHzNVBcCwoIfbnXJ4mHLrmCXoKaTcUeFlLDQmnJi9I7fmEmQflnmTNCiQW/8Wd7a52u0Fjxtu3BR3ekOg+Yu9atGapyDWRl4TF4OcFvAfSp7iusdenJeKeJUS9489Uz56MTTek6w==&u=U2FsdGVkX181489qv2XUc0oyMeO4s47VP5Yo8Omz2+A=&y=U2FsdGVkX199+WoNm+0bGR4hli/xW8n17sqQ7C/nvPJ2f5eAc6Jg7YF9Wu/zRLhE HTTP/1.1" 200 26
186.102.10.173 - - [04/Dec/2022:22:11:21 -0500] "GET /kwssiamovil/sm/acme/a?s=U2FsdGVkX18mLi561Ezu+B2jCjRltAHLrz7OikhVRmud+1TBW8lAC6hueE2kqpTrezJcOYHtaYBb/zL+UFdKrSZmDXFGK9eHlTZJ8oD9tTPW4tA6O+NHRcbzqS4IJy+blZkDfFHPBBFjdqD9q4nEID32Eru/Eg7QyvL4IcJHhdA=&u=U2FsdGVkX181489qv2XUc0oyMeO4s47VP5Yo8Omz2+A=&y=U2FsdGVkX199+WoNm+0bGR4hli/xW8n17sqQ7C/nvPJ2f5eAc6Jg7YF9Wu/zRLhE HTTP/1.1" 200 26
186.102.10.173 - - [04/Dec/2022:22:11:21 -0500] "GET /kwssiamovil/sm/acme/a?s=U2FsdGVkX182MZJeK8HCTjPQcnCebjNo0fxhurZ+IKwiZnFDTHno4L8UXRsrsyEFWtyKocfYoXMIyRWSWE2fQiOfuj56iTlBdzcLNroYWRMDwwsKlxLplFWfWPWtEvrJToghHfxIOifMP/WcOU2/rBqLlSXJRUcZWQ6cEMj5pvQ=&u=U2FsdGVkX181489qv2XUc0oyMeO4s47VP5Yo8Omz2+A=&y=U2FsdGVkX199+WoNm+0bGR4hli/xW8n17sqQ7C/nvPJ2f5eAc6Jg7YF9Wu/zRLhE HTTP/1.1" 200 26
186.102.10.173 - - [04/Dec/2022:22:11:22 -0500] "GET /kwssiamovil/sm/acme/a?s=U2FsdGVkX19P+dbeHdjDlJEkNBnx7xY3C6Ixk88lj8otAVpjIIcROIKgBHAohAY4muujoqnEOa8VNUo9wuS+Klt02jfjibd6w+RpQukgZ01TvK4Y8ZcncgvIQukp2zV3lpQAmrb3oqQ+4FAeG8BawF3c6MuQt2Y2jkSScbtM2P0=&u=U2FsdGVkX181489qv2XUc0oyMeO4s47VP5Yo8Omz2+A=&y=U2FsdGVkX199+WoNm+0bGR4hli/xW8n17sqQ7C/nvPJ2f5eAc6Jg7YF9Wu/zRLhE HTTP/1.1" 200 26
186.102.10.173 - - [04/Dec/2022:22:11:22 -0500] "GET /kwssiamovil/sm/acme/a?s=U2FsdGVkX1/RcseYZ/m82tNrd4kOXg9usP+kTTEPZ5M2jlALz1ESFrEu347msOxkU1dnVBkmqvfphGZwZJgEHKCuTZEIb+5Whblie03+NPmwCAe0FX6Ug9RViiQ/XOtfhoMPTUTN1BDuHK7od3MZPBksFjwij/lLP3bKGftbZvCALrySCr/xhdMngDwjJGLFau200ovUfMY6qonocha+rQ==&u=U2FsdGVkX181489qv2XUc0oyMeO4s47VP5Yo8Omz2+A=&y=U2FsdGVkX199+WoNm+0bGR4hli/xW8n17sqQ7C/nvPJ2f5eAc6Jg7YF9Wu/zRLhE HTTP/1.1" 200 26
172.22.2.4 - - [04/Dec/2022:22:09:53 -0500] "HEAD /BLA/boletinlegal/ HTTP/1.1" 200 -
175.100.20.214 - - [04/Dec/2022:22:11:47 -0500] "GET /.env HTTP/1.1" 404 1018
175.100.20.214 - - [04/Dec/2022:22:11:48 -0500] "POST / HTTP/1.1" 200 319
157.55.39.39 - - [04/Dec/2022:22:12:16 -0500] "GET /BLA/resoluciones/RESOLUCIONES%202004/RES%202004%202101-2150/00002108.tif HTTP/1.1" 200 113734
157.55.39.39 - - [04/Dec/2022:22:12:17 -0500] "GET /BLA/resoluciones/index.php?dir=RESOLUCIONES+2003%2F HTTP/1.1" 200 31404
157.55.39.39 - - [04/Dec/2022:22:12:18 -0500] "GET /BLA/resoluciones/index.php?dir=AUTOS+2019%2F HTTP/1.1" 200 349992
172.22.2.4 - - [04/Dec/2022:22:10:43 -0500] "GET /BLA/boletinlegal/ HTTP/1.1" 200 51643
103.60.60.186 - - [04/Dec/2022:22:13:06 -0500] "GET /.env HTTP/1.1" 404 1018
103.60.60.186 - - [04/Dec/2022:22:13:07 -0500] "POST / HTTP/1.1" 200 319
114.119.149.169 - - [04/Dec/2022:22:14:01 -0500] "GET /BLA/resoluciones/RESOLUCIONES%202010/2420.pdf HTTP/1.1" 200 582347
201.245.192.253 - - [04/Dec/2022:22:14:14 -0500] "POST /kwsrmcab/Wsrmcab  HTTP/1.1" 200 213
207.46.13.56 - - [04/Dec/2022:22:14:24 -0500] "GET /documents/10184/1894576/pieza-dia-mundial-aves-dato-8-mayo.jpg/ab4e86d5-0ec9-4a23-b9a2-d9f58450fd90?t=1621084210116 HTTP/1.1" 404 1035
114.119.129.110 - - [04/Dec/2022:22:14:48 -0500] "GET /BLA/resoluciones/RESOLUCIONES%202010/2364.pdf HTTP/1.1" 200 442822
207.46.13.198 - - [04/Dec/2022:22:15:23 -0500] "GET /BLA/resoluciones/00002128.tif HTTP/1.1" 404 1018
216.245.221.92 - - [04/Dec/2022:22:15:44 -0500] "HEAD / HTTP/1.1" 200 -
114.119.128.50 - - [04/Dec/2022:22:16:37 -0500] "GET /BLA/resoluciones/RESOLUCIONES%202010/1615.pdf HTTP/1.1" 200 620429
172.22.2.4 - - [04/Dec/2022:22:15:43 -0500] "HEAD /BLA/boletinlegal/ HTTP/1.1" 200 -
114.119.155.235 - - [04/Dec/2022:22:18:05 -0500] "GET /siipev/Diseno%20de%20Elementos%20de%20Mobiliario%20Urbano/Diseno%20pertenecientes%20al%20mobiliario%20urbano%20M10-M160/Infografia/Parte1/?C=M%3BO%3DA HTTP/1.1" 200 715
172.22.2.4 - - [04/Dec/2022:22:16:33 -0500] "GET /BLA/boletinlegal/ HTTP/1.1" 200 56079
40.77.167.56 - - [04/Dec/2022:22:18:21 -0500] "GET / HTTP/1.1" 200 319
114.119.140.161 - - [04/Dec/2022:22:18:42 -0500] "GET /sig/ECS/126PM04-PR04.pdf HTTP/1.1" 200 2983801
95.217.144.235 - - [04/Dec/2022:22:18:55 -0500] "-" 408 -
95.217.144.235 - - [04/Dec/2022:22:18:55 -0500] "-" 408 -
95.217.144.235 - - [04/Dec/2022:22:18:55 -0500] "-" 408 -
201.245.192.253 - - [04/Dec/2022:22:19:11 -0500] "POST /kwsrmcab/Wsrmcab  HTTP/1.1" 200 213
172.22.2.4 - - [04/Dec/2022:22:19:21 -0500] "GET /BLA/boletinlegal/actos.php HTTP/1.1" 200 9566
186.80.52.194 - - [04/Dec/2022:22:19:23 -0500] "GET /BLA/resoluciones/ HTTP/1.1" 200 13093
186.80.52.194 - - [04/Dec/2022:22:19:26 -0500] "GET /BLA/resoluciones/index.php?dir=RESOLUCIONES+2015%2F HTTP/1.1" 200 130562
200.29.113.39 - - [04/Dec/2022:22:19:28 -0500] "GET /BLA/resoluciones/index.php?dir=RESOLUCIONES+2015%2F HTTP/1.1" 200 130562
200.29.113.39 - - [04/Dec/2022:22:19:29 -0500] "GET /BLA/resoluciones/dlf/dirup.png HTTP/1.1" 200 644
200.29.113.39 - - [04/Dec/2022:22:19:29 -0500] "GET /BLA/resoluciones/dlf/styles.css HTTP/1.1" 200 3049
200.29.113.39 - - [04/Dec/2022:22:19:29 -0500] "GET /BLA/resoluciones/dlf/pdf.gif HTTP/1.1" 200 272
200.29.113.39 - - [04/Dec/2022:22:19:29 -0500] "GET /BLA/resoluciones/dlf/unknown.png HTTP/1.1" 200 266
200.29.113.39 - - [04/Dec/2022:22:19:30 -0500] "GET /BLA/resoluciones/dlf/bg.gif HTTP/1.1" 200 54
172.22.2.4 - - [04/Dec/2022:22:19:20 -0500] "GET /BLA/boletinlegal/ HTTP/1.1" 200 24523
186.80.52.194 - - [04/Dec/2022:22:20:24 -0500] "GET /BLA/resoluciones/RESOLUCIONES%202015/1918.pdf HTTP/1.1" 200 907261
216.245.221.92 - - [04/Dec/2022:22:20:44 -0500] "HEAD / HTTP/1.1" 200 -
201.245.192.253 - - [04/Dec/2022:22:20:51 -0500] "POST /kwsrmcab/Wsrmcab HTTP/1.1" 200 43131
201.245.192.253 - - [04/Dec/2022:22:20:54 -0500] "POST /kwsrmcab/Wsrmcab HTTP/1.1" 200 41947
114.119.139.212 - - [04/Dec/2022:22:21:00 -0500] "GET /autoliquidacion/index.php?dir=TR%C3%83%C2%83%C3%82%C2%AF%C3%83%C2%82%C3%82%C2%BF%C3%83%C2%82%C3%82%C2%BDMITES%2BMINER%C3%83%C2%83%C3%82%C2%AF%C3%83%C2%82%C3%82%C2%BF%C3%83%C2%82%C3%82%C2%BDA/&sort=date&order=asc HTTP/1.1" 200 6970
114.119.129.171 - - [04/Dec/2022:22:22:07 -0500] "GET /autoliquidacion/index.php?dir=TR%C3%83%C2%83%C3%82%C2%83%C3%83%C2%82%C3%82%C2%83%C3%83%C2%83%C3%82%C2%82%C3%83%C2%82%C3%82%C2%AF%C3%83%C2%83%C3%82%C2%83%C3%83%C2%82%C3%82%C2%82%C3%83%C2%83%C3%82%C2%82%C3%83%C2%82%C3%82%C2%BF%C3%83%C2%83%C3%82%C2%83%C3%83%C2%82%C3%82%C2%82%C3%83%C2%83%C3%82%C2%82%C3%83%C2%82%C3%82%C2%BDMITES%2BAGUAS%2BSUBTERR%C3%83%C2%83%C3%82%C2%83%C3%83%C2%82%C3%82%C2%83%C3%83%C2%83%C3%82%C2%82%C3%83%C2%82%C3%82%C2%AF%C3%83%C2%83%C3%82%C2%83%C3%83%C2%82%C3%82%C2%82%C3%83%C2%83%C3%82%C2%82%C3%83%C2%82%C3%82%C2%BF%C3%83%C2%83%C3%82%C2%83%C3%83%C2%82%C3%82%C2%82%C3%83%C2%83%C3%82%C2%82%C3%83%C2%82%C3%82%C2%BDNEAS/&sort=date&order=asc HTTP/1.1" 200 7435
172.22.2.4 - - [04/Dec/2022:22:21:33 -0500] "HEAD /BLA/boletinlegal/ HTTP/1.1" 200 -
114.119.155.32 - - [04/Dec/2022:22:23:42 -0500] "GET /autoliquidacion/index.php?dir=Solicitudes%2Brelacionadas%2Bcon%2Bocupaci%C3%AF%C2%BF%C2%BDn%2Bde%2Bcauce/&sort=size&order=asc HTTP/1.1" 200 6940
172.22.2.4 - - [04/Dec/2022:22:22:23 -0500] "GET /BLA/boletinlegal/ HTTP/1.1" 200 57824
201.245.192.253 - - [04/Dec/2022:22:24:10 -0500] "POST /kwsrmcab/Wsrmcab  HTTP/1.1" 200 213
114.119.139.123 - - [04/Dec/2022:22:24:36 -0500] "GET /autoliquidacion/index.php?dir=Solicitud%2Bde%2BClasificaci%C3%83%C2%83%C3%82%C2%83%C3%83%C2%82%C3%82%C2%83%C3%83%C2%83%C3%82%C2%82%C3%83%C2%82%C3%82%C2%AF%C3%83%C2%83%C3%82%C2%83%C3%83%C2%82%C3%82%C2%82%C3%83%C2%83%C3%82%C2%82%C3%83%C2%82%C3%82%C2%BF%C3%83%C2%83%C3%82%C2%83%C3%83%C2%82%C3%82%C2%82%C3%83%C2%83%C3%82%C2%82%C3%83%C2%82%C3%82%C2%BDn%2Bde%2BImpacto%2BAmbiental/&sort=size&order=asc HTTP/1.1" 200 7210
185.119.81.99 - - [04/Dec/2022:22:25:25 -0500] "GET /portaldeninos/wp-login.php HTTP/1.1" 200 2592
185.119.81.99 - - [04/Dec/2022:22:25:26 -0500] "POST /portaldeninos/wp-login.php HTTP/1.1" 200 3605
216.245.221.92 - - [04/Dec/2022:22:25:44 -0500] "HEAD / HTTP/1.1" 200 -
40.77.167.13 - - [04/Dec/2022:22:25:51 -0500] "GET /portaldeninos/aulas-ambientales/aula-ambiental-sorotama/ HTTP/1.1" 200 89596
114.119.147.184 - - [04/Dec/2022:22:25:58 -0500] "GET /autoliquidacion/index.php?dir=RECEPCI%C3%83%C2%83%C3%82%C2%83%C3%83%C2%82%C3%82%C2%83%C3%83%C2%83%C3%82%C2%82%C3%83%C2%82%C3%82%C2%83%C3%83%C2%83%C3%82%C2%83%C3%83%C2%82%C3%82%C2%82%C3%83%C2%83%C3%82%C2%82%C3%83%C2%82%C3%82%C2%AF%C3%83%C2%83%C3%82%C2%83%C3%83%C2%82%C3%82%C2%83%C3%83%C2%83%C3%82%C2%82%C3%83%C2%82%C3%82%C2%82%C3%83%C2%83%C3%82%C2%83%C3%83%C2%82%C3%82%C2%82%C3%83%C2%83%C3%82%C2%82%C3%83%C2%82%C3%82%C2%BF%C3%83%C2%83%C3%82%C2%83%C3%83%C2%82%C3%82%C2%83%C3%83%C2%83%C3%82%C2%82%C3%83%C2%82%C3%82%C2%82%C3%83%C2%83%C3%82%C2%83%C3%83%C2%82%C3%82%C2%82%C3%83%C2%83%C3%82%C2%82%C3%83%C2%82%C3%82%C2%BDN%2BDE%2BPETICIONES%2BPQRSF/&sort=date&order=desc HTTP/1.1" 200 7443
92.118.39.78 - - [04/Dec/2022:22:27:46 -0500] "GET / HTTP/1.1" 200 319
114.119.159.238 - - [04/Dec/2022:22:28:30 -0500] "GET /autoliquidacion/index.php?dir=Fauna%2BSilvestre/&sort=name&order=desc HTTP/1.1" 200 6828
172.22.2.4 - - [04/Dec/2022:22:27:23 -0500] "HEAD /BLA/boletinlegal/ HTTP/1.1" 200 -
201.245.192.253 - - [04/Dec/2022:22:29:12 -0500] "POST /kwsrmcab/Wsrmcab  HTTP/1.1" 200 213
172.22.2.4 - - [04/Dec/2022:22:29:46 -0500] "GET /BLA/boletinlegal/robots.txt HTTP/1.1" 404 1038
64.124.8.33 - - [04/Dec/2022:22:29:47 -0500] "GET /BLA/boletinlegal/jurisprudencia/analisis/CUADRO%20ANALISIS%20SENTENCIA%20C-554%20DE%202007.doc HTTP/1.1" 304 -
186.80.52.194 - - [04/Dec/2022:22:29:50 -0500] "GET /BLA/resoluciones/ HTTP/1.1" 200 13093
172.22.2.4 - - [04/Dec/2022:22:28:13 -0500] "GET /BLA/boletinlegal/ HTTP/1.1" 200 59404
186.80.52.194 - - [04/Dec/2022:22:29:53 -0500] "GET /BLA/resoluciones/index.php?dir=AUTOS+2015%2F HTTP/1.1" 200 577811
186.80.52.194 - - [04/Dec/2022:22:30:21 -0500] "GET /BLA/resoluciones/AUTOS%202015/0248.pdf HTTP/1.1" 200 340047
216.245.221.92 - - [04/Dec/2022:22:30:44 -0500] "HEAD / HTTP/1.1" 200 -
207.46.13.174 - - [04/Dec/2022:22:30:45 -0500] "GET /BLA/resoluciones/index.php?dir=RESOLUCIONES+2019%2F HTTP/1.1" 200 249154
201.245.192.253 - - [04/Dec/2022:22:30:51 -0500] "POST /kwsrmcab/Wsrmcab HTTP/1.1" 200 43131
201.245.192.253 - - [04/Dec/2022:22:30:54 -0500] "POST /kwsrmcab/Wsrmcab HTTP/1.1" 200 41947
69.63.184.118 - - [04/Dec/2022:22:30:59 -0500] "GET /images/negocios-verdes-mayo-2022.jpg HTTP/1.1" 200 48000
186.102.10.173 - - [04/Dec/2022:22:31:11 -0500] "GET /kwssiamovil/sm/acme/u?s=U2FsdGVkX18OYJs1F1YmVX7939hKz1lp5Y3z06/eDRJxbAPUX4n9c7TlpsbVVpTD1qTwhG3WSAxEm7srVbl8n8SJHCuYuYqEbFndzj/9n8TQT+hJr4N6Trw/45rzLDMkNpNrnxZM7IAfjAjZh7AqOA==&u=U2FsdGVkX181489qv2XUc0oyMeO4s47VP5Yo8Omz2+A=&y=U2FsdGVkX199+WoNm+0bGR4hli/xW8n17sqQ7C/nvPJ2f5eAc6Jg7YF9Wu/zRLhE HTTP/1.1" 200 60
173.252.79.23 - - [04/Dec/2022:22:31:18 -0500] "GET /images/cr\xc3\xb3nica-29-nov-1_optimized.jpeg HTTP/1.1" 404 1034
207.46.13.194 - - [04/Dec/2022:22:31:25 -0500] "GET /BLA/resoluciones/ HTTP/1.1" 200 13093
172.22.2.4 - - [04/Dec/2022:22:29:54 -0500] "GET /BLA/boletinlegal/ HTTP/1.1" 200 62423
66.249.66.86 - - [04/Dec/2022:22:32:30 -0500] "GET /BLA/resoluciones/RESOLUCIONES%202018/2693.pdf HTTP/1.1" 200 350512
66.249.66.86 - - [04/Dec/2022:22:32:32 -0500] "GET /BLA/resoluciones/AUTOS%202014/3562.pdf HTTP/1.1" 200 845832
66.249.66.86 - - [04/Dec/2022:22:32:33 -0500] "GET /BLA/resoluciones/AUTOS%202013/1720.pdf HTTP/1.1" 200 196960
66.249.66.87 - - [04/Dec/2022:22:32:34 -0500] "GET /BLA/resoluciones/RESOLUCIONES%202016/0937.pdf HTTP/1.1" 200 546396
66.249.66.85 - - [04/Dec/2022:22:32:36 -0500] "GET /BLA/resoluciones/AUTOS%202018/1305.pdf HTTP/1.1" 200 285585
66.249.66.85 - - [04/Dec/2022:22:32:37 -0500] "GET /BLA/resoluciones/RESOLUCIONES%202014/1612.pdf HTTP/1.1" 200 541310
66.249.66.85 - - [04/Dec/2022:22:32:38 -0500] "GET /Publicaciones/2022EE289733.pdf HTTP/1.1" 404 228
66.249.66.86 - - [04/Dec/2022:22:32:39 -0500] "GET /BLA/resoluciones/AUTOS%202017/3483.pdf HTTP/1.1" 200 801846
186.102.10.173 - - [04/Dec/2022:22:32:52 -0500] "GET /kwssiamovil/sm/acme/u?s=U2FsdGVkX18Su0E6INwgyjFuXaOEJcj9Q5IrcDMRTc9jZAN7gbRtIACj8OWefEXpo0vFN5lMunqnQBI0ACrD2+cnx3Aymhc7oj+91nSjocu9RmtBAvIzcgrwciEN3ZcawSQP2PY9r/14cln+tnLfjw==&u=U2FsdGVkX181489qv2XUc0oyMeO4s47VP5Yo8Omz2+A=&y=U2FsdGVkX199+WoNm+0bGR4hli/xW8n17sqQ7C/nvPJ2f5eAc6Jg7YF9Wu/zRLhE HTTP/1.1" 200 60
186.86.32.181 - - [04/Dec/2022:22:33:10 -0500] "GET /galeria/galeria/jquery.fancybox.css?v=2.1.5 HTTP/1.1" 200 4895
186.86.32.181 - - [04/Dec/2022:22:33:10 -0500] "GET /BLA/boletinlegal/js/jquery.scrollShow.js HTTP/1.1" 200 4586
186.86.32.181 - - [04/Dec/2022:22:33:10 -0500] "GET /galeria/galeria/jquery.fancybox.js?v=2.1.5 HTTP/1.1" 200 48706
173.214.175.178 - - [04/Dec/2022:22:33:40 -0500] "CONNECT cloudflare.com:443 HTTP/1.1" 405 942
201.245.192.253 - - [04/Dec/2022:22:34:07 -0500] "POST /kwsrmcab/Wsrmcab  HTTP/1.1" 502 1155
114.119.142.207 - - [04/Dec/2022:22:34:30 -0500] "GET /autoliquidacion/Solicitud%20de%20Licencia%20Ambiental/Lista%20de%20Chequeo%20Licencia%20Ambiental.xls HTTP/1.1" 404 1018
172.22.2.4 - - [04/Dec/2022:22:33:13 -0500] "HEAD /BLA/boletinlegal/ HTTP/1.1" 200 -
172.22.2.4 - - [04/Dec/2022:22:34:03 -0500] "GET /BLA/boletinlegal/ HTTP/1.1" 200 40626
216.245.221.92 - - [04/Dec/2022:22:35:44 -0500] "HEAD / HTTP/1.1" 200 -
172.22.2.4 - - [04/Dec/2022:22:34:19 -0500] "GET /BLA/boletinlegal/ HTTP/1.1" 200 45356
114.119.132.101 - - [04/Dec/2022:22:36:01 -0500] "GET /BLA/resoluciones/index.php?dir=RESOLUCIONES%2B2003/&sort=date&order=desc HTTP/1.1" 200 13299
69.171.249.14 - - [04/Dec/2022:22:36:44 -0500] "GET /images/cr\xc3\xb3nica-29-nov-1_optimized.jpeg HTTP/1.1" 404 1034
114.119.139.224 - - [04/Dec/2022:22:37:05 -0500] "GET /BLA/resoluciones/index.php?dir=Notificaciones/RESOLUCIONES%2B2018/&sort=date&order=desc HTTP/1.1" 200 13361
172.22.2.4 - - [04/Dec/2022:22:38:05 -0500] "GET /BLA/boletinlegal/Circulares/2019/.pdf HTTP/1.1" 404 1218
186.102.81.206 - - [04/Dec/2022:22:38:37 -0500] "-" 408 -
186.102.81.206 - - [04/Dec/2022:22:38:37 -0500] "-" 408 -
114.119.138.230 - - [04/Dec/2022:22:38:49 -0500] "GET /BLA/resoluciones/index.php?dir=Notificaciones/REGISTROS%2B2014/&sort=date&order=desc HTTP/1.1" 200 13352
201.245.192.253 - - [04/Dec/2022:22:39:06 -0500] "POST /kwsrmcab/Wsrmcab  HTTP/1.1" 200 213
64.124.8.34 - - [04/Dec/2022:22:40:29 -0500] "-" 408 -
172.22.2.4 - - [04/Dec/2022:22:40:32 -0500] "GET /BLA/boletinlegal/actos.php HTTP/1.1" 200 9566
186.80.52.194 - - [04/Dec/2022:22:40:34 -0500] "GET /BLA/resoluciones/ HTTP/1.1" 200 13093
186.80.52.194 - - [04/Dec/2022:22:40:38 -0500] "GET /BLA/resoluciones/index.php?dir=AUTOS+2015%2F HTTP/1.1" 200 577811
172.22.2.4 - - [04/Dec/2022:22:39:03 -0500] "HEAD /BLA/boletinlegal/ HTTP/1.1" 200 -
216.245.221.92 - - [04/Dec/2022:22:40:53 -0500] "HEAD / HTTP/1.1" 200 -
201.245.192.253 - - [04/Dec/2022:22:40:51 -0500] "POST /kwsrmcab/Wsrmcab HTTP/1.1" 200 43131
201.245.192.253 - - [04/Dec/2022:22:40:54 -0500] "POST /kwsrmcab/Wsrmcab HTTP/1.1" 200 41947
172.22.2.4 - - [04/Dec/2022:22:40:31 -0500] "GET /BLA/boletinlegal/ HTTP/1.1" 200 24523
172.22.2.4 - - [04/Dec/2022:22:39:53 -0500] "GET /BLA/boletinlegal/ HTTP/1.1" 200 48801
114.119.156.86 - - [04/Dec/2022:22:41:38 -0500] "GET /BLA/resoluciones/RESOLUCIONES%202018/1318.pdf HTTP/1.1" 200 595958
69.171.251.20 - - [04/Dec/2022:22:42:05 -0500] "GET /cumpleanos-de-entrenubes-nueva-aula-ambiental-y-manzana-de-cuidado-en-san-cristobal.html HTTP/1.1" 206 882
69.171.251.6 - - [04/Dec/2022:22:42:06 -0500] "GET /cumpleanos-de-entrenubes-nueva-aula-ambiental-y-manzana-de-cuidado-en-san-cristobal.html HTTP/1.1" 206 882
172.22.2.4 - - [04/Dec/2022:22:42:10 -0500] "GET /BLA/boletinlegal/robots.txt HTTP/1.1" 404 1038
172.22.2.4 - - [04/Dec/2022:22:42:10 -0500] "GET /BLA/boletinlegal/documentos-importantes.php HTTP/1.1" 200 4829
173.252.79.9 - - [04/Dec/2022:22:42:29 -0500] "GET /images/cr\xc3\xb3nica-29-nov-1_optimized.jpeg HTTP/1.1" 404 1034
114.119.144.64 - - [04/Dec/2022:22:43:04 -0500] "GET /BLA/resoluciones/RESOLUCIONES%202017/2386.pdf HTTP/1.1" 200 2229002
207.46.13.194 - - [04/Dec/2022:22:43:26 -0500] "GET /BLA/resoluciones/RESOLUCIONES%202000/2000%202600-2649.tif HTTP/1.1" 200 4683605
186.102.10.173 - - [04/Dec/2022:22:44:03 -0500] "GET /kwssiamovil/sm/acme/a?s=U2FsdGVkX18HPr3maVW2bKaom4llDGNuq/LJr58GJpvDsTP8V4KLvLlxofzO4XNNUd6Minm+9ipKhVFrtpteQVXCgV1CtiP/bNSPV/2jIO67lXjFx3TVWZBODrcg8bSHmFg/6tegTjujWJDmMmAGByHm0SnwQ+2V55n2Vw0MV/I4xpcob3MBDQ2mUotyHn38XFoGe4LzGYpoPLvslDxKfkmu98T387D+URdhYSDVADx/QCb3Xf3hJvkrnWjCdjSGrwuRMrrThkIyZ4TwMxSR9g==&u=U2FsdGVkX181489qv2XUc0oyMeO4s47VP5Yo8Omz2+A=&y=U2FsdGVkX199+WoNm+0bGR4hli/xW8n17sqQ7C/nvPJ2f5eAc6Jg7YF9Wu/zRLhE HTTP/1.1" 200 26
186.102.10.173 - - [04/Dec/2022:22:44:04 -0500] "GET /kwssiamovil/sm/acme/a?s=U2FsdGVkX1+EHu5n3XMkIGfPDdvq6jwmoZWUNTo9Bl/BHAooT9BUkTI6NsocYh89AdrCuu03Mpr72y9pNzU0++U2bRTmchh/w166PbHdEDgFUfpnIHm2qgpIHIYpKMra9RH+sRl3tFYqLO1gh6Vo4zsSHA6QOZ7fMn+McjeQ24RmZ+lxRogkwkx841qntL62t3DEZw1gJV5DBhDiveY1W1K/Jfx4a2gstIJHF+tSieex2twEcAE+qiOEhr0J2Muz94VjjtSA0EwY9ZxRsoG0DKbEQGqjIWmqYFoawFT4Z9281b2Ujp5WWs6nTL9FEfj5Do/0jblcQtcDuAL0aD4aBmGGpFiQmvYK8O7bwyTE01JRpGAje7rhmScwxI6YHia+hqivq2rdcp9H9VpPHSlXnpzVhLsbPR+yBgtNZBM76KK0xy1jr4BzKupVJSY2KeoL2tR2KD6uM8VtAFJbDpYBLH6Xm1FKQV6BNAdjj510qwsjUugi4Ieanhyo0BRxAek2pT2tZa/fvcDWOqhw3NIaXpPM2+8+adt2cqYP8qHr96NI/GxcvwxOy5zo7hu7oYOA0oKuRcwr4Xiiotu8vkCp7O8TXynyn7lwL6RxtKZgtDhjMp5taqtc8in5eIEzg35XC0URJo4CTHP3xwN4bjJXxQpZZTrSFfXi3OfWiAiabNs20WVvCTrU8hwIHbGNcUPz8TjEokDO6jMgf4+60kWddV7QKAkGFaKqJQEX94dGrXwJrV77AdHkUIwkcZYkdooHQuSzynVtirUwhFrgzBxDlejTE5wrg3DMrO81zBBNGJf9X58rFOCZBR7Xf89wJThVwZ94dKnlUV8NdqNd6149Jo2u4qD0mbar07Nz73Jb4pLTVr6c6Wi/hAu8t3h2Tgx8chUernleKcSti+Xd99kHsbNvXzGmiNxZ0/MmKtA5LtgV/tmaKI3X8pUmr5vlmm1sDvr919E68ApDZaq2t89R9en5Se8clPuPOESw9AbmGNOojB3/8kNx8ZLJnRiE5nG29J2vsFX2tVabkcnW9ujTvttcgppnBojDAmZgOkU+FVO3Q772/E6axekr1eOdtTB2r3BEWX398d2qBxfjH7yAk0+BMwCz8DAQMmSHCAFlpXMbp3G24dHOjJC9OJxWI1X5khLPrrlmfokF4F5/uZ2/lnx4N/8ifIzlqLlwdsJiYdRO1pw8uCbebv7keiv246ZOb8+cqOd0xI0Phxngqc/r1JleMIfckDcQRiuR35CpAOJy9UPijg+8msC86gMl5+K0AaViEatWXH57oE01zhsdxA6o8elRco1oqy7xutptTXATRFNetDiblHGycbtaH0VK5Ctq9LmOBtFPm67kmJTYzOyalwBxLfi0TSRyr7CB6NlPw/GUpIZDKVvSca0OFNrJSUYi7kJXfJTbVW0LteNTFalvLd3m3UyjpaXicT0chtOH+DkA/gAtWI/ZgzepwXriZBNLBLGpJk0Jb5MB+MU9HXOIu4M5hOgOMEFwBV7t6S9Nx4PSBtSzu6u125WAg/GL4nj/YZWdcwhH/VbBMueWsrkAYbMVaIsSPBA4I61UU2z+O/YbVNm7570MqzDlbXFD2HkCLgB8qLAE+nGxSNPw3fVbDj40m9wpLvS/NqJ829OcgFHDZW+jgy4OFzSpMUHqvaGtZbWn72IkVxShp8ULIz6nwcz1Wp7ku1UdcEm91ZcCiePQWqyBWEMUyoxJHGnvq9jagz9kP/lMFehbjPB+2v2B9+klMOGlTbJd056BJC0yDGgEX68ufKaXMOcto2PoHFxRXppqgKHAQ62UX6Ct9CXa/5HZoR9HtQUEzHwOZBxD5wT8Asvd8glNf5lgYNndmH1PAM/MHSqi86dJ3+pvrmWHlqkxFwWnAr+COuSEAz2425JRyvOBSWJ6iupf8QtlxYUL5zMtPz9fgML7YH11+qohHu1B5OATI4Qm5uducMqsedT16DGiG6uLAMT8OmIQ&u=U2FsdGVkX181489qv2XUc0oyMeO4s47VP5Yo8Omz2+A=&y=U2FsdGVkX199+WoNm+0bGR4hli/xW8n17sqQ7C/nvPJ2f5eAc6Jg7YF9Wu/zRLhE HTTP/1.1" 200 26
