!C99Shell v. 1.0 pre-release build #13!

Software: Apache. PHP/5.5.15 

uname -a: Windows NT SVR-DMZ 6.1 build 7600 (Windows Server 2008 R2 Enterprise Edition) i586 

SYSTEM 

Safe-mode: OFF (not secure)

E:\nuevo\apache\logs\   drwxrwxrwx
Free 8.02 GB of 239.26 GB (3.35%)
Detected drives: [ a ] [ c ] [ d ] [ e ] [ f ]
Home    Back    Forward    UPDIR    Refresh    Search    Buffer    Encoder    Tools    Proc.    FTP brute    Sec.    SQL    PHP-code    Update    Feedback    Self remove    Logout    


Viewing file:     access.2022.12.04.log (880.97 KB)      -rw-rw-rw-
Select action/file-type:
(+) | (+) | (+) | Code (+) | Session (+) | (+) | SDB (+) | (+) | (+) | (+) | (+) | (+) |
216.245.221.92 - - [04/Dec/2022:00:00:47 -0500] "HEAD / HTTP/1.1" 200 -
172.22.2.4 - - [03/Dec/2022:23:59:44 -0500] "HEAD /BLA/boletinlegal/ HTTP/1.1" 200 -
172.22.2.4 - - [04/Dec/2022:00:00:51 -0500] "GET /BLA/boletinlegal/ HTTP/1.1" 200 24523
186.155.19.149 - - [04/Dec/2022:00:02:04 -0500] "POST /sipse/faces/presentacion/financiero/solicitudProceso/listarSolicitudProceso.xhtml HTTP/1.1" 200 119331
186.155.19.149 - - [04/Dec/2022:00:02:05 -0500] "GET /sipse/faces/javax.faces.resource/theme.css?ln=primefaces-sipse HTTP/1.1" 304 -
186.155.19.149 - - [04/Dec/2022:00:02:05 -0500] "GET /sipse/faces/javax.faces.resource/primefaces.css?ln=primefaces&v=4.0 HTTP/1.1" 304 -
186.155.19.149 - - [04/Dec/2022:00:02:05 -0500] "GET /sipse/faces/javax.faces.resource/layout/layout.css?ln=primefaces&v=4.0 HTTP/1.1" 304 -
186.155.19.149 - - [04/Dec/2022:00:02:05 -0500] "GET /sipse/css/imagen/contrasena.png HTTP/1.1" 404 383
186.155.19.149 - - [04/Dec/2022:00:02:05 -0500] "GET /sipse/faces/javax.faces.resource/jquery/jquery.js?ln=primefaces&v=4.0 HTTP/1.1" 304 -
186.155.19.149 - - [04/Dec/2022:00:02:05 -0500] "GET /sipse/faces/javax.faces.resource/jquery/jquery-plugins.js?ln=primefaces&v=4.0 HTTP/1.1" 304 -
186.155.19.149 - - [04/Dec/2022:00:02:05 -0500] "GET /sipse/faces/javax.faces.resource/primefaces.js?ln=primefaces&v=4.0 HTTP/1.1" 304 -
186.155.19.149 - - [04/Dec/2022:00:02:05 -0500] "GET /sipse/faces/javax.faces.resource/layout/layout.js?ln=primefaces&v=4.0 HTTP/1.1" 304 -
172.22.2.4 - - [04/Dec/2022:00:00:34 -0500] "GET /BLA/boletinlegal/ HTTP/1.1" 200 52453
186.155.19.149 - - [04/Dec/2022:00:02:15 -0500] "POST /sipse/faces/presentacion/financiero/solicitudProceso/consultarSolicitudProceso.xhtml HTTP/1.1" 200 65850
186.155.19.149 - - [04/Dec/2022:00:02:20 -0500] "GET /sipse/faces/javax.faces.resource/theme.css?ln=primefaces-sipse HTTP/1.1" 304 -
186.155.19.149 - - [04/Dec/2022:00:02:20 -0500] "GET /sipse/faces/javax.faces.resource/primefaces.css?ln=primefaces&v=4.0 HTTP/1.1" 304 -
186.155.19.149 - - [04/Dec/2022:00:02:20 -0500] "GET /sipse/faces/javax.faces.resource/layout/layout.css?ln=primefaces&v=4.0 HTTP/1.1" 304 -
186.155.19.149 - - [04/Dec/2022:00:02:20 -0500] "GET /sipse/faces/javax.faces.resource/jquery/jquery.js?ln=primefaces&v=4.0 HTTP/1.1" 304 -
186.155.19.149 - - [04/Dec/2022:00:02:20 -0500] "GET /sipse/faces/javax.faces.resource/jquery/jquery-plugins.js?ln=primefaces&v=4.0 HTTP/1.1" 304 -
186.155.19.149 - - [04/Dec/2022:00:02:20 -0500] "GET /sipse/faces/javax.faces.resource/primefaces.js?ln=primefaces&v=4.0 HTTP/1.1" 304 -
186.155.19.149 - - [04/Dec/2022:00:02:20 -0500] "GET /sipse/faces/javax.faces.resource/layout/layout.js?ln=primefaces&v=4.0 HTTP/1.1" 304 -
186.155.19.149 - - [04/Dec/2022:00:02:20 -0500] "POST /sipse/faces/presentacion/financiero/solicitudProceso/listarSolicitudProceso.xhtml HTTP/1.1" 200 1560
66.249.66.86 - - [04/Dec/2022:00:02:27 -0500] "GET /BLA/resoluciones/Notificaciones/REGISTROS%202022/00386.pdf HTTP/1.1" 200 405798
66.249.66.86 - - [04/Dec/2022:00:02:28 -0500] "GET /BLA/resoluciones/RESOLUCIONES%202017/3519.pdf HTTP/1.1" 200 382443
66.249.66.85 - - [04/Dec/2022:00:02:29 -0500] "GET /BLA/resoluciones/AUTOS%202014/4507.pdf HTTP/1.1" 200 569622
66.249.66.86 - - [04/Dec/2022:00:02:30 -0500] "GET /BLA/resoluciones/RESOLUCIONES%202017/0615.pdf HTTP/1.1" 200 339250
66.249.66.85 - - [04/Dec/2022:00:02:32 -0500] "GET /BLA/resoluciones/RESOLUCIONES%202010/5723.pdf HTTP/1.1" 200 40893
66.249.66.86 - - [04/Dec/2022:00:02:32 -0500] "GET /BLA/resoluciones/RESOLUCIONES%202015/2869.pdf HTTP/1.1" 200 625624
66.249.66.86 - - [04/Dec/2022:00:02:34 -0500] "GET /Publicaciones/2022EE253947.pdf HTTP/1.1" 404 228
66.249.66.86 - - [04/Dec/2022:00:02:34 -0500] "GET /Publicaciones/2022EE287532.pdf HTTP/1.1" 404 228
66.249.66.86 - - [04/Dec/2022:00:02:35 -0500] "GET /BLA/resoluciones/Notificaciones/AUTOS%202018/01925.pdf HTTP/1.1" 200 281830
66.249.66.85 - - [04/Dec/2022:00:02:36 -0500] "GET /Publicaciones/2022EE258995.pdf HTTP/1.1" 404 228
66.249.66.86 - - [04/Dec/2022:00:02:37 -0500] "GET /BLA/resoluciones/AUTOS%202014/0648.pdf HTTP/1.1" 200 494374
66.249.66.86 - - [04/Dec/2022:00:02:38 -0500] "GET /BLA/resoluciones/RESOLUCIONES%202009/3366.pdf HTTP/1.1" 200 558277
18.204.166.15 - - [04/Dec/2022:00:03:34 -0500] "GET /galeria/galeria/fotos/diaSC6Peq.jpg HTTP/1.1" 200 17665
201.245.192.253 - - [04/Dec/2022:00:04:15 -0500] "POST /kwsrmcab/Wsrmcab  HTTP/1.1" 200 213
216.245.221.92 - - [04/Dec/2022:00:05:47 -0500] "HEAD / HTTP/1.1" 200 -
172.22.2.4 - - [04/Dec/2022:00:05:34 -0500] "HEAD /BLA/boletinlegal/ HTTP/1.1" 200 -
207.46.13.194 - - [04/Dec/2022:00:07:54 -0500] "GET /galeria/carrusel/Carrusel/jquery.thumbnailScroller.js HTTP/1.1" 200 8157
157.55.39.39 - - [04/Dec/2022:00:07:58 -0500] "GET /galeria/carrusel/Carrusel/jquery.thumbnailScroller.css HTTP/1.1" 200 2066
157.55.39.39 - - [04/Dec/2022:00:07:58 -0500] "GET /galeria/nivo-slider/demo/banner.html HTTP/1.1" 200 5446
40.77.167.58 - - [04/Dec/2022:00:08:03 -0500] "GET /galeria/carrusel/Carrusel/jquery-ui-1.8.13.custom.min.js HTTP/1.1" 200 10800
172.22.2.4 - - [04/Dec/2022:00:06:24 -0500] "GET /BLA/boletinlegal/ HTTP/1.1" 200 59404
5.75.186.160 - - [04/Dec/2022:00:08:10 -0500] "GET / HTTP/1.1" 200 319
77.88.5.157 - - [04/Dec/2022:00:08:29 -0500] "-" 408 -
201.245.192.253 - - [04/Dec/2022:00:09:14 -0500] "POST /kwsrmcab/Wsrmcab  HTTP/1.1" 200 213
173.252.95.116 - - [04/Dec/2022:00:10:23 -0500] "GET /images/Entrenubes%201%20(1)%20(1).jpeg HTTP/1.1" 200 70096
216.245.221.92 - - [04/Dec/2022:00:10:47 -0500] "HEAD / HTTP/1.1" 200 -
172.22.2.4 - - [04/Dec/2022:00:11:24 -0500] "HEAD /BLA/boletinlegal/ HTTP/1.1" 200 -
18.204.166.15 - - [04/Dec/2022:00:13:06 -0500] "GET /galeria/galeria/fotos/Capellania4P.jpg HTTP/1.1" 200 37377
162.216.18.190 - - [04/Dec/2022:00:13:16 -0500] "GET / HTTP/1.1" 200 319
173.252.87.118 - - [04/Dec/2022:00:13:23 -0500] "GET /images/cr\xc3\xb3nica-29-nov-1_optimized.jpeg HTTP/1.1" 404 1034
172.22.2.4 - - [04/Dec/2022:00:12:14 -0500] "GET /BLA/boletinlegal/ HTTP/1.1" 200 58185
173.252.87.2 - - [04/Dec/2022:00:13:56 -0500] "GET /images/cr\xc3\xb3nica-29-nov-1_optimized.jpeg HTTP/1.1" 404 1034
172.22.2.4 - - [04/Dec/2022:00:14:04 -0500] "GET /BLA/boletinlegal/Directivas/2018/Directiva%20No.%2026%20del%2028%20de%20diciembre%20de%202018.pdf HTTP/1.1" 304 -
201.245.192.253 - - [04/Dec/2022:00:14:12 -0500] "POST /kwsrmcab/Wsrmcab  HTTP/1.1" 200 213
181.205.237.130 - - [04/Dec/2022:00:14:25 -0500] "GET / HTTP/1.1" 200 319
144.217.70.87 - - [04/Dec/2022:00:15:12 -0500] "GET /auambari-deleito-con-sus-sonidos-ambientales-a-los-asistentes-de-fima-2021.html HTTP/1.1" 200 888
50.116.49.32 - - [04/Dec/2022:00:15:39 -0500] "GET / HTTP/1.1" 200 319
216.245.221.92 - - [04/Dec/2022:00:15:47 -0500] "HEAD / HTTP/1.1" 200 -
50.116.63.13 - - [04/Dec/2022:00:15:59 -0500] "GET / HTTP/1.1" 200 4720
172.104.27.108 - - [04/Dec/2022:00:16:54 -0500] "GET / HTTP/1.1" 200 319
157.55.39.39 - - [04/Dec/2022:00:17:13 -0500] "GET /BLA/resoluciones/index.php?dir=AUTOS+2018%2F HTTP/1.1" 200 442469
157.55.39.39 - - [04/Dec/2022:00:17:23 -0500] "GET /BLA/resoluciones/00002103.tif HTTP/1.1" 404 1018
172.22.2.4 - - [04/Dec/2022:00:18:20 -0500] "GET /BLA/boletinlegal/Circulares/2017/Circular%20No.%201%20del%2030%20de%20Marzo%20de%202017.pdf HTTP/1.1" 304 -
157.55.39.39 - - [04/Dec/2022:00:18:24 -0500] "GET /BLA/resoluciones/index.php?dir=AUTOS+2019%2F HTTP/1.1" 200 349992
77.88.5.168 - - [04/Dec/2022:00:18:29 -0500] "-" 408 -
172.22.2.4 - - [04/Dec/2022:00:17:14 -0500] "HEAD /BLA/boletinlegal/ HTTP/1.1" 200 -
40.77.167.13 - - [04/Dec/2022:00:19:09 -0500] "GET /Publicaciones/2022EE236444.pdf HTTP/1.1" 404 228
201.245.192.253 - - [04/Dec/2022:00:19:11 -0500] "POST /kwsrmcab/Wsrmcab  HTTP/1.1" 200 213
172.22.2.4 - - [04/Dec/2022:00:18:04 -0500] "GET /BLA/boletinlegal/ HTTP/1.1" 200 59035
216.245.221.92 - - [04/Dec/2022:00:20:47 -0500] "HEAD / HTTP/1.1" 200 -
201.245.192.253 - - [04/Dec/2022:00:20:55 -0500] "POST /kwsrmcab/Wsrmcab HTTP/1.1" 200 42121
201.245.192.253 - - [04/Dec/2022:00:20:58 -0500] "POST /kwsrmcab/Wsrmcab HTTP/1.1" 200 41826
201.245.192.253 - - [03/Dec/2022:22:40:59 -0500] "POST /kwsrmcab/Wsrmcab HTTP/1.1" 502 1155
162.55.170.174 - - [04/Dec/2022:00:22:21 -0500] "GET / HTTP/1.1" 200 319
207.46.13.174 - - [04/Dec/2022:00:22:50 -0500] "GET /BLA/resoluciones/index.php?dir=RESOLUCIONES+2019%2F HTTP/1.1" 200 249154
69.63.189.119 - - [04/Dec/2022:00:23:21 -0500] "GET /mas-de-21-kilogramos-de-residuos-especiales-y-peligrosos-fueron-entregados-en-bosa.html HTTP/1.1" 206 979
40.77.190.173 - - [04/Dec/2022:00:23:53 -0500] "GET /galeria/nivo-slider/themes/default/default.css HTTP/1.1" 200 1569
40.77.188.204 - - [04/Dec/2022:00:23:53 -0500] "GET /galeria/nivo-slider/themes/pascal/pascal.css HTTP/1.1" 200 2258
40.77.190.237 - - [04/Dec/2022:00:23:53 -0500] "GET /galeria/nivo-slider/themes/orman/orman.css HTTP/1.1" 200 2152
40.77.190.95 - - [04/Dec/2022:00:23:53 -0500] "GET /galeria/nivo-slider/nivo-slider.css HTTP/1.1" 200 1507
40.77.189.41 - - [04/Dec/2022:00:23:53 -0500] "GET /galeria/nivo-slider/demo/style.css HTTP/1.1" 200 2222
40.77.190.75 - - [04/Dec/2022:00:23:53 -0500] "GET /galeria/nivo-slider/demo/scripts/jquery-1.7.1.min.js HTTP/1.1" 200 93868
40.77.188.233 - - [04/Dec/2022:00:23:53 -0500] "GET /galeria/nivo-slider/jquery.nivo.slider.pack.js HTTP/1.1" 200 11561
201.245.192.253 - - [04/Dec/2022:00:24:10 -0500] "POST /kwsrmcab/Wsrmcab  HTTP/1.1" 200 213
172.22.2.4 - - [04/Dec/2022:00:23:30 -0500] "GET /BLA/boletinlegal/ HTTP/1.1" 200 32715
172.22.2.4 - - [04/Dec/2022:00:23:04 -0500] "HEAD /BLA/boletinlegal/ HTTP/1.1" 200 -
183.136.225.32 - - [04/Dec/2022:00:25:15 -0500] "GET / HTTP/1.1" 200 319
172.22.2.4 - - [04/Dec/2022:00:23:54 -0500] "GET /BLA/boletinlegal/ HTTP/1.1" 200 52942
216.245.221.92 - - [04/Dec/2022:00:25:47 -0500] "HEAD / HTTP/1.1" 200 -
77.88.5.9 - - [04/Dec/2022:00:28:29 -0500] "-" 408 -
201.245.192.253 - - [04/Dec/2022:00:29:08 -0500] "POST /kwsrmcab/Wsrmcab  HTTP/1.1" 200 213
183.136.225.32 - - [04/Dec/2022:00:29:56 -0500] "GET / HTTP/1.1" 200 319
183.136.225.32 - - [04/Dec/2022:00:29:57 -0500] "GET /favicon.ico HTTP/1.1" 200 7782
172.22.2.4 - - [04/Dec/2022:00:28:54 -0500] "HEAD /BLA/boletinlegal/ HTTP/1.1" 200 -
216.245.221.92 - - [04/Dec/2022:00:30:47 -0500] "HEAD / HTTP/1.1" 200 -
201.245.192.253 - - [04/Dec/2022:00:30:55 -0500] "POST /kwsrmcab/Wsrmcab HTTP/1.1" 200 42121
201.245.192.253 - - [04/Dec/2022:00:30:59 -0500] "POST /kwsrmcab/Wsrmcab HTTP/1.1" 200 41826
172.22.2.4 - - [04/Dec/2022:00:29:44 -0500] "GET /BLA/boletinlegal/ HTTP/1.1" 200 57824
66.249.66.87 - - [04/Dec/2022:00:32:27 -0500] "GET /BLA/resoluciones/AUTOS%202013/0519.pdf HTTP/1.1" 200 221515
66.249.66.85 - - [04/Dec/2022:00:32:28 -0500] "GET /BLA/resoluciones/RESOLUCIONES%202007/RES%202007%202101%20AL%202200/RESOLUCION%202106%20DE%202007.pdf HTTP/1.1" 200 665546
66.249.66.85 - - [04/Dec/2022:00:32:29 -0500] "GET /BLA/resoluciones/RESOLUCIONES%202007/RES%202007%202001%20AL%202100/RESOLUCION%202016%20DE%202007.pdf HTTP/1.1" 200 226788
66.249.66.86 - - [04/Dec/2022:00:32:30 -0500] "GET /BLA/resoluciones/AUTOS%202015/0081.pdf HTTP/1.1" 200 520132
66.249.66.86 - - [04/Dec/2022:00:32:32 -0500] "GET /BLA/resoluciones/RESOLUCIONES%202008/3029.pdf HTTP/1.1" 200 283904
66.249.66.86 - - [04/Dec/2022:00:32:33 -0500] "GET /BLA/resoluciones/RESOLUCIONES%202007/RES%202007%201401%20AL%201500/RESOLUCION%201438%20DE%202007.pdf HTTP/1.1" 200 838485
66.249.66.85 - - [04/Dec/2022:00:32:34 -0500] "GET /BLA/resoluciones/RESOLUCIONES%202010/0716.pdf HTTP/1.1" 200 107560
66.249.66.86 - - [04/Dec/2022:00:32:35 -0500] "GET /BLA/resoluciones/AUTOS%202007/0229.pdf HTTP/1.1" 200 21216
66.249.66.86 - - [04/Dec/2022:00:32:36 -0500] "GET /BLA/resoluciones/AUTOS%202009/2280.pdf HTTP/1.1" 200 121383
201.245.192.253 - - [04/Dec/2022:00:34:07 -0500] "POST /kwsrmcab/Wsrmcab  HTTP/1.1" 200 213
185.119.81.99 - - [04/Dec/2022:00:34:35 -0500] "GET /portaldeninos/wp-login.php HTTP/1.1" 200 2592
185.119.81.99 - - [04/Dec/2022:00:34:36 -0500] "POST /portaldeninos/wp-login.php HTTP/1.1" 200 3605
216.245.221.92 - - [04/Dec/2022:00:35:47 -0500] "HEAD / HTTP/1.1" 200 -
172.22.2.4 - - [04/Dec/2022:00:34:44 -0500] "HEAD /BLA/boletinlegal/ HTTP/1.1" 200 -
172.22.2.4 - - [04/Dec/2022:00:35:34 -0500] "GET /BLA/boletinlegal/ HTTP/1.1" 200 57192
172.22.2.4 - - [04/Dec/2022:00:37:30 -0500] "GET /BLA/boletinlegal/.env HTTP/1.1" 404 1038
172.22.2.4 - - [04/Dec/2022:00:37:32 -0500] "POST /BLA/boletinlegal/ HTTP/1.1" 200 32715
201.245.192.253 - - [04/Dec/2022:00:39:05 -0500] "POST /kwsrmcab/Wsrmcab  HTTP/1.1" 200 213
93.158.161.53 - - [04/Dec/2022:00:39:52 -0500] "-" 408 -
216.245.221.92 - - [04/Dec/2022:00:40:47 -0500] "HEAD / HTTP/1.1" 200 -
201.245.192.253 - - [04/Dec/2022:00:40:55 -0500] "POST /kwsrmcab/Wsrmcab HTTP/1.1" 200 42121
201.245.192.253 - - [04/Dec/2022:00:40:58 -0500] "POST /kwsrmcab/Wsrmcab HTTP/1.1" 200 41826
172.22.2.4 - - [04/Dec/2022:00:40:34 -0500] "HEAD /BLA/boletinlegal/ HTTP/1.1" 200 -
172.22.2.4 - - [04/Dec/2022:00:41:24 -0500] "GET /BLA/boletinlegal/ HTTP/1.1" 200 56079
201.245.192.253 - - [04/Dec/2022:00:44:05 -0500] "POST /kwsrmcab/Wsrmcab  HTTP/1.1" 200 213
216.245.221.92 - - [04/Dec/2022:00:45:47 -0500] "HEAD / HTTP/1.1" 200 -
172.22.2.4 - - [04/Dec/2022:00:47:53 -0500] "GET /BLA/boletinlegal/jurisprudencia.php HTTP/1.1" 200 17573
172.22.2.4 - - [04/Dec/2022:00:46:24 -0500] "HEAD /BLA/boletinlegal/ HTTP/1.1" 200 -
172.22.2.4 - - [04/Dec/2022:00:48:14 -0500] "GET /BLA/boletinlegal/style.css HTTP/1.1" 200 9406
172.22.2.4 - - [04/Dec/2022:00:48:22 -0500] "GET /BLA/boletinlegal/js/lib.js HTTP/1.1" 200 6474
172.22.2.4 - - [04/Dec/2022:00:48:22 -0500] "GET /BLA/boletinlegal/js/popup.js HTTP/1.1" 200 1270
172.22.2.4 - - [04/Dec/2022:00:47:14 -0500] "GET /BLA/boletinlegal/ HTTP/1.1" 200 57824
201.245.192.253 - - [04/Dec/2022:00:49:03 -0500] "POST /kwsrmcab/Wsrmcab  HTTP/1.1" 200 213
77.88.5.231 - - [04/Dec/2022:00:49:52 -0500] "-" 408 -
216.245.221.92 - - [04/Dec/2022:00:50:47 -0500] "HEAD / HTTP/1.1" 200 -
172.22.2.4 - - [04/Dec/2022:00:50:55 -0500] "GET /BLA/boletinlegal/js/jquery1.js HTTP/1.1" 200 29846
172.22.2.4 - - [04/Dec/2022:00:52:17 -0500] "HEAD /BLA/boletinlegal/ HTTP/1.1" 200 -
201.245.192.253 - - [04/Dec/2022:00:54:03 -0500] "POST /kwsrmcab/Wsrmcab  HTTP/1.1" 200 213
172.22.2.4 - - [04/Dec/2022:00:53:07 -0500] "GET /BLA/boletinlegal/ HTTP/1.1" 200 53337
216.245.221.92 - - [04/Dec/2022:00:55:47 -0500] "HEAD / HTTP/1.1" 200 -
207.46.13.174 - - [04/Dec/2022:00:56:03 -0500] "GET /BLA/resoluciones/RESOLUCIONES%202007/RES%202007%20601%20AL%20700/RESOLUCION%200621%20DE%202007.pdf HTTP/1.1" 304 -
172.22.2.4 - - [04/Dec/2022:00:56:04 -0500] "GET /BLA/boletinlegal/robots.txt HTTP/1.1" 404 1134
95.217.144.245 - - [04/Dec/2022:00:56:32 -0500] "-" 408 -
95.217.144.235 - - [04/Dec/2022:00:56:45 -0500] "-" 408 -
95.217.144.244 - - [04/Dec/2022:00:57:04 -0500] "-" 408 -
95.217.144.244 - - [04/Dec/2022:00:57:04 -0500] "-" 408 -
95.217.144.244 - - [04/Dec/2022:00:57:04 -0500] "-" 408 -
95.217.144.244 - - [04/Dec/2022:00:57:04 -0500] "-" 408 -
95.217.144.244 - - [04/Dec/2022:00:57:04 -0500] "-" 408 -
95.217.144.244 - - [04/Dec/2022:00:57:09 -0500] "-" 408 -
95.217.144.244 - - [04/Dec/2022:00:57:15 -0500] "-" 408 -
172.22.2.4 - - [04/Dec/2022:00:57:22 -0500] "GET /BLA/boletinlegal/Circulares/2011/Circular%20No.%202%20del%2026%20de%20Mayo%20de%202011.pdf HTTP/1.1" 304 -
172.22.2.4 - - [04/Dec/2022:00:56:05 -0500] "GET /BLA/boletinlegal/ HTTP/1.1" 200 62423
201.245.192.253 - - [04/Dec/2022:00:59:05 -0500] "POST /kwsrmcab/Wsrmcab  HTTP/1.1" 200 213
172.22.2.4 - - [04/Dec/2022:00:58:07 -0500] "HEAD /BLA/boletinlegal/ HTTP/1.1" 200 -
172.22.2.4 - - [04/Dec/2022:00:58:57 -0500] "GET /BLA/boletinlegal/ HTTP/1.1" 200 52942
162.55.167.166 - - [04/Dec/2022:01:00:46 -0500] "GET / HTTP/1.1" 200 319
216.245.221.92 - - [04/Dec/2022:01:00:47 -0500] "HEAD / HTTP/1.1" 200 -
77.88.5.87 - - [04/Dec/2022:01:01:17 -0500] "-" 408 -
66.249.64.214 - - [04/Dec/2022:01:02:24 -0500] "GET /bogota-reconocida-internacionalmente-por-sus-acciones-para-mejorar-la-calidad-del-aire-y-enfrentar-la-crisis-climatica.html HTTP/1.1" 200 1011
66.249.64.212 - - [04/Dec/2022:01:02:25 -0500] "GET /asi-se-mueve-bogota-en-el-dia-sin-carro-y-sin-moto.html HTTP/1.1" 304 -
66.249.66.85 - - [04/Dec/2022:01:02:26 -0500] "GET /BLA/resoluciones/RESOLUCIONES%202009/0921.pdf HTTP/1.1" 200 1042083
66.249.66.85 - - [04/Dec/2022:01:02:28 -0500] "GET /BLA/resoluciones/AUTOS%202014/2737.pdf HTTP/1.1" 200 662461
66.249.66.86 - - [04/Dec/2022:01:02:31 -0500] "GET /BLA/resoluciones/AUTOS%202007/1567.pdf HTTP/1.1" 200 31852
66.249.66.85 - - [04/Dec/2022:01:02:31 -0500] "GET /BLA/resoluciones/RESOLUCIONES%202007/RES%202007%202201%20AL%202300/RESOLUCION%202298%20DE%202007.pdf HTTP/1.1" 200 372708
66.249.66.86 - - [04/Dec/2022:01:02:33 -0500] "GET /BLA/resoluciones/AUTOS%202010/5403.pdf HTTP/1.1" 200 1467681
66.249.66.86 - - [04/Dec/2022:01:02:35 -0500] "GET /BLA/resoluciones/AUTOS%202014/6650.pdf HTTP/1.1" 200 558078
66.249.66.86 - - [04/Dec/2022:01:02:36 -0500] "GET /BLA/resoluciones/RESOLUCIONES%202009/4142.pdf HTTP/1.1" 200 657474
66.249.66.86 - - [04/Dec/2022:01:02:38 -0500] "GET /BLA/resoluciones/RESOLUCIONES%202007/RES%202007%204301%20AL%204352/RESOLUCION%204338%20DE%202007.pdf HTTP/1.1" 200 1199054
66.249.66.87 - - [04/Dec/2022:01:02:40 -0500] "GET /BLA/resoluciones/AUTOS%202014/1639.pdf HTTP/1.1" 200 522848
66.249.66.85 - - [04/Dec/2022:01:02:41 -0500] "GET /BLA/resoluciones/RESOLUCIONES%202009/3402.pdf HTTP/1.1" 200 473997
66.249.66.88 - - [04/Dec/2022:01:02:43 -0500] "GET /BLA/resoluciones/AUTOS%202014/3801.pdf HTTP/1.1" 200 597027
66.249.66.89 - - [04/Dec/2022:01:02:45 -0500] "GET /BLA/resoluciones/RESOLUCIONES%202009/6507.pdf HTTP/1.1" 200 432169
66.249.66.88 - - [04/Dec/2022:01:02:47 -0500] "GET /BLA/resoluciones/Notificaciones/AUTOS%202018/03223.pdf HTTP/1.1" 200 352059
66.249.66.87 - - [04/Dec/2022:01:02:48 -0500] "GET /BLA/resoluciones/RESOLUCIONES%202008/1024.pdf HTTP/1.1" 200 336773
66.249.66.89 - - [04/Dec/2022:01:02:50 -0500] "GET /BLA/resoluciones/AUTOS%202015/1413.pdf HTTP/1.1" 200 467658
201.245.192.253 - - [04/Dec/2022:01:03:55 -0500] "POST /kwsrmcab/Wsrmcab  HTTP/1.1" 200 213
66.249.64.75 - - [04/Dec/2022:01:04:29 -0500] "GET /portaldeninos/wp-content/uploads/2019/08/Incendios-forestales-ajustada.gif HTTP/1.1" 200 764832
185.119.81.102 - - [04/Dec/2022:01:04:49 -0500] "GET /portaldeninos/wp-login.php HTTP/1.1" 200 2592
185.119.81.102 - - [04/Dec/2022:01:04:50 -0500] "POST /portaldeninos/wp-login.php HTTP/1.1" 200 3605
157.55.39.39 - - [04/Dec/2022:01:05:18 -0500] "GET /BLA/resoluciones/index.php?dir=AUTOS+2019%2F HTTP/1.1" 200 349992
157.55.39.39 - - [04/Dec/2022:01:05:19 -0500] "GET /BLA/resoluciones/index.php?dir=AUTOS+2018%2F HTTP/1.1" 200 442469
172.22.2.4 - - [04/Dec/2022:01:03:57 -0500] "HEAD /BLA/boletinlegal/ HTTP/1.1" 200 -
216.245.221.92 - - [04/Dec/2022:01:05:47 -0500] "HEAD / HTTP/1.1" 200 -
172.22.2.4 - - [04/Dec/2022:01:04:47 -0500] "GET /BLA/boletinlegal/ HTTP/1.1" 200 57192
201.245.192.253 - - [04/Dec/2022:01:08:54 -0500] "POST /kwsrmcab/Wsrmcab  HTTP/1.1" 200 213
216.245.221.92 - - [04/Dec/2022:01:10:47 -0500] "HEAD / HTTP/1.1" 200 -
199.16.157.180 - - [04/Dec/2022:01:11:17 -0500] "GET /images/Musgo%20SDA%20(1)%20(1).png HTTP/1.1" 200 302122
77.88.5.227 - - [04/Dec/2022:01:11:17 -0500] "-" 408 -
172.22.2.4 - - [04/Dec/2022:01:09:47 -0500] "HEAD /BLA/boletinlegal/ HTTP/1.1" 200 -
207.46.13.174 - - [04/Dec/2022:01:11:45 -0500] "GET /BLA/resoluciones/index.php?dir=RESOLUCIONES+2019%2F HTTP/1.1" 200 249154
84.21.172.128 - - [04/Dec/2022:01:11:41 -0500] "POST /boaform/admin/formLogin HTTP/1.1" 404 1186
40.77.167.58 - - [04/Dec/2022:01:12:14 -0500] "GET /BLA/resoluciones/RESOLUCIONES%202000/2000%20300-349.tif HTTP/1.1" 200 3930622
172.22.2.4 - - [04/Dec/2022:01:10:37 -0500] "GET /BLA/boletinlegal/ HTTP/1.1" 200 52942
114.119.148.1 - - [04/Dec/2022:01:13:25 -0500] "GET /BLA/resoluciones/RESOLUCIONES%202010/3782.pdf HTTP/1.1" 200 295151
152.61.128.50 - - [04/Dec/2022:01:13:34 -0500] "GET / HTTP/1.1" 200 319
201.245.192.253 - - [04/Dec/2022:01:13:52 -0500] "POST /kwsrmcab/Wsrmcab  HTTP/1.1" 200 213
216.244.66.195 - - [04/Dec/2022:01:14:15 -0500] "-" 408 -
152.61.192.232 - - [04/Dec/2022:01:14:18 -0500] "GET / HTTP/1.1" 200 319
216.245.221.92 - - [04/Dec/2022:01:15:47 -0500] "HEAD / HTTP/1.1" 200 -
162.55.173.23 - - [04/Dec/2022:01:16:41 -0500] "GET / HTTP/1.1" 200 319
172.22.2.4 - - [04/Dec/2022:01:15:37 -0500] "HEAD /BLA/boletinlegal/ HTTP/1.1" 200 -
172.22.2.4 - - [04/Dec/2022:01:16:27 -0500] "GET /BLA/boletinlegal/ HTTP/1.1" 200 57192
201.245.192.253 - - [04/Dec/2022:01:18:51 -0500] "POST /kwsrmcab/Wsrmcab  HTTP/1.1" 200 213
66.249.64.77 - - [04/Dec/2022:01:19:29 -0500] "GET /portaldeninos/wp-content/uploads/2020/05/fb.jpg HTTP/1.1" 200 9893
216.245.221.92 - - [04/Dec/2022:01:20:47 -0500] "HEAD / HTTP/1.1" 200 -
201.245.192.253 - - [04/Dec/2022:01:20:55 -0500] "POST /kwsrmcab/Wsrmcab HTTP/1.1" 200 42423
201.245.192.253 - - [04/Dec/2022:01:20:58 -0500] "POST /kwsrmcab/Wsrmcab HTTP/1.1" 200 41516
93.158.161.56 - - [04/Dec/2022:01:21:29 -0500] "-" 408 -
172.22.2.4 - - [04/Dec/2022:01:21:27 -0500] "HEAD /BLA/boletinlegal/ HTTP/1.1" 200 -
201.245.192.253 - - [04/Dec/2022:01:23:49 -0500] "POST /kwsrmcab/Wsrmcab  HTTP/1.1" 200 213
172.22.2.4 - - [04/Dec/2022:01:22:17 -0500] "GET /BLA/boletinlegal/ HTTP/1.1" 200 52453
216.245.221.92 - - [04/Dec/2022:01:25:47 -0500] "HEAD / HTTP/1.1" 200 -
64.124.8.47 - - [04/Dec/2022:01:26:15 -0500] "GET /videos/galeria-cronicas/1V3wnplaylist.htm HTTP/1.1" 304 -
40.77.167.58 - - [04/Dec/2022:01:26:26 -0500] "GET /BLA/resoluciones/RESOLUCIONES%202021/0561.pdf HTTP/1.1" 304 -
201.245.192.253 - - [04/Dec/2022:01:28:48 -0500] "POST /kwsrmcab/Wsrmcab  HTTP/1.1" 200 213
172.22.2.4 - - [04/Dec/2022:01:27:17 -0500] "HEAD /BLA/boletinlegal/ HTTP/1.1" 200 -
172.22.2.4 - - [04/Dec/2022:01:28:07 -0500] "GET /BLA/boletinlegal/ HTTP/1.1" 200 55272
64.124.8.28 - - [04/Dec/2022:01:30:30 -0500] "GET /BLA/boletinlegal/jurisprudencia/analisis/AnalisisT-606-15.docx HTTP/1.1" 304 -
114.119.135.209 - - [04/Dec/2022:01:30:40 -0500] "GET /BLA/resoluciones/Notificaciones/AUTOS%202017/00965.doc HTTP/1.1" 200 373961
216.245.221.92 - - [04/Dec/2022:01:30:47 -0500] "HEAD / HTTP/1.1" 200 -
166.0.218.26 - - [04/Dec/2022:01:30:47 -0500] "GET / HTTP/1.1" 200 319
201.245.192.253 - - [04/Dec/2022:01:30:55 -0500] "POST /kwsrmcab/Wsrmcab HTTP/1.1" 200 42423
201.245.192.253 - - [04/Dec/2022:01:30:59 -0500] "POST /kwsrmcab/Wsrmcab HTTP/1.1" 200 41516
77.88.5.29 - - [04/Dec/2022:01:32:25 -0500] "-" 408 -
66.249.66.85 - - [04/Dec/2022:01:32:27 -0500] "GET /BLA/resoluciones/RESOLUCIONES%202011/0896.pdf HTTP/1.1" 200 346533
66.249.66.86 - - [04/Dec/2022:01:32:28 -0500] "GET /BLA/resoluciones/AUTOS%202014/1467.pdf HTTP/1.1" 200 1955878
66.249.66.87 - - [04/Dec/2022:01:32:29 -0500] "GET /BLA/resoluciones/AUTOS%202014/1103.pdf HTTP/1.1" 200 416318
66.249.66.86 - - [04/Dec/2022:01:32:30 -0500] "GET /BLA/resoluciones/RESOLUCIONES%202011/1442.pdf HTTP/1.1" 200 73915
93.158.161.51 - - [04/Dec/2022:01:32:30 -0500] "-" 408 -
66.249.66.85 - - [04/Dec/2022:01:32:31 -0500] "GET /BLA/resoluciones/RESOLUCIONES%202008/3065.pdf HTTP/1.1" 200 281957
66.249.66.85 - - [04/Dec/2022:01:32:32 -0500] "GET /Publicaciones/2022EE284991.pdf HTTP/1.1" 404 228
66.249.66.85 - - [04/Dec/2022:01:32:32 -0500] "GET /BLA/resoluciones/AUTOS%202015/5582.pdf HTTP/1.1" 200 536719
66.249.66.85 - - [04/Dec/2022:01:32:33 -0500] "GET /BLA/resoluciones/RESOLUCIONES%202009/1515.pdf HTTP/1.1" 200 459325
66.249.66.86 - - [04/Dec/2022:01:32:34 -0500] "GET /BLA/resoluciones/AUTOS%202016/0287.pdf HTTP/1.1" 200 463182
66.249.66.86 - - [04/Dec/2022:01:32:36 -0500] "GET /BLA/resoluciones/AUTOS%202009/2980.pdf HTTP/1.1" 200 104907
66.249.66.85 - - [04/Dec/2022:01:32:37 -0500] "GET /BLA/resoluciones/AUTOS%202014/1111.pdf HTTP/1.1" 200 424329
66.249.66.88 - - [04/Dec/2022:01:32:38 -0500] "GET /BLA/resoluciones/AUTOS%202007/3286.pdf HTTP/1.1" 200 527424
66.249.66.88 - - [04/Dec/2022:01:32:39 -0500] "GET /BLA/resoluciones/AUTOS%202013/0128.pdf HTTP/1.1" 200 2158572
66.249.66.88 - - [04/Dec/2022:01:32:40 -0500] "GET /BLA/resoluciones/RESOLUCIONES%202017/0983.pdf HTTP/1.1" 200 317517
66.249.66.87 - - [04/Dec/2022:01:32:40 -0500] "GET /BLA/resoluciones/AUTOS%202011/3902.pdf HTTP/1.1" 200 217118
66.249.66.90 - - [04/Dec/2022:01:32:41 -0500] "GET /BLA/resoluciones/AUTOS%202017/1180.pdf HTTP/1.1" 200 288168
77.88.5.135 - - [04/Dec/2022:01:32:46 -0500] "-" 408 -
18.204.166.15 - - [04/Dec/2022:01:32:57 -0500] "GET /galeria/galeria/fotos/juan-amarillo2P.jpg HTTP/1.1" 200 32696
201.245.192.253 - - [04/Dec/2022:01:33:48 -0500] "POST /kwsrmcab/Wsrmcab  HTTP/1.1" 200 213
172.22.2.4 - - [04/Dec/2022:01:33:07 -0500] "HEAD /BLA/boletinlegal/ HTTP/1.1" 200 -
185.119.81.107 - - [04/Dec/2022:01:35:21 -0500] "GET /portaldeninos/wp-login.php HTTP/1.1" 200 2592
185.119.81.107 - - [04/Dec/2022:01:35:22 -0500] "POST /portaldeninos/wp-login.php HTTP/1.1" 200 3605
172.22.2.4 - - [04/Dec/2022:01:33:57 -0500] "GET /BLA/boletinlegal/ HTTP/1.1" 200 56474
216.245.221.92 - - [04/Dec/2022:01:35:47 -0500] "HEAD / HTTP/1.1" 200 -
77.88.5.244 - - [04/Dec/2022:01:37:18 -0500] "-" 408 -
207.46.13.120 - - [04/Dec/2022:01:37:26 -0500] "GET /si-tienes-ropa-y-calzado-que-ya-no-usas-aca-te-presentamos-seis-puntos-a-donde-los-puedes-llevar.html HTTP/1.1" 200 872
93.158.161.68 - - [04/Dec/2022:01:37:33 -0500] "-" 408 -
77.88.5.221 - - [04/Dec/2022:01:37:48 -0500] "-" 408 -
77.88.5.234 - - [04/Dec/2022:01:38:18 -0500] "-" 408 -
201.245.192.253 - - [04/Dec/2022:01:38:46 -0500] "POST /kwsrmcab/Wsrmcab  HTTP/1.1" 200 213
77.88.5.249 - - [04/Dec/2022:01:39:18 -0500] "-" 408 -
172.22.2.4 - - [04/Dec/2022:01:38:57 -0500] "HEAD /BLA/boletinlegal/ HTTP/1.1" 200 -
216.245.221.92 - - [04/Dec/2022:01:40:47 -0500] "HEAD / HTTP/1.1" 200 -
201.245.192.253 - - [04/Dec/2022:01:40:55 -0500] "POST /kwsrmcab/Wsrmcab HTTP/1.1" 200 42423
201.245.192.253 - - [04/Dec/2022:01:40:58 -0500] "POST /kwsrmcab/Wsrmcab HTTP/1.1" 200 41516
172.22.2.4 - - [04/Dec/2022:01:39:47 -0500] "GET /BLA/boletinlegal/ HTTP/1.1" 200 58185
172.22.2.4 - - [04/Dec/2022:01:41:39 -0500] "GET /BLA/boletinlegal/robots.txt HTTP/1.1" 404 1038
172.22.2.4 - - [04/Dec/2022:01:41:39 -0500] "GET /BLA/boletinlegal/actos.php HTTP/1.1" 200 9566
66.249.64.73 - - [04/Dec/2022:01:42:26 -0500] "GET /portaldeninos/wp-content/uploads/2019/08/Logo-Ambientic.png HTTP/1.1" 200 22941
216.244.66.195 - - [04/Dec/2022:01:42:58 -0500] "GET /robots.txt HTTP/1.1" 404 1018
40.77.167.13 - - [04/Dec/2022:01:43:25 -0500] "GET /appsia/controlador HTTP/1.1" 200 4799
207.46.13.194 - - [04/Dec/2022:01:43:33 -0500] "GET /BLA/resoluciones/RESOLUCIONES%202000/2000%201400-1449.tif HTTP/1.1" 200 5424715
207.46.13.198 - - [04/Dec/2022:01:43:39 -0500] "GET /BLA/resoluciones/RESOLUCIONES%202000/2000%202000-2049.tif HTTP/1.1" 200 5003528
201.245.192.253 - - [04/Dec/2022:01:43:45 -0500] "POST /kwsrmcab/Wsrmcab  HTTP/1.1" 200 213
40.77.167.56 - - [04/Dec/2022:01:45:19 -0500] "GET / HTTP/1.1" 200 319
216.245.221.92 - - [04/Dec/2022:01:45:47 -0500] "HEAD / HTTP/1.1" 200 -
207.46.13.194 - - [04/Dec/2022:01:46:03 -0500] "GET /BLA/resoluciones/index.php?dir=RESOLUCIONES+2005%2FRES+2005+451-500%2F HTTP/1.1" 200 12244
172.22.2.4 - - [04/Dec/2022:01:44:47 -0500] "HEAD /BLA/boletinlegal/ HTTP/1.1" 200 -
172.22.2.4 - - [04/Dec/2022:01:45:37 -0500] "GET /BLA/boletinlegal/ HTTP/1.1" 200 52453
66.249.64.75 - - [04/Dec/2022:01:47:24 -0500] "GET /portaldeninos/ HTTP/1.1" 200 110197
173.252.127.21 - - [04/Dec/2022:01:47:30 -0500] "GET /cumpleanos-de-entrenubes-nueva-aula-ambiental-y-manzana-de-cuidado-en-san-cristobal.html?fbclid=IwAR1s8RgrQ6K2RBKyWsyDzwFB-6UrMnXdtVx68eApNdx7cAfvYm-KKadm7K4 HTTP/1.1" 200 882
66.249.64.73 - - [04/Dec/2022:01:47:30 -0500] "GET /portaldeninos/wp-content/plugins/gallery-videos/JS/Total-Soft-Gallery-Video-Widget.js?ver=4.9.8 HTTP/1.1" 200 80264
66.249.64.75 - - [04/Dec/2022:01:47:31 -0500] "GET /portaldeninos/wp-content/plugins/gallery-videos/CSS/totalsoft.css?ver=4.9.8 HTTP/1.1" 200 40622
66.249.64.73 - - [04/Dec/2022:01:47:32 -0500] "GET /portaldeninos/wp-content/themes/betheme/css/base.css?ver=20.9.6 HTTP/1.1" 200 57283
66.249.64.75 - - [04/Dec/2022:01:47:33 -0500] "GET /portaldeninos/wp-content/themes/betheme/style.css?ver=20.9.6 HTTP/1.1" 200 287
66.249.64.75 - - [04/Dec/2022:01:47:33 -0500] "GET /portaldeninos/wp-content/plugins/popup-maker/assets/css/site.min.css?ver=1.8.14 HTTP/1.1" 200 8260
66.249.64.73 - - [04/Dec/2022:01:47:34 -0500] "GET /portaldeninos/wp-content/themes/betheme/css/layout.css?ver=20.9.6 HTTP/1.1" 200 116639
66.249.64.73 - - [04/Dec/2022:01:47:35 -0500] "GET /portaldeninos/wp-content/plugins/gallery-videos/JS/modernizr.custom.js?ver=4.9.8 HTTP/1.1" 200 9019
66.249.64.73 - - [04/Dec/2022:01:47:36 -0500] "GET /portaldeninos/wp-includes/js/jquery/jquery-migrate.min.js?ver=1.4.1 HTTP/1.1" 200 10056
66.249.64.73 - - [04/Dec/2022:01:47:37 -0500] "GET /portaldeninos/wp-content/plugins/google-analytics-for-wordpress/assets/js/frontend-gtag.min.js?ver=8.5.0 HTTP/1.1" 200 11801
66.249.64.73 - - [04/Dec/2022:01:47:38 -0500] "GET /portaldeninos/wp-includes/js/wp-emoji-release.min.js?ver=4.9.8 HTTP/1.1" 200 12026
66.249.64.73 - - [04/Dec/2022:01:47:39 -0500] "GET /portaldeninos/wp-includes/js/jquery/ui/core.min.js?ver=1.11.4 HTTP/1.1" 200 4000
66.249.64.73 - - [04/Dec/2022:01:47:40 -0500] "GET /portaldeninos/wp-content/uploads/useanyfont/uaf.css?ver=1589905315 HTTP/1.1" 200 408
66.249.64.73 - - [04/Dec/2022:01:47:41 -0500] "GET /portaldeninos/wp-content/themes/betheme/assets/jplayer/css/jplayer.blue.monday.css?ver=20.9.6 HTTP/1.1" 200 9834
66.249.64.73 - - [04/Dec/2022:01:47:42 -0500] "GET /portaldeninos/wp-content/themes/betheme/css/responsive.css?ver=20.9.6 HTTP/1.1" 200 55740
66.249.64.73 - - [04/Dec/2022:01:47:43 -0500] "GET /portaldeninos/wp-includes/js/jquery/ui/mouse.min.js?ver=1.11.4 HTTP/1.1" 200 3148
66.249.64.73 - - [04/Dec/2022:01:47:44 -0500] "GET /portaldeninos/wp-includes/js/jquery/ui/sortable.min.js?ver=1.11.4 HTTP/1.1" 200 24899
66.249.64.73 - - [04/Dec/2022:01:47:45 -0500] "GET /portaldeninos/wp-content/themes/betheme/js/plugins.js?ver=20.9.6 HTTP/1.1" 200 197151
66.249.64.73 - - [04/Dec/2022:01:47:45 -0500] "GET /portaldeninos/wp-content/themes/betheme/js/menu.js?ver=20.9.6 HTTP/1.1" 200 2449
66.249.64.73 - - [04/Dec/2022:01:47:46 -0500] "GET /portaldeninos/wp-content/themes/betheme/assets/animations/animations.min.js?ver=20.9.6 HTTP/1.1" 200 1896
66.249.64.73 - - [04/Dec/2022:01:47:47 -0500] "GET /portaldeninos/wp-content/themes/betheme/assets/jplayer/jplayer.min.js?ver=20.9.6 HTTP/1.1" 200 52702
66.249.64.73 - - [04/Dec/2022:01:47:48 -0500] "GET /portaldeninos/wp-content/plugins/popup-maker/assets/js/site.min.js?defer&ver=1.8.14 HTTP/1.1" 200 48457
66.249.64.73 - - [04/Dec/2022:01:47:49 -0500] "GET /portaldeninos/wp-includes/js/wp-embed.min.js?ver=4.9.8 HTTP/1.1" 200 1398
66.249.64.73 - - [04/Dec/2022:01:47:50 -0500] "GET /portaldeninos/wp-includes/js/jquery/ui/tabs.min.js?ver=1.11.4 HTTP/1.1" 200 12110
66.249.64.73 - - [04/Dec/2022:01:47:51 -0500] "GET /portaldeninos/wp-includes/js/jquery/ui/position.min.js?ver=1.11.4 HTTP/1.1" 200 6527
66.249.64.73 - - [04/Dec/2022:01:47:51 -0500] "GET /portaldeninos/wp-includes/js/jquery/ui/accordion.min.js?ver=1.11.4 HTTP/1.1" 200 8584
201.245.192.253 - - [04/Dec/2022:01:48:43 -0500] "POST /kwsrmcab/Wsrmcab  HTTP/1.1" 200 213
207.46.13.194 - - [04/Dec/2022:01:50:33 -0500] "GET /BLA/resoluciones/00002137.tif HTTP/1.1" 404 1018
216.245.221.92 - - [04/Dec/2022:01:50:47 -0500] "HEAD / HTTP/1.1" 200 -
157.55.39.39 - - [04/Dec/2022:01:50:48 -0500] "GET /BLA/resoluciones/index.php?dir=AUTOS+2018%2F HTTP/1.1" 200 442469
77.88.5.126 - - [04/Dec/2022:01:51:08 -0500] "-" 408 -
172.22.2.4 - - [04/Dec/2022:01:49:38 -0500] "GET /BLA/boletinlegal/index.php HTTP/1.1" 200 52079
172.22.2.4 - - [04/Dec/2022:01:49:42 -0500] "GET /BLA/boletinlegal/ HTTP/1.1" 200 51248
172.22.2.4 - - [04/Dec/2022:01:50:37 -0500] "HEAD /BLA/boletinlegal/ HTTP/1.1" 200 -
114.119.135.196 - - [04/Dec/2022:01:52:36 -0500] "GET /BLA/resoluciones/RESOLUCIONES%202017/1776.pdf HTTP/1.1" 200 6879144
157.55.39.39 - - [04/Dec/2022:01:52:51 -0500] "GET /BLA/resoluciones/index.php?dir=AUTOS+2019%2F HTTP/1.1" 200 349992
172.22.2.4 - - [04/Dec/2022:01:51:27 -0500] "GET /BLA/boletinlegal/ HTTP/1.1" 200 54100
77.88.5.158 - - [04/Dec/2022:01:53:08 -0500] "-" 408 -
114.119.131.197 - - [04/Dec/2022:01:53:22 -0500] "GET /BLA/resoluciones/RESOLUCIONES%202010/6946.pdf HTTP/1.1" 200 286451
201.245.192.253 - - [04/Dec/2022:01:53:44 -0500] "POST /kwsrmcab/Wsrmcab  HTTP/1.1" 200 213
216.245.221.92 - - [04/Dec/2022:01:55:47 -0500] "HEAD / HTTP/1.1" 200 -
77.88.5.236 - - [04/Dec/2022:01:56:08 -0500] "-" 408 -
114.119.139.205 - - [04/Dec/2022:01:57:58 -0500] "GET /BLA/resoluciones/index.php?dir=Notificaciones/AUTOS%2B2021/&sort=date&order=asc HTTP/1.1" 200 13341
207.46.13.174 - - [04/Dec/2022:01:57:58 -0500] "GET /BLA/resoluciones/index.php?dir=RESOLUCIONES+2019%2F HTTP/1.1" 200 249154
172.22.2.4 - - [04/Dec/2022:01:56:27 -0500] "HEAD /BLA/boletinlegal/ HTTP/1.1" 200 -
201.245.192.253 - - [04/Dec/2022:01:58:42 -0500] "POST /kwsrmcab/Wsrmcab  HTTP/1.1" 200 213
172.22.2.4 - - [04/Dec/2022:01:57:17 -0500] "GET /BLA/boletinlegal/ HTTP/1.1" 200 54100
216.245.221.92 - - [04/Dec/2022:02:00:47 -0500] "HEAD / HTTP/1.1" 200 -
114.119.158.157 - - [04/Dec/2022:02:00:54 -0500] "GET /BLA/resoluciones/RESOLUCIONES%202010/5287.pdf HTTP/1.1" 200 752181
77.88.5.83 - - [04/Dec/2022:02:01:11 -0500] "-" 408 -
152.61.128.50 - - [04/Dec/2022:02:01:54 -0500] "GET /arcgis/services/Calidad_del_Agua_WQI/MapServer/WMSServer?request=GetCapabilities&service=WMS HTTP/1.1" 503 1020
152.61.128.50 - - [04/Dec/2022:02:01:55 -0500] "GET /arcgis/services/Calidad_del_Agua_WQI/MapServer/WMSServer?SERVICE=WMS&REQUEST=GetCapabilities HTTP/1.1" 503 1020
152.61.128.50 - - [04/Dec/2022:02:01:55 -0500] "GET /arcgis/services/Calidad_del_Agua_WQI/MapServer/WMSServer?WMTVER=1.0.0&REQUEST=capabilities HTTP/1.1" 503 1020
66.249.66.85 - - [04/Dec/2022:02:02:27 -0500] "GET /BLA/resoluciones/AUTOS%202009/0568.pdf HTTP/1.1" 200 126947
66.249.66.85 - - [04/Dec/2022:02:02:28 -0500] "GET /BLA/resoluciones/RESOLUCIONES%202014/0057.pdf HTTP/1.1" 200 1737172
66.249.66.86 - - [04/Dec/2022:02:02:30 -0500] "GET /BLA/resoluciones/RESOLUCIONES%202008/3611.pdf HTTP/1.1" 200 791210
66.249.66.86 - - [04/Dec/2022:02:02:31 -0500] "GET /BLA/resoluciones/AUTOS%202017/2238.pdf HTTP/1.1" 200 385408
66.249.66.85 - - [04/Dec/2022:02:02:32 -0500] "GET /BLA/resoluciones/RESOLUCIONES%202010/6381.pdf HTTP/1.1" 200 2521049
66.249.66.85 - - [04/Dec/2022:02:02:33 -0500] "GET /BLA/resoluciones/RESOLUCIONES%202016/0146.pdf HTTP/1.1" 200 1414563
66.249.66.86 - - [04/Dec/2022:02:02:34 -0500] "GET /BLA/resoluciones/AUTOS%202018/3573.pdf HTTP/1.1" 200 1737876
66.249.66.85 - - [04/Dec/2022:02:02:35 -0500] "GET /BLA/resoluciones/RESOLUCIONES%202007/RES%202007%202301%20AL%202400/RESOLUCION%202311%20DE%202007.pdf HTTP/1.1" 200 444496
66.249.66.85 - - [04/Dec/2022:02:02:35 -0500] "GET /BLA/resoluciones/Notificaciones/RESOLUCIONES%202022/2831.pdf HTTP/1.1" 200 416017
66.249.66.90 - - [04/Dec/2022:02:02:37 -0500] "GET /BLA/resoluciones/AUTOS%202014/5384.pdf HTTP/1.1" 200 589602
66.249.66.86 - - [04/Dec/2022:02:02:38 -0500] "GET /BLA/resoluciones/RESOLUCIONES%202009/6400.pdf HTTP/1.1" 200 489971
66.249.66.86 - - [04/Dec/2022:02:02:39 -0500] "GET /BLA/resoluciones/RESOLUCIONES%202015/2329.pdf HTTP/1.1" 200 584835
66.249.66.88 - - [04/Dec/2022:02:02:40 -0500] "GET /BLA/resoluciones/AUTOS%202008/1577.pdf HTTP/1.1" 200 132354
66.249.66.86 - - [04/Dec/2022:02:02:41 -0500] "GET /BLA/resoluciones/AUTOS%202013/2077.pdf HTTP/1.1" 200 2067225
66.249.66.87 - - [04/Dec/2022:02:02:42 -0500] "GET /BLA/resoluciones/AUTOS%202017/0317.pdf HTTP/1.1" 200 737873
66.249.66.89 - - [04/Dec/2022:02:02:43 -0500] "GET /BLA/resoluciones/AUTOS%202016/1237.pdf HTTP/1.1" 200 330052
66.249.66.88 - - [04/Dec/2022:02:02:45 -0500] "GET /BLA/resoluciones/RESOLUCIONES%202007/RES%202007%20901%20AL%201000/RESOLUCION%200998%20DE%202007.pdf HTTP/1.1" 200 382240
66.249.66.86 - - [04/Dec/2022:02:02:46 -0500] "GET /BLA/resoluciones/RESOLUCIONES%202009/6106.pdf HTTP/1.1" 200 568949
216.244.66.195 - - [04/Dec/2022:02:02:47 -0500] "-" 408 -
114.119.151.64 - - [04/Dec/2022:02:03:31 -0500] "GET /BLA/resoluciones/RESOLUCIONES%202010/4143.pdf HTTP/1.1" 200 496129
201.245.192.253 - - [04/Dec/2022:02:03:42 -0500] "POST /kwsrmcab/Wsrmcab  HTTP/1.1" 200 213
172.22.2.4 - - [04/Dec/2022:02:02:17 -0500] "HEAD /BLA/boletinlegal/ HTTP/1.1" 200 -
173.252.127.24 - - [04/Dec/2022:02:04:11 -0500] "GET /images/cr\xc3\xb3nica-29-nov-1_optimized.jpeg HTTP/1.1" 404 1034
172.22.2.4 - - [04/Dec/2022:02:03:10 -0500] "GET /BLA/boletinlegal/ HTTP/1.1" 200 57824
64.62.197.30 - - [04/Dec/2022:02:04:57 -0500] "GET / HTTP/1.1" 200 319
172.22.2.4 - - [04/Dec/2022:02:04:58 -0500] "GET /BLA/boletinlegal/conceptos.php HTTP/1.1" 200 7450
216.245.221.92 - - [04/Dec/2022:02:05:47 -0500] "HEAD / HTTP/1.1" 200 -
114.119.129.2 - - [04/Dec/2022:02:06:20 -0500] "GET /BLA/resoluciones/RESOLUCIONES%202010/6179.pdf HTTP/1.1" 200 634053
162.55.170.174 - - [04/Dec/2022:02:06:53 -0500] "GET / HTTP/1.1" 200 319
114.119.135.237 - - [04/Dec/2022:02:07:20 -0500] "GET /BLA/resoluciones/RESOLUCIONES%202018/2604.pdf HTTP/1.1" 200 3177883
64.62.197.26 - - [04/Dec/2022:02:07:29 -0500] "GET /favicon.ico HTTP/1.1" 200 7782
141.255.166.2 - - [04/Dec/2022:02:07:59 -0500] "POST /boaform/admin/formLogin HTTP/1.1" 404 1186
201.245.192.253 - - [04/Dec/2022:02:08:40 -0500] "POST /kwsrmcab/Wsrmcab  HTTP/1.1" 200 213
152.61.192.232 - - [04/Dec/2022:02:09:00 -0500] "GET /arcgis/services/Calidad_del_Agua_WQI/MapServer/WMSServer?request=GetCapabilities&service=WMS HTTP/1.1" 503 1020
152.61.192.232 - - [04/Dec/2022:02:09:01 -0500] "GET /arcgis/services/Calidad_del_Agua_WQI/MapServer/WMSServer?SERVICE=WMS&REQUEST=GetCapabilities HTTP/1.1" 503 1020
152.61.192.232 - - [04/Dec/2022:02:09:01 -0500] "GET /arcgis/services/Calidad_del_Agua_WQI/MapServer/WMSServer?WMTVER=1.0.0&REQUEST=capabilities HTTP/1.1" 503 1020
93.158.161.41 - - [04/Dec/2022:02:09:26 -0500] "-" 408 -
172.22.2.4 - - [04/Dec/2022:02:08:07 -0500] "HEAD /BLA/boletinlegal/ HTTP/1.1" 200 -
172.22.2.4 - - [04/Dec/2022:02:10:22 -0500] "GET /BLA/boletinlegal/owa/auth/logon.aspx?url=https%3a%2f%2f1%2fecp%2f HTTP/1.1" 404 1018
172.22.2.4 - - [04/Dec/2022:02:08:57 -0500] "GET /BLA/boletinlegal/ HTTP/1.1" 200 54100
216.245.221.92 - - [04/Dec/2022:02:10:47 -0500] "HEAD / HTTP/1.1" 200 -
66.249.64.212 - - [04/Dec/2022:02:11:13 -0500] "GET /empresas-transformadoras-de-residuos-de-envases-y-empaques-en-bogota-deben-registrarse-ante-la-secretaria-de-ambiente.html HTTP/1.1" 200 986
172.22.2.4 - - [04/Dec/2022:02:13:01 -0500] "GET /BLA/boletinlegal/robots.txt HTTP/1.1" 404 1038
201.245.192.253 - - [04/Dec/2022:02:13:38 -0500] "POST /kwsrmcab/Wsrmcab  HTTP/1.1" 200 213
114.119.129.254 - - [04/Dec/2022:02:14:40 -0500] "GET /Publicaciones/2020EE214291.pdf HTTP/1.1" 404 228
172.22.2.4 - - [04/Dec/2022:02:13:02 -0500] "GET /BLA/boletinlegal/index.php HTTP/1.1" 200 57824
185.119.81.99 - - [04/Dec/2022:02:15:26 -0500] "GET /portaldeninos/wp-login.php HTTP/1.1" 200 2592
185.119.81.99 - - [04/Dec/2022:02:15:27 -0500] "POST /portaldeninos/wp-login.php HTTP/1.1" 200 3605
172.22.2.4 - - [04/Dec/2022:02:13:57 -0500] "HEAD /BLA/boletinlegal/ HTTP/1.1" 200 -
216.245.221.92 - - [04/Dec/2022:02:15:47 -0500] "HEAD / HTTP/1.1" 200 -
207.46.13.194 - - [04/Dec/2022:02:16:25 -0500] "GET /Publicaciones/2022EE236748.pdf HTTP/1.1" 404 228
172.22.2.4 - - [04/Dec/2022:02:14:47 -0500] "GET /BLA/boletinlegal/ HTTP/1.1" 200 55680
172.22.2.4 - - [04/Dec/2022:02:17:20 -0500] "GET /BLA/boletinlegal/norma_menu.php HTTP/1.1" 200 6318
201.245.192.253 - - [04/Dec/2022:02:18:37 -0500] "POST /kwsrmcab/Wsrmcab  HTTP/1.1" 200 213
77.88.5.30 - - [04/Dec/2022:02:19:26 -0500] "-" 408 -
5.75.186.161 - - [04/Dec/2022:02:19:41 -0500] "GET / HTTP/1.1" 200 4720
114.119.133.82 - - [04/Dec/2022:02:19:52 -0500] "GET /BLA/resoluciones/index.php?dir=AUTOS%2B2015/ HTTP/1.1" 200 13279
64.62.197.101 - - [04/Dec/2022:02:20:27 -0500] "GET /favicon.ico HTTP/1.1" 200 7782
216.245.221.92 - - [04/Dec/2022:02:20:53 -0500] "HEAD / HTTP/1.1" 200 -
201.245.192.253 - - [04/Dec/2022:02:20:55 -0500] "POST /kwsrmcab/Wsrmcab HTTP/1.1" 502 1155
201.245.192.253 - - [04/Dec/2022:02:20:55 -0500] "POST /kwsrmcab/Wsrmcab HTTP/1.1" 200 41829
172.22.2.4 - - [04/Dec/2022:02:19:47 -0500] "HEAD /BLA/boletinlegal/ HTTP/1.1" 200 -
172.22.2.4 - - [04/Dec/2022:02:20:37 -0500] "GET /BLA/boletinlegal/ HTTP/1.1" 200 52453
201.245.192.253 - - [04/Dec/2022:02:23:36 -0500] "POST /kwsrmcab/Wsrmcab  HTTP/1.1" 200 213
216.245.221.92 - - [04/Dec/2022:02:25:47 -0500] "HEAD / HTTP/1.1" 200 -
172.22.2.4 - - [04/Dec/2022:02:25:37 -0500] "HEAD /BLA/boletinlegal/ HTTP/1.1" 200 -
66.249.66.87 - - [04/Dec/2022:02:27:24 -0500] "GET /BLA/resoluciones/RESOLUCIONES%202018/4349.pdf HTTP/1.1" 200 243983
172.22.2.4 - - [04/Dec/2022:02:26:27 -0500] "GET /BLA/boletinlegal/ HTTP/1.1" 200 57192
201.245.192.253 - - [04/Dec/2022:02:28:36 -0500] "POST /kwsrmcab/Wsrmcab  HTTP/1.1" 200 213
93.158.161.58 - - [04/Dec/2022:02:29:26 -0500] "-" 408 -
77.88.5.135 - - [04/Dec/2022:02:29:49 -0500] "GET /robots.txt HTTP/1.1" 404 1035
114.119.147.87 - - [04/Dec/2022:02:30:18 -0500] "GET /BLA/resoluciones/RESOLUCIONES%202011/5742.pdf HTTP/1.1" 200 962680
172.22.2.4 - - [04/Dec/2022:02:30:29 -0500] "GET /BLA/boletinlegal/jurisprudencia/analisis/AnalisisC-746-12.docx HTTP/1.1" 304 -
216.245.221.92 - - [04/Dec/2022:02:30:46 -0500] "HEAD / HTTP/1.1" 200 -
201.245.192.253 - - [04/Dec/2022:02:30:55 -0500] "POST /kwsrmcab/Wsrmcab HTTP/1.1" 200 42592
201.245.192.253 - - [04/Dec/2022:02:30:57 -0500] "POST /kwsrmcab/Wsrmcab HTTP/1.1" 200 41829
114.119.129.110 - - [04/Dec/2022:02:31:35 -0500] "GET /BLA/resoluciones/RESOLUCIONES%202016/0403.pdf HTTP/1.1" 200 922306
66.249.66.87 - - [04/Dec/2022:02:32:27 -0500] "GET /BLA/resoluciones/AUTOS%202008/0785.pdf HTTP/1.1" 200 175196
66.249.66.85 - - [04/Dec/2022:02:32:28 -0500] "GET /BLA/resoluciones/Notificaciones/REGISTROS%202022/1782.pdf HTTP/1.1" 200 406853
66.249.66.86 - - [04/Dec/2022:02:32:30 -0500] "GET /BLA/resoluciones/AUTOS%202011/2347.pdf HTTP/1.1" 200 143923
66.249.66.85 - - [04/Dec/2022:02:32:30 -0500] "GET /BLA/resoluciones/AUTOS%202017/5208.pdf HTTP/1.1" 200 342522
66.249.66.85 - - [04/Dec/2022:02:32:31 -0500] "GET /BLA/resoluciones/AUTOS%202015/0558.pdf HTTP/1.1" 200 553446
66.249.66.86 - - [04/Dec/2022:02:32:33 -0500] "GET /BLA/resoluciones/RESOLUCIONES%202009/1290.pdf HTTP/1.1" 200 662478
66.249.66.86 - - [04/Dec/2022:02:32:34 -0500] "GET /BLA/resoluciones/AUTOS%202015/1056.pdf HTTP/1.1" 200 274460
66.249.66.85 - - [04/Dec/2022:02:32:35 -0500] "GET /BLA/resoluciones/RESOLUCIONES%202013/1681.pdf HTTP/1.1" 200 272410
66.249.66.85 - - [04/Dec/2022:02:32:36 -0500] "GET /BLA/resoluciones/RESOLUCIONES%202018/1123.pdf HTTP/1.1" 200 1887646
66.249.66.85 - - [04/Dec/2022:02:32:39 -0500] "GET /BLA/resoluciones/RESOLUCIONES%202009/3673.pdf HTTP/1.1" 200 58136
66.249.66.85 - - [04/Dec/2022:02:32:39 -0500] "GET /BLA/boletinlegal/Circulares/2013/Circular%20No.%207%20del%201%20de%20Agosto%20de%202013.pdf HTTP/1.1" 200 340934
66.249.66.85 - - [04/Dec/2022:02:32:40 -0500] "GET /BLA/resoluciones/RESOLUCIONES%202011/1517.pdf HTTP/1.1" 200 235943
66.249.64.73 - - [04/Dec/2022:02:32:58 -0500] "GET /portaldeninos/wp-content/themes/betheme/css/shortcodes.css?ver=20.9.6 HTTP/1.1" 200 138889
172.22.2.4 - - [04/Dec/2022:02:31:27 -0500] "HEAD /BLA/boletinlegal/ HTTP/1.1" 200 -
201.245.192.253 - - [04/Dec/2022:02:33:34 -0500] "POST /kwsrmcab/Wsrmcab  HTTP/1.1" 200 213
172.22.2.4 - - [04/Dec/2022:02:32:17 -0500] "GET /BLA/boletinlegal/ HTTP/1.1" 200 57192
114.119.133.126 - - [04/Dec/2022:02:35:34 -0500] "GET /BLA/resoluciones/RESOLUCIONES%202010/3322.pdf HTTP/1.1" 200 531322
216.245.221.92 - - [04/Dec/2022:02:35:59 -0500] "HEAD / HTTP/1.1" 200 -
114.119.133.26 - - [04/Dec/2022:02:37:35 -0500] "GET /autoliquidacion/Grupo%20Forestal%20-%20Industria%20de%20la%20Madera/Diligenciamiento%20libro%20operaciones.pdf HTTP/1.1" 404 1018
114.119.132.57 - - [04/Dec/2022:02:38:08 -0500] "GET /BLA/resoluciones/RESOLUCIONES%202010/5324.pdf HTTP/1.1" 200 370821
201.245.192.253 - - [04/Dec/2022:02:38:33 -0500] "POST /kwsrmcab/Wsrmcab  HTTP/1.1" 200 213
172.22.2.4 - - [04/Dec/2022:02:37:17 -0500] "HEAD /BLA/boletinlegal/ HTTP/1.1" 200 -
77.88.5.47 - - [04/Dec/2022:02:39:26 -0500] "-" 408 -
216.244.66.195 - - [04/Dec/2022:02:39:33 -0500] "GET /robots.txt HTTP/1.1" 404 1018
185.119.81.99 - - [04/Dec/2022:02:39:43 -0500] "GET /portaldeninos/wp-login.php HTTP/1.1" 200 2592
114.119.131.112 - - [04/Dec/2022:02:39:43 -0500] "GET /BLA/resoluciones/RESOLUCIONES%202010/2684.pdf HTTP/1.1" 200 377156
185.119.81.99 - - [04/Dec/2022:02:39:44 -0500] "POST /portaldeninos/wp-login.php HTTP/1.1" 200 3605
172.22.2.4 - - [04/Dec/2022:02:38:07 -0500] "GET /BLA/boletinlegal/ HTTP/1.1" 200 57192
185.119.81.99 - - [04/Dec/2022:02:39:59 -0500] "GET /portaldeninos/wp-login.php HTTP/1.1" 200 2592
185.119.81.99 - - [04/Dec/2022:02:40:00 -0500] "POST /portaldeninos/wp-login.php HTTP/1.1" 200 3605
216.245.221.92 - - [04/Dec/2022:02:40:47 -0500] "HEAD / HTTP/1.1" 200 -
201.245.192.253 - - [04/Dec/2022:02:40:55 -0500] "POST /kwsrmcab/Wsrmcab HTTP/1.1" 200 42592
157.55.39.39 - - [04/Dec/2022:02:40:58 -0500] "GET /BLA/resoluciones/index.php?dir=AUTOS+2019%2F HTTP/1.1" 200 349992
201.245.192.253 - - [04/Dec/2022:02:40:58 -0500] "POST /kwsrmcab/Wsrmcab HTTP/1.1" 200 41829
157.55.39.39 - - [04/Dec/2022:02:41:00 -0500] "GET /BLA/resoluciones/index.php?dir=AUTOS+2018%2F HTTP/1.1" 200 442469
173.252.127.20 - - [04/Dec/2022:02:42:02 -0500] "GET /images/cr\xc3\xb3nica-29-nov-1_optimized.jpeg HTTP/1.1" 404 1034
114.119.159.58 - - [04/Dec/2022:02:43:10 -0500] "GET /BLA/resoluciones/RESOLUCIONES%202017/3166.pdf HTTP/1.1" 200 415671
201.245.192.253 - - [04/Dec/2022:02:43:40 -0500] "POST /kwsrmcab/Wsrmcab  HTTP/1.1" 200 213
172.22.2.4 - - [04/Dec/2022:02:43:07 -0500] "HEAD /BLA/boletinlegal/ HTTP/1.1" 200 -
114.119.140.60 - - [04/Dec/2022:02:45:11 -0500] "GET /autoliquidacion2020/index.php?dir=Aceites-Residuos-Estaciones-/&sort=size&order=desc HTTP/1.1" 200 3690
207.46.13.174 - - [04/Dec/2022:02:45:14 -0500] "GET /BLA/resoluciones/index.php?dir=RESOLUCIONES+2019%2F HTTP/1.1" 200 249154
172.22.2.4 - - [04/Dec/2022:02:43:57 -0500] "GET /BLA/boletinlegal/ HTTP/1.1" 200 57192
216.245.221.92 - - [04/Dec/2022:02:45:47 -0500] "HEAD / HTTP/1.1" 200 -
64.124.8.31 - - [04/Dec/2022:02:46:12 -0500] "GET /portaldeninos/humedal-jaboque-2/ HTTP/1.1" 200 87846
114.119.135.132 - - [04/Dec/2022:02:46:26 -0500] "GET /BLA/resoluciones/RESOLUCIONES%202010/2851.pdf HTTP/1.1" 200 55312
40.77.167.58 - - [04/Dec/2022:02:47:04 -0500] "GET / HTTP/1.1" 200 319
201.245.192.253 - - [04/Dec/2022:02:48:33 -0500] "POST /kwsrmcab/Wsrmcab  HTTP/1.1" 200 213
172.22.2.4 - - [04/Dec/2022:02:48:38 -0500] "GET /BLA/boletinlegal/actos.php HTTP/1.1" 200 9566
172.22.2.4 - - [04/Dec/2022:02:48:47 -0500] "GET /BLA/boletinlegal/js/jquery1.js HTTP/1.1" 200 29846
172.22.2.4 - - [04/Dec/2022:02:48:49 -0500] "GET /BLA/boletinlegal/niceforms.js HTTP/1.1" 200 22876
172.22.2.4 - - [04/Dec/2022:02:48:51 -0500] "GET /BLA/boletinlegal/js/ajax_actos.js HTTP/1.1" 200 1322
172.22.2.4 - - [04/Dec/2022:02:48:53 -0500] "GET /BLA/boletinlegal/js/popup.js HTTP/1.1" 200 1270
141.255.166.2 - - [04/Dec/2022:02:48:59 -0500] "GET / HTTP/1.1" 200 319
64.124.8.30 - - [04/Dec/2022:02:49:09 -0500] "GET /BLA/boletinlegal/jurisprudencia/analisis/analisis%20sentencia%20C-1007-2011-1.doc HTTP/1.1" 304 -
93.158.161.69 - - [04/Dec/2022:02:49:26 -0500] "-" 408 -
114.119.152.46 - - [04/Dec/2022:02:49:38 -0500] "GET /BLA/resoluciones/RESOLUCIONES%202018/4090.pdf HTTP/1.1" 200 367476
114.119.155.205 - - [04/Dec/2022:02:49:53 -0500] "GET /BLA/resoluciones/RESOLUCIONES%202010/2163.pdf HTTP/1.1" 200 523787
114.119.138.67 - - [04/Dec/2022:02:50:34 -0500] "GET /BLA/resoluciones/RESOLUCIONES%202010/1821.pdf HTTP/1.1" 200 371572
172.22.2.4 - - [04/Dec/2022:02:48:57 -0500] "HEAD /BLA/boletinlegal/ HTTP/1.1" 200 -
216.245.221.92 - - [04/Dec/2022:02:50:47 -0500] "HEAD / HTTP/1.1" 200 -
185.119.81.99 - - [04/Dec/2022:02:50:51 -0500] "GET /portaldeninos/wp-login.php HTTP/1.1" 200 2592
185.119.81.99 - - [04/Dec/2022:02:50:52 -0500] "POST /portaldeninos/wp-login.php HTTP/1.1" 200 3650
172.22.2.4 - - [04/Dec/2022:02:49:47 -0500] "GET /BLA/boletinlegal/ HTTP/1.1" 200 59404
114.119.145.160 - - [04/Dec/2022:02:52:00 -0500] "GET /BLA/resoluciones/RESOLUCIONES%202010/2441.pdf HTTP/1.1" 200 499233
201.245.192.253 - - [04/Dec/2022:02:53:31 -0500] "POST /kwsrmcab/Wsrmcab  HTTP/1.1" 200 213
40.77.167.13 - - [04/Dec/2022:02:53:53 -0500] "GET /BLA/resoluciones/AUTOS%202018/2507.pdf HTTP/1.1" 304 -
216.245.221.92 - - [04/Dec/2022:02:55:46 -0500] "HEAD / HTTP/1.1" 200 -
172.22.2.4 - - [04/Dec/2022:02:54:47 -0500] "HEAD /BLA/boletinlegal/ HTTP/1.1" 200 -
172.22.2.4 - - [04/Dec/2022:02:55:37 -0500] "GET /BLA/boletinlegal/ HTTP/1.1" 200 42583
