172.22.2.4 - - [04/Dec/2022:14:21:20 -0500] "GET /BLA/boletinlegal/images/historia.png HTTP/1.1" 200 52775
172.22.2.4 - - [04/Dec/2022:14:21:20 -0500] "GET /BLA/boletinlegal/images/footer_bg.jpg HTTP/1.1" 200 586
172.22.2.4 - - [04/Dec/2022:14:21:20 -0500] "GET /BLA/boletinlegal/images/menu_rght.gif HTTP/1.1" 200 1627
172.22.2.4 - - [04/Dec/2022:14:21:20 -0500] "GET /BLA/boletinlegal/images/menu_bg.jpg HTTP/1.1" 200 620
172.22.2.4 - - [04/Dec/2022:14:21:20 -0500] "GET /BLA/boletinlegal/images/jurisprudencia.png HTTP/1.1" 200 66721
172.22.2.4 - - [04/Dec/2022:14:21:20 -0500] "GET /BLA/boletinlegal/images/text.jpg HTTP/1.1" 200 568
172.22.2.4 - - [04/Dec/2022:14:21:20 -0500] "GET /BLA/boletinlegal/images/bg_top.jpg HTTP/1.1" 200 522
172.22.2.4 - - [04/Dec/2022:14:21:20 -0500] "GET /BLA/boletinlegal/images/sub_ul_li.gif HTTP/1.1" 200 343
172.22.2.4 - - [04/Dec/2022:14:21:20 -0500] "GET /BLA/boletinlegal/images/hover.jpg HTTP/1.1" 200 640
172.22.2.4 - - [04/Dec/2022:14:21:20 -0500] "GET /BLA/boletinlegal/images/registro-usuarios.png HTTP/1.1" 200 8106
172.22.2.4 - - [04/Dec/2022:14:21:20 -0500] "GET /BLA/boletinlegal/images/body_bg.jpg HTTP/1.1" 200 1601
172.22.2.4 - - [04/Dec/2022:14:21:21 -0500] "GET /BLA/boletinlegal/images/footer_bg_l.jpg HTTP/1.1" 200 776
172.22.2.4 - - [04/Dec/2022:14:21:21 -0500] "GET /BLA/boletinlegal/images/menu_lft.gif HTTP/1.1" 200 1713
172.22.2.4 - - [04/Dec/2022:14:21:21 -0500] "GET /BLA/boletinlegal/favicon.ico HTTP/1.1" 404 1344
207.46.13.194 - - [04/Dec/2022:14:22:01 -0500] "GET /BLA/boletinlegal/Directivas/2018/Directiva%20No.%2027%20del%2028%20de%20diciembre%20de%202018.pdf HTTP/1.1" 304 -
40.77.167.14 - - [04/Dec/2022:14:23:24 -0500] "GET / HTTP/1.1" 200 319
173.252.111.10 - - [04/Dec/2022:14:23:38 -0500] "GET /images/cr\xc3\xb3nica-29-nov-1_optimized.jpeg HTTP/1.1" 404 1034
172.22.2.4 - - [04/Dec/2022:14:23:51 -0500] "GET /BLA/boletinlegal/jurisprudencia.php HTTP/1.1" 200 17573
172.22.2.4 - - [04/Dec/2022:14:23:51 -0500] "GET /BLA/boletinlegal/js/lib.js HTTP/1.1" 200 6474
172.22.2.4 - - [04/Dec/2022:14:23:51 -0500] "GET /BLA/boletinlegal/style.css HTTP/1.1" 200 9406
172.22.2.4 - - [04/Dec/2022:14:23:51 -0500] "GET /BLA/boletinlegal/js/popup.js HTTP/1.1" 200 1270
172.22.2.4 - - [04/Dec/2022:14:23:52 -0500] "GET /BLA/boletinlegal/js/jquery1.js HTTP/1.1" 200 29846
172.22.2.4 - - [04/Dec/2022:14:23:52 -0500] "GET /BLA/boletinlegal/images/cabezote%20BLEGAL.jpg HTTP/1.1" 200 118164
172.22.2.4 - - [04/Dec/2022:14:23:52 -0500] "GET /BLA/boletinlegal/images/subscribe-icon-big.png HTTP/1.1" 200 47702
172.22.2.4 - - [04/Dec/2022:14:23:52 -0500] "GET /BLA/boletinlegal/images/historia.png HTTP/1.1" 200 52775
172.22.2.4 - - [04/Dec/2022:14:23:52 -0500] "GET /BLA/boletinlegal/images/registro-usuarios.png HTTP/1.1" 200 8106
172.22.2.4 - - [04/Dec/2022:14:23:52 -0500] "GET /BLA/boletinlegal/images/bg_top.jpg HTTP/1.1" 200 522
172.22.2.4 - - [04/Dec/2022:14:23:52 -0500] "GET /BLA/boletinlegal/images/hover.jpg HTTP/1.1" 200 640
172.22.2.4 - - [04/Dec/2022:14:23:52 -0500] "GET /BLA/boletinlegal/images/sub_ul_li.gif HTTP/1.1" 200 343
172.22.2.4 - - [04/Dec/2022:14:23:52 -0500] "GET /BLA/boletinlegal/images/menu_rght.gif HTTP/1.1" 200 1627
172.22.2.4 - - [04/Dec/2022:14:23:52 -0500] "GET /BLA/boletinlegal/images/menu_bg.jpg HTTP/1.1" 200 620
172.22.2.4 - - [04/Dec/2022:14:23:52 -0500] "GET /BLA/boletinlegal/images/footer_bg.jpg HTTP/1.1" 200 586
172.22.2.4 - - [04/Dec/2022:14:23:52 -0500] "GET /BLA/boletinlegal/images/text.jpg HTTP/1.1" 200 568
172.22.2.4 - - [04/Dec/2022:14:23:52 -0500] "GET /BLA/boletinlegal/images/jurisprudencia.png HTTP/1.1" 200 66721
172.22.2.4 - - [04/Dec/2022:14:23:52 -0500] "GET /BLA/boletinlegal/images/body_bg.jpg HTTP/1.1" 200 1601
172.22.2.4 - - [04/Dec/2022:14:23:52 -0500] "GET /BLA/boletinlegal/images/menu_lft.gif HTTP/1.1" 200 1713
172.22.2.4 - - [04/Dec/2022:14:23:52 -0500] "GET /BLA/boletinlegal/images/footer_bg_l.jpg HTTP/1.1" 200 776
172.22.2.4 - - [04/Dec/2022:14:23:52 -0500] "GET /BLA/boletinlegal/favicon.ico HTTP/1.1" 404 1344
64.124.8.28 - - [04/Dec/2022:14:24:42 -0500] "GET /appsia/controlador HTTP/1.1" 200 4799
173.252.83.119 - - [04/Dec/2022:14:24:51 -0500] "GET /images/Entrenubes%201%20(1)%20(1).jpeg HTTP/1.1" 200 70096
173.252.83.22 - - [04/Dec/2022:14:24:51 -0500] "GET /images/Entrenubes%201%20(1)%20(1).jpeg HTTP/1.1" 200 70096
172.22.2.4 - - [04/Dec/2022:14:23:12 -0500] "HEAD /BLA/boletinlegal/ HTTP/1.1" 200 -
185.119.81.99 - - [04/Dec/2022:14:25:17 -0500] "GET /portaldeninos/wp-login.php HTTP/1.1" 200 2592
185.119.81.99 - - [04/Dec/2022:14:25:18 -0500] "POST /portaldeninos/wp-login.php HTTP/1.1" 200 3650
172.22.2.4 - - [04/Dec/2022:14:24:02 -0500] "GET /BLA/boletinlegal/ HTTP/1.1" 200 59404
216.245.221.92 - - [04/Dec/2022:14:25:45 -0500] "HEAD / HTTP/1.1" 200 -
64.124.8.28 - - [04/Dec/2022:14:25:59 -0500] "GET /robots.txt HTTP/1.1" 404 1018
201.245.192.253 - - [04/Dec/2022:14:25:57 -0500] "POST /kwsrmcab/Wsrmcab  HTTP/1.1" 200 213
181.61.209.63 - - [04/Dec/2022:14:29:49 -0500] "GET /cumpleanos-de-entrenubes-nueva-aula-ambiental-y-manzana-de-cuidado-en-san-cristobal.html HTTP/1.1" 200 882
172.22.2.4 - - [04/Dec/2022:14:29:02 -0500] "HEAD /BLA/boletinlegal/ HTTP/1.1" 200 -
216.245.221.92 - - [04/Dec/2022:14:30:45 -0500] "HEAD / HTTP/1.1" 200 -
201.245.192.253 - - [04/Dec/2022:14:30:53 -0500] "POST /kwsrmcab/Wsrmcab HTTP/1.1" 200 43014
201.245.192.253 - - [04/Dec/2022:14:30:55 -0500] "POST /kwsrmcab/Wsrmcab  HTTP/1.1" 200 213
201.245.192.253 - - [04/Dec/2022:14:30:56 -0500] "POST /kwsrmcab/Wsrmcab HTTP/1.1" 200 41824
172.22.2.4 - - [04/Dec/2022:14:29:52 -0500] "GET /BLA/boletinlegal/ HTTP/1.1" 200 57192
66.249.66.85 - - [04/Dec/2022:14:32:29 -0500] "GET /BLA/resoluciones/RESOLUCIONES%202007/RES%202007%204001%20AL%204100/RESOLUCION%204002%20DE%202007.pdf HTTP/1.1" 200 312350
66.249.66.85 - - [04/Dec/2022:14:32:30 -0500] "GET /BLA/resoluciones/RESOLUCIONES%202015/1918.pdf HTTP/1.1" 200 907261
66.249.66.85 - - [04/Dec/2022:14:32:31 -0500] "GET /BLA/resoluciones/RESOLUCIONES%202009/2909.pdf HTTP/1.1" 200 1264294
66.249.66.87 - - [04/Dec/2022:14:32:33 -0500] "GET /BLA/resoluciones/AUTOS%202014/3955.pdf HTTP/1.1" 200 452230
66.249.66.86 - - [04/Dec/2022:14:32:34 -0500] "GET /BLA/resoluciones/AUTOS%202013/0946.pdf HTTP/1.1" 200 1182808
66.249.66.86 - - [04/Dec/2022:14:32:34 -0500] "GET /BLA/resoluciones/RESOLUCIONES%202007/RES%202007%203901%20AL%204000/RESOLUCION%203975%20DE%202007.pdf HTTP/1.1" 200 703950
172.22.2.4 - - [04/Dec/2022:14:33:56 -0500] "GET /BLA/boletinlegal/jurisprudencia.php HTTP/1.1" 200 17573
40.77.167.14 - - [04/Dec/2022:14:35:35 -0500] "GET /BLA/resoluciones/RESOLUCIONES%202000/2000%202650-2699.tif HTTP/1.1" 200 3086633
216.245.221.92 - - [04/Dec/2022:14:35:45 -0500] "HEAD / HTTP/1.1" 200 -
64.124.8.28 - - [04/Dec/2022:14:35:55 -0500] "GET /BLA/boletinlegal/jurisprudencia.php HTTP/1.1" 200 17573
201.245.192.253 - - [04/Dec/2022:14:35:54 -0500] "POST /kwsrmcab/Wsrmcab  HTTP/1.1" 200 213
172.22.2.4 - - [04/Dec/2022:14:34:52 -0500] "HEAD /BLA/boletinlegal/ HTTP/1.1" 200 -
64.124.8.28 - - [04/Dec/2022:14:37:10 -0500] "GET /robots.txt HTTP/1.1" 404 1018
172.22.2.4 - - [04/Dec/2022:14:35:42 -0500] "GET /BLA/boletinlegal/ HTTP/1.1" 200 59404
172.22.2.4 - - [04/Dec/2022:14:38:18 -0500] "GET /BLA/boletinlegal/actos.php HTTP/1.1" 200 9566
172.22.2.4 - - [04/Dec/2022:14:38:19 -0500] "GET /BLA/boletinlegal/favicon.ico HTTP/1.1" 404 1326
172.22.2.4 - - [04/Dec/2022:14:38:33 -0500] "GET /BLA/boletinlegal/consulta_actos.php?tipo=autos&no=0601&usuario=&sector=&fecha=2015&resuelve= HTTP/1.1" 200 1074
190.66.254.47 - - [04/Dec/2022:14:38:44 -0500] "GET /BLA/resoluciones/ HTTP/1.1" 200 13093
190.66.254.47 - - [04/Dec/2022:14:38:44 -0500] "GET /BLA/resoluciones/dlf/folder.png HTTP/1.1" 200 410
190.66.254.47 - - [04/Dec/2022:14:38:44 -0500] "GET /BLA/resoluciones/dlf/styles.css HTTP/1.1" 200 3049
190.66.254.47 - - [04/Dec/2022:14:38:44 -0500] "GET /BLA/resoluciones/dlf/bg.gif HTTP/1.1" 200 54
190.66.254.47 - - [04/Dec/2022:14:38:44 -0500] "GET /favicon.ico HTTP/1.1" 200 7782
190.66.254.47 - - [04/Dec/2022:14:38:47 -0500] "GET /BLA/resoluciones/dlf/dirup.png HTTP/1.1" 200 644
190.66.254.47 - - [04/Dec/2022:14:38:47 -0500] "GET /BLA/resoluciones/dlf/pdf.gif HTTP/1.1" 200 272
190.66.254.47 - - [04/Dec/2022:14:38:47 -0500] "GET /BLA/resoluciones/dlf/unknown.png HTTP/1.1" 200 266
190.66.254.47 - - [04/Dec/2022:14:38:47 -0500] "GET /BLA/resoluciones/index.php?dir=AUTOS+2015%2F HTTP/1.1" 200 577811
172.22.2.4 - - [04/Dec/2022:14:38:16 -0500] "GET /BLA/boletinlegal/ HTTP/1.1" 200 24523
157.55.39.39 - - [04/Dec/2022:14:39:05 -0500] "GET /BLA/resoluciones/00002135.tif HTTP/1.1" 404 1018
190.66.254.47 - - [04/Dec/2022:14:39:25 -0500] "GET /BLA/resoluciones/AUTOS%202015/0601.pdf HTTP/1.1" 200 554482
216.245.221.92 - - [04/Dec/2022:14:40:45 -0500] "HEAD / HTTP/1.1" 200 -
201.245.192.253 - - [04/Dec/2022:14:40:52 -0500] "POST /kwsrmcab/Wsrmcab HTTP/1.1" 502 1155
201.245.192.253 - - [04/Dec/2022:14:40:52 -0500] "POST /kwsrmcab/Wsrmcab HTTP/1.1" 200 41824
201.245.192.253 - - [04/Dec/2022:14:40:54 -0500] "POST /kwsrmcab/Wsrmcab  HTTP/1.1" 200 213
172.22.2.4 - - [04/Dec/2022:14:40:42 -0500] "HEAD /BLA/boletinlegal/ HTTP/1.1" 200 -
172.22.2.4 - - [04/Dec/2022:14:41:32 -0500] "GET /BLA/boletinlegal/ HTTP/1.1" 200 57192
114.119.157.214 - - [04/Dec/2022:14:45:10 -0500] "GET /autoliquidacion2020/index.php?dir=Aceites-Residuos-Estaciones-/&sort=name&order=desc HTTP/1.1" 200 3690
216.245.221.92 - - [04/Dec/2022:14:45:45 -0500] "HEAD / HTTP/1.1" 200 -
201.245.192.253 - - [04/Dec/2022:14:45:52 -0500] "POST /kwsrmcab/Wsrmcab  HTTP/1.1" 502 1155
172.22.2.4 - - [04/Dec/2022:14:46:32 -0500] "HEAD /BLA/boletinlegal/ HTTP/1.1" 200 -
172.22.2.4 - - [04/Dec/2022:14:47:22 -0500] "GET /BLA/boletinlegal/ HTTP/1.1" 200 52453
162.55.167.166 - - [04/Dec/2022:14:50:24 -0500] "GET / HTTP/1.1" 200 319
216.245.221.92 - - [04/Dec/2022:14:50:45 -0500] "HEAD / HTTP/1.1" 200 -
201.245.192.253 - - [04/Dec/2022:14:50:51 -0500] "POST /kwsrmcab/Wsrmcab  HTTP/1.1" 200 213
207.46.13.174 - - [04/Dec/2022:14:52:39 -0500] "GET /BLA/resoluciones/index.php?dir=RESOLUCIONES+2019%2F HTTP/1.1" 200 249154
172.22.2.4 - - [04/Dec/2022:14:52:22 -0500] "HEAD /BLA/boletinlegal/ HTTP/1.1" 200 -
207.46.13.194 - - [04/Dec/2022:14:54:43 -0500] "GET /BLA/resoluciones/00002126.tif HTTP/1.1" 404 1018
172.22.2.4 - - [04/Dec/2022:14:53:12 -0500] "GET /BLA/boletinlegal/ HTTP/1.1" 200 48801
114.119.146.70 - - [04/Dec/2022:14:54:57 -0500] "GET /BLA/resoluciones/RESOLUCIONES%202010/5326.pdf HTTP/1.1" 200 232829
186.28.16.25 - - [04/Dec/2022:14:55:34 -0500] "GET /appsia/controlador HTTP/1.1" 200 4799
186.28.16.25 - - [04/Dec/2022:14:55:34 -0500] "GET /appsia/css/estilos.css HTTP/1.1" 200 4804
186.28.16.25 - - [04/Dec/2022:14:55:34 -0500] "GET /appsia/scripts/validarIngreso.js HTTP/1.1" 200 851
186.28.16.25 - - [04/Dec/2022:14:55:34 -0500] "GET /appsia/images/cabezoteHojaVida.png HTTP/1.1" 200 32493
186.28.16.25 - - [04/Dec/2022:14:55:34 -0500] "GET /appsia/images/logo_bogota_p.png HTTP/1.1" 200 14951
207.46.13.194 - - [04/Dec/2022:14:55:43 -0500] "GET /BLA/resoluciones/00002141.tif HTTP/1.1" 404 1018
216.245.221.92 - - [04/Dec/2022:14:55:45 -0500] "HEAD / HTTP/1.1" 200 -
186.28.16.25 - - [04/Dec/2022:14:55:50 -0500] "POST /appsia/controlador HTTP/1.1" 200 3601
186.28.16.25 - - [04/Dec/2022:14:55:50 -0500] "GET /appsia/jscripts/validarSolicitud.js HTTP/1.1" 404 68
201.245.192.253 - - [04/Dec/2022:14:55:50 -0500] "POST /kwsrmcab/Wsrmcab  HTTP/1.1" 200 213
185.119.81.99 - - [04/Dec/2022:14:56:03 -0500] "GET /portaldeninos/wp-login.php HTTP/1.1" 200 2592
185.119.81.99 - - [04/Dec/2022:14:56:04 -0500] "POST /portaldeninos/wp-login.php HTTP/1.1" 200 3650
186.28.16.25 - - [04/Dec/2022:14:56:25 -0500] "POST /appsia/controlador HTTP/1.1" 200 4799
186.28.16.25 - - [04/Dec/2022:14:56:46 -0500] "GET /appsia/controlador HTTP/1.1" 200 4799
64.124.8.22 - - [04/Dec/2022:14:56:48 -0500] "GET / HTTP/1.1" 304 -
186.28.16.25 - - [04/Dec/2022:14:56:53 -0500] "POST /appsia/controlador HTTP/1.1" 200 5437
186.28.16.25 - - [04/Dec/2022:14:56:59 -0500] "POST /appsia/controlador HTTP/1.1" 200 7732
186.28.16.25 - - [04/Dec/2022:14:57:00 -0500] "GET /appsia/images/logo_escudo.png HTTP/1.1" 200 36965
172.22.2.4 - - [04/Dec/2022:14:59:03 -0500] "GET /BLA/boletinlegal/style.css HTTP/1.1" 200 9406
172.22.2.4 - - [04/Dec/2022:14:59:03 -0500] "GET /BLA/boletinlegal/styles2.css HTTP/1.1" 200 1838
172.22.2.4 - - [04/Dec/2022:14:59:04 -0500] "GET /BLA/boletinlegal/js/jquery.js HTTP/1.1" 200 57254
172.22.2.4 - - [04/Dec/2022:14:59:04 -0500] "GET /BLA/boletinlegal/js/jquery.scrollShow.js HTTP/1.1" 200 4586
172.22.2.4 - - [04/Dec/2022:14:59:04 -0500] "GET /BLA/boletinlegal/js/jquery.scrollTo-min.js HTTP/1.1" 200 1150
172.22.2.4 - - [04/Dec/2022:14:59:04 -0500] "GET /BLA/boletinlegal/images/cabezote%20BLEGAL.jpg HTTP/1.1" 200 118164
172.22.2.4 - - [04/Dec/2022:14:59:04 -0500] "GET /BLA/boletinlegal/images/subscribe-icon-big.png HTTP/1.1" 200 47702
172.22.2.4 - - [04/Dec/2022:14:59:04 -0500] "GET /BLA/boletinlegal/images/historia.png HTTP/1.1" 200 52775
172.22.2.4 - - [04/Dec/2022:14:59:04 -0500] "GET /BLA/boletinlegal/images/registro-usuarios.png HTTP/1.1" 200 8106
172.22.2.4 - - [04/Dec/2022:14:59:04 -0500] "GET /BLA/boletinlegal/images/arr_l.jpg HTTP/1.1" 200 1979
172.22.2.4 - - [04/Dec/2022:14:59:04 -0500] "GET /BLA/boletinlegal/images/screen_1.png HTTP/1.1" 200 202547
172.22.2.4 - - [04/Dec/2022:14:59:04 -0500] "GET /BLA/boletinlegal/images/launch.jpg HTTP/1.1" 200 14577
172.22.2.4 - - [04/Dec/2022:14:59:04 -0500] "GET /BLA/boletinlegal/images/menu_bg.jpg HTTP/1.1" 200 620
172.22.2.4 - - [04/Dec/2022:14:59:04 -0500] "GET /BLA/boletinlegal/images/body_bg.jpg HTTP/1.1" 200 1601
172.22.2.4 - - [04/Dec/2022:14:59:04 -0500] "GET /BLA/boletinlegal/images/text.jpg HTTP/1.1" 200 568
172.22.2.4 - - [04/Dec/2022:14:59:04 -0500] "GET /BLA/boletinlegal/images/menu_rght.gif HTTP/1.1" 200 1627
172.22.2.4 - - [04/Dec/2022:14:59:04 -0500] "GET /BLA/boletinlegal/images/hover.jpg HTTP/1.1" 200 640
172.22.2.4 - - [04/Dec/2022:14:59:04 -0500] "GET /BLA/boletinlegal/images/bg_top.jpg HTTP/1.1" 200 522
172.22.2.4 - - [04/Dec/2022:14:59:04 -0500] "GET /BLA/boletinlegal/images/menu_lft.gif HTTP/1.1" 200 1713
172.22.2.4 - - [04/Dec/2022:14:59:06 -0500] "GET /BLA/boletinlegal/actos.php HTTP/1.1" 200 9566
172.22.2.4 - - [04/Dec/2022:14:59:06 -0500] "GET /BLA/boletinlegal/js/ajax_actos.js HTTP/1.1" 200 1322
172.22.2.4 - - [04/Dec/2022:14:59:06 -0500] "GET /BLA/boletinlegal/niceforms-default.css HTTP/1.1" 200 6694
172.22.2.4 - - [04/Dec/2022:14:59:06 -0500] "GET /BLA/boletinlegal/niceforms.js HTTP/1.1" 200 22876
172.22.2.4 - - [04/Dec/2022:14:59:06 -0500] "GET /BLA/boletinlegal/js/lib.js HTTP/1.1" 200 6474
172.22.2.4 - - [04/Dec/2022:14:59:06 -0500] "GET /BLA/boletinlegal/js/popup.js HTTP/1.1" 200 1270
172.22.2.4 - - [04/Dec/2022:14:59:06 -0500] "GET /BLA/boletinlegal/js/jquery1.js HTTP/1.1" 200 29846
172.22.2.4 - - [04/Dec/2022:14:59:06 -0500] "GET /BLA/boletinlegal/images/green-yellow-blue-pink-th.png HTTP/1.1" 200 7394
172.22.2.4 - - [04/Dec/2022:14:59:06 -0500] "GET /BLA/boletinlegal/images/tel.png HTTP/1.1" 200 14477
172.22.2.4 - - [04/Dec/2022:14:59:06 -0500] "GET /BLA/boletinlegal/images/icono-email.png HTTP/1.1" 200 5544
172.22.2.4 - - [04/Dec/2022:14:59:06 -0500] "GET /BLA/boletinlegal/images/footer_bg.jpg HTTP/1.1" 200 586
172.22.2.4 - - [04/Dec/2022:14:59:06 -0500] "GET /BLA/boletinlegal/images/footer_bg_l.jpg HTTP/1.1" 200 776
172.22.2.4 - - [04/Dec/2022:14:59:06 -0500] "GET /BLA/boletinlegal/img/0.png HTTP/1.1" 200 110
172.22.2.4 - - [04/Dec/2022:14:59:06 -0500] "GET /BLA/boletinlegal/img/select-left.png HTTP/1.1" 200 263
172.22.2.4 - - [04/Dec/2022:14:59:06 -0500] "GET /BLA/boletinlegal/img/select-right.png HTTP/1.1" 200 44019
172.22.2.4 - - [04/Dec/2022:14:59:06 -0500] "GET /BLA/boletinlegal/img/button-left.png HTTP/1.1" 200 57071
172.22.2.4 - - [04/Dec/2022:14:59:06 -0500] "GET /BLA/boletinlegal/img/button-right.png HTTP/1.1" 200 57878
172.22.2.4 - - [04/Dec/2022:14:59:06 -0500] "GET /BLA/boletinlegal/img/button.png HTTP/1.1" 200 43241
172.22.2.4 - - [04/Dec/2022:14:59:06 -0500] "GET /BLA/boletinlegal/favicon.ico HTTP/1.1" 404 1326
172.22.2.4 - - [04/Dec/2022:14:59:20 -0500] "GET /BLA/boletinlegal/consulta_actos.php?tipo=autos&no=3624&usuario=&sector=&fecha=2017&resuelve= HTTP/1.1" 200 1073
172.22.2.4 - - [04/Dec/2022:14:59:20 -0500] "GET /BLA/boletinlegal/images/pdf.gif HTTP/1.1" 200 567
200.118.63.86 - - [04/Dec/2022:14:59:26 -0500] "GET /BLA/resoluciones/ HTTP/1.1" 200 13093
200.118.63.86 - - [04/Dec/2022:14:59:26 -0500] "GET /BLA/resoluciones/dlf/styles.css HTTP/1.1" 200 3049
200.118.63.86 - - [04/Dec/2022:14:59:26 -0500] "GET /BLA/resoluciones/dlf/folder.png HTTP/1.1" 200 410
200.118.63.86 - - [04/Dec/2022:14:59:26 -0500] "GET /BLA/resoluciones/dlf/bg.gif HTTP/1.1" 200 54
200.118.63.86 - - [04/Dec/2022:14:59:28 -0500] "GET /BLA/resoluciones/dlf/dirup.png HTTP/1.1" 200 644
200.118.63.86 - - [04/Dec/2022:14:59:28 -0500] "GET /BLA/resoluciones/dlf/pdf.gif HTTP/1.1" 200 272
200.118.63.86 - - [04/Dec/2022:14:59:28 -0500] "GET /BLA/resoluciones/index.php?dir=AUTOS+2017%2F HTTP/1.1" 200 459835
186.102.60.228 - - [04/Dec/2022:14:59:33 -0500] "GET /kwssiamovil/sm/ldap/au?x=U2FsdGVkX1/ELbJwxf2gCe9cMcWcLpyuYqIbW4rmZQf06gRLGAKl5dcBH/Rt0QZ0&y=U2FsdGVkX18O8dP5AeEt/mL44Z2jUJTyEFmoHuxd0hDp9Wdso/9ShwFaf/XOD0Vl HTTP/1.1" 200 30
186.102.60.228 - - [04/Dec/2022:14:59:33 -0500] "GET /kwssiamovil/sm/acme/s?s=U2FsdGVkX1+eZ04zOHLQYNOny2wN2tbtSeMWG/c1O45tPE2hga5aMmjrRa8XWHug5Nk6eRhuGZuTfPDywLsZaUQ9/BgGicMnZ5jh/LGFt70=&u=U2FsdGVkX18dFkIFLA3EbJe78k8GnoZScK0U89ibPZU=&y=U2FsdGVkX18O8dP5AeEt/mL44Z2jUJTyEFmoHuxd0hDp9Wdso/9ShwFaf/XOD0Vl HTTP/1.1" 200 97
186.102.60.228 - - [04/Dec/2022:14:59:33 -0500] "GET /kwssiamovil/sm/acme/s?s=U2FsdGVkX1+Oh8keLWjyIHp1o9J1OvT+C/E13Fa7BGWvb+muqur1xGwc7trp66/wmssSeLKSCnfDoRTEMtVlqNwLXBh2u53rZsHMybCgLwgDYvH1q/It9w26M5XMvXeG/vuYZuJBogGIgK2OP+UCVbCoyZlzBivVtE9KL796K7siYIBnfQnLub6Cz0Z+ZwoIMRVN+AlC/Xzr2F1s2D8UQqdtsMS09yuUA5WJifd7EP+mcKuF+PMkJrjvEcj0XMOYfqdDicSVq4vQ23pgTqjBgREbdjXizShPwemaSDTjttz12QeowV1gTE8MAttnnKLVjTm9L2oipxO7NresVxsJjdbuJO0x3bFLZFZIay9s+aIsp51Rq8QokSpxgmZv8WKQ+I0ZuHGAuWdyjF7Lf6ouUxjl0n+NPKFE3yIeQDBpso78wkwN5nYBPdp1b6KqBLd44NaTFG4j14ZZh7ZWRE8xzpMEPDNPjUC3q49nSGeRdguAiVhIXrIEv3L2309XxykRRfgWsBfv9YTiRryTf31FS+GJOiythDfCCCiYK2twQOhKzlI1JVjwe93z6H+yBNBvWtweM5g4ANNOL4+dIkHcc9NhVU7CMQs73JlJ5Bv8jG4IqyFZL0qjawXtNG0QTeOesMpc2nkJHirOSY/Agc7SEuvFoVWK3u5Aex9lVJRWGp+H+T6ENvCpMOgqiA1SYZ/W9ZFKEWEb1qDByNMX/zatfetM1hY4CMkDte+Jm4xrlvC9+5mdKmxG0Vg2GjR4ZxyA17sCrFAkZJs2ohVn0BHqr6Gu2V4mjBGkOfDx2sYmE0I0wZGwSHXRh8sJATZAqAfii5EqXzspPIHvhP8xs1JHhj21D2KYW3p8th7lT7WSrpgdwG6rYJjbxrzPecgJgEV8JYsdJvV1HhY6mEeNr38Z7AcpmYsUVuHMA2UXWfj42/HhiYA2hMmF2DcEsYmnYFGO4yqL3CVd7LDGDKidSIxtCgMaVQWK3V+Bjk34ne3gEMrdWotS+tOgftvl7UwuL5X1r+2zqWYbDchgfhui0zjgd0c7+mdF123e7t8jOYrrD0BbCSDO/rSScHrNJiEe3/iZ0QZoCOAqMRfVUwVUM8z/x07HU7d4/VhQVtLVFiKlm5qy4+Sj1K0KVMOaTngXCnLLCtyUy9KoKKNrcThvT49c44PwAFMPoCyg0q9V1T03Ummklguro8iYnO6oddNHmCbCdI6bXyIoz5jvtnp5wW5r7cYDSI3UiVs/royYfIBbDVAyAjsMm5dy74OrB+oiEeqyoBGNrhWquuN2eTf/hzHnSvm3gIewRNpP/Jx0bbStoyHdITVOxwN1eukErGfMglsCZ2+B7mjlNeyWWTTJH1TFuh5+Bq1m8PhQeL0BrRVJRjqlxmcZwC194DaG4t4bUo+SwN5lrWicfCjfXX1l7Zm73yGl6356VU3mskIz92c8xCw=&u=U2FsdGVkX18dFkIFLA3EbJe78k8GnoZScK0U89ibPZU=&y=U2FsdGVkX18O8dP5AeEt/mL44Z2jUJTyEFmoHuxd0hDp9Wdso/9ShwFaf/XOD0Vl HTTP/1.1" 200 7313
186.102.60.228 - - [04/Dec/2022:14:59:33 -0500] "GET /kwssiamovil/sm/acme/s?s=U2FsdGVkX1/Ri6iRmbQWpKTp7nZhD8q8UbyiFBgJLPEmg5niT6ADb8QvKcSuaRyWMCwF1fSYf7PkQkcyrgNyVFTXs2QNQvJjtwD9dkT7iagidgW8Vj1cqYK6IsQx6UujBYP8FWN5x5duDKnIMlAu+n9lox9I+GYfUHoXWxr3nvuJj4WTcnjyHaLYlgcuWxKVRFh8XDOor4IOI1IqIxFTxoy/n8VsRGM3mlShkFeNPCKyBIG7L1js2AJPVOV4JE9FnaiJ8rywp+vMo7/2RwwQM95fAsk29zn12liokK7h2VchpmgV/xCurmcFaYZxpBDM/i8+RtGzOlWN0qiHaSP9yw==&u=U2FsdGVkX18dFkIFLA3EbJe78k8GnoZScK0U89ibPZU=&y=U2FsdGVkX18O8dP5AeEt/mL44Z2jUJTyEFmoHuxd0hDp9Wdso/9ShwFaf/XOD0Vl HTTP/1.1" 200 196
186.102.60.228 - - [04/Dec/2022:14:59:34 -0500] "GET /kwssiamovil/sm/cjson/pre?f=1&x=U2FsdGVkX1/ELbJwxf2gCe9cMcWcLpyuYqIbW4rmZQf06gRLGAKl5dcBH/Rt0QZ0 HTTP/1.1" 200 31032
172.22.2.4 - - [04/Dec/2022:14:58:12 -0500] "HEAD /BLA/boletinlegal/ HTTP/1.1" 200 -
172.22.2.4 - - [04/Dec/2022:14:59:03 -0500] "GET /BLA/boletinlegal/ HTTP/1.1" 200 24523
186.102.60.228 - - [04/Dec/2022:14:59:53 -0500] "GET /kwssiamovil/sm/acme/u?s=U2FsdGVkX1+agnZrGXJoAkwRtMliif0FlTGUzPgcg0fKDRqeZRO2xcnUUa29ZKmeVgM4NdwF13vpA04uqXzplXyBJYki4qIfyILguJs5plVNiR0NSpFWJLYDyudMH6kJQ8wEExzAzT1Wq4wfJWwVlAY4WGNk1aby9IOOMgnCfyMhN2yGyswo+a4cX2VkL3J3weKSfOca8671mTPFaVLsfMJw7Qew1UVBeri/ihzicEA=&u=U2FsdGVkX18dFkIFLA3EbJe78k8GnoZScK0U89ibPZU=&y=U2FsdGVkX18O8dP5AeEt/mL44Z2jUJTyEFmoHuxd0hDp9Wdso/9ShwFaf/XOD0Vl HTTP/1.1" 200 60
200.118.63.86 - - [04/Dec/2022:14:59:55 -0500] "GET /BLA/resoluciones/AUTOS%202017/3624.pdf HTTP/1.1" 200 277171
172.22.2.4 - - [04/Dec/2022:14:59:02 -0500] "GET /BLA/boletinlegal/ HTTP/1.1" 200 54816
216.245.221.92 - - [04/Dec/2022:15:00:45 -0500] "HEAD / HTTP/1.1" 200 -
201.245.192.253 - - [04/Dec/2022:15:00:49 -0500] "POST /kwsrmcab/Wsrmcab  HTTP/1.1" 502 1155
194.55.186.124 - - [04/Dec/2022:15:02:11 -0500] "POST /boaform/admin/formLogin HTTP/1.1" 404 1186
66.249.66.86 - - [04/Dec/2022:15:02:29 -0500] "GET /BLA/resoluciones/RESOLUCIONES%202010/0686.pdf HTTP/1.1" 200 135644
66.249.66.87 - - [04/Dec/2022:15:02:30 -0500] "GET /BLA/resoluciones/AUTOS%202014/3971.pdf HTTP/1.1" 200 856197
66.249.66.85 - - [04/Dec/2022:15:02:31 -0500] "GET /BLA/resoluciones/RESOLUCIONES%202012/1499.pdf HTTP/1.1" 200 1849765
66.249.66.87 - - [04/Dec/2022:15:02:32 -0500] "GET /BLA/resoluciones/AUTOS%202016/0905.pdf HTTP/1.1" 200 456421
66.249.66.86 - - [04/Dec/2022:15:02:33 -0500] "GET /BLA/resoluciones/AUTOS%202011/1028.pdf HTTP/1.1" 200 309443
66.249.66.86 - - [04/Dec/2022:15:02:34 -0500] "GET /BLA/resoluciones/AUTOS%202008/2874.pdf HTTP/1.1" 200 218428
66.249.66.86 - - [04/Dec/2022:15:02:35 -0500] "GET /BLA/resoluciones/AUTOS%202018/0599.pdf HTTP/1.1" 200 283256
114.119.149.137 - - [04/Dec/2022:15:04:53 -0500] "GET /BLA/resoluciones/RESOLUCIONES%202010/4989.pdf HTTP/1.1" 200 702634
172.22.2.4 - - [04/Dec/2022:15:04:47 -0500] "GET /BLA/boletinlegal/ HTTP/1.1" 200 20427
172.22.2.4 - - [04/Dec/2022:15:04:02 -0500] "HEAD /BLA/boletinlegal/ HTTP/1.1" 200 -
216.245.221.92 - - [04/Dec/2022:15:05:45 -0500] "HEAD / HTTP/1.1" 200 -
201.245.192.253 - - [04/Dec/2022:15:05:47 -0500] "POST /kwsrmcab/Wsrmcab  HTTP/1.1" 200 213
172.22.2.4 - - [04/Dec/2022:15:04:52 -0500] "GET /BLA/boletinlegal/ HTTP/1.1" 200 56079
173.252.111.1 - - [04/Dec/2022:15:06:59 -0500] "GET /images/Musgo%20SDA%20(1)%20(1).png HTTP/1.1" 200 302122
173.252.111.2 - - [04/Dec/2022:15:06:59 -0500] "GET /images/Acuerdos%2001%20(1)%20(1).jpeg HTTP/1.1" 200 32884
173.252.111.21 - - [04/Dec/2022:15:07:23 -0500] "GET /images/Reciclaton%20Nov%202022%20(1)%20(1).jpeg HTTP/1.1" 200 53811
64.124.8.22 - - [04/Dec/2022:15:07:50 -0500] "GET /robots.txt HTTP/1.1" 404 1035
95.217.144.237 - - [04/Dec/2022:15:08:17 -0500] "-" 408 -
95.217.144.237 - - [04/Dec/2022:15:08:17 -0500] "-" 408 -
95.217.144.237 - - [04/Dec/2022:15:08:17 -0500] "-" 408 -
199.16.157.183 - - [04/Dec/2022:15:09:41 -0500] "GET /images/nueva-orquidea1-optimized.jpg HTTP/1.1" 200 31539
216.245.221.92 - - [04/Dec/2022:15:10:45 -0500] "HEAD / HTTP/1.1" 200 -
201.245.192.253 - - [04/Dec/2022:15:10:45 -0500] "POST /kwsrmcab/Wsrmcab  HTTP/1.1" 200 213
172.22.2.4 - - [04/Dec/2022:15:09:52 -0500] "HEAD /BLA/boletinlegal/ HTTP/1.1" 200 -
114.119.134.245 - - [04/Dec/2022:15:11:59 -0500] "GET /BLA/resoluciones/RESOLUCIONES%202010/6675.pdf HTTP/1.1" 200 247506
40.77.167.13 - - [04/Dec/2022:15:12:10 -0500] "GET /BLA/resoluciones/RESOLUCIONES%202004/RES%202004%202101-2150/00002146.tif HTTP/1.1" 200 157970
172.22.2.4 - - [04/Dec/2022:15:12:13 -0500] "GET /BLA/boletinlegal/robots.txt HTTP/1.1" 404 1038
172.22.2.4 - - [04/Dec/2022:15:10:42 -0500] "GET /BLA/boletinlegal/ HTTP/1.1" 200 56825
172.22.2.4 - - [04/Dec/2022:15:12:15 -0500] "GET /BLA/boletinlegal/index.php HTTP/1.1" 200 61905
141.255.166.2 - - [04/Dec/2022:15:14:19 -0500] "GET / HTTP/1.1" 200 319
185.215.113.5 - - [04/Dec/2022:15:14:49 -0500] "GET /BLA/resoluciones/AUTOS%202018'/3623.pdf HTTP/1.1" 404 1018
114.119.131.200 - - [04/Dec/2022:15:15:08 -0500] "GET /BLA/resoluciones/RESOLUCIONES%202010/6051.pdf HTTP/1.1" 200 641712
114.119.137.43 - - [04/Dec/2022:15:15:33 -0500] "GET /BLA/resoluciones/RESOLUCIONES%202010/4759.pdf HTTP/1.1" 200 601021
201.245.192.253 - - [04/Dec/2022:15:15:43 -0500] "POST /kwsrmcab/Wsrmcab  HTTP/1.1" 502 1155
157.55.39.39 - - [04/Dec/2022:15:15:43 -0500] "GET /BLA/resoluciones/index.php?dir=AUTOS+2019%2F HTTP/1.1" 200 349992
216.245.221.92 - - [04/Dec/2022:15:15:45 -0500] "HEAD / HTTP/1.1" 200 -
173.252.95.117 - - [04/Dec/2022:15:16:19 -0500] "GET /cuco-americano-otra-ave-que-esta-en-epoca-de-migracion.html HTTP/1.1" 206 914
172.22.2.4 - - [04/Dec/2022:15:15:42 -0500] "HEAD /BLA/boletinlegal/ HTTP/1.1" 200 -
64.124.8.22 - - [04/Dec/2022:15:17:30 -0500] "GET /portaldeninos/home-2-3/feed/ HTTP/1.1" 304 -
157.55.39.39 - - [04/Dec/2022:15:17:33 -0500] "GET /BLA/resoluciones/RESOLUCIONES%202000/2000%201150-1199.tif HTTP/1.1" 200 4191097
172.22.2.4 - - [04/Dec/2022:15:16:32 -0500] "GET /BLA/boletinlegal/ HTTP/1.1" 200 56825
40.77.167.13 - - [04/Dec/2022:15:19:31 -0500] "GET / HTTP/1.1" 200 4720
114.119.128.23 - - [04/Dec/2022:15:20:09 -0500] "GET /BLA/resoluciones/RESOLUCIONES%202010/4676.pdf HTTP/1.1" 200 751983
201.245.192.253 - - [04/Dec/2022:15:20:41 -0500] "POST /kwsrmcab/Wsrmcab  HTTP/1.1" 200 213
216.245.221.92 - - [04/Dec/2022:15:20:45 -0500] "HEAD / HTTP/1.1" 200 -
201.245.192.253 - - [04/Dec/2022:15:20:52 -0500] "POST /kwsrmcab/Wsrmcab HTTP/1.1" 200 43015
201.245.192.253 - - [04/Dec/2022:15:20:55 -0500] "POST /kwsrmcab/Wsrmcab HTTP/1.1" 200 41821
114.119.155.13 - - [04/Dec/2022:15:22:42 -0500] "GET /BLA/resoluciones/RESOLUCIONES%202010/4000.pdf HTTP/1.1" 200 374861
66.220.149.11 - - [04/Dec/2022:15:23:06 -0500] "GET /images/cr\xc3\xb3nica-29-nov-1_optimized.jpeg HTTP/1.1" 404 1034
172.22.2.4 - - [04/Dec/2022:15:21:32 -0500] "HEAD /BLA/boletinlegal/ HTTP/1.1" 200 -
172.22.2.4 - - [04/Dec/2022:15:22:22 -0500] "GET /BLA/boletinlegal/ HTTP/1.1" 200 52079
114.119.151.89 - - [04/Dec/2022:15:24:22 -0500] "GET /BLA/resoluciones/RESOLUCIONES%202010/3951.pdf HTTP/1.1" 200 117106
201.245.192.253 - - [04/Dec/2022:15:25:41 -0500] "POST /kwsrmcab/Wsrmcab  HTTP/1.1" 200 213
216.245.221.92 - - [04/Dec/2022:15:25:45 -0500] "HEAD / HTTP/1.1" 200 -
40.77.167.13 - - [04/Dec/2022:15:27:03 -0500] "GET /Publicaciones/2022EE179308.pdf HTTP/1.1" 404 228
114.119.137.249 - - [04/Dec/2022:15:27:24 -0500] "GET /BLA/resoluciones/RESOLUCIONES%202010/3489.pdf HTTP/1.1" 200 498483
179.33.126.34 - - [04/Dec/2022:15:28:15 -0500] "GET /mesa/contrasena.pdf HTTP/1.1" 200 443199
179.33.126.34 - - [04/Dec/2022:15:28:16 -0500] "GET /mesa/contrasena.pdf HTTP/1.1" 206 1
179.33.126.34 - - [04/Dec/2022:15:28:16 -0500] "GET /mesa/contrasena.pdf HTTP/1.1" 206 1391
114.119.144.184 - - [04/Dec/2022:15:28:28 -0500] "GET /BLA/resoluciones/RESOLUCIONES%202010/3257.pdf HTTP/1.1" 200 753047
172.22.2.4 - - [04/Dec/2022:15:27:22 -0500] "HEAD /BLA/boletinlegal/ HTTP/1.1" 200 -
172.22.2.4 - - [04/Dec/2022:15:28:12 -0500] "GET /BLA/boletinlegal/ HTTP/1.1" 200 53337
114.119.155.122 - - [04/Dec/2022:15:29:56 -0500] "GET /BLA/resoluciones/RESOLUCIONES%202010/3198.pdf HTTP/1.1" 200 363529
201.245.192.253 - - [04/Dec/2022:15:30:40 -0500] "POST /kwsrmcab/Wsrmcab  HTTP/1.1" 200 213
216.245.221.92 - - [04/Dec/2022:15:30:45 -0500] "HEAD / HTTP/1.1" 200 -
201.245.192.253 - - [04/Dec/2022:15:30:52 -0500] "POST /kwsrmcab/Wsrmcab HTTP/1.1" 200 43015
201.245.192.253 - - [04/Dec/2022:15:30:55 -0500] "POST /kwsrmcab/Wsrmcab HTTP/1.1" 200 41821
114.119.130.167 - - [04/Dec/2022:15:31:04 -0500] "GET /BLA/resoluciones/RESOLUCIONES%202010/3168.pdf HTTP/1.1" 200 358176
173.214.175.178 - - [04/Dec/2022:15:31:53 -0500] "CONNECT cloudflare.com:443 HTTP/1.1" 405 942
64.124.8.35 - - [04/Dec/2022:15:32:18 -0500] "-" 408 -
66.249.66.85 - - [04/Dec/2022:15:32:29 -0500] "GET /BLA/resoluciones/AUTOS%202013/0963.pdf HTTP/1.1" 200 1592805
66.249.66.86 - - [04/Dec/2022:15:32:30 -0500] "GET /BLA/resoluciones/RESOLUCIONES%202018/1198.pdf HTTP/1.1" 200 365645
66.249.66.85 - - [04/Dec/2022:15:32:31 -0500] "GET /BLA/resoluciones/AUTOS%202013/3677.pdf HTTP/1.1" 200 565215
66.249.66.85 - - [04/Dec/2022:15:32:32 -0500] "GET /BLA/resoluciones/RESOLUCIONES%202007/RES%202007%20201%20AL%20300/RESOLUCION%200281%20DE%202007.pdf HTTP/1.1" 200 310958
66.249.66.87 - - [04/Dec/2022:15:32:33 -0500] "GET /BLA/resoluciones/Notificaciones/RESOLUCIONES%202021/5590.pdf HTTP/1.1" 200 356574
66.249.66.85 - - [04/Dec/2022:15:32:35 -0500] "GET /BLA/resoluciones/AUTOS%202016/1790.pdf HTTP/1.1" 200 503832
66.249.66.86 - - [04/Dec/2022:15:32:36 -0500] "GET /BLA/resoluciones/AUTOS%202014/0614.pdf HTTP/1.1" 200 1096560
66.249.66.85 - - [04/Dec/2022:15:32:37 -0500] "GET /BLA/resoluciones/RESOLUCIONES%202010/0048.pdf HTTP/1.1" 200 492000
66.249.66.85 - - [04/Dec/2022:15:32:38 -0500] "GET /BLA/resoluciones/AUTOS%202014/6257.pdf HTTP/1.1" 200 221585
66.249.66.85 - - [04/Dec/2022:15:32:39 -0500] "GET /BLA/resoluciones/AUTOS%202014/4839.pdf HTTP/1.1" 200 564395
66.249.66.86 - - [04/Dec/2022:15:32:41 -0500] "GET /BLA/resoluciones/RESOLUCIONES%202007/RES%202007%20301%20AL%20400/RESOLUCION%200390%20DE%202007.pdf HTTP/1.1" 200 232047
66.249.66.88 - - [04/Dec/2022:15:32:41 -0500] "GET /Publicaciones/2022EE281586.pdf HTTP/1.1" 404 228
66.249.66.87 - - [04/Dec/2022:15:32:42 -0500] "GET /BLA/resoluciones/AUTOS%202014/6317.pdf HTTP/1.1" 200 522640
114.119.153.191 - - [04/Dec/2022:15:32:43 -0500] "GET /BLA/resoluciones/RESOLUCIONES%202010/2859.pdf HTTP/1.1" 200 371486
66.249.66.87 - - [04/Dec/2022:15:32:44 -0500] "GET /BLA/resoluciones/RESOLUCIONES%202010/1780.pdf HTTP/1.1" 200 565194
66.249.66.88 - - [04/Dec/2022:15:32:46 -0500] "GET /BLA/resoluciones/AUTOS%202009/2709.pdf HTTP/1.1" 200 122029
66.249.66.86 - - [04/Dec/2022:15:32:47 -0500] "GET /BLA/resoluciones/Notificaciones/AUTOS%202018/00072.pdf HTTP/1.1" 200 298929
66.249.66.85 - - [04/Dec/2022:15:32:47 -0500] "GET /BLA/resoluciones/Notificaciones/AUTOS%202017/03605.pdf HTTP/1.1" 200 273674
172.22.2.4 - - [04/Dec/2022:15:33:12 -0500] "HEAD /BLA/boletinlegal/ HTTP/1.1" 200 -
114.119.149.116 - - [04/Dec/2022:15:35:13 -0500] "GET /BLA/resoluciones/RESOLUCIONES%202010/2800.pdf HTTP/1.1" 200 548983
207.46.13.174 - - [04/Dec/2022:15:35:16 -0500] "GET /forest/ HTTP/1.1" 200 12041
114.119.159.148 - - [04/Dec/2022:15:35:26 -0500] "GET /BLA/resoluciones/RESOLUCIONES%202010/1819.pdf HTTP/1.1" 200 351500
201.245.192.253 - - [04/Dec/2022:15:35:39 -0500] "POST /kwsrmcab/Wsrmcab  HTTP/1.1" 200 213
172.22.2.4 - - [04/Dec/2022:15:34:02 -0500] "GET /BLA/boletinlegal/ HTTP/1.1" 200 47659
216.245.221.92 - - [04/Dec/2022:15:35:45 -0500] "HEAD / HTTP/1.1" 200 -
172.22.2.4 - - [04/Dec/2022:15:34:25 -0500] "GET /BLA/boletinlegal/ HTTP/1.1" 200 52942
172.22.2.4 - - [04/Dec/2022:15:36:18 -0500] "GET /BLA/boletinlegal/normativa.php HTTP/1.1" 200 8333
172.22.2.4 - - [04/Dec/2022:15:36:18 -0500] "GET /BLA/boletinlegal/niceforms.js HTTP/1.1" 200 22876
172.22.2.4 - - [04/Dec/2022:15:36:18 -0500] "GET /BLA/boletinlegal/styles2.css HTTP/1.1" 200 1838
172.22.2.4 - - [04/Dec/2022:15:36:18 -0500] "GET /BLA/boletinlegal/js/ajax_normativa.js HTTP/1.1" 200 1154
172.22.2.4 - - [04/Dec/2022:15:36:18 -0500] "GET /BLA/boletinlegal/niceforms-default.css HTTP/1.1" 200 6694
172.22.2.4 - - [04/Dec/2022:15:36:18 -0500] "GET /BLA/boletinlegal/style.css HTTP/1.1" 200 9406
172.22.2.4 - - [04/Dec/2022:15:36:19 -0500] "GET /BLA/boletinlegal/images/subscribe-icon-big.png HTTP/1.1" 200 47702
172.22.2.4 - - [04/Dec/2022:15:36:19 -0500] "GET /BLA/boletinlegal/images/cabezote%20BLEGAL.jpg HTTP/1.1" 200 118164
172.22.2.4 - - [04/Dec/2022:15:36:19 -0500] "GET /BLA/boletinlegal/images/historia.png HTTP/1.1" 200 52775
172.22.2.4 - - [04/Dec/2022:15:36:19 -0500] "GET /BLA/boletinlegal/images/registro-usuarios.png HTTP/1.1" 200 8106
172.22.2.4 - - [04/Dec/2022:15:36:19 -0500] "GET /BLA/boletinlegal/images/tel.png HTTP/1.1" 200 14477
172.22.2.4 - - [04/Dec/2022:15:36:19 -0500] "GET /BLA/boletinlegal/images/body_bg.jpg HTTP/1.1" 200 1601
172.22.2.4 - - [04/Dec/2022:15:36:19 -0500] "GET /BLA/boletinlegal/images/footer_bg.jpg HTTP/1.1" 200 586
172.22.2.4 - - [04/Dec/2022:15:36:19 -0500] "GET /BLA/boletinlegal/images/bg_top.jpg HTTP/1.1" 200 522
172.22.2.4 - - [04/Dec/2022:15:36:19 -0500] "GET /BLA/boletinlegal/images/menu_rght.gif HTTP/1.1" 200 1627
172.22.2.4 - - [04/Dec/2022:15:36:19 -0500] "GET /BLA/boletinlegal/images/menu_lft.gif HTTP/1.1" 200 1713
172.22.2.4 - - [04/Dec/2022:15:36:19 -0500] "GET /BLA/boletinlegal/images/menu_bg.jpg HTTP/1.1" 200 620
172.22.2.4 - - [04/Dec/2022:15:36:19 -0500] "GET /BLA/boletinlegal/images/text.jpg HTTP/1.1" 200 568
172.22.2.4 - - [04/Dec/2022:15:36:19 -0500] "GET /BLA/boletinlegal/images/hover.jpg HTTP/1.1" 200 640
172.22.2.4 - - [04/Dec/2022:15:36:19 -0500] "GET /BLA/boletinlegal/images/footer_bg_l.jpg HTTP/1.1" 200 776
172.22.2.4 - - [04/Dec/2022:15:36:19 -0500] "GET /BLA/boletinlegal/images/icono-email.png HTTP/1.1" 200 5544
172.22.2.4 - - [04/Dec/2022:15:36:19 -0500] "GET /BLA/boletinlegal/img/0.png HTTP/1.1" 200 110
172.22.2.4 - - [04/Dec/2022:15:36:19 -0500] "GET /BLA/boletinlegal/img/select-left.png HTTP/1.1" 200 263
172.22.2.4 - - [04/Dec/2022:15:36:19 -0500] "GET /BLA/boletinlegal/img/button.png HTTP/1.1" 200 43241
172.22.2.4 - - [04/Dec/2022:15:36:19 -0500] "GET /BLA/boletinlegal/img/select-right.png HTTP/1.1" 200 44019
172.22.2.4 - - [04/Dec/2022:15:36:19 -0500] "GET /BLA/boletinlegal/img/button-right.png HTTP/1.1" 200 57878
172.22.2.4 - - [04/Dec/2022:15:36:19 -0500] "GET /BLA/boletinlegal/img/button-left.png HTTP/1.1" 200 57071
172.22.2.4 - - [04/Dec/2022:15:36:19 -0500] "GET /BLA/boletinlegal/favicon.ico HTTP/1.1" 404 1334
64.124.8.27 - - [04/Dec/2022:15:37:40 -0500] "GET /portaldeninos/aulas-ambientales/ HTTP/1.1" 200 88416
172.22.2.4 - - [04/Dec/2022:15:38:17 -0500] "GET /BLA/boletinlegal/Circulares/2019/.pdf HTTP/1.1" 404 1218
64.124.8.27 - - [04/Dec/2022:15:38:15 -0500] "GET /robots.txt HTTP/1.1" 404 1035
207.46.13.174 - - [04/Dec/2022:15:39:39 -0500] "GET /BLA/resoluciones/index.php?dir=RESOLUCIONES+2019%2F HTTP/1.1" 200 249154
201.245.192.253 - - [04/Dec/2022:15:40:38 -0500] "POST /kwsrmcab/Wsrmcab  HTTP/1.1" 200 213
172.22.2.4 - - [04/Dec/2022:15:39:02 -0500] "HEAD /BLA/boletinlegal/ HTTP/1.1" 200 -
216.245.221.92 - - [04/Dec/2022:15:40:45 -0500] "HEAD / HTTP/1.1" 200 -
201.245.192.253 - - [04/Dec/2022:15:40:52 -0500] "POST /kwsrmcab/Wsrmcab HTTP/1.1" 200 43015
201.245.192.253 - - [04/Dec/2022:15:40:56 -0500] "POST /kwsrmcab/Wsrmcab HTTP/1.1" 200 41821
172.22.2.4 - - [04/Dec/2022:15:39:52 -0500] "GET /BLA/boletinlegal/ HTTP/1.1" 200 55680
201.245.192.253 - - [04/Dec/2022:15:45:37 -0500] "POST /kwsrmcab/Wsrmcab  HTTP/1.1" 502 1155
216.245.221.92 - - [04/Dec/2022:15:45:45 -0500] "HEAD / HTTP/1.1" 200 -
172.22.2.4 - - [04/Dec/2022:15:44:52 -0500] "HEAD /BLA/boletinlegal/ HTTP/1.1" 200 -
172.22.2.4 - - [04/Dec/2022:15:45:42 -0500] "GET /BLA/boletinlegal/ HTTP/1.1" 200 57192
157.55.39.39 - - [04/Dec/2022:15:47:37 -0500] "GET /galeria/galeria/fotos/GuaymaralTorca4G.jpg HTTP/1.1" 200 373786
157.55.39.39 - - [04/Dec/2022:15:48:48 -0500] "GET /sipse/faces/presentacion/sistema/anexos/cargarAnexoSolicitudProceso.xhtml HTTP/1.1" 302 -
157.55.39.39 - - [04/Dec/2022:15:48:49 -0500] "GET /sipse/faces/autenticacion.xhtml HTTP/1.1" 200 12174
172.22.2.4 - - [04/Dec/2022:15:49:14 -0500] "GET /BLA/boletinlegal/favicon.ico HTTP/1.1" 404 1018
172.22.2.4 - - [04/Dec/2022:15:48:58 -0500] "GET /BLA/boletinlegal/ HTTP/1.1" 200 20427
172.22.2.4 - - [04/Dec/2022:15:48:59 -0500] "GET /BLA/boletinlegal/ HTTP/1.1" 200 32715
114.119.136.141 - - [04/Dec/2022:15:50:13 -0500] "GET /BLA/resoluciones/RESOLUCIONES%202010/1771.pdf HTTP/1.1" 200 248691
201.245.192.253 - - [04/Dec/2022:15:50:36 -0500] "POST /kwsrmcab/Wsrmcab  HTTP/1.1" 200 213
216.245.221.92 - - [04/Dec/2022:15:50:45 -0500] "HEAD / HTTP/1.1" 200 -
172.22.2.4 - - [04/Dec/2022:15:50:56 -0500] "GET /BLA/boletinlegal/favicon.ico HTTP/1.1" 404 1326
207.46.13.194 - - [04/Dec/2022:15:52:08 -0500] "GET /BLA/resoluciones/RESOLUCIONES%202000/2000%20700-749.tif HTTP/1.1" 200 4710687
172.22.2.4 - - [04/Dec/2022:15:50:42 -0500] "HEAD /BLA/boletinlegal/ HTTP/1.1" 200 -
172.22.2.4 - - [04/Dec/2022:15:51:32 -0500] "GET /BLA/boletinlegal/ HTTP/1.1" 200 57192
162.55.37.148 - - [04/Dec/2022:15:53:29 -0500] "GET / HTTP/1.1" 200 319
173.252.87.120 - - [04/Dec/2022:15:53:41 -0500] "GET /images/cr\xc3\xb3nica-29-nov-1_optimized.jpeg HTTP/1.1" 404 1034
185.119.81.99 - - [04/Dec/2022:15:54:20 -0500] "GET /portaldeninos/wp-login.php HTTP/1.1" 200 2592
185.119.81.99 - - [04/Dec/2022:15:54:21 -0500] "POST /portaldeninos/wp-login.php HTTP/1.1" 200 3670
201.245.192.253 - - [04/Dec/2022:15:55:34 -0500] "POST /kwsrmcab/Wsrmcab  HTTP/1.1" 200 213
216.245.221.92 - - [04/Dec/2022:15:55:45 -0500] "HEAD / HTTP/1.1" 200 -
172.22.2.4 - - [04/Dec/2022:15:56:32 -0500] "HEAD /BLA/boletinlegal/ HTTP/1.1" 200 -
186.102.60.228 - - [04/Dec/2022:15:58:54 -0500] "OPTIONS /kwssiamovil/sm/setfile/f? HTTP/1.1" 200 13
172.22.2.4 - - [04/Dec/2022:15:57:22 -0500] "GET /BLA/boletinlegal/ HTTP/1.1" 200 57192
186.102.60.228 - - [04/Dec/2022:15:58:54 -0500] "POST /kwssiamovil/sm/setfile/f? HTTP/1.1" 200 248
186.102.60.228 - - [04/Dec/2022:15:59:23 -0500] "GET /kwssiamovil/sm/acme/a?s=U2FsdGVkX1/WLwQVQJ6pFPenUU0VmM2YNOx9t6hzgC+C2NfWuG8tOCcoD81vP1S9Wu1EEdNvk3fsO4BwRh1lrwtLKonar8kAD4EfwxOkInL8fU00IHTSffpZyH2PpgOYS705NVFSL0OJhdxMs0JP4bWumQvz91w0e3rgA3Hfp7FZZqNCR2SKV/a4sNVcGFDZNm2Vrpr4obIwEiB2sXlZyr+bBuOA+CdcqARRPcarCzKwqvV5VyfLsVCPQO2jmtDu2iIj9w2mfpsZpV6Hs+0yCg==&u=U2FsdGVkX18dFkIFLA3EbJe78k8GnoZScK0U89ibPZU=&y=U2FsdGVkX18O8dP5AeEt/mL44Z2jUJTyEFmoHuxd0hDp9Wdso/9ShwFaf/XOD0Vl HTTP/1.1" 200 26
186.102.60.228 - - [04/Dec/2022:15:59:24 -0500] "GET /kwssiamovil/sm/acme/a?s=U2FsdGVkX1/pGXaQg4gP/9oNq3wM5F9kzre2I9re6TP6ZxLRr2JNK71ix6YugNTzq4zKUbOiEt8ltPaTqYIlcUcuHvgk3y7XyQWVHbmM4fEUETEXV/GudIci2u5Q4YHRcudcIL0FXA0PL4bnFp37891Np3XSa102nNPGsbRFsHJr5g5zdrCVmeyUuJJHs8QW963/8SzJ5CmN2ippcHzgDwWTGkMlvsep7yapucQS4NYI0oLtwrxjr+1yFG05SDpO9RPNAo8a+GJcicnZ8Dc5ZJPDjHljp10FWmUeKz1sLhmqlkehiK2KKOFE2tD8gj8BEdw9WT0XAaqd7PUl79EZfkastFTBDPXOXoJK5hY0dcx6TJn/ICnXtpobwHseLZxOtT0gW6m+GvmE6qISMXF9H2EC+PSmQJAGD0SG4kqMglXJ8am49fc5B2oXN6cqP/kLYZdEMvEfrWcB8734rp09O5l3Yto0dP6Cn1oCc8roNP1kZ89sM1wG3WWT/py9EB58oQE3NRCj0tbw3VXTQFqj5rnLuYNtyxCji389wdZrTDnEJ9dBzB9Jw8kL/MXWZ91M7dHEWLYa30/FBQWhtYRPgafy3xRcIqqm2JBE352NjQk8WF3BXLgJdjpANewIkYFAj62MGNzCMGbrH4Aq0+cLcfcWJ/mCMlmCwuI4cfz+FCKvl1Z115SzGqNAuac0DrZGxl+wkErSSHOvmiie0GsrizWHkwa5HKwB6Ijr4w+sFtJW86uPUTwMbGwTpR5aBrNC8taRGO8FCMzrGDZ5zoZLGDotDe+p7ZXwebc4Ka3AZmmEYaJWpcRJvp1lkZyTw7qMhM4PZhE7ztCEQlRH8HzQQSpswWqCCy1xjrHzp0UNbwBbBKUmvOIdU+udmPxUrtMdJOqXWkpjZHlKc4tdvh8wIdYmJ3hest1sVOW6Kj5RooobWhdeWLPYyQq7f8fUaUbX6m9DAoOjYt0EzU6Dz2UT/Jal3f3eUQD2IuMzLcY5OMPSdgkjejAV4LoBAcuA0+Ln5C82+uILhFSeergG0ONruyfOpy2esBM6EYz/VFn/vfa3YJDQzHO45PjqHTszKFOnLdHw92/tD/C11dLK29ZPYBLWsSopayYu8gu8xAhvXGcuTrTwmvxgFRSz1z/9IWfPNjw5XOMsDPepV5TdswiU6ZMnq44jHhqMEGh+tpdbkcc3FbOPMrbbqRtCsH2zrnDBlMwbhHtBScuHCRomSP1UDjcJ9NEzjisCgSd3iDxpGgBicv4TNIWQKG2xzh4D5PGxNmVdUgIOkGRhCNkUUDQffsb6iyM1WlE7ypQ2DglTOU0p0Ja9DS9qgbOCHv8Y+uwgo1l60OISq6Sqeu9SkGrGrYD1E3ipK+g2ykeS58enVpChWkFNE+4TfIVU44gxYniuWif855OIOU+Ov3fdi/hXfr7fWjFniQvJ+DbBdG7OiIrgFV4M6Lzv/plhdz5vOxRzljqYwNVBPvSjX8NGjJYgq2senFL1aY2f5gDCtJHiju5a9h8lQNfyBS4hVELN6tKqTGRkvhiU62K7ZrrPEznP2X9bK6w5NJz8QPiZp1thU9nvxzqVogH1xLcyKKdv52voZcwGMhkCEmAHsMKxEIaLRDj/WP6a1wqP3bCFf2mH48MhhWV0iIJxtDR1LdKPMPGogn67T98hMPz/In8ijA91eST30DYASh+zB7ejLBC2ZIsiSRYdzx+DNqGXoRhCCELA0b9z264sfcTKXMt73nBKpIETTq7KUIXCxuXeeo/bDGcI9f6cGKb0KO/eg5g7VwvDb9Ft1AM9+FWowGu3/7BIU3e6rgBOVhbpgv42Kr8+qVAZgXIrrpmU/1/uNOPBJJ7LLM/p3g+YqkqX1ARpLs06Mu6ttQUQVv0PFZ/RdVgL/oWvbVZ69cWnADpak3NRFzDVJTHncH5CVOcXIdlf4UXfTHxxxWkX2xUgz+tdalLWr4eQwvWf4gn9kn/IJV1z38r4i1Sd1mN3zWvLE1YzcWNg/BAFyCV01imUkLKjKWabirZJSnjaC9IoilCskzxo0l9vAUmZobRjkkh5YEhAf6yGiDmLgFQ3Gup/H52tpWTp4xXMM/EHWnrrMDCOHuw42W5q&u=U2FsdGVkX18dFkIFLA3EbJe78k8GnoZScK0U89ibPZU=&y=U2FsdGVkX18O8dP5AeEt/mL44Z2jUJTyEFmoHuxd0hDp9Wdso/9ShwFaf/XOD0Vl HTTP/1.1" 200 26
186.102.60.228 - - [04/Dec/2022:15:59:24 -0500] "GET /kwssiamovil/sm/acme/a?s=U2FsdGVkX18LrRDsMXSmhM/79onkEAYy1sKTrjfwDtjNJj94Uho971xDqoCRqreiQov1P3CIjEyH1SAGFHpPw5GpmeX+DlNPEvIiQcTSnl3YLWfd9h/HoyTr/oypFs0LkuwFiw69v+ro5+mgZLNfbfPtIB2ZNX/egZwpM+RMreo=&u=U2FsdGVkX18dFkIFLA3EbJe78k8GnoZScK0U89ibPZU=&y=U2FsdGVkX18O8dP5AeEt/mL44Z2jUJTyEFmoHuxd0hDp9Wdso/9ShwFaf/XOD0Vl HTTP/1.1" 200 26
186.102.60.228 - - [04/Dec/2022:15:59:24 -0500] "GET /kwssiamovil/sm/acme/a?s=U2FsdGVkX18k9dgLloTt7qpCGgc4UR6RRrebCD1BWAOa7Dz+34l1vPZi4RihrtnDjYPU5j+Yb/aZyb02IugMxkqF9tP521VtXqyp45ewVliUaQ673I/7kDVcnNNEy+nadoCB5YU0k3a6+bGBND2RAIMba3xEoRjOGjhAhifIjXA=&u=U2FsdGVkX18dFkIFLA3EbJe78k8GnoZScK0U89ibPZU=&y=U2FsdGVkX18O8dP5AeEt/mL44Z2jUJTyEFmoHuxd0hDp9Wdso/9ShwFaf/XOD0Vl HTTP/1.1" 200 26
186.102.60.228 - - [04/Dec/2022:15:59:25 -0500] "GET /kwssiamovil/sm/acme/a?s=U2FsdGVkX1+3xaNgHNgi1z8/ZBgzmGBTMmIR8662ZaVwlLdq54IZ8lplVjPlHM8f7Utmjk8qKpHVm9kjbTT6hyN7YKMYvK+f4Q3iySXGhR6JkrvxBcH3n7/UHG9IOKjh6JAm/b4g4mUlm/N3Jr4fremPvlZFXhM5fVjwpPirhak=&u=U2FsdGVkX18dFkIFLA3EbJe78k8GnoZScK0U89ibPZU=&y=U2FsdGVkX18O8dP5AeEt/mL44Z2jUJTyEFmoHuxd0hDp9Wdso/9ShwFaf/XOD0Vl HTTP/1.1" 200 26
186.102.60.228 - - [04/Dec/2022:15:59:25 -0500] "GET /kwssiamovil/sm/acme/a?s=U2FsdGVkX1+nhzbLFbJ4qKMceZre8zGodvmEa1JL4EgN0c9jDiQeqtWTtOg7efQyCOVXsZPCMAX3WGIMF+IPQ8liKFpr4Cr3Otwd71eHQe75nMti8W1gSyo1ZGbcW3UACSRS0hW9gxGisF3damL2CEaqERqMy5KKw77lggzMJQ9RFIo5J+og2CxJ0L3RCpRM&u=U2FsdGVkX18dFkIFLA3EbJe78k8GnoZScK0U89ibPZU=&y=U2FsdGVkX18O8dP5AeEt/mL44Z2jUJTyEFmoHuxd0hDp9Wdso/9ShwFaf/XOD0Vl HTTP/1.1" 200 26
186.102.60.228 - - [04/Dec/2022:15:59:25 -0500] "GET /kwssiamovil/sm/acme/a?s=U2FsdGVkX19vhCNzhDn2TguhCRPlamJbd3lNpBpAsWYkqv25YpLW3FxHa/wVwyK1/TyaQfk0o0ylEDcWFlJm99+cXhYQrpmbdjygt0tUXU64WwIfRfMieUd9ik9ryJve9fiE8A8Jd+NlTviWbA6r6fINvuyytanyjzcyV8hBVhX7o9Elo0n1oLHCn80kEcxGp/u507zbAWmtDQ8u0L7bDgSbeA0pzrmCMWEG544lrSTDGdF6Qys3XseneBGduIDAnoR/kem0+t83ciQK06iSqLlLxxyILLeTrVAJIOXdI/jBxwlMgNZyDtLdK/J82ehIm7ryS78x30iPJusFpFM0H5pNb5lbJIdZ+AXIowpbEVn+oypzN0BmfP0MEagxENmzIq9rFrSky3AHKXJ+JcJQrz6psktaKo5d71PUQbx0gP4kMUqxmsSOmJVF89tT60o0qrSK+90J9fweW/e3OPT32Q==&u=U2FsdGVkX18dFkIFLA3EbJe78k8GnoZScK0U89ibPZU=&y=U2FsdGVkX18O8dP5AeEt/mL44Z2jUJTyEFmoHuxd0hDp9Wdso/9ShwFaf/XOD0Vl HTTP/1.1" 200 25
186.102.60.228 - - [04/Dec/2022:15:59:25 -0500] "GET /kwssiamovil/sm/acme/a?s=U2FsdGVkX18O/xy/L9SfwPygknhUjn7nWJ4rzEYpfB7eoRK6iFaVzvKx4HjSu55+93sMpL08eIWhRKO1FB8QN87wQLpWTGcgWKLYgLWSqgXMz1vtLneqRd1M968ypn9tbxkfgX8yIZjaLHo9v+2yIkjxNDaAUdniXPNykFKKCp+fb938hltA83Q5eAZz2aMewNDk75WgBXM5HVSpDSedi4/lvialiWYcVUVesrIu8eesuMBmpOn34ueknR1btX7Pda0aDSJkOqB9xETQsAE41Mq5+aKocdW3okQ3r19FqdcX400xrOrj4ZoAlifUL+5wr4DJkHePo9tWEKzyLXAwN4qbGId/l61zOpxYonMupCW6CQJnMj1/jbMV/RkzAiliqYO9do+gGt2Vp/i+m8UT1Ndop+6VjI2NiweoZStr1kA=&u=U2FsdGVkX18dFkIFLA3EbJe78k8GnoZScK0U89ibPZU=&y=U2FsdGVkX18O8dP5AeEt/mL44Z2jUJTyEFmoHuxd0hDp9Wdso/9ShwFaf/XOD0Vl HTTP/1.1" 200 25
185.119.81.99 - - [04/Dec/2022:16:00:01 -0500] "GET /portaldeninos/wp-login.php HTTP/1.1" 200 2592
185.119.81.99 - - [04/Dec/2022:16:00:02 -0500] "POST /portaldeninos/wp-login.php HTTP/1.1" 200 3650
64.124.8.28 - - [04/Dec/2022:16:00:26 -0500] "-" 408 -
201.245.192.253 - - [04/Dec/2022:16:00:34 -0500] "POST /kwsrmcab/Wsrmcab  HTTP/1.1" 200 213
216.245.221.92 - - [04/Dec/2022:16:00:45 -0500] "HEAD / HTTP/1.1" 200 -
40.77.167.13 - - [04/Dec/2022:16:02:26 -0500] "GET /sipse/faces/faces/autenticacion.xhtml HTTP/1.1" 200 12496
66.249.66.87 - - [04/Dec/2022:16:02:29 -0500] "GET /BLA/resoluciones/AUTOS%202017/1731.pdf HTTP/1.1" 200 3222294
66.249.66.85 - - [04/Dec/2022:16:02:30 -0500] "GET /BLA/resoluciones/RESOLUCIONES%202014/1547.pdf HTTP/1.1" 200 1384810
66.249.66.86 - - [04/Dec/2022:16:02:31 -0500] "GET /BLA/resoluciones/RESOLUCIONES%202010/6088.pdf HTTP/1.1" 200 683394
66.249.66.85 - - [04/Dec/2022:16:02:32 -0500] "GET /BLA/resoluciones/RESOLUCIONES%202007/RES%202007%20201%20AL%20300/RESOLUCION%200296%20DE%202007.pdf HTTP/1.1" 200 89867
66.249.66.85 - - [04/Dec/2022:16:02:33 -0500] "GET /BLA/resoluciones/AUTOS%202015/0202.pdf HTTP/1.1" 200 520685
66.249.66.86 - - [04/Dec/2022:16:02:34 -0500] "GET /BLA/resoluciones/RESOLUCIONES%202010/0972.pdf HTTP/1.1" 200 104913
66.249.66.85 - - [04/Dec/2022:16:02:35 -0500] "GET /sig/Gesti%C3%B3n%20Ambiental/126PM03-PR14.pdf HTTP/1.1" 200 386760
66.249.66.85 - - [04/Dec/2022:16:02:36 -0500] "GET /BLA/resoluciones/RESOLUCIONES%202009/6616.pdf HTTP/1.1" 200 524171
66.249.66.86 - - [04/Dec/2022:16:02:38 -0500] "GET /BLA/resoluciones/RESOLUCIONES%202010/7736.pdf HTTP/1.1" 200 90843
66.249.66.88 - - [04/Dec/2022:16:02:39 -0500] "GET /BLA/resoluciones/Notificaciones/AUTOS%202018/5706.pdf HTTP/1.1" 200 441063
66.249.66.87 - - [04/Dec/2022:16:02:40 -0500] "GET /BLA/resoluciones/AUTOS%202011/2509.pdf HTTP/1.1" 200 76527
172.22.2.4 - - [04/Dec/2022:16:02:22 -0500] "HEAD /BLA/boletinlegal/ HTTP/1.1" 200 -
66.220.149.18 - - [04/Dec/2022:16:04:46 -0500] "GET /images/Entrenubes%201%20(1)%20(1).jpeg HTTP/1.1" 200 70096
172.22.2.4 - - [04/Dec/2022:16:03:12 -0500] "GET /BLA/boletinlegal/ HTTP/1.1" 200 59035
201.245.192.253 - - [04/Dec/2022:16:05:33 -0500] "POST /kwsrmcab/Wsrmcab  HTTP/1.1" 200 213
216.245.221.92 - - [04/Dec/2022:16:05:44 -0500] "HEAD / HTTP/1.1" 200 -
185.119.81.99 - - [04/Dec/2022:16:08:03 -0500] "GET /portaldeninos/wp-login.php HTTP/1.1" 200 2592
185.119.81.99 - - [04/Dec/2022:16:08:04 -0500] "POST /portaldeninos/wp-login.php HTTP/1.1" 200 3605
69.63.184.117 - - [04/Dec/2022:16:09:42 -0500] "GET /images/Entrenubes%201%20(1)%20(1).jpeg HTTP/1.1" 200 70096
172.22.2.4 - - [04/Dec/2022:16:08:12 -0500] "HEAD /BLA/boletinlegal/ HTTP/1.1" 200 -
201.245.192.253 - - [04/Dec/2022:16:10:32 -0500] "POST /kwsrmcab/Wsrmcab  HTTP/1.1" 200 213
172.22.2.4 - - [04/Dec/2022:16:09:02 -0500] "GET /BLA/boletinlegal/ HTTP/1.1" 200 56825
216.245.221.92 - - [04/Dec/2022:16:10:45 -0500] "HEAD / HTTP/1.1" 200 -
114.119.135.57 - - [04/Dec/2022:16:11:29 -0500] "GET /robots.txt HTTP/1.1" 404 1018
114.119.139.112 - - [04/Dec/2022:16:12:44 -0500] "GET /BLA/resoluciones/RESOLUCIONES%202010/1588.pdf HTTP/1.1" 200 577772
114.119.131.2 - - [04/Dec/2022:16:14:46 -0500] "GET /BLA/resoluciones/RESOLUCIONES%202010/1460.pdf HTTP/1.1" 200 436461
201.245.192.253 - - [04/Dec/2022:16:15:32 -0500] "POST /kwsrmcab/Wsrmcab  HTTP/1.1" 502 1155
172.22.2.4 - - [04/Dec/2022:16:14:02 -0500] "HEAD /BLA/boletinlegal/ HTTP/1.1" 200 -
216.245.221.92 - - [04/Dec/2022:16:15:45 -0500] "HEAD / HTTP/1.1" 200 -
172.22.2.4 - - [04/Dec/2022:16:14:52 -0500] "GET /BLA/boletinlegal/ HTTP/1.1" 200 57192
114.119.131.189 - - [04/Dec/2022:16:16:58 -0500] "GET /BLA/resoluciones/RESOLUCIONES%202010/1330.pdf HTTP/1.1" 200 54218
157.55.39.39 - - [04/Dec/2022:16:18:08 -0500] "GET /BLA/resoluciones/index.php?dir=AUTOS+2018%2F HTTP/1.1" 200 442469
157.55.39.39 - - [04/Dec/2022:16:18:10 -0500] "GET /BLA/resoluciones/RESOLUCIONES%202005/00001067.tif HTTP/1.1" 200 212792
114.119.158.45 - - [04/Dec/2022:16:18:37 -0500] "GET /BLA/resoluciones/RESOLUCIONES%202010/1222.pdf HTTP/1.1" 200 113372
207.46.13.174 - - [04/Dec/2022:16:19:24 -0500] "GET /BLA/resoluciones/00002146.tif HTTP/1.1" 404 1018
172.22.2.4 - - [04/Dec/2022:16:19:39 -0500] "GET /BLA/boletinlegal/jurisprudencia/analisis/CUADRO%20SENTENCIA%20T-299%20DE%202008.doc HTTP/1.1" 200 40960
40.77.167.13 - - [04/Dec/2022:16:20:17 -0500] "GET /galeria/galeria/fotos/Humedal-Tibanica1G.jpg HTTP/1.1" 200 541579
201.245.192.253 - - [04/Dec/2022:16:20:31 -0500] "POST /kwsrmcab/Wsrmcab  HTTP/1.1" 200 213
216.245.221.92 - - [04/Dec/2022:16:20:45 -0500] "HEAD / HTTP/1.1" 200 -
201.245.192.253 - - [04/Dec/2022:16:20:52 -0500] "POST /kwsrmcab/Wsrmcab HTTP/1.1" 200 42999
201.245.192.253 - - [04/Dec/2022:16:20:56 -0500] "POST /kwsrmcab/Wsrmcab HTTP/1.1" 200 41811
172.22.2.4 - - [04/Dec/2022:16:19:52 -0500] "HEAD /BLA/boletinlegal/ HTTP/1.1" 200 -
172.22.2.4 - - [04/Dec/2022:16:20:45 -0500] "GET /BLA/boletinlegal/ HTTP/1.1" 200 54100
77.88.5.29 - - [04/Dec/2022:16:23:27 -0500] "-" 408 -
93.158.161.51 - - [04/Dec/2022:16:23:32 -0500] "-" 408 -
77.88.5.41 - - [04/Dec/2022:16:23:38 -0500] "-" 408 -
77.88.5.244 - - [04/Dec/2022:16:23:44 -0500] "-" 408 -
114.119.135.36 - - [04/Dec/2022:16:23:54 -0500] "GET /BLA/resoluciones/RESOLUCIONES%202010/0843.pdf HTTP/1.1" 200 108234
93.158.161.68 - - [04/Dec/2022:16:23:59 -0500] "-" 408 -
77.88.5.221 - - [04/Dec/2022:16:24:14 -0500] "-" 408 -
77.88.5.234 - - [04/Dec/2022:16:24:44 -0500] "-" 408 -
207.46.13.174 - - [04/Dec/2022:16:24:57 -0500] "GET /BLA/resoluciones/index.php?dir=RESOLUCIONES+2019%2F HTTP/1.1" 200 249154
201.245.192.253 - - [04/Dec/2022:16:25:30 -0500] "POST /kwsrmcab/Wsrmcab  HTTP/1.1" 200 213
77.88.5.249 - - [04/Dec/2022:16:25:44 -0500] "-" 408 -
216.245.221.92 - - [04/Dec/2022:16:25:44 -0500] "HEAD / HTTP/1.1" 200 -
172.22.2.4 - - [04/Dec/2022:16:26:31 -0500] "GET /BLA/boletinlegal/autodiscover/autodiscover.json?@zdi/Powershell HTTP/1.1" 404 1018
77.88.5.126 - - [04/Dec/2022:16:26:44 -0500] "-" 408 -
172.22.2.4 - - [04/Dec/2022:16:25:42 -0500] "HEAD /BLA/boletinlegal/ HTTP/1.1" 200 -
172.22.2.4 - - [04/Dec/2022:16:26:32 -0500] "GET /BLA/boletinlegal/ HTTP/1.1" 200 50855
77.88.5.158 - - [04/Dec/2022:16:28:53 -0500] "-" 408 -
114.119.140.107 - - [04/Dec/2022:16:29:30 -0500] "GET /BLA/resoluciones/RESOLUCIONES%202010/0410.pdf HTTP/1.1" 200 530093
162.55.173.23 - - [04/Dec/2022:16:30:36 -0500] "GET / HTTP/1.1" 200 319
162.55.171.94 - - [04/Dec/2022:16:30:37 -0500] "GET / HTTP/1.1" 200 319
201.245.192.253 - - [04/Dec/2022:16:30:38 -0500] "POST /kwsrmcab/Wsrmcab  HTTP/1.1" 200 213
216.245.221.92 - - [04/Dec/2022:16:30:44 -0500] "HEAD / HTTP/1.1" 200 -
