186.102.10.173 - - [04/Dec/2022:22:44:04 -0500] "GET /kwssiamovil/sm/acme/a?s=U2FsdGVkX19PLdvt0PltQdVKniLnKU5O+1QjKSix9h5bgy8s52WjVSNxnyRLbJ+IVA6s04elpteVrdf7HFtEF+byrUEiX4vfb2OF1683MYnrym1w8DEEuo8Bcu+I+Su4FdG/3X/wNCNdWP2ziRlhn/J83Lb53rmLjzgD53V8Nec=&u=U2FsdGVkX181489qv2XUc0oyMeO4s47VP5Yo8Omz2+A=&y=U2FsdGVkX199+WoNm+0bGR4hli/xW8n17sqQ7C/nvPJ2f5eAc6Jg7YF9Wu/zRLhE HTTP/1.1" 200 26
186.102.10.173 - - [04/Dec/2022:22:44:04 -0500] "GET /kwssiamovil/sm/acme/a?s=U2FsdGVkX19O96VtpQPl7qSHDgQDVFuN8GWL03dbHJQR0K4tZ7nViu6RW01WX+09JuM80U/rxzusOw1CUigMiqUhGlk/HeWPWPGqEqU077FWzP3XJtTj3X/tD7TFliWdqvHQVEnCfVZtwdopl6rh9N5qwpW7vK6LBPm3WtJdgh0=&u=U2FsdGVkX181489qv2XUc0oyMeO4s47VP5Yo8Omz2+A=&y=U2FsdGVkX199+WoNm+0bGR4hli/xW8n17sqQ7C/nvPJ2f5eAc6Jg7YF9Wu/zRLhE HTTP/1.1" 200 26
186.102.10.173 - - [04/Dec/2022:22:44:04 -0500] "GET /kwssiamovil/sm/acme/a?s=U2FsdGVkX195BcP1CmmM16ynXWeYF9RNq2FkkOoN922qVeM4Oi+unr5i1wyDcEtDRcAngCQEisSKoeb20/KL3bz9RvuE1VBdR72lgkn5R5swHNBRu0ESONngpALi+FfTdRUO4ZQiooDvTzknyWq/UlEA+0ngXzKxUdUbfeK05jM=&u=U2FsdGVkX181489qv2XUc0oyMeO4s47VP5Yo8Omz2+A=&y=U2FsdGVkX199+WoNm+0bGR4hli/xW8n17sqQ7C/nvPJ2f5eAc6Jg7YF9Wu/zRLhE HTTP/1.1" 200 26
186.102.10.173 - - [04/Dec/2022:22:44:05 -0500] "GET /kwssiamovil/sm/acme/a?s=U2FsdGVkX1/Tw4yy9wldvedt2RmOVEivHfbBk/TxWFXOwjys1tOjdcBHcOOOmAceZ4UbluGmfpciaspvR/iHn9V+pEWJjC/r64WmjLCzhRLpyP+NNwS+8kPqWEBiQn+Vd91mHcHSWqniwg0rpkLuh6i90GPeTZf7FEcHmkzdQqJru06efGlH98zgKO1tIHrrdaMifyqQqP1HhLeeExF+Pg==&u=U2FsdGVkX181489qv2XUc0oyMeO4s47VP5Yo8Omz2+A=&y=U2FsdGVkX199+WoNm+0bGR4hli/xW8n17sqQ7C/nvPJ2f5eAc6Jg7YF9Wu/zRLhE HTTP/1.1" 200 26
201.245.192.253 - - [04/Dec/2022:22:44:04 -0500] "POST /kwsrmcab/Wsrmcab  HTTP/1.1" 200 213
114.119.150.227 - - [04/Dec/2022:22:44:21 -0500] "GET /BLA/resoluciones/RESOLUCIONES%202016/0220.pdf HTTP/1.1" 200 1354667
207.46.13.174 - - [04/Dec/2022:22:45:36 -0500] "GET /BLA/boletinlegal/norma_menu.php HTTP/1.1" 200 6318
216.245.221.92 - - [04/Dec/2022:22:45:44 -0500] "HEAD / HTTP/1.1" 200 -
172.22.2.4 - - [04/Dec/2022:22:44:53 -0500] "HEAD /BLA/boletinlegal/ HTTP/1.1" 200 -
114.119.158.36 - - [04/Dec/2022:22:47:08 -0500] "GET /BLA/resoluciones/RESOLUCIONES%202015/3162.pdf HTTP/1.1" 200 2128141
114.119.155.210 - - [04/Dec/2022:22:47:20 -0500] "GET /BLA/resoluciones/RESOLUCIONES%202015/1288.pdf HTTP/1.1" 200 759730
172.22.2.4 - - [04/Dec/2022:22:45:43 -0500] "GET /BLA/boletinlegal/ HTTP/1.1" 200 52079
114.119.137.85 - - [04/Dec/2022:22:48:39 -0500] "GET /BLA/resoluciones/RESOLUCIONES%202014/3653.pdf HTTP/1.1" 200 1687850
185.119.81.102 - - [04/Dec/2022:22:49:00 -0500] "GET /portaldeninos/wp-login.php HTTP/1.1" 200 2592
185.119.81.102 - - [04/Dec/2022:22:49:01 -0500] "POST /portaldeninos/wp-login.php HTTP/1.1" 200 3605
201.245.192.253 - - [04/Dec/2022:22:49:03 -0500] "POST /kwsrmcab/Wsrmcab  HTTP/1.1" 502 1155
186.102.10.173 - - [04/Dec/2022:22:49:32 -0500] "OPTIONS /kwssiamovil/sm/setfile/f? HTTP/1.1" 200 13
186.102.10.173 - - [04/Dec/2022:22:49:32 -0500] "POST /kwssiamovil/sm/setfile/f? HTTP/1.1" 200 381
186.102.10.173 - - [04/Dec/2022:22:49:41 -0500] "GET /kwssiamovil/sm/acme/a?s=U2FsdGVkX1/FD0DBaD4E3UPuBlA/YHQevN0SUO6RNr8qRa50sElxdV3bkqkZB39HNdpQdt/2MMcMIaop27F13mA+cY0W7V9aeBfE/9LZ3gwvQ7QFfULIj0/m3tatJZyUfIz3lIvr3wHnEjzVKqoYBYvWgqSQ2Rs5JT5gsCBUjjJHmWEdj74/w07FfBVOumpGY8XWR3euydF2RdrARsYDJ9JPyrZmuMhMOBs96KgMAqMz45zKATu3zgK6TaehfARuMzWyIpE874dymKnzB7ILnQ==&u=U2FsdGVkX181489qv2XUc0oyMeO4s47VP5Yo8Omz2+A=&y=U2FsdGVkX199+WoNm+0bGR4hli/xW8n17sqQ7C/nvPJ2f5eAc6Jg7YF9Wu/zRLhE HTTP/1.1" 200 26
186.102.10.173 - - [04/Dec/2022:22:49:42 -0500] "GET /kwssiamovil/sm/acme/a?s=U2FsdGVkX19O3R3LPptcNdpcKadBP0KHhyxZiN9G+NvYI91x6GdiRWcsfqAiz4YATYLZFPMnrSUKmTvFQJEd1sePQk3n4VxoyUx3TobX12KegbwJfhrUsenPf5Wsv19yq+ZpELpAeThRsjtFxwa8PjH4YOoYF0//YXrFnhXBRvLEurNHNsn0I/WvQROpUyLGnGBFMGjQloSyqDETIybB9vFJu72vfqlbJDGrFpWMil3KCL+K8EXvtbfhdzUxy2uTuwsqjSUO3hdINz3H1bVyaeSCScGq3Wxs/4GqtQV3EDSMoRwwWdHwmGnZKCR60b/WIesGIY4xiQnegepF1EH33QJklzIDlXRYwfFkmmzlMWx3FWl46kw/xS/qpcsbCfc30i1A6lx1+qh6z/R0GDPN19F3sPTZC4q6ipiWT03otcPD6NUmJTeDOrL5Jm0DQhh9TKatKdL2o+J9vCa82yJhVXYwk7x9Sn+UFNhWe9FEairhuegd2RtLcfCs9oaz2jBxsfEpDGhZtXP/wCmiiWeRcsbxJopb9RgZJHl/ZzSenDhauKbfKuUmSeFQAy2ZRkOy7rtsYJTBjlmDE77GtSnbrECnw+VQvrYxR7i84R34l0hrn4XqLGv18/GNmdq02f1tcKXJqOfw4MbskCKoJB/oD2ro0NIiYQ0fuQoisDoPyG+Ovy8ZlwvCxZGtEJXvcdiLG/cVq9yaIaKQPRr2Q8CHTY35EYUkbdfK40VijOR352+LVYtAyB3u2FYtznL5d4+crXgXacvpdaoU50fokK/fLgebZXNVX8FgzuUmFaSb0+PdIo9vpEIgpXh228hbNiJMVeuiyGCG50uhUouDybISyi3+RiuRsAzY20exoKiE1wX+m84/lHciQn9uHpWJKoybdk6q2yBDGwiuCLpmPiA8medkfigaumdWHLJSVMvvd2trZ/3B+dJ5Y9FYJLmmKM1Hj9EZfG8KphzTOJ2Eu7TWmifYqaQTlVXkHeraPeIEZzYah1v7ATIPENuUXYFaE17qV9bqEUaa3dBnfuADMU8f8XxFG2D9QOhMyfg1YUTlaeqjc5RLnuj8oeR2lpWWUCsGhZdxCLrPI1Z0XYTLqgtFWYaXPS9mES4xub74sEGVbu6nxeWB0ggp0px0CRsEiCovK5dROT9Zh+lpsuUTADwYiAPn/fnrjDcx5i6FcDkZYBKA5s+x5pl5DINUbJGhzE9gI/LesYSuZwjXTHyrOiknFzyjql3UR6RmsagFhSOk4Uf04fFjKKpb2GwYimt0GNOAx7JGpSZhsmoyVE8qgT06GiGbKh/zDottIlnWafOLQgQ+Yr9SEcC7w5nkke9EiPAGkIvq8+S6D/VPNdmUKgCesqRmVDVzOef5bbJNgXa1dHUhZH7sBYE9/ojuloozUXqaKX41axD+RdsKmmJd9CPykcFe3hLsoS76Ls8YdVyltsXMeCvrFAyGawtGblQiRZ0AQD6CpZmAoWlq72MueTeuwNksNiJuWx6Hv6dvaaO21hvcLgbRmOXhMjRuugIabBFyFvNHGk6qOlaQ6dths40Ky+d62yBmXZldZNVRDX4bAAsqG8130WPrArBWJqeoLSzZRNAKhIqrCKQiuhc0mx1fehnpxMukn8RcLe0FfKZ+snfVAJ+Ko4wKmGKjpoX5WVMdl7bTUHztPHNUUtQMOx0X/e3JDu2mehd5Vlyc1rpvOevaWgfxb7D4nwUDQJ+Ug57A5paJjx2UmS5cdHmkibZVyA==&u=U2FsdGVkX181489qv2XUc0oyMeO4s47VP5Yo8Omz2+A=&y=U2FsdGVkX199+WoNm+0bGR4hli/xW8n17sqQ7C/nvPJ2f5eAc6Jg7YF9Wu/zRLhE HTTP/1.1" 200 26
186.102.10.173 - - [04/Dec/2022:22:49:42 -0500] "GET /kwssiamovil/sm/acme/a?s=U2FsdGVkX1/gIYg0cs2Iqg0WE4jG6C3DiyAPuvc3pwCheK9F691CB8p45MuDzurcZbY0xIvm3+Ht3dMHOMG8neClrEkR/PpO2OcKvpn7GB9mq3u9VRi7AkncmHhOCVf3m+Si1hvvl+XOAioE2V8yEy2GFLhIWLH/6MLcKPvQ6yo=&u=U2FsdGVkX181489qv2XUc0oyMeO4s47VP5Yo8Omz2+A=&y=U2FsdGVkX199+WoNm+0bGR4hli/xW8n17sqQ7C/nvPJ2f5eAc6Jg7YF9Wu/zRLhE HTTP/1.1" 200 26
186.102.10.173 - - [04/Dec/2022:22:49:42 -0500] "GET /kwssiamovil/sm/acme/a?s=U2FsdGVkX18DMjluHiFrDwia3WNxe9LPMg4ozzEUvcUTGM58idiYk8PWq8hLmsrAB2O5mnITuvQ8Pmmdh9og5FIz+7dP0xd5+i+eZokgmfcMG88SFXzHHr/JK7oX39X2hs0PUI/YUSJNPMUXebU1snY8TCYzC6IdeobnqZTXcR4=&u=U2FsdGVkX181489qv2XUc0oyMeO4s47VP5Yo8Omz2+A=&y=U2FsdGVkX199+WoNm+0bGR4hli/xW8n17sqQ7C/nvPJ2f5eAc6Jg7YF9Wu/zRLhE HTTP/1.1" 200 26
186.102.10.173 - - [04/Dec/2022:22:49:42 -0500] "GET /kwssiamovil/sm/acme/a?s=U2FsdGVkX19EzqlvFTnnNNxPWK6d2C2XzxYC+rxUB+m4ehUiuK8VuRUyVpWMXWWsu4NeHUm3Sue0ggjmbCtQ70SwwerA5ZHCFZlTemA2I6lqkRwSjTfZRO/SDU5yNwNM6mgJeiSYKRphA+bqR+1IvCv0UCVQrS62Gz8PW2RhPzw=&u=U2FsdGVkX181489qv2XUc0oyMeO4s47VP5Yo8Omz2+A=&y=U2FsdGVkX199+WoNm+0bGR4hli/xW8n17sqQ7C/nvPJ2f5eAc6Jg7YF9Wu/zRLhE HTTP/1.1" 200 26
186.102.10.173 - - [04/Dec/2022:22:49:43 -0500] "GET /kwssiamovil/sm/acme/a?s=U2FsdGVkX18q4YTRVNmXkFEQJhkYDmsUdiaax+z4nFWx3pZPZrmGy8ciETnApXOA8Qy2w73kGcN1rwMHItqNNF2XUQolCa3q6Y0ZeOMZu4UqfJgk0SlVUd4cFevCRpWHEcrjqjpbesdgqpn1HuLLN/T4FLtSc1J6NkJd1oPBwxYG72doAPcHjFTaTmZkKVTigjKGc+J9xgAg/fB+J8HWow==&u=U2FsdGVkX181489qv2XUc0oyMeO4s47VP5Yo8Omz2+A=&y=U2FsdGVkX199+WoNm+0bGR4hli/xW8n17sqQ7C/nvPJ2f5eAc6Jg7YF9Wu/zRLhE HTTP/1.1" 200 26
186.102.10.173 - - [04/Dec/2022:22:49:43 -0500] "GET /kwssiamovil/sm/acme/a?s=U2FsdGVkX1+CGaG45XpYkcoGGLkVH1034/XeukKabiq/G2IHP3ByniiMqblJVguGq514wt1VXwXEICMP6FnY2NPcA6tt0oUGV0B0iyg6PheKfIu45+utggBZohLpAvPZMJ59eNXF9cz6fsG6HmvoWmrmYg/NfYGr5e9+FP/pE1uvW5nxxtS3iMtkvTEjUmzx3nDsAkKCh/YFPYvArF2WFo3A18+LzHru+8Ji/W/WZsBnXx9QIa4TSXy+DfMEXBge/hzsHHtyGgAlA2m8IlReE1z+UeXrYvVvVR0o18qg5FF4pdOYWwRvuj2RDn6eOk6jewpFMM7pK16kksqwC87GuKfAgzllRKoTGKUls218QNiEeYri95vysC/ZedZMTJ8yfj+Al/CBPxbN+xFrPV+YwoIdcEa97bFqBSaVXG230xfJq5fBgydGF6SuIJaoAqsoTb2+fd+eczXSt1WP4P/FVKL/FAGjUUfV9rwAHNb9RQEBOS9as9P2G2LvI9pno6H44rTPoNV0qDs8339dtZbfIXwYxBDzx5O3L8SsilPv6Yc=&u=U2FsdGVkX181489qv2XUc0oyMeO4s47VP5Yo8Omz2+A=&y=U2FsdGVkX199+WoNm+0bGR4hli/xW8n17sqQ7C/nvPJ2f5eAc6Jg7YF9Wu/zRLhE HTTP/1.1" 200 25
186.102.10.173 - - [04/Dec/2022:22:49:43 -0500] "GET /kwssiamovil/sm/acme/a?s=U2FsdGVkX1/X9lOxkX94LkMAVB3mJ+9HK0+u3gEpqwVdpvTVu0F4cputiigqxCzKi/a9ZEHEVaS1XFCbc7WJOlnkhHgB+cQWhFldxQpkeBAL7/z0EVkXeK1om5cmzm0wpA8eHAIlmaFSbOxcJBO44L5Yid6MOEYqcpIGhBkc8SPXkrMtb6FEKYZTmw6K4qa+CYUYu8sHzlcptXWp5YFXcVKmWjtJIX5IothRJTsy0ZZ7nNhGtDAAMpJsA2KLdYx7FPTNVWlqArGrd9fKzJtm6IbViWiIP+BpEE68YAbvb05jw41++cIG1zoqmLjU0NYAjBZxodY/P/I89pdGsOLTxBkAyZwBk7fZ1YoTHi4dUpxBik1t4LnPE/imHSzTbJ32UYLBXZl1qHYxljsvY8WUTZ5s+Q1PPNayMoVUKat9MMDKfoFc9nODgCwuyC8kZgxYDnvVqk/KHkEtyJxhiq/aMwtUId9HkIRML3meCBKdXnrKOxpcWijfe9ri2MJL8jMC&u=U2FsdGVkX181489qv2XUc0oyMeO4s47VP5Yo8Omz2+A=&y=U2FsdGVkX199+WoNm+0bGR4hli/xW8n17sqQ7C/nvPJ2f5eAc6Jg7YF9Wu/zRLhE HTTP/1.1" 200 25
114.119.143.247 - - [04/Dec/2022:22:49:50 -0500] "GET /BLA/resoluciones/RESOLUCIONES%202014/0486.pdf HTTP/1.1" 200 671334
207.46.13.198 - - [04/Dec/2022:22:50:27 -0500] "GET /bla/resoluciones/resoluciones%202007/res%202007%204101%20al%204200/RESOLUCION%204179%20DE%202007.pdf HTTP/1.1" 304 -
216.245.221.92 - - [04/Dec/2022:22:50:53 -0500] "HEAD / HTTP/1.1" 200 -
172.22.2.4 - - [04/Dec/2022:22:50:44 -0500] "HEAD /BLA/boletinlegal/ HTTP/1.1" 200 -
114.119.153.188 - - [04/Dec/2022:22:52:42 -0500] "GET /BLA/resoluciones/RESOLUCIONES%202013/1095.pdf HTTP/1.1" 200 773644
172.22.2.4 - - [04/Dec/2022:22:51:34 -0500] "GET /BLA/boletinlegal/ HTTP/1.1" 200 52079
201.245.192.253 - - [04/Dec/2022:22:54:01 -0500] "POST /kwsrmcab/Wsrmcab  HTTP/1.1" 200 213
114.119.154.115 - - [04/Dec/2022:22:55:30 -0500] "GET /BLA/resoluciones/RESOLUCIONES%202013/0839.pdf HTTP/1.1" 200 2474988
216.245.221.92 - - [04/Dec/2022:22:55:44 -0500] "HEAD / HTTP/1.1" 200 -
114.119.151.17 - - [04/Dec/2022:22:57:03 -0500] "GET /BLA/resoluciones/RESOLUCIONES%202011/5034.pdf HTTP/1.1" 200 534278
40.77.167.13 - - [04/Dec/2022:22:57:20 -0500] "GET /portaldeninos/2021/06/10/ganadores-del-concurso-a-vuelo-de-pajaro-recibieron-reconocimientos-de-la-secretaria-de-ambiente/ HTTP/1.1" 200 109578
114.119.130.12 - - [04/Dec/2022:22:57:57 -0500] "GET /BLA/resoluciones/RESOLUCIONES%202011/2799.pdf HTTP/1.1" 200 688833
172.22.2.4 - - [04/Dec/2022:22:56:34 -0500] "HEAD /BLA/boletinlegal/ HTTP/1.1" 200 -
201.245.192.253 - - [04/Dec/2022:22:59:01 -0500] "POST /kwsrmcab/Wsrmcab  HTTP/1.1" 200 213
172.22.2.4 - - [04/Dec/2022:22:57:24 -0500] "GET /BLA/boletinlegal/ HTTP/1.1" 200 57192
114.119.133.56 - - [04/Dec/2022:22:59:55 -0500] "GET /BLA/resoluciones/RESOLUCIONES%202011/2318.pdf HTTP/1.1" 200 899270
114.119.140.136 - - [04/Dec/2022:23:00:40 -0500] "GET /BLA/resoluciones/RESOLUCIONES%202011/0043.pdf HTTP/1.1" 200 2095373
157.55.39.39 - - [04/Dec/2022:23:00:50 -0500] "GET /BLA/resoluciones/index.php?dir=AUTOS+2019%2F HTTP/1.1" 200 349992
157.55.39.39 - - [04/Dec/2022:23:00:52 -0500] "GET /BLA/resoluciones/RESOLUCIONES%202022/3394.pdf HTTP/1.1" 200 374332
216.245.221.92 - - [04/Dec/2022:23:00:54 -0500] "HEAD / HTTP/1.1" 200 -
185.119.81.107 - - [04/Dec/2022:23:00:55 -0500] "GET /portaldeninos/wp-login.php HTTP/1.1" 200 2592
185.119.81.107 - - [04/Dec/2022:23:00:56 -0500] "POST /portaldeninos/wp-login.php HTTP/1.1" 200 3670
186.102.10.173 - - [04/Dec/2022:23:01:10 -0500] "GET /kwssiamovil/sm/acme/a?s=U2FsdGVkX1/BtQP7Ww3S3YvUGa/4v957EcOzaWW7edjapWO81+hjuo8iJpVUKnSKV9qyV/iIcIG0oaPGuFKmjLOZneKiioFiYYuz/h/xU/wGXVG9LmEFkVHlJxbKoWleBbXOTkOlScLW5Yq7zQfnLRqCuoOndnbUqyudy/Ypx1W1QT/gjpHNIx1UHjwKYOupnDq3dF8/sRgIV7Uo8HU1h0g/bw3uXuqMzz1Ot3Uv+hOta1g3CbJiJDw2XTx00iz6266YUrnnSSXdAgOlzhH9Cw==&u=U2FsdGVkX181489qv2XUc0oyMeO4s47VP5Yo8Omz2+A=&y=U2FsdGVkX199+WoNm+0bGR4hli/xW8n17sqQ7C/nvPJ2f5eAc6Jg7YF9Wu/zRLhE HTTP/1.1" 200 26
186.102.10.173 - - [04/Dec/2022:23:01:11 -0500] "GET /kwssiamovil/sm/acme/a?s=U2FsdGVkX1/9fO5eV6aL+kgDM4fSQJqBjOpPpZH0fTW/QcsIaveNwU+oJYIzPGgztP2Hd2s6g1TS3BKpjzSOKt+ZwasDnmV3gU5/V3kwgUaR8b735+FZ/I16mQgSRax9xDPJbvvUaACA9LTj/jbNAvkFIsy1Q0Mmv1DRxvQpxEKdGjhHc4acv9Q8QzY+moRakgLQ+yyZWcxgfb/rBg4havEX6hydjfM+SFuRbrVUZRN02pzbnUfNF+GzGBHRlzgkswW8Bfn/y0vcjOTyeKPOR06Ui4tIwoG8ZJlunI4Ele92DjyHqCJK5pFPQCprfSpvUt1bc+6wyY8nQPWITDn/whmyeZrJLI+Pbj/TfzNy3newiW0UrI8oNiGv8vuVgmNmWrrDWOMEYOzEGVqiYisuVa7HUnYrYd2zZhJXhWsWVTKzT4Va1H2d04qTamcfFqivQTss296DfdoBif9CVcrLITb4AflcvblEUu/goHY0gGzbakJw1hxiOYVu2XzT8MOhkiIlhiHaMmme7TIn9YPykhaK8Lr/cWEr4fRcDGwwSjmkvF51BYJ25eRgynCSR3BjycvgRUqatvcpcH502uJx4ypt7mNFgg9zGatGW54R7Ff/RBlp82q6UfTXOvEb1N8uAvH+rJuss5KSkO5dhJ3KOaVHjTt+BIF7FZucPRv8Y71D7pAtPKQmmTb7mBnHZtBXQDRJMVSspl3HKjJY4g3BWRZ7MBpj8MaR4NiupNUbB8CdsFKClModVA7o8HAyRlLVQqSNHFcmZ/yoXxkCfeTIRHuDByzNYwvj/XJBumF0IhUfhD3rihQJN4Mo+Nd+14TP2LtznxhZ69CByY/5RBFY/dbHEenN93wqMWzZVEHnr6IPi3mWfwyzgoYJQI0ACBiJVUg9KRBX54n29vXK06kw63ZE18Hr3KXqKNSw09EkbodeAI72FSiZR54koXQLQaqZZzroZAWNRj5vsu+8td025KDWde3JBrA1qqqGGn+yyykfnjhdQ6f0Hzw/O/xHYhWmbHe0AEJp3Q/F2J55AbmCr5GJF6l1XRu3x8Fmtb/9k9oXlH8SmjorJwGpAXLcMMF+YM73F2ryjVffB6U4/KtgDgxZITCE5XXOIm1e4AhrT0RiXRkRJb9aRYHrnqihYhr8fPu67FqZQf18HEGrtbzTYgR6s1Hot7SAmxVU5jfg+Th5oO7la4tKOdLjR0Nwtjm+Ki951Am0h34bu76xOaqDGA+L1UudOxv1JuL2mjnNl1la/UEqKTWpgBEsL2YbhbTR+u7KI5CooEmEsYYv9vlVWS7P6sRIYbkxnHnl1Toh6XF8OADWDoT0RwO9F3aG/z9me/TvbnJumffh8rl/9SZoWFUoCsyAoMjs6zzpODAyCnY8LG0Kttfp3JBiUfeAo/dVOYqS6ZMIsm3rFskV1RlzD7/ii2EV1FTGyF59L6e0qp0Q3e1+ra8g5RCkObr5sZlri+5UqIDu+dkl1/+9d2+8ne31JW13xX7ghubbpvN3kEMqqmilFCXVE2oht7LX/mKCf8IMuWH5WzepFjIdgj0s6TiO4Fgo6wFtM4KzcjFzC9CiCftUUz3lbfyOdSN4RvP2qO98XxKeWbZHGXEnqx0Y5Wv/sFUiA5MU6n/aUOdhpsiTsHn3n8qPSikqNukzFswpyFnRPpwY96YImWeDd/uEhA==&u=U2FsdGVkX181489qv2XUc0oyMeO4s47VP5Yo8Omz2+A=&y=U2FsdGVkX199+WoNm+0bGR4hli/xW8n17sqQ7C/nvPJ2f5eAc6Jg7YF9Wu/zRLhE HTTP/1.1" 200 26
186.102.10.173 - - [04/Dec/2022:23:01:11 -0500] "GET /kwssiamovil/sm/acme/a?s=U2FsdGVkX1+fzebCMyGLh503PP5tShNGGxZlg4Zv+QPV66sGiHWW7j3tYrtt/0tTpVHPCys4ToBMIWWJdiAFka/c2UQCVlPUhnW1xcQe62RTN7s8lUhQMRO9oyhcF81cm9oWwB4DKyVmwIx9VP9rcRJUGpyPGCTWhC8gNnGmg2w=&u=U2FsdGVkX181489qv2XUc0oyMeO4s47VP5Yo8Omz2+A=&y=U2FsdGVkX199+WoNm+0bGR4hli/xW8n17sqQ7C/nvPJ2f5eAc6Jg7YF9Wu/zRLhE HTTP/1.1" 200 26
186.102.10.173 - - [04/Dec/2022:23:01:11 -0500] "GET /kwssiamovil/sm/acme/a?s=U2FsdGVkX19GRClol5yVCVXcrMopuKPH7VLnurohnksxY7VwRYQYuzK3etiReciTliviJ5Hq9/oYwjJG6iLSJnWheow3yLdD/E0nBWR+2bQfec3OHDvBqxDtywmMDZvQ4Vsf1PMqzvTdUAsiOTtDhd1VDmoPsB3H8d7SbRZVnBg=&u=U2FsdGVkX181489qv2XUc0oyMeO4s47VP5Yo8Omz2+A=&y=U2FsdGVkX199+WoNm+0bGR4hli/xW8n17sqQ7C/nvPJ2f5eAc6Jg7YF9Wu/zRLhE HTTP/1.1" 200 26
186.102.10.173 - - [04/Dec/2022:23:01:11 -0500] "GET /kwssiamovil/sm/acme/a?s=U2FsdGVkX19xv0mawwfLInhfl61uUBkZzOnWDQ/Pnc22r4HijVGiaTsCvQ3bONqsAGr1Xu81eNXHqfZSUl6D1UvHerSctKnvgcL+u1aYR5+ws4wzBntFD/UyuLPy7Zy8GhKIv3e1IJT4eUfaeG27FpRvLTP37eR6rbjAcNk0/Gc=&u=U2FsdGVkX181489qv2XUc0oyMeO4s47VP5Yo8Omz2+A=&y=U2FsdGVkX199+WoNm+0bGR4hli/xW8n17sqQ7C/nvPJ2f5eAc6Jg7YF9Wu/zRLhE HTTP/1.1" 200 26
186.102.10.173 - - [04/Dec/2022:23:01:12 -0500] "GET /kwssiamovil/sm/acme/a?s=U2FsdGVkX19LzRlGMaB7PUIHTK4IzEKXCDfDIbfzVLcXalqtBa+lIFFZaKoiapeocuVIOMxCKLJ+FnLKaZl2sHTRrRU0yD+Hvu7lcfHsn90Z/GfH69lj3D8lw+hzyrarK1yPYHjShyLMrfZHJbGyfczSm5zTtD+Vof+6bu765LkGv38Kt9OA7T8lDXwH+bxANAKjLqSUkUUw9ajsg3dtHA==&u=U2FsdGVkX181489qv2XUc0oyMeO4s47VP5Yo8Omz2+A=&y=U2FsdGVkX199+WoNm+0bGR4hli/xW8n17sqQ7C/nvPJ2f5eAc6Jg7YF9Wu/zRLhE HTTP/1.1" 200 26
114.119.156.185 - - [04/Dec/2022:23:02:04 -0500] "GET /BLA/resoluciones/RESOLUCIONES%202010/7649.pdf HTTP/1.1" 200 159221
192.241.212.70 - - [04/Dec/2022:23:03:06 -0500] "GET / HTTP/1.1" 200 319
172.22.2.4 - - [04/Dec/2022:23:03:14 -0500] "GET /BLA/boletinlegal/Circulares/2012/Circular%20No.%208%20del%2021%20de%20Agosto%20de%202012.pdf HTTP/1.1" 304 -
114.119.133.213 - - [04/Dec/2022:23:03:51 -0500] "GET /BLA/resoluciones/RESOLUCIONES%202010/7499.pdf HTTP/1.1" 200 35830
201.245.192.253 - - [04/Dec/2022:23:04:00 -0500] "POST /kwsrmcab/Wsrmcab  HTTP/1.1" 200 213
172.22.2.4 - - [04/Dec/2022:23:02:24 -0500] "HEAD /BLA/boletinlegal/ HTTP/1.1" 200 -
23.100.232.233 - - [04/Dec/2022:23:04:25 -0500] "GET /galeria/galeria/jquery.fancybox.js?v=2.1.5 HTTP/1.1" 200 48706
23.100.232.233 - - [04/Dec/2022:23:04:25 -0500] "GET /BLA/boletinlegal/js/jquery.scrollShow.js HTTP/1.1" 200 4586
23.100.232.233 - - [04/Dec/2022:23:04:25 -0500] "GET /galeria/galeria/jquery.fancybox.css?v=2.1.5 HTTP/1.1" 200 4895
172.22.2.4 - - [04/Dec/2022:23:03:14 -0500] "GET /BLA/boletinlegal/ HTTP/1.1" 200 54452
114.119.145.205 - - [04/Dec/2022:23:05:12 -0500] "GET /BLA/resoluciones/RESOLUCIONES%202010/7433.pdf HTTP/1.1" 200 99407
35.206.81.214 - - [04/Dec/2022:23:05:30 -0500] "GET /galeria/galeria/fotos/diaSC3Peq.jpg HTTP/1.1" 200 24913
64.124.8.59 - - [04/Dec/2022:23:05:31 -0500] "GET /portaldeninos/parque-mirador-de-los-nevados/ HTTP/1.1" 200 89855
216.245.221.92 - - [04/Dec/2022:23:05:43 -0500] "HEAD / HTTP/1.1" 200 -
114.119.134.192 - - [04/Dec/2022:23:06:05 -0500] "GET /BLA/resoluciones/RESOLUCIONES%202010/7343.pdf HTTP/1.1" 200 346331
114.119.145.154 - - [04/Dec/2022:23:07:58 -0500] "GET /BLA/resoluciones/RESOLUCIONES%202010/7255.pdf HTTP/1.1" 200 78786
201.245.192.253 - - [04/Dec/2022:23:08:59 -0500] "POST /kwsrmcab/Wsrmcab  HTTP/1.1" 200 213
186.102.10.173 - - [04/Dec/2022:23:09:14 -0500] "GET /kwssiamovil/sm/acme/a?s=U2FsdGVkX19ebNCb2hUYZk12urWjRkQmByXe8fz/1wxGK0egu8FmNdcCZYRtqQe7BJZQ/bGeLSmQ9nITtY339lxS2N4E6VeyhWjLpOhsmgbzH5yP/037EcuhY8L7F4fpu+LrvC9MgkfRgUKSYbvsMnHZ9WNUitxnwoRfPOvJNHW/9h0mmKSqm3r2MiuxHAQWvE2HHsHkCZzeD1TQtcbXWNoyY60MPHe6MMv0g3qEczmtap7pl4wDZZHO69voTb39iJLoAeYNqZZD6fMGM5PPWg==&u=U2FsdGVkX181489qv2XUc0oyMeO4s47VP5Yo8Omz2+A=&y=U2FsdGVkX199+WoNm+0bGR4hli/xW8n17sqQ7C/nvPJ2f5eAc6Jg7YF9Wu/zRLhE HTTP/1.1" 502 1342
35.209.191.170 - - [04/Dec/2022:23:09:36 -0500] "GET /galeria/galeria/fotos/Capellania2P.jpg HTTP/1.1" 200 35380
172.22.2.4 - - [04/Dec/2022:23:08:14 -0500] "HEAD /BLA/boletinlegal/ HTTP/1.1" 200 -
172.22.2.4 - - [04/Dec/2022:23:10:08 -0500] "GET /BLA/boletinlegal/Circulares/2021/CIRCULAR%20No.%2000009%20DEL%2001%20DE%20OCTUBRE%20DEL%202021.pdf HTTP/1.1" 200 320793
114.119.147.32 - - [04/Dec/2022:23:10:29 -0500] "GET /BLA/resoluciones/RESOLUCIONES%202010/6868.pdf HTTP/1.1" 200 408370
66.249.65.213 - - [04/Dec/2022:23:10:35 -0500] "GET /portaldeninos/que-es-cambio-climatico HTTP/1.1" 301 -
66.249.65.217 - - [04/Dec/2022:23:10:35 -0500] "GET /portaldeninos/que-es-cambio-climatico/ HTTP/1.1" 200 86727
216.245.221.92 - - [04/Dec/2022:23:10:43 -0500] "HEAD / HTTP/1.1" 200 -
172.22.2.4 - - [04/Dec/2022:23:09:04 -0500] "GET /BLA/boletinlegal/ HTTP/1.1" 200 59404
172.22.2.4 - - [04/Dec/2022:23:10:45 -0500] "POST /BLA/boletinlegal/vendor/phpunit/phpunit/src/Util/PHP/eval-stdin.php HTTP/1.1" 404 1018
186.102.10.173 - - [04/Dec/2022:23:11:36 -0500] "GET /kwssiamovil/sm/acme/a?s=U2FsdGVkX191IUUyRkg9ON2qXOnNwAM9EUNjBEufWFRUuHgoUd1fi5bsULQKPzX3t7tV3U0hB0wpNwAsIKi8gP+PDtASi4JcWvCxpmOc+hqgV2d9EFu3DWHkGExPMteVgpfjDrziITC1hRe0s68zzCR6vyJyQ13rq2CbECree2G3BsKTY969b6imA7aggyPIJxym/yBYSn8T4Rc0h6V0Xi3TJyil5T/GU0wgeYBv4uViUM9/1+qu1f8Ysgb/pKXSVTTu4KBtwjRwKx8v1NmkkA==&u=U2FsdGVkX181489qv2XUc0oyMeO4s47VP5Yo8Omz2+A=&y=U2FsdGVkX199+WoNm+0bGR4hli/xW8n17sqQ7C/nvPJ2f5eAc6Jg7YF9Wu/zRLhE HTTP/1.1" 200 26
186.102.10.173 - - [04/Dec/2022:23:11:36 -0500] "GET /kwssiamovil/sm/acme/a?s=U2FsdGVkX1+ACRDEHAkX5WE303BelrNtLHeJikx4Osf3Jz3ruVNaMzyZK0OERSWFIQChyjyGc76xPYzSo4clb5XK+osyjBfvpE2OtVpN/KsDpmnDk3Y9e5LgiTPUI0qRwe4MufpgyjbmzQbcjBosnR8iDfDq8RGnzRkARS5G5n+Ja5VFlcJ5pcg4xbR3EINnUJym8aj2/ziOg0VHru7Y4fJLQw1M4pMssvCW9xPPlll+Whs+pRmfNiX5fDRVHhIgQ8hSY0cgUuXODuwarqILz+v0PE5RTJbJrDhMhMG+Sq8sYZAa/AYN3o9ILYE8zrl0pw6CLoMBNxgcnbCs2gsO1MqNieRgLKMCL+FLbKg8Jq5RGTIXD5FrbTptf7ylQaRamZH7mLh0bToZaCvBlQ+z2IzmD2g+/WdQUZ6uooNcHny3YtxJroAf6CCdB58mO1rp3VCcFJM/jCK4oIRL7J+iWdTYQ0IHYionxc6QONNWWxXgMH3PeNiccvBKwxXZH9lA1XO6+Ypyp/s2e26b1UTTOo29ur9i5ThikMEXouNHk9l90zKbxAht5llBB8UrLhO/BPnF3U8gsD/sBDtGBppGG2AN+Iv5Qj4Ro3p5BOcj/46WTac1lSxofD1GhXr/Vt9QNmWBsxD6IUW/yxmTKgJ0oS7nkBrj3MmARXpSM6QRLue2xdCMFZ4CQpchawCt7QsIC87/CJ/RkhMbNyhtd2tb6JVpOEG0Y+OmxzIzIngvZWeDB+MfZuyCIpz7YOih/XKd191T+3Y1+cUz6HirTQBdghwbONwbrimUI/wi4Gwv7VSnkJ+jxZbg0EFOWZW+t+4LLv3X90DKdvHukQPbXtpQbi9Q/AYZzjsMA2tq09GGpHW0IuUxlo38PBIeCSY9DBCXln9LR9D0ItlsNT8Qh9zKIUucGs01Q5B1jNwPXQ8OmoSa/Ydm/4yxYnapmAQarcO1WTtskMaoBVbJb2OlkggtSIcuKwqpQMRlNaKr6+Jxv6EzHWhQCEcra9wES9tyAY/jjikBUGcbAByGulaMe31JUh9ekuAB2j/IAW1mNv9yYrBa5VxpymLZZPhOWq5reAnQGGScR8oYK3SX2RbjpOItFgoqULKrxNuEaV5f7AEtFFI37e5LnG/JXF9g89yuZPDgcOohAS5IKnblnozOt2jj21mzzdKczqfB6OvjaTcZow9j+0Iuy5pycYxE8QExgJc9bDUuvNnGawYJfCiOxhJU6kM50huYrIJd6WtxKGD6mC5ta9tvV4Zm1Qcldrzc8BZFCHtrSjFVRRvh9E94iUH+NUR2FDCBGBaEOpwuhfNot4EYxyPvmc1HRGOf2cbX/O0tlRU4fxBfE4OlUIcodlzQmu1Skha6yhtVrmHl8GGmNY+Niq5ip7WSHVUXm85oj7KozUwJVp0UsKt3EqZKA1vF+7xxTkMiBnWzEKaeuuxJs3XoqwG/hCft0UQ2BQME2CdiQWaw0aJKce0/Wqe51W3YCuwn8lHPfydeMShyDNDyNo9L0JQxhNE6C1NExFTo3Wgu+BhifD4pMspi9+1ppVnhkdl7oj94Rf/eww+pINeIkciIwtM7zTK2VxhjjbSg6dz2ELPjoqinKnkTvZW67rN1Ee+23RgVf9ZixwAB/NEuUkJqGLiWSZsQM1Dz9vaH5gINKG/vF5dcyQwlMZe/Ma3UQECHIG3POmB1TGRsEJatWwkVhY3uHDWNjLA1jdiVfHWYiJm/ZALajR38u/c1Na1sxAqxf6QweQCGknyTFtnb31nvnMm730cUYGUms/hMiXhgycVYhqnafWFoX7pWuce6DJLZklIskQsGMOcBLL9/m466XRfzns2XdBIJgBnASRyZfNXcYlr0nqDv53UMcfarwVOa5Y6szAvx5UpEPUDVmOmWFUcMfVbT9hTtinWOGWmu&u=U2FsdGVkX181489qv2XUc0oyMeO4s47VP5Yo8Omz2+A=&y=U2FsdGVkX199+WoNm+0bGR4hli/xW8n17sqQ7C/nvPJ2f5eAc6Jg7YF9Wu/zRLhE HTTP/1.1" 200 26
186.102.10.173 - - [04/Dec/2022:23:11:37 -0500] "GET /kwssiamovil/sm/acme/a?s=U2FsdGVkX1+FQoaZs8uU3lq7S+HLTzl2SPgEbfrZ/PUrmYZ2HzpcJvBDNnX9u5hDicwgch0LPhYcpDVbHAXGLjE4fTQZ06GIipuLUcSnLsyGgH3qd4aB5yE+rvATx568IdJ3kiIVf3iYH/0v8VqeOXhaCqhWWz9GGERAOFANB3U=&u=U2FsdGVkX181489qv2XUc0oyMeO4s47VP5Yo8Omz2+A=&y=U2FsdGVkX199+WoNm+0bGR4hli/xW8n17sqQ7C/nvPJ2f5eAc6Jg7YF9Wu/zRLhE HTTP/1.1" 200 26
186.102.10.173 - - [04/Dec/2022:23:11:37 -0500] "GET /kwssiamovil/sm/acme/a?s=U2FsdGVkX18upkqLUbHuAvdV8baQsxSddEv5yrzDFc/h0NPy8z5J76m9pqL0b32uej/wUbZbuGWwChxliyvF6qyJX8ULGEeoJtqEsgZVq3rDj0wQR9Rk32T8NNEFp/OsnelcihsbYgpAXJr8E/zMNjkxnWamfYWIYqpzvWJxSxc=&u=U2FsdGVkX181489qv2XUc0oyMeO4s47VP5Yo8Omz2+A=&y=U2FsdGVkX199+WoNm+0bGR4hli/xW8n17sqQ7C/nvPJ2f5eAc6Jg7YF9Wu/zRLhE HTTP/1.1" 200 26
186.102.10.173 - - [04/Dec/2022:23:11:37 -0500] "GET /kwssiamovil/sm/acme/a?s=U2FsdGVkX18WNEhBwv9MZM2lr70tNGbPxOYdRupmuhguoa2VWOVcTsZecSMLYAfWLEqhZNLeJh0RHOskZMZOyAjrX0mWMrvStKZ01v+vn+HKCnW6Rv1w8gyHk1atKsi2ljBhpmppJVcZgb3BgUeoZkiSjdjPIP4hZvxrXo5C1CE=&u=U2FsdGVkX181489qv2XUc0oyMeO4s47VP5Yo8Omz2+A=&y=U2FsdGVkX199+WoNm+0bGR4hli/xW8n17sqQ7C/nvPJ2f5eAc6Jg7YF9Wu/zRLhE HTTP/1.1" 200 26
186.102.10.173 - - [04/Dec/2022:23:11:37 -0500] "GET /kwssiamovil/sm/acme/a?s=U2FsdGVkX1/SYbALfIZcUOxKr4X45qOJ1qT1BZQPoAquFSpGGXg4fBF8GBy7Mf/TpdTtwwMC51VqrI8mBT6wJJsiQD9aV5CARXum6QuqQv777xECqqri0W3g4BNIEWy1dbFXIITo70gCN43mSAHBSLIdGGnN2ZAofI9c6AIGh/AeqoFBCv6rs0MGky6tLOegwkwJeqPBpB5fv+OUx37kwA==&u=U2FsdGVkX181489qv2XUc0oyMeO4s47VP5Yo8Omz2+A=&y=U2FsdGVkX199+WoNm+0bGR4hli/xW8n17sqQ7C/nvPJ2f5eAc6Jg7YF9Wu/zRLhE HTTP/1.1" 200 26
114.119.140.239 - - [04/Dec/2022:23:12:03 -0500] "GET /BLA/resoluciones/RESOLUCIONES%202010/6779.pdf HTTP/1.1" 200 218591
66.249.66.87 - - [04/Dec/2022:23:12:32 -0500] "GET /robots.txt HTTP/1.1" 404 1018
114.119.145.174 - - [04/Dec/2022:23:13:16 -0500] "GET /BLA/resoluciones/RESOLUCIONES%202010/6525.pdf HTTP/1.1" 200 273668
201.245.192.253 - - [04/Dec/2022:23:13:58 -0500] "POST /kwsrmcab/Wsrmcab  HTTP/1.1" 200 213
35.208.255.113 - - [04/Dec/2022:23:14:35 -0500] "GET /portaldeninos/wp-content/uploads/2021/06/titulo-videos-ni%C3%B1os.png HTTP/1.1" 200 10502
114.119.159.92 - - [04/Dec/2022:23:14:48 -0500] "GET /BLA/resoluciones/RESOLUCIONES%202010/5902.pdf HTTP/1.1" 200 67724
185.119.81.102 - - [04/Dec/2022:23:14:48 -0500] "GET /portaldeninos/wp-login.php HTTP/1.1" 200 2592
185.119.81.102 - - [04/Dec/2022:23:14:49 -0500] "POST /portaldeninos/wp-login.php HTTP/1.1" 200 3650
216.245.221.92 - - [04/Dec/2022:23:15:43 -0500] "HEAD / HTTP/1.1" 200 -
172.22.2.4 - - [04/Dec/2022:23:14:04 -0500] "HEAD /BLA/boletinlegal/ HTTP/1.1" 200 -
114.119.130.178 - - [04/Dec/2022:23:16:14 -0500] "GET /BLA/resoluciones/RESOLUCIONES%202010/5801.pdf HTTP/1.1" 200 79050
172.22.2.4 - - [04/Dec/2022:23:16:30 -0500] "GET /BLA/boletinlegal/Directivas/2017/Directiva%20No.%2001%20del%2027%20de%20Junio%20de%202018.pdf HTTP/1.1" 304 -
172.22.2.4 - - [04/Dec/2022:23:14:54 -0500] "GET /BLA/boletinlegal/ HTTP/1.1" 200 52453
114.119.150.173 - - [04/Dec/2022:23:17:32 -0500] "GET /BLA/resoluciones/RESOLUCIONES%202010/5798.pdf HTTP/1.1" 200 37502
162.55.175.142 - - [04/Dec/2022:23:17:36 -0500] "GET / HTTP/1.1" 200 319
114.119.145.169 - - [04/Dec/2022:23:18:34 -0500] "GET /BLA/resoluciones/RESOLUCIONES%202010/5741.pdf HTTP/1.1" 200 92209
207.46.13.174 - - [04/Dec/2022:23:18:45 -0500] "GET /BLA/resoluciones/index.php?dir=RESOLUCIONES+2019%2F HTTP/1.1" 200 249154
201.245.192.253 - - [04/Dec/2022:23:18:57 -0500] "POST /kwsrmcab/Wsrmcab  HTTP/1.1" 200 213
114.119.136.134 - - [04/Dec/2022:23:20:12 -0500] "GET /BLA/resoluciones/RESOLUCIONES%202010/5671.pdf HTTP/1.1" 200 279293
216.245.221.92 - - [04/Dec/2022:23:20:43 -0500] "HEAD / HTTP/1.1" 200 -
201.245.192.253 - - [04/Dec/2022:23:20:50 -0500] "POST /kwsrmcab/Wsrmcab HTTP/1.1" 200 43129
201.245.192.253 - - [04/Dec/2022:23:20:53 -0500] "POST /kwsrmcab/Wsrmcab HTTP/1.1" 200 41940
114.119.129.147 - - [04/Dec/2022:23:21:33 -0500] "GET /BLA/resoluciones/RESOLUCIONES%202010/5622.pdf HTTP/1.1" 200 2767156
172.22.2.4 - - [04/Dec/2022:23:19:57 -0500] "HEAD /BLA/boletinlegal/ HTTP/1.1" 200 -
172.22.2.4 - - [04/Dec/2022:23:20:47 -0500] "GET /BLA/boletinlegal/ HTTP/1.1" 200 58185
114.119.158.211 - - [04/Dec/2022:23:23:18 -0500] "GET /BLA/resoluciones/RESOLUCIONES%202010/5378.pdf HTTP/1.1" 200 402095
201.245.192.253 - - [04/Dec/2022:23:23:56 -0500] "POST /kwsrmcab/Wsrmcab  HTTP/1.1" 200 213
172.22.2.4 - - [04/Dec/2022:23:24:22 -0500] "GET /BLA/boletinlegal/ecp/Current/exporttool/microsoft.exchange.ediscovery.exporttool.application HTTP/1.1" 404 1018
172.22.2.4 - - [04/Dec/2022:23:24:22 -0500] "GET /BLA/boletinlegal/.DS_Store HTTP/1.1" 404 1018
172.22.2.4 - - [04/Dec/2022:23:24:22 -0500] "GET /BLA/boletinlegal/debug/default/view?panel=config HTTP/1.1" 404 1018
172.22.2.4 - - [04/Dec/2022:23:24:22 -0500] "GET /BLA/boletinlegal/.env HTTP/1.1" 404 1018
172.22.2.4 - - [04/Dec/2022:23:24:22 -0500] "PUT /BLA/boletinlegal/api/v2/cmdb/system/admin/admin HTTP/1.1" 405 938
172.22.2.4 - - [04/Dec/2022:23:24:22 -0500] "GET /BLA/boletinlegal/s/132313e2932323e28323e2638313/_/;/META-INF/maven/com.atlassian.jira/jira-webapp-dist/pom.properties HTTP/1.1" 404 1018
172.22.2.4 - - [04/Dec/2022:23:24:22 -0500] "GET /BLA/boletinlegal/telescope/requests HTTP/1.1" 404 1018
172.22.2.4 - - [04/Dec/2022:23:24:22 -0500] "GET /BLA/boletinlegal/info.php HTTP/1.1" 404 1018
172.22.2.4 - - [04/Dec/2022:23:24:22 -0500] "GET /BLA/boletinlegal/.git/config HTTP/1.1" 404 1018
172.22.2.4 - - [04/Dec/2022:23:24:28 -0500] "GET /BLA/boletinlegal/v2/_catalog HTTP/1.1" 406 -
172.22.2.4 - - [04/Dec/2022:23:24:28 -0500] "GET /BLA/boletinlegal/login.action HTTP/1.1" 404 1018
172.22.2.4 - - [04/Dec/2022:23:24:28 -0500] "GET /BLA/boletinlegal/config.json HTTP/1.1" 404 1018
172.22.2.4 - - [04/Dec/2022:23:24:28 -0500] "GET /BLA/boletinlegal/about HTTP/1.1" 404 1018
172.22.2.4 - - [04/Dec/2022:23:24:28 -0500] "GET /BLA/boletinlegal/api/search?folderIds=0 HTTP/1.1" 406 -
114.119.149.90 - - [04/Dec/2022:23:24:30 -0500] "GET /BLA/resoluciones/RESOLUCIONES%202010/5265.pdf HTTP/1.1" 200 839154
172.22.2.4 - - [04/Dec/2022:23:24:13 -0500] "GET /BLA/boletinlegal/ HTTP/1.1" 200 20427
172.22.2.4 - - [04/Dec/2022:23:24:22 -0500] "GET /BLA/boletinlegal/?rest_route=/wp/v2/users/ HTTP/1.1" 200 20427
172.22.2.4 - - [04/Dec/2022:23:24:22 -0500] "GET /BLA/boletinlegal/ HTTP/1.1" 200 20427
64.124.8.32 - - [04/Dec/2022:23:25:09 -0500] "GET /BLA/boletinlegal/doctrina.php HTTP/1.1" 200 5604
207.46.13.174 - - [04/Dec/2022:23:25:59 -0500] "GET /BLA/resoluciones/00002111.tif HTTP/1.1" 404 1018
141.255.166.2 - - [04/Dec/2022:23:26:00 -0500] "POST /boaform/admin/formLogin HTTP/1.1" 404 1186
64.124.8.32 - - [04/Dec/2022:23:25:44 -0500] "GET /robots.txt HTTP/1.1" 404 1049
157.55.39.39 - - [04/Dec/2022:23:26:29 -0500] "GET /sipse/faces/presentacion/sistema/anexos/cargarAnexoSolicitudProceso.xhtml HTTP/1.1" 302 -
157.55.39.39 - - [04/Dec/2022:23:26:30 -0500] "GET /sipse/faces/autenticacion.xhtml HTTP/1.1" 200 12174
216.245.221.92 - - [04/Dec/2022:23:26:42 -0500] "GET / HTTP/1.1" 200 319
40.77.167.14 - - [04/Dec/2022:23:26:43 -0500] "GET /BLA/resoluciones/RESOLUCIONES%202021/2304.pdf HTTP/1.1" 304 -
114.119.135.132 - - [04/Dec/2022:23:26:51 -0500] "GET /BLA/resoluciones/RESOLUCIONES%202010/5234.pdf HTTP/1.1" 200 778733
114.119.150.45 - - [04/Dec/2022:23:27:18 -0500] "GET /BLA/resoluciones/RESOLUCIONES%202010/5160.pdf HTTP/1.1" 200 1021402
172.22.2.4 - - [04/Dec/2022:23:25:47 -0500] "HEAD /BLA/boletinlegal/ HTTP/1.1" 200 -
172.22.2.4 - - [04/Dec/2022:23:26:37 -0500] "GET /BLA/boletinlegal/ HTTP/1.1" 200 58612
201.245.192.253 - - [04/Dec/2022:23:28:55 -0500] "POST /kwsrmcab/Wsrmcab  HTTP/1.1" 200 213
102.165.48.51 - - [04/Dec/2022:23:29:27 -0500] "GET /wp-login.php HTTP/1.1" 404 1018
114.119.137.67 - - [04/Dec/2022:23:29:41 -0500] "GET /BLA/resoluciones/RESOLUCIONES%202010/5093.pdf HTTP/1.1" 200 752881
40.77.167.103 - - [04/Dec/2022:23:30:13 -0500] "-" 408 -
201.245.192.253 - - [04/Dec/2022:23:30:51 -0500] "POST /kwsrmcab/Wsrmcab HTTP/1.1" 200 43129
201.245.192.253 - - [04/Dec/2022:23:30:54 -0500] "POST /kwsrmcab/Wsrmcab HTTP/1.1" 200 41940
216.245.221.92 - - [04/Dec/2022:23:31:35 -0500] "HEAD / HTTP/1.1" 200 -
191.108.180.226 - - [04/Dec/2022:23:32:19 -0500] "GET /BLA/resoluciones/ HTTP/1.1" 200 13093
66.249.66.85 - - [04/Dec/2022:23:32:31 -0500] "GET /BLA/resoluciones/AUTOS%202014/1547.pdf HTTP/1.1" 200 559572
66.249.66.87 - - [04/Dec/2022:23:32:32 -0500] "GET /BLA/resoluciones/AUTOS%202015/0804.pdf HTTP/1.1" 200 513218
66.249.66.85 - - [04/Dec/2022:23:32:33 -0500] "GET /BLA/resoluciones/RESOLUCIONES%202008/2327.pdf HTTP/1.1" 200 358941
66.249.66.86 - - [04/Dec/2022:23:32:35 -0500] "GET /autoliquidacion/Grupo%20Forestal%20-%20Industria%20de%20la%20Madera/Solicitud%20de%20Registro%20del%20Libro%20de%20operaciones.pdf HTTP/1.1" 404 1018
66.249.66.85 - - [04/Dec/2022:23:32:35 -0500] "GET /BLA/resoluciones/RESOLUCIONES%202010/0451.pdf HTTP/1.1" 200 112180
191.108.180.226 - - [04/Dec/2022:23:32:38 -0500] "GET /BLA/resoluciones/index.php?dir=AUTOS+2014%2F HTTP/1.1" 200 885147
191.108.180.226 - - [04/Dec/2022:23:32:49 -0500] "GET /BLA/resoluciones/dlf/unknown.png HTTP/1.1" 200 266
114.119.155.94 - - [04/Dec/2022:23:32:52 -0500] "GET /BLA/resoluciones/RESOLUCIONES%202010/5062.pdf HTTP/1.1" 200 762607
191.108.180.226 - - [04/Dec/2022:23:32:55 -0500] "GET /BLA/resoluciones/AUTOS%202014/5794.pdf HTTP/1.1" 200 523942
172.22.2.4 - - [04/Dec/2022:23:31:36 -0500] "HEAD /BLA/boletinlegal/ HTTP/1.1" 200 -
201.245.192.253 - - [04/Dec/2022:23:33:55 -0500] "POST /kwsrmcab/Wsrmcab  HTTP/1.1" 200 213
172.22.2.4 - - [04/Dec/2022:23:32:27 -0500] "GET /BLA/boletinlegal/ HTTP/1.1" 200 59035
114.119.153.188 - - [04/Dec/2022:23:34:37 -0500] "GET /BLA/resoluciones/RESOLUCIONES%202010/4961.pdf HTTP/1.1" 200 248407
114.119.150.155 - - [04/Dec/2022:23:35:43 -0500] "GET /BLA/resoluciones/RESOLUCIONES%202010/4686.pdf HTTP/1.1" 200 750583
40.77.167.13 - - [04/Dec/2022:23:36:07 -0500] "GET /galeria/mapa/3MapaBogot%C3%A1.jpg HTTP/1.1" 200 688183
172.22.2.4 - - [04/Dec/2022:23:34:35 -0500] "GET /BLA/boletinlegal/ HTTP/1.1" 200 62423
216.245.221.92 - - [04/Dec/2022:23:36:33 -0500] "HEAD / HTTP/1.1" 200 -
114.119.142.173 - - [04/Dec/2022:23:36:51 -0500] "GET /BLA/resoluciones/RESOLUCIONES%202010/4528.pdf HTTP/1.1" 200 344203
172.22.2.4 - - [04/Dec/2022:23:37:48 -0500] "GET /BLA/boletinlegal/circulares/2022/circular%20no.%2000009%20del%2010%20de%20octubre%20del%202022.pdf HTTP/1.1" 200 292772
172.22.2.4 - - [04/Dec/2022:23:38:02 -0500] "GET /BLA/boletinlegal/circulares/2022/circular%20no.%2000009%20del%2010%20de%20octubre%20del%202022.pdf HTTP/1.1" 200 292772
172.22.2.4 - - [04/Dec/2022:23:38:24 -0500] "GET /BLA/boletinlegal/Circulares/2019/.pdf HTTP/1.1" 404 1218
172.22.2.4 - - [04/Dec/2022:23:38:33 -0500] "GET /BLA/boletinlegal/Circulares/2012/Circular%20No.%2010%20del%2026%20de%20Enero%20de%202012.pdf HTTP/1.1" 404 1218
201.245.192.253 - - [04/Dec/2022:23:38:54 -0500] "POST /kwsrmcab/Wsrmcab  HTTP/1.1" 502 1155
114.119.155.78 - - [04/Dec/2022:23:39:03 -0500] "GET /BLA/resoluciones/RESOLUCIONES%202010/4310.pdf HTTP/1.1" 200 50050
172.22.2.4 - - [04/Dec/2022:23:37:26 -0500] "HEAD /BLA/boletinlegal/ HTTP/1.1" 200 -
185.119.81.102 - - [04/Dec/2022:23:39:08 -0500] "GET /portaldeninos/wp-login.php HTTP/1.1" 200 2592
185.119.81.102 - - [04/Dec/2022:23:39:08 -0500] "POST /portaldeninos/wp-login.php HTTP/1.1" 200 3670
172.22.2.4 - - [04/Dec/2022:23:38:17 -0500] "GET /BLA/boletinlegal/ HTTP/1.1" 200 52453
201.245.192.253 - - [04/Dec/2022:23:40:50 -0500] "POST /kwsrmcab/Wsrmcab HTTP/1.1" 200 43129
201.245.192.253 - - [04/Dec/2022:23:40:53 -0500] "POST /kwsrmcab/Wsrmcab HTTP/1.1" 200 41940
216.245.221.92 - - [04/Dec/2022:23:41:33 -0500] "HEAD / HTTP/1.1" 200 -
114.119.141.228 - - [04/Dec/2022:23:41:43 -0500] "GET /BLA/resoluciones/RESOLUCIONES%202010/4049.pdf HTTP/1.1" 200 742011
141.255.166.2 - - [04/Dec/2022:23:42:51 -0500] "GET / HTTP/1.1" 200 319
191.108.180.226 - - [04/Dec/2022:23:43:18 -0500] "GET /BLA/resoluciones/ HTTP/1.1" 200 13093
114.119.142.188 - - [04/Dec/2022:23:43:20 -0500] "GET /BLA/resoluciones/RESOLUCIONES%202010/4022.pdf HTTP/1.1" 200 883563
191.108.180.226 - - [04/Dec/2022:23:43:34 -0500] "GET /BLA/resoluciones/index.php?dir=AUTOS+2018%2F HTTP/1.1" 200 442469
114.119.136.12 - - [04/Dec/2022:23:43:44 -0500] "GET /BLA/resoluciones/RESOLUCIONES%202010/3810.pdf HTTP/1.1" 200 519647
201.245.192.253 - - [04/Dec/2022:23:43:53 -0500] "POST /kwsrmcab/Wsrmcab  HTTP/1.1" 200 213
172.22.2.4 - - [04/Dec/2022:23:43:16 -0500] "HEAD /BLA/boletinlegal/ HTTP/1.1" 200 -
173.252.83.4 - - [04/Dec/2022:23:45:23 -0500] "GET /images/reunion-planta-termovalorizacion-11-mayo.jpg HTTP/1.1" 200 34782
172.22.2.4 - - [04/Dec/2022:23:44:07 -0500] "GET /BLA/boletinlegal/ HTTP/1.1" 200 57192
64.124.8.48 - - [04/Dec/2022:23:46:04 -0500] "GET /portaldeninos/aulas-ambientales/aula-ambiental-sorotama/ HTTP/1.1" 200 89596
216.245.221.92 - - [04/Dec/2022:23:46:33 -0500] "HEAD / HTTP/1.1" 200 -
64.124.8.48 - - [04/Dec/2022:23:47:25 -0500] "GET /robots.txt HTTP/1.1" 404 1035
207.46.13.198 - - [04/Dec/2022:23:48:12 -0500] "GET /BLA/resoluciones/00002145.tif HTTP/1.1" 404 1018
201.245.192.253 - - [04/Dec/2022:23:48:52 -0500] "POST /kwsrmcab/Wsrmcab  HTTP/1.1" 200 213
114.119.157.82 - - [04/Dec/2022:23:49:01 -0500] "GET /BLA/resoluciones/RESOLUCIONES%202010/3783.pdf HTTP/1.1" 200 317854
157.55.39.39 - - [04/Dec/2022:23:49:25 -0500] "GET /galeria/galeria/fotos/GuaymaralTorca4G.jpg HTTP/1.1" 200 373786
157.55.39.39 - - [04/Dec/2022:23:49:28 -0500] "GET /BLA/resoluciones/index.php?dir=AUTOS+2019%2F HTTP/1.1" 200 349992
114.119.128.237 - - [04/Dec/2022:23:49:34 -0500] "GET /BLA/resoluciones/RESOLUCIONES%202010/3446.pdf HTTP/1.1" 200 735879
157.55.39.39 - - [04/Dec/2022:23:50:16 -0500] "GET /BLA/resoluciones/RESOLUCIONES%202021/2917.pdf HTTP/1.1" 304 -
172.22.2.4 - - [04/Dec/2022:23:49:06 -0500] "HEAD /BLA/boletinlegal/ HTTP/1.1" 200 -
172.22.2.4 - - [04/Dec/2022:23:50:53 -0500] "GET /BLA/boletinlegal/Circulares/2021/CIRCULAR%20No.%2000009%20DEL%2001%20DE%20OCTUBRE%20DEL%202021.pdf HTTP/1.1" 200 320793
216.245.221.92 - - [04/Dec/2022:23:51:33 -0500] "HEAD / HTTP/1.1" 200 -
172.22.2.4 - - [04/Dec/2022:23:49:57 -0500] "GET /BLA/boletinlegal/ HTTP/1.1" 200 55272
186.84.149.95 - - [04/Dec/2022:23:52:20 -0500] "GET /sipse/faces/index.xhtml HTTP/1.1" 502 1346
186.84.149.95 - - [04/Dec/2022:23:52:20 -0500] "GET /favicon.ico HTTP/1.1" 200 7782
114.119.132.88 - - [04/Dec/2022:23:52:22 -0500] "GET /BLA/resoluciones/RESOLUCIONES%202010/3308.pdf HTTP/1.1" 200 508161
186.84.149.95 - - [04/Dec/2022:23:52:26 -0500] "GET /sipse/faces/index.xhtml HTTP/1.1" 200 677
186.84.149.95 - - [04/Dec/2022:23:52:26 -0500] "GET /sipse/faces/javax.faces.resource/theme.css?ln=primefaces-sipse HTTP/1.1" 200 50058
186.84.149.95 - - [04/Dec/2022:23:52:27 -0500] "GET /sipse/faces/faces/autenticacion.xhtml HTTP/1.1" 200 12174
186.84.149.95 - - [04/Dec/2022:23:52:27 -0500] "GET /sipse/js/disable_browser_buttons.js HTTP/1.1" 200 3230
186.84.149.95 - - [04/Dec/2022:23:52:27 -0500] "GET /sipse/css/custom_css_sg.css HTTP/1.1" 200 9694
186.84.149.95 - - [04/Dec/2022:23:52:27 -0500] "GET /sipse/css/custom_css_sg_prime_login.css HTTP/1.1" 200 443
186.84.149.95 - - [04/Dec/2022:23:52:27 -0500] "GET /sipse/faces/javax.faces.resource/theme.css?ln=primefaces-sipse HTTP/1.1" 304 -
186.84.149.95 - - [04/Dec/2022:23:52:27 -0500] "GET /sipse/faces/javax.faces.resource/layout/layout.css?ln=primefaces&v=4.0 HTTP/1.1" 200 542
186.84.149.95 - - [04/Dec/2022:23:52:27 -0500] "GET /sipse/js/funciones.js HTTP/1.1" 200 12592
186.84.149.95 - - [04/Dec/2022:23:52:27 -0500] "GET /sipse/faces/javax.faces.resource/primefaces.css?ln=primefaces&v=4.0 HTTP/1.1" 200 53295
186.84.149.95 - - [04/Dec/2022:23:52:27 -0500] "GET /sipse/faces/javax.faces.resource/layout/layout.js?ln=primefaces&v=4.0 HTTP/1.1" 200 87560
186.84.149.95 - - [04/Dec/2022:23:52:27 -0500] "GET /sipse/faces/javax.faces.resource/jquery/jquery.js?ln=primefaces&v=4.0 HTTP/1.1" 200 105384
186.84.149.95 - - [04/Dec/2022:23:52:27 -0500] "GET /sipse/faces/javax.faces.resource/jquery/jquery-plugins.js?ln=primefaces&v=4.0 HTTP/1.1" 200 220526
186.84.149.95 - - [04/Dec/2022:23:52:27 -0500] "GET /sipse/faces/javax.faces.resource/primefaces.js?ln=primefaces&v=4.0 HTTP/1.1" 200 276924
186.84.149.95 - - [04/Dec/2022:23:52:28 -0500] "GET /sipse/faces/javax.faces.resource/images/ui-icons_898989_256x240.png?ln=primefaces-aristo HTTP/1.1" 200 5355
186.84.149.95 - - [04/Dec/2022:23:52:28 -0500] "GET /sipse/css/imagen/logoSDG.png HTTP/1.1" 200 53064
186.84.149.95 - - [04/Dec/2022:23:52:28 -0500] "GET /sipse/css/imagen/loginimg.png HTTP/1.1" 200 71635
186.84.149.95 - - [04/Dec/2022:23:52:34 -0500] "POST /sipse/faces/autenticacion.xhtml HTTP/1.1" 200 2217
186.84.149.95 - - [04/Dec/2022:23:52:34 -0500] "GET /sipse/faces/javax.faces.resource/messages/messages.png?ln=primefaces&v=4.0 HTTP/1.1" 200 27209
186.84.149.95 - - [04/Dec/2022:23:52:36 -0500] "POST /sipse/faces/autenticacion.xhtml HTTP/1.1" 200 16378
186.84.149.95 - - [04/Dec/2022:23:52:36 -0500] "GET /sipse/css/custom_css_sg_prime.css HTTP/1.1" 200 5201
186.84.149.95 - - [04/Dec/2022:23:52:36 -0500] "GET /sipse/faces/javax.faces.resource/theme.css?ln=primefaces-sipse HTTP/1.1" 304 -
186.84.149.95 - - [04/Dec/2022:23:52:36 -0500] "GET /sipse/faces/javax.faces.resource/layout/layout.css?ln=primefaces&v=4.0 HTTP/1.1" 304 -
186.84.149.95 - - [04/Dec/2022:23:52:36 -0500] "GET /sipse/faces/javax.faces.resource/primefaces.css?ln=primefaces&v=4.0 HTTP/1.1" 304 -
186.84.149.95 - - [04/Dec/2022:23:52:36 -0500] "GET /sipse/js/jquery.min.js HTTP/1.1" 200 85582
186.84.149.95 - - [04/Dec/2022:23:52:36 -0500] "GET /sipse/faces/javax.faces.resource/jquery/jquery.js?ln=primefaces&v=4.0 HTTP/1.1" 304 -
186.84.149.95 - - [04/Dec/2022:23:52:36 -0500] "GET /sipse/faces/javax.faces.resource/jquery/jquery-plugins.js?ln=primefaces&v=4.0 HTTP/1.1" 304 -
186.84.149.95 - - [04/Dec/2022:23:52:36 -0500] "GET /sipse/faces/javax.faces.resource/primefaces.js?ln=primefaces&v=4.0 HTTP/1.1" 304 -
186.84.149.95 - - [04/Dec/2022:23:52:37 -0500] "GET /sipse/faces/javax.faces.resource/layout/layout.js?ln=primefaces&v=4.0 HTTP/1.1" 304 -
186.84.149.95 - - [04/Dec/2022:23:52:37 -0500] "GET /sipse/css/imagen/contrasena.png HTTP/1.1" 404 383
186.84.149.95 - - [04/Dec/2022:23:52:37 -0500] "GET /sipse/imagenes/cargando.gif HTTP/1.1" 200 36959
186.84.149.95 - - [04/Dec/2022:23:52:37 -0500] "GET /sipse/imagenes/logoAplicacion.jpg HTTP/1.1" 200 155084
186.84.149.95 - - [04/Dec/2022:23:52:39 -0500] "GET /sipse/faces/javax.faces.resource/images/ui-bg_flat_0_2d5972_40x100.png?ln=primefaces-aristo HTTP/1.1" 200 183
186.84.149.95 - - [04/Dec/2022:23:52:39 -0500] "POST /sipse/faces/bienvenido.xhtml HTTP/1.1" 200 2658
186.84.149.95 - - [04/Dec/2022:23:52:49 -0500] "POST /sipse/faces/bienvenido.xhtml HTTP/1.1" 200 9754
186.84.149.95 - - [04/Dec/2022:23:52:50 -0500] "POST /sipse/faces/bienvenido.xhtml HTTP/1.1" 200 2658
186.84.149.95 - - [04/Dec/2022:23:52:52 -0500] "POST /sipse/faces/bienvenido.xhtml HTTP/1.1" 200 30716
186.84.149.95 - - [04/Dec/2022:23:52:53 -0500] "GET /sipse/faces/javax.faces.resource/theme.css?ln=primefaces-sipse HTTP/1.1" 304 -
186.84.149.95 - - [04/Dec/2022:23:52:53 -0500] "GET /sipse/faces/javax.faces.resource/primefaces.css?ln=primefaces&v=4.0 HTTP/1.1" 304 -
186.84.149.95 - - [04/Dec/2022:23:52:53 -0500] "GET /sipse/faces/javax.faces.resource/layout/layout.css?ln=primefaces&v=4.0 HTTP/1.1" 304 -
186.84.149.95 - - [04/Dec/2022:23:52:54 -0500] "GET /sipse/faces/javax.faces.resource/jquery/jquery.js?ln=primefaces&v=4.0 HTTP/1.1" 304 -
186.84.149.95 - - [04/Dec/2022:23:52:54 -0500] "GET /sipse/faces/javax.faces.resource/jquery/jquery-plugins.js?ln=primefaces&v=4.0 HTTP/1.1" 304 -
186.84.149.95 - - [04/Dec/2022:23:52:54 -0500] "GET /sipse/faces/javax.faces.resource/primefaces.js?ln=primefaces&v=4.0 HTTP/1.1" 304 -
186.84.149.95 - - [04/Dec/2022:23:52:54 -0500] "GET /sipse/faces/javax.faces.resource/layout/layout.js?ln=primefaces&v=4.0 HTTP/1.1" 304 -
64.124.8.48 - - [04/Dec/2022:23:52:54 -0500] "GET /portaldeninos/que-es-cambio-climatico/ HTTP/1.1" 200 86727
186.84.149.95 - - [04/Dec/2022:23:53:04 -0500] "POST /sipse/faces/presentacion/financiero/solicitudProceso/solicitudProcesoOtrosPagos.xhtml HTTP/1.1" 200 69544
186.84.149.95 - - [04/Dec/2022:23:53:04 -0500] "GET /sipse/faces/javax.faces.resource/primefaces.css?ln=primefaces&v=4.0 HTTP/1.1" 304 -
186.84.149.95 - - [04/Dec/2022:23:53:04 -0500] "GET /sipse/faces/javax.faces.resource/theme.css?ln=primefaces-sipse HTTP/1.1" 304 -
186.84.149.95 - - [04/Dec/2022:23:53:04 -0500] "GET /sipse/faces/javax.faces.resource/jquery/jquery.js?ln=primefaces&v=4.0 HTTP/1.1" 304 -
186.84.149.95 - - [04/Dec/2022:23:53:04 -0500] "GET /sipse/faces/javax.faces.resource/layout/layout.css?ln=primefaces&v=4.0 HTTP/1.1" 304 -
186.84.149.95 - - [04/Dec/2022:23:53:04 -0500] "GET /sipse/faces/javax.faces.resource/jquery/jquery-plugins.js?ln=primefaces&v=4.0 HTTP/1.1" 304 -
186.84.149.95 - - [04/Dec/2022:23:53:05 -0500] "GET /sipse/faces/javax.faces.resource/primefaces.js?ln=primefaces&v=4.0 HTTP/1.1" 304 -
186.84.149.95 - - [04/Dec/2022:23:53:05 -0500] "GET /sipse/faces/javax.faces.resource/layout/layout.js?ln=primefaces&v=4.0 HTTP/1.1" 304 -
186.84.149.95 - - [04/Dec/2022:23:53:05 -0500] "GET /sipse/faces/javax.faces.resource/fileupload/fileupload.js?ln=primefaces&v=4.0 HTTP/1.1" 200 28091
172.22.2.4 - - [04/Dec/2022:23:53:11 -0500] "GET /BLA/boletinlegal/Directivas/2011/Directiva%20No.%202%20del%2017%20de%20Mayo%20de%202011.pdf HTTP/1.1" 304 -
186.84.149.95 - - [04/Dec/2022:23:53:24 -0500] "GET /sipse/faces/javax.faces.resource/fileupload/fileupload.css?ln=primefaces&v=4.0 HTTP/1.1" 200 1330
114.119.153.113 - - [04/Dec/2022:23:53:43 -0500] "GET /BLA/resoluciones/RESOLUCIONES%202010/3120.pdf HTTP/1.1" 200 488319
186.84.149.95 - - [04/Dec/2022:23:53:48 -0500] "POST /sipse/faces/presentacion/financiero/solicitudProceso/detalleSolicitudProcesoOtrosPagos.xhtml HTTP/1.1" 200 19228
40.77.167.13 - - [04/Dec/2022:23:53:49 -0500] "GET /BLA/resoluciones/00002108.tif HTTP/1.1" 404 1018
201.245.192.253 - - [04/Dec/2022:23:53:51 -0500] "POST /kwsrmcab/Wsrmcab  HTTP/1.1" 200 213
35.209.206.225 - - [04/Dec/2022:23:54:15 -0500] "GET /galeria/galeria/fotos/juan-amarillo2P.jpg HTTP/1.1" 200 32696
172.22.2.4 - - [04/Dec/2022:23:54:16 -0500] "GET /BLA/boletinlegal/vendor/phpunit/phpunit/src/Util/PHP/eval-stdin.php HTTP/1.1" 404 1018
114.119.150.101 - - [04/Dec/2022:23:54:56 -0500] "GET /BLA/resoluciones/RESOLUCIONES%202010/3013.pdf HTTP/1.1" 200 349272
186.84.149.95 - - [04/Dec/2022:23:55:03 -0500] "POST /sipse/faces/presentacion/financiero/solicitudProceso/detalleSolicitudProcesoOtrosPagos.xhtml HTTP/1.1" 200 20836
186.84.149.95 - - [04/Dec/2022:23:55:11 -0500] "POST /sipse/faces/presentacion/financiero/solicitudProceso/detalleSolicitudProcesoOtrosPagos.xhtml HTTP/1.1" 200 238218
173.252.107.117 - - [04/Dec/2022:23:55:12 -0500] "GET /se-aproxima-nueva-jornada-de-recoleccion-masiva-de-residuos-especiales-y-peligrosos-en-bogota.html HTTP/1.1" 206 1048
64.124.8.53 - - [04/Dec/2022:23:55:20 -0500] "GET /BLA/boletinlegal/ HTTP/1.1" 200 16331
186.84.149.95 - - [04/Dec/2022:23:56:14 -0500] "POST /sipse/faces/presentacion/financiero/solicitudProceso/detalleSolicitudProcesoOtrosPagos.xhtml HTTP/1.1" 200 238218
216.245.221.92 - - [04/Dec/2022:23:56:33 -0500] "HEAD / HTTP/1.1" 200 -
172.22.2.4 - - [04/Dec/2022:23:54:56 -0500] "HEAD /BLA/boletinlegal/ HTTP/1.1" 200 -
64.124.8.53 - - [04/Dec/2022:23:55:32 -0500] "GET /robots.txt HTTP/1.1" 404 1018
66.249.66.85 - - [04/Dec/2022:23:56:57 -0500] "GET /galeria/galeria/fotos/Humedal-vaca6G.jpg HTTP/1.1" 200 176858
186.84.149.95 - - [04/Dec/2022:23:57:22 -0500] "POST /sipse/faces/presentacion/financiero/solicitudProceso/detalleSolicitudProcesoOtrosPagos.xhtml HTTP/1.1" 200 190
172.22.2.4 - - [04/Dec/2022:23:57:23 -0500] "GET /BLA/boletinlegal/robots.txt HTTP/1.1" 404 1038
172.22.2.4 - - [04/Dec/2022:23:57:23 -0500] "GET /BLA/boletinlegal/conceptos.php HTTP/1.1" 200 7450
186.84.149.95 - - [04/Dec/2022:23:57:23 -0500] "GET /sipse/faces/javax.faces.resource/theme.css?ln=primefaces-sipse HTTP/1.1" 304 -
186.84.149.95 - - [04/Dec/2022:23:57:23 -0500] "GET /sipse/faces/javax.faces.resource/primefaces.css?ln=primefaces&v=4.0 HTTP/1.1" 304 -
186.84.149.95 - - [04/Dec/2022:23:57:23 -0500] "GET /sipse/faces/javax.faces.resource/layout/layout.css?ln=primefaces&v=4.0 HTTP/1.1" 304 -
186.84.149.95 - - [04/Dec/2022:23:57:23 -0500] "GET /sipse/faces/javax.faces.resource/primefaces.js?ln=primefaces&v=4.0 HTTP/1.1" 200 -
186.84.149.95 - - [04/Dec/2022:23:57:23 -0500] "GET /sipse/faces/javax.faces.resource/jquery/jquery.js?ln=primefaces&v=4.0 HTTP/1.1" 304 -
186.84.149.95 - - [04/Dec/2022:23:57:23 -0500] "GET /sipse/faces/javax.faces.resource/jquery/jquery-plugins.js?ln=primefaces&v=4.0 HTTP/1.1" 304 -
186.84.149.95 - - [04/Dec/2022:23:57:23 -0500] "GET /sipse/faces/presentacion/financiero/solicitudProceso/solicitudProcesoOtrosPagos.xhtml HTTP/1.1" 200 33469
186.84.149.95 - - [04/Dec/2022:23:57:23 -0500] "GET /sipse/faces/javax.faces.resource/layout/layout.js?ln=primefaces&v=4.0 HTTP/1.1" 304 -
186.84.149.95 - - [04/Dec/2022:23:57:23 -0500] "GET /sipse/faces/javax.faces.resource/primefaces.js?ln=primefaces&v=4.0 HTTP/1.1" 304 -
186.84.149.95 - - [04/Dec/2022:23:57:23 -0500] "GET /sipse/css/imagen/contrasena.png HTTP/1.1" 404 383
186.84.149.95 - - [04/Dec/2022:23:57:23 -0500] "GET /sipse/faces/javax.faces.resource/images/ui-icons_898989_256x240.png?ln=primefaces-aristo HTTP/1.1" 304 -
186.84.149.95 - - [04/Dec/2022:23:57:23 -0500] "GET /sipse/faces/javax.faces.resource/messages/messages.png?ln=primefaces&v=4.0 HTTP/1.1" 304 -
172.22.2.4 - - [04/Dec/2022:23:55:47 -0500] "GET /BLA/boletinlegal/ HTTP/1.1" 200 57192
40.77.167.13 - - [04/Dec/2022:23:58:29 -0500] "GET /BLA/resoluciones/00002113.tif HTTP/1.1" 404 1018
201.245.192.253 - - [04/Dec/2022:23:58:49 -0500] "POST /kwsrmcab/Wsrmcab  HTTP/1.1" 200 213
114.119.152.148 - - [04/Dec/2022:23:59:39 -0500] "GET /BLA/resoluciones/RESOLUCIONES%202010/2607.pdf HTTP/1.1" 200 234723

:: Command execute ::

Enter:
 
Select:
 

:: Search ::
regexp 

:: Upload ::
 
[ ok ]

:: Make Dir ::
 
[ ok ]
:: Make File ::
 
[ ok ]

:: Go Dir ::
 
:: Go File ::
 

--[ c99shell v. 1.0 pre-release build #13 powered by Captain Crunch Security Team | http://ccteam.ru | Generation time: 0.2496 ]--