207.46.13.174 - - [04/Dec/2022:18:13:48 -0500] "GET /BLA/resoluciones/RESOLUCIONES%202004/RES%202004%202101-2150/00002104.tif HTTP/1.1" 200 163478
172.22.2.4 - - [04/Dec/2022:18:13:55 -0500] "GET /BLA/boletinlegal/consulta_actos.php?tipo=autos&no=0697&usuario=&sector=&fecha=2019&resuelve= HTTP/1.1" 200 1365
162.55.35.116 - - [04/Dec/2022:18:14:40 -0500] "GET / HTTP/1.1" 200 319
201.245.192.253 - - [04/Dec/2022:18:15:07 -0500] "POST /kwsrmcab/Wsrmcab  HTTP/1.1" 200 213
216.245.221.92 - - [04/Dec/2022:18:15:44 -0500] "HEAD / HTTP/1.1" 200 -
114.119.156.55 - - [04/Dec/2022:18:18:03 -0500] "GET /bla/resoluciones/resoluciones%202010/7253.pdf HTTP/1.1" 200 1312533
172.22.2.4 - - [04/Dec/2022:18:16:31 -0500] "HEAD /BLA/boletinlegal/ HTTP/1.1" 200 -
172.22.2.4 - - [04/Dec/2022:18:18:39 -0500] "GET /BLA/boletinlegal/consulta_actos.php?tipo=autos&no=1375&usuario=&sector=&fecha=2019&resuelve= HTTP/1.1" 200 1362
172.22.2.4 - - [04/Dec/2022:18:17:22 -0500] "GET /BLA/boletinlegal/ HTTP/1.1" 200 52079
185.119.81.99 - - [04/Dec/2022:18:19:50 -0500] "GET /portaldeninos/wp-login.php HTTP/1.1" 200 2592
185.119.81.99 - - [04/Dec/2022:18:19:51 -0500] "POST /portaldeninos/wp-login.php HTTP/1.1" 200 3650
201.245.192.253 - - [04/Dec/2022:18:20:15 -0500] "POST /kwsrmcab/Wsrmcab  HTTP/1.1" 200 213
216.245.221.92 - - [04/Dec/2022:18:20:44 -0500] "HEAD / HTTP/1.1" 200 -
201.245.192.253 - - [04/Dec/2022:18:20:52 -0500] "POST /kwsrmcab/Wsrmcab HTTP/1.1" 200 43167
201.245.192.253 - - [04/Dec/2022:18:20:55 -0500] "POST /kwsrmcab/Wsrmcab HTTP/1.1" 200 41817
185.119.81.107 - - [04/Dec/2022:18:23:21 -0500] "GET /portaldeninos/wp-login.php HTTP/1.1" 200 2592
185.119.81.107 - - [04/Dec/2022:18:23:22 -0500] "POST /portaldeninos/wp-login.php HTTP/1.1" 200 3605
173.252.83.10 - - [04/Dec/2022:18:23:56 -0500] "GET /images/mujeres-reverdecen-humedales-2-febrero.jpg HTTP/1.1" 200 47327
172.22.2.4 - - [04/Dec/2022:18:22:21 -0500] "HEAD /BLA/boletinlegal/ HTTP/1.1" 200 -
172.22.2.4 - - [04/Dec/2022:18:23:12 -0500] "GET /BLA/boletinlegal/ HTTP/1.1" 200 57824
201.245.192.253 - - [04/Dec/2022:18:25:05 -0500] "POST /kwsrmcab/Wsrmcab  HTTP/1.1" 200 213
114.119.145.36 - - [04/Dec/2022:18:25:13 -0500] "GET /BLA/resoluciones/index.php?dir=Notificaciones/DISCIPLINARIOS%2B2019/&sort=size&order=asc HTTP/1.1" 200 13368
216.245.221.92 - - [04/Dec/2022:18:25:44 -0500] "HEAD / HTTP/1.1" 200 -
40.77.167.14 - - [04/Dec/2022:18:27:46 -0500] "GET /galeria/carrusel/Carrusel/jquery-ui-1.8.13.custom.min.js HTTP/1.1" 200 10800
207.46.13.194 - - [04/Dec/2022:18:27:52 -0500] "GET /galeria/carrusel/Carrusel/jquery.thumbnailScroller.js HTTP/1.1" 200 8157
173.214.175.178 - - [04/Dec/2022:18:28:04 -0500] "CONNECT cloudflare.com:443 HTTP/1.1" 405 942
157.55.39.39 - - [04/Dec/2022:18:29:22 -0500] "GET /BLA/resoluciones/00002106.tif HTTP/1.1" 404 1018
157.55.39.39 - - [04/Dec/2022:18:29:22 -0500] "GET /BLA/resoluciones/RESOLUCIONES%202021/1820.pdf HTTP/1.1" 304 -
157.55.39.39 - - [04/Dec/2022:18:29:22 -0500] "GET /BLA/resoluciones/AUTOS%202022/0989.pdf HTTP/1.1" 304 -
157.55.39.39 - - [04/Dec/2022:18:29:23 -0500] "GET /galeria/carrusel/Carrusel/jquery.thumbnailScroller.css HTTP/1.1" 200 2066
157.55.39.39 - - [04/Dec/2022:18:29:23 -0500] "GET /galeria/nivo-slider/demo/banner.html HTTP/1.1" 200 5446
172.22.2.4 - - [04/Dec/2022:18:28:11 -0500] "HEAD /BLA/boletinlegal/ HTTP/1.1" 200 -
172.22.2.4 - - [04/Dec/2022:18:30:06 -0500] "GET /BLA/boletinlegal/consulta_actos.php?tipo=autos&no=4421&usuario=&sector=&fecha=2019&resuelve= HTTP/1.1" 200 1074
201.245.192.253 - - [04/Dec/2022:18:30:05 -0500] "POST /kwsrmcab/Wsrmcab  HTTP/1.1" 200 213
172.22.2.4 - - [04/Dec/2022:18:29:02 -0500] "GET /BLA/boletinlegal/ HTTP/1.1" 200 59035
216.245.221.92 - - [04/Dec/2022:18:30:44 -0500] "HEAD / HTTP/1.1" 200 -
201.245.192.253 - - [04/Dec/2022:18:30:52 -0500] "POST /kwsrmcab/Wsrmcab HTTP/1.1" 200 43167
201.245.192.253 - - [04/Dec/2022:18:30:55 -0500] "POST /kwsrmcab/Wsrmcab HTTP/1.1" 200 41817
157.55.39.42 - - [04/Dec/2022:18:32:13 -0500] "GET /images/importancia-h%C3%ADdrica-1_optimized.jpeg HTTP/1.1" 404 1034
66.249.66.87 - - [04/Dec/2022:18:32:29 -0500] "GET /Publicaciones/2022EE292281.pdf HTTP/1.1" 404 228
66.249.66.87 - - [04/Dec/2022:18:32:30 -0500] "GET /BLA/resoluciones/RESOLUCIONES%202010/6747.pdf HTTP/1.1" 200 603981
66.249.66.86 - - [04/Dec/2022:18:32:30 -0500] "GET /BLA/resoluciones/AUTOS%202017/4896.pdf HTTP/1.1" 200 527549
66.249.66.87 - - [04/Dec/2022:18:32:32 -0500] "GET /BLA/resoluciones/AUTOS%202014/2485.pdf HTTP/1.1" 200 769013
66.249.66.85 - - [04/Dec/2022:18:32:33 -0500] "GET /BLA/resoluciones/AUTOS%202015/4341.pdf HTTP/1.1" 200 568551
66.249.66.86 - - [04/Dec/2022:18:32:34 -0500] "GET /BLA/resoluciones/AUTOS%202014/4696.pdf HTTP/1.1" 200 564701
66.249.66.85 - - [04/Dec/2022:18:32:36 -0500] "GET /BLA/resoluciones/AUTOS%202017/1515.pdf HTTP/1.1" 200 387137
66.249.66.85 - - [04/Dec/2022:18:32:37 -0500] "GET /BLA/resoluciones/AUTOS%202014/5244.pdf HTTP/1.1" 200 548152
66.249.66.86 - - [04/Dec/2022:18:32:38 -0500] "GET /BLA/resoluciones/Notificaciones/AUTOS%202022/5417.pdf HTTP/1.1" 200 375771
66.249.66.86 - - [04/Dec/2022:18:32:45 -0500] "GET /BLA/resoluciones/RESOLUCIONES%202007/RES%202007%202101%20AL%202200/RESOLUCION%202181%20DE%202007.pdf HTTP/1.1" 200 227316
66.249.66.85 - - [04/Dec/2022:18:32:49 -0500] "GET /BLA/resoluciones/AUTOS%202017/3483.pdf HTTP/1.1" 200 801846
207.46.13.174 - - [04/Dec/2022:18:33:43 -0500] "GET /BLA/resoluciones/index.php?dir=RESOLUCIONES+2019%2F HTTP/1.1" 200 249154
201.245.192.253 - - [04/Dec/2022:18:35:04 -0500] "POST /kwsrmcab/Wsrmcab  HTTP/1.1" 200 213
172.22.2.4 - - [04/Dec/2022:18:34:01 -0500] "HEAD /BLA/boletinlegal/ HTTP/1.1" 200 -
216.245.221.92 - - [04/Dec/2022:18:35:44 -0500] "HEAD / HTTP/1.1" 200 -
172.22.2.4 - - [04/Dec/2022:18:34:23 -0500] "GET /BLA/boletinlegal/ HTTP/1.1" 200 46153
172.22.2.4 - - [04/Dec/2022:18:36:30 -0500] "GET /BLA/boletinlegal/conceptos.php HTTP/1.1" 200 7450
172.22.2.4 - - [04/Dec/2022:18:34:55 -0500] "GET /BLA/boletinlegal/ HTTP/1.1" 200 49550
186.102.60.228 - - [04/Dec/2022:18:38:06 -0500] "GET /kwssiamovil/sm/acme/a?s=U2FsdGVkX18X+P+sg0zhgyQmf+b+4MnghBcjs1FqR54LqBJZysI4lYAj2Bab3nSdUQNXb5Zupkn6EiMKT8BWLnRUHQt5fTCWkgCb3tG4DkJSTHxrDVlCedxHpWbu2IHPnD2/h81WlPGHF547srtOpO2YiFCwOTdQM2re8HvQTgTfarXMnq8RR3QYTY4RTQLdJkiTGr6ZdBmUGw6D917sNcS7VNl2FN0Uy1BXMPrv4+d4Fmc687KgwqcUODJ1QO1ckEcknKpgqcueklvlClZbMw==&u=U2FsdGVkX18dFkIFLA3EbJe78k8GnoZScK0U89ibPZU=&y=U2FsdGVkX18O8dP5AeEt/mL44Z2jUJTyEFmoHuxd0hDp9Wdso/9ShwFaf/XOD0Vl HTTP/1.1" 200 26
186.102.60.228 - - [04/Dec/2022:18:38:06 -0500] "GET /kwssiamovil/sm/acme/a?s=U2FsdGVkX18xIYWLMG41tM0tEdKadrbWBn5jaWuZjXP3PVYN/XVSHDgj5Uz7ScQyvdZiiL7MSIGHbl2EfUegX3YkPuxk5t+q/CSBwN1f56bqWFcHdo8/ziwAvmO+x4YCykxNC/1hG/vl3km+No9wARKdsJmhMX38m0uDB5hFPcFILw7zdXqCGTekh2h+xqbGZKrBnvQhBlyghVrYpbc3vp6IhWmZ6ikdTMSpOHFxx4hFPhvCIIiDuQtO5PWTqDr2tV6oRnEEdpgpyXVw0KvOE54PS8iJ9Detmi9pQuqmIxK6jbhe+dPiONBIosDS4fyfKRiAJmdfp5kKBUG/vfAy5czQx6U2bF2uggnpn1aGnsN5RsLfj/XnTmpDA/RGFEv7FvTsSurG9h8NMqLA0TDd2T+dm5xtflI54JccIdu8/B+2B4C5hLn8c8GPJBZN0Ntx9N7la6oCLrnlR94GCW/t6h0Ca0AEPyYCRR0Fxq1F6uM0aLcHnS883mg/uqEfgnPikx+dJVYbCe9zrTWTsDTeL4deD5YePkNaXkSjrfQSlj/aRw1/KPlaTZ/ovnbyMzCJfj7oPOfxDI6grNEFpT+ieLYcP586ZBv0ByajzxvgV1vO66MCC37hUFslpDH0FXS6vavrQ6O7Mo1m1Td9L0eY+ccfjWFQ+kORoDG5lpPpnmcc5xBzDG5dvc1KBUYreGB3JrJx/5zv4JNjOozBZ8s4z7rwIHYCctwnQPwYtMJYUH03zR5BQvpZLH/iEl+1XT6u3IgBtHvIbn7F5kKUW88u3e2h68OiMnPJmoxNyqApwiMO2sTj+Qj4vairIZ/xlLP1z/HSjs+jWLXN9wWqu+QPngY/j83vzkOFkpLbPKLctuAhGQSNXae4qIB0dXvoHcLZRyAqbsXarYPulY+jKU7aRAzt7lrs0ddTabRvGK8LtQGIOcuZiiR9RQZgae4Reo3s/Hp/oOGUtcZrR9dqn4wvaGi7eVK5a3DL7o7bxgolntdVTGsjYgavPx1oYE1hsgqlg5mSUPlnfO8jbSVFfFn3x3CHVZxwZRzsPS4u+VhXJKZccDOnK8j1pfiJ346wKc/hQ/kBCkpBB1DPVsCsZbNF/JTzhj1gfv5+j28T0xe8Vlmd1OjRgCWDTZWBRXv9LpJS+6DImsJT+HdQ7KnS5YqbY7dDova/3qiCVel0Wgh25oneCEYVZXfARzGVUPiDnBtRKSs/3iMgRd2EdWej/lAWxjHy7k4aMB09U99tFuKEtNvj0OqgM+mJVP1W7LAbeVRffskc2rwhxK0ZseQqaZUAn9vuvV+aAdSYnKBkw4KOXUUH5EHIxM9P4yJKmuI5GPEnFW2Ny9fJOjmdG//72bwLocYsPVxF5kdygwu80UibAOkUH8MvZotQSoTTRYen9Lsx3LelI8dr220Sqny+W9/lK79mMmbSYhF1UlkjKKOPLrzL6XkbJxN/4ju7qYwRVqZRqHsekjop66j3oGm1oAtHSMFb8UmIQ+md0PRG1QdOhWBRN7Fiz/LoXHk3chqj4VjgKp7AALQDM2MQmtbMcr9WA67xU8s5XbkaRKDRhqfWDcTF78K3I0IDEX6tFgRnw1oE1m/JmlFWnmEJFMh9KueuQ1r0Rd7KmK3aihQlWaG8Pg8nDuBoREK3AhuVfyzSRFtfvKogbPm3qWau48XsdR05ra6nlHNhLjsHona0+DG3rHQHFw3bGMz7LoG/XWn234ueo6pOTD3LaTdyEabKhpcmUkG/K4/hdFzLz8l13S1gLPk=&u=U2FsdGVkX18dFkIFLA3EbJe78k8GnoZScK0U89ibPZU=&y=U2FsdGVkX18O8dP5AeEt/mL44Z2jUJTyEFmoHuxd0hDp9Wdso/9ShwFaf/XOD0Vl HTTP/1.1" 200 26
186.102.60.228 - - [04/Dec/2022:18:38:07 -0500] "GET /kwssiamovil/sm/acme/a?s=U2FsdGVkX18bXzk7mx35ir8XGZTJ9mREzko8vqkFK1eupoxZ6jLyDMpbbPga+vUG/JLyO2EAhergZc1NPYEUvLpDKDaq5f595MKIBEkaHTQLoEcKQwfvnmucl0SarCNDLGTawcpo4YfpeAf7f5BWnZ6R6q/rm0yOtM4ApEfXvKs=&u=U2FsdGVkX18dFkIFLA3EbJe78k8GnoZScK0U89ibPZU=&y=U2FsdGVkX18O8dP5AeEt/mL44Z2jUJTyEFmoHuxd0hDp9Wdso/9ShwFaf/XOD0Vl HTTP/1.1" 200 26
186.102.60.228 - - [04/Dec/2022:18:38:07 -0500] "GET /kwssiamovil/sm/acme/a?s=U2FsdGVkX19EhtCoIgqO6Eut9VIDWk2zurI7SfI1RtwnE5clEkrPAIhgpe62QdNQ6PsstN8tOBtm1381DbiBXt9FTt4mqF5CR76ZEywrtpDh3pjEPrvcs52VJKAEhOaLf9sg4wlxs/ddLD8gafxNJe4e1xeQqlCngymEjkmjA3I=&u=U2FsdGVkX18dFkIFLA3EbJe78k8GnoZScK0U89ibPZU=&y=U2FsdGVkX18O8dP5AeEt/mL44Z2jUJTyEFmoHuxd0hDp9Wdso/9ShwFaf/XOD0Vl HTTP/1.1" 200 26
186.102.60.228 - - [04/Dec/2022:18:38:07 -0500] "GET /kwssiamovil/sm/acme/a?s=U2FsdGVkX181gGZ4DKgpBliW2sBqwWKB8WCu0vKWD0WUnSxHChf3mCZEgtGMB0JaA+vChIJHWA0QBY6Of1cqDB6+Syxqvwb/EBgTnBTcOjkvCJt6QgFvEiK7F6iYVqEOXYuY/bg/y+cg17M6bY6w1v55aScbMtYxxX2VBCBM/6M=&u=U2FsdGVkX18dFkIFLA3EbJe78k8GnoZScK0U89ibPZU=&y=U2FsdGVkX18O8dP5AeEt/mL44Z2jUJTyEFmoHuxd0hDp9Wdso/9ShwFaf/XOD0Vl HTTP/1.1" 200 26
186.102.60.228 - - [04/Dec/2022:18:38:07 -0500] "GET /kwssiamovil/sm/acme/a?s=U2FsdGVkX1+UAmIhqf1oVh8zOuOROfgmYRNmQNvuuDjXh/PqFFGHJhFrMiLJvOVLmAWMUapcKdcpPdCA36zGzr0D+uGmXffbsOFlWH2XvEHiD1GVTd7hI0qyx6y1SHHnOy51IcM+Oqs2l74rEKM/t+hAlPXw7LWs8n0qxH/6mbO+tjGvgnkewQnF0jb5NKrN&u=U2FsdGVkX18dFkIFLA3EbJe78k8GnoZScK0U89ibPZU=&y=U2FsdGVkX18O8dP5AeEt/mL44Z2jUJTyEFmoHuxd0hDp9Wdso/9ShwFaf/XOD0Vl HTTP/1.1" 200 26
172.22.2.4 - - [04/Dec/2022:18:38:10 -0500] "GET /BLA/boletinlegal/Circulares/2019/.pdf HTTP/1.1" 404 1218
66.249.66.87 - - [04/Dec/2022:18:39:29 -0500] "GET /BLA/resoluciones/RESOLUCIONES%202009/1295.pdf HTTP/1.1" 200 440305
186.86.65.147 - - [04/Dec/2022:18:39:30 -0500] "GET /BLA/resoluciones/RESOLUCIONES%202022/4980.pdf HTTP/1.1" 200 359430
186.86.65.147 - - [04/Dec/2022:18:39:30 -0500] "GET /favicon.ico HTTP/1.1" 200 7782
201.245.192.253 - - [04/Dec/2022:18:40:03 -0500] "POST /kwsrmcab/Wsrmcab  HTTP/1.1" 502 1155
216.245.221.92 - - [04/Dec/2022:18:40:45 -0500] "HEAD / HTTP/1.1" 200 -
114.119.142.14 - - [04/Dec/2022:18:40:48 -0500] "GET /BLA/resoluciones/RESOLUCIONES%202010/7507.pdf HTTP/1.1" 200 35779
201.245.192.253 - - [04/Dec/2022:18:40:52 -0500] "POST /kwsrmcab/Wsrmcab HTTP/1.1" 200 43167
201.245.192.253 - - [04/Dec/2022:18:40:55 -0500] "POST /kwsrmcab/Wsrmcab HTTP/1.1" 200 41817
172.22.2.4 - - [04/Dec/2022:18:39:51 -0500] "HEAD /BLA/boletinlegal/ HTTP/1.1" 200 -
172.22.2.4 - - [04/Dec/2022:18:40:42 -0500] "GET /BLA/boletinlegal/ HTTP/1.1" 200 54452
40.77.190.191 - - [04/Dec/2022:18:42:47 -0500] "GET /galeria/nivo-slider/themes/orman/orman.css HTTP/1.1" 200 2152
40.77.190.191 - - [04/Dec/2022:18:42:47 -0500] "GET /galeria/nivo-slider/themes/pascal/pascal.css HTTP/1.1" 200 2258
40.77.190.191 - - [04/Dec/2022:18:42:47 -0500] "GET /galeria/nivo-slider/themes/default/default.css HTTP/1.1" 200 1569
40.77.190.191 - - [04/Dec/2022:18:42:47 -0500] "GET /galeria/nivo-slider/nivo-slider.css HTTP/1.1" 200 1507
40.77.190.191 - - [04/Dec/2022:18:42:47 -0500] "GET /galeria/nivo-slider/demo/style.css HTTP/1.1" 200 2222
40.77.190.191 - - [04/Dec/2022:18:42:47 -0500] "GET /galeria/nivo-slider/demo/scripts/jquery-1.7.1.min.js HTTP/1.1" 200 93868
40.77.190.191 - - [04/Dec/2022:18:42:47 -0500] "GET /galeria/nivo-slider/jquery.nivo.slider.pack.js HTTP/1.1" 200 11561
64.124.8.39 - - [04/Dec/2022:18:44:26 -0500] "GET /desprendiblespago/controlador HTTP/1.1" 200 2321
173.252.107.8 - - [04/Dec/2022:18:45:21 -0500] "GET /images/mercados-campesinos-5-mayo.jpg HTTP/1.1" 200 95848
216.245.221.92 - - [04/Dec/2022:18:45:44 -0500] "HEAD / HTTP/1.1" 200 -
64.124.8.39 - - [04/Dec/2022:18:45:46 -0500] "GET /robots.txt HTTP/1.1" 404 1018
114.119.132.103 - - [04/Dec/2022:18:46:32 -0500] "GET /BLA/resoluciones/RESOLUCIONES%202010/3367.pdf HTTP/1.1" 200 520135
179.108.144.118 - - [04/Dec/2022:18:46:36 -0500] "GET / HTTP/1.1" 200 319
172.22.2.4 - - [04/Dec/2022:18:45:41 -0500] "HEAD /BLA/boletinlegal/ HTTP/1.1" 200 -
152.89.196.211 - - [04/Dec/2022:18:48:11 -0500] "GET /vendor/phpunit/phpunit/src/Util/PHP/eval-stdin.php HTTP/1.1" 404 1018
172.22.2.4 - - [04/Dec/2022:18:46:31 -0500] "GET /BLA/boletinlegal/ HTTP/1.1" 200 54452
173.252.79.7 - - [04/Dec/2022:18:48:45 -0500] "GET /images/cr\xc3\xb3nica-29-nov-1_optimized.jpeg HTTP/1.1" 404 1034
172.22.2.4 - - [04/Dec/2022:18:48:47 -0500] "GET /BLA/boletinlegal/consulta_actos.php?tipo=autos&no=2721&usuario=&sector=&fecha=2019&resuelve= HTTP/1.1" 200 1064
201.245.192.253 - - [04/Dec/2022:18:50:10 -0500] "POST /kwsrmcab/Wsrmcab  HTTP/1.1" 502 1155
172.22.2.4 - - [04/Dec/2022:18:50:43 -0500] "GET /BLA/boletinlegal/robots.txt HTTP/1.1" 404 1038
216.245.221.92 - - [04/Dec/2022:18:50:53 -0500] "HEAD / HTTP/1.1" 200 -
207.46.13.198 - - [04/Dec/2022:18:51:55 -0500] "GET /BLA/resoluciones/AUTOS%202022/2398.pdf HTTP/1.1" 200 665747
172.22.2.4 - - [04/Dec/2022:18:50:44 -0500] "GET /BLA/boletinlegal/index.php HTTP/1.1" 200 56825
152.89.196.211 - - [04/Dec/2022:18:52:53 -0500] "GET /solr/admin/info/system?wt=json HTTP/1.1" 404 1018
173.252.107.1 - - [04/Dec/2022:18:53:09 -0500] "GET /images/Musgo%20SDA%20(1)%20(1).png HTTP/1.1" 200 302122
173.252.107.1 - - [04/Dec/2022:18:53:10 -0500] "GET /images/Acuerdos%2001%20(1)%20(1).jpeg HTTP/1.1" 200 32884
172.22.2.4 - - [04/Dec/2022:18:51:31 -0500] "HEAD /BLA/boletinlegal/ HTTP/1.1" 200 -
172.22.2.4 - - [04/Dec/2022:18:52:22 -0500] "GET /BLA/boletinlegal/ HTTP/1.1" 200 56079
199.16.157.183 - - [04/Dec/2022:18:54:26 -0500] "GET /images/cr%C3%B3nica-29-nov-1_optimized.jpeg HTTP/1.1" 404 1034
201.245.192.253 - - [04/Dec/2022:18:54:59 -0500] "POST /kwsrmcab/Wsrmcab  HTTP/1.1" 200 213
66.220.149.120 - - [04/Dec/2022:18:55:14 -0500] "GET /images/cr\xc3\xb3nica-29-nov-1_optimized.jpeg HTTP/1.1" 404 1034
66.220.149.21 - - [04/Dec/2022:18:55:14 -0500] "GET /images/cr\xc3\xb3nica-29-nov-1_optimized.jpeg HTTP/1.1" 404 1034
216.245.221.92 - - [04/Dec/2022:18:55:44 -0500] "HEAD / HTTP/1.1" 200 -
172.22.2.4 - - [04/Dec/2022:18:58:01 -0500] "GET /BLA/boletinlegal/remote/fgt_lang?lang=/../../../..//////////dev/cmdb/sslvpn_websession HTTP/1.1" 404 1018
172.22.2.4 - - [04/Dec/2022:18:58:13 -0500] "GET /BLA/boletinlegal/consulta_actos.php?tipo=resoluciones&no=3892&usuario=&sector=&fecha=2019&resuelve= HTTP/1.1" 200 1108
172.22.2.4 - - [04/Dec/2022:18:57:21 -0500] "HEAD /BLA/boletinlegal/ HTTP/1.1" 200 -
207.46.13.198 - - [04/Dec/2022:18:59:16 -0500] "GET /bla/resoluciones/resoluciones%202012/1146.pdf HTTP/1.1" 304 -
175.100.20.214 - - [04/Dec/2022:18:59:38 -0500] "GET / HTTP/1.1" 200 319
175.100.20.214 - - [04/Dec/2022:18:59:39 -0500] "GET /.env HTTP/1.1" 404 1018
175.100.20.214 - - [04/Dec/2022:18:59:40 -0500] "POST / HTTP/1.1" 200 319
175.100.20.214 - - [04/Dec/2022:18:59:41 -0500] "GET /_profiler/phpinfo HTTP/1.1" 404 1018
175.100.20.214 - - [04/Dec/2022:18:59:41 -0500] "GET /debug/default/view?panel=config HTTP/1.1" 404 1018
175.100.20.214 - - [04/Dec/2022:18:59:42 -0500] "GET /config.json HTTP/1.1" 404 1018
175.100.20.214 - - [04/Dec/2022:18:59:44 -0500] "GET /.git/config HTTP/1.1" 404 1018
172.22.2.4 - - [04/Dec/2022:18:58:12 -0500] "GET /BLA/boletinlegal/ HTTP/1.1" 200 57192
201.245.192.253 - - [04/Dec/2022:18:59:57 -0500] "POST /kwsrmcab/Wsrmcab  HTTP/1.1" 200 213
216.245.221.92 - - [04/Dec/2022:19:00:44 -0500] "HEAD / HTTP/1.1" 200 -
66.249.66.86 - - [04/Dec/2022:19:02:29 -0500] "GET /BLA/resoluciones/RESOLUCIONES%202009/0789.pdf HTTP/1.1" 200 218138
66.249.66.87 - - [04/Dec/2022:19:02:30 -0500] "GET /Publicaciones/2022EE271389.pdf HTTP/1.1" 404 228
66.249.66.85 - - [04/Dec/2022:19:02:31 -0500] "GET /BLA/resoluciones/AUTOS%202013/1309.pdf HTTP/1.1" 200 1761463
66.249.66.86 - - [04/Dec/2022:19:02:32 -0500] "GET /BLA/resoluciones/AUTOS%202014/2040.pdf HTTP/1.1" 200 342221
66.249.66.86 - - [04/Dec/2022:19:02:33 -0500] "GET /BLA/resoluciones/RESOLUCIONES%202011/5532.pdf HTTP/1.1" 200 750034
66.249.66.85 - - [04/Dec/2022:19:02:35 -0500] "GET /BLA/resoluciones/RESOLUCIONES%202010/5858.pdf HTTP/1.1" 200 203467
66.249.66.85 - - [04/Dec/2022:19:02:35 -0500] "GET /BLA/resoluciones/AUTOS%202007/2196.pdf HTTP/1.1" 200 146863
66.249.66.86 - - [04/Dec/2022:19:02:36 -0500] "GET /BLA/resoluciones/AUTOS%202014/3602.pdf HTTP/1.1" 200 468041
66.249.66.86 - - [04/Dec/2022:19:02:38 -0500] "GET /BLA/resoluciones/RESOLUCIONES%202007/RES%202007%202401%20AL%202500/RESOLUCION%202410%20DE%202007.pdf HTTP/1.1" 200 396489
157.55.39.105 - - [04/Dec/2022:19:03:09 -0500] "GET /portaldeninos/parque-ecologico-distrital-humedal-santa-maria-del-lago/ HTTP/1.1" 200 90199
157.55.39.105 - - [04/Dec/2022:19:03:21 -0500] "GET /portaldeninos/parque-ecologico-distrital-humedal-santa-maria-del-lago/ HTTP/1.1" 502 1279
172.22.2.4 - - [04/Dec/2022:19:04:09 -0500] "GET /BLA/boletinlegal/consulta_actos.php?tipo=autos&no=3112&usuario=&sector=&fecha=2019&resuelve= HTTP/1.1" 200 1062
172.22.2.4 - - [04/Dec/2022:19:03:11 -0500] "HEAD /BLA/boletinlegal/ HTTP/1.1" 200 -
201.245.192.253 - - [04/Dec/2022:19:04:56 -0500] "POST /kwsrmcab/Wsrmcab  HTTP/1.1" 200 213
199.16.157.182 - - [04/Dec/2022:19:05:05 -0500] "GET /images/pieza-tramites-servicios-ventanilla-virtual.jpg HTTP/1.1" 200 39260
40.77.167.13 - - [04/Dec/2022:19:05:32 -0500] "GET /portaldeninos/wp-content/uploads/2021/07/Banners-p%C3%A1gina-de-ni%C3%B1os12-1-150x7.jpg HTTP/1.1" 404 75240
172.22.2.4 - - [04/Dec/2022:19:04:02 -0500] "GET /BLA/boletinlegal/ HTTP/1.1" 200 57192
216.245.221.92 - - [04/Dec/2022:19:05:44 -0500] "HEAD / HTTP/1.1" 200 -
69.63.184.3 - - [04/Dec/2022:19:06:31 -0500] "GET /images/Entrenubes%201%20(1)%20(1).jpeg HTTP/1.1" 200 70096
201.245.192.253 - - [04/Dec/2022:19:09:55 -0500] "POST /kwsrmcab/Wsrmcab  HTTP/1.1" 200 213
172.22.2.4 - - [04/Dec/2022:19:09:01 -0500] "HEAD /BLA/boletinlegal/ HTTP/1.1" 200 -
216.245.221.92 - - [04/Dec/2022:19:10:44 -0500] "HEAD / HTTP/1.1" 200 -
152.89.196.211 - - [04/Dec/2022:19:10:46 -0500] "GET /index.php?s=/Index/\\think\\app/invokefunction&function=call_user_func_array&vars[0]=md5&vars[1][]=HelloThinkPHP21 HTTP/1.1" 404 1018
172.22.2.4 - - [04/Dec/2022:19:11:06 -0500] "GET /BLA/boletinlegal/robots.txt HTTP/1.1" 404 1038
172.22.2.4 - - [04/Dec/2022:19:11:06 -0500] "GET /BLA/boletinlegal/jurisprudencia/analisis/analisis%20C-595-2010.doc HTTP/1.1" 304 -
172.22.2.4 - - [04/Dec/2022:19:09:51 -0500] "GET /BLA/boletinlegal/ HTTP/1.1" 200 52079
207.46.13.194 - - [04/Dec/2022:19:11:56 -0500] "GET /BLA/resoluciones/00002104.tif HTTP/1.1" 404 1018
172.22.2.4 - - [04/Dec/2022:19:12:01 -0500] "GET /BLA/boletinlegal/jurisprudencia/analisis/CUADRO%20SENTENCIA%20T-299%20DE%202008.doc HTTP/1.1" 304 -
157.55.39.39 - - [04/Dec/2022:19:12:11 -0500] "GET /BLA/resoluciones/RESOLUCIONES%202004/RES%202004%202101-2150/00002107.tif HTTP/1.1" 200 180976
134.209.24.228 - - [04/Dec/2022:19:13:08 -0500] "\x16\x03\x01" 400 226
134.209.24.228 - - [04/Dec/2022:19:13:08 -0500] "\x16\x03\x01" 400 226
134.209.24.228 - - [04/Dec/2022:19:13:08 -0500] "GET / HTTP/1.1" 200 319
186.102.60.228 - - [04/Dec/2022:19:13:28 -0500] "GET /kwssiamovil/sm/acme/a?s=U2FsdGVkX19KI8BPH4mVmqtXAuSUG5wlAQiev3FkDtMghgGm2R/3DdIjUYtzIrX8WNYgaF9FMwVYM7CwLC6znVFHgg3tmwNLW8RVtyVeaOn1wHPn2vdoa6g5exQV1DXhm+O6aA+hmagbeJP1dwff0wHNrswP4/de39/tKz0okpJhoPXXEDOfMS3MOzZl3g9A4Y8ae1+UAHYt+pL2Gr97HOWC4ETMnx4O1S0q+/k5NtiMPXtDkQS8VK4yAqylZKgIA2gCEK4+A9w2eYvqBeqQ/Q==&u=U2FsdGVkX18dFkIFLA3EbJe78k8GnoZScK0U89ibPZU=&y=U2FsdGVkX18O8dP5AeEt/mL44Z2jUJTyEFmoHuxd0hDp9Wdso/9ShwFaf/XOD0Vl HTTP/1.1" 200 26
186.102.60.228 - - [04/Dec/2022:19:13:28 -0500] "GET /kwssiamovil/sm/acme/a?s=U2FsdGVkX18ES+m68oicrB518o1LvP1HRba2UGvLIZZP3VhQWAwv5858XWT3CRDqVuaoQHM2Wk7+YN0wqmuG9xM0M5YMe3NZjna2bHciqNH7MQ2VhUNA4BNz71qAxPBtd7klUwZF+/dkQpSWzwpkF0AkvVCiRNcjRoE4YSakblFBQOXq+ONsY0J5W4ooTsjEpKAT0n5ahDapkJBn4kcByNUZTmsJdNsTZKQr9wZA8iR15O/ni6uUzxnuCHZgNqW/HD8R6eXjgDv17oA0Q5zUULTS4zBad7f7ktEOMHnl+z6MSYjE5yaoj120fzF+iq+jbL0wcObg5rTGrv8wPyh/3ekrKSZp4O0ZzbytuxRZ9+XnifRdCq6toFzFES0wLIYv+CWx00wOHf50aIJo7H+FJ0dJxk0/boA49D4zNz3OdqeibbpdoqiXZ7Y2mB2IuNsbvQprqnWasjKBSlMHivv4FF0Jex1uxBx+HxrdkulC+L8BLV3dDozV3vcmAgc84++KGVZ6oLmlDluLQ8+IZDF5vvGMAYkZ/DkIEUyrhrJkv6pl2TlkQ2Y583PY+GL2OXkCmLCv5ZIInCd+3uqLAMf+uWarxIVtriCFVqE5+GLskpEoQEVynaM9ILJ2N+697bOdk1f4bFOJjepBPf+QcM7/KwTi5qwkeBMo3SzUDJCQNJFM2mO5anMnMDKYR4WOFzNsIPmXwUWAYtSwyAz7Yz0mfpsAyklJIeQsCcz7dKeamVIzrMDmIZ5jlEyEHK35Pn1Lc5mFUseYmIQDA1FGlloA2NGNhZvRVyBIH9SUzwLfJQoFwmdDa7Wt30dV8Lolo3ORInHDwaZHUUZnd4rE2ob2AuZgVl2ApIK7vE+A77TfAoiTLQ+k+cEqLHthJpg2ymbTna5Ekii6PF2OZr54aIJvsaV9CdKXOseVg+u2TxzpiRZhyR680v7ISB7WeiF1NKwVeIkijpu2Gw0yebAPR3vGzUNdOnj7wyWtU1+ovHq0AvMZyqprmbCSE9GCsCvD9FayT9NfGVOdQn9bxVMOrRPFesHDT5MUcZEtz3LdtOoB0MqYzOOI8x/YuhJNVQOVEr6VPQuC5c1EP2ShV+3YNvkiwEwELWtakE+chB/WfnoMVoZYFqwV01K1ldKseYrjZIOaRGLdxRjV4FFkFlMzf1VchKivKHNXuRC0AbtNy6QqxvqwJf8Z1fF55ZQv9PIm6lB/4+1zvTgX5ZaFKdEp9vfdNwv8AGxDEpIis4vWmur8Sb7HP25EyKTHXt13UJlPyUX+Ia7zCmK+dhe/einl90OBEmA1OSwDOJArNKWLp3W+UWfAsJjsAqs21kiaZNeX9UheRervTZLkD916a33ekXzPDdvysDWBw0JWLjE9gbpOlXTsyHG0LkIsUj5p4XiHtsNoJn42CE+Bfw6NzpQ7HrmZ3Y1UI7QJmOXmIf8OXF9B47Pn4p4N3yP6ebogkRNgUzmi/YR4Wxlh1aJ7qEm2cy5k5l06j01jiCvCG9XwdnfXjqrXEhz1aMz018w+E8FdllE5Fwf+laB85FL25zvBD4zOe5hB3zGbYfUdcfISVDXetMi00dZrooCnjc5IVEzuaXdAV2rRqP1YqRmlqAFuACwtMN10cvtAv5bUoALoWMOWyAYa/rza1Eo1i8DM5l5iG1r1bzlk6y0abhql/aupcguSHays/LiXvM1tGMOlOEHE6yPNM2z59uwWIuxXSTPJAVF+x3IeslMB2Xav0QyXZkxPzkXEmcQMzXw6rXKio2itd8GlKm5NVlpFP9fgTeLOdVceZVaHCEC2WI46y6YrYn9vWzhyinCg+ooyvgFVV83PZSElAgVnkKBzzurPbpaLbw/gB6pk92fslFBScuUkuPGmutLxQeCsIFBIQUQVC/gwV3VFZlTZro3IVqBcPfYgYAFWeEPCTqTaH/lIDCQ7kuLJNoV255wiuthTX62KXyowLWC6Joz/5WiRhZF7NdO+yfTnytGzt2xt39DiwoXTGtROGbQ9ldbNXEFhgCnVdCmtfolmVX2p4c+pBghy2C0QboWmP13DZWiT9cUJ1UjEhVpobkKJpCnKj2IX6IxRm8lrtPtOcLe+D/Pi/XIV2Joqm7RbxHrFgd7nRuYwgfSmW9DcRWqz44e79Kb0dG9NNKzFhUE=&u=U2FsdGVkX18dFkIFLA3EbJe78k8GnoZScK0U89ibPZU=&y=U2FsdGVkX18O8dP5AeEt/mL44Z2jUJTyEFmoHuxd0hDp9Wdso/9ShwFaf/XOD0Vl HTTP/1.1" 200 26
186.102.60.228 - - [04/Dec/2022:19:13:28 -0500] "GET /kwssiamovil/sm/acme/a?s=U2FsdGVkX1+Lg0brbLKcm0+0tTxmY/Zxk2g1PO4ANnv2Oq3uSPa1f6kE77U/xBCA74vtnZTwIpPbpmBE92XBEXBPprprXkZwiY8lQcvmnqQNZgyWxjGIhDhuxE0Z6VP2Br7+GAcHhVPj1zI8RnxAbMsJxYAvcZ/7Zx1vg+Y5oa8=&u=U2FsdGVkX18dFkIFLA3EbJe78k8GnoZScK0U89ibPZU=&y=U2FsdGVkX18O8dP5AeEt/mL44Z2jUJTyEFmoHuxd0hDp9Wdso/9ShwFaf/XOD0Vl HTTP/1.1" 200 26
186.102.60.228 - - [04/Dec/2022:19:13:29 -0500] "GET /kwssiamovil/sm/acme/a?s=U2FsdGVkX19y8bzHJozGYS6U9+s+nQ0DWB0q57jJ2QEPw6aPWlD4QS8S7XNSDFZ8R1gC9nbAeWR8o8w4/kK4B+ky7teC4oEj8WYFQ3n6nldVFpmAvdpjA63H4ZOGaij6vJG8tZLx2HvIfdezQzBbE8mWQK+MKB7eSkZ8C+Vxj3I=&u=U2FsdGVkX18dFkIFLA3EbJe78k8GnoZScK0U89ibPZU=&y=U2FsdGVkX18O8dP5AeEt/mL44Z2jUJTyEFmoHuxd0hDp9Wdso/9ShwFaf/XOD0Vl HTTP/1.1" 200 26
186.102.60.228 - - [04/Dec/2022:19:13:29 -0500] "GET /kwssiamovil/sm/acme/a?s=U2FsdGVkX18E0NSBSMftkFa18KKrgpMQWYlj1xW8uf5FckdTXvcqB7Kj/DiL6HZs6UjyfZHBwWttZw9LHgAWk+Yq3j11odugR8/lfcwUqsseakv7GffR6zkCkNiFWGcQctCT5slR2oXPNbVQ6Uqs+M5O9x+wqDtvKgvonWdMdbs=&u=U2FsdGVkX18dFkIFLA3EbJe78k8GnoZScK0U89ibPZU=&y=U2FsdGVkX18O8dP5AeEt/mL44Z2jUJTyEFmoHuxd0hDp9Wdso/9ShwFaf/XOD0Vl HTTP/1.1" 200 26
186.102.60.228 - - [04/Dec/2022:19:13:29 -0500] "GET /kwssiamovil/sm/acme/a?s=U2FsdGVkX19VFCCtvU+jtpS1oITSEjKq8tl6YsQEm2Vg5l4541P1mFgYwzem1sYtHZ1DRb1AU0eYqKGecNtPj/lpXhtgW2D8khfGYtpx0uZ6CQK2V958XK6McDRTMlRY1YNtCeuTre8uuH9Dvazf00GY14jjXhXUW0Sdk9LOMQt8NSUQbBIQXeMz6rDh8WZw&u=U2FsdGVkX18dFkIFLA3EbJe78k8GnoZScK0U89ibPZU=&y=U2FsdGVkX18O8dP5AeEt/mL44Z2jUJTyEFmoHuxd0hDp9Wdso/9ShwFaf/XOD0Vl HTTP/1.1" 200 26
45.61.186.176 - - [04/Dec/2022:19:13:35 -0500] "POST /boaform/admin/formLogin HTTP/1.1" 404 1186
191.156.47.9 - - [04/Dec/2022:19:14:02 -0500] "GET /sipse/faces/faces/index.xhtml HTTP/1.1" 200 677
191.156.47.9 - - [04/Dec/2022:19:14:03 -0500] "GET /sipse/faces/javax.faces.resource/theme.css?ln=primefaces-sipse HTTP/1.1" 200 50058
191.156.47.9 - - [04/Dec/2022:19:14:04 -0500] "GET /sipse/faces/faces/faces/autenticacion.xhtml HTTP/1.1" 200 12174
191.156.45.18 - - [04/Dec/2022:19:14:04 -0500] "GET /sipse/js/disable_browser_buttons.js HTTP/1.1" 200 3230
191.156.47.9 - - [04/Dec/2022:19:14:05 -0500] "GET /sipse/css/custom_css_sg.css HTTP/1.1" 200 9694
191.156.45.18 - - [04/Dec/2022:19:14:05 -0500] "GET /sipse/faces/javax.faces.resource/theme.css?ln=primefaces-sipse HTTP/1.1" 304 -
191.156.47.9 - - [04/Dec/2022:19:14:05 -0500] "GET /sipse/css/custom_css_sg_prime_login.css HTTP/1.1" 200 443
191.156.45.18 - - [04/Dec/2022:19:14:05 -0500] "GET /sipse/faces/javax.faces.resource/layout/layout.css?ln=primefaces&v=4.0 HTTP/1.1" 200 542
191.156.42.228 - - [04/Dec/2022:19:14:05 -0500] "GET /sipse/js/funciones.js HTTP/1.1" 200 12592
191.156.47.9 - - [04/Dec/2022:19:14:05 -0500] "GET /sipse/faces/javax.faces.resource/primefaces.css?ln=primefaces&v=4.0 HTTP/1.1" 200 53295
191.156.45.18 - - [04/Dec/2022:19:14:05 -0500] "GET /sipse/faces/javax.faces.resource/jquery/jquery.js?ln=primefaces&v=4.0 HTTP/1.1" 200 105384
191.156.47.9 - - [04/Dec/2022:19:14:06 -0500] "GET /sipse/faces/javax.faces.resource/primefaces.js?ln=primefaces&v=4.0 HTTP/1.1" 200 276924
191.156.42.228 - - [04/Dec/2022:19:14:05 -0500] "GET /sipse/faces/javax.faces.resource/jquery/jquery-plugins.js?ln=primefaces&v=4.0 HTTP/1.1" 200 220526
191.156.45.18 - - [04/Dec/2022:19:14:07 -0500] "GET /sipse/faces/javax.faces.resource/layout/layout.js?ln=primefaces&v=4.0 HTTP/1.1" 200 87560
191.156.47.9 - - [04/Dec/2022:19:14:07 -0500] "GET /sipse/faces/javax.faces.resource/images/ui-icons_898989_256x240.png?ln=primefaces-aristo HTTP/1.1" 304 -
191.156.42.228 - - [04/Dec/2022:19:14:07 -0500] "GET /sipse/css/imagen/loginimg.png HTTP/1.1" 200 71635
191.156.45.18 - - [04/Dec/2022:19:14:07 -0500] "GET /sipse/css/imagen/logoSDG.png HTTP/1.1" 200 53064
185.119.81.102 - - [04/Dec/2022:19:14:10 -0500] "GET /portaldeninos/wp-login.php HTTP/1.1" 200 2592
185.119.81.102 - - [04/Dec/2022:19:14:14 -0500] "POST /portaldeninos/wp-login.php HTTP/1.1" 200 3605
191.156.40.227 - - [04/Dec/2022:19:14:28 -0500] "POST /sipse/faces/autenticacion.xhtml HTTP/1.1" 200 2220
191.156.39.84 - - [04/Dec/2022:19:14:29 -0500] "POST /sipse/faces/autenticacion.xhtml HTTP/1.1" 200 2220
191.156.39.84 - - [04/Dec/2022:19:14:29 -0500] "GET /sipse/faces/javax.faces.resource/messages/messages.png?ln=primefaces&v=4.0 HTTP/1.1" 304 -
191.156.39.84 - - [04/Dec/2022:19:14:30 -0500] "POST /sipse/faces/autenticacion.xhtml HTTP/1.1" 200 16376
191.156.39.84 - - [04/Dec/2022:19:14:30 -0500] "GET /sipse/css/custom_css_sg_prime.css HTTP/1.1" 200 5201
191.156.40.186 - - [04/Dec/2022:19:14:31 -0500] "GET /sipse/faces/javax.faces.resource/theme.css?ln=primefaces-sipse HTTP/1.1" 304 -
191.156.33.57 - - [04/Dec/2022:19:14:31 -0500] "GET /sipse/faces/javax.faces.resource/primefaces.css?ln=primefaces&v=4.0 HTTP/1.1" 304 -
191.156.33.57 - - [04/Dec/2022:19:14:31 -0500] "GET /sipse/faces/javax.faces.resource/layout/layout.css?ln=primefaces&v=4.0 HTTP/1.1" 304 -
191.156.42.80 - - [04/Dec/2022:19:14:31 -0500] "GET /sipse/js/jquery.min.js HTTP/1.1" 200 85582
191.156.42.80 - - [04/Dec/2022:19:14:31 -0500] "GET /sipse/faces/javax.faces.resource/jquery/jquery.js?ln=primefaces&v=4.0 HTTP/1.1" 304 -
191.156.42.80 - - [04/Dec/2022:19:14:32 -0500] "GET /sipse/faces/javax.faces.resource/jquery/jquery-plugins.js?ln=primefaces&v=4.0 HTTP/1.1" 304 -
191.156.42.80 - - [04/Dec/2022:19:14:32 -0500] "GET /sipse/faces/javax.faces.resource/primefaces.js?ln=primefaces&v=4.0 HTTP/1.1" 304 -
191.156.42.80 - - [04/Dec/2022:19:14:32 -0500] "GET /sipse/faces/javax.faces.resource/layout/layout.js?ln=primefaces&v=4.0 HTTP/1.1" 304 -
191.156.40.186 - - [04/Dec/2022:19:14:32 -0500] "GET /sipse/css/imagen/contrasena.png HTTP/1.1" 404 383
191.156.42.80 - - [04/Dec/2022:19:14:32 -0500] "GET /sipse/imagenes/cargando.gif HTTP/1.1" 200 36959
191.156.33.57 - - [04/Dec/2022:19:14:32 -0500] "GET /sipse/imagenes/logoAplicacion.jpg HTTP/1.1" 200 155084
191.156.33.57 - - [04/Dec/2022:19:14:36 -0500] "GET /sipse/faces/javax.faces.resource/images/ui-bg_flat_0_2d5972_40x100.png?ln=primefaces-aristo HTTP/1.1" 304 -
191.156.42.80 - - [04/Dec/2022:19:14:36 -0500] "POST /sipse/faces/bienvenido.xhtml HTTP/1.1" 200 2658
191.156.33.57 - - [04/Dec/2022:19:14:37 -0500] "POST /sipse/faces/bienvenido.xhtml HTTP/1.1" 200 65857
191.156.40.186 - - [04/Dec/2022:19:14:40 -0500] "GET /sipse/faces/javax.faces.resource/layout/layout.css?ln=primefaces&v=4.0 HTTP/1.1" 304 -
191.156.33.57 - - [04/Dec/2022:19:14:40 -0500] "GET /sipse/faces/javax.faces.resource/theme.css?ln=primefaces-sipse HTTP/1.1" 304 -
191.156.42.80 - - [04/Dec/2022:19:14:40 -0500] "GET /sipse/faces/javax.faces.resource/primefaces.css?ln=primefaces&v=4.0 HTTP/1.1" 304 -
191.156.33.57 - - [04/Dec/2022:19:14:40 -0500] "GET /sipse/faces/javax.faces.resource/jquery/jquery.js?ln=primefaces&v=4.0 HTTP/1.1" 304 -
191.156.33.57 - - [04/Dec/2022:19:14:40 -0500] "GET /sipse/faces/javax.faces.resource/jquery/jquery-plugins.js?ln=primefaces&v=4.0 HTTP/1.1" 304 -
191.156.33.57 - - [04/Dec/2022:19:14:40 -0500] "GET /sipse/faces/javax.faces.resource/primefaces.js?ln=primefaces&v=4.0 HTTP/1.1" 304 -
191.156.33.57 - - [04/Dec/2022:19:14:40 -0500] "GET /sipse/faces/javax.faces.resource/layout/layout.js?ln=primefaces&v=4.0 HTTP/1.1" 304 -
191.156.33.57 - - [04/Dec/2022:19:14:41 -0500] "POST /sipse/faces/presentacion/financiero/solicitudProceso/listarSolicitudProceso.xhtml HTTP/1.1" 200 1560
191.156.33.57 - - [04/Dec/2022:19:14:48 -0500] "POST /sipse/faces/presentacion/financiero/solicitudProceso/listarSolicitudProceso.xhtml HTTP/1.1" 200 13848
201.245.192.253 - - [04/Dec/2022:19:14:53 -0500] "POST /kwsrmcab/Wsrmcab  HTTP/1.1" 502 1155
191.156.33.57 - - [04/Dec/2022:19:14:55 -0500] "POST /sipse/faces/presentacion/financiero/solicitudProceso/listarSolicitudProceso.xhtml HTTP/1.1" 200 13844
191.156.33.57 - - [04/Dec/2022:19:15:09 -0500] "POST /sipse/faces/presentacion/financiero/solicitudProceso/listarSolicitudProceso.xhtml HTTP/1.1" 200 13848
191.156.33.57 - - [04/Dec/2022:19:15:13 -0500] "POST /sipse/faces/presentacion/financiero/solicitudProceso/listarSolicitudProceso.xhtml HTTP/1.1" 200 41020
191.156.33.57 - - [04/Dec/2022:19:15:13 -0500] "POST /sipse/faces/presentacion/financiero/solicitudProceso/listarSolicitudProceso.xhtml HTTP/1.1" 200 54846
191.156.33.57 - - [04/Dec/2022:19:15:14 -0500] "POST /sipse/faces/presentacion/financiero/solicitudProceso/listarSolicitudProceso.xhtml HTTP/1.1" 200 41020
191.156.33.57 - - [04/Dec/2022:19:15:15 -0500] "POST /sipse/faces/presentacion/financiero/solicitudProceso/listarSolicitudProceso.xhtml HTTP/1.1" 200 41024
191.156.33.57 - - [04/Dec/2022:19:15:18 -0500] "POST /sipse/faces/presentacion/financiero/solicitudProceso/listarSolicitudProceso.xhtml HTTP/1.1" 200 13943
191.156.33.57 - - [04/Dec/2022:19:15:23 -0500] "POST /sipse/faces/presentacion/financiero/solicitudProceso/listarSolicitudProceso.xhtml HTTP/1.1" 200 122010
191.156.33.57 - - [04/Dec/2022:19:15:24 -0500] "GET /sipse/faces/javax.faces.resource/theme.css?ln=primefaces-sipse HTTP/1.1" 304 -
191.156.44.34 - - [04/Dec/2022:19:15:24 -0500] "GET /sipse/faces/javax.faces.resource/jquery/jquery.js?ln=primefaces&v=4.0 HTTP/1.1" 304 -
191.156.43.174 - - [04/Dec/2022:19:15:24 -0500] "GET /sipse/faces/javax.faces.resource/primefaces.css?ln=primefaces&v=4.0 HTTP/1.1" 304 -
191.156.33.57 - - [04/Dec/2022:19:15:24 -0500] "GET /sipse/faces/javax.faces.resource/layout/layout.css?ln=primefaces&v=4.0 HTTP/1.1" 304 -
191.156.44.34 - - [04/Dec/2022:19:15:25 -0500] "GET /sipse/faces/javax.faces.resource/jquery/jquery-plugins.js?ln=primefaces&v=4.0 HTTP/1.1" 304 -
191.156.44.34 - - [04/Dec/2022:19:15:25 -0500] "GET /sipse/faces/javax.faces.resource/primefaces.js?ln=primefaces&v=4.0 HTTP/1.1" 304 -
191.156.44.34 - - [04/Dec/2022:19:15:25 -0500] "GET /sipse/faces/javax.faces.resource/layout/layout.js?ln=primefaces&v=4.0 HTTP/1.1" 304 -
216.245.221.92 - - [04/Dec/2022:19:15:44 -0500] "HEAD / HTTP/1.1" 200 -
114.119.129.143 - - [04/Dec/2022:19:15:46 -0500] "GET /BLA/resoluciones/RESOLUCIONES%202015/1494.pdf HTTP/1.1" 200 882784
64.124.8.41 - - [04/Dec/2022:19:15:50 -0500] "-" 408 -
191.156.42.228 - - [04/Dec/2022:19:15:59 -0500] "POST /sipse/faces/presentacion/financiero/solicitudProceso/consultarSolicitudProceso.xhtml HTTP/1.1" 200 37390
191.156.42.228 - - [04/Dec/2022:19:16:00 -0500] "GET /sipse/faces/javax.faces.resource/theme.css?ln=primefaces-sipse HTTP/1.1" 304 -
191.156.42.80 - - [04/Dec/2022:19:16:00 -0500] "GET /sipse/faces/javax.faces.resource/jquery/jquery.js?ln=primefaces&v=4.0 HTTP/1.1" 304 -
191.156.41.225 - - [04/Dec/2022:19:16:00 -0500] "GET /sipse/faces/javax.faces.resource/primefaces.css?ln=primefaces&v=4.0 HTTP/1.1" 304 -
191.156.42.228 - - [04/Dec/2022:19:16:00 -0500] "GET /sipse/faces/javax.faces.resource/layout/layout.css?ln=primefaces&v=4.0 HTTP/1.1" 304 -
191.156.42.228 - - [04/Dec/2022:19:16:00 -0500] "GET /sipse/faces/javax.faces.resource/jquery/jquery-plugins.js?ln=primefaces&v=4.0 HTTP/1.1" 304 -
191.156.42.228 - - [04/Dec/2022:19:16:00 -0500] "GET /sipse/faces/javax.faces.resource/primefaces.js?ln=primefaces&v=4.0 HTTP/1.1" 304 -
191.156.42.228 - - [04/Dec/2022:19:16:00 -0500] "GET /sipse/faces/javax.faces.resource/layout/layout.js?ln=primefaces&v=4.0 HTTP/1.1" 304 -
191.156.42.228 - - [04/Dec/2022:19:16:00 -0500] "POST /sipse/faces/presentacion/financiero/solicitudProceso/listarSolicitudProceso.xhtml HTTP/1.1" 200 30642
191.156.42.228 - - [04/Dec/2022:19:16:01 -0500] "POST /sipse/faces/presentacion/financiero/solicitudProceso/listarSolicitudProceso.xhtml HTTP/1.1" 200 30642
191.156.42.228 - - [04/Dec/2022:19:16:02 -0500] "POST /sipse/faces/presentacion/financiero/solicitudProceso/listarSolicitudProceso.xhtml HTTP/1.1" 200 1396
191.156.42.228 - - [04/Dec/2022:19:16:04 -0500] "POST /sipse/faces/presentacion/financiero/solicitudProceso/listarSolicitudProceso.xhtml HTTP/1.1" 200 1392
191.156.42.228 - - [04/Dec/2022:19:16:06 -0500] "POST /sipse/faces/presentacion/financiero/solicitudProceso/listarSolicitudProceso.xhtml HTTP/1.1" 200 1400
191.156.42.228 - - [04/Dec/2022:19:16:11 -0500] "POST /sipse/faces/presentacion/financiero/solicitudProceso/listarSolicitudProceso.xhtml HTTP/1.1" 200 10957
191.156.42.228 - - [04/Dec/2022:19:16:12 -0500] "POST /sipse/faces/presentacion/financiero/solicitudProceso/listarSolicitudProceso.xhtml HTTP/1.1" 200 13968
191.156.42.228 - - [04/Dec/2022:19:16:14 -0500] "POST /sipse/faces/presentacion/financiero/solicitudProceso/listarSolicitudProceso.xhtml HTTP/1.1" 200 13972
186.102.62.236 - - [04/Dec/2022:19:16:17 -0500] "OPTIONS /kwssiamovil/sm/setfile/f? HTTP/1.1" 502 1352
191.156.42.228 - - [04/Dec/2022:19:16:17 -0500] "POST /sipse/faces/presentacion/financiero/solicitudProceso/listarSolicitudProceso.xhtml HTTP/1.1" 200 108587
191.156.42.228 - - [04/Dec/2022:19:16:19 -0500] "GET /sipse/faces/javax.faces.resource/theme.css?ln=primefaces-sipse HTTP/1.1" 304 -
191.156.44.34 - - [04/Dec/2022:19:16:19 -0500] "GET /sipse/faces/javax.faces.resource/primefaces.css?ln=primefaces&v=4.0 HTTP/1.1" 304 -
191.156.42.228 - - [04/Dec/2022:19:16:19 -0500] "GET /sipse/faces/javax.faces.resource/layout/layout.css?ln=primefaces&v=4.0 HTTP/1.1" 304 -
191.156.41.225 - - [04/Dec/2022:19:16:19 -0500] "GET /sipse/faces/javax.faces.resource/jquery/jquery.js?ln=primefaces&v=4.0 HTTP/1.1" 304 -
191.156.41.225 - - [04/Dec/2022:19:16:19 -0500] "GET /sipse/faces/javax.faces.resource/jquery/jquery-plugins.js?ln=primefaces&v=4.0 HTTP/1.1" 304 -
191.156.41.225 - - [04/Dec/2022:19:16:19 -0500] "GET /sipse/faces/javax.faces.resource/primefaces.js?ln=primefaces&v=4.0 HTTP/1.1" 304 -
191.156.41.225 - - [04/Dec/2022:19:16:19 -0500] "GET /sipse/faces/javax.faces.resource/layout/layout.js?ln=primefaces&v=4.0 HTTP/1.1" 304 -
64.124.8.56 - - [04/Dec/2022:19:16:25 -0500] "GET /BLA/boletinlegal/jurisprudencia/analisis/analisis%20C-595-2010.doc HTTP/1.1" 304 -
191.156.42.228 - - [04/Dec/2022:19:16:29 -0500] "GET /sipse/faces/javax.faces.resource/theme.css?ln=primefaces-sipse HTTP/1.1" 304 -
191.156.44.140 - - [04/Dec/2022:19:16:29 -0500] "GET /sipse/faces/javax.faces.resource/layout/layout.css?ln=primefaces&v=4.0 HTTP/1.1" 304 -
191.156.44.34 - - [04/Dec/2022:19:16:29 -0500] "GET /sipse/faces/javax.faces.resource/primefaces.css?ln=primefaces&v=4.0 HTTP/1.1" 304 -
186.102.62.236 - - [04/Dec/2022:19:16:29 -0500] "GET /kwssiamovil/sm/acme/a?s=U2FsdGVkX1/aJq39FV0qj1dsj26se35/1GPDZpdJyRx5SvKciwFK1i5eba3yGXrKj/Fc9wXpjMyl5sAAq5IFtCZ9HtnEbiYW2UtpFsScmM1CawIplDdn5lHs84Q6nsvJYx+TQc9pKSZgxjJ6sGIvGiivn8f404Saxv1dwiNNlAzQdPrtAV9UjNDgnKS/CiOfHC5KVgjeH2teEL0zzIuqUIQXQkA/LrOYkSiH6/J1wwsQLy0uy9gmoMxO8Wq6y8FeMyPMsqjMlWj3qnJRRMr0SA==&u=U2FsdGVkX18MS0C0podCfFFRM/wSAxnaVLSn9+Navoc=&y=U2FsdGVkX1+pqLoEUushspqaSaFWXAY0H0ZwLXU4MY5ZhAdssxl/u/6wu+oESpWX HTTP/1.1" 200 26
191.156.33.57 - - [04/Dec/2022:19:16:29 -0500] "GET /sipse/faces/javax.faces.resource/jquery/jquery.js?ln=primefaces&v=4.0 HTTP/1.1" 304 -
191.156.42.228 - - [04/Dec/2022:19:16:29 -0500] "GET /sipse/faces/javax.faces.resource/primefaces.js?ln=primefaces&v=4.0 HTTP/1.1" 304 -
191.156.44.140 - - [04/Dec/2022:19:16:29 -0500] "GET /sipse/faces/javax.faces.resource/layout/layout.js?ln=primefaces&v=4.0 HTTP/1.1" 304 -
191.156.42.228 - - [04/Dec/2022:19:16:29 -0500] "GET /sipse/faces/javax.faces.resource/jquery/jquery-plugins.js?ln=primefaces&v=4.0 HTTP/1.1" 304 -
191.156.41.225 - - [04/Dec/2022:19:16:28 -0500] "POST /sipse/faces/presentacion/financiero/solicitudProceso/consultarSolicitudProceso.xhtml HTTP/1.1" 200 27714
172.22.2.4 - - [04/Dec/2022:19:14:51 -0500] "HEAD /BLA/boletinlegal/ HTTP/1.1" 200 -
186.102.62.236 - - [04/Dec/2022:19:16:32 -0500] "GET /kwssiamovil/sm/acme/a?s=U2FsdGVkX19moCouhilKvOrLFtuaWUxkONLda3rH74NEkF5M9yU745/jb/V+riIuLaJyB6CCHPrN7XzDxqk6RDfuKrYwloVEC0/ZSDrMph+sGq47YyUpNEu2kCk3i/JvNDZkwOxpF7HfBEtez8VTsjIOFoJelh7SlIKTjeoDEGMtU7DDGnN/VJ0/YYuvU6oSke/MOuRVNX7XKXdA2gY6KFXLkd1RFjVW/ko1HZrviyB/viMK8rJwf4T96Vkyf6SvIEziXVZVuXJmaHCPM35PRXg8HvZIKzz1QdX9lfcj2LZw5Vv55uh4OjG/GUJJW/uIq36p/VFD9iD+80fNGjDEhWdRdCBZhVGuh8pOU7tGnrDFOGTMxeq18/YlvhPR5y8qi2hKtq20+8ZIzo8Ytobx54zd8aR7bQDUYGKFhHNxKpnzalC1HAKU/03g2WaieB2dj5dI4rm88/ISaqTiDlVqIeFwjCx+StNlyPZNhFOJwd8WWZ3iM9XFBTnMr7L4r+9OAqSVxTciSLMGsUm9kB8e7ahFHaLhyhE1hXoC7T3EZskYEej0Z+6UyJ9HkYe5EQ7mAKP1vw5TYD6hYu+gw9LOGD4aXiC5elts+1xIjKdfN2kxJZUfpY8c8pmXQoyXWdUWV6QeW3VLrjguILkFzTZSudee45eJAEhKvlYJt4+SKpEpHyjgwPXMO3wAB+tOcgEwZPljntFtqLI4VNwVCzJ+0lUK3tgHKFa9IIM1NDCj+Lh7G0hructlZaBpqbMz84P+sn6voiMhkqq1vhKiLV4xhMqDOXxV7IijWrZo85c3/Hw81n+vKS4PNcSExNSRA5c7xleag9FEO93XKhs2e2t62ktdOD36u4HGwj6gZ2ZxB92n5kVpM+ciUTutsqxmxEZ/Z6nkFVgfhfqWn99ouV5poFDkPYiEDxBevjKpzxRsWSWgFKZijYCkxHjG8cywDBJGw0rOJLhBs/wlTe5r5DCgekOjAeQV50HJjnU4/9toIoeJj+wc9d/7POAz/XGqdUHPLRjuAYxKWx8J4/F6Mk5i5ZJX2dyIs+XZF0r+ieGDvmNWnGl9Pk85DMcNz6uIB//bpJMtCd2jW7tRLUiyVaDd3/Yr8St9t/2JQnhrNeRV0PllngSIdTNnpBXRplyBg2W3CLu5nMzudeE4KakKlpaPIf+O0gK3kc7RYBcCzHTDjjelgetoNbk9OML1/z74IniSTD6rfvtrt1vziiouT9qLKtc76CKW9/1aTFsjZJt2m28nnjOZZkUA9gXenD1dPixqGSKiNEmzUSHgMGWkDUKxUEIDYfRsZqhhmOHnonIFyCbN75ftv/eDhBA8fU0cWh8oX1XSnjbjVR1DtwyEcdwYzWbNAhRxQ94Y9tHxcmoxeRq80uUfYQ8f4nbys4zHDCe9PfqTN25aybECldTGHmstP3uRgjCTZgQ1CGhQtSfB/Tp14UV70xq3mn2Q2fzbqtBMCL6crVDIIHrU9Gt7iio1houE3InIDzZBh3kV/bXIvtv5EjYik/90YDqnseseuaSeeXMMtau8A8PzmsnR/PbNKhihrIvVBmSSwSNQb8iEAlK5n93iR75Z/GaJ91EUjFpFetNWCQVZujOLzyxSAQEbGDpRe9PmUL1nJND/mhiX9HRk54lO6Fr+RUNcm+vDHSsp7FLxRTz2k2TVA2qcTgsZCfHfOfy216syAv7exTeZPPbkHIPa9Kw9gDkFLy1a3qzSicRnrdD04mYulQzot1Vnx1Jj1Jp87APNKk61EHi6/3vcivHj/AjzohmeW7M+J6lEtRTUovJKNdW+HJHYvWge2porlLhLcJ1q8V0dtqYnysJBRsy5RY2uI7qEZ0cw0+qqzdKcuvyi76q6eozup6cY5Ej3uguHrTBau4vBvplA26Ip/Lc9OJAwQJWLO2a9Iug4T145cgRPuIQoV+HfoFmS+rxAKbC03D1uY1UPa2YyAGU6bfQkLjJ1WknAH5gWJMJYXM23JPzzB95VAbWq2p34fOaD+jQwSHVpJVhEEM2cYNd6y/RCaTWljI8RILA3ZkweaZF8amTHP9AL5choZQDZtYWON8sTxhVeHr2sAC+SuW69icCI9jFJ2BnJT/uW6vcGPyXPk6LRSRa4dN/FJ8mrGNg7VBskUCMAVahc7akKnT1yk7mt9I7e7WAnz/MVHgHpg/+/iojL0kRuhdcqVKOsB18v/RcaLhFtUf43lI1RYoJhnKZnFia9CF6UfMD4N5JV&u=U2FsdGVkX18MS0C0podCfFFRM/wSAxnaVLSn9+Navoc=&y=U2FsdGVkX1+pqLoEUushspqaSaFWXAY0H0ZwLXU4MY5ZhAdssxl/u/6wu+oESpWX HTTP/1.1" 200 26
186.102.62.236 - - [04/Dec/2022:19:16:35 -0500] "GET /kwssiamovil/sm/acme/a?s=U2FsdGVkX18GOh1Oy9htMDXnpb7rzw+maDzFADz6hXgT7SQB8BL9GlaNyRZHPvcgW8qw0XLT3OTqMlCWtr6JNsxF2oynSm5CdPjZec8GaAo+GZf/jbEJE96gDxVf7YPSHBc2yYmv12PiZdBF8wkQXMOY/OwKwR5KAaGshwJNtRE=&u=U2FsdGVkX18MS0C0podCfFFRM/wSAxnaVLSn9+Navoc=&y=U2FsdGVkX1+pqLoEUushspqaSaFWXAY0H0ZwLXU4MY5ZhAdssxl/u/6wu+oESpWX HTTP/1.1" 200 26
191.156.44.140 - - [04/Dec/2022:19:16:36 -0500] "GET /sipse/faces/javax.faces.resource/primefaces.css?ln=primefaces&v=4.0 HTTP/1.1" 304 -
191.156.42.228 - - [04/Dec/2022:19:16:36 -0500] "GET /sipse/faces/javax.faces.resource/theme.css?ln=primefaces-sipse HTTP/1.1" 304 -
191.156.42.228 - - [04/Dec/2022:19:16:36 -0500] "GET /sipse/faces/javax.faces.resource/layout/layout.css?ln=primefaces&v=4.0 HTTP/1.1" 304 -
191.156.33.57 - - [04/Dec/2022:19:16:36 -0500] "GET /sipse/faces/javax.faces.resource/jquery/jquery.js?ln=primefaces&v=4.0 HTTP/1.1" 304 -
191.156.44.34 - - [04/Dec/2022:19:16:36 -0500] "GET /sipse/faces/javax.faces.resource/jquery/jquery-plugins.js?ln=primefaces&v=4.0 HTTP/1.1" 304 -
191.156.44.140 - - [04/Dec/2022:19:16:36 -0500] "GET /sipse/faces/javax.faces.resource/layout/layout.js?ln=primefaces&v=4.0 HTTP/1.1" 304 -
191.156.42.228 - - [04/Dec/2022:19:16:36 -0500] "GET /sipse/faces/javax.faces.resource/primefaces.js?ln=primefaces&v=4.0 HTTP/1.1" 304 -
191.156.41.225 - - [04/Dec/2022:19:16:35 -0500] "POST /sipse/faces/presentacion/financiero/solicitudProceso/consultarHistorialSolProceso.xhtml HTTP/1.1" 200 153901
186.102.62.236 - - [04/Dec/2022:19:16:39 -0500] "GET /kwssiamovil/sm/acme/a?s=U2FsdGVkX1+2+mhZRWYf50hmn52oBdmgeBdtQ66WzXlDUoSfnnvhzndG7Se41CQ7s71Lzl5yDsegCG+El4P2H7RUgL0FBjVCaDGyRbiqJTb1pFbZ6zQjHMaJ8wEXuTomIIbkcD5+O9lplGgVy1zZobpa94q3rAq8fDApdp62FlY=&u=U2FsdGVkX18MS0C0podCfFFRM/wSAxnaVLSn9+Navoc=&y=U2FsdGVkX1+pqLoEUushspqaSaFWXAY0H0ZwLXU4MY5ZhAdssxl/u/6wu+oESpWX HTTP/1.1" 200 26
186.102.62.236 - - [04/Dec/2022:19:16:42 -0500] "GET /kwssiamovil/sm/acme/a?s=U2FsdGVkX19xFCy3KJlG6OLWfB59mcg7xOK3yMEnX3bQ8X46JCOShC+BqKltWx8HBWrpXDPJCLVF8BfwpdUTqvee7JLIHmb6vyA9tiTRdo4FrGJ54+blhuz4vkzIqLeQpfMvwuqLK/wYsZ6RlWCwJkjxTVw4HM5TIq5ZqXxE638=&u=U2FsdGVkX18MS0C0podCfFFRM/wSAxnaVLSn9+Navoc=&y=U2FsdGVkX1+pqLoEUushspqaSaFWXAY0H0ZwLXU4MY5ZhAdssxl/u/6wu+oESpWX HTTP/1.1" 200 26
186.102.62.236 - - [04/Dec/2022:19:16:45 -0500] "GET /kwssiamovil/sm/acme/a?s=U2FsdGVkX1+vS/NI3EeEqMIMUziemEQisbvqNwNm+Xr8gABxWPkqL8KXjOCD1QSu6omwCzcrtNQe0pFSmYFNKFCoJodFYr8I1PFe1OVksZqssqP/HE46xL+dDScv2zBr+1/G+qjEJurc/z0AvuPqDyrKUI5kymrclfvIYL+2x+Ip5cFYym9QWYxb3/8hKayewDhk5ScNiU2bDx1Gut21HA==&u=U2FsdGVkX18MS0C0podCfFFRM/wSAxnaVLSn9+Navoc=&y=U2FsdGVkX1+pqLoEUushspqaSaFWXAY0H0ZwLXU4MY5ZhAdssxl/u/6wu+oESpWX HTTP/1.1" 200 26
186.102.62.236 - - [04/Dec/2022:19:16:48 -0500] "GET /kwssiamovil/sm/acme/a?s=U2FsdGVkX19+fmaPOFYA0y/b9ORc6RcNinGnRiwCfmxAz0lwnvAy2DpqR/ffZVhJMf4Psp++WNtkVHtB/1qDL2ZK9OYh+93jNks4wtbfnIUys1nmbqXG/YwH+Yyz+QLam7HTPoYhfUGXxjlVb869Ee/escSJU/dimPMocYsuut00i0M0tvQZatpSs3BeYxDxML6HAW9IWvlLQ6US/zj8PEYYONqVmYm9up/Fb27QSbcgrUM7tZLJwh6BO03a1aBJ4KCMjti57UwkMfTRaXcRQyJ/s6wgRszOha7sowP+Rj0CIZd6atbg/Jg35mafpgtavuvIcQOgUeaDC2Ee84r0ZYyMGD+xxLgQtjOwOB7kaNOrVlnAbFJaX5/soENCASFi221TeoXhHjslDufmNoGl6lRJQagMyJijndP32GyXOqf4+cFgQGQwrGkH5XdI/BEVkMO1SX56GzQ4aq5N1h/slA==&u=U2FsdGVkX18MS0C0podCfFFRM/wSAxnaVLSn9+Navoc=&y=U2FsdGVkX1+pqLoEUushspqaSaFWXAY0H0ZwLXU4MY5ZhAdssxl/u/6wu+oESpWX HTTP/1.1" 200 25
191.156.41.225 - - [04/Dec/2022:19:16:48 -0500] "POST /sipse/faces/presentacion/financiero/solicitudProceso/consultarSolicitudProceso.xhtml HTTP/1.1" 200 37856
191.156.42.228 - - [04/Dec/2022:19:16:51 -0500] "GET /sipse/faces/javax.faces.resource/primefaces.css?ln=primefaces&v=4.0 HTTP/1.1" 304 -
191.156.41.225 - - [04/Dec/2022:19:16:51 -0500] "GET /sipse/faces/javax.faces.resource/theme.css?ln=primefaces-sipse HTTP/1.1" 304 -
191.156.44.140 - - [04/Dec/2022:19:16:51 -0500] "GET /sipse/faces/javax.faces.resource/layout/layout.css?ln=primefaces&v=4.0 HTTP/1.1" 304 -
191.156.44.34 - - [04/Dec/2022:19:16:51 -0500] "GET /sipse/faces/javax.faces.resource/jquery/jquery.js?ln=primefaces&v=4.0 HTTP/1.1" 304 -
191.156.44.34 - - [04/Dec/2022:19:16:51 -0500] "GET /sipse/faces/javax.faces.resource/jquery/jquery-plugins.js?ln=primefaces&v=4.0 HTTP/1.1" 304 -
191.156.44.34 - - [04/Dec/2022:19:16:51 -0500] "GET /sipse/faces/javax.faces.resource/primefaces.js?ln=primefaces&v=4.0 HTTP/1.1" 304 -
186.102.62.236 - - [04/Dec/2022:19:16:51 -0500] "GET /kwssiamovil/sm/acme/a?s=U2FsdGVkX19J43pe5owqmKwlpUgfSf4tXwtbH9qFyyrz5t4Okiitfu6N0daCr0BX+SBuoesXfIype2RXUSI8V3eqfGGe2uTWLL91oEblVbun7Yf53kbIODb63nZWcu7AN0W38ti7o3nedbev2p/2IZX/qNMasEuKwYH7NQ7KTvAf6Fm+ADmill8i0wbsgRoAbc5IPT+sFJLT5Kb+SzHoFOkdr9WRd/lxXQb4Fmrqlj/Dfxu8+A9qygDhH3E1pw2kfPxNmnZh3+uErUWTNdGz7yEoI3C5RWhyAJvimBNnzfEMhc3aDvxXwuN5v6p2ibBbh0ku6zgqDj70QxIH9gm0Rjwbcm3pKvStajEFyURHpN+hGJOqkLZc296CyWf3OGgrIyXZ9xylQsBgsRcafpGZ9ZutuaUxPcMa/1t+tEiKwuo=&u=U2FsdGVkX18MS0C0podCfFFRM/wSAxnaVLSn9+Navoc=&y=U2FsdGVkX1+pqLoEUushspqaSaFWXAY0H0ZwLXU4MY5ZhAdssxl/u/6wu+oESpWX HTTP/1.1" 200 25
191.156.44.34 - - [04/Dec/2022:19:16:51 -0500] "GET /sipse/faces/javax.faces.resource/layout/layout.js?ln=primefaces&v=4.0 HTTP/1.1" 304 -
191.156.44.140 - - [04/Dec/2022:19:16:52 -0500] "GET /sipse/faces/javax.faces.resource/messages/messages.png?ln=primefaces&v=4.0 HTTP/1.1" 304 -
191.156.44.34 - - [04/Dec/2022:19:16:52 -0500] "POST /sipse/faces/presentacion/financiero/solicitudProceso/listarSolicitudProceso.xhtml HTTP/1.1" 200 1396
66.249.66.85 - - [04/Dec/2022:19:17:00 -0500] "GET /interaccion? HTTP/1.1" 301 243
66.249.66.86 - - [04/Dec/2022:19:17:01 -0500] "GET /Residuos/cosmeticos/cosmeticos.html HTTP/1.1" 200 1963
66.249.66.85 - - [04/Dec/2022:19:17:02 -0500] "GET /Publicaciones/2022EE288795.pdf HTTP/1.1" 404 228
66.249.66.85 - - [04/Dec/2022:19:17:02 -0500] "GET /interaccion/? HTTP/1.1" 200 3292
66.249.66.87 - - [04/Dec/2022:19:17:03 -0500] "GET /Publicaciones/2022EE292279.pdf HTTP/1.1" 404 228
66.249.66.86 - - [04/Dec/2022:19:17:04 -0500] "GET /Publicaciones/2022EE301626.pdf HTTP/1.1" 200 232686
66.249.66.87 - - [04/Dec/2022:19:17:04 -0500] "GET /Publicaciones/2022EE306928.pdf HTTP/1.1" 200 231981
66.249.66.85 - - [04/Dec/2022:19:17:05 -0500] "GET /Publicaciones/2022EE288680.pdf HTTP/1.1" 404 228
191.156.44.34 - - [04/Dec/2022:19:17:11 -0500] "POST /sipse/faces/presentacion/financiero/solicitudProceso/listarSolicitudProceso.xhtml HTTP/1.1" 200 41137
191.156.44.34 - - [04/Dec/2022:19:17:14 -0500] "POST /sipse/faces/presentacion/financiero/solicitudProceso/listarSolicitudProceso.xhtml HTTP/1.1" 200 13748
66.249.66.85 - - [04/Dec/2022:19:17:16 -0500] "GET /Publicaciones/2022EE302160.pdf HTTP/1.1" 200 336440
66.249.66.85 - - [04/Dec/2022:19:17:16 -0500] "GET /Publicaciones/2022EE308381.pdf HTTP/1.1" 200 337834
66.249.66.85 - - [04/Dec/2022:19:17:17 -0500] "GET /AFLUENTESYEFUENTES/ HTTP/1.1" 200 4762
191.156.44.34 - - [04/Dec/2022:19:17:18 -0500] "POST /sipse/faces/presentacion/financiero/solicitudProceso/listarSolicitudProceso.xhtml HTTP/1.1" 200 110725
191.156.44.34 - - [04/Dec/2022:19:17:19 -0500] "GET /sipse/faces/javax.faces.resource/theme.css?ln=primefaces-sipse HTTP/1.1" 304 -
191.156.42.80 - - [04/Dec/2022:19:17:19 -0500] "GET /sipse/faces/javax.faces.resource/primefaces.css?ln=primefaces&v=4.0 HTTP/1.1" 304 -
191.156.47.9 - - [04/Dec/2022:19:17:19 -0500] "GET /sipse/faces/javax.faces.resource/jquery/jquery.js?ln=primefaces&v=4.0 HTTP/1.1" 304 -
191.156.44.34 - - [04/Dec/2022:19:17:19 -0500] "GET /sipse/faces/javax.faces.resource/layout/layout.css?ln=primefaces&v=4.0 HTTP/1.1" 304 -
66.249.66.85 - - [04/Dec/2022:19:17:18 -0500] "GET /Publicaciones/2022EE309718.pdf HTTP/1.1" 200 859454
191.156.42.80 - - [04/Dec/2022:19:17:19 -0500] "GET /sipse/faces/javax.faces.resource/jquery/jquery-plugins.js?ln=primefaces&v=4.0 HTTP/1.1" 304 -
191.156.42.80 - - [04/Dec/2022:19:17:19 -0500] "GET /sipse/faces/javax.faces.resource/primefaces.js?ln=primefaces&v=4.0 HTTP/1.1" 304 -
191.156.42.80 - - [04/Dec/2022:19:17:19 -0500] "GET /sipse/faces/javax.faces.resource/layout/layout.js?ln=primefaces&v=4.0 HTTP/1.1" 304 -
172.22.2.4 - - [04/Dec/2022:19:15:41 -0500] "GET /BLA/boletinlegal/ HTTP/1.1" 200 57192
66.249.66.85 - - [04/Dec/2022:19:17:19 -0500] "GET /Publicaciones/2022EE307057.pdf HTTP/1.1" 200 6057021
66.249.66.90 - - [04/Dec/2022:19:17:24 -0500] "GET /Publicaciones/2022EE301627.pdf HTTP/1.1" 200 231798
66.249.66.90 - - [04/Dec/2022:19:17:27 -0500] "GET /Publicaciones/2022EE308221.pdf HTTP/1.1" 200 231943
191.156.47.9 - - [04/Dec/2022:19:17:29 -0500] "GET /sipse/faces/javax.faces.resource/primefaces.css?ln=primefaces&v=4.0 HTTP/1.1" 304 -
191.156.44.34 - - [04/Dec/2022:19:17:29 -0500] "GET /sipse/faces/javax.faces.resource/theme.css?ln=primefaces-sipse HTTP/1.1" 304 -
191.156.41.225 - - [04/Dec/2022:19:17:29 -0500] "GET /sipse/faces/javax.faces.resource/layout/layout.css?ln=primefaces&v=4.0 HTTP/1.1" 304 -
191.156.45.18 - - [04/Dec/2022:19:17:30 -0500] "GET /sipse/faces/javax.faces.resource/jquery/jquery-plugins.js?ln=primefaces&v=4.0 HTTP/1.1" 304 -
191.156.42.228 - - [04/Dec/2022:19:17:30 -0500] "GET /sipse/faces/javax.faces.resource/jquery/jquery.js?ln=primefaces&v=4.0 HTTP/1.1" 304 -
191.156.47.9 - - [04/Dec/2022:19:17:30 -0500] "GET /sipse/faces/javax.faces.resource/primefaces.js?ln=primefaces&v=4.0 HTTP/1.1" 304 -
191.156.44.34 - - [04/Dec/2022:19:17:30 -0500] "GET /sipse/faces/javax.faces.resource/layout/layout.js?ln=primefaces&v=4.0 HTTP/1.1" 304 -
