186.147.102.59 - - [06/Dec/2022:11:59:27 -0500] "GET /galeria/nivo-slider/demo/images/bannertrafico_optimized.jpg HTTP/1.1" 200 42578
186.147.102.59 - - [06/Dec/2022:11:59:27 -0500] "GET /galeria/nivo-slider/demo/images/bannerrutaesperanza.jpg HTTP/1.1" 200 55560
186.147.102.59 - - [06/Dec/2022:11:59:27 -0500] "GET /galeria/nivo-slider/demo/images/banneraire2021.jpg HTTP/1.1" 200 265101
186.147.102.59 - - [06/Dec/2022:11:59:27 -0500] "GET /galeria/nivo-slider/demo/images/Bannerplasticosseptiembre.jpg HTTP/1.1" 200 45633
186.147.102.59 - - [06/Dec/2022:11:59:28 -0500] "GET /galeria/nivo-slider/demo/images/bannerresiduoshospitalariosagosto.jpg HTTP/1.1" 200 36499
186.147.102.59 - - [06/Dec/2022:11:59:28 -0500] "GET /galeria/nivo-slider/demo/images/banneraccionpopularcrr68.jpg HTTP/1.1" 200 51887
186.147.102.59 - - [06/Dec/2022:11:59:28 -0500] "GET /galeria/nivo-slider/demo/images/banneraccionpopular.jpeg HTTP/1.1" 200 41707
186.147.102.59 - - [06/Dec/2022:11:59:28 -0500] "GET /galeria/nivo-slider/demo/images/bannercapacitacionesbogota.jpg HTTP/1.1" 200 42416
186.147.102.59 - - [06/Dec/2022:11:59:28 -0500] "GET /galeria/nivo-slider/demo/images/bannerclases2021.jpg HTTP/1.1" 200 68230
186.147.102.59 - - [06/Dec/2022:11:59:28 -0500] "GET /galeria/nivo-slider/demo/images/Bannerenvases.jpg HTTP/1.1" 200 37316
186.147.102.59 - - [06/Dec/2022:11:59:28 -0500] "GET /galeria/nivo-slider/demo/images/Bannervirtualescanales.jpg HTTP/1.1" 200 174544
186.147.102.59 - - [06/Dec/2022:11:59:28 -0500] "GET /galeria/nivo-slider/themes/default/bullets.png HTTP/1.1" 200 1281
186.147.102.59 - - [06/Dec/2022:11:59:29 -0500] "GET /galeria/nivo-slider/themes/default/arrows.png HTTP/1.1" 200 824
172.22.2.4 - - [06/Dec/2022:11:59:33 -0500] "GET /BLA/boletinlegal/actos.php HTTP/1.1" 200 9566
136.243.228.197 - - [06/Dec/2022:11:59:32 -0500] "GET /BLA/resoluciones/index.php?dir=AUTOS+2019/ HTTP/1.1" 200 350155
136.243.228.197 - - [06/Dec/2022:11:59:39 -0500] "GET /BLA/resoluciones/index.php?dir=RESOLUCIONES+2011/ HTTP/1.1" 200 746823
172.22.2.4 - - [06/Dec/2022:11:58:10 -0500] "GET /BLA/boletinlegal/ HTTP/1.1" 200 57824
136.243.228.197 - - [06/Dec/2022:11:59:49 -0500] "GET /BLA/resoluciones/index.php?dir=RESOLUCIONES+2017/ HTTP/1.1" 200 284956
136.243.228.197 - - [06/Dec/2022:11:59:56 -0500] "GET /BLA/resoluciones/index.php?dir=RESOLUCIONES+2005/ HTTP/1.1" 200 49518
181.55.68.44 - - [06/Dec/2022:12:00:05 -0500] "GET /BLA/resoluciones/ HTTP/1.1" 200 13093
181.55.68.44 - - [06/Dec/2022:12:00:05 -0500] "GET /BLA/resoluciones/dlf/styles.css HTTP/1.1" 200 3049
181.55.68.44 - - [06/Dec/2022:12:00:05 -0500] "GET /BLA/resoluciones/dlf/folder.png HTTP/1.1" 200 410
181.55.68.44 - - [06/Dec/2022:12:00:05 -0500] "GET /BLA/resoluciones/dlf/bg.gif HTTP/1.1" 200 54
181.55.68.44 - - [06/Dec/2022:12:00:05 -0500] "GET /favicon.ico HTTP/1.1" 200 7782
136.243.228.197 - - [06/Dec/2022:12:00:07 -0500] "GET /BLA/resoluciones/index.php?dir=RESOLUCIONES+2003/RES+2003+1801-1850/ HTTP/1.1" 200 12154
136.243.228.197 - - [06/Dec/2022:12:00:20 -0500] "GET /BLA/resoluciones/index.php?dir=RESOLUCIONES+2003/RES+2003+1251-1300/ HTTP/1.1" 200 12202
172.22.2.4 - - [06/Dec/2022:11:58:49 -0500] "HEAD /BLA/boletinlegal/ HTTP/1.1" 200 -
136.243.228.197 - - [06/Dec/2022:12:00:38 -0500] "GET /BLA/resoluciones/index.php?dir=RESOLUCIONES+2003/RES+2003+1051-1100/ HTTP/1.1" 200 11571
172.22.2.4 - - [06/Dec/2022:12:01:01 -0500] "GET /BLA/boletinlegal/Circulares/2011/Circular%20003%20de%20Febrero%20de%202011.pdf HTTP/1.1" 200 224758
136.243.228.197 - - [06/Dec/2022:12:01:09 -0500] "GET /BLA/resoluciones/index.php?dir=RESOLUCIONES+2002/ HTTP/1.1" 200 24741
172.22.2.4 - - [06/Dec/2022:11:59:39 -0500] "GET /BLA/boletinlegal/ HTTP/1.1" 200 58612
136.243.228.197 - - [06/Dec/2022:12:01:23 -0500] "GET /BLA/resoluciones/index.php?dir=AUTOS+2022/ HTTP/1.1" 200 380926
136.243.228.197 - - [06/Dec/2022:12:01:37 -0500] "GET /BLA/resoluciones/index.php?dir=RESOLUCIONES+1997/ HTTP/1.1" 200 16815
136.243.228.197 - - [06/Dec/2022:12:01:51 -0500] "GET /BLA/resoluciones/index.php?dir=RESOLUCIONES+2003/RES+2003+1501-1550/ HTTP/1.1" 200 12137
136.243.228.197 - - [06/Dec/2022:12:02:04 -0500] "GET /BLA/resoluciones/index.php?dir=AUTOS+2002/ HTTP/1.1" 200 1813
136.243.228.197 - - [06/Dec/2022:12:02:16 -0500] "GET /BLA/resoluciones/index.php?dir=RESOLUCIONES+2003/RES+2003+151-200/ HTTP/1.1" 200 12346
136.243.228.197 - - [06/Dec/2022:12:02:28 -0500] "GET /BLA/resoluciones/index.php?dir=RESOLUCIONES+2007/ HTTP/1.1" 200 35450
136.243.228.197 - - [06/Dec/2022:12:02:42 -0500] "GET /BLA/resoluciones/index.php?dir=RESOLUCIONES+2003/RES+2003+1151-1200/ HTTP/1.1" 200 11570
216.245.221.92 - - [06/Dec/2022:12:02:43 -0500] "HEAD / HTTP/1.1" 200 -
136.243.228.197 - - [06/Dec/2022:12:02:55 -0500] "GET /BLA/resoluciones/index.php?dir=AUTOS+2009/ HTTP/1.1" 200 399860
136.243.228.197 - - [06/Dec/2022:12:03:11 -0500] "GET /BLA/resoluciones/index.php?dir=RESOLUCIONES+2012/ HTTP/1.1" 200 140066
136.243.228.197 - - [06/Dec/2022:12:03:22 -0500] "GET /BLA/resoluciones/index.php?dir=RESOLUCIONES%201999/&sort=name&order=desc HTTP/1.1" 200 10376
201.245.192.253 - - [06/Dec/2022:12:04:13 -0500] "POST /kwsrmcab/Wsrmcab  HTTP/1.1" 200 43162
136.243.228.197 - - [06/Dec/2022:12:04:56 -0500] "GET /BLA/resoluciones/index.php?dir=&sort=name&order=asc HTTP/1.1" 200 13093
136.243.228.197 - - [06/Dec/2022:12:05:30 -0500] "GET /BLA/resoluciones/index.php?dir=&sort=size&order=desc HTTP/1.1" 200 13092
136.243.228.197 - - [06/Dec/2022:12:06:02 -0500] "GET /BLA/resoluciones/index.php?dir=RESOLUCIONES%201998/&sort=name&order=desc HTTP/1.1" 200 13224
172.22.2.4 - - [06/Dec/2022:12:04:39 -0500] "HEAD /BLA/boletinlegal/ HTTP/1.1" 200 -
136.243.228.197 - - [06/Dec/2022:12:06:31 -0500] "GET /BLA/resoluciones/index.php?dir=RESOLUCIONES+2006/RES+2006+1001-1050/ HTTP/1.1" 200 12341
136.243.228.197 - - [06/Dec/2022:12:07:01 -0500] "GET /BLA/resoluciones/index.php?dir=RESOLUCIONES%201995/&sort=size&order=asc HTTP/1.1" 200 12327
172.22.2.4 - - [06/Dec/2022:12:05:29 -0500] "GET /BLA/boletinlegal/ HTTP/1.1" 200 54452
136.243.228.197 - - [06/Dec/2022:12:07:29 -0500] "GET /BLA/resoluciones/index.php?dir=AUTOS+2006/AUTOS+2006+1801-+1900/ HTTP/1.1" 200 22159
216.245.221.92 - - [06/Dec/2022:12:07:43 -0500] "HEAD / HTTP/1.1" 200 -
34.239.154.240 - - [06/Dec/2022:12:07:53 -0500] "GET /vota-por-bogota-en-we-love-cities-pioneros-en-sostenibilidad.html HTTP/1.1" 200 850
136.243.228.197 - - [06/Dec/2022:12:07:55 -0500] "GET /BLA/resoluciones/index.php?dir=RESOLUCIONES+2006/RES+2006+2601-2650/ HTTP/1.1" 200 11939
116.203.250.97 - - [06/Dec/2022:12:07:58 -0500] "GET / HTTP/1.1" 200 319
198.46.175.84 - - [06/Dec/2022:12:08:02 -0500] "GET /portaldeninos/ HTTP/1.1" 200 110197
159.69.179.16 - - [06/Dec/2022:12:08:04 -0500] "GET / HTTP/1.1" 200 319
198.46.175.84 - - [06/Dec/2022:12:08:09 -0500] "GET /portaldeninos/wp-admin/admin-ajax.php HTTP/1.1" 400 1
198.46.175.84 - - [06/Dec/2022:12:08:12 -0500] "GET /portaldeninos/wp-admin/admin-ajax.php?action=register HTTP/1.1" 400 1
136.243.228.197 - - [06/Dec/2022:12:08:23 -0500] "GET /BLA/resoluciones/index.php?dir=RESOLUCIONES+2006/RES+2006+1551-1600/ HTTP/1.1" 200 12369
201.244.195.98 - - [06/Dec/2022:12:08:24 -0500] "GET /BLA/resoluciones/index.php?dir= HTTP/1.1" 200 13093
201.244.195.98 - - [06/Dec/2022:12:08:26 -0500] "GET /BLA/resoluciones/index.php?dir=AUTOS+2018%2F HTTP/1.1" 200 442795
200.69.84.132 - - [06/Dec/2022:11:26:20 -0500] "POST /reportes_sipse/sdg/ServletControlador HTTP/1.1" 200 28179
66.249.65.213 - - [06/Dec/2022:12:08:52 -0500] "-" 408 -
201.245.192.253 - - [06/Dec/2022:12:09:11 -0500] "POST /kwsrmcab/Wsrmcab  HTTP/1.1" 200 43162
136.243.228.197 - - [06/Dec/2022:12:08:47 -0500] "GET /BLA/resoluciones/index.php?dir=AUTOS+2006/AUTOS+2006+401-500/ HTTP/1.1" 200 12235
201.245.192.253 - - [06/Dec/2022:12:09:49 -0500] "POST /sipse/faces/presentacion/contratacion/contrato/crearModificarContrato.xhtml HTTP/1.1" 200 58302
201.245.192.253 - - [06/Dec/2022:12:09:49 -0500] "POST /sipse/faces/presentacion/contratacion/contrato/crearModificarContrato.xhtml HTTP/1.1" 200 80100
201.245.192.253 - - [06/Dec/2022:12:09:49 -0500] "GET /sipse/faces/javax.faces.resource/theme.css?ln=primefaces-sipse HTTP/1.1" 304 -
201.245.192.253 - - [06/Dec/2022:12:09:49 -0500] "GET /sipse/faces/javax.faces.resource/primefaces.js?ln=primefaces&v=4.0 HTTP/1.1" 304 -
201.245.192.253 - - [06/Dec/2022:12:09:49 -0500] "GET /sipse/faces/javax.faces.resource/primefaces.css?ln=primefaces&v=4.0 HTTP/1.1" 304 -
201.245.192.253 - - [06/Dec/2022:12:09:49 -0500] "GET /sipse/faces/javax.faces.resource/jquery/jquery.js?ln=primefaces&v=4.0 HTTP/1.1" 304 -
201.245.192.253 - - [06/Dec/2022:12:09:49 -0500] "GET /sipse/faces/javax.faces.resource/layout/layout.css?ln=primefaces&v=4.0 HTTP/1.1" 304 -
201.245.192.253 - - [06/Dec/2022:12:09:49 -0500] "GET /sipse/faces/javax.faces.resource/jquery/jquery-plugins.js?ln=primefaces&v=4.0 HTTP/1.1" 304 -
201.245.192.253 - - [06/Dec/2022:12:09:49 -0500] "GET /sipse/faces/javax.faces.resource/layout/layout.js?ln=primefaces&v=4.0 HTTP/1.1" 304 -
201.245.192.253 - - [06/Dec/2022:12:09:49 -0500] "GET /sipse/faces/javax.faces.resource/messages/messages.png?ln=primefaces&v=4.0 HTTP/1.1" 304 -
201.245.192.253 - - [06/Dec/2022:12:09:49 -0500] "GET /sipse/css/imagen/contrasena.png HTTP/1.1" 404 383
201.245.192.253 - - [06/Dec/2022:12:09:49 -0500] "GET /sipse/faces/javax.faces.resource/images/ui-icons_898989_256x240.png?ln=primefaces-aristo HTTP/1.1" 304 -
136.243.228.197 - - [06/Dec/2022:12:10:01 -0500] "GET /BLA/resoluciones/index.php?dir=RESOLUCIONES+2006/RES+2006+2301-2350/ HTTP/1.1" 200 12364
201.245.192.253 - - [06/Dec/2022:12:10:30 -0500] "GET /sipse/faces/javax.faces.resource/images/ui-bg_flat_0_2d5972_40x100.png?ln=primefaces-aristo HTTP/1.1" 304 -
201.245.192.253 - - [06/Dec/2022:12:10:30 -0500] "POST /sipse/faces/presentacion/contratacion/contrato/crearModificarContrato.xhtml HTTP/1.1" 200 58685
201.245.192.253 - - [06/Dec/2022:12:10:30 -0500] "POST /sipse/faces/presentacion/contratacion/contrato/crearModificarContrato.xhtml HTTP/1.1" 200 31636
201.245.192.253 - - [06/Dec/2022:12:10:30 -0500] "GET /sipse/faces/javax.faces.resource/theme.css?ln=primefaces-sipse HTTP/1.1" 304 -
201.245.192.253 - - [06/Dec/2022:12:10:30 -0500] "GET /sipse/faces/javax.faces.resource/primefaces.css?ln=primefaces&v=4.0 HTTP/1.1" 304 -
201.245.192.253 - - [06/Dec/2022:12:10:30 -0500] "GET /sipse/faces/javax.faces.resource/layout/layout.css?ln=primefaces&v=4.0 HTTP/1.1" 304 -
201.245.192.253 - - [06/Dec/2022:12:10:30 -0500] "GET /sipse/faces/javax.faces.resource/jquery/jquery.js?ln=primefaces&v=4.0 HTTP/1.1" 304 -
201.245.192.253 - - [06/Dec/2022:12:10:30 -0500] "GET /sipse/faces/javax.faces.resource/jquery/jquery-plugins.js?ln=primefaces&v=4.0 HTTP/1.1" 304 -
201.245.192.253 - - [06/Dec/2022:12:10:30 -0500] "GET /sipse/faces/javax.faces.resource/layout/layout.js?ln=primefaces&v=4.0 HTTP/1.1" 304 -
201.245.192.253 - - [06/Dec/2022:12:10:30 -0500] "GET /sipse/faces/javax.faces.resource/primefaces.js?ln=primefaces&v=4.0 HTTP/1.1" 304 -
201.245.192.253 - - [06/Dec/2022:12:10:30 -0500] "GET /sipse/css/imagen/contrasena.png HTTP/1.1" 404 383
201.245.192.253 - - [06/Dec/2022:12:10:30 -0500] "GET /sipse/faces/javax.faces.resource/images/ui-icons_898989_256x240.png?ln=primefaces-aristo HTTP/1.1" 304 -
201.245.192.253 - - [06/Dec/2022:12:10:33 -0500] "GET /sipse/faces/javax.faces.resource/images/ui-bg_flat_0_2d5972_40x100.png?ln=primefaces-aristo HTTP/1.1" 304 -
201.245.192.253 - - [06/Dec/2022:12:10:33 -0500] "POST /sipse/faces/presentacion/contratacion/procesoContractual/registrarInvitacionContratista.xhtml HTTP/1.1" 200 9693
201.245.192.253 - - [06/Dec/2022:12:10:52 -0500] "POST /sipse/faces/presentacion/contratacion/procesoContractual/registrarInvitacionContratista.xhtml HTTP/1.1" 200 9244
136.243.228.197 - - [06/Dec/2022:12:10:54 -0500] "GET /BLA/resoluciones/index.php?dir=RESOLUCIONES+2006/RES+2006+551-600/ HTTP/1.1" 200 12250
201.245.192.253 - - [06/Dec/2022:12:10:55 -0500] "POST /sipse/faces/presentacion/contratacion/procesoContractual/registrarInvitacionContratista.xhtml HTTP/1.1" 200 74986
201.245.192.253 - - [06/Dec/2022:12:10:56 -0500] "GET /sipse/faces/javax.faces.resource/theme.css?ln=primefaces-sipse HTTP/1.1" 304 -
201.245.192.253 - - [06/Dec/2022:12:10:56 -0500] "GET /sipse/faces/javax.faces.resource/primefaces.css?ln=primefaces&v=4.0 HTTP/1.1" 304 -
201.245.192.253 - - [06/Dec/2022:12:10:56 -0500] "GET /sipse/faces/javax.faces.resource/layout/layout.css?ln=primefaces&v=4.0 HTTP/1.1" 304 -
201.245.192.253 - - [06/Dec/2022:12:10:56 -0500] "GET /sipse/faces/javax.faces.resource/jquery/jquery.js?ln=primefaces&v=4.0 HTTP/1.1" 304 -
201.245.192.253 - - [06/Dec/2022:12:10:56 -0500] "GET /sipse/faces/javax.faces.resource/jquery/jquery-plugins.js?ln=primefaces&v=4.0 HTTP/1.1" 304 -
201.245.192.253 - - [06/Dec/2022:12:10:56 -0500] "GET /sipse/faces/javax.faces.resource/primefaces.js?ln=primefaces&v=4.0 HTTP/1.1" 304 -
201.245.192.253 - - [06/Dec/2022:12:10:56 -0500] "GET /sipse/faces/javax.faces.resource/layout/layout.js?ln=primefaces&v=4.0 HTTP/1.1" 304 -
201.245.192.253 - - [06/Dec/2022:12:10:58 -0500] "POST /sipse/faces/presentacion/contratacion/contrato/crearModificarContrato.xhtml HTTP/1.1" 200 41886
201.245.192.253 - - [06/Dec/2022:12:10:59 -0500] "GET /sipse/faces/javax.faces.resource/layout/layout.css?ln=primefaces&v=4.0 HTTP/1.1" 304 -
201.245.192.253 - - [06/Dec/2022:12:10:59 -0500] "GET /sipse/faces/javax.faces.resource/primefaces.css?ln=primefaces&v=4.0 HTTP/1.1" 304 -
201.245.192.253 - - [06/Dec/2022:12:10:59 -0500] "GET /sipse/faces/javax.faces.resource/theme.css?ln=primefaces-sipse HTTP/1.1" 304 -
201.245.192.253 - - [06/Dec/2022:12:10:59 -0500] "GET /sipse/faces/javax.faces.resource/primefaces.js?ln=primefaces&v=4.0 HTTP/1.1" 304 -
201.245.192.253 - - [06/Dec/2022:12:10:59 -0500] "GET /sipse/faces/javax.faces.resource/jquery/jquery.js?ln=primefaces&v=4.0 HTTP/1.1" 304 -
201.245.192.253 - - [06/Dec/2022:12:10:59 -0500] "GET /sipse/faces/javax.faces.resource/jquery/jquery-plugins.js?ln=primefaces&v=4.0 HTTP/1.1" 304 -
201.245.192.253 - - [06/Dec/2022:12:10:59 -0500] "GET /sipse/faces/javax.faces.resource/layout/layout.js?ln=primefaces&v=4.0 HTTP/1.1" 304 -
201.245.192.253 - - [06/Dec/2022:12:10:59 -0500] "GET /sipse/css/imagen/contrasena.png HTTP/1.1" 404 383
201.245.192.253 - - [06/Dec/2022:12:11:00 -0500] "GET /sipse/faces/javax.faces.resource/images/ui-icons_898989_256x240.png?ln=primefaces-aristo HTTP/1.1" 304 -
168.119.251.242 - - [06/Dec/2022:12:11:02 -0500] "GET / HTTP/1.1" 200 319
201.245.192.253 - - [06/Dec/2022:12:11:05 -0500] "GET /sipse/faces/javax.faces.resource/images/ui-bg_flat_0_2d5972_40x100.png?ln=primefaces-aristo HTTP/1.1" 304 -
201.245.192.253 - - [06/Dec/2022:12:11:05 -0500] "POST /sipse/faces/presentacion/contratacion/contrato/adicionarSupervisor.xhtml HTTP/1.1" 200 16849
138.201.157.89 - - [06/Dec/2022:12:11:13 -0500] "GET / HTTP/1.1" 200 319
136.243.228.197 - - [06/Dec/2022:12:11:19 -0500] "GET /BLA/resoluciones/index.php?dir=AUTOS+2006/AUTOS+2006+501-600/ HTTP/1.1" 200 21780
201.245.192.253 - - [06/Dec/2022:12:11:23 -0500] "POST /sipse/faces/presentacion/contratacion/contrato/adicionarSupervisor.xhtml HTTP/1.1" 200 80329
201.245.192.253 - - [06/Dec/2022:12:11:23 -0500] "GET /sipse/faces/javax.faces.resource/primefaces.css?ln=primefaces&v=4.0 HTTP/1.1" 304 -
201.245.192.253 - - [06/Dec/2022:12:11:23 -0500] "GET /sipse/faces/javax.faces.resource/theme.css?ln=primefaces-sipse HTTP/1.1" 304 -
201.245.192.253 - - [06/Dec/2022:12:11:23 -0500] "GET /sipse/faces/javax.faces.resource/layout/layout.css?ln=primefaces&v=4.0 HTTP/1.1" 304 -
201.245.192.253 - - [06/Dec/2022:12:11:23 -0500] "GET /sipse/faces/javax.faces.resource/primefaces.js?ln=primefaces&v=4.0 HTTP/1.1" 304 -
201.245.192.253 - - [06/Dec/2022:12:11:23 -0500] "GET /sipse/faces/javax.faces.resource/jquery/jquery-plugins.js?ln=primefaces&v=4.0 HTTP/1.1" 304 -
201.245.192.253 - - [06/Dec/2022:12:11:23 -0500] "GET /sipse/faces/javax.faces.resource/jquery/jquery.js?ln=primefaces&v=4.0 HTTP/1.1" 304 -
201.245.192.253 - - [06/Dec/2022:12:11:23 -0500] "GET /sipse/faces/javax.faces.resource/layout/layout.js?ln=primefaces&v=4.0 HTTP/1.1" 304 -
201.245.192.253 - - [06/Dec/2022:12:11:23 -0500] "GET /sipse/css/imagen/contrasena.png HTTP/1.1" 404 383
201.245.192.253 - - [06/Dec/2022:12:11:25 -0500] "POST /sipse/faces/presentacion/contratacion/contrato/crearModificarContrato.xhtml HTTP/1.1" 200 155924
201.245.192.253 - - [06/Dec/2022:12:11:26 -0500] "GET /sipse/faces/javax.faces.resource/primefaces.css?ln=primefaces&v=4.0 HTTP/1.1" 304 -
201.245.192.253 - - [06/Dec/2022:12:11:26 -0500] "GET /sipse/faces/javax.faces.resource/layout/layout.css?ln=primefaces&v=4.0 HTTP/1.1" 304 -
201.245.192.253 - - [06/Dec/2022:12:11:26 -0500] "GET /sipse/faces/javax.faces.resource/theme.css?ln=primefaces-sipse HTTP/1.1" 304 -
201.245.192.253 - - [06/Dec/2022:12:11:26 -0500] "GET /sipse/faces/javax.faces.resource/jquery/jquery.js?ln=primefaces&v=4.0 HTTP/1.1" 304 -
201.245.192.253 - - [06/Dec/2022:12:11:26 -0500] "GET /sipse/faces/javax.faces.resource/jquery/jquery-plugins.js?ln=primefaces&v=4.0 HTTP/1.1" 304 -
201.245.192.253 - - [06/Dec/2022:12:11:26 -0500] "GET /sipse/faces/javax.faces.resource/primefaces.js?ln=primefaces&v=4.0 HTTP/1.1" 304 -
201.245.192.253 - - [06/Dec/2022:12:11:26 -0500] "GET /sipse/faces/javax.faces.resource/layout/layout.js?ln=primefaces&v=4.0 HTTP/1.1" 304 -
201.245.192.253 - - [06/Dec/2022:12:11:26 -0500] "GET /sipse/faces/javax.faces.resource/images/ui-icons_898989_256x240.png?ln=primefaces-aristo HTTP/1.1" 304 -
201.245.192.253 - - [06/Dec/2022:12:11:29 -0500] "POST /sipse/faces/presentacion/financiero/solicitudProceso/consultarSolicitudProceso.xhtml HTTP/1.1" 200 39046
201.245.192.253 - - [06/Dec/2022:12:11:31 -0500] "GET /sipse/faces/javax.faces.resource/layout/layout.css?ln=primefaces&v=4.0 HTTP/1.1" 304 -
201.245.192.253 - - [06/Dec/2022:12:11:31 -0500] "GET /sipse/faces/javax.faces.resource/jquery/jquery.js?ln=primefaces&v=4.0 HTTP/1.1" 304 -
201.245.192.253 - - [06/Dec/2022:12:11:31 -0500] "GET /sipse/faces/javax.faces.resource/theme.css?ln=primefaces-sipse HTTP/1.1" 304 -
201.245.192.253 - - [06/Dec/2022:12:11:31 -0500] "GET /sipse/faces/javax.faces.resource/primefaces.css?ln=primefaces&v=4.0 HTTP/1.1" 304 -
201.245.192.253 - - [06/Dec/2022:12:11:31 -0500] "GET /sipse/faces/javax.faces.resource/jquery/jquery-plugins.js?ln=primefaces&v=4.0 HTTP/1.1" 304 -
201.245.192.253 - - [06/Dec/2022:12:11:31 -0500] "GET /sipse/faces/javax.faces.resource/primefaces.js?ln=primefaces&v=4.0 HTTP/1.1" 304 -
201.245.192.253 - - [06/Dec/2022:12:11:31 -0500] "GET /sipse/faces/javax.faces.resource/layout/layout.js?ln=primefaces&v=4.0 HTTP/1.1" 304 -
201.245.192.253 - - [06/Dec/2022:12:11:31 -0500] "GET /sipse/faces/javax.faces.resource/messages/messages.png?ln=primefaces&v=4.0 HTTP/1.1" 304 -
201.245.192.253 - - [06/Dec/2022:12:11:31 -0500] "POST /sipse/faces/presentacion/financiero/solicitudProceso/listarSolicitudProceso.xhtml HTTP/1.1" 200 1420
186.102.36.152 - - [06/Dec/2022:12:11:49 -0500] "OPTIONS /kwssiamovil/sm/setfile/f? HTTP/1.1" 502 1352
172.22.2.4 - - [06/Dec/2022:12:10:29 -0500] "HEAD /BLA/boletinlegal/ HTTP/1.1" 200 -
136.243.228.197 - - [06/Dec/2022:12:12:10 -0500] "GET /BLA/resoluciones/index.php?dir=AUTOS+2006/AUTOS+2006+101-200/ HTTP/1.1" 200 21758
136.243.228.197 - - [06/Dec/2022:12:12:33 -0500] "GET /BLA/resoluciones/index.php?dir=RESOLUCIONES+2006/RES+2006+2751-2800/ HTTP/1.1" 200 12358
216.245.221.92 - - [06/Dec/2022:12:12:43 -0500] "HEAD / HTTP/1.1" 200 -
136.243.228.197 - - [06/Dec/2022:12:12:55 -0500] "GET /BLA/resoluciones/index.php?dir=RESOLUCIONES%201992/&sort=date&order=asc HTTP/1.1" 200 2871
172.22.2.4 - - [06/Dec/2022:12:11:19 -0500] "GET /BLA/boletinlegal/ HTTP/1.1" 200 59404
172.22.2.4 - - [06/Dec/2022:12:13:15 -0500] "GET /BLA/boletinlegal/actos.php HTTP/1.1" 200 9566
136.243.228.197 - - [06/Dec/2022:12:13:15 -0500] "GET /BLA/resoluciones/index.php?dir=RESOLUCIONES%201994/&sort=size&order=asc HTTP/1.1" 200 2479
172.22.2.4 - - [06/Dec/2022:12:13:15 -0500] "GET /BLA/boletinlegal/favicon.ico HTTP/1.1" 404 1326
201.245.192.253 - - [06/Dec/2022:12:13:18 -0500] "GET /BLA/resoluciones/ HTTP/1.1" 200 13093
201.245.192.253 - - [06/Dec/2022:12:13:26 -0500] "GET /BLA/resoluciones/index.php?dir=AUTOS+2014%2F HTTP/1.1" 200 885473
201.245.192.253 - - [06/Dec/2022:12:13:27 -0500] "GET /BLA/resoluciones/dlf/unknown.png HTTP/1.1" 200 266
201.245.192.253 - - [06/Dec/2022:12:13:34 -0500] "GET /BLA/resoluciones/AUTOS%202014/4541.pdf HTTP/1.1" 200 557093
136.243.228.197 - - [06/Dec/2022:12:13:35 -0500] "GET /BLA/resoluciones/index.php?dir=AUTOS+2006/AUTOS+2006+3201+-+3300/ HTTP/1.1" 200 22209
172.22.2.4 - - [06/Dec/2022:12:13:08 -0500] "GET /BLA/boletinlegal/ HTTP/1.1" 200 32715
136.243.228.197 - - [06/Dec/2022:12:13:54 -0500] "GET /BLA/resoluciones/index.php?dir=RESOLUCIONES+2006/RES+2006+51-100/ HTTP/1.1" 200 11996
201.245.192.253 - - [06/Dec/2022:12:14:09 -0500] "POST /kwsrmcab/Wsrmcab  HTTP/1.1" 200 43162
172.22.2.4 - - [06/Dec/2022:12:14:11 -0500] "GET /BLA/boletinlegal/images/cabezote%20BLEGAL.jpg HTTP/1.1" 200 118164
172.22.2.4 - - [06/Dec/2022:12:14:11 -0500] "GET /BLA/boletinlegal/images/subscribe-icon-big.png HTTP/1.1" 200 47702
172.22.2.4 - - [06/Dec/2022:12:14:11 -0500] "GET /BLA/boletinlegal/images/historia.png HTTP/1.1" 200 52775
172.22.2.4 - - [06/Dec/2022:12:14:11 -0500] "GET /BLA/boletinlegal/images/screen_1.png HTTP/1.1" 200 202547
172.22.2.4 - - [06/Dec/2022:12:14:13 -0500] "GET /BLA/boletinlegal/actos.php HTTP/1.1" 200 9566
172.22.2.4 - - [06/Dec/2022:12:14:13 -0500] "GET /BLA/boletinlegal/js/popup.js HTTP/1.1" 200 1270
172.22.2.4 - - [06/Dec/2022:12:14:13 -0500] "GET /BLA/boletinlegal/js/lib.js HTTP/1.1" 200 6474
172.22.2.4 - - [06/Dec/2022:12:14:13 -0500] "GET /BLA/boletinlegal/js/jquery1.js HTTP/1.1" 200 29846
172.22.2.4 - - [06/Dec/2022:12:14:13 -0500] "GET /BLA/boletinlegal/images/green-yellow-blue-pink-th.png HTTP/1.1" 200 7394
172.22.2.4 - - [06/Dec/2022:12:14:13 -0500] "GET /BLA/boletinlegal/js/ajax_actos.js HTTP/1.1" 200 1322
172.22.2.4 - - [06/Dec/2022:12:14:13 -0500] "GET /BLA/boletinlegal/img/select-right.png HTTP/1.1" 200 44019
172.22.2.4 - - [06/Dec/2022:12:14:13 -0500] "GET /BLA/boletinlegal/img/button-left.png HTTP/1.1" 200 57071
172.22.2.4 - - [06/Dec/2022:12:14:13 -0500] "GET /BLA/boletinlegal/img/button.png HTTP/1.1" 200 43241
172.22.2.4 - - [06/Dec/2022:12:14:13 -0500] "GET /BLA/boletinlegal/img/button-right.png HTTP/1.1" 200 57878
172.22.2.4 - - [06/Dec/2022:12:14:13 -0500] "GET /BLA/boletinlegal/favicon.ico HTTP/1.1" 404 1326
136.243.228.197 - - [06/Dec/2022:12:14:14 -0500] "GET /BLA/resoluciones/index.php?dir=RESOLUCIONES+2006/RES+2006++2851-2900/ HTTP/1.1" 200 12177
172.22.2.4 - - [06/Dec/2022:12:14:18 -0500] "GET /BLA/boletinlegal/consulta_actos.php?tipo=resoluciones&no=&usuario=&sector=&fecha=2022&resuelve= HTTP/1.1" 200 4366839
172.22.2.4 - - [06/Dec/2022:12:14:19 -0500] "GET /BLA/boletinlegal/images/background.gif HTTP/1.1" 200 -
201.245.192.253 - - [06/Dec/2022:12:14:24 -0500] "GET /BLA/resoluciones/RESOLUCIONES%202022/4980.pdf HTTP/1.1" 200 359430
201.245.192.253 - - [06/Dec/2022:12:14:24 -0500] "GET /favicon.ico HTTP/1.1" 200 7782
136.243.228.197 - - [06/Dec/2022:12:14:33 -0500] "GET /BLA/resoluciones/index.php?dir=RESOLUCIONES%201993/&sort=size&order=asc HTTP/1.1" 200 2879
172.22.2.4 - - [06/Dec/2022:12:14:11 -0500] "GET /BLA/boletinlegal/ HTTP/1.1" 200 24523
207.46.13.194 - - [06/Dec/2022:12:15:05 -0500] "GET /BLA/resoluciones/index.php?dir=AUTOS+2016%2F HTTP/1.1" 200 327710
136.243.228.197 - - [06/Dec/2022:12:15:17 -0500] "GET /BLA/resoluciones/index.php?dir=AUTOS+2006/AUTOS+2006+2301+-+2400/ HTTP/1.1" 200 22197
172.22.2.4 - - [06/Dec/2022:12:15:24 -0500] "GET /BLA/boletinlegal/actos.php HTTP/1.1" 200 9566
172.22.2.4 - - [06/Dec/2022:12:15:24 -0500] "GET /BLA/boletinlegal/styles2.css HTTP/1.1" 200 1838
172.22.2.4 - - [06/Dec/2022:12:15:24 -0500] "GET /BLA/boletinlegal/js/ajax_actos.js HTTP/1.1" 200 1322
172.22.2.4 - - [06/Dec/2022:12:15:24 -0500] "GET /BLA/boletinlegal/niceforms.js HTTP/1.1" 200 22876
172.22.2.4 - - [06/Dec/2022:12:15:24 -0500] "GET /BLA/boletinlegal/niceforms-default.css HTTP/1.1" 200 6694
172.22.2.4 - - [06/Dec/2022:12:15:24 -0500] "GET /BLA/boletinlegal/style.css HTTP/1.1" 200 9406
172.22.2.4 - - [06/Dec/2022:12:15:24 -0500] "GET /BLA/boletinlegal/js/lib.js HTTP/1.1" 200 6474
172.22.2.4 - - [06/Dec/2022:12:15:24 -0500] "GET /BLA/boletinlegal/js/popup.js HTTP/1.1" 200 1270
172.22.2.4 - - [06/Dec/2022:12:15:24 -0500] "GET /BLA/boletinlegal/js/jquery1.js HTTP/1.1" 200 29846
172.22.2.4 - - [06/Dec/2022:12:15:25 -0500] "GET /BLA/boletinlegal/images/cabezote%20BLEGAL.jpg HTTP/1.1" 200 118164
172.22.2.4 - - [06/Dec/2022:12:15:25 -0500] "GET /BLA/boletinlegal/images/subscribe-icon-big.png HTTP/1.1" 200 47702
172.22.2.4 - - [06/Dec/2022:12:15:25 -0500] "GET /BLA/boletinlegal/images/historia.png HTTP/1.1" 200 52775
172.22.2.4 - - [06/Dec/2022:12:15:27 -0500] "GET /BLA/boletinlegal/images/body_bg.jpg HTTP/1.1" 200 1601
172.22.2.4 - - [06/Dec/2022:12:15:28 -0500] "GET /BLA/boletinlegal/images/footer_bg.jpg HTTP/1.1" 200 586
172.22.2.4 - - [06/Dec/2022:12:15:29 -0500] "GET /BLA/boletinlegal/images/menu_lft.gif HTTP/1.1" 200 1713
172.22.2.4 - - [06/Dec/2022:12:15:29 -0500] "GET /BLA/boletinlegal/images/menu_rght.gif HTTP/1.1" 200 1627
172.22.2.4 - - [06/Dec/2022:12:15:29 -0500] "GET /BLA/boletinlegal/images/bg_top.jpg HTTP/1.1" 200 522
172.22.2.4 - - [06/Dec/2022:12:15:29 -0500] "GET /BLA/boletinlegal/images/menu_bg.jpg HTTP/1.1" 200 620
172.22.2.4 - - [06/Dec/2022:12:15:30 -0500] "GET /BLA/boletinlegal/images/text.jpg HTTP/1.1" 200 568
172.22.2.4 - - [06/Dec/2022:12:15:30 -0500] "GET /BLA/boletinlegal/images/hover.jpg HTTP/1.1" 200 640
172.22.2.4 - - [06/Dec/2022:12:15:30 -0500] "GET /BLA/boletinlegal/images/registro-usuarios.png HTTP/1.1" 200 8106
172.22.2.4 - - [06/Dec/2022:12:15:31 -0500] "GET /BLA/boletinlegal/images/green-yellow-blue-pink-th.png HTTP/1.1" 200 7394
172.22.2.4 - - [06/Dec/2022:12:15:32 -0500] "GET /BLA/boletinlegal/images/tel.png HTTP/1.1" 200 14477
172.22.2.4 - - [06/Dec/2022:12:15:32 -0500] "GET /BLA/boletinlegal/images/icono-email.png HTTP/1.1" 200 5544
172.22.2.4 - - [06/Dec/2022:12:15:33 -0500] "GET /BLA/boletinlegal/images/footer_bg_l.jpg HTTP/1.1" 200 776
172.22.2.4 - - [06/Dec/2022:12:15:33 -0500] "GET /BLA/boletinlegal/img/select-left.png HTTP/1.1" 200 263
172.22.2.4 - - [06/Dec/2022:12:15:33 -0500] "GET /BLA/boletinlegal/img/select-right.png HTTP/1.1" 200 44019
172.22.2.4 - - [06/Dec/2022:12:15:33 -0500] "GET /BLA/boletinlegal/img/button.png HTTP/1.1" 200 43241
172.22.2.4 - - [06/Dec/2022:12:15:33 -0500] "GET /BLA/boletinlegal/img/button-left.png HTTP/1.1" 200 57071
172.22.2.4 - - [06/Dec/2022:12:15:35 -0500] "GET /BLA/boletinlegal/img/button-right.png HTTP/1.1" 200 57878
136.243.228.197 - - [06/Dec/2022:12:15:36 -0500] "GET /BLA/resoluciones/index.php?dir=Decretos/&sort=name&order=desc HTTP/1.1" 200 6803
136.243.228.197 - - [06/Dec/2022:12:15:56 -0500] "GET /BLA/resoluciones/index.php?dir=AUTOS%201997/&sort=size&order=asc HTTP/1.1" 200 2025
136.243.228.197 - - [06/Dec/2022:12:16:16 -0500] "GET /BLA/resoluciones/index.php?dir=AUTOS+2006/AUTOS+2006+1401+-+1500/ HTTP/1.1" 200 13545
136.243.228.197 - - [06/Dec/2022:12:16:34 -0500] "GET /BLA/resoluciones/index.php?dir=RESOLUCIONES%202001/&sort=size&order=asc HTTP/1.1" 200 24983
136.243.228.197 - - [06/Dec/2022:12:16:53 -0500] "GET /BLA/resoluciones/index.php?dir=RESOLUCIONES+2006/RES+2006+201-250/ HTTP/1.1" 200 12238
136.243.228.197 - - [06/Dec/2022:12:17:12 -0500] "GET /BLA/resoluciones/index.php?dir=AUTOS+2006/AUTOS+2006+301-400/ HTTP/1.1" 200 21781
179.19.0.98 - - [06/Dec/2022:12:17:27 -0500] "GET /sipse/faces/faces/faces/faces/autenticacion.xhtml HTTP/1.1" 502 1398
136.243.228.197 - - [06/Dec/2022:12:17:30 -0500] "GET /BLA/resoluciones/index.php?dir=RESOLUCIONES%201998/&sort=date&order=asc HTTP/1.1" 200 13225
179.19.0.98 - - [06/Dec/2022:12:17:39 -0500] "POST /sipse/faces/presentacion/financiero/solicitudProceso/listarSolicitudProceso.xhtml HTTP/1.1" 200 8408
216.245.221.92 - - [06/Dec/2022:12:17:43 -0500] "HEAD / HTTP/1.1" 200 -
136.243.228.197 - - [06/Dec/2022:12:17:47 -0500] "GET /BLA/resoluciones/index.php?dir=RESOLUCIONES%201994/&sort=name&order=desc HTTP/1.1" 200 2478
179.19.0.98 - - [06/Dec/2022:12:17:50 -0500] "POST /sipse/faces/presentacion/financiero/solicitudProceso/listarSolicitudProceso.xhtml HTTP/1.1" 200 117646
179.19.0.98 - - [06/Dec/2022:12:17:52 -0500] "GET /sipse/faces/javax.faces.resource/theme.css?ln=primefaces-sipse HTTP/1.1" 304 -
179.19.0.98 - - [06/Dec/2022:12:17:52 -0500] "GET /sipse/faces/javax.faces.resource/primefaces.css?ln=primefaces&v=4.0 HTTP/1.1" 304 -
179.19.0.98 - - [06/Dec/2022:12:17:52 -0500] "GET /sipse/faces/javax.faces.resource/layout/layout.css?ln=primefaces&v=4.0 HTTP/1.1" 304 -
179.19.0.98 - - [06/Dec/2022:12:17:52 -0500] "GET /sipse/faces/javax.faces.resource/jquery/jquery.js?ln=primefaces&v=4.0 HTTP/1.1" 304 -
179.19.0.98 - - [06/Dec/2022:12:17:52 -0500] "GET /sipse/faces/javax.faces.resource/jquery/jquery-plugins.js?ln=primefaces&v=4.0 HTTP/1.1" 304 -
179.19.0.98 - - [06/Dec/2022:12:17:52 -0500] "GET /sipse/faces/javax.faces.resource/primefaces.js?ln=primefaces&v=4.0 HTTP/1.1" 304 -
179.19.0.98 - - [06/Dec/2022:12:17:52 -0500] "GET /sipse/faces/javax.faces.resource/layout/layout.js?ln=primefaces&v=4.0 HTTP/1.1" 304 -
172.22.2.4 - - [06/Dec/2022:12:16:19 -0500] "HEAD /BLA/boletinlegal/ HTTP/1.1" 200 -
179.19.0.98 - - [06/Dec/2022:12:18:03 -0500] "POST /sipse/faces/presentacion/financiero/solicitudProceso/consultarSolicitudProceso.xhtml HTTP/1.1" 200 277762
136.243.228.197 - - [06/Dec/2022:12:18:07 -0500] "GET /BLA/resoluciones/index.php?dir=RESOLUCIONES+2006/RES+2006+2501-2550/ HTTP/1.1" 200 12358
136.243.228.197 - - [06/Dec/2022:12:18:26 -0500] "GET /BLA/resoluciones/index.php?dir=Acuerdos/&sort=size&order=asc HTTP/1.1" 200 3396
186.155.19.39 - - [06/Dec/2022:12:18:41 -0500] "GET /appsia/controlador HTTP/1.1" 200 4799
186.155.19.39 - - [06/Dec/2022:12:18:41 -0500] "GET /appsia/css/estilos.css HTTP/1.1" 200 4804
186.155.19.39 - - [06/Dec/2022:12:18:41 -0500] "GET /appsia/scripts/validarIngreso.js HTTP/1.1" 200 851
186.155.19.39 - - [06/Dec/2022:12:18:42 -0500] "GET /appsia/images/logo_bogota_p.png HTTP/1.1" 200 14951
186.155.19.39 - - [06/Dec/2022:12:18:42 -0500] "GET /appsia/images/cabezoteHojaVida.png HTTP/1.1" 200 32493
186.155.19.39 - - [06/Dec/2022:12:18:42 -0500] "GET /favicon.ico HTTP/1.1" 200 7782
136.243.228.197 - - [06/Dec/2022:12:18:46 -0500] "GET /BLA/resoluciones/index.php?dir=RESOLUCIONES+2006/RES+2006++2801-2850/ HTTP/1.1" 200 12415
172.22.2.4 - - [06/Dec/2022:12:17:12 -0500] "GET /BLA/boletinlegal/ HTTP/1.1" 200 58185
179.19.0.98 - - [06/Dec/2022:12:18:57 -0500] "GET /sipse/faces/javax.faces.resource/images/ui-bg_flat_0_2d5972_40x100.png?ln=primefaces-aristo HTTP/1.1" 502 1440
186.155.19.39 - - [06/Dec/2022:12:18:57 -0500] "POST /appsia/controlador HTTP/1.1" 200 5437
179.19.0.98 - - [06/Dec/2022:12:18:57 -0500] "POST /sipse/faces/presentacion/financiero/solicitudProceso/consultarSolicitudProceso.xhtml HTTP/1.1" 200 38317
179.19.0.98 - - [06/Dec/2022:12:18:58 -0500] "GET /sipse/faces/javax.faces.resource/layout/layout.css?ln=primefaces&v=4.0 HTTP/1.1" 304 -
179.19.0.98 - - [06/Dec/2022:12:18:58 -0500] "GET /sipse/faces/javax.faces.resource/primefaces.css?ln=primefaces&v=4.0 HTTP/1.1" 304 -
179.19.0.98 - - [06/Dec/2022:12:18:58 -0500] "GET /sipse/faces/javax.faces.resource/theme.css?ln=primefaces-sipse HTTP/1.1" 304 -
179.19.0.98 - - [06/Dec/2022:12:18:58 -0500] "GET /sipse/faces/javax.faces.resource/jquery/jquery.js?ln=primefaces&v=4.0 HTTP/1.1" 304 -
179.19.0.98 - - [06/Dec/2022:12:18:58 -0500] "GET /sipse/faces/javax.faces.resource/jquery/jquery-plugins.js?ln=primefaces&v=4.0 HTTP/1.1" 304 -
179.19.0.98 - - [06/Dec/2022:12:18:58 -0500] "GET /sipse/faces/javax.faces.resource/primefaces.js?ln=primefaces&v=4.0 HTTP/1.1" 304 -
179.19.0.98 - - [06/Dec/2022:12:18:59 -0500] "GET /sipse/faces/javax.faces.resource/layout/layout.js?ln=primefaces&v=4.0 HTTP/1.1" 304 -
179.19.0.98 - - [06/Dec/2022:12:18:59 -0500] "POST /sipse/faces/presentacion/financiero/solicitudProceso/listarSolicitudProceso.xhtml HTTP/1.1" 200 31581
179.19.0.98 - - [06/Dec/2022:12:18:59 -0500] "GET /sipse/faces/javax.faces.resource/images/ui-bg_flat_0_2d5972_40x100.png?ln=primefaces-aristo HTTP/1.1" 200 183
191.156.146.12 - - [06/Dec/2022:12:19:00 -0500] "-" 408 -
179.19.0.98 - - [06/Dec/2022:12:18:59 -0500] "POST /sipse/faces/presentacion/financiero/solicitudProceso/listarSolicitudProceso.xhtml HTTP/1.1" 200 31581
186.155.19.39 - - [06/Dec/2022:12:19:00 -0500] "POST /appsia/controlador HTTP/1.1" 200 7783
179.19.0.98 - - [06/Dec/2022:12:19:00 -0500] "POST /sipse/faces/presentacion/financiero/solicitudProceso/listarSolicitudProceso.xhtml HTTP/1.1" 200 31581
179.19.0.98 - - [06/Dec/2022:12:19:01 -0500] "POST /sipse/faces/presentacion/financiero/solicitudProceso/listarSolicitudProceso.xhtml HTTP/1.1" 200 31581
179.19.0.98 - - [06/Dec/2022:12:19:01 -0500] "POST /sipse/faces/presentacion/financiero/solicitudProceso/listarSolicitudProceso.xhtml HTTP/1.1" 200 31581
179.19.0.98 - - [06/Dec/2022:12:19:02 -0500] "POST /sipse/faces/presentacion/financiero/solicitudProceso/listarSolicitudProceso.xhtml HTTP/1.1" 200 31581
173.252.107.14 - - [06/Dec/2022:12:19:02 -0500] "GET /images/Acuerdos%2001%20(1)%20(1).jpeg HTTP/1.1" 200 32884
179.19.0.98 - - [06/Dec/2022:12:19:02 -0500] "POST /sipse/faces/presentacion/financiero/solicitudProceso/listarSolicitudProceso.xhtml HTTP/1.1" 200 31581
179.19.0.98 - - [06/Dec/2022:12:19:03 -0500] "POST /sipse/faces/presentacion/financiero/solicitudProceso/listarSolicitudProceso.xhtml HTTP/1.1" 200 31581
179.19.0.98 - - [06/Dec/2022:12:19:03 -0500] "POST /sipse/faces/presentacion/financiero/solicitudProceso/listarSolicitudProceso.xhtml HTTP/1.1" 200 31581
179.19.0.98 - - [06/Dec/2022:12:19:04 -0500] "POST /sipse/faces/presentacion/financiero/solicitudProceso/listarSolicitudProceso.xhtml HTTP/1.1" 200 31581
179.19.0.98 - - [06/Dec/2022:12:19:04 -0500] "POST /sipse/faces/presentacion/financiero/solicitudProceso/listarSolicitudProceso.xhtml HTTP/1.1" 200 31581
179.19.0.98 - - [06/Dec/2022:12:19:05 -0500] "POST /sipse/faces/presentacion/financiero/solicitudProceso/listarSolicitudProceso.xhtml HTTP/1.1" 200 31581
136.243.228.197 - - [06/Dec/2022:12:19:05 -0500] "GET /BLA/resoluciones/index.php?dir=RESOLUCIONES%202006/&sort=name&order=desc HTTP/1.1" 200 38541
179.19.0.98 - - [06/Dec/2022:12:19:05 -0500] "POST /sipse/faces/presentacion/financiero/solicitudProceso/listarSolicitudProceso.xhtml HTTP/1.1" 200 31581
179.19.0.98 - - [06/Dec/2022:12:19:06 -0500] "POST /sipse/faces/presentacion/financiero/solicitudProceso/listarSolicitudProceso.xhtml HTTP/1.1" 200 31581
179.19.0.98 - - [06/Dec/2022:12:19:07 -0500] "POST /sipse/faces/presentacion/financiero/solicitudProceso/listarSolicitudProceso.xhtml HTTP/1.1" 200 31581
179.19.0.98 - - [06/Dec/2022:12:19:07 -0500] "POST /sipse/faces/presentacion/financiero/solicitudProceso/listarSolicitudProceso.xhtml HTTP/1.1" 200 31581
179.19.0.98 - - [06/Dec/2022:12:19:08 -0500] "POST /sipse/faces/presentacion/financiero/solicitudProceso/listarSolicitudProceso.xhtml HTTP/1.1" 200 31581
179.19.0.98 - - [06/Dec/2022:12:19:08 -0500] "POST /sipse/faces/presentacion/financiero/solicitudProceso/listarSolicitudProceso.xhtml HTTP/1.1" 200 31581
172.22.2.4 - - [06/Dec/2022:12:19:09 -0500] "GET /BLA/boletinlegal/actos.php HTTP/1.1" 200 9566
172.22.2.4 - - [06/Dec/2022:12:19:09 -0500] "GET /BLA/boletinlegal/styles2.css HTTP/1.1" 200 1838
172.22.2.4 - - [06/Dec/2022:12:19:09 -0500] "GET /BLA/boletinlegal/js/ajax_actos.js HTTP/1.1" 200 1322
172.22.2.4 - - [06/Dec/2022:12:19:09 -0500] "GET /BLA/boletinlegal/niceforms-default.css HTTP/1.1" 200 6694
179.19.0.98 - - [06/Dec/2022:12:19:09 -0500] "POST /sipse/faces/presentacion/financiero/solicitudProceso/listarSolicitudProceso.xhtml HTTP/1.1" 200 31581
172.22.2.4 - - [06/Dec/2022:12:19:09 -0500] "GET /BLA/boletinlegal/style.css HTTP/1.1" 200 9406
172.22.2.4 - - [06/Dec/2022:12:19:09 -0500] "GET /BLA/boletinlegal/niceforms.js HTTP/1.1" 200 22876
172.22.2.4 - - [06/Dec/2022:12:19:09 -0500] "GET /BLA/boletinlegal/js/lib.js HTTP/1.1" 200 6474
172.22.2.4 - - [06/Dec/2022:12:19:09 -0500] "GET /BLA/boletinlegal/js/popup.js HTTP/1.1" 200 1270
172.22.2.4 - - [06/Dec/2022:12:19:09 -0500] "GET /BLA/boletinlegal/js/jquery1.js HTTP/1.1" 200 29846
172.22.2.4 - - [06/Dec/2022:12:19:10 -0500] "GET /BLA/boletinlegal/images/cabezote%20BLEGAL.jpg HTTP/1.1" 200 118164
172.22.2.4 - - [06/Dec/2022:12:19:10 -0500] "GET /BLA/boletinlegal/images/subscribe-icon-big.png HTTP/1.1" 200 47702
172.22.2.4 - - [06/Dec/2022:12:19:10 -0500] "GET /BLA/boletinlegal/images/historia.png HTTP/1.1" 200 52775
172.22.2.4 - - [06/Dec/2022:12:19:10 -0500] "GET /BLA/boletinlegal/images/registro-usuarios.png HTTP/1.1" 200 8106
172.22.2.4 - - [06/Dec/2022:12:19:10 -0500] "GET /BLA/boletinlegal/images/green-yellow-blue-pink-th.png HTTP/1.1" 200 7394
172.22.2.4 - - [06/Dec/2022:12:19:10 -0500] "GET /BLA/boletinlegal/images/tel.png HTTP/1.1" 200 14477
179.19.0.98 - - [06/Dec/2022:12:19:09 -0500] "POST /sipse/faces/presentacion/financiero/solicitudProceso/listarSolicitudProceso.xhtml HTTP/1.1" 200 31581
172.22.2.4 - - [06/Dec/2022:12:19:10 -0500] "GET /BLA/boletinlegal/images/body_bg.jpg HTTP/1.1" 200 1601
172.22.2.4 - - [06/Dec/2022:12:19:10 -0500] "GET /BLA/boletinlegal/images/bg_top.jpg HTTP/1.1" 200 522
172.22.2.4 - - [06/Dec/2022:12:19:10 -0500] "GET /BLA/boletinlegal/images/menu_bg.jpg HTTP/1.1" 200 620
172.22.2.4 - - [06/Dec/2022:12:19:10 -0500] "GET /BLA/boletinlegal/images/menu_lft.gif HTTP/1.1" 200 1713
172.22.2.4 - - [06/Dec/2022:12:19:10 -0500] "GET /BLA/boletinlegal/images/text.jpg HTTP/1.1" 200 568
172.22.2.4 - - [06/Dec/2022:12:19:10 -0500] "GET /BLA/boletinlegal/images/hover.jpg HTTP/1.1" 200 640
172.22.2.4 - - [06/Dec/2022:12:19:10 -0500] "GET /BLA/boletinlegal/images/menu_rght.gif HTTP/1.1" 200 1627
201.245.192.253 - - [06/Dec/2022:12:19:08 -0500] "POST /kwsrmcab/Wsrmcab  HTTP/1.1" 200 43162
172.22.2.4 - - [06/Dec/2022:12:19:10 -0500] "GET /BLA/boletinlegal/images/footer_bg.jpg HTTP/1.1" 200 586
172.22.2.4 - - [06/Dec/2022:12:19:10 -0500] "GET /BLA/boletinlegal/images/footer_bg_l.jpg HTTP/1.1" 200 776
172.22.2.4 - - [06/Dec/2022:12:19:10 -0500] "GET /BLA/boletinlegal/images/icono-email.png HTTP/1.1" 200 5544
179.19.0.98 - - [06/Dec/2022:12:19:10 -0500] "POST /sipse/faces/presentacion/financiero/solicitudProceso/listarSolicitudProceso.xhtml HTTP/1.1" 200 31581
172.22.2.4 - - [06/Dec/2022:12:19:11 -0500] "GET /BLA/boletinlegal/img/0.png HTTP/1.1" 200 110
172.22.2.4 - - [06/Dec/2022:12:19:11 -0500] "GET /BLA/boletinlegal/img/select-left.png HTTP/1.1" 200 263
172.22.2.4 - - [06/Dec/2022:12:19:11 -0500] "GET /BLA/boletinlegal/img/select-right.png HTTP/1.1" 200 44019
172.22.2.4 - - [06/Dec/2022:12:19:11 -0500] "GET /BLA/boletinlegal/img/button-left.png HTTP/1.1" 200 57071
172.22.2.4 - - [06/Dec/2022:12:19:11 -0500] "GET /BLA/boletinlegal/img/button-right.png HTTP/1.1" 200 57878
172.22.2.4 - - [06/Dec/2022:12:19:11 -0500] "GET /BLA/boletinlegal/img/button.png HTTP/1.1" 200 43241
172.22.2.4 - - [06/Dec/2022:12:19:11 -0500] "GET /BLA/boletinlegal/favicon.ico HTTP/1.1" 404 1230
179.19.0.98 - - [06/Dec/2022:12:19:11 -0500] "POST /sipse/faces/presentacion/financiero/solicitudProceso/listarSolicitudProceso.xhtml HTTP/1.1" 200 31581
179.19.0.98 - - [06/Dec/2022:12:19:11 -0500] "POST /sipse/faces/presentacion/financiero/solicitudProceso/listarSolicitudProceso.xhtml HTTP/1.1" 200 31581
179.19.0.98 - - [06/Dec/2022:12:19:12 -0500] "POST /sipse/faces/presentacion/financiero/solicitudProceso/listarSolicitudProceso.xhtml HTTP/1.1" 200 31581
179.19.0.98 - - [06/Dec/2022:12:19:12 -0500] "POST /sipse/faces/presentacion/financiero/solicitudProceso/listarSolicitudProceso.xhtml HTTP/1.1" 200 31581
179.19.0.98 - - [06/Dec/2022:12:19:13 -0500] "POST /sipse/faces/presentacion/financiero/solicitudProceso/listarSolicitudProceso.xhtml HTTP/1.1" 200 31581
179.19.0.98 - - [06/Dec/2022:12:19:13 -0500] "POST /sipse/faces/presentacion/financiero/solicitudProceso/listarSolicitudProceso.xhtml HTTP/1.1" 200 31581
179.19.0.98 - - [06/Dec/2022:12:19:14 -0500] "POST /sipse/faces/presentacion/financiero/solicitudProceso/listarSolicitudProceso.xhtml HTTP/1.1" 200 31581
179.19.0.98 - - [06/Dec/2022:12:19:15 -0500] "POST /sipse/faces/presentacion/financiero/solicitudProceso/listarSolicitudProceso.xhtml HTTP/1.1" 200 31581
172.22.2.4 - - [06/Dec/2022:12:19:15 -0500] "GET /BLA/boletinlegal/.well-known/apple-app-site-association HTTP/1.1" 404 1230
172.22.2.4 - - [06/Dec/2022:12:19:15 -0500] "GET /BLA/boletinlegal/.well-known/assetlinks.json HTTP/1.1" 404 1230
179.19.0.98 - - [06/Dec/2022:12:19:15 -0500] "POST /sipse/faces/presentacion/financiero/solicitudProceso/listarSolicitudProceso.xhtml HTTP/1.1" 200 31581
172.22.2.4 - - [06/Dec/2022:12:19:16 -0500] "GET /BLA/boletinlegal/robots.txt HTTP/1.1" 404 1230
172.22.2.4 - - [06/Dec/2022:12:19:16 -0500] "GET /BLA/boletinlegal/.well-known/apple-app-site-association HTTP/1.1" 404 1230
172.22.2.4 - - [06/Dec/2022:12:19:16 -0500] "GET /BLA/boletinlegal/.well-known/assetlinks.json HTTP/1.1" 404 1230
172.22.2.4 - - [06/Dec/2022:12:19:16 -0500] "GET /BLA/boletinlegal/.well-known/gpc.json HTTP/1.1" 404 1230
172.22.2.4 - - [06/Dec/2022:12:19:16 -0500] "GET /BLA/boletinlegal/robots.txt HTTP/1.1" 404 1230
172.22.2.4 - - [06/Dec/2022:12:19:16 -0500] "GET /BLA/boletinlegal/.well-known/security.txt HTTP/1.1" 404 1230
172.22.2.4 - - [06/Dec/2022:12:19:16 -0500] "GET /BLA/boletinlegal/.well-known/change-password HTTP/1.1" 404 1230
172.22.2.4 - - [06/Dec/2022:12:19:16 -0500] "GET /BLA/boletinlegal/.well-known/resource-that-should-not-exist-whose-status-code-should-not-be-200/ HTTP/1.1" 404 1230
136.243.228.197 - - [06/Dec/2022:12:19:24 -0500] "GET /BLA/resoluciones/index.php?dir=RESOLUCIONES+2006/RES+2006+1701-1751/ HTTP/1.1" 200 12369
186.155.19.39 - - [06/Dec/2022:12:19:21 -0500] "POST /appsia/controlador HTTP/1.1" 200 6648
179.19.0.98 - - [06/Dec/2022:12:19:25 -0500] "POST /sipse/faces/presentacion/financiero/solicitudProceso/listarSolicitudProceso.xhtml HTTP/1.1" 200 31581
179.19.0.98 - - [06/Dec/2022:12:19:26 -0500] "POST /sipse/faces/presentacion/financiero/solicitudProceso/listarSolicitudProceso.xhtml HTTP/1.1" 200 31581
179.19.0.98 - - [06/Dec/2022:12:19:27 -0500] "POST /sipse/faces/presentacion/financiero/solicitudProceso/listarSolicitudProceso.xhtml HTTP/1.1" 200 31581
179.19.0.98 - - [06/Dec/2022:12:19:27 -0500] "POST /sipse/faces/presentacion/financiero/solicitudProceso/listarSolicitudProceso.xhtml HTTP/1.1" 200 31581
179.19.0.98 - - [06/Dec/2022:12:19:28 -0500] "POST /sipse/faces/presentacion/financiero/solicitudProceso/listarSolicitudProceso.xhtml HTTP/1.1" 200 31581
179.19.0.98 - - [06/Dec/2022:12:19:28 -0500] "POST /sipse/faces/presentacion/financiero/solicitudProceso/listarSolicitudProceso.xhtml HTTP/1.1" 200 31581
179.19.0.98 - - [06/Dec/2022:12:19:16 -0500] "POST /sipse/faces/presentacion/financiero/solicitudProceso/listarSolicitudProceso.xhtml HTTP/1.1" 200 7797
179.19.0.98 - - [06/Dec/2022:12:19:29 -0500] "POST /sipse/faces/presentacion/financiero/solicitudProceso/listarSolicitudProceso.xhtml HTTP/1.1" 200 31581
186.155.19.39 - - [06/Dec/2022:12:19:29 -0500] "POST /appsia/controlador HTTP/1.1" 200 10977
179.19.0.98 - - [06/Dec/2022:12:19:29 -0500] "POST /sipse/faces/presentacion/financiero/solicitudProceso/listarSolicitudProceso.xhtml HTTP/1.1" 200 31581
172.22.2.4 - - [06/Dec/2022:12:19:30 -0500] "GET /BLA/boletinlegal/actos.php HTTP/1.1" 200 9566
172.22.2.4 - - [06/Dec/2022:12:19:30 -0500] "GET /BLA/boletinlegal/styles2.css HTTP/1.1" 200 1838
172.22.2.4 - - [06/Dec/2022:12:19:30 -0500] "GET /BLA/boletinlegal/js/ajax_actos.js HTTP/1.1" 200 1322
179.19.0.98 - - [06/Dec/2022:12:19:30 -0500] "POST /sipse/faces/presentacion/financiero/solicitudProceso/listarSolicitudProceso.xhtml HTTP/1.1" 200 31581
172.22.2.4 - - [06/Dec/2022:12:19:31 -0500] "GET /BLA/boletinlegal/niceforms-default.css HTTP/1.1" 200 6694
172.22.2.4 - - [06/Dec/2022:12:19:31 -0500] "GET /BLA/boletinlegal/style.css HTTP/1.1" 200 9406
172.22.2.4 - - [06/Dec/2022:12:19:31 -0500] "GET /BLA/boletinlegal/niceforms.js HTTP/1.1" 200 22876
172.22.2.4 - - [06/Dec/2022:12:19:31 -0500] "GET /BLA/boletinlegal/js/lib.js HTTP/1.1" 200 6474
172.22.2.4 - - [06/Dec/2022:12:19:31 -0500] "GET /BLA/boletinlegal/js/popup.js HTTP/1.1" 200 1270
172.22.2.4 - - [06/Dec/2022:12:19:31 -0500] "GET /BLA/boletinlegal/js/jquery1.js HTTP/1.1" 200 29846
179.19.0.98 - - [06/Dec/2022:12:19:31 -0500] "POST /sipse/faces/presentacion/financiero/solicitudProceso/listarSolicitudProceso.xhtml HTTP/1.1" 200 31581
172.22.2.4 - - [06/Dec/2022:12:19:31 -0500] "GET /BLA/boletinlegal/images/cabezote%20BLEGAL.jpg HTTP/1.1" 200 118164
172.22.2.4 - - [06/Dec/2022:12:19:31 -0500] "GET /BLA/boletinlegal/images/subscribe-icon-big.png HTTP/1.1" 200 47702
172.22.2.4 - - [06/Dec/2022:12:19:31 -0500] "GET /BLA/boletinlegal/images/historia.png HTTP/1.1" 200 52775
172.22.2.4 - - [06/Dec/2022:12:19:31 -0500] "GET /BLA/boletinlegal/images/registro-usuarios.png HTTP/1.1" 200 8106
172.22.2.4 - - [06/Dec/2022:12:19:31 -0500] "GET /BLA/boletinlegal/images/green-yellow-blue-pink-th.png HTTP/1.1" 200 7394
172.22.2.4 - - [06/Dec/2022:12:19:31 -0500] "GET /BLA/boletinlegal/images/tel.png HTTP/1.1" 200 14477
179.19.0.98 - - [06/Dec/2022:12:19:31 -0500] "POST /sipse/faces/presentacion/financiero/solicitudProceso/listarSolicitudProceso.xhtml HTTP/1.1" 200 31581
172.22.2.4 - - [06/Dec/2022:12:19:32 -0500] "GET /BLA/boletinlegal/images/body_bg.jpg HTTP/1.1" 200 1601
172.22.2.4 - - [06/Dec/2022:12:19:32 -0500] "GET /BLA/boletinlegal/images/footer_bg.jpg HTTP/1.1" 200 586
172.22.2.4 - - [06/Dec/2022:12:19:32 -0500] "GET /BLA/boletinlegal/images/menu_rght.gif HTTP/1.1" 200 1627
179.19.0.98 - - [06/Dec/2022:12:19:32 -0500] "POST /sipse/faces/presentacion/financiero/solicitudProceso/listarSolicitudProceso.xhtml HTTP/1.1" 200 31581
172.22.2.4 - - [06/Dec/2022:12:19:32 -0500] "GET /BLA/boletinlegal/images/menu_lft.gif HTTP/1.1" 200 1713
172.22.2.4 - - [06/Dec/2022:12:19:32 -0500] "GET /BLA/boletinlegal/images/bg_top.jpg HTTP/1.1" 200 522
172.22.2.4 - - [06/Dec/2022:12:19:32 -0500] "GET /BLA/boletinlegal/images/menu_bg.jpg HTTP/1.1" 200 620
172.22.2.4 - - [06/Dec/2022:12:19:33 -0500] "GET /BLA/boletinlegal/images/text.jpg HTTP/1.1" 200 568
179.19.0.98 - - [06/Dec/2022:12:19:32 -0500] "POST /sipse/faces/presentacion/financiero/solicitudProceso/listarSolicitudProceso.xhtml HTTP/1.1" 200 31581
172.22.2.4 - - [06/Dec/2022:12:19:33 -0500] "GET /BLA/boletinlegal/images/hover.jpg HTTP/1.1" 200 640
172.22.2.4 - - [06/Dec/2022:12:19:33 -0500] "GET /BLA/boletinlegal/images/footer_bg_l.jpg HTTP/1.1" 200 776
172.22.2.4 - - [06/Dec/2022:12:19:33 -0500] "GET /BLA/boletinlegal/images/icono-email.png HTTP/1.1" 200 5544
172.22.2.4 - - [06/Dec/2022:12:19:33 -0500] "GET /BLA/boletinlegal/img/0.png HTTP/1.1" 200 110
172.22.2.4 - - [06/Dec/2022:12:19:33 -0500] "GET /BLA/boletinlegal/img/select-left.png HTTP/1.1" 200 263
172.22.2.4 - - [06/Dec/2022:12:19:33 -0500] "GET /BLA/boletinlegal/img/select-right.png HTTP/1.1" 200 44019
172.22.2.4 - - [06/Dec/2022:12:19:33 -0500] "GET /BLA/boletinlegal/img/button-left.png HTTP/1.1" 200 57071
172.22.2.4 - - [06/Dec/2022:12:19:33 -0500] "GET /BLA/boletinlegal/img/button.png HTTP/1.1" 200 43241
172.22.2.4 - - [06/Dec/2022:12:19:33 -0500] "GET /BLA/boletinlegal/img/button-right.png HTTP/1.1" 200 57878
179.19.0.98 - - [06/Dec/2022:12:19:33 -0500] "POST /sipse/faces/presentacion/financiero/solicitudProceso/listarSolicitudProceso.xhtml HTTP/1.1" 200 31581
186.155.19.39 - - [06/Dec/2022:12:19:32 -0500] "POST /appsia/controlador HTTP/1.1" 200 75947
179.19.0.98 - - [06/Dec/2022:12:19:33 -0500] "POST /sipse/faces/presentacion/financiero/solicitudProceso/listarSolicitudProceso.xhtml HTTP/1.1" 200 31581
179.19.0.98 - - [06/Dec/2022:12:19:34 -0500] "POST /sipse/faces/presentacion/financiero/solicitudProceso/listarSolicitudProceso.xhtml HTTP/1.1" 200 31581
179.19.0.98 - - [06/Dec/2022:12:19:34 -0500] "POST /sipse/faces/presentacion/financiero/solicitudProceso/listarSolicitudProceso.xhtml HTTP/1.1" 200 31581
179.19.0.98 - - [06/Dec/2022:12:19:35 -0500] "POST /sipse/faces/presentacion/financiero/solicitudProceso/listarSolicitudProceso.xhtml HTTP/1.1" 200 31581
179.19.0.98 - - [06/Dec/2022:12:19:36 -0500] "POST /sipse/faces/presentacion/financiero/solicitudProceso/listarSolicitudProceso.xhtml HTTP/1.1" 200 31581
179.19.0.98 - - [06/Dec/2022:12:19:37 -0500] "POST /sipse/faces/presentacion/financiero/solicitudProceso/listarSolicitudProceso.xhtml HTTP/1.1" 200 1420
179.19.0.98 - - [06/Dec/2022:12:19:37 -0500] "POST /sipse/faces/presentacion/financiero/solicitudProceso/listarSolicitudProceso.xhtml HTTP/1.1" 200 1420
179.19.0.98 - - [06/Dec/2022:12:19:38 -0500] "POST /sipse/faces/presentacion/financiero/solicitudProceso/listarSolicitudProceso.xhtml HTTP/1.1" 200 1420
179.19.0.98 - - [06/Dec/2022:12:19:38 -0500] "POST /sipse/faces/presentacion/financiero/solicitudProceso/listarSolicitudProceso.xhtml HTTP/1.1" 200 1420
179.19.0.98 - - [06/Dec/2022:12:19:39 -0500] "POST /sipse/faces/presentacion/financiero/solicitudProceso/listarSolicitudProceso.xhtml HTTP/1.1" 200 1424
179.19.0.98 - - [06/Dec/2022:12:19:39 -0500] "POST /sipse/faces/presentacion/financiero/solicitudProceso/listarSolicitudProceso.xhtml HTTP/1.1" 200 1420
136.243.228.197 - - [06/Dec/2022:12:19:41 -0500] "GET /BLA/resoluciones/index.php?dir=AUTOS+2006/AUTOS+2006+2701+-+2800/ HTTP/1.1" 200 22410
