201.245.192.253 - - [06/Dec/2022:09:42:17 -0500] "GET /sipse/faces/javax.faces.resource/layout/layout.js?ln=primefaces&v=4.0 HTTP/1.1" 304 -
201.245.192.253 - - [06/Dec/2022:09:42:17 -0500] "GET /sipse/faces/javax.faces.resource/fileupload/fileupload.js?ln=primefaces&v=4.0 HTTP/1.1" 304 -
114.119.128.50 - - [06/Dec/2022:09:42:19 -0500] "GET /BLA/resoluciones/RESOLUCIONES%202017/0158.pdf HTTP/1.1" 200 2480347
201.245.192.253 - - [06/Dec/2022:09:42:23 -0500] "POST /sipse/faces/presentacion/financiero/solicitudProceso/detalleSolicitudProcesoOtrosPagos.xhtml HTTP/1.1" 200 24394
201.245.192.253 - - [06/Dec/2022:09:42:24 -0500] "GET /sipse/faces/javax.faces.resource/jquery/jquery.js?ln=primefaces&v=4.0 HTTP/1.1" 304 -
201.245.192.253 - - [06/Dec/2022:09:42:24 -0500] "GET /sipse/faces/javax.faces.resource/jquery/jquery-plugins.js?ln=primefaces&v=4.0 HTTP/1.1" 304 -
201.245.192.253 - - [06/Dec/2022:09:42:24 -0500] "GET /sipse/faces/javax.faces.resource/primefaces.js?ln=primefaces&v=4.0 HTTP/1.1" 304 -
201.245.192.253 - - [06/Dec/2022:09:42:24 -0500] "GET /sipse/faces/javax.faces.resource/layout/layout.js?ln=primefaces&v=4.0 HTTP/1.1" 304 -
136.243.228.197 - - [06/Dec/2022:09:42:25 -0500] "GET /BLA/resoluciones/index.php?dir=RESOLUCIONES%201999/&sort=size&order=asc HTTP/1.1" 200 10377
201.245.192.253 - - [06/Dec/2022:09:42:28 -0500] "POST /sipse/faces/presentacion/financiero/solicitudProceso/consultarHistorialSolProceso.xhtml HTTP/1.1" 200 58962
201.245.192.253 - - [06/Dec/2022:09:42:29 -0500] "GET /sipse/faces/javax.faces.resource/theme.css?ln=primefaces-sipse HTTP/1.1" 304 -
201.245.192.253 - - [06/Dec/2022:09:42:29 -0500] "GET /sipse/faces/javax.faces.resource/primefaces.css?ln=primefaces&v=4.0 HTTP/1.1" 304 -
201.245.192.253 - - [06/Dec/2022:09:42:29 -0500] "GET /sipse/faces/javax.faces.resource/jquery/jquery.js?ln=primefaces&v=4.0 HTTP/1.1" 304 -
201.245.192.253 - - [06/Dec/2022:09:42:29 -0500] "GET /sipse/faces/javax.faces.resource/layout/layout.css?ln=primefaces&v=4.0 HTTP/1.1" 304 -
201.245.192.253 - - [06/Dec/2022:09:42:29 -0500] "GET /sipse/faces/javax.faces.resource/jquery/jquery-plugins.js?ln=primefaces&v=4.0 HTTP/1.1" 304 -
201.245.192.253 - - [06/Dec/2022:09:42:29 -0500] "GET /sipse/faces/javax.faces.resource/primefaces.js?ln=primefaces&v=4.0 HTTP/1.1" 304 -
201.245.192.253 - - [06/Dec/2022:09:42:29 -0500] "GET /sipse/faces/javax.faces.resource/layout/layout.js?ln=primefaces&v=4.0 HTTP/1.1" 304 -
201.245.192.253 - - [06/Dec/2022:09:42:29 -0500] "GET /sipse/faces/javax.faces.resource/fileupload/fileupload.css?ln=primefaces&v=4.0 HTTP/1.1" 304 -
201.245.192.253 - - [06/Dec/2022:09:42:29 -0500] "GET /sipse/faces/javax.faces.resource/fileupload/fileupload.js?ln=primefaces&v=4.0 HTTP/1.1" 304 -
201.245.192.253 - - [06/Dec/2022:09:42:29 -0500] "GET /sipse/faces/javax.faces.resource/images/ui-icons_898989_256x240.png?ln=primefaces-aristo HTTP/1.1" 304 -
172.22.2.4 - - [06/Dec/2022:09:42:44 -0500] "GET /BLA/boletinlegal/jurisprudencia/analisis/CUADRO%20SENTENCIA%20T-299%20DE%202008.doc HTTP/1.1" 200 40960
216.245.221.92 - - [06/Dec/2022:09:42:44 -0500] "HEAD / HTTP/1.1" 200 -
136.243.228.197 - - [06/Dec/2022:09:42:46 -0500] "GET /BLA/resoluciones/index.php?dir=RESOLUCIONES+2003/RES+2003+551-600/ HTTP/1.1" 200 11305
186.102.0.137 - - [06/Dec/2022:09:43:03 -0500] "GET /kwssiamovil/sm/ldap/au?x=U2FsdGVkX19R6GprRH2HY/3pr4VAiqCZCT0Dq85UYprXFPCK29HfNp7cZv+2mF0u&y=U2FsdGVkX19N3oBXBGCcpZO7+iy1X4NlSDNTalR0LLA= HTTP/1.1" 502 1344
162.55.38.160 - - [06/Dec/2022:09:43:03 -0500] "GET / HTTP/1.1" 200 319
186.102.0.137 - - [06/Dec/2022:09:43:05 -0500] "GET /kwssiamovil/sm/ldap/au?x=U2FsdGVkX1/ZOUUzxIoKSDVAzBKjsJV36NrqnHCof0IKMKbxRnybFvmqdtqFU8/2&y=U2FsdGVkX18wBxCYyGmah7v/xlr4NJpTJm8AR0DeCdY= HTTP/1.1" 200 30
186.102.0.137 - - [06/Dec/2022:09:43:05 -0500] "GET /kwssiamovil/sm/acme/s?s=U2FsdGVkX1+xKzbelU3xT1/L1W10VweYIqy6HY5SCWIFmcyVfEwqFZNWUqsbD8uLOv+uMTgz6ADTu2FZ1QyG4D/aLzj09saBgMC6zONk7Bs=&u=U2FsdGVkX19yT3U8NVhEV0Vy2YReeDHxdUAz3+XSazc=&y=U2FsdGVkX18wBxCYyGmah7v/xlr4NJpTJm8AR0DeCdY= HTTP/1.1" 200 97
186.102.0.137 - - [06/Dec/2022:09:43:05 -0500] "GET /kwssiamovil/sm/acme/s?s=U2FsdGVkX18b5BQnZu0YKtZlBdarnB7VpPJYP4uti/4OElJBQuZjMR/aOvp2J3vvbYhJAH4M8tYvTufKLVd1Ys+M/A8K4+7gY+V5uEknmg2SDz5hGFAcOp6Tl2U88U2x6ABr9qQ39SzK7RdcnyQ1eBw9vnAd6a0Ebxnep3wXZoGbcHppWC23r+CDdWyM965YTyJob3uEFGSJy/5cEhE2ZKeMsviPAzA3bRI5rKndEIK919AaFehdZ9p+UEdAJi0AzFQVD6Xmb5+XLfVwtwe8r03FA9ON67oi8LgBhTEaVpkUDCGLg2Qx2dXygZuilljgpyV2wmSb96HrpRKW1xeEyhW0FBE2eNK4zc2lvXMXn8KGcBdK30jHboO3Q1a7EODhi/2s40EFmSECtVyVfEFrS48WJbBOwW1zf31SnVYJjgMEVGVuoJXD+wcw3PjkbqNAX6kKdROKShApxNUQW8KatBtyz3kC6t9tzruzN1pWp5eNl0p0jjG4wfIUsXZhVkjTRmTjjuWZRk8EZy7Uo3YIAJb9FJWmSEoeMoYg6VzUEGOTTs1+L2DTEFlqOSCtQM0vteFaIhajtVHFnp/UtHwFNzFkLbVfrslSbMEZnGH04nbSZ6vGrPTJKlkTgDzVudGrtS+0K8FZsBZa7R8MX6VhBlu8Giq//mAyfKOT28untnXHmXR1ajd8KJDN1FkJk4XCnaj6P6IDdhnZUKyvYVifiBEOjbhwimyv87S17/PsOww8Wsm2DQGn2yqNmcVYDfRjROuk6LqIIZ7qkvaifuiwFtQKm2PjdDlOUQy0j2OCKxfBvczmXtdnHQ7uK6GWUe+LtE6KBk0124FWpYcOwAF8GsCoC/DLeFGgAk99SE+rkWmaHIeWaxQ5SZqhW+IQD9/ooG5EvxagPRaz0aIScraxeq0vZxrnzqnqEkrBO4hAFyIyGNIoO+NvJ8aAcVSoCFgSsbeW+YXpUQqsfnRWYKZkZ74JyVrzJb0Ts4sFBx31YVVhjVRlAhL/Dj4/9JWizJ0U9fFW5dYnB2cjQgcmylv1nTkM7KvnX5h35wk79Sc9AZybp431W5ZrjkuioFTnoRbwZzYklyJWo8Qstp8tpKgLckzNEdjlsyW2G/9nQ5T8ceTvbk2i74BLEtqW6RyyP/1x6qXwg4ri900ebW8Wbl6WeD/+GHoAe0Yn2fBW56aRVv4oamPg+P/rG0fmaY6muNq4H6YV0UFFKw00j+HnK8kQxd8U90FF9cvqALE+VPfstQGGMVqUHi6eeTEF5SZQA29buplQqijAVv9rAcxpNa9zc1GjD5cvI3oJfn8mesD6yfiaySxEorXdTHgd+JVQ4LclAoQEREVkMeTUVKkGPkSfq8tgS1cNib3CkPF65dXYsdUsDX2ZX8gv14x1RVzjAPGx7IqmPoBZI9XC6fbXO5NBeHpRB+6ZA7Q36IXt2ilrDRY=&u=U2FsdGVkX19yT3U8NVhEV0Vy2YReeDHxdUAz3+XSazc=&y=U2FsdGVkX18wBxCYyGmah7v/xlr4NJpTJm8AR0DeCdY= HTTP/1.1" 200 1502
186.102.0.137 - - [06/Dec/2022:09:43:05 -0500] "GET /kwssiamovil/sm/acme/s?s=U2FsdGVkX1/8+qWKZ7zUqa8IWu6t0kjOOMDSlqOkdkutpfNjoD491nIYlOna30DO595d+ydyAakvRciijkA9SuLUrBqVjWNwTN3HLktm6AuzkcSl+qRIH3GLOFQreXXHxfXiJqxR/o8xXvqWCgevCk3ckXhG4IdPaY1ew4qlXM0aNa2vH4P3gUiHygV5gc3vGguRSlBQevRjXaebMZXi9TtexN122RQ7D7MuEzh75aiyZ2qhwf3YQ3mWRZNXTSNstR8OKKinrjc8zdqRziikXaZPRil45HhzVQ0HTxDn5nGS5kGbcB4miejOsgBzwG6uc+ukH1PGuaSMWP7KeZAwtg==&u=U2FsdGVkX19yT3U8NVhEV0Vy2YReeDHxdUAz3+XSazc=&y=U2FsdGVkX18wBxCYyGmah7v/xlr4NJpTJm8AR0DeCdY= HTTP/1.1" 200 327
186.102.0.137 - - [06/Dec/2022:09:43:06 -0500] "GET /kwssiamovil/sm/cjson/pre?f=9&x=U2FsdGVkX1/ZOUUzxIoKSDVAzBKjsJV36NrqnHCof0IKMKbxRnybFvmqdtqFU8/2 HTTP/1.1" 200 25142
186.102.0.137 - - [06/Dec/2022:09:43:06 -0500] "GET /kwssiamovil/sm/cjson/pre?f=18&x=U2FsdGVkX1/ZOUUzxIoKSDVAzBKjsJV36NrqnHCof0IKMKbxRnybFvmqdtqFU8/2 HTTP/1.1" 200 32849
136.243.228.197 - - [06/Dec/2022:09:43:08 -0500] "GET /BLA/resoluciones/index.php?dir=RESOLUCIONES+2003/RES+2003+451-500/ HTTP/1.1" 200 11311
116.202.20.140 - - [06/Dec/2022:09:43:14 -0500] "GET / HTTP/1.1" 200 319
172.22.2.4 - - [06/Dec/2022:09:43:14 -0500] "POST /BLA/boletinlegal/admin/actos/ingresar.php HTTP/1.1" 200 7236
114.119.151.179 - - [06/Dec/2022:09:43:26 -0500] "GET /autoliquidacion/index.php?dir=TR%C3%83%C2%83%C3%82%C2%AF%C3%83%C2%82%C3%82%C2%BF%C3%83%C2%82%C3%82%C2%BDMITES%2BMINER%C3%83%C2%83%C3%82%C2%AF%C3%83%C2%82%C3%82%C2%BF%C3%83%C2%82%C3%82%C2%BDA/&sort=date&order=asc HTTP/1.1" 200 6970
136.243.228.197 - - [06/Dec/2022:09:43:29 -0500] "GET /BLA/resoluciones/index.php?dir=AUTOS+2020/ HTTP/1.1" 200 326981
186.102.0.137 - - [06/Dec/2022:09:43:37 -0500] "GET /kwssiamovil/sm/acme/s?s=U2FsdGVkX1+qoxxGT/ZJ4OlKOKZqHKE8vYCM92PtDfxZfRB6UG4Ty51ibVHdVwsTKi4ANm9RUQEN3RclsQ6PDKmHW91SzD7HLwVxfxCH64GGwJlgNVj3f4w8GsIOplot7YfYFROAqV3k9SzAgrhPUfsuqGgI8UWrXDauo7n2INmLqEV4wMiEinRR5yFx53f6TpUwTGuoiCDwS/B4xlgLMefCBiR0mdVxCupeltQdczrGr/dzChxvWgtnN772PVg4KUziXUFSCvF3uW+pHsw0xawBCoG8Fp4/BsjdrQqx5yiDeJyZHd3na22axC/0EbDCU5LBejmb4031NKXUQBbydOE39G4ZdLFytlTPPQdWrZNM9mJXK5CQbA8TBKHiJFkZ&u=U2FsdGVkX19yT3U8NVhEV0Vy2YReeDHxdUAz3+XSazc=&y=U2FsdGVkX18wBxCYyGmah7v/xlr4NJpTJm8AR0DeCdY= HTTP/1.1" 200 91
186.102.0.137 - - [06/Dec/2022:09:43:37 -0500] "GET /kwssiamovil/sm/acme/s?s=U2FsdGVkX19/v4XwFN9V3ybuKbVsSQaxf1IMyGyO14MG+yrIMpmq/hzAkQdoPG9xtdxtibzqVUyn6QHoOoPebD6yPRhkeqV8MjdNFfVwpBdTw8ObTs3EecQgXQT03rf+ESicfUlMZh84a58IZ4zq1QOIHxbaEprK4yJjDxMvOSc9uG4KejviWBfNP4NF2OkojJiyGkd2BbpiXZIeUc79DThG2RlXQzZ3xeQX++QL/W2fcnmFW35qvuxQ+zU1FoxordRQFL7p2XUHQMB5FwAHlUm40u9GS4HMMyVfBTrnRrQYbCkJ0hisM7LoG2Q/p+/YVpHzGKMEK8pazTAX66fIveZqlH9Wbp8gt5zSWBfTmqnuPICC9MLid4x3/SH+eIKcETONwiW3WXL9cJQsTrYdy5kvKhq4+Rdze7uTSfgJCKpqe/KbK9kSzymC0wYRJgvMmUihPqHQVOyJ+ED28bGQEQ==&u=U2FsdGVkX19yT3U8NVhEV0Vy2YReeDHxdUAz3+XSazc=&y=U2FsdGVkX18wBxCYyGmah7v/xlr4NJpTJm8AR0DeCdY= HTTP/1.1" 200 91
186.102.0.137 - - [06/Dec/2022:09:43:37 -0500] "OPTIONS /kwssiamovil/sm/setfile/f? HTTP/1.1" 200 13
185.119.81.102 - - [06/Dec/2022:09:43:37 -0500] "GET /portaldeninos/wp-login.php HTTP/1.1" 200 2592
185.119.81.102 - - [06/Dec/2022:09:43:38 -0500] "POST /portaldeninos/wp-login.php HTTP/1.1" 200 3605
201.245.192.253 - - [06/Dec/2022:09:43:39 -0500] "POST /kwsrmcab/Wsrmcab  HTTP/1.1" 502 1155
186.145.91.234 - - [06/Dec/2022:09:43:41 -0500] "POST /sipse/faces/presentacion/financiero/solicitudProceso/listarSolicitudProceso.xhtml HTTP/1.1" 200 122373
186.145.91.234 - - [06/Dec/2022:09:43:43 -0500] "GET /sipse/faces/javax.faces.resource/theme.css?ln=primefaces-sipse HTTP/1.1" 304 -
186.102.0.137 - - [06/Dec/2022:09:43:37 -0500] "POST /kwssiamovil/sm/setfile/f? HTTP/1.1" 200 381
186.145.91.234 - - [06/Dec/2022:09:43:43 -0500] "GET /sipse/faces/javax.faces.resource/jquery/jquery.js?ln=primefaces&v=4.0 HTTP/1.1" 304 -
186.145.91.234 - - [06/Dec/2022:09:43:43 -0500] "GET /sipse/faces/javax.faces.resource/layout/layout.css?ln=primefaces&v=4.0 HTTP/1.1" 304 -
186.145.91.234 - - [06/Dec/2022:09:43:43 -0500] "GET /sipse/faces/javax.faces.resource/primefaces.css?ln=primefaces&v=4.0 HTTP/1.1" 304 -
186.145.91.234 - - [06/Dec/2022:09:43:43 -0500] "GET /sipse/faces/javax.faces.resource/jquery/jquery-plugins.js?ln=primefaces&v=4.0 HTTP/1.1" 304 -
186.145.91.234 - - [06/Dec/2022:09:43:43 -0500] "GET /sipse/faces/javax.faces.resource/primefaces.js?ln=primefaces&v=4.0 HTTP/1.1" 304 -
186.145.91.234 - - [06/Dec/2022:09:43:43 -0500] "GET /sipse/faces/javax.faces.resource/layout/layout.js?ln=primefaces&v=4.0 HTTP/1.1" 304 -
186.102.0.137 - - [06/Dec/2022:09:43:44 -0500] "OPTIONS /kwssiamovil/sm/setfile/f? HTTP/1.1" 200 13
186.145.91.234 - - [06/Dec/2022:09:43:49 -0500] "POST /sipse/faces/presentacion/financiero/solicitudProceso/consultarSolicitudProceso.xhtml HTTP/1.1" 200 37429
136.243.228.197 - - [06/Dec/2022:09:43:49 -0500] "GET /BLA/resoluciones/index.php?dir=RESOLUCIONES+2003/RES+2003+2101-2150/ HTTP/1.1" 200 12160
186.145.91.234 - - [06/Dec/2022:09:43:49 -0500] "GET /sipse/faces/javax.faces.resource/theme.css?ln=primefaces-sipse HTTP/1.1" 304 -
186.145.91.234 - - [06/Dec/2022:09:43:49 -0500] "GET /sipse/faces/javax.faces.resource/layout/layout.css?ln=primefaces&v=4.0 HTTP/1.1" 304 -
186.145.91.234 - - [06/Dec/2022:09:43:49 -0500] "GET /sipse/faces/javax.faces.resource/primefaces.css?ln=primefaces&v=4.0 HTTP/1.1" 304 -
186.145.91.234 - - [06/Dec/2022:09:43:49 -0500] "GET /sipse/faces/javax.faces.resource/jquery/jquery.js?ln=primefaces&v=4.0 HTTP/1.1" 304 -
186.145.91.234 - - [06/Dec/2022:09:43:49 -0500] "GET /sipse/faces/javax.faces.resource/jquery/jquery-plugins.js?ln=primefaces&v=4.0 HTTP/1.1" 304 -
186.145.91.234 - - [06/Dec/2022:09:43:50 -0500] "GET /sipse/faces/javax.faces.resource/primefaces.js?ln=primefaces&v=4.0 HTTP/1.1" 304 -
186.145.91.234 - - [06/Dec/2022:09:43:50 -0500] "GET /sipse/faces/javax.faces.resource/layout/layout.js?ln=primefaces&v=4.0 HTTP/1.1" 304 -
186.102.0.137 - - [06/Dec/2022:09:43:44 -0500] "POST /kwssiamovil/sm/setfile/f? HTTP/1.1" 200 381
186.102.0.137 - - [06/Dec/2022:09:43:51 -0500] "OPTIONS /kwssiamovil/sm/setfile/f? HTTP/1.1" 200 13
186.145.91.234 - - [06/Dec/2022:09:43:54 -0500] "POST /sipse/faces/presentacion/contratacion/contrato/registroPresupuestal/expedirRP.xhtml HTTP/1.1" 200 2240
186.145.91.234 - - [06/Dec/2022:09:43:57 -0500] "GET /sipse/faces/javax.faces.resource/primefaces.css?ln=primefaces&v=4.0 HTTP/1.1" 304 -
186.145.91.234 - - [06/Dec/2022:09:43:57 -0500] "GET /sipse/faces/javax.faces.resource/layout/layout.css?ln=primefaces&v=4.0 HTTP/1.1" 304 -
186.145.91.234 - - [06/Dec/2022:09:43:57 -0500] "GET /sipse/faces/javax.faces.resource/theme.css?ln=primefaces-sipse HTTP/1.1" 304 -
186.145.91.234 - - [06/Dec/2022:09:43:58 -0500] "GET /sipse/faces/javax.faces.resource/jquery/jquery.js?ln=primefaces&v=4.0 HTTP/1.1" 304 -
186.145.91.234 - - [06/Dec/2022:09:43:58 -0500] "GET /sipse/faces/javax.faces.resource/jquery/jquery-plugins.js?ln=primefaces&v=4.0 HTTP/1.1" 304 -
186.145.91.234 - - [06/Dec/2022:09:43:58 -0500] "GET /sipse/faces/javax.faces.resource/layout/layout.js?ln=primefaces&v=4.0 HTTP/1.1" 304 -
186.145.91.234 - - [06/Dec/2022:09:43:58 -0500] "GET /sipse/faces/javax.faces.resource/primefaces.js?ln=primefaces&v=4.0 HTTP/1.1" 304 -
186.145.91.234 - - [06/Dec/2022:09:43:57 -0500] "POST /sipse/faces/presentacion/contratacion/contrato/registroPresupuestal/expedirRP.xhtml HTTP/1.1" 200 20818
186.145.91.234 - - [06/Dec/2022:09:43:59 -0500] "GET /sipse/faces/javax.faces.resource/images/ui-icons_898989_256x240.png?ln=primefaces-aristo HTTP/1.1" 304 -
186.145.91.234 - - [06/Dec/2022:09:44:00 -0500] "GET /sipse/faces/javax.faces.resource/theme.css?ln=primefaces-sipse HTTP/1.1" 304 -
186.145.91.234 - - [06/Dec/2022:09:44:00 -0500] "GET /sipse/faces/javax.faces.resource/jquery/jquery.js?ln=primefaces&v=4.0 HTTP/1.1" 304 -
186.145.91.234 - - [06/Dec/2022:09:44:00 -0500] "GET /sipse/faces/javax.faces.resource/layout/layout.css?ln=primefaces&v=4.0 HTTP/1.1" 304 -
186.145.91.234 - - [06/Dec/2022:09:44:00 -0500] "GET /sipse/faces/javax.faces.resource/primefaces.css?ln=primefaces&v=4.0 HTTP/1.1" 304 -
186.145.91.234 - - [06/Dec/2022:09:44:00 -0500] "GET /sipse/faces/javax.faces.resource/jquery/jquery-plugins.js?ln=primefaces&v=4.0 HTTP/1.1" 304 -
186.145.91.234 - - [06/Dec/2022:09:44:00 -0500] "POST /sipse/faces/presentacion/contratacion/contrato/registroPresupuestal/consultarActividadesRP.xhtml HTTP/1.1" 200 22988
186.145.91.234 - - [06/Dec/2022:09:44:00 -0500] "GET /sipse/faces/javax.faces.resource/primefaces.js?ln=primefaces&v=4.0 HTTP/1.1" 304 -
186.145.91.234 - - [06/Dec/2022:09:44:00 -0500] "GET /sipse/faces/javax.faces.resource/layout/layout.js?ln=primefaces&v=4.0 HTTP/1.1" 304 -
186.102.0.137 - - [06/Dec/2022:09:43:51 -0500] "POST /kwssiamovil/sm/setfile/f? HTTP/1.1" 200 381
186.102.0.137 - - [06/Dec/2022:09:44:01 -0500] "OPTIONS /kwssiamovil/sm/setfile/f? HTTP/1.1" 200 13
186.102.0.137 - - [06/Dec/2022:09:44:02 -0500] "POST /kwssiamovil/sm/setfile/f? HTTP/1.1" 200 381
186.102.0.137 - - [06/Dec/2022:09:44:06 -0500] "OPTIONS /kwssiamovil/sm/setfile/f? HTTP/1.1" 200 13
186.145.91.234 - - [06/Dec/2022:09:44:08 -0500] "POST /sipse/faces/presentacion/contratacion/contrato/registroPresupuestal/asociarPresupuestoActividadesRP.xhtml HTTP/1.1" 200 37507
186.145.91.234 - - [06/Dec/2022:09:44:09 -0500] "GET /sipse/faces/javax.faces.resource/theme.css?ln=primefaces-sipse HTTP/1.1" 304 -
186.145.91.234 - - [06/Dec/2022:09:44:09 -0500] "GET /sipse/faces/javax.faces.resource/layout/layout.css?ln=primefaces&v=4.0 HTTP/1.1" 304 -
186.145.91.234 - - [06/Dec/2022:09:44:09 -0500] "GET /sipse/faces/javax.faces.resource/primefaces.css?ln=primefaces&v=4.0 HTTP/1.1" 304 -
186.145.91.234 - - [06/Dec/2022:09:44:09 -0500] "GET /sipse/faces/javax.faces.resource/jquery/jquery.js?ln=primefaces&v=4.0 HTTP/1.1" 304 -
186.145.91.234 - - [06/Dec/2022:09:44:09 -0500] "GET /sipse/faces/javax.faces.resource/jquery/jquery-plugins.js?ln=primefaces&v=4.0 HTTP/1.1" 304 -
186.145.91.234 - - [06/Dec/2022:09:44:09 -0500] "GET /sipse/faces/javax.faces.resource/primefaces.js?ln=primefaces&v=4.0 HTTP/1.1" 304 -
186.145.91.234 - - [06/Dec/2022:09:44:09 -0500] "GET /sipse/faces/javax.faces.resource/layout/layout.js?ln=primefaces&v=4.0 HTTP/1.1" 304 -
186.102.0.137 - - [06/Dec/2022:09:44:07 -0500] "POST /kwssiamovil/sm/setfile/f? HTTP/1.1" 200 381
136.243.228.197 - - [06/Dec/2022:09:44:09 -0500] "GET /BLA/resoluciones/index.php?dir=RESOLUCIONES%202003/&sort=date&order=asc HTTP/1.1" 200 31404
186.102.0.137 - - [06/Dec/2022:09:44:10 -0500] "OPTIONS /kwssiamovil/sm/setfile/f? HTTP/1.1" 200 13
186.102.0.137 - - [06/Dec/2022:09:44:10 -0500] "POST /kwssiamovil/sm/setfile/f? HTTP/1.1" 200 381
186.102.0.137 - - [06/Dec/2022:09:44:11 -0500] "GET /kwssiamovil/sm/acme/s?s=U2FsdGVkX19NC5NgIK9DuNUei+Vxe6CVcrHW/aDnPkgIbwLolJEb9e7PZ4RpMC5RL6oPBrROeOTY+CRAJ4QAPBkN3kZXHZjKQqzCSGtCozklAI6D9QSH0wcF54latVue04LQJSOdvbaXJMg7gKdShysdPySiGm8BvoD2Q7iAYkRGnl9Fo7Q9htIDorlDuYeKQr1T74f23nt3dHARKsFjWQxACjDEgGfPloWW+Sp8+LAgkpVK88RRwrfLggzf7jkWKgiUVnCOc653WW3hj/UNtR7mD/yf+76IF0NvOWOdgBW1NrPrEXv+PLVUAJ4fXvY4zjSzQrW2X6OIS2aNI+O5kHACQkev9A8ZYp0rxNbygp+iAf74XNzGvJK2BX4b9IGX&u=U2FsdGVkX19yT3U8NVhEV0Vy2YReeDHxdUAz3+XSazc=&y=U2FsdGVkX18wBxCYyGmah7v/xlr4NJpTJm8AR0DeCdY= HTTP/1.1" 200 91
186.102.0.137 - - [06/Dec/2022:09:44:12 -0500] "GET /kwssiamovil/sm/acme/s?s=U2FsdGVkX1+z2DzhTI5RzAq3UsaHDt4vReAs/kZfZCacdTDI/aDzeuaCNse4aNyJGY4o/aI/sm4MkHteOX2SpNJfDOBw+0nHPjEimGHsvbwEwpScLRpZgB5NuKsNT73m80IX1S49ITki4ehmHOK9Ouj2EGFBtQLTbSkmvauJEGLbEvH1fiObPrN4pgPM3Mwo8acRYYKjsTFPXJFMr97aZlZsi6sjdKP6DHh/JhwgyBAMRnQwVrLIlHL/nF+jvQD6RcBNRyITl6wwuMJ7XcI3xFsJpXW31SyhVD95oYn8/XDh7fzPb4ll95KeXO3sRLGmvXXQvVh7wAmHHnGZeVhpGo1XAeU4TXbbdfkc/JGCLnWdapo21o1iMyF/PMVs7x5iTXpGzy65OQv1R/bXovmYGwwcyYur3oDrLXgrGs959pyYCVMIkGpSNSffUNpdIZB0v6xHwQ35AXuBG80w40IUoA==&u=U2FsdGVkX19yT3U8NVhEV0Vy2YReeDHxdUAz3+XSazc=&y=U2FsdGVkX18wBxCYyGmah7v/xlr4NJpTJm8AR0DeCdY= HTTP/1.1" 200 91
186.145.91.234 - - [06/Dec/2022:09:44:21 -0500] "POST /sipse/faces/presentacion/contratacion/contrato/registroPresupuestal/expedirRP.xhtml HTTP/1.1" 200 124100
186.145.91.234 - - [06/Dec/2022:09:44:22 -0500] "GET /sipse/faces/javax.faces.resource/layout/layout.css?ln=primefaces&v=4.0 HTTP/1.1" 304 -
186.145.91.234 - - [06/Dec/2022:09:44:22 -0500] "GET /sipse/faces/javax.faces.resource/theme.css?ln=primefaces-sipse HTTP/1.1" 304 -
186.145.91.234 - - [06/Dec/2022:09:44:22 -0500] "GET /sipse/faces/javax.faces.resource/primefaces.css?ln=primefaces&v=4.0 HTTP/1.1" 304 -
186.145.91.234 - - [06/Dec/2022:09:44:22 -0500] "GET /sipse/faces/javax.faces.resource/jquery/jquery.js?ln=primefaces&v=4.0 HTTP/1.1" 304 -
186.145.91.234 - - [06/Dec/2022:09:44:22 -0500] "GET /sipse/faces/javax.faces.resource/jquery/jquery-plugins.js?ln=primefaces&v=4.0 HTTP/1.1" 304 -
186.145.91.234 - - [06/Dec/2022:09:44:22 -0500] "GET /sipse/faces/javax.faces.resource/primefaces.js?ln=primefaces&v=4.0 HTTP/1.1" 304 -
186.145.91.234 - - [06/Dec/2022:09:44:22 -0500] "GET /sipse/faces/javax.faces.resource/layout/layout.js?ln=primefaces&v=4.0 HTTP/1.1" 304 -
186.145.91.234 - - [06/Dec/2022:09:44:22 -0500] "GET /sipse/faces/javax.faces.resource/messages/messages.png?ln=primefaces&v=4.0 HTTP/1.1" 304 -
186.102.0.137 - - [06/Dec/2022:09:44:22 -0500] "GET /kwssiamovil/sm/acme/a?s=U2FsdGVkX19tS/Qt29h3u2kf9+ufoQlw+Hjdlefzzm+Xf9IGZDarRh3CYadNZw6DD9RsdFIOHesoTrQuW4psL0b6HHgwJ0/xjXACU66vSEKHyfYuO2fYms+mgr+Iq0ArcAMQgpZKCbBqSbOAOeK2Ns5ovTDmV5RbiF8euujRo8sOo/2yLNVG9AcxckMaqADIGQCOKfyUC/rNN6nFZfPWcCGWxo916JjpfHKiNssLkPmpUAHIKqe6UOnbphVtTFqymhrjcTaINVuyeZO1PbBFxQ==&u=U2FsdGVkX19yT3U8NVhEV0Vy2YReeDHxdUAz3+XSazc=&y=U2FsdGVkX18wBxCYyGmah7v/xlr4NJpTJm8AR0DeCdY= HTTP/1.1" 200 26
186.102.0.137 - - [06/Dec/2022:09:44:23 -0500] "GET /kwssiamovil/sm/acme/u?s=U2FsdGVkX18W+pcB8xi5iJ4wIe/D2yNZP+rppk9mMB5ZUjz3lm3egJUmjK7biiF70rF6DInalCpCLaiBcQe9z0Zo9TjtcT6S7PvKD3czWFmPe6Fzeh4kSZFnOOf8/l3B6omWKTjlyrF5yuT9QcKvag==&u=U2FsdGVkX19yT3U8NVhEV0Vy2YReeDHxdUAz3+XSazc=&y=U2FsdGVkX18wBxCYyGmah7v/xlr4NJpTJm8AR0DeCdY= HTTP/1.1" 200 60
186.102.0.137 - - [06/Dec/2022:09:44:23 -0500] "GET /kwssiamovil/sm/acme/a?s=U2FsdGVkX1+Wb2n12KUOkZpg5KTrT0dflaCgiu/SIHW1kxY7u4GHchHoU0WYfastd7GhTCvjTGDn+S96jqpJQVmegnnyNxtQhDVoLowq20FrXZMXVZXT0s0dWQDqtjebQu8z7HlPgALkOVWzkjTVMHVoHcgVbAYtMeLOMrxFrbEMQTaR308kYe/XxNk/zJmMTA49CoV/qrIU1pBg9il71ONioDYO3ZxYndO6QBnWuqbXWnd+TdBkIrazFFeBVIfB&u=U2FsdGVkX19yT3U8NVhEV0Vy2YReeDHxdUAz3+XSazc=&y=U2FsdGVkX18wBxCYyGmah7v/xlr4NJpTJm8AR0DeCdY= HTTP/1.1" 200 25
186.102.0.137 - - [06/Dec/2022:09:44:23 -0500] "GET /kwssiamovil/sm/acme/u?s=U2FsdGVkX1/wszm9A/2yxfozHXSOWkZLhYoyeNHP85YWH+j44WfC3rDcLINfqdYQoZagiY2TGICaYiZo0BzpYlWC0RUUNBWqPn3E0UyLWNof9G97+slNZK1ZLrpQ82uiMbBcgw+H6Sn1u36QLEIZFcJg2iqZ4Fhko1x3Dsu1r+1X8gBssf9uJwq/D5ytxQap8G3ayZon8uUzV7ohzprW8a/PXjKSwMmkUvS6b5wwchIiq5ghwEZkHH+UENyrMEFSK9AuQ7cTQq51dYTVt+ANuoptDwbhKFDoo3c4qKAdCZ4K4FM3S/9CfNPwDPslWFqKJYaMsyJMTWkVl3NzvuMe/43xY4aEmmcqs26Wl4tfRQVCCkR54LVU6FxyyrBnAVdoQIm+0MQxwSs+s/ztxC0fYotx1VWrQbrNrPjCieXyshScDhrzjjK4B1aisZy28eawRTN/zQOJhjVOSW+ck23B8ufz76Eiy4J4iULt+QU/pzP4HH361ymc2Z72P6Poq2dZViwid5moeXnvWaAjyJSHC6zQp7Fqfs3Zlv4Hymj7M7z5nIWDANnChEYQhla06feB2WHvjSV8hZVVpV0etnJxV83lLK2tPCZbmzmGChXS7RMKpSq1fO1sYgcb92tssmtWawPzaDb0gREg4rH7mzejNLoZbAhG/dqO+PnetLOTFcLrjvQ+oX+6IxCEGyra29Y429q8uc7vPtZMwMjtHJm3EcVK61IRhEosNUe0ZEzVT0QLQ7v0SB+ipK8RaF0zP0IR75UQubSgfdzIFXqTLjaFmmI7wVdGYjuG2DlGLoKn1MMyU8qvYbXE8vFyc9QJwAcHfBqzFiR/kfg745bpXMGY8H8K6gBSQxo6sB3D7kqKd0tNVlTuUCe3q/tlB8gXVIcX41sxLW+3jRWTLfWm92DbFy48oAjju+9cIAG5HHC12c28xOw4rWXYco9weEOAR6ZcN6PR3PO22rD6IfeEMq0JBGoZDRCUyEuHVtK0old2tySPOagggk28Z853hpLix5I6pmh/zpQL8xgPUSLoZDKFUCpo5f+Ne2xBbfriaUrfChPUQgqCvyNMQbADN5CtLyqb87j9kOAOtNRSLOnqRjLkOz3I7ltd5/HzYDSVLKD8+VetCy5fcNnZIuXjS+2+QIU1ubTRyMR15sftr1gFbmiuAgVHVmtGWLtgDEY/V/wmlBbBP05Bx0w8SyC2nknzXGfwEEJlAdtxZj8j4n20l4TBbg==&u=U2FsdGVkX19yT3U8NVhEV0Vy2YReeDHxdUAz3+XSazc=&y=U2FsdGVkX18wBxCYyGmah7v/xlr4NJpTJm8AR0DeCdY= HTTP/1.1" 200 60
186.102.0.137 - - [06/Dec/2022:09:44:23 -0500] "GET /kwssiamovil/sm/acme/a?s=U2FsdGVkX19AqjyXyZN3gus+8iHQTf8U+aF1Gq0fboM0WMp1M+t5+uqvm/1uOQOI6ty08XaXXGpb0QQPgbi3kRWMoEAMOMbcM4xN1NDXhz4m+mNRa/mImDk/VqxFvmSrPHgxFG6zjA92yqJdQzd+5zX3wQH3JWjT0t8ETkx1MkKMoKcMjbbwwkgKg71cn/vYwEP4kNDwdQbOlh6AutS0Jgk1g4YOeJPWQd3Sy9UPTjG6Pbm+kbg0R9GLxtEHXCeq&u=U2FsdGVkX19yT3U8NVhEV0Vy2YReeDHxdUAz3+XSazc=&y=U2FsdGVkX18wBxCYyGmah7v/xlr4NJpTJm8AR0DeCdY= HTTP/1.1" 200 25
186.102.0.137 - - [06/Dec/2022:09:44:24 -0500] "GET /kwssiamovil/sm/acme/a?s=U2FsdGVkX1/3CxcsAKvL3L4Bm35nDrQh+HVCheb43zt9bf0QX8tK/rUYzbv2p063ma6gPZfg3+xWRLOYMfTggiD9S3/Bx5JpWGtTev6NUGMytmYMxzjQmfMtQuOjUPhUsstoCl5A9vfRxN2mrIwbuYbAdoyFC122MhMybQsl+DI=&u=U2FsdGVkX19yT3U8NVhEV0Vy2YReeDHxdUAz3+XSazc=&y=U2FsdGVkX18wBxCYyGmah7v/xlr4NJpTJm8AR0DeCdY= HTTP/1.1" 200 26
186.102.0.137 - - [06/Dec/2022:09:44:24 -0500] "GET /kwssiamovil/sm/acme/a?s=U2FsdGVkX19RXKU6Oojq/MYH5BBd3RtpTWnbRTJTEFmgn4mY0rWjcDVWbbquaZ1n/S4wR/kUcPJwHW7tmwy9VNyWhPuvmaEw4bWcO5yg0x6Yx70/HsUuZCmKiY7cbKVADzFmSAe3/NMXtOJmAdVNJCWq86zVTEcWi/pobRXaeEtGEayp3Rpm94ozwm8SFZXf7D90ExxVQCopwOjRhUeK/ZmEHq01ZVgg7KmPnfWyPws=&u=U2FsdGVkX19yT3U8NVhEV0Vy2YReeDHxdUAz3+XSazc=&y=U2FsdGVkX18wBxCYyGmah7v/xlr4NJpTJm8AR0DeCdY= HTTP/1.1" 200 26
186.102.0.137 - - [06/Dec/2022:09:44:24 -0500] "GET /kwssiamovil/sm/acme/a?s=U2FsdGVkX18Y34e12R2/bMKt6HWyn/FjmskvTlj21jR27KUO5T5LOTad7ti6azotkLj51K+mlLrcMN49zn1LiIldx2ePNxZJi8Oaki3TPmURZ6DHsKpC68qQPEf3RxcPmhfYRCQNgOBY7F7qgayLzg77J5eoiuaaQMjzIpMFgatpS1CRp2HK4UoEp7wFywD7&u=U2FsdGVkX19yT3U8NVhEV0Vy2YReeDHxdUAz3+XSazc=&y=U2FsdGVkX18wBxCYyGmah7v/xlr4NJpTJm8AR0DeCdY= HTTP/1.1" 200 24
186.102.0.137 - - [06/Dec/2022:09:44:24 -0500] "GET /kwssiamovil/sm/acme/a?s=U2FsdGVkX1+9vQIo054vm12ZnVt3cD7es+aDJYQgG3ripoTEalcITRtkLzRvA61GrJrXbm8nqI1wqwXZ8HElZauJX7Z4AylbFTyuZ8djccU5wxo9dfRxFNLk96H5NJzNZQKNziZO51oRihq2aDGqmp47GGMkWAhUNU/HkW3hzkf5Ftlvmf4jbXACzERUX5rKy4fSZ09Rr+rsaXUeG3gmJ/zCqrDxj/BcEf00Oirvaz94/SS3YCdFdNBcik7sO+Tlf4ZUokE2mIwh5Bd0PMTcsCNvdFXckGrLKK9sXgEovdpYjHqJMn9JqJEQiu1A9cgVMrBl2APkXatdE67aUzxv0BkGqq0lQWW8gCQHZSZXeLYkB0lUD1G+NsyFFZj3LeM/BRMBvzsCow4JosrDyIzo+2wpy7oNzCSCV6pdB+zx0nkae9LD6eftdoLOazkXG9MJ&u=U2FsdGVkX19yT3U8NVhEV0Vy2YReeDHxdUAz3+XSazc=&y=U2FsdGVkX18wBxCYyGmah7v/xlr4NJpTJm8AR0DeCdY= HTTP/1.1" 200 24
186.102.0.137 - - [06/Dec/2022:09:44:25 -0500] "GET /kwssiamovil/sm/acme/a?s=U2FsdGVkX19MvsphsjoPBpY5vxKmseZnLWOTGX4zojDUFwDB5hK8wwiy0v98bTQuAVPVUX0bDs5xmbZ4zHmQMMvmx5QG2PWrPHqk11B3zQB+4aVKjuqx8PiTR8HPSI9uUxqd2ygsXCiaxUFqs1/JtGhjCSIZJHCWPPuG3u8gZ51bC1tflQbdFSdWdHMfqocb6Juh/X8UNkNB6mMG1VrdKRA3zmEyRXcVtVz4R/6h5k4=&u=U2FsdGVkX19yT3U8NVhEV0Vy2YReeDHxdUAz3+XSazc=&y=U2FsdGVkX18wBxCYyGmah7v/xlr4NJpTJm8AR0DeCdY= HTTP/1.1" 200 25
186.145.91.234 - - [06/Dec/2022:09:44:25 -0500] "POST /sipse/faces/presentacion/financiero/solicitudProceso/consultarSolicitudProceso.xhtml HTTP/1.1" 200 21205
186.145.91.234 - - [06/Dec/2022:09:44:25 -0500] "GET /sipse/faces/javax.faces.resource/theme.css?ln=primefaces-sipse HTTP/1.1" 304 -
186.145.91.234 - - [06/Dec/2022:09:44:25 -0500] "GET /sipse/faces/javax.faces.resource/primefaces.css?ln=primefaces&v=4.0 HTTP/1.1" 304 -
186.145.91.234 - - [06/Dec/2022:09:44:25 -0500] "GET /sipse/faces/javax.faces.resource/layout/layout.css?ln=primefaces&v=4.0 HTTP/1.1" 304 -
186.102.0.137 - - [06/Dec/2022:09:44:25 -0500] "GET /kwssiamovil/sm/acme/a?s=U2FsdGVkX1/A6zTgQNLDtY/4ti4kb0xaDGTrkMmNwvBNX1CvV2nx1IEmz5H0XrTDxKWlI+mhU7bh7ef/yHRKDyip+FmcSEjZPzo+CLNhp8jdGOhbvHPOJE0T5sHaw4kEaD6hRVpEvCOJXmvx7uaJus9SeUQ6Zn57onQ0PsufxU/1iXUU3vxX+qrjrSMsNrl0qJYqM40c6TXj8AY28m6cxQblMdoeQN3ZhqIyWXfVysju0+IJrKkQpoGih4BXAaKKE+sTEvro/V6YHy+tpMvhSIqXmj5m3yPrszZuZ9pHC/sWosGr60LN+6yTbGA1FL8iFhCmQILzBJHb5aPYJFenftJF9fQ54ItDGZdktpoIWw2VETcS7QWog39O5UOp49DLONZEVRMYvblfcqhHxvjCDA==&u=U2FsdGVkX19yT3U8NVhEV0Vy2YReeDHxdUAz3+XSazc=&y=U2FsdGVkX18wBxCYyGmah7v/xlr4NJpTJm8AR0DeCdY= HTTP/1.1" 200 25
186.145.91.234 - - [06/Dec/2022:09:44:25 -0500] "GET /sipse/faces/javax.faces.resource/fileupload/fileupload.css?ln=primefaces&v=4.0 HTTP/1.1" 304 -
186.145.91.234 - - [06/Dec/2022:09:44:25 -0500] "GET /sipse/faces/javax.faces.resource/jquery/jquery.js?ln=primefaces&v=4.0 HTTP/1.1" 304 -
186.145.91.234 - - [06/Dec/2022:09:44:25 -0500] "GET /sipse/faces/javax.faces.resource/jquery/jquery-plugins.js?ln=primefaces&v=4.0 HTTP/1.1" 304 -
186.145.91.234 - - [06/Dec/2022:09:44:25 -0500] "GET /sipse/faces/javax.faces.resource/primefaces.js?ln=primefaces&v=4.0 HTTP/1.1" 304 -
186.145.91.234 - - [06/Dec/2022:09:44:25 -0500] "GET /sipse/faces/javax.faces.resource/fileupload/fileupload.js?ln=primefaces&v=4.0 HTTP/1.1" 304 -
186.145.91.234 - - [06/Dec/2022:09:44:25 -0500] "GET /sipse/faces/javax.faces.resource/layout/layout.js?ln=primefaces&v=4.0 HTTP/1.1" 304 -
186.102.0.137 - - [06/Dec/2022:09:44:25 -0500] "GET /kwssiamovil/sm/acme/a?s=U2FsdGVkX1938dVngA/U8SnRBfM55F0VigGTnV15kCgmkPlmpoaDTjNTimtCic61zya0hVo1EpBoeB7pQpGVdxNK/ysiJjetYfn+7ySgV/MBfXTmtk40PuQKFS3W8aK7MJ76Noq564aV6xZ8DOStdbSpkNDDM1Clb/ckH2GdkLMq1uu+fiDm+1EvRsyXA9H+KqDAmuy24jGDg15FZn0o4A==&u=U2FsdGVkX19yT3U8NVhEV0Vy2YReeDHxdUAz3+XSazc=&y=U2FsdGVkX18wBxCYyGmah7v/xlr4NJpTJm8AR0DeCdY= HTTP/1.1" 200 26
186.102.0.137 - - [06/Dec/2022:09:44:25 -0500] "GET /kwssiamovil/sm/acme/a?s=U2FsdGVkX19qXl5Orxy8RasYg7+jeyykUatu4I0ygHfHj7uRK/lY9oSVeCqwD87BDf7M122KeXAaYXW6WOWkV4J8atarl/vE6bzlEji9vEFz8nP4ebh6OObMCQJnCyHCZ+IB2s/N4vL0YwS5WHk7UtgQH7KoMDU7ZkHfA64rFoh0xOzuhayPkBNbHQyndkE+FpuQ5JjiD33v/jx8esKUAqiTVu9K0zz6YlirrIeYToc=&u=U2FsdGVkX19yT3U8NVhEV0Vy2YReeDHxdUAz3+XSazc=&y=U2FsdGVkX18wBxCYyGmah7v/xlr4NJpTJm8AR0DeCdY= HTTP/1.1" 200 25
186.102.0.137 - - [06/Dec/2022:09:44:26 -0500] "GET /kwssiamovil/sm/acme/a?s=U2FsdGVkX19NRcqN5bL8yfJfKALIxWN36sp0yLO5eWwzDoZKSlPn4SY2EVt4O+iIc+9cQNBzX7Dr2KQcqPyP+W9fen9NFaWQkvBrEakRnx39eqx2jl/YvAZH8H2xg+UeY1mIrCl7znHzVzWlZdIcKQvrUUBrjbZ+9wm/XGTLFpmLzREZjWU3aRJSdzg+/Q1fAtC7JR/lh2/HbMaEYj/A3Q==&u=U2FsdGVkX19yT3U8NVhEV0Vy2YReeDHxdUAz3+XSazc=&y=U2FsdGVkX18wBxCYyGmah7v/xlr4NJpTJm8AR0DeCdY= HTTP/1.1" 200 26
186.102.0.137 - - [06/Dec/2022:09:44:26 -0500] "GET /kwssiamovil/sm/acme/a?s=U2FsdGVkX185rX9mcY4RUUGM8BYHJuFP09cqQHvCxhXdbJoMDTHVIvuOn4acXHas1J0z1Qw7wT1SLnlNq8VHGa9lTgz46JTMxV6K2qSWhqj0PF388BVHDNRD7lJZ1E99I6BnZTo02mxI/LquuvZqzWdef1kPTjJQTlFFc4s/OsGyyFpJrlsWWeDsTiCmgXXLXGu40mtg+kQjlg/iUsul/w==&u=U2FsdGVkX19yT3U8NVhEV0Vy2YReeDHxdUAz3+XSazc=&y=U2FsdGVkX18wBxCYyGmah7v/xlr4NJpTJm8AR0DeCdY= HTTP/1.1" 200 25
186.102.0.137 - - [06/Dec/2022:09:44:26 -0500] "GET /kwssiamovil/sm/acme/a?s=U2FsdGVkX1/Ug+Dps4YTq5a+0gWCVtPJIBTTwmNPKR90hGqoiZMtpX6Qg/PRdKCyGZ/BgN0YU3kS+uQbpMNrnjfjqrbMl9OjvzY6mKhwSSxbylIXXK2/iF4VItOkA2m2CBpTa6NHdwGhEme814vC/K4og+6gv7vowKE8ayDwwihV4GqWs1EYDvy3zf1H5PDN&u=U2FsdGVkX19yT3U8NVhEV0Vy2YReeDHxdUAz3+XSazc=&y=U2FsdGVkX18wBxCYyGmah7v/xlr4NJpTJm8AR0DeCdY= HTTP/1.1" 200 26
186.102.0.137 - - [06/Dec/2022:09:44:26 -0500] "GET /kwssiamovil/sm/acme/a?s=U2FsdGVkX1926rBo2YSO0rCYgFMoXd8trJXaxnxOjTOyA4iIT89K3TAHm56TwYRfbhUSU/xt+UiPELJZUn7nTZhTkAClJQHpwRxAdL6LVZC+igJUiI+OliEyZmx7JVOzREMVUQVVSn+nAknU/mQi48BA3eTEjKJ/G6yIZgWYVkHzohEH7EWSO+7n26rd3aK2+qQ8Fzr676IlJjs6kOlNSjmw5SIkHbPevvsTSNV9x/0=&u=U2FsdGVkX19yT3U8NVhEV0Vy2YReeDHxdUAz3+XSazc=&y=U2FsdGVkX18wBxCYyGmah7v/xlr4NJpTJm8AR0DeCdY= HTTP/1.1" 200 25
186.102.0.137 - - [06/Dec/2022:09:44:27 -0500] "GET /kwssiamovil/sm/acme/a?s=U2FsdGVkX18LD1JhvA84ApzWDfhYZe3WPUJxjKaTKCH+bTjm/io1A1OikyxOQU7mNfT2kZeOkoVwH014K+VhB+Ki7MhOLeqUFUy41S93xGPCwXsCB382M4UikOSF4b3Ptxs7j1fSTk4Kr860zNDeq2xS8z1WF+KKatyzubEHs+5kcwWNWLdJqYwzChWmNOnEw/8HUaSjZQ/QdDX97oAce/ML8KXBFrNKmD2HtTJ1t+s=&u=U2FsdGVkX19yT3U8NVhEV0Vy2YReeDHxdUAz3+XSazc=&y=U2FsdGVkX18wBxCYyGmah7v/xlr4NJpTJm8AR0DeCdY= HTTP/1.1" 200 26
136.243.228.197 - - [06/Dec/2022:09:44:29 -0500] "GET /BLA/resoluciones/index.php?dir=RESOLUCIONES+2003/RES+2003+2051-2100/ HTTP/1.1" 200 12152
193.47.61.60 - - [06/Dec/2022:09:44:32 -0500] "GET / HTTP/1.1" 200 319
186.145.91.234 - - [06/Dec/2022:09:44:33 -0500] "GET /sipse/faces/javax.faces.resource/jquery/jquery.js?ln=primefaces&v=4.0 HTTP/1.1" 304 -
186.145.91.234 - - [06/Dec/2022:09:44:33 -0500] "GET /sipse/faces/javax.faces.resource/primefaces.css?ln=primefaces&v=4.0 HTTP/1.1" 304 -
186.145.91.234 - - [06/Dec/2022:09:44:33 -0500] "GET /sipse/faces/javax.faces.resource/layout/layout.css?ln=primefaces&v=4.0 HTTP/1.1" 304 -
186.145.91.234 - - [06/Dec/2022:09:44:33 -0500] "GET /sipse/faces/javax.faces.resource/theme.css?ln=primefaces-sipse HTTP/1.1" 304 -
186.145.91.234 - - [06/Dec/2022:09:44:33 -0500] "GET /sipse/faces/javax.faces.resource/jquery/jquery-plugins.js?ln=primefaces&v=4.0 HTTP/1.1" 304 -
186.145.91.234 - - [06/Dec/2022:09:44:33 -0500] "GET /sipse/faces/javax.faces.resource/primefaces.js?ln=primefaces&v=4.0 HTTP/1.1" 304 -
186.145.91.234 - - [06/Dec/2022:09:44:33 -0500] "GET /sipse/faces/javax.faces.resource/layout/layout.js?ln=primefaces&v=4.0 HTTP/1.1" 304 -
186.145.91.234 - - [06/Dec/2022:09:44:31 -0500] "POST /sipse/faces/presentacion/sistema/anexos/cargarAnexoSolicitudProceso.xhtml HTTP/1.1" 200 170316
186.145.91.234 - - [06/Dec/2022:09:44:36 -0500] "POST /sipse/faces/presentacion/financiero/solicitudProceso/consultarSolicitudProceso.xhtml HTTP/1.1" 200 64655
186.145.91.234 - - [06/Dec/2022:09:44:39 -0500] "GET /sipse/faces/javax.faces.resource/jquery/jquery.js?ln=primefaces&v=4.0 HTTP/1.1" 304 -
186.145.91.234 - - [06/Dec/2022:09:44:39 -0500] "GET /sipse/faces/javax.faces.resource/jquery/jquery-plugins.js?ln=primefaces&v=4.0 HTTP/1.1" 304 -
186.145.91.234 - - [06/Dec/2022:09:44:39 -0500] "GET /sipse/faces/javax.faces.resource/primefaces.js?ln=primefaces&v=4.0 HTTP/1.1" 304 -
201.245.192.253 - - [06/Dec/2022:09:44:38 -0500] "POST /kwsrmcab/Wsrmcab  HTTP/1.1" 200 43162
186.145.91.234 - - [06/Dec/2022:09:44:40 -0500] "GET /sipse/faces/javax.faces.resource/layout/layout.js?ln=primefaces&v=4.0 HTTP/1.1" 304 -
186.145.91.234 - - [06/Dec/2022:09:44:41 -0500] "POST /sipse/faces/presentacion/financiero/solicitudProceso/listarSolicitudProceso.xhtml HTTP/1.1" 200 1560
186.145.91.234 - - [06/Dec/2022:09:44:41 -0500] "POST /sipse/faces/presentacion/financiero/solicitudProceso/listarSolicitudProceso.xhtml HTTP/1.1" 200 1552
136.243.228.197 - - [06/Dec/2022:09:44:47 -0500] "GET /BLA/resoluciones/index.php?dir=RESOLUCIONES+2003/RES+2003+301-350/ HTTP/1.1" 200 11308
201.245.192.253 - - [06/Dec/2022:09:44:50 -0500] "GET /sipse/faces/javax.faces.resource/images/ui-bg_flat_0_2d5972_40x100.png?ln=primefaces-aristo HTTP/1.1" 304 -
201.245.192.253 - - [06/Dec/2022:09:44:50 -0500] "POST /sipse/faces/presentacion/financiero/solicitudProceso/consultarSolicitudProceso.xhtml HTTP/1.1" 200 74186
201.245.192.253 - - [06/Dec/2022:09:44:51 -0500] "GET /sipse/faces/javax.faces.resource/theme.css?ln=primefaces-sipse HTTP/1.1" 304 -
201.245.192.253 - - [06/Dec/2022:09:44:51 -0500] "GET /sipse/faces/javax.faces.resource/primefaces.css?ln=primefaces&v=4.0 HTTP/1.1" 304 -
201.245.192.253 - - [06/Dec/2022:09:44:51 -0500] "GET /sipse/faces/javax.faces.resource/layout/layout.css?ln=primefaces&v=4.0 HTTP/1.1" 304 -
201.245.192.253 - - [06/Dec/2022:09:44:51 -0500] "GET /sipse/faces/javax.faces.resource/jquery/jquery.js?ln=primefaces&v=4.0 HTTP/1.1" 304 -
201.245.192.253 - - [06/Dec/2022:09:44:51 -0500] "GET /sipse/faces/javax.faces.resource/jquery/jquery-plugins.js?ln=primefaces&v=4.0 HTTP/1.1" 304 -
201.245.192.253 - - [06/Dec/2022:09:44:51 -0500] "GET /sipse/faces/javax.faces.resource/primefaces.js?ln=primefaces&v=4.0 HTTP/1.1" 304 -
201.245.192.253 - - [06/Dec/2022:09:44:51 -0500] "GET /sipse/faces/javax.faces.resource/layout/layout.js?ln=primefaces&v=4.0 HTTP/1.1" 304 -
172.22.2.4 - - [06/Dec/2022:09:44:58 -0500] "POST /BLA/boletinlegal/admin/actos/ingresar.php HTTP/1.1" 200 7236
136.243.228.197 - - [06/Dec/2022:09:45:06 -0500] "GET /BLA/resoluciones/index.php?dir=RESOLUCIONES+2003/RES+2003+851-900/ HTTP/1.1" 200 11302
172.22.2.4 - - [06/Dec/2022:09:45:15 -0500] "GET /BLA/boletinlegal/admin/admin.php HTTP/1.1" 302 -
172.22.2.4 - - [06/Dec/2022:09:45:15 -0500] "GET /BLA/boletinlegal/admin/index.php HTTP/1.1" 200 7254
172.22.2.4 - - [06/Dec/2022:09:45:33 -0500] "GET /BLA/boletinlegal/admin/index_files/index_files/tback.gif HTTP/1.1" 404 1362
136.243.228.197 - - [06/Dec/2022:09:45:25 -0500] "GET /BLA/resoluciones/index.php?dir=RESOLUCIONES+2009/ HTTP/1.1" 200 1694101
181.55.141.234 - - [06/Dec/2022:09:45:36 -0500] "GET /appsia/controlador HTTP/1.1" 502 1336
181.55.141.234 - - [06/Dec/2022:09:45:37 -0500] "GET /favicon.ico HTTP/1.1" 200 7782
201.245.192.253 - - [06/Dec/2022:09:45:39 -0500] "POST /kwsrmcab/Wsrmcab  HTTP/1.1" 200 43162
186.145.91.234 - - [06/Dec/2022:09:45:49 -0500] "POST /sipse/faces/presentacion/financiero/solicitudProceso/listarSolicitudProceso.xhtml HTTP/1.1" 200 29268
136.243.228.197 - - [06/Dec/2022:09:45:49 -0500] "GET /BLA/resoluciones/index.php?dir=RESOLUCIONES+2018/ HTTP/1.1" 200 273136
186.145.91.234 - - [06/Dec/2022:09:45:52 -0500] "POST /sipse/faces/presentacion/financiero/solicitudProceso/listarSolicitudProceso.xhtml HTTP/1.1" 200 121191
186.145.91.234 - - [06/Dec/2022:09:45:53 -0500] "GET /sipse/faces/javax.faces.resource/theme.css?ln=primefaces-sipse HTTP/1.1" 304 -
186.145.91.234 - - [06/Dec/2022:09:45:53 -0500] "GET /sipse/faces/javax.faces.resource/layout/layout.css?ln=primefaces&v=4.0 HTTP/1.1" 304 -
186.145.91.234 - - [06/Dec/2022:09:45:53 -0500] "GET /sipse/faces/javax.faces.resource/primefaces.css?ln=primefaces&v=4.0 HTTP/1.1" 304 -
186.145.91.234 - - [06/Dec/2022:09:45:53 -0500] "GET /sipse/faces/javax.faces.resource/jquery/jquery.js?ln=primefaces&v=4.0 HTTP/1.1" 304 -
186.145.91.234 - - [06/Dec/2022:09:45:53 -0500] "GET /sipse/faces/javax.faces.resource/jquery/jquery-plugins.js?ln=primefaces&v=4.0 HTTP/1.1" 304 -
186.145.91.234 - - [06/Dec/2022:09:45:54 -0500] "GET /sipse/faces/javax.faces.resource/primefaces.js?ln=primefaces&v=4.0 HTTP/1.1" 304 -
186.145.91.234 - - [06/Dec/2022:09:45:54 -0500] "GET /sipse/faces/javax.faces.resource/layout/layout.js?ln=primefaces&v=4.0 HTTP/1.1" 304 -
114.119.131.254 - - [06/Dec/2022:09:45:58 -0500] "GET /BLA/resoluciones/RESOLUCIONES%202010/6336.pdf HTTP/1.1" 200 746683
181.55.141.234 - - [06/Dec/2022:09:45:59 -0500] "GET /appsia/controlador HTTP/1.1" 200 4799
181.55.141.234 - - [06/Dec/2022:09:45:59 -0500] "GET /appsia/css/estilos.css HTTP/1.1" 200 4804
181.55.141.234 - - [06/Dec/2022:09:45:59 -0500] "GET /appsia/scripts/validarIngreso.js HTTP/1.1" 502 1364
181.55.141.234 - - [06/Dec/2022:09:45:59 -0500] "GET /appsia/images/logo_bogota_p.png HTTP/1.1" 200 14951
181.55.141.234 - - [06/Dec/2022:09:45:59 -0500] "GET /appsia/images/cabezoteHojaVida.png HTTP/1.1" 200 32493
136.243.228.197 - - [06/Dec/2022:09:46:07 -0500] "GET /BLA/resoluciones/index.php?dir=RESOLUCIONES%202003/&sort=name&order=desc HTTP/1.1" 200 31403
181.55.141.234 - - [06/Dec/2022:09:46:11 -0500] "POST /appsia/controlador HTTP/1.1" 200 -
172.22.2.4 - - [06/Dec/2022:09:44:36 -0500] "HEAD /BLA/boletinlegal/ HTTP/1.1" 200 -
186.145.91.234 - - [06/Dec/2022:09:46:18 -0500] "POST /sipse/faces/presentacion/financiero/solicitudProceso/consultarSolicitudProceso.xhtml HTTP/1.1" 200 37429
186.145.91.234 - - [06/Dec/2022:09:46:18 -0500] "GET /sipse/faces/javax.faces.resource/theme.css?ln=primefaces-sipse HTTP/1.1" 304 -
186.145.91.234 - - [06/Dec/2022:09:46:18 -0500] "GET /sipse/faces/javax.faces.resource/jquery/jquery.js?ln=primefaces&v=4.0 HTTP/1.1" 304 -
186.145.91.234 - - [06/Dec/2022:09:46:18 -0500] "GET /sipse/faces/javax.faces.resource/primefaces.css?ln=primefaces&v=4.0 HTTP/1.1" 304 -
186.145.91.234 - - [06/Dec/2022:09:46:18 -0500] "GET /sipse/faces/javax.faces.resource/layout/layout.css?ln=primefaces&v=4.0 HTTP/1.1" 304 -
186.145.91.234 - - [06/Dec/2022:09:46:19 -0500] "GET /sipse/faces/javax.faces.resource/jquery/jquery-plugins.js?ln=primefaces&v=4.0 HTTP/1.1" 304 -
186.145.91.234 - - [06/Dec/2022:09:46:19 -0500] "GET /sipse/faces/javax.faces.resource/primefaces.js?ln=primefaces&v=4.0 HTTP/1.1" 304 -
186.145.91.234 - - [06/Dec/2022:09:46:19 -0500] "GET /sipse/faces/javax.faces.resource/layout/layout.js?ln=primefaces&v=4.0 HTTP/1.1" 304 -
186.145.91.234 - - [06/Dec/2022:09:46:22 -0500] "POST /sipse/faces/presentacion/contratacion/contrato/registroPresupuestal/expedirRP.xhtml HTTP/1.1" 200 2240
181.55.141.234 - - [06/Dec/2022:09:46:24 -0500] "GET /appsia/controlador HTTP/1.1" 200 4799
181.55.141.234 - - [06/Dec/2022:09:46:24 -0500] "GET /appsia/scripts/validarIngreso.js HTTP/1.1" 200 851
136.243.228.197 - - [06/Dec/2022:09:46:25 -0500] "GET /BLA/resoluciones/index.php?dir=RESOLUCIONES+2006/ HTTP/1.1" 200 38542
186.145.91.234 - - [06/Dec/2022:09:46:25 -0500] "GET /sipse/faces/javax.faces.resource/primefaces.css?ln=primefaces&v=4.0 HTTP/1.1" 304 -
186.145.91.234 - - [06/Dec/2022:09:46:25 -0500] "GET /sipse/faces/javax.faces.resource/theme.css?ln=primefaces-sipse HTTP/1.1" 304 -
186.145.91.234 - - [06/Dec/2022:09:46:25 -0500] "GET /sipse/faces/javax.faces.resource/layout/layout.css?ln=primefaces&v=4.0 HTTP/1.1" 304 -
186.145.91.234 - - [06/Dec/2022:09:46:25 -0500] "POST /sipse/faces/presentacion/contratacion/contrato/registroPresupuestal/expedirRP.xhtml HTTP/1.1" 200 20687
186.145.91.234 - - [06/Dec/2022:09:46:25 -0500] "GET /sipse/faces/javax.faces.resource/jquery/jquery-plugins.js?ln=primefaces&v=4.0 HTTP/1.1" 304 -
186.145.91.234 - - [06/Dec/2022:09:46:25 -0500] "GET /sipse/faces/javax.faces.resource/layout/layout.js?ln=primefaces&v=4.0 HTTP/1.1" 304 -
186.145.91.234 - - [06/Dec/2022:09:46:25 -0500] "GET /sipse/faces/javax.faces.resource/jquery/jquery.js?ln=primefaces&v=4.0 HTTP/1.1" 304 -
186.145.91.234 - - [06/Dec/2022:09:46:25 -0500] "GET /sipse/faces/javax.faces.resource/primefaces.js?ln=primefaces&v=4.0 HTTP/1.1" 304 -
186.145.91.234 - - [06/Dec/2022:09:46:27 -0500] "GET /sipse/faces/javax.faces.resource/theme.css?ln=primefaces-sipse HTTP/1.1" 304 -
186.145.91.234 - - [06/Dec/2022:09:46:27 -0500] "GET /sipse/faces/javax.faces.resource/jquery/jquery.js?ln=primefaces&v=4.0 HTTP/1.1" 304 -
186.145.91.234 - - [06/Dec/2022:09:46:27 -0500] "GET /sipse/faces/javax.faces.resource/primefaces.css?ln=primefaces&v=4.0 HTTP/1.1" 304 -
186.145.91.234 - - [06/Dec/2022:09:46:27 -0500] "GET /sipse/faces/javax.faces.resource/layout/layout.css?ln=primefaces&v=4.0 HTTP/1.1" 304 -
186.145.91.234 - - [06/Dec/2022:09:46:27 -0500] "GET /sipse/faces/javax.faces.resource/jquery/jquery-plugins.js?ln=primefaces&v=4.0 HTTP/1.1" 304 -
186.145.91.234 - - [06/Dec/2022:09:46:27 -0500] "GET /sipse/faces/javax.faces.resource/primefaces.js?ln=primefaces&v=4.0 HTTP/1.1" 304 -
186.145.91.234 - - [06/Dec/2022:09:46:27 -0500] "GET /sipse/faces/javax.faces.resource/layout/layout.js?ln=primefaces&v=4.0 HTTP/1.1" 304 -
186.145.91.234 - - [06/Dec/2022:09:46:26 -0500] "POST /sipse/faces/presentacion/contratacion/contrato/registroPresupuestal/consultarActividadesRP.xhtml HTTP/1.1" 200 22937
186.145.91.234 - - [06/Dec/2022:09:46:34 -0500] "POST /sipse/faces/presentacion/contratacion/contrato/registroPresupuestal/asociarPresupuestoActividadesRP.xhtml HTTP/1.1" 200 37507
186.145.91.234 - - [06/Dec/2022:09:46:34 -0500] "GET /sipse/faces/javax.faces.resource/primefaces.css?ln=primefaces&v=4.0 HTTP/1.1" 304 -
186.145.91.234 - - [06/Dec/2022:09:46:34 -0500] "GET /sipse/faces/javax.faces.resource/layout/layout.css?ln=primefaces&v=4.0 HTTP/1.1" 304 -
186.145.91.234 - - [06/Dec/2022:09:46:34 -0500] "GET /sipse/faces/javax.faces.resource/theme.css?ln=primefaces-sipse HTTP/1.1" 304 -
186.145.91.234 - - [06/Dec/2022:09:46:34 -0500] "GET /sipse/faces/javax.faces.resource/jquery/jquery.js?ln=primefaces&v=4.0 HTTP/1.1" 304 -
186.145.91.234 - - [06/Dec/2022:09:46:34 -0500] "GET /sipse/faces/javax.faces.resource/jquery/jquery-plugins.js?ln=primefaces&v=4.0 HTTP/1.1" 304 -
186.145.91.234 - - [06/Dec/2022:09:46:35 -0500] "GET /sipse/faces/javax.faces.resource/primefaces.js?ln=primefaces&v=4.0 HTTP/1.1" 304 -
186.145.91.234 - - [06/Dec/2022:09:46:35 -0500] "GET /sipse/faces/javax.faces.resource/layout/layout.js?ln=primefaces&v=4.0 HTTP/1.1" 304 -
186.145.91.234 - - [06/Dec/2022:09:46:40 -0500] "POST /sipse/faces/presentacion/contratacion/contrato/registroPresupuestal/expedirRP.xhtml HTTP/1.1" 200 122918
186.145.91.234 - - [06/Dec/2022:09:46:41 -0500] "GET /sipse/faces/javax.faces.resource/primefaces.css?ln=primefaces&v=4.0 HTTP/1.1" 304 -
186.145.91.234 - - [06/Dec/2022:09:46:41 -0500] "GET /sipse/faces/javax.faces.resource/theme.css?ln=primefaces-sipse HTTP/1.1" 304 -
186.145.91.234 - - [06/Dec/2022:09:46:41 -0500] "GET /sipse/faces/javax.faces.resource/layout/layout.css?ln=primefaces&v=4.0 HTTP/1.1" 304 -
186.145.91.234 - - [06/Dec/2022:09:46:41 -0500] "GET /sipse/faces/javax.faces.resource/jquery/jquery.js?ln=primefaces&v=4.0 HTTP/1.1" 304 -
186.145.91.234 - - [06/Dec/2022:09:46:41 -0500] "GET /sipse/faces/javax.faces.resource/jquery/jquery-plugins.js?ln=primefaces&v=4.0 HTTP/1.1" 304 -
186.145.91.234 - - [06/Dec/2022:09:46:41 -0500] "GET /sipse/faces/javax.faces.resource/primefaces.js?ln=primefaces&v=4.0 HTTP/1.1" 304 -
186.145.91.234 - - [06/Dec/2022:09:46:41 -0500] "GET /sipse/faces/javax.faces.resource/layout/layout.js?ln=primefaces&v=4.0 HTTP/1.1" 304 -
136.243.228.197 - - [06/Dec/2022:09:46:42 -0500] "GET /BLA/resoluciones/index.php?dir=RESOLUCIONES+2003/RES+2003+1951-2000/ HTTP/1.1" 200 12149
186.145.91.234 - - [06/Dec/2022:09:46:44 -0500] "GET /sipse/faces/javax.faces.resource/theme.css?ln=primefaces-sipse HTTP/1.1" 304 -
186.145.91.234 - - [06/Dec/2022:09:46:44 -0500] "GET /sipse/faces/javax.faces.resource/primefaces.css?ln=primefaces&v=4.0 HTTP/1.1" 304 -
186.145.91.234 - - [06/Dec/2022:09:46:44 -0500] "GET /sipse/faces/javax.faces.resource/layout/layout.css?ln=primefaces&v=4.0 HTTP/1.1" 304 -
186.145.91.234 - - [06/Dec/2022:09:46:44 -0500] "GET /sipse/faces/javax.faces.resource/primefaces.js?ln=primefaces&v=4.0 HTTP/1.1" 304 -
186.145.91.234 - - [06/Dec/2022:09:46:44 -0500] "GET /sipse/faces/javax.faces.resource/jquery/jquery.js?ln=primefaces&v=4.0 HTTP/1.1" 304 -
186.145.91.234 - - [06/Dec/2022:09:46:44 -0500] "GET /sipse/faces/javax.faces.resource/fileupload/fileupload.css?ln=primefaces&v=4.0 HTTP/1.1" 304 -
186.145.91.234 - - [06/Dec/2022:09:46:44 -0500] "GET /sipse/faces/javax.faces.resource/layout/layout.js?ln=primefaces&v=4.0 HTTP/1.1" 304 -
186.145.91.234 - - [06/Dec/2022:09:46:44 -0500] "GET /sipse/faces/javax.faces.resource/jquery/jquery-plugins.js?ln=primefaces&v=4.0 HTTP/1.1" 304 -
186.145.91.234 - - [06/Dec/2022:09:46:44 -0500] "POST /sipse/faces/presentacion/financiero/solicitudProceso/consultarSolicitudProceso.xhtml HTTP/1.1" 200 21205
186.145.91.234 - - [06/Dec/2022:09:46:44 -0500] "GET /sipse/faces/javax.faces.resource/fileupload/fileupload.js?ln=primefaces&v=4.0 HTTP/1.1" 304 -
181.55.141.234 - - [06/Dec/2022:09:46:45 -0500] "POST /appsia/controlador HTTP/1.1" 200 5437
186.145.91.234 - - [06/Dec/2022:09:46:51 -0500] "GET /sipse/faces/javax.faces.resource/theme.css?ln=primefaces-sipse HTTP/1.1" 304 -
186.145.91.234 - - [06/Dec/2022:09:46:51 -0500] "GET /sipse/faces/javax.faces.resource/layout/layout.css?ln=primefaces&v=4.0 HTTP/1.1" 304 -
186.145.91.234 - - [06/Dec/2022:09:46:51 -0500] "GET /sipse/faces/javax.faces.resource/jquery/jquery.js?ln=primefaces&v=4.0 HTTP/1.1" 304 -
186.145.91.234 - - [06/Dec/2022:09:46:51 -0500] "GET /sipse/faces/javax.faces.resource/primefaces.css?ln=primefaces&v=4.0 HTTP/1.1" 304 -
186.145.91.234 - - [06/Dec/2022:09:46:51 -0500] "GET /sipse/faces/javax.faces.resource/jquery/jquery-plugins.js?ln=primefaces&v=4.0 HTTP/1.1" 304 -
186.145.91.234 - - [06/Dec/2022:09:46:52 -0500] "GET /sipse/faces/javax.faces.resource/primefaces.js?ln=primefaces&v=4.0 HTTP/1.1" 304 -
186.145.91.234 - - [06/Dec/2022:09:46:52 -0500] "GET /sipse/faces/javax.faces.resource/layout/layout.js?ln=primefaces&v=4.0 HTTP/1.1" 304 -
186.145.91.234 - - [06/Dec/2022:09:46:50 -0500] "POST /sipse/faces/presentacion/sistema/anexos/cargarAnexoSolicitudProceso.xhtml HTTP/1.1" 200 169135
186.145.91.234 - - [06/Dec/2022:09:46:55 -0500] "POST /sipse/faces/presentacion/financiero/solicitudProceso/consultarSolicitudProceso.xhtml HTTP/1.1" 200 64655
186.145.91.234 - - [06/Dec/2022:09:46:57 -0500] "GET /sipse/faces/javax.faces.resource/jquery/jquery.js?ln=primefaces&v=4.0 HTTP/1.1" 304 -
186.145.91.234 - - [06/Dec/2022:09:46:57 -0500] "GET /sipse/faces/javax.faces.resource/jquery/jquery-plugins.js?ln=primefaces&v=4.0 HTTP/1.1" 304 -
186.145.91.234 - - [06/Dec/2022:09:46:57 -0500] "GET /sipse/faces/javax.faces.resource/primefaces.js?ln=primefaces&v=4.0 HTTP/1.1" 304 -
186.145.91.234 - - [06/Dec/2022:09:46:58 -0500] "GET /sipse/faces/javax.faces.resource/layout/layout.js?ln=primefaces&v=4.0 HTTP/1.1" 304 -
186.145.91.234 - - [06/Dec/2022:09:46:58 -0500] "POST /sipse/faces/presentacion/financiero/solicitudProceso/listarSolicitudProceso.xhtml HTTP/1.1" 200 1560
186.145.91.234 - - [06/Dec/2022:09:46:58 -0500] "POST /sipse/faces/presentacion/financiero/solicitudProceso/listarSolicitudProceso.xhtml HTTP/1.1" 200 1552
186.145.91.234 - - [06/Dec/2022:09:46:59 -0500] "POST /sipse/faces/presentacion/financiero/solicitudProceso/listarSolicitudProceso.xhtml HTTP/1.1" 200 29268
136.243.228.197 - - [06/Dec/2022:09:47:02 -0500] "GET /BLA/resoluciones/index.php?dir=RESOLUCIONES+1994/ HTTP/1.1" 200 2479
201.245.192.253 - - [06/Dec/2022:09:47:02 -0500] "POST /sipse/faces/presentacion/contratacion/contrato/crearModificarContrato.xhtml HTTP/1.1" 200 31635
201.245.192.253 - - [06/Dec/2022:09:47:03 -0500] "GET /sipse/faces/javax.faces.resource/theme.css?ln=primefaces-sipse HTTP/1.1" 304 -
201.245.192.253 - - [06/Dec/2022:09:47:03 -0500] "GET /sipse/faces/javax.faces.resource/primefaces.css?ln=primefaces&v=4.0 HTTP/1.1" 304 -
201.245.192.253 - - [06/Dec/2022:09:47:03 -0500] "GET /sipse/faces/javax.faces.resource/layout/layout.css?ln=primefaces&v=4.0 HTTP/1.1" 304 -
201.245.192.253 - - [06/Dec/2022:09:47:03 -0500] "GET /sipse/faces/javax.faces.resource/jquery/jquery-plugins.js?ln=primefaces&v=4.0 HTTP/1.1" 304 -
201.245.192.253 - - [06/Dec/2022:09:47:03 -0500] "GET /sipse/faces/javax.faces.resource/layout/layout.js?ln=primefaces&v=4.0 HTTP/1.1" 304 -
201.245.192.253 - - [06/Dec/2022:09:47:03 -0500] "GET /sipse/faces/javax.faces.resource/jquery/jquery.js?ln=primefaces&v=4.0 HTTP/1.1" 304 -
201.245.192.253 - - [06/Dec/2022:09:47:03 -0500] "GET /sipse/faces/javax.faces.resource/primefaces.js?ln=primefaces&v=4.0 HTTP/1.1" 304 -
201.245.192.253 - - [06/Dec/2022:09:47:03 -0500] "GET /sipse/css/imagen/contrasena.png HTTP/1.1" 404 383
201.245.192.253 - - [06/Dec/2022:09:47:03 -0500] "GET /sipse/faces/javax.faces.resource/images/ui-icons_898989_256x240.png?ln=primefaces-aristo HTTP/1.1" 304 -
181.55.141.234 - - [06/Dec/2022:09:47:04 -0500] "POST /appsia/controlador HTTP/1.1" 200 7728
181.55.141.234 - - [06/Dec/2022:09:47:04 -0500] "GET /appsia/images/logo_escudo.png HTTP/1.1" 200 36965
31.13.103.20 - - [06/Dec/2022:09:47:06 -0500] "GET /images/Acuerdos%2001%20(1)%20(1).jpeg HTTP/1.1" 200 32884
172.22.2.4 - - [06/Dec/2022:09:45:27 -0500] "GET /BLA/boletinlegal/ HTTP/1.1" 200 52453
201.245.192.253 - - [06/Dec/2022:09:47:07 -0500] "GET /sipse/faces/javax.faces.resource/images/ui-bg_flat_0_2d5972_40x100.png?ln=primefaces-aristo HTTP/1.1" 200 183
201.245.192.253 - - [06/Dec/2022:09:47:07 -0500] "POST /sipse/faces/presentacion/contratacion/procesoContractual/registrarInvitacionContratista.xhtml HTTP/1.1" 200 9693
186.145.91.234 - - [06/Dec/2022:09:47:09 -0500] "POST /sipse/faces/presentacion/financiero/solicitudProceso/listarSolicitudProceso.xhtml HTTP/1.1" 200 125087
186.145.91.234 - - [06/Dec/2022:09:47:11 -0500] "GET /sipse/faces/javax.faces.resource/theme.css?ln=primefaces-sipse HTTP/1.1" 304 -
186.145.91.234 - - [06/Dec/2022:09:47:12 -0500] "GET /sipse/faces/javax.faces.resource/jquery/jquery.js?ln=primefaces&v=4.0 HTTP/1.1" 304 -
186.145.91.234 - - [06/Dec/2022:09:47:12 -0500] "GET /sipse/faces/javax.faces.resource/layout/layout.css?ln=primefaces&v=4.0 HTTP/1.1" 304 -
186.145.91.234 - - [06/Dec/2022:09:47:12 -0500] "GET /sipse/faces/javax.faces.resource/primefaces.css?ln=primefaces&v=4.0 HTTP/1.1" 304 -
186.145.91.234 - - [06/Dec/2022:09:47:12 -0500] "GET /sipse/faces/javax.faces.resource/jquery/jquery-plugins.js?ln=primefaces&v=4.0 HTTP/1.1" 304 -
186.145.91.234 - - [06/Dec/2022:09:47:12 -0500] "GET /sipse/faces/javax.faces.resource/primefaces.js?ln=primefaces&v=4.0 HTTP/1.1" 304 -
186.145.91.234 - - [06/Dec/2022:09:47:12 -0500] "GET /sipse/faces/javax.faces.resource/layout/layout.js?ln=primefaces&v=4.0 HTTP/1.1" 304 -
