66.249.66.86 - - [06/Dec/2022:05:08:32 -0500] "GET /BLA/resoluciones/AUTOS%202017/5198.pdf HTTP/1.1" 200 290514
69.63.184.120 - - [06/Dec/2022:05:11:34 -0500] "GET /bogota-ya-cuenta-mas-de-70-negocios-verdes-verificados.html HTTP/1.1" 206 992
66.249.66.85 - - [06/Dec/2022:05:11:47 -0500] "GET /BLA/resoluciones/AUTOS%202010/2181.pdf HTTP/1.1" 200 151346
216.245.221.92 - - [06/Dec/2022:05:11:56 -0500] "HEAD / HTTP/1.1" 200 -
172.22.2.4 - - [06/Dec/2022:05:10:27 -0500] "HEAD /BLA/boletinlegal/ HTTP/1.1" 200 -
172.22.2.4 - - [06/Dec/2022:05:11:17 -0500] "GET /BLA/boletinlegal/ HTTP/1.1" 200 57192
201.245.192.253 - - [06/Dec/2022:05:13:04 -0500] "POST /kwsrmcab/Wsrmcab  HTTP/1.1" 200 43162
66.249.69.250 - - [06/Dec/2022:05:13:50 -0500] "GET /BLA/boletinlegal/Directivas/2011/Directiva%20No.%203%20del%2027%20de%20Mayo%20de%202011.pdf HTTP/1.1" 200 910420
207.46.13.194 - - [06/Dec/2022:05:14:36 -0500] "GET /BLA/resoluciones/index.php?dir=AUTOS+2007%2F HTTP/1.1" 200 628423
207.46.13.198 - - [06/Dec/2022:05:15:07 -0500] "GET /BLA/resoluciones/dlf/styles.css HTTP/1.1" 200 3049
54.39.177.48 - - [06/Dec/2022:05:15:25 -0500] "GET /dia-del-voluntariado-ambiental-secretaria-de-ambiente-reconoce-las-iniciativas-que-trabajan-por-el-cuidado-de-la-biodiversidad-en-bogota.htm HTTP/1.1" 404 1034
172.22.2.4 - - [06/Dec/2022:05:15:40 -0500] "GET /BLA/boletinlegal/Directivas/2013/Directiva%20No.%201%20del%2004%20de%20Abril%20de%202013.pdf HTTP/1.1" 304 -
138.201.157.89 - - [06/Dec/2022:05:15:44 -0500] "GET / HTTP/1.1" 200 319
66.249.66.86 - - [06/Dec/2022:05:16:02 -0500] "GET /BLA/resoluciones/Notificaciones/AUTOS%202021/4867.pdf HTTP/1.1" 200 311751
216.245.221.92 - - [06/Dec/2022:05:16:56 -0500] "HEAD / HTTP/1.1" 200 -
95.217.144.248 - - [06/Dec/2022:05:17:40 -0500] "-" 408 -
95.217.144.248 - - [06/Dec/2022:05:17:40 -0500] "-" 408 -
172.22.2.4 - - [06/Dec/2022:05:16:17 -0500] "HEAD /BLA/boletinlegal/ HTTP/1.1" 200 -
201.245.192.253 - - [06/Dec/2022:05:18:02 -0500] "POST /kwsrmcab/Wsrmcab  HTTP/1.1" 200 43162
66.249.66.86 - - [06/Dec/2022:05:18:22 -0500] "GET /BLA/resoluciones/RESOLUCIONES%202011/3376.pdf HTTP/1.1" 200 499308
172.22.2.4 - - [06/Dec/2022:05:17:07 -0500] "GET /BLA/boletinlegal/ HTTP/1.1" 200 57192
66.249.66.85 - - [06/Dec/2022:05:19:05 -0500] "GET /BLA/resoluciones/AUTOS%202017/0890.pdf HTTP/1.1" 200 489736
207.46.13.198 - - [06/Dec/2022:05:19:27 -0500] "GET /BLA/resoluciones/RESOLUCIONES%202015/1168.pdf HTTP/1.1" 304 -
66.249.66.86 - - [06/Dec/2022:05:19:46 -0500] "GET /resoluciones/RESOLUCIONES%202008/1691.pdf HTTP/1.1" 404 1018
201.245.192.253 - - [06/Dec/2022:05:20:44 -0500] "POST /kwsrmcab/Wsrmcab HTTP/1.1" 200 43609
201.245.192.253 - - [06/Dec/2022:05:20:47 -0500] "POST /kwsrmcab/Wsrmcab HTTP/1.1" 200 43617
173.252.79.14 - - [06/Dec/2022:05:21:31 -0500] "GET /dia-del-voluntariado-ambiental-secretaria-de-ambiente-reconoce-las-iniciativas-que-trabajan-por-el-cuidado-de-la-biodiversidad-en-bogota.htm HTTP/1.1" 404 1034
66.249.66.86 - - [06/Dec/2022:05:21:44 -0500] "GET /BLA/resoluciones/AUTOS%202007/0219.pdf HTTP/1.1" 200 17111
216.245.221.92 - - [06/Dec/2022:05:21:56 -0500] "HEAD / HTTP/1.1" 200 -
66.249.66.86 - - [06/Dec/2022:05:22:35 -0500] "GET /BLA/resoluciones/AUTOS%202017/1538.pdf HTTP/1.1" 200 715098
66.249.66.87 - - [06/Dec/2022:05:22:36 -0500] "GET /BLA/resoluciones/AUTOS%202016/2165.pdf HTTP/1.1" 200 591272
201.245.192.253 - - [06/Dec/2022:05:23:02 -0500] "POST /kwsrmcab/Wsrmcab  HTTP/1.1" 200 43162
66.249.66.86 - - [06/Dec/2022:05:23:14 -0500] "GET /BLA/resoluciones/AUTOS%202014/6335.pdf HTTP/1.1" 200 521570
172.22.2.4 - - [06/Dec/2022:05:22:07 -0500] "HEAD /BLA/boletinlegal/ HTTP/1.1" 200 -
162.55.166.12 - - [06/Dec/2022:05:24:35 -0500] "GET / HTTP/1.1" 200 319
74.82.47.27 - - [06/Dec/2022:05:24:37 -0500] "GET / HTTP/1.1" 200 319
172.22.2.4 - - [06/Dec/2022:05:22:57 -0500] "GET /BLA/boletinlegal/ HTTP/1.1" 200 57824
116.202.20.140 - - [06/Dec/2022:05:24:45 -0500] "GET / HTTP/1.1" 200 319
66.249.66.85 - - [06/Dec/2022:05:25:00 -0500] "GET /BLA/resoluciones/Autos%202008/2843.pdf HTTP/1.1" 200 59849
66.249.66.86 - - [06/Dec/2022:05:25:32 -0500] "GET /BLA/resoluciones/Autos%202008/3438.pdf HTTP/1.1" 200 145000
66.249.66.86 - - [06/Dec/2022:05:26:13 -0500] "GET /BLA/resoluciones/RESOLUCIONES%202011/6098.pdf HTTP/1.1" 200 349986
66.249.66.86 - - [06/Dec/2022:05:26:29 -0500] "GET /BLA/resoluciones/RESOLUCIONES%202010/0332.pdf HTTP/1.1" 200 736927
216.245.221.92 - - [06/Dec/2022:05:26:56 -0500] "HEAD / HTTP/1.1" 200 -
201.245.192.253 - - [06/Dec/2022:05:28:01 -0500] "POST /kwsrmcab/Wsrmcab  HTTP/1.1" 200 43162
66.249.66.85 - - [06/Dec/2022:05:28:06 -0500] "GET /resoluciones/RESOLUCIONES%202009/7465.pdf HTTP/1.1" 404 1018
66.249.66.86 - - [06/Dec/2022:05:28:16 -0500] "GET /BLA/resoluciones/RESOLUCIONES%202007/RES%202007%201901%20AL%202000/RESOLUCION%201989%20DE%202007.pdf HTTP/1.1" 200 201805
173.252.95.3 - - [06/Dec/2022:05:28:27 -0500] "GET /images/Musgo%20SDA%20(1)%20(1).png HTTP/1.1" 200 302122
66.220.149.9 - - [06/Dec/2022:05:28:51 -0500] "GET /images/Acuerdos%2001%20(1)%20(1).jpeg HTTP/1.1" 200 32884
172.22.2.4 - - [06/Dec/2022:05:27:57 -0500] "HEAD /BLA/boletinlegal/ HTTP/1.1" 200 -
74.82.47.59 - - [06/Dec/2022:05:29:40 -0500] "GET /favicon.ico HTTP/1.1" 200 7782
172.22.2.4 - - [06/Dec/2022:05:28:47 -0500] "GET /BLA/boletinlegal/ HTTP/1.1" 200 59404
66.249.66.87 - - [06/Dec/2022:05:30:35 -0500] "GET /BLA/resoluciones/AUTOS%202017/3890.pdf HTTP/1.1" 200 287570
201.245.192.253 - - [06/Dec/2022:05:30:45 -0500] "POST /kwsrmcab/Wsrmcab HTTP/1.1" 200 43609
201.245.192.253 - - [06/Dec/2022:05:30:48 -0500] "POST /kwsrmcab/Wsrmcab HTTP/1.1" 200 43617
66.249.66.86 - - [06/Dec/2022:05:30:58 -0500] "GET /BLA/resoluciones/RESOLUCIONES%202011/1918.pdf HTTP/1.1" 200 105120
66.249.66.86 - - [06/Dec/2022:05:31:11 -0500] "GET /BLA/resoluciones/AUTOS%202014/5970.pdf HTTP/1.1" 200 514176
66.249.66.85 - - [06/Dec/2022:05:31:32 -0500] "GET /BLA/resoluciones/AUTOS%202009/1985.pdf HTTP/1.1" 200 425885
216.245.221.92 - - [06/Dec/2022:05:31:56 -0500] "HEAD / HTTP/1.1" 200 -
35.87.128.7 - - [06/Dec/2022:05:32:15 -0500] "GET /galeria/galeria/fotos/Entrenube3P.jpg HTTP/1.1" 200 8487
201.245.192.253 - - [06/Dec/2022:05:33:00 -0500] "POST /kwsrmcab/Wsrmcab  HTTP/1.1" 200 43162
172.22.2.4 - - [06/Dec/2022:05:32:46 -0500] "GET /BLA/boletinlegal/ HTTP/1.1" 200 24523
168.119.253.48 - - [06/Dec/2022:05:33:40 -0500] "GET / HTTP/1.1" 200 319
35.83.252.108 - - [06/Dec/2022:05:34:44 -0500] "GET /galeria/galeria/fotos/Capellania2P.jpg HTTP/1.1" 200 35380
172.22.2.4 - - [06/Dec/2022:05:33:47 -0500] "HEAD /BLA/boletinlegal/ HTTP/1.1" 200 -
172.22.2.4 - - [06/Dec/2022:05:34:47 -0500] "GET /BLA/boletinlegal/ HTTP/1.1" 200 24523
172.22.2.4 - - [06/Dec/2022:05:34:37 -0500] "GET /BLA/boletinlegal/ HTTP/1.1" 200 51248
66.249.66.86 - - [06/Dec/2022:05:36:22 -0500] "GET /BLA/resoluciones/RESOLUCIONES%202010/5053.pdf HTTP/1.1" 200 763261
172.22.2.4 - - [06/Dec/2022:05:36:28 -0500] "GET /BLA/boletinlegal/Circulares/2011/Circular%20No.%203%20del%2023%20de%20Junio%20de%202011.pdf HTTP/1.1" 304 -
216.245.221.92 - - [06/Dec/2022:05:36:56 -0500] "HEAD / HTTP/1.1" 200 -
201.245.192.253 - - [06/Dec/2022:05:37:59 -0500] "POST /kwsrmcab/Wsrmcab  HTTP/1.1" 502 1155
201.245.192.253 - - [06/Dec/2022:05:38:58 -0500] "POST /kwsrmcab/Wsrmcab  HTTP/1.1" 200 43162
201.245.192.253 - - [06/Dec/2022:05:39:58 -0500] "POST /kwsrmcab/Wsrmcab  HTTP/1.1" 200 43162
66.249.66.86 - - [06/Dec/2022:05:40:35 -0500] "GET /BLA/resoluciones/RESOLUCIONES%202007/RES%202007%204101%20AL%204200/RESOLUCION%204161%20DE%202007.pdf HTTP/1.1" 200 1205972
201.245.192.253 - - [06/Dec/2022:05:40:56 -0500] "POST /kwsrmcab/Wsrmcab HTTP/1.1" 200 43609
201.245.192.253 - - [06/Dec/2022:05:40:59 -0500] "POST /kwsrmcab/Wsrmcab HTTP/1.1" 200 43617
172.22.2.4 - - [06/Dec/2022:05:39:37 -0500] "HEAD /BLA/boletinlegal/ HTTP/1.1" 200 -
216.245.221.92 - - [06/Dec/2022:05:41:56 -0500] "HEAD / HTTP/1.1" 200 -
172.22.2.4 - - [06/Dec/2022:05:40:27 -0500] "GET /BLA/boletinlegal/ HTTP/1.1" 200 53739
157.90.251.233 - - [06/Dec/2022:05:43:02 -0500] "GET / HTTP/1.1" 200 319
201.245.192.253 - - [06/Dec/2022:05:44:57 -0500] "POST /kwsrmcab/Wsrmcab  HTTP/1.1" 200 43162
66.249.66.85 - - [06/Dec/2022:05:45:48 -0500] "GET /BLA/resoluciones/AUTOS%202010/1429.pdf HTTP/1.1" 200 167214
216.245.221.92 - - [06/Dec/2022:05:46:56 -0500] "HEAD / HTTP/1.1" 200 -
172.22.2.4 - - [06/Dec/2022:05:45:27 -0500] "HEAD /BLA/boletinlegal/ HTTP/1.1" 200 -
172.22.2.4 - - [06/Dec/2022:05:46:17 -0500] "GET /BLA/boletinlegal/ HTTP/1.1" 200 59404
201.245.192.253 - - [06/Dec/2022:05:49:57 -0500] "POST /kwsrmcab/Wsrmcab  HTTP/1.1" 200 43162
162.55.43.55 - - [06/Dec/2022:05:51:36 -0500] "GET / HTTP/1.1" 200 319
216.245.221.92 - - [06/Dec/2022:05:51:56 -0500] "HEAD / HTTP/1.1" 200 -
172.22.2.4 - - [06/Dec/2022:05:51:17 -0500] "HEAD /BLA/boletinlegal/ HTTP/1.1" 200 -
172.22.2.4 - - [06/Dec/2022:05:52:07 -0500] "GET /BLA/boletinlegal/ HTTP/1.1" 200 57824
201.245.192.253 - - [06/Dec/2022:05:54:56 -0500] "POST /kwsrmcab/Wsrmcab  HTTP/1.1" 502 1155
172.22.2.4 - - [06/Dec/2022:05:55:31 -0500] "GET /BLA/boletinlegal/Circulares/2019/Circular%2000018%20del%2020%20de%20noviembre%20de%202019.pdf HTTP/1.1" 304 -
201.245.192.253 - - [06/Dec/2022:05:55:55 -0500] "POST /kwsrmcab/Wsrmcab  HTTP/1.1" 200 43162
216.245.221.92 - - [06/Dec/2022:05:56:56 -0500] "HEAD / HTTP/1.1" 200 -
201.245.192.253 - - [06/Dec/2022:05:56:57 -0500] "POST /kwsrmcab/Wsrmcab  HTTP/1.1" 200 14501
35.178.56.30 - - [06/Dec/2022:05:57:57 -0500] "GET / HTTP/1.0" 200 319
201.245.192.253 - - [06/Dec/2022:05:58:06 -0500] "POST /kwsrmcab/Wsrmcab  HTTP/1.1" 200 43162
172.22.2.4 - - [06/Dec/2022:05:57:07 -0500] "HEAD /BLA/boletinlegal/ HTTP/1.1" 200 -
201.245.192.253 - - [06/Dec/2022:05:59:06 -0500] "POST /kwsrmcab/Wsrmcab  HTTP/1.1" 200 43162
172.22.2.4 - - [06/Dec/2022:05:57:57 -0500] "GET /BLA/boletinlegal/ HTTP/1.1" 200 57192
172.22.2.4 - - [06/Dec/2022:06:00:40 -0500] "GET /BLA/boletinlegal/Directivas/2011/Directiva%20No.%206%20del%208%20de%20Septiembre%20de%202011.pdf HTTP/1.1" 304 -
168.119.253.21 - - [06/Dec/2022:06:00:53 -0500] "GET / HTTP/1.1" 200 319
216.245.221.92 - - [06/Dec/2022:06:01:56 -0500] "HEAD / HTTP/1.1" 200 -
157.55.39.39 - - [06/Dec/2022:06:02:33 -0500] "GET /sipse/faces/presentacion/sistema/anexos/cargarAnexoSolicitudProceso.xhtml HTTP/1.1" 302 -
157.55.39.39 - - [06/Dec/2022:06:02:34 -0500] "GET /sipse/faces/autenticacion.xhtml HTTP/1.1" 200 12173
201.245.192.253 - - [06/Dec/2022:06:04:05 -0500] "POST /kwsrmcab/Wsrmcab  HTTP/1.1" 200 43162
172.22.2.4 - - [06/Dec/2022:06:02:58 -0500] "HEAD /BLA/boletinlegal/ HTTP/1.1" 200 -
94.102.61.10 - - [06/Dec/2022:06:05:25 -0500] "GET / HTTP/1.1" 200 319
172.22.2.4 - - [06/Dec/2022:06:03:48 -0500] "GET /BLA/boletinlegal/ HTTP/1.1" 200 59404
85.31.44.156 - - [06/Dec/2022:06:05:35 -0500] "GET / HTTP/1.1" 200 319
216.245.221.92 - - [06/Dec/2022:06:06:56 -0500] "HEAD / HTTP/1.1" 200 -
35.178.56.30 - - [06/Dec/2022:06:07:26 -0500] "GET / HTTP/1.0" 200 319
172.22.2.4 - - [06/Dec/2022:06:06:48 -0500] "GET /BLA/boletinlegal/index.php?s=/Index/\\think\\app/invokefunction&function=call_user_func_array&vars[0]=md5&vars[1][]=HelloThinkPHP21 HTTP/1.1" 200 36811
192.241.206.159 - - [06/Dec/2022:06:08:18 -0500] "GET /manager/text/list HTTP/1.1" 404 1018
173.252.107.118 - - [06/Dec/2022:06:08:45 -0500] "GET /encuentra-indicadores-sobre-humedales-en-el-observatorio-ambiental.html HTTP/1.1" 206 920
201.245.192.253 - - [06/Dec/2022:06:09:04 -0500] "POST /kwsrmcab/Wsrmcab  HTTP/1.1" 200 43162
172.22.2.4 - - [06/Dec/2022:06:09:10 -0500] "GET /BLA/boletinlegal/jurisprudencia/analisis/CUADRO%20ANALISIS%20SENTENCIA%20T-411%20DE%201992.doc HTTP/1.1" 200 41984
168.119.253.11 - - [06/Dec/2022:06:09:38 -0500] "GET / HTTP/1.1" 200 319
157.90.251.233 - - [06/Dec/2022:06:09:40 -0500] "GET / HTTP/1.1" 200 319
172.22.2.4 - - [06/Dec/2022:06:08:47 -0500] "HEAD /BLA/boletinlegal/ HTTP/1.1" 200 -
172.22.2.4 - - [06/Dec/2022:06:09:37 -0500] "GET /BLA/boletinlegal/ HTTP/1.1" 200 57192
216.245.221.92 - - [06/Dec/2022:06:11:56 -0500] "HEAD / HTTP/1.1" 200 -
172.22.2.4 - - [06/Dec/2022:06:12:44 -0500] "GET /BLA/boletinlegal/actos.php HTTP/1.1" 200 9566
201.245.192.253 - - [06/Dec/2022:06:14:06 -0500] "POST /kwsrmcab/Wsrmcab  HTTP/1.1" 200 43162
141.255.166.2 - - [06/Dec/2022:06:14:19 -0500] "POST /boaform/admin/formLogin HTTP/1.1" 404 1186
172.22.2.4 - - [06/Dec/2022:06:14:37 -0500] "HEAD /BLA/boletinlegal/ HTTP/1.1" 200 -
172.22.2.4 - - [06/Dec/2022:06:16:16 -0500] "GET /BLA/boletinlegal/?XDEBUG_SESSION_START=phpstorm HTTP/1.1" 200 24523
35.178.56.30 - - [06/Dec/2022:06:16:56 -0500] "GET / HTTP/1.0" 200 319
216.245.221.92 - - [06/Dec/2022:06:16:56 -0500] "HEAD / HTTP/1.1" 200 -
172.22.2.4 - - [06/Dec/2022:06:15:27 -0500] "GET /BLA/boletinlegal/ HTTP/1.1" 200 50855
186.30.171.20 - - [06/Dec/2022:06:17:45 -0500] "GET /BLA/resoluciones/index.php?dir= HTTP/1.1" 200 13093
186.30.171.20 - - [06/Dec/2022:06:17:50 -0500] "GET /BLA/resoluciones/index.php?dir=AUTOS+2015%2F HTTP/1.1" 200 577811
201.245.192.253 - - [06/Dec/2022:06:19:02 -0500] "POST /kwsrmcab/Wsrmcab  HTTP/1.1" 200 43162
168.119.252.242 - - [06/Dec/2022:06:19:08 -0500] "GET / HTTP/1.1" 200 319
162.55.165.184 - - [06/Dec/2022:06:19:17 -0500] "GET / HTTP/1.1" 200 319
69.171.231.117 - - [06/Dec/2022:06:19:41 -0500] "GET /cumpleanos-de-entrenubes-nueva-aula-ambiental-y-manzana-de-cuidado-en-san-cristobal.html HTTP/1.1" 206 882
69.171.231.117 - - [06/Dec/2022:06:19:41 -0500] "GET /cumpleanos-de-entrenubes-nueva-aula-ambiental-y-manzana-de-cuidado-en-san-cristobal.html HTTP/1.1" 206 882
69.171.231.5 - - [06/Dec/2022:06:19:41 -0500] "GET /cumpleanos-de-entrenubes-nueva-aula-ambiental-y-manzana-de-cuidado-en-san-cristobal.html HTTP/1.1" 206 882
186.102.40.120 - - [06/Dec/2022:06:20:38 -0500] "GET /kwssiamovil/sm/acme/a?s=U2FsdGVkX1/18fYWrICEgnCKFvFdF2dxTgKbcOdc/lAU8Bq9gv1h3ovwFRcDpz76gxFdPo/XWY6virpSwGFlwgHrKB2C+16rP3UTkGdf93TaxbkCqFBxvNRBmpDpsT+8RT2UquKu2hqZPgjLqghk+xV/DBUJwzXKqeaJKSOIeQVEbHSWvAwFjmuORttShn90tqZbgIDfyiJzRiWOiUPekHfIHdYFyl3j1Vs26HuvIWaVuSnDYmXQEIIc2+oxxH16Reu3JxW587oIx1ohJH/p7A==&u=U2FsdGVkX1/P0yS5HAKHA1Rg68RwTFsRsMQPg4+Xk0P9BskdqFHM3Lx099aIj2Hn&y=U2FsdGVkX19FVCLwPu22Y1jA0AU/TfHJoOD2fOeL3msTHnm9J/tbHgZJKTj6Tnrx HTTP/1.1" 200 26
186.102.40.120 - - [06/Dec/2022:06:20:38 -0500] "GET /kwssiamovil/sm/acme/a?s=U2FsdGVkX1/ujs3FO3MCxhcIMNhLUrY46Vlt1yRH55r9T0sQeGJ2RkqSDgJQ9YFVkwKyjb/7VxoN0QdeOxWEc0X+H+pa2nyVZ1fMKgUas/E2/IxIZZVMGtv9kBuGaJX/WCdisv1ATMsM/ako4+My8XYbvJBKrg7LQ+q4ySor8YsoNcA82A+0UdXD0V9CtkU1S8bASoLuLpFNjHoyIwzyaxkc6VL7iJgyFndGpLswwWEa0BnQHyJKTkgzZHYlY1Ijfm13Plj+8stt+4GA2BHZulDDOiDZ14HQO3ax7glziuTqvqeVdWRhGBjI4B+ciPuXie1v8kmCJrlkVZFTvpqxsex1ScBpYC7NuGOLR8Xf8qxgtLq0G/LCwgNDjJsI/dxjoKEGC7MBGlTIZfrO9VWo44iW4pyeVNDIqLwcyCpI4gZdxUX4cEhlomNZM8FfsbQXIfETbhzFKGPwzmN3bw3EQcUUnFQiRP5B9pN39eFyG8DjlIp5ohmvPd+QikhWVOGnOdHqClumoDZHte9yPJYjArukHhte/4grUbeBdi6shSNZTgjYEEZKEFkk+FDgiVzIjpJR9UKRJygnNil2BFJIAB8Cyt+6i1aAZRqs0yo0dEcvU8WUyJDPUV2BGLgp5JTFqzLZaaN9Mfie1YWYyDUpRxYd8xYfAXMojQcxNwU829QUEPyMhnMXD3/ugLg0u1TL1AhOOxfqlKcsw5OyUstJ/MKjk5KacilubpCI4ZhUKBub/rHpW3Fv/gI4PLrutCcBqn0bWL1CEV/HAyq7VdqowJgba+FTS2R2OL0EOY+JWK9uEsBKzjjWg9J/MIoqq2o/go/9i5/AzRGOXUHWVaS1Dcm+j4B1wBrb8zNWLGtRa/4lQNTT5JWNCB3AAuB0G7N4DvMPTsmhBU0rje2qZho1CypDb7ZjtIYcjSancbkFpyOz54b9/yL7Ykf7f0099S7GW2emwkTsLvra3ciCfECSP3qxnzcqE6Ip9o47417z3BCVBHRJFrkLSdyuqM7IaZWV/mNUN7I5xfqeR0g8CxsTv6AjmZPPQpOBVZrBqnigUgzuj9xl9xsAwugL1SEoOTVr592ApDcL3u1VfqXXD2/s/euXQhzUP7eOz+gDmjrxUr+17Oqjtxh+yOnE7i3AKEn09xB+0sirW2lTfSrczU0yJ7fUjSvtQ7at/9NSqusZr4npUH4nmCP0+YwPDzpCIHRPppNNUNTFTuQ9beAfHe3JrUPmCqs2qR567yFoiTn4aJyggOAOTqVYjGdBIIH7Ymr4ommn/ZMyMy65a2qI0OYekhJj1jdoqBi4r977OuSc8C0Xk3Yf/H1FwgRN1BCow8bOe1zCnvJCfv9KS1SFE7kQ6xZVHAoJclq18x8M+LhnPkLajWfmgWbtgelFBZuxfjlVgc5zEwsUKJuA3/802ewVfd4kmJzIYww3W0vcRUf0RnnGPzwuKhqOFNfgFJrmAzcGJwRt3sPZQ5P/yW1XjWisN1FTInZBFFqawDM7hQ6XR8PXaEhbRvNhhpDJKxYG/MCvJ0XzEQGiQx/ByJ5/7LoFWOTpGXpiVeiLElRGpv0bfRGzBJ5oXhtVammMzcaw0C1lID+A6DegiOTICqCJzpdWhviwxBbewRd64XYx0Ai4oFv4E17q6Y3SBDJDRlcj2EqhXJ1P899LLGY0IEgqcqXFLOY23i2dyFBoaQ53b2vDHZEXbX6ZmeuUpnZRnsbiYlinwdpblErWNW29s0y6gfr3joj6nB9HQhy9Lr9qyicxPDrOdGpiNO0dmo5/durrFmtyB/wJ6aO/PNcttbIzFZgaY2xxqQh2aWJSJJjNFDEvGeYfUzOzVMIEAb1silye7IckO0K+ZAufxy924Ll/WaUPsGXX4plmDwK5Vict9dbbXyz0ZCkVPGd4EUPZzrNCoSE++BhU03gI+mumVL0xYTWiUh1GmvBCh7B7iYKnJTZUC/blEMhE5tXihJb7nVYMJMsXU6pf15awb2CyJEzWscE+RvosQyEMwjXgqXA4n/NIA9wpN5lqA15ZojhZtJbeXlGNjKWVbU3Re48DP90u7YrmgGge/S/w0dhhdoEHdHcgKDoEUIHXCHfyqK5GcaqchMxFB9uFkeDU1QdWGcO/boByeegCkd/udOOg3CZA2+FOse+F5VSGRx/3ARmyMMxfrHtI0LZ3BBC2AVxEx/WVWNOwKOcGQiZnbJRDepcTHwMHXxQmAgtIEibrZ+OeCUmWa/iNr+Wr+CvbSTSt9tpEE8simasgvKpaZOfHOxdETUlEW5GMMyyi13U7l2isaINXRiUyFUlAAJJXg5QyybhYI6TusfStxgGqC1D5ELDbWepAl5JQDROoNW22qTmBLstj0C2Q+ivbNgfjwl5VzGv4hVF7ypEIM4nS+nThz916bMX2tn3te2P9pV5o7eRyfjMuZ/92ivZKRYVqaa7qWHUyJDPn91uktkGOBVmyFDJqIuTGriPO/NAZSNjEmCPLLmBHWX84tHURdCbaNYo/fJHc+CthYiOIv1RgQzOd55P/Hl2tD9OTGa37CWbPPtTEO94kKMLhs0wAi/avwLNiJcvnHIZTzNFfjgObF0eiqIxPeq6jMdFpr7c1L4iOTXm61irZVuzUh9flu9LXGIIdWvyTT4afnJHym6ZgBaHtfD+VGC1bBx6r6KLxFRxvO7U5Li15MpdeUSwDzqbljIG1h7mmtUbuZiB0dc0c3OZLOjyFecYBGl7x8EckIcDOu4PsPTNFgD2MCAg7pWMMX28uf/vGqGb5wb7LSUjgbYwSikmwulgysEx9Qk2s4bUNabAs4AxoxbefpCf7Cu4B9mP+PAzBvDDzWYGTyQBtok1O0NEkfrvz1JE=&u=U2FsdGVkX1/P0yS5HAKHA1Rg68RwTFsRsMQPg4+Xk0P9BskdqFHM3Lx099aIj2Hn&y=U2FsdGVkX19FVCLwPu22Y1jA0AU/TfHJoOD2fOeL3msTHnm9J/tbHgZJKTj6Tnrx HTTP/1.1" 200 26
186.102.40.120 - - [06/Dec/2022:06:20:38 -0500] "GET /kwssiamovil/sm/acme/a?s=U2FsdGVkX1+qVZvnr1rCLZs5kTFzPuoh8Yukas7AMWpgJxMpJYNRQPhqz/EbvSzcFAbm9hkAhmF6+xNfK+TiUN+5Fouto61HG6SQT60fD5Sk2S0c+h5fxpO1cj54ZHm3UOnEaXcYhiRFoA9NNnhm9Hk4Qkuz5E9JZkX4ZvDKgG0=&u=U2FsdGVkX1/P0yS5HAKHA1Rg68RwTFsRsMQPg4+Xk0P9BskdqFHM3Lx099aIj2Hn&y=U2FsdGVkX19FVCLwPu22Y1jA0AU/TfHJoOD2fOeL3msTHnm9J/tbHgZJKTj6Tnrx HTTP/1.1" 200 26
186.102.40.120 - - [06/Dec/2022:06:20:39 -0500] "GET /kwssiamovil/sm/acme/a?s=U2FsdGVkX19DDUIkqFQ2dlL7MU1He0bviundthRheScxWI/UCHMJP0k2YJMvxyTfO5n1aDYdydpqqVmV4n0bWzxzsnKwylzxoPVNiMszCwyi95d7qn2zx4j7jLuJAdQEImgWeuPa2TG3+3BeBwSI0GN56tolNoAPPZALbd7X7Dc=&u=U2FsdGVkX1/P0yS5HAKHA1Rg68RwTFsRsMQPg4+Xk0P9BskdqFHM3Lx099aIj2Hn&y=U2FsdGVkX19FVCLwPu22Y1jA0AU/TfHJoOD2fOeL3msTHnm9J/tbHgZJKTj6Tnrx HTTP/1.1" 200 26
186.102.40.120 - - [06/Dec/2022:06:20:39 -0500] "GET /kwssiamovil/sm/acme/a?s=U2FsdGVkX19oPazwGCuDY9e93/TdeGJRrX8chWtND01h3S9UHULSZciSDW+VW5KZHO9c+FJ+3XmYSdMfpMosM+5QjQZ6WC7UPb//NlEi7LFFqA91LWunzssCU+GnbwhaZOIwRmCF6EIWgoK8aNos9xqQjhFQIESHAgO6vgeqSHE=&u=U2FsdGVkX1/P0yS5HAKHA1Rg68RwTFsRsMQPg4+Xk0P9BskdqFHM3Lx099aIj2Hn&y=U2FsdGVkX19FVCLwPu22Y1jA0AU/TfHJoOD2fOeL3msTHnm9J/tbHgZJKTj6Tnrx HTTP/1.1" 200 26
186.102.40.120 - - [06/Dec/2022:06:20:39 -0500] "GET /kwssiamovil/sm/acme/a?s=U2FsdGVkX1+gVehsyJyM/NscBl0zrf2y9FTYeXKfvvafW1x02N9FzXYpLcqVF/naCR3dvaIT28VOiE/qeSvk159qmPEunDW+vrX0f2d/gXrXOXEw/WqT7keeEq/TWeyDuJEMdwfrKmE/gYdRbqQuw495ab/Ux5yq7vI2nH+gpAjh1GfipLI3HsPID+sfH6zqS65S2FdawzpqxMp/6Oc1UQ==&u=U2FsdGVkX1/P0yS5HAKHA1Rg68RwTFsRsMQPg4+Xk0P9BskdqFHM3Lx099aIj2Hn&y=U2FsdGVkX19FVCLwPu22Y1jA0AU/TfHJoOD2fOeL3msTHnm9J/tbHgZJKTj6Tnrx HTTP/1.1" 200 26
201.245.192.253 - - [06/Dec/2022:06:20:44 -0500] "POST /kwsrmcab/Wsrmcab HTTP/1.1" 502 1155
201.245.192.253 - - [06/Dec/2022:06:20:44 -0500] "POST /kwsrmcab/Wsrmcab HTTP/1.1" 200 43623
136.243.228.197 - - [06/Dec/2022:06:20:56 -0500] "GET /BLA/resoluciones/index.php?dir=RESOLUCIONES+2003/ HTTP/1.1" 200 31404
216.245.221.92 - - [06/Dec/2022:06:21:56 -0500] "HEAD / HTTP/1.1" 200 -
172.22.2.4 - - [06/Dec/2022:06:20:27 -0500] "HEAD /BLA/boletinlegal/ HTTP/1.1" 200 -
172.22.2.4 - - [06/Dec/2022:06:21:17 -0500] "GET /BLA/boletinlegal/ HTTP/1.1" 200 57192
201.245.192.253 - - [06/Dec/2022:06:24:01 -0500] "POST /kwsrmcab/Wsrmcab  HTTP/1.1" 200 43162
173.252.95.6 - - [06/Dec/2022:06:24:11 -0500] "GET /images/cr\xc3\xb3nica-29-nov-1_optimized.jpeg HTTP/1.1" 404 1034
136.243.228.197 - - [06/Dec/2022:06:24:40 -0500] "GET /BLA/resoluciones/index.php?dir=AUTOS+2010/ HTTP/1.1" 200 277923
173.252.79.9 - - [06/Dec/2022:06:25:37 -0500] "GET /images/cr\xc3\xb3nica-29-nov-1_optimized.jpeg HTTP/1.1" 404 1034
186.30.171.20 - - [06/Dec/2022:06:26:12 -0500] "GET /BLA/resoluciones/index.php?dir=AUTOS+2019%2F HTTP/1.1" 200 349992
35.178.56.30 - - [06/Dec/2022:06:26:25 -0500] "GET / HTTP/1.0" 200 319
216.245.221.92 - - [06/Dec/2022:06:26:56 -0500] "HEAD / HTTP/1.1" 200 -
186.102.40.120 - - [06/Dec/2022:06:26:58 -0500] "GET /kwssiamovil/sm/acme/a?s=U2FsdGVkX1/gqAP7mPFXDDSxCoq+XFZuXgRgY7t/Atyiv3b46rikrhtOn19WG4U0gS2jP1JIbzlBOKAcXkj5xZWFZq0tAtjweL5mz9Bx4ruGxhb49T6kXweXgcHiW5sroWVU+EcoMsJvAUpIV23TxOM3KxHgL7h/sqBpR1p6YNTVA70TxJcYfzP/Voeq87hB+2T+9FDUEu5SoT0TnaXzfm6xyW3tVPvm4ExD+DklZ+xDigb7ZVl+GS0l6hBLM3kDQfb+tz/O9cE19uyxFcuIjg==&u=U2FsdGVkX1/P0yS5HAKHA1Rg68RwTFsRsMQPg4+Xk0P9BskdqFHM3Lx099aIj2Hn&y=U2FsdGVkX19FVCLwPu22Y1jA0AU/TfHJoOD2fOeL3msTHnm9J/tbHgZJKTj6Tnrx HTTP/1.1" 200 26
186.102.40.120 - - [06/Dec/2022:06:26:59 -0500] "GET /kwssiamovil/sm/acme/a?s=U2FsdGVkX18/q1Sk1ZZItDHE3/hyTI2mMVczncGusXZiIizTXL0wciaVVtUzbbhhvXc9cSvGUEsXeGad5aOlkPRrizuyI+kGA4exOQxq6oH4mo6ERSNfsyOVq9FokQQrESmgBvOuXqBRDAtgQnugYDtxfuKNcAFoT7gVPnhvmWRu9LA7W7vAP7MPfTdbHnZZevmAUevrsyPfAMmiJT8YmRQ8Xs+TjAC+zpEJYl4pBg0hlYJbAqIi3tti8I5VtZYwTM1585yUky/uM1PszpFO/wjzM22fuC2Zm7Ld2sNRYZy1srf+niQAMGDJOhTHQpwH4HfnqCB9Q9d4BTDNX6AY3aXjeewlA47+Luaq9NE3H0sIZnMZ23cmRO6d38r0x6Fv9zmtbqzZxTuFT6kpGhl/iMI5L78/Cmk+plKyGQIs6V0cXhD+KBwGgBAO//1GIbYitbP3cS50kfE9NeTehsOqocPKSsyS9tPZka5I+7jNpRzPHujHjIJB28P3ElDftfSn5hCHtWooQH2U6rzVOYZXuNW2sasjsL2zpPBqlu37bSypdn4yoPNmsyG07hUO72Nv5P1wprXBg+bKH7x5VpBYGuCkrCg7TURGV4xPxvwKnqChTogzcwitE0JWgIrZfm1wEdOAygkWXdgtr5h+Pwe9XIUzkYbFkynbbV0nLnB8o1qW7eucTbYGR9t2ONy53WKiAZPYm59gI6QMf3+WiCseFRygsr2TQHm3PiS2rVpLlGC9geP6vBbe/HCatKi5MP1fUO47YJppleAMRji8rq/oMx/oOAfNigsjNSJw+D3beD5vEigV7aFpOyloYnXjjMwP1Vfrv/D0QaQtoGhRrnYnPrnV14bKo6tfLrIh35NRhvY4/ayJoSVS98YPnHvrbkoAFXvAmOodKzCeFaSiPCqRlxH+kf1OJW0QjVg42ds0T8Rj7qYr22rLp7G8fpfGQSj9s7fU0fNNfcMsE6+PBljWtXkHOMkBDmBAKW3haAwb6ud0cg1rcU4P8gShsfmSlDY1fvyraY+BW6fMuJefMObk902ufKMgfiaYzVY88CvjS0QIThLy4bEG6Np5rdKrKjh1Lm2pFFlTG/5SQhTh8WHXYqbUG3NdrowCQb8093IpcBliRnPG5MavN29hy1nQyqqmARSdoJbTBDkqEikfMVAc0IdfIV5sf4yKD88RNBz0CNAdPq1tXSbsQFxO+5Xs097BA0cyAr/894+ph2J/Luyd+5fmNSLeZvKBEQwh/x8UN4uf3TXswhP671hmzzAFh+OBwfLdVmXGb0XclIbSHyhhmxvEhG1Z4Ym3bcA47r4HBlnK9JjwndhaTUsI2+IRGGdfZIaQCmiJSRmt03hZoLjKuA23Zr3k5U/Tt+Lt9utzQn8KI8EKSZPZNFiV00kts0Rn9RictxzLBwIaJlOioO4VbGZdYKquXac2M9aLQo/InsnNOy754D54uE3k6pEtu6wkUENZI0Ylo7S0qiRZxEkjqkbJinzIKWXSqotH0faVn26+qn+dC26loZeBA24k/iiIsWz86Ni6+N358WNMviGYJAMoTxH//ZslbkwhTlPjeWMq+QOrLw19JhNLG12ntF8SNf3TjEn4L0gvhsTr+ICYftAhhwkgRQRvWddcmIYofvV8SSejePh/t0KjRrGN2Xd/wy9XVYBVx/JCr1ZpEGhYtLDLSwBJZ+BUuF7dUGI3ceuEzIL3jVEw1UPXoEueoE0dTRms02EcdyX33xTkpx+8/4udbRC1eiM2Qb5U64mrYiLLGrgiWfXp2123ji5L76caxT7Q33ot4rJRodTj8TFrO1njPTwCLWtrl8o6mOUTxjJM67WEakQO9ych6YkxC8vL7GT/yPNYIQPmZygvSU26rEeqiGML3LQicoxGXjBbGb7ldJRdYmFs/sAKiZ/9mG9cUXw/CWWIwY8F1Vmp7x+QsA9+Sv1F9n0ocvr4hh5fhFysh/++Mhk8BFfDxXmEVasHK7Lb2GTuKWRJ/noAcJ19I7PWicIrdfZd+LIYvo7lxJxtEkPTiCivlQQZotyIAM6ZRGgQfykFCVlZS2nO1SKHBWYMUUKeQoQmHgUjaAKs8DIjAa44eFdPCYZcF7hmiqI0mNOyY6exIuG99tg+xniWDOGMXVdLVNfZ4uncOjcC/XCQCdyRHTpkEPlaqPorn6ugwHS01gklKOgeaO/J5IoDLWT6T6dnUkrwdTW0P3LF7mTmfdO7Pj/AXfJDNHV5S3qJ8e/0ewcPpXh4KvUPkzEgFN/cExsIfcs6Q9O3wvOINEApJaWiBrjVT0po3oOZrKJNi0vx986XXWe/Xzxe7cmViyeU6sVDIMNXsAlMaaj71PcWXeK5kgspKMPgjnB48J34Gfn1lwWYCxb7oAyR1Am4nbnU9ENFKij7KzsTlud60HX50563HpE6/CblpJ3jy9F4b1oG7MWdwBu7YZR6oJzDgMot4G761lhErPY6rxr6JQSbDGamcWNkFF0BuYtOpq7Gk/G8qd8Iwxd7CW1XlnXJEat8Yw+j+imTsm3+uBSfWsObz9NIB//lcLMSfGBF4UYeAitsQhC8rXUWgtr15vevoJgDWHgF+gwCHMCK3hu/2YGaJEMoE/HdErgUIU8yRY6TVmTgA+/23czy/QiucY4Oe7ZKawJILBugY220SSidsqHMYq4/QmbZYHx3pBjDLuqMYMWmRc3gIGdhwVo/oztBTQ==&u=U2FsdGVkX1/P0yS5HAKHA1Rg68RwTFsRsMQPg4+Xk0P9BskdqFHM3Lx099aIj2Hn&y=U2FsdGVkX19FVCLwPu22Y1jA0AU/TfHJoOD2fOeL3msTHnm9J/tbHgZJKTj6Tnrx HTTP/1.1" 200 26
186.102.40.120 - - [06/Dec/2022:06:26:59 -0500] "GET /kwssiamovil/sm/acme/a?s=U2FsdGVkX1+PjDXP/QbikznOC/3NA9tlKzKfjztJSGCLtiIU7/a0kIM4r61zyC6rUm3kf1dNfK6CNgN+m/56uDcAsEv6hBY8u0k6MGg4GdbM+9wjYczBJhuNTwYspNySHGl7PMgza59KDjlsVUbHDYWaGRQFovk0dDLHlQ+c/3w=&u=U2FsdGVkX1/P0yS5HAKHA1Rg68RwTFsRsMQPg4+Xk0P9BskdqFHM3Lx099aIj2Hn&y=U2FsdGVkX19FVCLwPu22Y1jA0AU/TfHJoOD2fOeL3msTHnm9J/tbHgZJKTj6Tnrx HTTP/1.1" 200 26
186.102.40.120 - - [06/Dec/2022:06:26:59 -0500] "GET /kwssiamovil/sm/acme/a?s=U2FsdGVkX18oM5uFcNCBtvJcZY/5q04RpuDLGdRpv4cZ48MK15vgm0DLVo4tMKch45nYJrowdJ0Bq2Gi36xWHIONZk9UjtQ58TbyjCdzGBS6P+ve9RO/I8K+8wFd1UUyWq8YsUpzXjJEk4yHYf/Hf/CITf9EnHLmdQ79+R36+ZA=&u=U2FsdGVkX1/P0yS5HAKHA1Rg68RwTFsRsMQPg4+Xk0P9BskdqFHM3Lx099aIj2Hn&y=U2FsdGVkX19FVCLwPu22Y1jA0AU/TfHJoOD2fOeL3msTHnm9J/tbHgZJKTj6Tnrx HTTP/1.1" 200 26
186.102.40.120 - - [06/Dec/2022:06:26:59 -0500] "GET /kwssiamovil/sm/acme/a?s=U2FsdGVkX1+IK8egtTAZ4W5KlUgXBQzFjgmPwH4sy/A2Yx9Bkx7bRe/FxOD7+LppaWdPEAo1qBeTgKvSQY469e6KjK3I8VdbYnIKGSlxOwB7NahOJbD9WuETFdKtL0mTf6n9cdkPQXGk8tETXY03JBxgHIojLKxKobc1Jbqdpz0=&u=U2FsdGVkX1/P0yS5HAKHA1Rg68RwTFsRsMQPg4+Xk0P9BskdqFHM3Lx099aIj2Hn&y=U2FsdGVkX19FVCLwPu22Y1jA0AU/TfHJoOD2fOeL3msTHnm9J/tbHgZJKTj6Tnrx HTTP/1.1" 200 26
186.102.40.120 - - [06/Dec/2022:06:27:00 -0500] "GET /kwssiamovil/sm/acme/a?s=U2FsdGVkX1/VoM8jT3S4QlrzeZdsWUX6RpbIPGOkUcL8QtSEKmi6KBwBww2h//DPk4byC6Kh8/eLHFxCnVJoGTXtP/HYIydrr5eG1sUq/YsFq8OFYECFjKsFxVvV9A2oWI7iTVkGT5I6h46Za+SFyU6we5Ljjpb4ezhhYVoKiG5JSES4h7oMw5fecV8JcHKxULRjfTJAsfDcWrbDR/6kvQ==&u=U2FsdGVkX1/P0yS5HAKHA1Rg68RwTFsRsMQPg4+Xk0P9BskdqFHM3Lx099aIj2Hn&y=U2FsdGVkX19FVCLwPu22Y1jA0AU/TfHJoOD2fOeL3msTHnm9J/tbHgZJKTj6Tnrx HTTP/1.1" 200 26
136.243.228.197 - - [06/Dec/2022:06:27:30 -0500] "GET /BLA/resoluciones/index.php?dir=2018/ HTTP/1.1" 200 1608
172.22.2.4 - - [06/Dec/2022:06:26:17 -0500] "HEAD /BLA/boletinlegal/ HTTP/1.1" 200 -
172.22.2.4 - - [06/Dec/2022:06:27:07 -0500] "GET /BLA/boletinlegal/ HTTP/1.1" 200 52453
159.69.179.16 - - [06/Dec/2022:06:28:59 -0500] "GET / HTTP/1.1" 200 319
201.245.192.253 - - [06/Dec/2022:06:29:00 -0500] "POST /kwsrmcab/Wsrmcab  HTTP/1.1" 502 1155
201.245.192.253 - - [06/Dec/2022:06:29:59 -0500] "POST /kwsrmcab/Wsrmcab  HTTP/1.1" 200 43162
136.243.228.197 - - [06/Dec/2022:06:30:07 -0500] "GET /BLA/resoluciones/index.php?dir=RESOLUCIONES+1999/ HTTP/1.1" 200 10377
201.245.192.253 - - [06/Dec/2022:06:30:45 -0500] "POST /kwsrmcab/Wsrmcab HTTP/1.1" 200 43646
201.245.192.253 - - [06/Dec/2022:06:30:48 -0500] "POST /kwsrmcab/Wsrmcab HTTP/1.1" 200 43623
201.245.192.253 - - [06/Dec/2022:06:31:00 -0500] "POST /kwsrmcab/Wsrmcab  HTTP/1.1" 200 43162
216.245.221.92 - - [06/Dec/2022:06:31:56 -0500] "HEAD / HTTP/1.1" 200 -
136.243.228.197 - - [06/Dec/2022:06:32:40 -0500] "GET /BLA/resoluciones/index.php?dir=AUTOS+2017/ HTTP/1.1" 200 460487
172.22.2.4 - - [06/Dec/2022:06:32:07 -0500] "HEAD /BLA/boletinlegal/ HTTP/1.1" 200 -
172.22.2.4 - - [06/Dec/2022:06:32:57 -0500] "GET /BLA/boletinlegal/ HTTP/1.1" 200 54100
35.178.56.30 - - [06/Dec/2022:06:35:55 -0500] "GET / HTTP/1.0" 200 319
201.245.192.253 - - [06/Dec/2022:06:35:59 -0500] "POST /kwsrmcab/Wsrmcab  HTTP/1.1" 200 43162
216.245.221.92 - - [06/Dec/2022:06:36:56 -0500] "HEAD / HTTP/1.1" 200 -
40.77.167.13 - - [06/Dec/2022:06:38:19 -0500] "GET /bla/resoluciones/index.php?dir=autos+2010 HTTP/1.1" 200 277923
116.202.20.140 - - [06/Dec/2022:06:38:55 -0500] "GET / HTTP/1.1" 200 319
172.22.2.4 - - [06/Dec/2022:06:37:57 -0500] "HEAD /BLA/boletinlegal/ HTTP/1.1" 200 -
172.22.2.4 - - [06/Dec/2022:06:38:47 -0500] "GET /BLA/boletinlegal/ HTTP/1.1" 200 54100
201.245.192.253 - - [06/Dec/2022:06:40:44 -0500] "POST /kwsrmcab/Wsrmcab HTTP/1.1" 200 43646
201.245.192.253 - - [06/Dec/2022:06:40:47 -0500] "POST /kwsrmcab/Wsrmcab HTTP/1.1" 200 43623
201.245.192.253 - - [06/Dec/2022:06:40:58 -0500] "POST /kwsrmcab/Wsrmcab  HTTP/1.1" 200 43162
104.47.70.126 - - [06/Dec/2022:06:41:23 -0500] "GET /appsia/controlador HTTP/1.1" 200 4799
190.25.76.14 - - [06/Dec/2022:06:41:27 -0500] "GET /appsia/controlador HTTP/1.1" 200 4799
190.25.76.14 - - [06/Dec/2022:06:41:28 -0500] "GET /appsia/css/estilos.css HTTP/1.1" 200 4804
190.25.76.14 - - [06/Dec/2022:06:41:28 -0500] "GET /appsia/scripts/validarIngreso.js HTTP/1.1" 200 851
190.25.76.14 - - [06/Dec/2022:06:41:28 -0500] "GET /appsia/images/logo_bogota_p.png HTTP/1.1" 200 14951
190.25.76.14 - - [06/Dec/2022:06:41:28 -0500] "GET /appsia/images/cabezoteHojaVida.png HTTP/1.1" 200 32493
190.25.76.14 - - [06/Dec/2022:06:41:28 -0500] "GET /favicon.ico HTTP/1.1" 200 7782
40.94.26.205 - - [06/Dec/2022:06:41:37 -0500] "GET /appsia/controlador HTTP/1.1" 200 4799
190.25.76.14 - - [06/Dec/2022:06:41:38 -0500] "POST /appsia/controlador HTTP/1.1" 200 4621
40.94.26.224 - - [06/Dec/2022:06:41:38 -0500] "GET /appsia/scripts/validarIngreso.js HTTP/1.1" 200 851
40.94.26.181 - - [06/Dec/2022:06:41:38 -0500] "GET /appsia/css/estilos.css HTTP/1.1" 200 4804
40.94.26.181 - - [06/Dec/2022:06:41:38 -0500] "GET /appsia/images/logo_bogota_p.png HTTP/1.1" 200 14951
40.94.26.224 - - [06/Dec/2022:06:41:38 -0500] "GET /appsia/images/cabezoteHojaVida.png HTTP/1.1" 200 32493
40.94.26.224 - - [06/Dec/2022:06:41:42 -0500] "GET /favicon.ico HTTP/1.1" 200 7782
190.25.76.14 - - [06/Dec/2022:06:41:42 -0500] "POST /appsia/controlador HTTP/1.1" 200 7720
190.25.76.14 - - [06/Dec/2022:06:41:43 -0500] "GET /appsia/images/logo_escudo.png HTTP/1.1" 200 36965
216.245.221.92 - - [06/Dec/2022:06:41:57 -0500] "HEAD / HTTP/1.1" 200 -
40.77.167.14 - - [06/Dec/2022:06:42:48 -0500] "GET / HTTP/1.1" 200 319
66.240.236.109 - - [06/Dec/2022:06:42:55 -0500] "GET / HTTP/1.1" 200 319
192.241.206.185 - - [06/Dec/2022:06:44:17 -0500] "GET /manager/html HTTP/1.1" 404 1018
35.178.56.30 - - [06/Dec/2022:06:45:24 -0500] "\x16\x03\x01" 400 226
172.22.2.4 - - [06/Dec/2022:06:43:47 -0500] "HEAD /BLA/boletinlegal/ HTTP/1.1" 200 -
35.178.56.30 - - [06/Dec/2022:06:45:41 -0500] "\x16\x03\x01" 400 226
201.245.192.253 - - [06/Dec/2022:06:45:58 -0500] "POST /kwsrmcab/Wsrmcab  HTTP/1.1" 200 43162
192.144.113.87 - - [06/Dec/2022:06:46:13 -0500] "GET /dia-del-voluntariado-ambiental-secretaria-de-ambiente-reconoce-las-iniciativas-que-trabajan-por-el-cuidado-de-la-biodiversidad-en-bogota.htm HTTP/1.1" 404 1266
192.144.113.87 - - [06/Dec/2022:06:46:13 -0500] "GET /favicon.ico HTTP/1.1" 404 1574
172.22.2.4 - - [06/Dec/2022:06:44:37 -0500] "GET /BLA/boletinlegal/ HTTP/1.1" 200 59035
35.178.56.30 - - [06/Dec/2022:06:46:42 -0500] "GET /favicon.ico HTTP/1.1" 200 7782
216.245.221.92 - - [06/Dec/2022:06:46:56 -0500] "HEAD / HTTP/1.1" 200 -
69.63.184.5 - - [06/Dec/2022:06:47:55 -0500] "GET /images/Entrenubes%201%20(1)%20(1).jpeg HTTP/1.1" 200 70096
168.119.253.11 - - [06/Dec/2022:06:48:24 -0500] "GET / HTTP/1.1" 200 319
201.245.192.253 - - [06/Dec/2022:06:50:57 -0500] "POST /kwsrmcab/Wsrmcab  HTTP/1.1" 200 43162
172.22.2.4 - - [06/Dec/2022:06:49:37 -0500] "HEAD /BLA/boletinlegal/ HTTP/1.1" 200 -
216.245.221.92 - - [06/Dec/2022:06:51:56 -0500] "HEAD / HTTP/1.1" 200 -
172.22.2.4 - - [06/Dec/2022:06:50:27 -0500] "GET /BLA/boletinlegal/ HTTP/1.1" 200 59035
157.55.39.39 - - [06/Dec/2022:06:55:19 -0500] "GET /transparencia/General%20Asignado/ HTTP/1.1" 200 43125
201.245.192.253 - - [06/Dec/2022:06:55:56 -0500] "POST /kwsrmcab/Wsrmcab  HTTP/1.1" 200 43162
216.245.221.92 - - [06/Dec/2022:06:56:56 -0500] "HEAD / HTTP/1.1" 200 -
172.22.2.4 - - [06/Dec/2022:06:55:27 -0500] "HEAD /BLA/boletinlegal/ HTTP/1.1" 200 -
136.243.228.197 - - [06/Dec/2022:06:57:12 -0500] "GET /BLA/resoluciones/index.php?dir=AUTOS+2007/ HTTP/1.1" 200 628423
168.119.253.85 - - [06/Dec/2022:06:57:28 -0500] "GET / HTTP/1.1" 200 319
136.243.228.197 - - [06/Dec/2022:06:57:43 -0500] "GET /BLA/resoluciones/index.php?dir=RESOLUCIONES+2015/ HTTP/1.1" 200 130562
172.22.2.4 - - [06/Dec/2022:06:56:17 -0500] "GET /BLA/boletinlegal/ HTTP/1.1" 200 53739
136.243.228.197 - - [06/Dec/2022:06:59:03 -0500] "GET /BLA/resoluciones/index.php?dir=RESOLUCIONES+2019/ HTTP/1.1" 200 249154
201.245.192.253 - - [06/Dec/2022:07:00:54 -0500] "POST /kwsrmcab/Wsrmcab  HTTP/1.1" 200 43162
216.245.221.92 - - [06/Dec/2022:07:01:56 -0500] "HEAD / HTTP/1.1" 200 -
172.22.2.4 - - [06/Dec/2022:07:01:17 -0500] "HEAD /BLA/boletinlegal/ HTTP/1.1" 200 -
201.245.192.253 - - [06/Dec/2022:07:03:21 -0500] "GET /mesa/contrasena.pdf HTTP/1.1" 200 443199
201.245.192.253 - - [06/Dec/2022:07:03:26 -0500] "GET /mesa/contrasena.pdf HTTP/1.1" 200 443199
201.245.192.253 - - [06/Dec/2022:07:03:28 -0500] "GET /favicon.ico HTTP/1.1" 200 7782
201.245.192.253 - - [06/Dec/2022:07:03:44 -0500] "GET /mesa/contrasena.pdf HTTP/1.1" 304 -
172.22.2.4 - - [06/Dec/2022:07:02:07 -0500] "GET /BLA/boletinlegal/ HTTP/1.1" 200 54100
173.252.107.117 - - [06/Dec/2022:07:04:58 -0500] "GET /images/jardines-verticales-plantas-24-mayo.jpg HTTP/1.1" 200 148288
201.245.192.253 - - [06/Dec/2022:07:05:53 -0500] "POST /kwsrmcab/Wsrmcab  HTTP/1.1" 200 43162
157.90.244.54 - - [06/Dec/2022:07:06:02 -0500] "GET / HTTP/1.1" 200 319
141.255.166.2 - - [06/Dec/2022:07:06:14 -0500] "GET / HTTP/1.1" 200 319
216.245.221.92 - - [06/Dec/2022:07:06:56 -0500] "HEAD / HTTP/1.1" 200 -
129.227.30.248 - - [06/Dec/2022:07:07:13 -0500] "GET /galeria/galeria/fotos/diaSC7Peq.jpg HTTP/1.1" 200 18357
172.22.2.4 - - [06/Dec/2022:07:07:07 -0500] "HEAD /BLA/boletinlegal/ HTTP/1.1" 200 -
172.22.2.4 - - [06/Dec/2022:07:07:57 -0500] "GET /BLA/boletinlegal/ HTTP/1.1" 200 54816
201.245.192.253 - - [06/Dec/2022:07:11:00 -0500] "POST /kwsrmcab/Wsrmcab  HTTP/1.1" 200 14501
185.119.81.102 - - [06/Dec/2022:07:11:13 -0500] "GET /portaldeninos/wp-login.php HTTP/1.1" 200 2592
185.119.81.102 - - [06/Dec/2022:07:11:14 -0500] "POST /portaldeninos/wp-login.php HTTP/1.1" 200 3650
216.245.221.92 - - [06/Dec/2022:07:11:56 -0500] "HEAD / HTTP/1.1" 200 -
201.245.192.253 - - [06/Dec/2022:07:11:59 -0500] "POST /kwsrmcab/Wsrmcab  HTTP/1.1" 200 43162
201.245.192.253 - - [06/Dec/2022:07:12:59 -0500] "POST /kwsrmcab/Wsrmcab  HTTP/1.1" 200 43162
172.22.2.4 - - [06/Dec/2022:07:12:57 -0500] "HEAD /BLA/boletinlegal/ HTTP/1.1" 200 -
172.22.2.4 - - [06/Dec/2022:07:13:47 -0500] "GET /BLA/boletinlegal/ HTTP/1.1" 200 57192
168.119.252.243 - - [06/Dec/2022:07:15:37 -0500] "GET / HTTP/1.1" 200 319
162.55.165.184 - - [06/Dec/2022:07:16:10 -0500] "GET / HTTP/1.1" 200 319
162.55.38.160 - - [06/Dec/2022:07:16:19 -0500] "GET / HTTP/1.1" 200 319
69.171.249.2 - - [06/Dec/2022:07:16:32 -0500] "GET /images/negocios-verdes-mayo-2022.jpg HTTP/1.1" 200 48000
216.245.221.92 - - [06/Dec/2022:07:16:56 -0500] "HEAD / HTTP/1.1" 200 -
201.245.192.253 - - [06/Dec/2022:07:17:58 -0500] "POST /kwsrmcab/Wsrmcab  HTTP/1.1" 200 43162
34.77.127.183 - - [06/Dec/2022:07:20:05 -0500] "GET / HTTP/1.1" 200 319
172.22.2.4 - - [06/Dec/2022:07:18:47 -0500] "HEAD /BLA/boletinlegal/ HTTP/1.1" 200 -
172.22.2.4 - - [06/Dec/2022:07:20:31 -0500] "GET /BLA/boletinlegal/actos.php HTTP/1.1" 200 9566
172.22.2.4 - - [06/Dec/2022:07:20:32 -0500] "GET /BLA/boletinlegal/favicon.ico HTTP/1.1" 404 1326
172.22.2.4 - - [06/Dec/2022:07:20:37 -0500] "GET /BLA/boletinlegal/consulta_actos.php?tipo=resoluciones&no=&usuario=&sector=&fecha=2022&resuelve= HTTP/1.1" 200 4366839
185.119.81.102 - - [06/Dec/2022:07:20:42 -0500] "GET /portaldeninos/wp-login.php HTTP/1.1" 200 2592
185.119.81.102 - - [06/Dec/2022:07:20:43 -0500] "POST /portaldeninos/wp-login.php HTTP/1.1" 200 3605
201.245.192.253 - - [06/Dec/2022:07:20:44 -0500] "POST /kwsrmcab/Wsrmcab HTTP/1.1" 200 43650
201.245.192.253 - - [06/Dec/2022:07:20:48 -0500] "POST /kwsrmcab/Wsrmcab HTTP/1.1" 200 43631
172.22.2.4 - - [06/Dec/2022:07:20:23 -0500] "GET /BLA/boletinlegal/ HTTP/1.1" 200 24523
172.22.2.4 - - [06/Dec/2022:07:19:37 -0500] "GET /BLA/boletinlegal/ HTTP/1.1" 200 55272
216.245.221.92 - - [06/Dec/2022:07:21:56 -0500] "HEAD / HTTP/1.1" 200 -
201.245.192.253 - - [06/Dec/2022:07:22:24 -0500] "GET /BLA/resoluciones/RESOLUCIONES%202022/4757.pdf HTTP/1.1" 200 372255
201.245.192.253 - - [06/Dec/2022:07:22:24 -0500] "GET /favicon.ico HTTP/1.1" 200 7782
201.245.192.253 - - [06/Dec/2022:07:22:57 -0500] "POST /kwsrmcab/Wsrmcab  HTTP/1.1" 200 43162
168.119.252.242 - - [06/Dec/2022:07:24:08 -0500] "GET / HTTP/1.1" 200 319
207.46.13.174 - - [06/Dec/2022:07:26:15 -0500] "GET /sipse/faces/javax.faces.resource/layout/layout.js;jsessionid=k20fw00xzawjp9wmcyoarhj3.undefined?ln=primefaces&v=4.0 HTTP/1.1" 200 87560
172.22.2.4 - - [06/Dec/2022:07:24:37 -0500] "HEAD /BLA/boletinlegal/ HTTP/1.1" 200 -
216.245.221.92 - - [06/Dec/2022:07:26:56 -0500] "HEAD / HTTP/1.1" 200 -
172.22.2.4 - - [06/Dec/2022:07:25:27 -0500] "GET /BLA/boletinlegal/ HTTP/1.1" 200 52942
201.245.192.253 - - [06/Dec/2022:07:27:59 -0500] "POST /kwsrmcab/Wsrmcab  HTTP/1.1" 502 1155
201.245.192.253 - - [06/Dec/2022:07:28:58 -0500] "POST /kwsrmcab/Wsrmcab  HTTP/1.1" 200 43162
201.245.192.253 - - [06/Dec/2022:07:29:59 -0500] "POST /kwsrmcab/Wsrmcab  HTTP/1.1" 200 43162
69.171.249.4 - - [06/Dec/2022:07:30:06 -0500] "GET /images/cr\xc3\xb3nica-29-nov-1_optimized.jpeg HTTP/1.1" 404 1034
201.245.192.253 - - [06/Dec/2022:07:30:45 -0500] "POST /kwsrmcab/Wsrmcab HTTP/1.1" 200 43650
201.245.192.253 - - [06/Dec/2022:07:30:48 -0500] "POST /kwsrmcab/Wsrmcab HTTP/1.1" 200 43631
51.159.194.199 - - [06/Dec/2022:07:31:39 -0500] "GET /dia-del-voluntariado-ambiental-secretaria-de-ambiente-reconoce-las-iniciativas-que-trabajan-por-el-cuidado-de-la-biodiversidad-en-bogota.html HTTP/1.1" 200 1026
51.159.194.199 - - [06/Dec/2022:07:31:39 -0500] "GET /images/Di%CC%81a%20Voluntariado%20(1)%20(1).jpeg HTTP/1.1" 404 1034
216.245.221.92 - - [06/Dec/2022:07:31:56 -0500] "HEAD / HTTP/1.1" 200 -
172.22.2.4 - - [06/Dec/2022:07:30:27 -0500] "HEAD /BLA/boletinlegal/ HTTP/1.1" 200 -
172.22.2.4 - - [06/Dec/2022:07:31:17 -0500] "GET /BLA/boletinlegal/ HTTP/1.1" 200 53337
201.245.192.253 - - [06/Dec/2022:07:35:01 -0500] "POST /kwsrmcab/Wsrmcab  HTTP/1.1" 200 43162
172.22.2.4 - - [06/Dec/2022:07:35:11 -0500] "GET /BLA/boletinlegal/jurisprudencia.php HTTP/1.1" 200 17573
168.119.252.253 - - [06/Dec/2022:07:35:18 -0500] "GET / HTTP/1.1" 200 319
186.29.182.158 - - [06/Dec/2022:07:35:44 -0500] "GET /sipse/faces/faces/autenticacion.xhtml HTTP/1.1" 200 12495
186.29.182.158 - - [06/Dec/2022:07:35:47 -0500] "GET /sipse/js/disable_browser_buttons.js HTTP/1.1" 200 3230
186.29.182.158 - - [06/Dec/2022:07:35:47 -0500] "GET /sipse/css/custom_css_sg.css HTTP/1.1" 200 9694
186.29.182.158 - - [06/Dec/2022:07:35:47 -0500] "GET /sipse/css/custom_css_sg_prime_login.css HTTP/1.1" 200 443
186.29.182.158 - - [06/Dec/2022:07:35:47 -0500] "GET /sipse/js/funciones.js HTTP/1.1" 200 12592
186.29.182.158 - - [06/Dec/2022:07:35:47 -0500] "GET /sipse/faces/javax.faces.resource/primefaces.css;jsessionid=9MoOBQV5LugzUcOv3wnWwDLB.undefined?ln=primefaces&v=4.0 HTTP/1.1" 200 53295
186.29.182.158 - - [06/Dec/2022:07:35:47 -0500] "GET /sipse/faces/javax.faces.resource/theme.css?ln=primefaces-sipse HTTP/1.1" 200 50058
186.29.182.158 - - [06/Dec/2022:07:35:49 -0500] "GET /sipse/faces/javax.faces.resource/layout/layout.css;jsessionid=9MoOBQV5LugzUcOv3wnWwDLB.undefined?ln=primefaces&v=4.0 HTTP/1.1" 200 542
186.29.182.158 - - [06/Dec/2022:07:35:49 -0500] "GET /sipse/faces/javax.faces.resource/jquery/jquery.js;jsessionid=9MoOBQV5LugzUcOv3wnWwDLB.undefined?ln=primefaces&v=4.0 HTTP/1.1" 200 105384
186.29.182.158 - - [06/Dec/2022:07:35:49 -0500] "GET /sipse/faces/javax.faces.resource/jquery/jquery-plugins.js;jsessionid=9MoOBQV5LugzUcOv3wnWwDLB.undefined?ln=primefaces&v=4.0 HTTP/1.1" 200 220526
186.29.182.158 - - [06/Dec/2022:07:35:49 -0500] "GET /sipse/faces/javax.faces.resource/layout/layout.js;jsessionid=9MoOBQV5LugzUcOv3wnWwDLB.undefined?ln=primefaces&v=4.0 HTTP/1.1" 200 87560
186.29.182.158 - - [06/Dec/2022:07:35:49 -0500] "GET /sipse/faces/javax.faces.resource/primefaces.js;jsessionid=9MoOBQV5LugzUcOv3wnWwDLB.undefined?ln=primefaces&v=4.0 HTTP/1.1" 200 276924
186.29.182.158 - - [06/Dec/2022:07:35:53 -0500] "GET /sipse/faces/javax.faces.resource/images/ui-icons_898989_256x240.png?ln=primefaces-aristo HTTP/1.1" 200 5355
186.29.182.158 - - [06/Dec/2022:07:35:53 -0500] "GET /sipse/css/imagen/loginimg.png HTTP/1.1" 200 71635
186.29.182.158 - - [06/Dec/2022:07:35:53 -0500] "GET /sipse/css/imagen/logoSDG.png HTTP/1.1" 200 53064
186.29.182.158 - - [06/Dec/2022:07:35:56 -0500] "GET /sipse/faces/faces/index.xhtml HTTP/1.1" 200 677
186.29.182.158 - - [06/Dec/2022:07:35:58 -0500] "GET /sipse/faces/javax.faces.resource/theme.css?ln=primefaces-sipse HTTP/1.1" 304 -
186.29.182.158 - - [06/Dec/2022:07:36:02 -0500] "GET /favicon.ico HTTP/1.1" 200 7782
186.29.182.158 - - [06/Dec/2022:07:36:02 -0500] "GET /sipse/faces/faces/faces/autenticacion.xhtml HTTP/1.1" 200 12173
186.29.182.158 - - [06/Dec/2022:07:36:04 -0500] "GET /sipse/faces/javax.faces.resource/layout/layout.css?ln=primefaces&v=4.0 HTTP/1.1" 200 542
186.29.182.158 - - [06/Dec/2022:07:36:04 -0500] "GET /sipse/faces/javax.faces.resource/theme.css?ln=primefaces-sipse HTTP/1.1" 304 -
186.29.182.158 - - [06/Dec/2022:07:36:04 -0500] "GET /sipse/faces/javax.faces.resource/jquery/jquery.js?ln=primefaces&v=4.0 HTTP/1.1" 200 105384
186.29.182.158 - - [06/Dec/2022:07:36:04 -0500] "GET /sipse/faces/javax.faces.resource/primefaces.css?ln=primefaces&v=4.0 HTTP/1.1" 200 53295
186.29.182.158 - - [06/Dec/2022:07:36:04 -0500] "GET /sipse/faces/javax.faces.resource/jquery/jquery-plugins.js?ln=primefaces&v=4.0 HTTP/1.1" 200 220526
186.29.182.158 - - [06/Dec/2022:07:36:05 -0500] "GET /sipse/faces/javax.faces.resource/layout/layout.js?ln=primefaces&v=4.0 HTTP/1.1" 200 87560
186.29.182.158 - - [06/Dec/2022:07:36:07 -0500] "GET /sipse/faces/javax.faces.resource/primefaces.js?ln=primefaces&v=4.0 HTTP/1.1" 200 276924
216.245.221.92 - - [06/Dec/2022:07:36:56 -0500] "HEAD / HTTP/1.1" 200 -
179.43.177.154 - - [06/Dec/2022:07:37:29 -0500] "\x16\x03\x01" 400 226
179.43.177.154 - - [06/Dec/2022:07:37:30 -0500] "GET /.env HTTP/1.1" 404 1018
172.22.2.4 - - [06/Dec/2022:07:36:17 -0500] "HEAD /BLA/boletinlegal/ HTTP/1.1" 200 -
201.245.192.253 - - [06/Dec/2022:07:38:13 -0500] "GET /appsia/controlador HTTP/1.1" 200 4799
201.245.192.253 - - [06/Dec/2022:07:38:14 -0500] "GET /appsia/css/estilos.css HTTP/1.1" 200 4804
201.245.192.253 - - [06/Dec/2022:07:38:14 -0500] "GET /appsia/scripts/validarIngreso.js HTTP/1.1" 200 851
201.245.192.253 - - [06/Dec/2022:07:38:14 -0500] "GET /appsia/images/cabezoteHojaVida.png HTTP/1.1" 200 32493
201.245.192.253 - - [06/Dec/2022:07:38:14 -0500] "GET /appsia/images/logo_bogota_p.png HTTP/1.1" 200 14951
201.245.192.253 - - [06/Dec/2022:07:38:14 -0500] "GET /favicon.ico HTTP/1.1" 200 7782
201.245.192.253 - - [06/Dec/2022:07:38:18 -0500] "POST /appsia/controlador HTTP/1.1" 200 5437
201.245.192.253 - - [06/Dec/2022:07:38:19 -0500] "POST /appsia/controlador HTTP/1.1" 200 7773
201.245.192.253 - - [06/Dec/2022:07:38:21 -0500] "POST /appsia/controlador HTTP/1.1" 200 5232
201.245.192.253 - - [06/Dec/2022:07:38:24 -0500] "GET /appsia/controlador?comando=regresar&id=17344339&funcionario=OLIVERIO+LEON+BEJARANO&desde=17344339&hasta=17344339&version=17344339 HTTP/1.1" 200 7773
201.245.192.253 - - [06/Dec/2022:07:38:29 -0500] "POST /appsia/controlador HTTP/1.1" 200 5232
172.22.2.4 - - [06/Dec/2022:07:37:07 -0500] "GET /BLA/boletinlegal/ HTTP/1.1" 200 57192
201.245.192.253 - - [06/Dec/2022:07:40:01 -0500] "POST /kwsrmcab/Wsrmcab  HTTP/1.1" 200 43162
172.22.2.4 - - [06/Dec/2022:07:38:42 -0500] "GET /BLA/boletinlegal/ HTTP/1.1" 200 61905
201.245.192.253 - - [06/Dec/2022:07:40:44 -0500] "POST /kwsrmcab/Wsrmcab HTTP/1.1" 200 43650
201.245.192.253 - - [06/Dec/2022:07:40:47 -0500] "POST /kwsrmcab/Wsrmcab HTTP/1.1" 200 43631
162.55.171.94 - - [06/Dec/2022:07:41:32 -0500] "GET / HTTP/1.1" 200 319
191.89.236.54 - - [06/Dec/2022:07:41:35 -0500] "GET /forest/ HTTP/1.1" 200 12041
191.89.236.54 - - [06/Dec/2022:07:41:50 -0500] "POST /forest/index.php HTTP/1.1" 200 12268
216.245.221.92 - - [06/Dec/2022:07:41:56 -0500] "HEAD / HTTP/1.1" 200 -
201.245.192.253 - - [06/Dec/2022:07:43:45 -0500] "GET /sipse/faces/index.xhtml HTTP/1.1" 502 1346
201.245.192.253 - - [06/Dec/2022:07:43:45 -0500] "GET /favicon.ico HTTP/1.1" 200 7782
172.22.2.4 - - [06/Dec/2022:07:42:07 -0500] "HEAD /BLA/boletinlegal/ HTTP/1.1" 200 -
201.245.192.253 - - [06/Dec/2022:07:43:47 -0500] "GET /sipse/faces/faces/autenticacion.xhtml HTTP/1.1" 200 12495
201.245.192.253 - - [06/Dec/2022:07:43:47 -0500] "GET /sipse/js/disable_browser_buttons.js HTTP/1.1" 200 3230
201.245.192.253 - - [06/Dec/2022:07:43:47 -0500] "GET /sipse/js/funciones.js HTTP/1.1" 200 12592
201.245.192.253 - - [06/Dec/2022:07:43:47 -0500] "GET /sipse/css/custom_css_sg.css HTTP/1.1" 200 9694
201.245.192.253 - - [06/Dec/2022:07:43:47 -0500] "GET /sipse/css/custom_css_sg_prime_login.css HTTP/1.1" 200 443
201.245.192.253 - - [06/Dec/2022:07:43:47 -0500] "GET /sipse/faces/javax.faces.resource/layout/layout.css;jsessionid=jY5wZ9ybpYyaIO1AaP36mkI1.undefined?ln=primefaces&v=4.0 HTTP/1.1" 200 542
201.245.192.253 - - [06/Dec/2022:07:43:47 -0500] "GET /sipse/faces/javax.faces.resource/layout/layout.js;jsessionid=jY5wZ9ybpYyaIO1AaP36mkI1.undefined?ln=primefaces&v=4.0 HTTP/1.1" 200 87560
201.245.192.253 - - [06/Dec/2022:07:43:47 -0500] "GET /sipse/faces/javax.faces.resource/primefaces.css;jsessionid=jY5wZ9ybpYyaIO1AaP36mkI1.undefined?ln=primefaces&v=4.0 HTTP/1.1" 200 53295
201.245.192.253 - - [06/Dec/2022:07:43:47 -0500] "GET /sipse/faces/javax.faces.resource/theme.css?ln=primefaces-sipse HTTP/1.1" 200 50058
201.245.192.253 - - [06/Dec/2022:07:43:47 -0500] "GET /sipse/faces/javax.faces.resource/primefaces.js;jsessionid=jY5wZ9ybpYyaIO1AaP36mkI1.undefined?ln=primefaces&v=4.0 HTTP/1.1" 200 276924
201.245.192.253 - - [06/Dec/2022:07:43:47 -0500] "GET /sipse/faces/javax.faces.resource/jquery/jquery.js;jsessionid=jY5wZ9ybpYyaIO1AaP36mkI1.undefined?ln=primefaces&v=4.0 HTTP/1.1" 200 105384
201.245.192.253 - - [06/Dec/2022:07:43:47 -0500] "GET /sipse/faces/javax.faces.resource/jquery/jquery-plugins.js;jsessionid=jY5wZ9ybpYyaIO1AaP36mkI1.undefined?ln=primefaces&v=4.0 HTTP/1.1" 200 220526
201.245.192.253 - - [06/Dec/2022:07:43:48 -0500] "GET /sipse/faces/javax.faces.resource/images/ui-icons_898989_256x240.png?ln=primefaces-aristo HTTP/1.1" 200 5355
201.245.192.253 - - [06/Dec/2022:07:43:48 -0500] "GET /sipse/css/imagen/logoSDG.png HTTP/1.1" 200 53064
201.245.192.253 - - [06/Dec/2022:07:43:48 -0500] "GET /sipse/css/imagen/loginimg.png HTTP/1.1" 200 71635
201.245.192.253 - - [06/Dec/2022:07:43:48 -0500] "GET /sipse/faces/faces/index.xhtml HTTP/1.1" 200 677
201.245.192.253 - - [06/Dec/2022:07:43:48 -0500] "GET /sipse/faces/javax.faces.resource/theme.css?ln=primefaces-sipse HTTP/1.1" 304 -
201.245.192.253 - - [06/Dec/2022:07:43:48 -0500] "GET /sipse/faces/faces/faces/autenticacion.xhtml HTTP/1.1" 200 12173
201.245.192.253 - - [06/Dec/2022:07:43:48 -0500] "GET /sipse/faces/javax.faces.resource/theme.css?ln=primefaces-sipse HTTP/1.1" 304 -
201.245.192.253 - - [06/Dec/2022:07:43:48 -0500] "GET /sipse/faces/javax.faces.resource/layout/layout.css?ln=primefaces&v=4.0 HTTP/1.1" 200 542
201.245.192.253 - - [06/Dec/2022:07:43:48 -0500] "GET /sipse/faces/javax.faces.resource/primefaces.css?ln=primefaces&v=4.0 HTTP/1.1" 200 53295
201.245.192.253 - - [06/Dec/2022:07:43:48 -0500] "GET /sipse/faces/javax.faces.resource/jquery/jquery.js?ln=primefaces&v=4.0 HTTP/1.1" 304 -
201.245.192.253 - - [06/Dec/2022:07:43:48 -0500] "GET /sipse/faces/javax.faces.resource/jquery/jquery-plugins.js?ln=primefaces&v=4.0 HTTP/1.1" 304 -
201.245.192.253 - - [06/Dec/2022:07:43:48 -0500] "GET /sipse/faces/javax.faces.resource/primefaces.js?ln=primefaces&v=4.0 HTTP/1.1" 304 -
201.245.192.253 - - [06/Dec/2022:07:43:48 -0500] "GET /sipse/faces/javax.faces.resource/layout/layout.js?ln=primefaces&v=4.0 HTTP/1.1" 304 -
201.245.192.253 - - [06/Dec/2022:07:43:48 -0500] "GET /sipse/faces/javax.faces.resource/images/ui-icons_898989_256x240.png?ln=primefaces-aristo HTTP/1.1" 304 -
201.245.192.253 - - [06/Dec/2022:07:43:50 -0500] "POST /sipse/faces/autenticacion.xhtml HTTP/1.1" 200 2218
201.245.192.253 - - [06/Dec/2022:07:43:50 -0500] "GET /sipse/faces/javax.faces.resource/messages/messages.png?ln=primefaces&v=4.0 HTTP/1.1" 200 27209
201.245.192.253 - - [06/Dec/2022:07:43:51 -0500] "POST /sipse/faces/autenticacion.xhtml HTTP/1.1" 200 16371
201.245.192.253 - - [06/Dec/2022:07:43:52 -0500] "GET /sipse/css/custom_css_sg_prime.css HTTP/1.1" 200 5201
201.245.192.253 - - [06/Dec/2022:07:43:52 -0500] "GET /sipse/js/jquery.min.js HTTP/1.1" 200 85582
201.245.192.253 - - [06/Dec/2022:07:43:52 -0500] "GET /sipse/faces/javax.faces.resource/jquery/jquery.js?ln=primefaces&v=4.0 HTTP/1.1" 304 -
201.245.192.253 - - [06/Dec/2022:07:43:52 -0500] "GET /sipse/faces/javax.faces.resource/jquery/jquery-plugins.js?ln=primefaces&v=4.0 HTTP/1.1" 304 -
201.245.192.253 - - [06/Dec/2022:07:43:52 -0500] "GET /sipse/faces/javax.faces.resource/primefaces.js?ln=primefaces&v=4.0 HTTP/1.1" 304 -
201.245.192.253 - - [06/Dec/2022:07:43:52 -0500] "GET /sipse/faces/javax.faces.resource/layout/layout.js?ln=primefaces&v=4.0 HTTP/1.1" 304 -
201.245.192.253 - - [06/Dec/2022:07:43:52 -0500] "GET /sipse/imagenes/cargando.gif HTTP/1.1" 200 36959
201.245.192.253 - - [06/Dec/2022:07:43:52 -0500] "GET /sipse/css/imagen/contrasena.png HTTP/1.1" 404 383
201.245.192.253 - - [06/Dec/2022:07:43:52 -0500] "GET /sipse/imagenes/logoAplicacion.jpg HTTP/1.1" 200 155084
201.245.192.253 - - [06/Dec/2022:07:43:54 -0500] "GET /sipse/faces/javax.faces.resource/images/ui-bg_flat_0_2d5972_40x100.png?ln=primefaces-aristo HTTP/1.1" 200 183
201.245.192.253 - - [06/Dec/2022:07:43:54 -0500] "POST /sipse/faces/bienvenido.xhtml HTTP/1.1" 200 2658
201.245.192.253 - - [06/Dec/2022:07:43:55 -0500] "POST /sipse/faces/bienvenido.xhtml HTTP/1.1" 200 63897
201.245.192.253 - - [06/Dec/2022:07:44:00 -0500] "GET /sipse/faces/javax.faces.resource/jquery/jquery.js?ln=primefaces&v=4.0 HTTP/1.1" 304 -
201.245.192.253 - - [06/Dec/2022:07:44:00 -0500] "GET /sipse/faces/javax.faces.resource/jquery/jquery-plugins.js?ln=primefaces&v=4.0 HTTP/1.1" 304 -
201.245.192.253 - - [06/Dec/2022:07:44:01 -0500] "GET /sipse/faces/javax.faces.resource/primefaces.js?ln=primefaces&v=4.0 HTTP/1.1" 304 -
