190.157.88.51 - - [08/Dec/2022:16:32:23 -0500] "GET /portaldeninos/wp-content/themes/betheme/fonts/mfn-icons.woff?93978679 HTTP/1.1" 200 80932
190.157.88.51 - - [08/Dec/2022:16:32:23 -0500] "GET /portaldeninos/wp-content/themes/betheme/assets/jplayer/jplayer.min.js?ver=20.9.6 HTTP/1.1" 200 52702
190.157.88.51 - - [08/Dec/2022:16:32:23 -0500] "GET /portaldeninos/wp-includes/js/wp-embed.min.js?ver=4.9.8 HTTP/1.1" 200 1398
190.157.88.51 - - [08/Dec/2022:16:32:23 -0500] "GET /portaldeninos/wp-content/themes/betheme/js/scripts.js?ver=20.9.6 HTTP/1.1" 200 77162
190.157.88.51 - - [08/Dec/2022:16:32:23 -0500] "GET /portaldeninos/wp-content/themes/betheme/js/plugins.js?ver=20.9.6 HTTP/1.1" 200 197151
190.157.88.51 - - [08/Dec/2022:16:32:23 -0500] "GET /portaldeninos/wp-content/uploads/2019/08/Logo-Ambientic.png HTTP/1.1" 200 22941
190.157.88.51 - - [08/Dec/2022:16:32:23 -0500] "GET /portaldeninos/wp-content/uploads/2021/07/Banners-pa%CC%81gina-de-nin%CC%83os9.jpg HTTP/1.1" 200 31924
190.157.88.51 - - [08/Dec/2022:16:32:23 -0500] "GET /portaldeninos/wp-content/uploads/2019/09/PalmaDeCera-%C3%A1rboles.jpg HTTP/1.1" 200 265651
190.157.88.51 - - [08/Dec/2022:16:32:23 -0500] "GET /portaldeninos/wp-content/uploads/2019/09/Palma-F%C3%A9nix-%C3%A1rboles.jpg HTTP/1.1" 200 312005
190.157.88.51 - - [08/Dec/2022:16:32:23 -0500] "GET /portaldeninos/wp-content/uploads/2019/09/Categorias-%C3%A1rboles.jpg HTTP/1.1" 200 275407
190.157.88.51 - - [08/Dec/2022:16:32:23 -0500] "GET /portaldeninos/wp-content/uploads/2019/09/Roble-%C3%A1rboles.jpg HTTP/1.1" 200 416546
190.157.88.51 - - [08/Dec/2022:16:32:23 -0500] "GET /portaldeninos/wp-content/uploads/2019/09/Introducci%C3%B3n-%C3%A1rboles.jpg HTTP/1.1" 200 264318
190.157.88.51 - - [08/Dec/2022:16:32:23 -0500] "GET /portaldeninos/wp-content/uploads/2019/09/Caucho-sabanero-%C3%A1rboles.jpg HTTP/1.1" 200 344651
190.157.88.51 - - [08/Dec/2022:16:32:23 -0500] "GET /portaldeninos/wp-content/uploads/2019/09/Cedro-%C3%A1rboles.jpg HTTP/1.1" 200 264883
190.157.88.51 - - [08/Dec/2022:16:32:23 -0500] "GET /portaldeninos/wp-content/uploads/2019/09/Pino-Romer%C3%B3n-%C3%A1rboles.jpg HTTP/1.1" 200 414717
190.157.88.51 - - [08/Dec/2022:16:32:23 -0500] "GET /portaldeninos/wp-content/uploads/2019/09/Nogal-%C3%A1rboles.jpg HTTP/1.1" 200 378405
190.157.88.51 - - [08/Dec/2022:16:32:24 -0500] "GET /portaldeninos/wp-content/themes/betheme/images/box_shadow.png HTTP/1.1" 200 108
190.157.88.51 - - [08/Dec/2022:16:32:24 -0500] "GET /portaldeninos/wp-content/uploads/2019/09/Magnolio-%C3%A1rboles.jpg HTTP/1.1" 200 252375
190.157.88.51 - - [08/Dec/2022:16:32:24 -0500] "GET /portaldeninos/wp-content/uploads/2019/09/Cipr%C3%A9s-%C3%A1rboles.jpg HTTP/1.1" 200 485766
190.157.88.51 - - [08/Dec/2022:16:32:24 -0500] "GET /portaldeninos/wp-content/uploads/2019/09/Sangregado-%C3%A1rboles.jpg HTTP/1.1" 200 302240
216.245.221.92 - - [08/Dec/2022:16:32:27 -0500] "HEAD / HTTP/1.1" 200 -
201.245.192.253 - - [08/Dec/2022:16:32:57 -0500] "POST /kwsrmcab/Wsrmcab  HTTP/1.1" 200 43162
66.249.66.87 - - [08/Dec/2022:16:33:39 -0500] "GET /BLA/resoluciones/Notificaciones/RESOLUCIONES%202017/2131.pdf HTTP/1.1" 200 563065
66.249.66.85 - - [08/Dec/2022:16:34:43 -0500] "GET /BLA/resoluciones/RESOLUCIONES%202009/9360.pdf HTTP/1.1" 200 500121
66.249.66.86 - - [08/Dec/2022:16:35:23 -0500] "GET /BLA/resoluciones/RESOLUCIONES%202018/3146.pdf HTTP/1.1" 200 281618
66.249.66.85 - - [08/Dec/2022:16:35:23 -0500] "GET /BLA/resoluciones/RESOLUCIONES%202007/RES%202007%201201%20AL%201300/RESOLUCION%201285%20DE%202007.pdf HTTP/1.1" 200 922699
172.22.2.4 - - [08/Dec/2022:16:34:07 -0500] "GET /BLA/boletinlegal/ HTTP/1.1" 200 54816
172.22.2.4 - - [08/Dec/2022:16:34:16 -0500] "HEAD /BLA/boletinlegal/ HTTP/1.1" 200 -
66.249.66.85 - - [08/Dec/2022:16:36:09 -0500] "GET /BLA/resoluciones/RESOLUCIONES%202010/1535.pdf HTTP/1.1" 200 502943
66.249.66.85 - - [08/Dec/2022:16:36:20 -0500] "GET /BLA/resoluciones/AUTOS%202014/5379.pdf HTTP/1.1" 200 572700
172.22.2.4 - - [08/Dec/2022:16:35:07 -0500] "GET /BLA/boletinlegal/ HTTP/1.1" 200 54452
66.249.66.87 - - [08/Dec/2022:16:37:18 -0500] "GET /BLA/resoluciones/RESOLUCIONES%202012/0537.pdf HTTP/1.1" 200 399476
216.245.221.92 - - [08/Dec/2022:16:37:27 -0500] "HEAD / HTTP/1.1" 200 -
172.22.2.4 - - [08/Dec/2022:16:37:58 -0500] "GET /BLA/boletinlegal/Circulares/2019/.pdf HTTP/1.1" 404 1218
201.245.192.253 - - [08/Dec/2022:16:37:58 -0500] "POST /kwsrmcab/Wsrmcab  HTTP/1.1" 200 43162
66.249.66.86 - - [08/Dec/2022:16:39:19 -0500] "GET /BLA/resoluciones/RESOLUCIONES%202009/2113.pdf HTTP/1.1" 200 307297
66.249.66.86 - - [08/Dec/2022:16:40:02 -0500] "GET /BLA/resoluciones/Autos%202008/2659.pdf HTTP/1.1" 200 61056
66.249.66.86 - - [08/Dec/2022:16:40:19 -0500] "GET /pdc/actos/301.pdf HTTP/1.1" 304 -
186.102.82.19 - - [08/Dec/2022:16:40:43 -0500] "GET /kwssiamovil/sm/acme/a?s=U2FsdGVkX1/eVW0Pxc5mFQQ5J8hiwMEH/5j8Bd91SkWY1qLibxFFeIoM4J/Qt/cILmAvQSPGpj+un3JN8lShUWx5TJ0bOco0qz4y59TJE/wM17f+2dx8iPHCc7ZL3Nx+6ENo1TG69KlH7YHY/7ATVVhcIbCppUL2ma1RPeBwx7VBBzUMXTfua1/IQ8PJSTDhPXJDTvQNRsh0rqXcKZvBUC73mT0lo7V9Y8ZJ9H5coxpyAiriL53+PswIsj1x4buMlrnOij9Gae/pLBYyfMQblw==&u=U2FsdGVkX19Pqav1L+kSxX3es/DBvNa5m9d2p2o9hqc=&y=U2FsdGVkX19oPmwo6HjK/aSGVdyFJLYPX2yKFmUXTyxCx6+dHQpZaO4HNvVqqKML HTTP/1.1" 200 26
186.102.82.19 - - [08/Dec/2022:16:40:44 -0500] "GET /kwssiamovil/sm/acme/a?s=U2FsdGVkX18CFOPhV3fz8oh/HqDRLfyeY0CFHop4GFbGzClEdBn0xYk4qJK1BKxlppJX/mRz5j94SntNGlRw1iBofjD0yQmDiCq8IxIam4o376CD0loyf7/DAo3Q2nN0FOWYj/zO/YZWX+cN1UO3Z1AkO9kjy2G/d1WJwWkiYdg8/QkfN3DNxlLf41M11amuSsWhzopyCn938d7UM9d7wgofWgUKNxltRVw7s+2H1S0B4M7/aNhnTbYwD5x9Sm4Db4P8HDLBMW9arZGxgQd9gPc4xDgwT2bTm2/1TJmbB4Nr9kjBo1Q5C2NeNm3G4NffH7k81BhyjJYRxsJS30DsUa5O/LXEn4121XJIPEgW6H9S/y7y5IEcT46tcq7yhxXKT65xqq9cEMZ7nTK8JPcN1j2Ub5V+MHZCoqwuBEBkdZGD85eOvIHIrv0bKQ0rWChMWCxEuoBKsocWyVj3GaTnJ5CHn1D3PgILVcnLj70expDQfMpRNGPEA5t0g1lpqx7QM1XEC0hd4aXdJxMlqH1uyJmdaT8DAadpwmy1RydEmtR7a6H133PdeE7hJ8NUagm+syNO1aviz981AhUDETFSzYoxKBFLn54lhgXYtZ5cvZRFYIBaX1pclZKiwsZBTVGBvNOMIF53Szx9skaG1R/G65t0ls1AYjkyktfGCCgAn0pcJHYto71uHjr3juBbQGW5VoU+DcBJ3GG4oZrlrCtgTHZ2MTpmiFCIZVVOhhT2wPVZ+MjYCj6c+VhT2S1iJHmfFGgNuIW2+d7xJWnyloS6/ZuHyLZwwhl2RAIfh0hqQtipu7ft/zaqSuPXaG04FwG6Tu33faabL2x0gxhknCX/67QsXUn/igy1bxzQL/KHIo1++1E2aLnOneRtjNzWvQ58mizDoPOcABAhuQAhvP1oWULPlRl9GFGjm0i/0bKak84oqbLikXK/40vYkZLUrCVOdmzvPcaFWjX/ii952XjA1jN8NqGfnwmRKmpPG0/lfxfb3+JcvyE6v5crSeZAIkycE1hRzcMOHMTJGZbcd+PeTAcfZKVTc9c3mhjUPj06U552hqq7Gp+fUqrS5ik9XdlAuEUZNC8dQx6eYxz+Kss6KOldsR80L5sRLmf/Bc6Y5rgatrctD7Vb0H5Hfq1UTS+x4Q3EbpwgujYpmf93WEv+9fR9WAabbQtdKgnaq/FWZFVbzzrwPIlspF6ttYDI5bQH+b2tOM4Kajcn6k5PYgiGWs5EOnwLca/nyEVvmsUQObgy/cs3eZ8EN6ad3a7HpBbqASouWi1MOP15Y+SE42mxXltiCbaH1XqbKqcNEGgkey4=&u=U2FsdGVkX19Pqav1L+kSxX3es/DBvNa5m9d2p2o9hqc=&y=U2FsdGVkX19oPmwo6HjK/aSGVdyFJLYPX2yKFmUXTyxCx6+dHQpZaO4HNvVqqKML HTTP/1.1" 200 26
186.102.82.19 - - [08/Dec/2022:16:40:44 -0500] "GET /kwssiamovil/sm/acme/a?s=U2FsdGVkX1+TNZfuzGxcfAcK6vzuAK91sDK9PumnEgsbBprs1QzxHJLVMGGnE2Ijjtx0Q7sloCX7OXKqLmDw2Ch/lg+Fe+vJwTxnTpWJpcbQagp1sV/MMclTnMi4RWW9+TrkMhbKxV+GR1U+lpQ5f85mJgmpKoPNrePQ7a//2Do=&u=U2FsdGVkX19Pqav1L+kSxX3es/DBvNa5m9d2p2o9hqc=&y=U2FsdGVkX19oPmwo6HjK/aSGVdyFJLYPX2yKFmUXTyxCx6+dHQpZaO4HNvVqqKML HTTP/1.1" 200 26
201.245.192.253 - - [08/Dec/2022:16:40:43 -0500] "POST /kwsrmcab/Wsrmcab HTTP/1.1" 200 43465
186.102.82.19 - - [08/Dec/2022:16:40:45 -0500] "GET /kwssiamovil/sm/acme/a?s=U2FsdGVkX19BFEP35HmrP/8Y38w42Q67Rm6wqjs/ALqH4Axizsegq9R2Uh7TNfxEJOUtx5Nuixdccx8PlfqQmzErhlDv0zpbwP9HHyhJnAcPaYjldsTnXBbzajfCFUzf4iaXzHueUYfuEpJrryjn5LsgSVdocFOKdXaJL0NXZfQ=&u=U2FsdGVkX19Pqav1L+kSxX3es/DBvNa5m9d2p2o9hqc=&y=U2FsdGVkX19oPmwo6HjK/aSGVdyFJLYPX2yKFmUXTyxCx6+dHQpZaO4HNvVqqKML HTTP/1.1" 200 26
186.102.82.19 - - [08/Dec/2022:16:40:45 -0500] "GET /kwssiamovil/sm/acme/a?s=U2FsdGVkX19XLECcsUtueNBotgNy0zMDivS+5SV+SZoJiojLtgIkK+FbmPmC34KHbHodMJTMrgwOp3UOMHwEt68DBbYGhYnFMhkkoK69vRKP1JPkiX/S0+RwjkHqLAmuwUTi0LtRbsUX2c9urxvm33E6S8UdOKsHg8aXX8Boins=&u=U2FsdGVkX19Pqav1L+kSxX3es/DBvNa5m9d2p2o9hqc=&y=U2FsdGVkX19oPmwo6HjK/aSGVdyFJLYPX2yKFmUXTyxCx6+dHQpZaO4HNvVqqKML HTTP/1.1" 200 26
186.102.82.19 - - [08/Dec/2022:16:40:45 -0500] "GET /kwssiamovil/sm/acme/a?s=U2FsdGVkX1+jkA3lN1NNl5Hcvpw2oI5ion9L/BBNQpwan9dB/2A519laHYH2Vht90OFGVJeypxeD3iIacMm7rVmuecAM06ylRbV5v6FIZK2swYeEt3asMGOeIrwc4f80O3nrw3mBbm3S8xRgrA9peB6rUIolX7BxptE1JA5lJ89uJ7gdZ/tnEf0hrMshCQ/FJ1Jv4Vw//Uc8ZL+UbvXv1A==&u=U2FsdGVkX19Pqav1L+kSxX3es/DBvNa5m9d2p2o9hqc=&y=U2FsdGVkX19oPmwo6HjK/aSGVdyFJLYPX2yKFmUXTyxCx6+dHQpZaO4HNvVqqKML HTTP/1.1" 200 26
201.245.192.253 - - [08/Dec/2022:16:40:46 -0500] "POST /kwsrmcab/Wsrmcab HTTP/1.1" 200 44262
172.22.2.4 - - [08/Dec/2022:16:40:06 -0500] "HEAD /BLA/boletinlegal/ HTTP/1.1" 200 -
66.249.66.87 - - [08/Dec/2022:16:42:05 -0500] "GET /BLA/resoluciones/RESOLUCIONES%202008/0563.pdf HTTP/1.1" 200 116630
216.245.221.92 - - [08/Dec/2022:16:42:27 -0500] "HEAD / HTTP/1.1" 200 -
172.22.2.4 - - [08/Dec/2022:16:40:58 -0500] "GET /BLA/boletinlegal/ HTTP/1.1" 200 57192
66.249.66.85 - - [08/Dec/2022:16:42:39 -0500] "GET /BLA/resoluciones/AUTOS%202008/1972.pdf HTTP/1.1" 200 90468
201.245.192.253 - - [08/Dec/2022:16:42:54 -0500] "POST /kwsrmcab/Wsrmcab  HTTP/1.1" 200 43162
172.22.2.4 - - [08/Dec/2022:16:43:10 -0500] "GET /BLA/boletinlegal/owa/auth/logon.aspx HTTP/1.1" 404 1018
66.249.66.87 - - [08/Dec/2022:16:43:50 -0500] "GET /resoluciones/RESOLUCIONES%202010/1868.pdf HTTP/1.1" 404 1018
66.249.64.77 - - [08/Dec/2022:16:44:23 -0500] "GET /portaldeninos/wp-content/uploads/2020/01/Infograf%C3%ADa.gif HTTP/1.1" 200 965626
172.22.2.4 - - [08/Dec/2022:16:44:40 -0500] "GET /BLA/boletinlegal/Directivas/2018/Directiva%20No.%2026%20del%2028%20de%20diciembre%20de%202018.pdf HTTP/1.1" 304 -
185.119.81.99 - - [08/Dec/2022:16:46:25 -0500] "GET /portaldeninos/wp-login.php HTTP/1.1" 200 2592
185.119.81.99 - - [08/Dec/2022:16:46:26 -0500] "POST /portaldeninos/wp-login.php HTTP/1.1" 200 3605
168.119.253.21 - - [08/Dec/2022:16:47:27 -0500] "GET / HTTP/1.1" 200 319
216.245.221.92 - - [08/Dec/2022:16:47:27 -0500] "HEAD / HTTP/1.1" 200 -
172.22.2.4 - - [08/Dec/2022:16:45:56 -0500] "HEAD /BLA/boletinlegal/ HTTP/1.1" 200 -
201.245.192.253 - - [08/Dec/2022:16:47:52 -0500] "POST /kwsrmcab/Wsrmcab  HTTP/1.1" 200 43162
172.22.2.4 - - [08/Dec/2022:16:48:24 -0500] "GET /BLA/boletinlegal/ecp/Current/exporttool/microsoft.exchange.ediscovery.exporttool.application HTTP/1.1" 404 1018
172.22.2.4 - - [08/Dec/2022:16:46:47 -0500] "GET /BLA/boletinlegal/ HTTP/1.1" 200 59404
114.119.141.203 - - [08/Dec/2022:16:49:07 -0500] "GET /BLA/resoluciones/RESOLUCIONES%202010/3125.pdf HTTP/1.1" 200 725843
66.249.66.86 - - [08/Dec/2022:16:50:06 -0500] "GET /Publicaciones/2022EE308822.pdf HTTP/1.1" 200 4510438
40.77.167.14 - - [08/Dec/2022:16:50:46 -0500] "GET /bla/resoluciones/index.php?dir=notificaciones%2FREGISTROS+2014%2F HTTP/1.1" 200 15754
66.249.66.87 - - [08/Dec/2022:16:51:05 -0500] "GET /BLA/resoluciones/AUTOS%202011/6441.pdf HTTP/1.1" 200 102003
207.46.13.198 - - [08/Dec/2022:16:51:05 -0500] "GET /bla/resoluciones/dlf/styles.css HTTP/1.1" 200 3049
172.22.2.4 - - [08/Dec/2022:16:51:29 -0500] "GET /BLA/boletinlegal/owa/auth/x.js HTTP/1.1" 404 1018
66.249.66.85 - - [08/Dec/2022:16:51:53 -0500] "GET /BLA/resoluciones/AUTOS%202016/1801.pdf HTTP/1.1" 200 570063
216.245.221.92 - - [08/Dec/2022:16:52:27 -0500] "HEAD / HTTP/1.1" 200 -
201.245.192.253 - - [08/Dec/2022:16:52:50 -0500] "POST /kwsrmcab/Wsrmcab  HTTP/1.1" 200 43162
172.22.2.4 - - [08/Dec/2022:16:51:46 -0500] "HEAD /BLA/boletinlegal/ HTTP/1.1" 200 -
172.22.2.4 - - [08/Dec/2022:16:52:37 -0500] "GET /BLA/boletinlegal/ HTTP/1.1" 200 57192
186.144.44.205 - - [08/Dec/2022:16:54:33 -0500] "GET /galeria/galeria/jquery.fancybox.css?v=2.1.5 HTTP/1.1" 200 4895
186.144.44.205 - - [08/Dec/2022:16:54:33 -0500] "GET /BLA/boletinlegal/js/jquery.scrollShow.js HTTP/1.1" 200 4586
186.144.44.205 - - [08/Dec/2022:16:54:33 -0500] "GET /galeria/galeria/jquery.fancybox.js?v=2.1.5 HTTP/1.1" 200 48706
185.119.81.99 - - [08/Dec/2022:16:56:07 -0500] "GET /portaldeninos/wp-login.php HTTP/1.1" 200 2592
185.119.81.99 - - [08/Dec/2022:16:56:08 -0500] "POST /portaldeninos/wp-login.php HTTP/1.1" 200 3670
172.22.2.4 - - [08/Dec/2022:16:57:05 -0500] "GET /BLA/boletinlegal/Circulares/2011/Circular%20No.%203%20del%2023%20de%20Junio%20de%202011.pdf HTTP/1.1" 304 -
216.245.221.92 - - [08/Dec/2022:16:57:27 -0500] "HEAD / HTTP/1.1" 200 -
201.245.192.253 - - [08/Dec/2022:16:57:49 -0500] "POST /kwsrmcab/Wsrmcab  HTTP/1.1" 200 43162
40.77.167.13 - - [08/Dec/2022:16:58:54 -0500] "GET /BLA/resoluciones/20021961.tif HTTP/1.1" 404 1018
40.77.167.13 - - [08/Dec/2022:16:59:15 -0500] "GET /dia-del-voluntariado-ambiental-secretaria-de-ambiente-reconoce-las-iniciativas-que-trabajan-por-el-cuidado-de-la-biodiversidad-en-bogota.html HTTP/1.1" 200 1026
172.22.2.4 - - [08/Dec/2022:16:57:36 -0500] "HEAD /BLA/boletinlegal/ HTTP/1.1" 200 -
173.252.87.1 - - [08/Dec/2022:16:59:23 -0500] "GET /images/cr\xc3\xb3nica-29-nov-1_optimized.jpeg HTTP/1.1" 404 1034
66.220.149.6 - - [08/Dec/2022:16:59:51 -0500] "GET /images/cr\xc3\xb3nica-29-nov-1_optimized.jpeg HTTP/1.1" 404 1034
172.22.2.4 - - [08/Dec/2022:16:58:26 -0500] "GET /BLA/boletinlegal/ HTTP/1.1" 200 57824
69.171.231.118 - - [08/Dec/2022:17:00:53 -0500] "GET /la-moda-circular-es-tendencia-nueva-apuesta-para-avanzar-en-la-sostenibilidad-del-sector-en-bogota.html HTTP/1.1" 206 796
216.245.221.92 - - [08/Dec/2022:17:02:27 -0500] "HEAD / HTTP/1.1" 200 -
201.245.192.253 - - [08/Dec/2022:17:02:47 -0500] "POST /kwsrmcab/Wsrmcab  HTTP/1.1" 200 43162
187.4.100.28 - - [08/Dec/2022:17:03:51 -0500] "GET / HTTP/1.1" 200 319
66.220.149.3 - - [08/Dec/2022:17:04:49 -0500] "GET /images/mujeres-reverdecen-humedales-2-febrero.jpg HTTP/1.1" 200 47327
172.22.2.4 - - [08/Dec/2022:17:03:26 -0500] "HEAD /BLA/boletinlegal/ HTTP/1.1" 200 -
172.22.2.4 - - [08/Dec/2022:17:04:16 -0500] "GET /BLA/boletinlegal/ HTTP/1.1" 200 53739
216.245.221.92 - - [08/Dec/2022:17:07:27 -0500] "HEAD / HTTP/1.1" 200 -
201.245.192.253 - - [08/Dec/2022:17:07:46 -0500] "POST /kwsrmcab/Wsrmcab  HTTP/1.1" 200 43162
114.119.146.16 - - [08/Dec/2022:17:07:51 -0500] "GET /BLA/resoluciones/RESOLUCIONES%202010/1439.pdf HTTP/1.1" 200 664924
172.22.2.4 - - [08/Dec/2022:17:08:11 -0500] "GET /BLA/boletinlegal/robots.txt HTTP/1.1" 404 1038
172.22.2.4 - - [08/Dec/2022:17:08:14 -0500] "GET /BLA/boletinlegal/Directivas/2019/Directiva%20008%20del%2001%20de%20noviembre%20de%202019.pdf HTTP/1.1" 200 1382642
207.46.13.174 - - [08/Dec/2022:17:10:54 -0500] "GET /BLA/resoluciones/index.php?dir=AUTOS+2008%2F HTTP/1.1" 200 569644
172.22.2.4 - - [08/Dec/2022:17:09:16 -0500] "HEAD /BLA/boletinlegal/ HTTP/1.1" 200 -
172.22.2.4 - - [08/Dec/2022:17:10:06 -0500] "GET /BLA/boletinlegal/ HTTP/1.1" 200 54816
216.245.221.92 - - [08/Dec/2022:17:12:27 -0500] "HEAD / HTTP/1.1" 200 -
193.35.18.224 - - [08/Dec/2022:17:12:40 -0500] "CONNECT google.com:443 HTTP/1.1" 405 938
201.245.192.253 - - [08/Dec/2022:17:12:45 -0500] "POST /kwsrmcab/Wsrmcab  HTTP/1.1" 200 43162
173.252.83.24 - - [08/Dec/2022:17:13:47 -0500] "GET /asi-las-mujeres-que-reverdecen-cuidan-los-arboles-para-la-restauracion-ecologica-de-bogota.html HTTP/1.1" 206 911
66.249.64.212 - - [08/Dec/2022:17:13:56 -0500] "GET /robots.txt HTTP/1.1" 404 1034
66.249.64.214 - - [08/Dec/2022:17:14:03 -0500] "GET /asi-se-mueve-bogota-en-el-dia-sin-carro-y-sin-moto.html HTTP/1.1" 304 -
186.119.67.11 - - [08/Dec/2022:17:14:40 -0500] "GET /BLA/resoluciones/index.php?dir= HTTP/1.1" 200 13093
186.119.67.11 - - [08/Dec/2022:17:14:43 -0500] "GET /BLA/resoluciones/index.php?dir=AUTOS+2014%2F HTTP/1.1" 200 372683
40.77.167.14 - - [08/Dec/2022:17:15:39 -0500] "GET / HTTP/1.1" 200 319
172.22.2.4 - - [08/Dec/2022:17:15:06 -0500] "HEAD /BLA/boletinlegal/ HTTP/1.1" 200 -
216.245.221.92 - - [08/Dec/2022:17:17:27 -0500] "HEAD / HTTP/1.1" 200 -
172.22.2.4 - - [08/Dec/2022:17:15:57 -0500] "GET /BLA/boletinlegal/ HTTP/1.1" 200 57824
201.245.192.253 - - [08/Dec/2022:17:17:44 -0500] "POST /kwsrmcab/Wsrmcab  HTTP/1.1" 200 43162
172.22.2.4 - - [08/Dec/2022:17:18:46 -0500] "GET /BLA/boletinlegal/jurisprudencia/analisis/SENTENCIA%20C-703%20DE%202010.xls HTTP/1.1" 304 -
173.252.79.11 - - [08/Dec/2022:17:18:59 -0500] "GET /images/cr\xc3\xb3nica-29-nov-1_optimized.jpeg HTTP/1.1" 404 1034
66.220.149.119 - - [08/Dec/2022:17:19:51 -0500] "GET /images/reciclaton-mayo-3-mayo.jpg HTTP/1.1" 200 278453
173.252.95.4 - - [08/Dec/2022:17:20:10 -0500] "GET /construcciones-sostenibles-estas-son-sus-principales-caracteristicas.html HTTP/1.1" 206 939
66.220.149.22 - - [08/Dec/2022:17:20:13 -0500] "GET /images/Energias1.jpg HTTP/1.1" 200 139652
173.252.79.117 - - [08/Dec/2022:17:20:13 -0500] "GET /images/empresas-27-septiembre.jpeg HTTP/1.1" 200 66691
201.245.192.253 - - [08/Dec/2022:17:20:33 -0500] "POST /kwsrmcab/Wsrmcab HTTP/1.1" 502 1155
201.245.192.253 - - [08/Dec/2022:17:20:33 -0500] "POST /kwsrmcab/Wsrmcab HTTP/1.1" 200 44103
173.252.95.16 - - [08/Dec/2022:17:20:56 -0500] "GET /images/cr\xc3\xb3nica-29-nov-1_optimized.jpeg HTTP/1.1" 404 1034
114.119.155.255 - - [08/Dec/2022:17:21:28 -0500] "GET /robots.txt HTTP/1.1" 404 1137
216.245.221.92 - - [08/Dec/2022:17:22:27 -0500] "HEAD / HTTP/1.1" 200 -
172.22.2.4 - - [08/Dec/2022:17:22:32 -0500] "GET /BLA/boletinlegal/jurisprudencia.php HTTP/1.1" 200 17573
172.22.2.4 - - [08/Dec/2022:17:20:56 -0500] "HEAD /BLA/boletinlegal/ HTTP/1.1" 200 -
201.245.192.253 - - [08/Dec/2022:17:22:42 -0500] "POST /kwsrmcab/Wsrmcab  HTTP/1.1" 502 1155
172.22.2.4 - - [08/Dec/2022:17:21:47 -0500] "GET /BLA/boletinlegal/ HTTP/1.1" 200 59404
201.245.192.253 - - [08/Dec/2022:17:23:40 -0500] "POST /kwsrmcab/Wsrmcab  HTTP/1.1" 200 43162
207.46.13.194 - - [08/Dec/2022:17:23:50 -0500] "GET /BLA/resoluciones/20021964.tif HTTP/1.1" 404 1018
66.249.66.87 - - [08/Dec/2022:17:24:20 -0500] "GET /pdc/actos/301.pdf HTTP/1.1" 304 -
201.245.192.253 - - [08/Dec/2022:17:24:40 -0500] "POST /kwsrmcab/Wsrmcab  HTTP/1.1" 200 43162
172.22.2.4 - - [08/Dec/2022:17:25:11 -0500] "GET /BLA/boletinlegal/actos.php HTTP/1.1" 200 9566
172.22.2.4 - - [08/Dec/2022:17:25:11 -0500] "GET /BLA/boletinlegal/favicon.ico HTTP/1.1" 404 1326
186.28.80.119 - - [08/Dec/2022:17:25:13 -0500] "GET /BLA/resoluciones/ HTTP/1.1" 200 13093
186.28.80.119 - - [08/Dec/2022:17:25:13 -0500] "GET /favicon.ico HTTP/1.1" 200 7782
186.28.80.119 - - [08/Dec/2022:17:25:18 -0500] "GET /BLA/resoluciones/index.php?dir=AUTOS+2014%2F HTTP/1.1" 200 885473
186.28.80.119 - - [08/Dec/2022:17:25:26 -0500] "GET /BLA/resoluciones/AUTOS%202014/0282.pdf HTTP/1.1" 200 704490
157.55.39.212 - - [08/Dec/2022:17:25:37 -0500] "GET / HTTP/1.1" 200 319
172.22.2.4 - - [08/Dec/2022:17:25:09 -0500] "GET /BLA/boletinlegal/ HTTP/1.1" 200 62423
173.252.79.12 - - [08/Dec/2022:17:27:18 -0500] "GET /images/Senderos1.jpeg HTTP/1.1" 200 172777
69.171.249.1 - - [08/Dec/2022:17:27:25 -0500] "GET /images/Entrenubes%201%20(1)%20(1).jpeg HTTP/1.1" 200 70096
216.245.221.92 - - [08/Dec/2022:17:27:27 -0500] "HEAD / HTTP/1.1" 200 -
172.22.2.4 - - [08/Dec/2022:17:27:36 -0500] "GET /BLA/boletinlegal/actos.php HTTP/1.1" 200 9566
172.22.2.4 - - [08/Dec/2022:17:27:36 -0500] "GET /BLA/boletinlegal/styles2.css HTTP/1.1" 200 1838
172.22.2.4 - - [08/Dec/2022:17:27:36 -0500] "GET /BLA/boletinlegal/js/ajax_actos.js HTTP/1.1" 200 1322
179.33.234.232 - - [08/Dec/2022:17:27:39 -0500] "GET /BLA/resoluciones/ HTTP/1.1" 200 13093
179.33.234.232 - - [08/Dec/2022:17:27:39 -0500] "GET /BLA/resoluciones/dlf/bg.gif HTTP/1.1" 200 54
179.33.234.232 - - [08/Dec/2022:17:27:45 -0500] "GET /BLA/resoluciones/dlf/dirup.png HTTP/1.1" 200 644
179.33.234.232 - - [08/Dec/2022:17:27:45 -0500] "GET /BLA/resoluciones/index.php?dir=RESOLUCIONES+2021%2F HTTP/1.1" 200 434032
179.33.234.232 - - [08/Dec/2022:17:28:01 -0500] "GET /BLA/resoluciones/RESOLUCIONES%202021/1865.pdf HTTP/1.1" 200 466582
179.33.234.232 - - [08/Dec/2022:17:28:01 -0500] "GET /favicon.ico HTTP/1.1" 200 7782
179.33.234.232 - - [08/Dec/2022:17:28:01 -0500] "GET /BLA/resoluciones/RESOLUCIONES%202021/1865.pdf HTTP/1.1" 206 7830
172.22.2.4 - - [08/Dec/2022:17:26:46 -0500] "HEAD /BLA/boletinlegal/ HTTP/1.1" 200 -
172.22.2.4 - - [08/Dec/2022:17:27:36 -0500] "GET /BLA/boletinlegal/ HTTP/1.1" 200 58185
66.249.64.75 - - [08/Dec/2022:17:29:22 -0500] "GET /portaldeninos/wp-content/uploads/2020/01/Frailejon-escenario.jpg HTTP/1.1" 200 357472
201.245.192.253 - - [08/Dec/2022:17:29:39 -0500] "POST /kwsrmcab/Wsrmcab  HTTP/1.1" 502 1155
201.245.192.253 - - [08/Dec/2022:17:30:38 -0500] "POST /kwsrmcab/Wsrmcab  HTTP/1.1" 200 43162
201.245.192.253 - - [08/Dec/2022:17:30:42 -0500] "POST /kwsrmcab/Wsrmcab HTTP/1.1" 200 43465
201.245.192.253 - - [08/Dec/2022:17:30:44 -0500] "POST /kwsrmcab/Wsrmcab HTTP/1.1" 200 44103
201.245.192.253 - - [08/Dec/2022:17:31:39 -0500] "POST /kwsrmcab/Wsrmcab  HTTP/1.1" 200 43162
216.245.221.92 - - [08/Dec/2022:17:32:27 -0500] "HEAD / HTTP/1.1" 200 -
186.29.245.97 - - [08/Dec/2022:17:32:37 -0500] "GET /galeria/galeria/jquery.fancybox.css?v=2.1.5 HTTP/1.1" 200 4895
186.29.245.97 - - [08/Dec/2022:17:32:37 -0500] "GET /galeria/galeria/jquery.fancybox.js?v=2.1.5 HTTP/1.1" 200 48706
186.29.245.97 - - [08/Dec/2022:17:32:37 -0500] "GET /galeria/galeria/fotos/Soratama1P.jpg HTTP/1.1" 200 9622
186.29.245.97 - - [08/Dec/2022:17:32:37 -0500] "GET /galeria/galeria/fotos/Soratama2P.jpg HTTP/1.1" 200 10548
186.29.245.97 - - [08/Dec/2022:17:32:37 -0500] "GET /galeria/galeria/fotos/Soratama3P.jpg HTTP/1.1" 200 11298
186.29.245.97 - - [08/Dec/2022:17:32:37 -0500] "GET /galeria/galeria/fotos/Soratama4P.jpg HTTP/1.1" 200 10482
207.46.13.120 - - [08/Dec/2022:17:32:55 -0500] "GET /portaldeninos/parque-mirador-de-los-nevados/ HTTP/1.1" 200 89855
66.249.66.87 - - [08/Dec/2022:17:33:11 -0500] "GET /BLA/resoluciones/AUTOS%202009/2209.pdf HTTP/1.1" 200 112499
157.55.39.105 - - [08/Dec/2022:17:33:11 -0500] "GET /portaldeninos/wp-content/themes/betheme/assets/animations/animations.min.css?ver=20.9.6 HTTP/1.1" 200 58508
157.55.39.105 - - [08/Dec/2022:17:33:11 -0500] "GET /portaldeninos/wp-includes/js/jquery/ui/accordion.min.js?ver=1.11.4 HTTP/1.1" 200 8584
157.55.39.105 - - [08/Dec/2022:17:33:12 -0500] "GET /portaldeninos/wp-includes/js/wp-embed.min.js?ver=4.9.8 HTTP/1.1" 200 1398
207.46.13.120 - - [08/Dec/2022:17:33:16 -0500] "GET /portaldeninos/wp-content/themes/betheme/assets/jplayer/jplayer.min.js?ver=20.9.6 HTTP/1.1" 200 52702
207.46.13.56 - - [08/Dec/2022:17:33:16 -0500] "GET /portaldeninos/wp-content/plugins/gallery-videos/CSS/totalsoft.css?ver=4.9.8 HTTP/1.1" 200 40622
207.46.13.56 - - [08/Dec/2022:17:33:16 -0500] "GET /portaldeninos/wp-content/themes/betheme/assets/ui/jquery.ui.all.css?ver=20.9.6 HTTP/1.1" 200 18765
207.46.13.56 - - [08/Dec/2022:17:33:16 -0500] "GET /portaldeninos/wp-content/themes/betheme/css/layout.css?ver=20.9.6 HTTP/1.1" 200 116639
207.46.13.56 - - [08/Dec/2022:17:33:17 -0500] "GET /portaldeninos/wp-content/themes/betheme/js/scripts.js?ver=20.9.6 HTTP/1.1" 200 77162
207.46.13.56 - - [08/Dec/2022:17:33:17 -0500] "GET /portaldeninos/wp-content/uploads/useanyfont/uaf.css?ver=1589905315 HTTP/1.1" 200 408
207.46.13.56 - - [08/Dec/2022:17:33:18 -0500] "GET /portaldeninos/wp-includes/js/jquery/jquery.js?ver=1.12.4 HTTP/1.1" 200 97184
40.77.167.13 - - [08/Dec/2022:17:33:21 -0500] "GET /portaldeninos/wp-content/themes/betheme/js/menu.js?ver=20.9.6 HTTP/1.1" 200 2449
40.77.167.13 - - [08/Dec/2022:17:33:21 -0500] "GET /portaldeninos/wp-includes/js/jquery/ui/mouse.min.js?ver=1.11.4 HTTP/1.1" 200 3148
40.77.167.13 - - [08/Dec/2022:17:33:21 -0500] "GET /portaldeninos/wp-includes/js/jquery/ui/tabs.min.js?ver=1.11.4 HTTP/1.1" 200 12110
40.77.167.13 - - [08/Dec/2022:17:33:21 -0500] "GET /portaldeninos/wp-includes/js/jquery/ui/widget.min.js?ver=1.11.4 HTTP/1.1" 200 6908
207.46.13.120 - - [08/Dec/2022:17:33:26 -0500] "GET /portaldeninos/wp-content/themes/betheme/js/plugins.js?ver=20.9.6 HTTP/1.1" 200 197151
207.46.13.120 - - [08/Dec/2022:17:33:28 -0500] "GET /portaldeninos/wp-includes/js/jquery/ui/sortable.min.js?ver=1.11.4 HTTP/1.1" 200 24899
207.46.13.120 - - [08/Dec/2022:17:33:28 -0500] "GET /portaldeninos/wp-includes/js/wp-emoji-release.min.js?ver=4.9.8 HTTP/1.1" 200 12026
157.55.39.212 - - [08/Dec/2022:17:33:31 -0500] "GET /portaldeninos/wp-content/plugins/gallery-videos/CSS/Total-Soft-Gallery-Video-Widget.css?ver=4.9.8 HTTP/1.1" 200 51554
157.55.39.212 - - [08/Dec/2022:17:33:32 -0500] "GET /portaldeninos/wp-content/plugins/gallery-videos/JS/modernizr.custom.js?ver=4.9.8 HTTP/1.1" 200 9019
157.55.39.212 - - [08/Dec/2022:17:33:32 -0500] "GET /portaldeninos/wp-content/themes/betheme/assets/jplayer/css/jplayer.blue.monday.css?ver=20.9.6 HTTP/1.1" 200 9834
157.55.39.212 - - [08/Dec/2022:17:33:32 -0500] "GET /portaldeninos/wp-content/themes/betheme/css/base.css?ver=20.9.6 HTTP/1.1" 200 57283
157.55.39.212 - - [08/Dec/2022:17:33:33 -0500] "GET /portaldeninos/wp-content/themes/betheme/css/responsive.css?ver=20.9.6 HTTP/1.1" 200 55740
157.55.39.212 - - [08/Dec/2022:17:33:33 -0500] "GET /portaldeninos/wp-includes/js/jquery/jquery-migrate.min.js?ver=1.4.1 HTTP/1.1" 200 10056
172.22.2.4 - - [08/Dec/2022:17:32:36 -0500] "HEAD /BLA/boletinlegal/ HTTP/1.1" 200 -
172.22.2.4 - - [08/Dec/2022:17:33:19 -0500] "GET /BLA/boletinlegal/ HTTP/1.1" 200 46778
172.22.2.4 - - [08/Dec/2022:17:33:26 -0500] "GET /BLA/boletinlegal/ HTTP/1.1" 200 46153
172.22.2.4 - - [08/Dec/2022:17:34:02 -0500] "GET /BLA/boletinlegal/ HTTP/1.1" 200 50855
201.245.192.253 - - [08/Dec/2022:17:36:38 -0500] "POST /kwsrmcab/Wsrmcab  HTTP/1.1" 200 43162
191.89.236.54 - - [08/Dec/2022:17:37:00 -0500] "GET /forest/ HTTP/1.1" 200 12041
191.89.236.54 - - [08/Dec/2022:17:37:06 -0500] "POST /forest/index.php HTTP/1.1" 200 12268
216.245.221.92 - - [08/Dec/2022:17:37:27 -0500] "HEAD / HTTP/1.1" 200 -
172.22.2.4 - - [08/Dec/2022:17:37:50 -0500] "GET /BLA/boletinlegal/Circulares/2019/.pdf HTTP/1.1" 404 1218
157.55.39.42 - - [08/Dec/2022:17:37:55 -0500] "GET /portaldeninos/wp-content/themes/betheme/assets/animations/animations.min.js?ver=20.9.6 HTTP/1.1" 200 1896
157.55.39.42 - - [08/Dec/2022:17:37:55 -0500] "GET /portaldeninos/wp-content/themes/betheme/css/shortcodes.css?ver=20.9.6 HTTP/1.1" 200 138889
157.55.39.42 - - [08/Dec/2022:17:37:56 -0500] "GET /portaldeninos/wp-content/themes/betheme/style.css?ver=20.9.6 HTTP/1.1" 200 287
157.55.39.42 - - [08/Dec/2022:17:37:56 -0500] "GET /portaldeninos/wp-content/uploads/2021/07/Recorrido-Aula-Mirador-de-los-Nevados.mp4 HTTP/1.1" 200 10010971
157.55.39.42 - - [08/Dec/2022:17:38:36 -0500] "GET /portaldeninos/wp-includes/js/jquery/ui/core.min.js?ver=1.11.4 HTTP/1.1" 200 4000
186.84.88.215 - - [08/Dec/2022:17:39:34 -0500] "GET / HTTP/1.1" 200 4720
191.89.236.54 - - [08/Dec/2022:17:39:53 -0500] "GET /forest/ HTTP/1.1" 200 12041
114.119.145.175 - - [08/Dec/2022:17:39:55 -0500] "GET /autoliquidacion/index.php?dir=TR%C3%83%C2%83%C3%82%C2%83%C3%83%C2%82%C3%82%C2%83%C3%83%C2%83%C3%82%C2%82%C3%83%C2%82%C3%82%C2%AF%C3%83%C2%83%C3%82%C2%83%C3%83%C2%82%C3%82%C2%82%C3%83%C2%83%C3%82%C2%82%C3%83%C2%82%C3%82%C2%BF%C3%83%C2%83%C3%82%C2%83%C3%83%C2%82%C3%82%C2%82%C3%83%C2%83%C3%82%C2%82%C3%83%C2%82%C3%82%C2%BDMITES%2BACEITES-RESIDUOS-ESTACIONES/REGISTRO%2BACEITE%2BVEGETAL%2BUSADO/&sort=date&order=desc HTTP/1.1" 200 7594
207.46.13.198 - - [08/Dec/2022:17:40:00 -0500] "GET /BLA/resoluciones/00002118.tif HTTP/1.1" 404 1018
191.89.236.54 - - [08/Dec/2022:17:40:02 -0500] "POST /forest/index.php HTTP/1.1" 200 12268
172.22.2.4 - - [08/Dec/2022:17:38:26 -0500] "HEAD /BLA/boletinlegal/ HTTP/1.1" 200 -
191.89.236.54 - - [08/Dec/2022:17:40:10 -0500] "GET /forest/ HTTP/1.1" 200 12041
191.89.236.54 - - [08/Dec/2022:17:40:19 -0500] "POST /forest/index.php HTTP/1.1" 200 12268
201.245.192.253 - - [08/Dec/2022:17:40:32 -0500] "POST /kwsrmcab/Wsrmcab HTTP/1.1" 200 43465
201.245.192.253 - - [08/Dec/2022:17:40:35 -0500] "POST /kwsrmcab/Wsrmcab HTTP/1.1" 200 44103
172.22.2.4 - - [08/Dec/2022:17:39:17 -0500] "GET /BLA/boletinlegal/ HTTP/1.1" 200 56825
201.245.192.253 - - [08/Dec/2022:17:41:37 -0500] "POST /kwsrmcab/Wsrmcab  HTTP/1.1" 502 1155
216.245.221.92 - - [08/Dec/2022:17:42:27 -0500] "HEAD / HTTP/1.1" 200 -
201.245.192.253 - - [08/Dec/2022:17:42:37 -0500] "POST /kwsrmcab/Wsrmcab  HTTP/1.1" 200 43162
201.245.192.253 - - [08/Dec/2022:17:43:38 -0500] "POST /kwsrmcab/Wsrmcab  HTTP/1.1" 200 43162
172.22.2.4 - - [08/Dec/2022:17:44:19 -0500] "HEAD /BLA/boletinlegal/ HTTP/1.1" 200 -
191.89.236.54 - - [08/Dec/2022:17:46:18 -0500] "GET /forest/ HTTP/1.1" 200 12041
172.22.2.4 - - [08/Dec/2022:17:45:09 -0500] "GET /BLA/boletinlegal/ HTTP/1.1" 200 50855
191.89.236.54 - - [08/Dec/2022:17:46:52 -0500] "POST /forest/index.php HTTP/1.1" 200 12268
216.245.221.92 - - [08/Dec/2022:17:47:27 -0500] "HEAD / HTTP/1.1" 200 -
173.252.79.119 - - [08/Dec/2022:17:47:44 -0500] "GET /images/cr\xc3\xb3nica-29-nov-1_optimized.jpeg HTTP/1.1" 404 1034
172.22.2.4 - - [08/Dec/2022:17:46:28 -0500] "GET /BLA/boletinlegal/index.php HTTP/1.1" 200 59779
201.245.192.253 - - [08/Dec/2022:17:48:38 -0500] "POST /kwsrmcab/Wsrmcab  HTTP/1.1" 200 43162
40.77.190.227 - - [08/Dec/2022:17:49:15 -0500] "GET /portaldeninos/wp-content/themes/betheme/fonts/mfn-icons.woff?93978679 HTTP/1.1" 200 80932
95.217.144.245 - - [08/Dec/2022:17:49:51 -0500] "-" 408 -
95.217.144.245 - - [08/Dec/2022:17:49:51 -0500] "-" 408 -
95.217.144.245 - - [08/Dec/2022:17:49:51 -0500] "-" 408 -
95.217.144.245 - - [08/Dec/2022:17:49:51 -0500] "-" 408 -
95.217.144.245 - - [08/Dec/2022:17:49:51 -0500] "-" 408 -
95.217.144.245 - - [08/Dec/2022:17:49:59 -0500] "-" 408 -
95.217.144.237 - - [08/Dec/2022:17:50:40 -0500] "-" 408 -
95.217.144.237 - - [08/Dec/2022:17:50:56 -0500] "-" 408 -
172.22.2.4 - - [08/Dec/2022:17:50:09 -0500] "HEAD /BLA/boletinlegal/ HTTP/1.1" 200 -
216.245.221.92 - - [08/Dec/2022:17:52:27 -0500] "HEAD / HTTP/1.1" 200 -
172.22.2.4 - - [08/Dec/2022:17:50:59 -0500] "GET /BLA/boletinlegal/ HTTP/1.1" 200 57192
173.252.95.17 - - [08/Dec/2022:17:53:35 -0500] "GET /images/pieza-mujeres-reverdecen-4-abril.jpg HTTP/1.1" 200 48916
201.245.192.253 - - [08/Dec/2022:17:53:37 -0500] "POST /kwsrmcab/Wsrmcab  HTTP/1.1" 200 43162
109.237.97.180 - - [08/Dec/2022:17:53:57 -0500] "GET /.env HTTP/1.1" 404 1018
109.237.97.180 - - [08/Dec/2022:17:53:57 -0500] "\x16\x03\x01\x01H\x01" 400 226
168.119.252.242 - - [08/Dec/2022:17:54:08 -0500] "GET / HTTP/1.1" 200 319
157.90.254.89 - - [08/Dec/2022:17:54:20 -0500] "GET / HTTP/1.1" 200 319
136.243.228.197 - - [08/Dec/2022:17:55:35 -0500] "GET /BLA/normatividad.php?ordenar=mas HTTP/1.1" 404 1018
216.245.221.92 - - [08/Dec/2022:17:57:27 -0500] "HEAD / HTTP/1.1" 200 -
172.22.2.4 - - [08/Dec/2022:17:55:59 -0500] "HEAD /BLA/boletinlegal/ HTTP/1.1" 200 -
172.22.2.4 - - [08/Dec/2022:17:56:50 -0500] "GET /BLA/boletinlegal/ HTTP/1.1" 200 57192
201.245.192.253 - - [08/Dec/2022:17:58:36 -0500] "POST /kwsrmcab/Wsrmcab  HTTP/1.1" 502 1155
201.245.192.253 - - [08/Dec/2022:17:59:34 -0500] "POST /kwsrmcab/Wsrmcab  HTTP/1.1" 200 43162
201.245.192.253 - - [08/Dec/2022:18:00:35 -0500] "POST /kwsrmcab/Wsrmcab  HTTP/1.1" 200 43162
172.22.2.4 - - [08/Dec/2022:18:02:05 -0500] "GET /BLA/boletinlegal/actos.php HTTP/1.1" 200 9566
172.22.2.4 - - [08/Dec/2022:18:02:05 -0500] "GET /BLA/boletinlegal/js/ajax_actos.js HTTP/1.1" 200 1322
179.33.234.232 - - [08/Dec/2022:18:02:07 -0500] "GET /BLA/resoluciones/ HTTP/1.1" 200 13093
179.33.234.232 - - [08/Dec/2022:18:02:07 -0500] "GET /BLA/resoluciones/dlf/styles.css HTTP/1.1" 200 3049
179.33.234.232 - - [08/Dec/2022:18:02:09 -0500] "GET /BLA/resoluciones/index.php?dir=AUTOS+2020%2F HTTP/1.1" 200 326981
216.245.221.92 - - [08/Dec/2022:18:02:27 -0500] "HEAD / HTTP/1.1" 200 -
66.249.66.85 - - [08/Dec/2022:18:03:09 -0500] "GET /BLA/resoluciones/AUTOS%202015/2470.pdf HTTP/1.1" 200 667656
66.249.66.85 - - [08/Dec/2022:18:03:10 -0500] "GET /BLA/resoluciones/AUTOS%202014/1831.pdf HTTP/1.1" 200 427091
186.84.90.39 - - [08/Dec/2022:18:03:28 -0500] "GET /galeria/galeria/jquery.fancybox.css?v=2.1.5 HTTP/1.1" 200 4895
186.84.90.39 - - [08/Dec/2022:18:03:28 -0500] "GET /BLA/boletinlegal/js/jquery.scrollShow.js HTTP/1.1" 200 4586
186.84.90.39 - - [08/Dec/2022:18:03:28 -0500] "GET /galeria/galeria/jquery.fancybox.js?v=2.1.5 HTTP/1.1" 200 48706
172.22.2.4 - - [08/Dec/2022:18:01:49 -0500] "HEAD /BLA/boletinlegal/ HTTP/1.1" 200 -
172.22.2.4 - - [08/Dec/2022:18:02:39 -0500] "GET /BLA/boletinlegal/ HTTP/1.1" 200 52453
201.245.192.253 - - [08/Dec/2022:18:05:34 -0500] "POST /kwsrmcab/Wsrmcab  HTTP/1.1" 200 43162
207.46.13.174 - - [08/Dec/2022:18:05:50 -0500] "GET /forest/ HTTP/1.1" 200 12041
199.16.157.183 - - [08/Dec/2022:18:06:23 -0500] "GET /images/prendas-1_optimized.jpeg HTTP/1.1" 200 65869
173.252.83.14 - - [08/Dec/2022:18:07:22 -0500] "GET /images/cr\xc3\xb3nica-29-nov-1_optimized.jpeg HTTP/1.1" 404 1034
216.245.221.92 - - [08/Dec/2022:18:07:27 -0500] "HEAD / HTTP/1.1" 200 -
40.77.167.14 - - [08/Dec/2022:18:07:43 -0500] "GET /BLA/resoluciones/index.php?dir=AUTOS+2017%2F HTTP/1.1" 200 460650
207.46.13.198 - - [08/Dec/2022:18:07:48 -0500] "GET /BLA/resoluciones/index.php?dir=AUTOS+2015%2F HTTP/1.1" 200 578137
66.249.66.86 - - [08/Dec/2022:18:08:20 -0500] "GET /Autoliquidacion/ HTTP/1.1" 200 6629
66.249.66.86 - - [08/Dec/2022:18:08:26 -0500] "GET /Autoliquidacion/dlf/styles.css HTTP/1.1" 200 3045
172.22.2.4 - - [08/Dec/2022:18:07:39 -0500] "HEAD /BLA/boletinlegal/ HTTP/1.1" 200 -
172.22.2.4 - - [08/Dec/2022:18:08:29 -0500] "GET /BLA/boletinlegal/ HTTP/1.1" 200 57824
181.55.244.175 - - [08/Dec/2022:18:10:11 -0500] "GET /catalogoisis/ HTTP/1.1" 200 8575
201.245.192.253 - - [08/Dec/2022:18:10:31 -0500] "POST /kwsrmcab/Wsrmcab  HTTP/1.1" 502 1155
201.245.192.253 - - [08/Dec/2022:18:11:30 -0500] "POST /kwsrmcab/Wsrmcab  HTTP/1.1" 200 43162
186.28.80.119 - - [08/Dec/2022:18:11:57 -0500] "GET /BLA/resoluciones/ HTTP/1.1" 200 13093
186.28.80.119 - - [08/Dec/2022:18:11:59 -0500] "GET /BLA/resoluciones/index.php?dir=AUTOS+2014%2F HTTP/1.1" 200 885473
186.29.245.97 - - [08/Dec/2022:18:12:04 -0500] "GET /portaldeninos/wp-content/themes/betheme/style.css?ver=20.9.6 HTTP/1.1" 200 287
186.29.245.97 - - [08/Dec/2022:18:12:04 -0500] "GET /portaldeninos/wp-content/uploads/useanyfont/uaf.css?ver=1589905315 HTTP/1.1" 200 408
186.29.245.97 - - [08/Dec/2022:18:12:04 -0500] "GET /portaldeninos/aulas-ambientales/aula-ambiental-sorotama/ HTTP/1.1" 200 89596
186.29.245.97 - - [08/Dec/2022:18:12:04 -0500] "GET /portaldeninos/wp-content/plugins/gallery-videos/CSS/Total-Soft-Gallery-Video-Widget.css?ver=4.9.8 HTTP/1.1" 200 51554
186.29.245.97 - - [08/Dec/2022:18:12:04 -0500] "GET /portaldeninos/wp-content/themes/betheme/css/base.css?ver=20.9.6 HTTP/1.1" 200 57283
186.29.245.97 - - [08/Dec/2022:18:12:04 -0500] "GET /portaldeninos/wp-content/plugins/gallery-videos/CSS/totalsoft.css?ver=4.9.8 HTTP/1.1" 200 40622
186.29.245.97 - - [08/Dec/2022:18:12:04 -0500] "GET /portaldeninos/wp-content/themes/betheme/assets/animations/animations.min.css?ver=20.9.6 HTTP/1.1" 200 58508
186.29.245.97 - - [08/Dec/2022:18:12:04 -0500] "GET /portaldeninos/wp-content/themes/betheme/assets/ui/jquery.ui.all.css?ver=20.9.6 HTTP/1.1" 200 18765
186.29.245.97 - - [08/Dec/2022:18:12:04 -0500] "GET /portaldeninos/wp-content/themes/betheme/assets/jplayer/css/jplayer.blue.monday.css?ver=20.9.6 HTTP/1.1" 200 9834
186.29.245.97 - - [08/Dec/2022:18:12:04 -0500] "GET /portaldeninos/wp-content/themes/betheme/css/layout.css?ver=20.9.6 HTTP/1.1" 200 116639
186.29.245.97 - - [08/Dec/2022:18:12:04 -0500] "GET /portaldeninos/wp-content/themes/betheme/css/responsive.css?ver=20.9.6 HTTP/1.1" 200 55740
186.29.245.97 - - [08/Dec/2022:18:12:04 -0500] "GET /portaldeninos/wp-content/plugins/google-analytics-for-wordpress/assets/js/frontend-gtag.min.js?ver=8.5.0 HTTP/1.1" 200 11801
186.29.245.97 - - [08/Dec/2022:18:12:04 -0500] "GET /portaldeninos/wp-content/plugins/gallery-videos/JS/modernizr.custom.js?ver=4.9.8 HTTP/1.1" 200 9019
186.29.245.97 - - [08/Dec/2022:18:12:04 -0500] "GET /portaldeninos/wp-includes/js/jquery/ui/core.min.js?ver=1.11.4 HTTP/1.1" 200 4000
186.29.245.97 - - [08/Dec/2022:18:12:04 -0500] "GET /portaldeninos/wp-includes/js/jquery/jquery-migrate.min.js?ver=1.4.1 HTTP/1.1" 200 10056
186.29.245.97 - - [08/Dec/2022:18:12:04 -0500] "GET /portaldeninos/wp-content/plugins/gallery-videos/JS/Total-Soft-Gallery-Video-Widget.js?ver=4.9.8 HTTP/1.1" 200 80264
186.29.245.97 - - [08/Dec/2022:18:12:04 -0500] "GET /portaldeninos/wp-includes/js/jquery/jquery.js?ver=1.12.4 HTTP/1.1" 200 97184
186.29.245.97 - - [08/Dec/2022:18:12:04 -0500] "GET /portaldeninos/wp-content/themes/betheme/css/shortcodes.css?ver=20.9.6 HTTP/1.1" 200 138889
186.29.245.97 - - [08/Dec/2022:18:12:05 -0500] "GET /portaldeninos/wp-includes/js/jquery/ui/widget.min.js?ver=1.11.4 HTTP/1.1" 200 6908
186.29.245.97 - - [08/Dec/2022:18:12:05 -0500] "GET /portaldeninos/wp-includes/js/jquery/ui/mouse.min.js?ver=1.11.4 HTTP/1.1" 200 3148
186.29.245.97 - - [08/Dec/2022:18:12:05 -0500] "GET /portaldeninos/wp-includes/js/jquery/ui/accordion.min.js?ver=1.11.4 HTTP/1.1" 200 8584
186.29.245.97 - - [08/Dec/2022:18:12:05 -0500] "GET /portaldeninos/wp-content/themes/betheme/js/menu.js?ver=20.9.6 HTTP/1.1" 200 2449
186.29.245.97 - - [08/Dec/2022:18:12:05 -0500] "GET /portaldeninos/wp-includes/js/jquery/ui/tabs.min.js?ver=1.11.4 HTTP/1.1" 200 12110
186.29.245.97 - - [08/Dec/2022:18:12:05 -0500] "GET /portaldeninos/wp-includes/js/jquery/ui/sortable.min.js?ver=1.11.4 HTTP/1.1" 200 24899
186.29.245.97 - - [08/Dec/2022:18:12:05 -0500] "GET /portaldeninos/wp-content/themes/betheme/assets/animations/animations.min.js?ver=20.9.6 HTTP/1.1" 200 1896
186.29.245.97 - - [08/Dec/2022:18:12:05 -0500] "GET /portaldeninos/wp-content/uploads/2019/08/Logo-Ambientic.png HTTP/1.1" 200 22941
186.29.245.97 - - [08/Dec/2022:18:12:05 -0500] "GET /portaldeninos/wp-includes/js/wp-embed.min.js?ver=4.9.8 HTTP/1.1" 200 1398
186.29.245.97 - - [08/Dec/2022:18:12:05 -0500] "GET /portaldeninos/wp-content/themes/betheme/assets/jplayer/jplayer.min.js?ver=20.9.6 HTTP/1.1" 200 52702
186.29.245.97 - - [08/Dec/2022:18:12:05 -0500] "GET /portaldeninos/wp-content/themes/betheme/js/scripts.js?ver=20.9.6 HTTP/1.1" 200 77162
186.29.245.97 - - [08/Dec/2022:18:12:05 -0500] "GET /portaldeninos/wp-content/uploads/2021/07/Banners-pa%CC%81gina-de-nin%CC%83os4.jpg HTTP/1.1" 200 27901
186.29.245.97 - - [08/Dec/2022:18:12:05 -0500] "GET /portaldeninos/wp-content/themes/betheme/images/box_shadow.png HTTP/1.1" 200 108
186.29.245.97 - - [08/Dec/2022:18:12:05 -0500] "GET /portaldeninos/wp-content/themes/betheme/fonts/mfn-icons.woff?93978679 HTTP/1.1" 200 80932
186.29.245.97 - - [08/Dec/2022:18:12:05 -0500] "GET /portaldeninos/wp-content/uploads/2021/07/imagenes-con-marcos-pa%CC%81gina-de-nin%CC%83os-aula-soratama.jpg HTTP/1.1" 200 42527
186.29.245.97 - - [08/Dec/2022:18:12:05 -0500] "GET /portaldeninos/wp-includes/js/wp-emoji-release.min.js?ver=4.9.8 HTTP/1.1" 200 12026
186.29.245.97 - - [08/Dec/2022:18:12:05 -0500] "GET /portaldeninos/wp-content/themes/betheme/js/plugins.js?ver=20.9.6 HTTP/1.1" 200 197151
186.29.245.97 - - [08/Dec/2022:18:12:05 -0500] "GET /portaldeninos/wp-content/uploads/2021/07/Recorrido-virtual-Aula-Soratama.mp4 HTTP/1.1" 206 5687960
173.252.79.10 - - [08/Dec/2022:18:12:06 -0500] "GET /images/cr\xc3\xb3nica-29-nov-1_optimized.jpeg HTTP/1.1" 404 1034
186.28.80.119 - - [08/Dec/2022:18:12:08 -0500] "GET /BLA/resoluciones/AUTOS%202014/6486.pdf HTTP/1.1" 200 566607
216.245.221.92 - - [08/Dec/2022:18:12:27 -0500] "HEAD / HTTP/1.1" 200 -
201.245.192.253 - - [08/Dec/2022:18:13:40 -0500] "POST /kwsrmcab/Wsrmcab  HTTP/1.1" 200 43162
201.245.192.253 - - [08/Dec/2022:18:14:41 -0500] "POST /kwsrmcab/Wsrmcab  HTTP/1.1" 200 43162
172.22.2.4 - - [08/Dec/2022:18:13:29 -0500] "HEAD /BLA/boletinlegal/ HTTP/1.1" 200 -
172.22.2.4 - - [08/Dec/2022:18:14:19 -0500] "GET /BLA/boletinlegal/ HTTP/1.1" 200 57192
216.245.221.92 - - [08/Dec/2022:18:17:27 -0500] "HEAD / HTTP/1.1" 200 -
40.77.167.14 - - [08/Dec/2022:18:18:54 -0500] "GET /BLA/resoluciones/RESOLUCIONES%202022/0009.pdf HTTP/1.1" 304 -
201.245.192.253 - - [08/Dec/2022:18:19:39 -0500] "POST /kwsrmcab/Wsrmcab  HTTP/1.1" 200 43162
13.52.253.211 - - [08/Dec/2022:18:19:44 -0500] "GET / HTTP/1.1" 200 319
172.22.2.4 - - [08/Dec/2022:18:20:18 -0500] "GET /BLA/boletinlegal/norma_menu.php HTTP/1.1" 200 6318
172.22.2.4 - - [08/Dec/2022:18:20:18 -0500] "GET /BLA/boletinlegal/styles2.css HTTP/1.1" 200 1838
172.22.2.4 - - [08/Dec/2022:18:20:18 -0500] "GET /BLA/boletinlegal/js/ajax.js HTTP/1.1" 200 772
172.22.2.4 - - [08/Dec/2022:18:20:19 -0500] "GET /BLA/boletinlegal/style.css HTTP/1.1" 200 9406
172.22.2.4 - - [08/Dec/2022:18:20:19 -0500] "GET /BLA/boletinlegal/swfobject.js HTTP/1.1" 200 9763
172.22.2.4 - - [08/Dec/2022:18:20:19 -0500] "GET /BLA/boletinlegal/js/popup.js HTTP/1.1" 200 1270
172.22.2.4 - - [08/Dec/2022:18:20:19 -0500] "GET /BLA/boletinlegal/js/lib.js HTTP/1.1" 200 6474
172.22.2.4 - - [08/Dec/2022:18:20:19 -0500] "GET /BLA/boletinlegal/js/jquery1.js HTTP/1.1" 200 29846
172.22.2.4 - - [08/Dec/2022:18:20:19 -0500] "GET /BLA/boletinlegal/images/signo-mas.gif HTTP/1.1" 200 13689
172.22.2.4 - - [08/Dec/2022:18:20:19 -0500] "GET /BLA/boletinlegal/images/signo-menos.gif HTTP/1.1" 200 13454
172.22.2.4 - - [08/Dec/2022:18:20:19 -0500] "GET /BLA/boletinlegal/images/cabezote%20BLEGAL.jpg HTTP/1.1" 200 118164
172.22.2.4 - - [08/Dec/2022:18:20:19 -0500] "GET /BLA/boletinlegal/images/nuevo.gif HTTP/1.1" 200 26475
172.22.2.4 - - [08/Dec/2022:18:20:19 -0500] "GET /BLA/boletinlegal/images/subscribe-icon-big.png HTTP/1.1" 200 47702
172.22.2.4 - - [08/Dec/2022:18:20:19 -0500] "GET /BLA/boletinlegal/images/historia.png HTTP/1.1" 200 52775
172.22.2.4 - - [08/Dec/2022:18:20:19 -0500] "GET /BLA/boletinlegal/images/registro-usuarios.png HTTP/1.1" 200 8106
172.22.2.4 - - [08/Dec/2022:18:20:19 -0500] "GET /BLA/boletinlegal/images/img_3.jpg HTTP/1.1" 200 1841
172.22.2.4 - - [08/Dec/2022:18:20:19 -0500] "GET /BLA/boletinlegal/images/icono-email.png HTTP/1.1" 200 5544
172.22.2.4 - - [08/Dec/2022:18:20:19 -0500] "GET /BLA/boletinlegal/images/tel.png HTTP/1.1" 200 14477
172.22.2.4 - - [08/Dec/2022:18:20:19 -0500] "GET /BLA/boletinlegal/images/body_bg.jpg HTTP/1.1" 200 1601
172.22.2.4 - - [08/Dec/2022:18:20:19 -0500] "GET /BLA/boletinlegal/images/menu_lft.gif HTTP/1.1" 200 1713
172.22.2.4 - - [08/Dec/2022:18:20:19 -0500] "GET /BLA/boletinlegal/images/menu_rght.gif HTTP/1.1" 200 1627
172.22.2.4 - - [08/Dec/2022:18:20:19 -0500] "GET /BLA/boletinlegal/images/bg_top.jpg HTTP/1.1" 200 522
172.22.2.4 - - [08/Dec/2022:18:20:19 -0500] "GET /BLA/boletinlegal/images/hover.jpg HTTP/1.1" 200 640
172.22.2.4 - - [08/Dec/2022:18:20:19 -0500] "GET /BLA/boletinlegal/images/menu_bg.jpg HTTP/1.1" 200 620
172.22.2.4 - - [08/Dec/2022:18:20:19 -0500] "GET /BLA/boletinlegal/images/text.jpg HTTP/1.1" 200 568
172.22.2.4 - - [08/Dec/2022:18:20:19 -0500] "GET /BLA/boletinlegal/images/footer_bg.jpg HTTP/1.1" 200 586
172.22.2.4 - - [08/Dec/2022:18:20:20 -0500] "GET /BLA/boletinlegal/images/footer_bg_l.jpg HTTP/1.1" 200 776
172.22.2.4 - - [08/Dec/2022:18:20:21 -0500] "GET /BLA/boletinlegal/favicon.ico HTTP/1.1" 404 1336
172.22.2.4 - - [08/Dec/2022:18:20:32 -0500] "GET /BLA/boletinlegal/norma_menu.php HTTP/1.1" 200 6318
201.245.192.253 - - [08/Dec/2022:18:20:32 -0500] "POST /kwsrmcab/Wsrmcab HTTP/1.1" 200 43135
172.22.2.4 - - [08/Dec/2022:18:20:37 -0500] "GET /BLA/boletinlegal/consulta.php?ordenar=mas HTTP/1.1" 200 249465
172.22.2.4 - - [08/Dec/2022:18:20:37 -0500] "GET /BLA/boletinlegal/images/docs.png HTTP/1.1" 200 10288
172.22.2.4 - - [08/Dec/2022:18:20:37 -0500] "GET /BLA/boletinlegal/images/background.gif HTTP/1.1" 200 -
201.245.192.253 - - [08/Dec/2022:18:20:35 -0500] "POST /kwsrmcab/Wsrmcab HTTP/1.1" 200 44101
172.22.2.4 - - [08/Dec/2022:18:20:39 -0500] "GET /BLA/boletinlegal/consulta.php?ordenar=menos HTTP/1.1" 200 249465
172.22.2.4 - - [08/Dec/2022:18:20:46 -0500] "GET /BLA/boletinlegal/consulta.php?ordenar=mas HTTP/1.1" 200 249465
172.22.2.4 - - [08/Dec/2022:18:19:19 -0500] "HEAD /BLA/boletinlegal/ HTTP/1.1" 200 -
172.22.2.4 - - [08/Dec/2022:18:20:09 -0500] "GET /BLA/boletinlegal/ HTTP/1.1" 200 52453
216.245.221.92 - - [08/Dec/2022:18:22:27 -0500] "HEAD / HTTP/1.1" 200 -
173.252.107.2 - - [08/Dec/2022:18:23:10 -0500] "GET /images/cr\xc3\xb3nica-29-nov-1_optimized.jpeg HTTP/1.1" 404 1034
201.245.192.253 - - [08/Dec/2022:18:24:38 -0500] "POST /kwsrmcab/Wsrmcab  HTTP/1.1" 200 43162
69.171.251.6 - - [08/Dec/2022:18:25:50 -0500] "GET /images/cr\xc3\xb3nica-29-nov-1_optimized.jpeg HTTP/1.1" 404 1034
172.22.2.4 - - [08/Dec/2022:18:25:09 -0500] "HEAD /BLA/boletinlegal/ HTTP/1.1" 200 -
191.89.236.54 - - [08/Dec/2022:18:27:15 -0500] "GET /forest/ HTTP/1.1" 200 12041
191.89.236.54 - - [08/Dec/2022:18:27:24 -0500] "POST /forest/index.php HTTP/1.1" 200 12268
172.22.2.4 - - [08/Dec/2022:18:25:59 -0500] "GET /BLA/boletinlegal/ HTTP/1.1" 200 59035
216.245.221.92 - - [08/Dec/2022:18:28:17 -0500] "GET / HTTP/1.1" 200 319
173.252.83.4 - - [08/Dec/2022:18:29:10 -0500] "GET /images/cr\xc3\xb3nica-29-nov-1_optimized.jpeg HTTP/1.1" 404 1034
201.245.192.253 - - [08/Dec/2022:18:29:37 -0500] "POST /kwsrmcab/Wsrmcab  HTTP/1.1" 200 43162
201.245.192.253 - - [08/Dec/2022:18:30:33 -0500] "POST /kwsrmcab/Wsrmcab HTTP/1.1" 200 43135
201.245.192.253 - - [08/Dec/2022:18:30:36 -0500] "POST /kwsrmcab/Wsrmcab HTTP/1.1" 200 44101
172.22.2.4 - - [08/Dec/2022:18:31:29 -0500] "GET /BLA/boletinlegal/normativa.php HTTP/1.1" 200 8333
172.22.2.4 - - [08/Dec/2022:18:31:43 -0500] "GET /BLA/boletinlegal/version HTTP/1.1" 404 1018
172.22.2.4 - - [08/Dec/2022:18:30:59 -0500] "HEAD /BLA/boletinlegal/ HTTP/1.1" 200 -
162.55.170.174 - - [08/Dec/2022:18:32:40 -0500] "GET / HTTP/1.1" 200 319
172.22.2.4 - - [08/Dec/2022:18:33:14 -0500] "GET /BLA/boletinlegal/admin/ HTTP/1.1" 200 2324
216.245.221.92 - - [08/Dec/2022:18:33:18 -0500] "HEAD / HTTP/1.1" 200 -
172.22.2.4 - - [08/Dec/2022:18:31:49 -0500] "GET /BLA/boletinlegal/ HTTP/1.1" 200 57824
114.119.145.102 - - [08/Dec/2022:18:34:30 -0500] "GET /BLA/resoluciones/index.php?dir=AUTOS%2B2009/&sort=date&order=desc HTTP/1.1" 200 13278
173.252.127.116 - - [08/Dec/2022:18:34:32 -0500] "GET /images/facebook-live-ivc-MAYO27.png HTTP/1.1" 200 480404
201.245.192.253 - - [08/Dec/2022:18:34:35 -0500] "POST /kwsrmcab/Wsrmcab  HTTP/1.1" 200 43162
193.228.135.75 - - [08/Dec/2022:18:35:28 -0500] "GET / HTTP/1.1" 200 319
172.22.2.4 - - [08/Dec/2022:18:34:03 -0500] "GET /BLA/boletinlegal/ HTTP/1.1" 200 62423
185.119.81.99 - - [08/Dec/2022:18:37:29 -0500] "GET /portaldeninos/wp-login.php HTTP/1.1" 200 2592
185.119.81.99 - - [08/Dec/2022:18:37:30 -0500] "POST /portaldeninos/wp-login.php HTTP/1.1" 200 3605
172.22.2.4 - - [08/Dec/2022:18:37:54 -0500] "GET /BLA/boletinlegal/Circulares/2019/.pdf HTTP/1.1" 404 1218
172.22.2.4 - - [08/Dec/2022:18:36:24 -0500] "GET /BLA/boletinlegal/ HTTP/1.1" 200 56474
172.22.2.4 - - [08/Dec/2022:18:38:04 -0500] "GET /BLA/boletinlegal/Circulares/2012/Circular%20No.%2010%20del%2026%20de%20Enero%20de%202012.pdf HTTP/1.1" 404 1218
216.245.221.92 - - [08/Dec/2022:18:38:17 -0500] "HEAD / HTTP/1.1" 200 -
172.22.2.4 - - [08/Dec/2022:18:36:49 -0500] "HEAD /BLA/boletinlegal/ HTTP/1.1" 200 -
172.22.2.4 - - [08/Dec/2022:18:37:39 -0500] "GET /BLA/boletinlegal/ HTTP/1.1" 200 53739
201.245.192.253 - - [08/Dec/2022:18:39:35 -0500] "POST /kwsrmcab/Wsrmcab  HTTP/1.1" 200 43162
201.245.192.253 - - [08/Dec/2022:18:40:33 -0500] "POST /kwsrmcab/Wsrmcab HTTP/1.1" 200 43135
201.245.192.253 - - [08/Dec/2022:18:40:36 -0500] "POST /kwsrmcab/Wsrmcab HTTP/1.1" 200 44101
173.252.95.117 - - [08/Dec/2022:18:41:25 -0500] "GET /images/Acuerdos%2001%20(1)%20(1).jpeg HTTP/1.1" 200 32884
216.245.221.92 - - [08/Dec/2022:18:43:17 -0500] "HEAD / HTTP/1.1" 200 -
207.46.13.90 - - [08/Dec/2022:18:44:17 -0500] "GET /catalogoisis/imagenes/Header.gif HTTP/1.1" 200 30313
172.22.2.4 - - [08/Dec/2022:18:42:39 -0500] "HEAD /BLA/boletinlegal/ HTTP/1.1" 200 -
201.245.192.253 - - [08/Dec/2022:18:44:33 -0500] "POST /kwsrmcab/Wsrmcab  HTTP/1.1" 200 43162
69.171.251.116 - - [08/Dec/2022:18:44:39 -0500] "GET /images/cr\xc3\xb3nica-29-nov-1_optimized.jpeg HTTP/1.1" 404 1034
172.22.2.4 - - [08/Dec/2022:18:43:29 -0500] "GET /BLA/boletinlegal/ HTTP/1.1" 200 56474
207.46.13.174 - - [08/Dec/2022:18:45:35 -0500] "GET /forest/ HTTP/1.1" 200 12041
35.213.176.218 - - [08/Dec/2022:18:45:54 -0500] "GET / HTTP/1.1" 200 319
216.245.221.92 - - [08/Dec/2022:18:48:17 -0500] "HEAD / HTTP/1.1" 200 -
172.22.2.4 - - [08/Dec/2022:18:48:20 -0500] "GET /BLA/boletinlegal/actos.php HTTP/1.1" 200 9566
172.22.2.4 - - [08/Dec/2022:18:48:21 -0500] "GET /BLA/boletinlegal/jurisprudencia.php HTTP/1.1" 200 17573
201.245.192.253 - - [08/Dec/2022:18:49:33 -0500] "POST /kwsrmcab/Wsrmcab  HTTP/1.1" 200 43162
172.22.2.4 - - [08/Dec/2022:18:48:29 -0500] "HEAD /BLA/boletinlegal/ HTTP/1.1" 200 -
207.46.13.65 - - [08/Dec/2022:18:50:18 -0500] "GET /catalogoisis/imagenes/br1c1.gif HTTP/1.1" 200 172
172.22.2.4 - - [08/Dec/2022:18:49:19 -0500] "GET /BLA/boletinlegal/ HTTP/1.1" 200 59404
162.55.35.116 - - [08/Dec/2022:18:51:59 -0500] "GET / HTTP/1.1" 200 319
168.119.51.200 - - [08/Dec/2022:18:52:07 -0500] "GET / HTTP/1.1" 200 319
40.77.167.14 - - [08/Dec/2022:18:52:27 -0500] "GET / HTTP/1.1" 200 319
207.46.13.194 - - [08/Dec/2022:18:52:31 -0500] "GET /BLA/resoluciones/RESOLUCIONES%202021/0899.pdf HTTP/1.1" 304 -
216.245.221.92 - - [08/Dec/2022:18:53:17 -0500] "HEAD / HTTP/1.1" 200 -
157.55.39.39 - - [08/Dec/2022:18:53:36 -0500] "GET /BLA/resoluciones/RESOLUCIONES%202014/1016.pdf HTTP/1.1" 304 -
40.77.167.13 - - [08/Dec/2022:18:53:45 -0500] "GET /BLA/resoluciones/00002132.tif HTTP/1.1" 404 1018
201.245.192.253 - - [08/Dec/2022:18:54:32 -0500] "POST /kwsrmcab/Wsrmcab  HTTP/1.1" 200 43162
207.46.13.198 - - [08/Dec/2022:18:55:09 -0500] "GET /sipse/faces/autenticacion.xhtml HTTP/1.1" 200 12495
191.102.199.127 - - [08/Dec/2022:18:55:43 -0500] "GET /kwssiamovil/sm/ldap/au?x=U2FsdGVkX1+5jasCQux7Fb8jv5oN06+GJvtp08IvyL8O0ux0n59eEUsxWDudkf9P&y=U2FsdGVkX1/+7+d5YZShoI+moS56Sv+eYyEvoDOpZYI= HTTP/1.1" 200 30
