66.249.66.86 - - [08/Dec/2022:10:50:29 -0500] "GET /BLA/resoluciones/RESOLUCIONES%202011/3374.pdf HTTP/1.1" 200 621456
114.119.154.82 - - [08/Dec/2022:10:51:25 -0500] "GET /BLA/resoluciones/RESOLUCIONES%202010/7272.pdf HTTP/1.1" 200 84877
172.22.2.4 - - [08/Dec/2022:10:50:06 -0500] "HEAD /BLA/boletinlegal/ HTTP/1.1" 200 -
66.249.66.86 - - [08/Dec/2022:10:52:07 -0500] "GET /BLA/resoluciones/AUTOS%202017/4334.pdf HTTP/1.1" 200 277448
216.245.221.92 - - [08/Dec/2022:10:52:28 -0500] "HEAD / HTTP/1.1" 200 -
201.245.192.253 - - [08/Dec/2022:10:52:30 -0500] "POST /kwsrmcab/Wsrmcab  HTTP/1.1" 200 43162
172.22.2.4 - - [08/Dec/2022:10:50:57 -0500] "GET /BLA/boletinlegal/ HTTP/1.1" 200 54100
114.119.139.207 - - [08/Dec/2022:10:52:38 -0500] "GET /BLA/resoluciones/RESOLUCIONES%202010/7137.pdf HTTP/1.1" 200 399918
66.249.66.86 - - [08/Dec/2022:10:52:43 -0500] "GET /resoluciones/RESOLUCIONES%202009/1341.pdf HTTP/1.1" 404 1018
162.55.165.184 - - [08/Dec/2022:10:53:45 -0500] "GET / HTTP/1.1" 200 319
114.119.147.150 - - [08/Dec/2022:10:53:54 -0500] "GET /BLA/resoluciones/RESOLUCIONES%202010/7129.pdf HTTP/1.1" 200 274175
172.22.2.4 - - [08/Dec/2022:10:54:19 -0500] "GET /BLA/boletinlegal/favicon.ico HTTP/1.1" 404 1018
66.249.66.85 - - [08/Dec/2022:10:54:21 -0500] "GET /BLA/resoluciones/RESOLUCIONES%202010/0128.pdf HTTP/1.1" 200 386612
66.249.66.86 - - [08/Dec/2022:10:54:28 -0500] "GET /BLA/resoluciones/RESOLUCIONES%202008/0133.pdf HTTP/1.1" 200 254715
172.22.2.4 - - [08/Dec/2022:10:54:02 -0500] "GET /BLA/boletinlegal/ HTTP/1.1" 200 20427
172.22.2.4 - - [08/Dec/2022:10:54:03 -0500] "GET /BLA/boletinlegal/ HTTP/1.1" 200 32715
66.249.66.87 - - [08/Dec/2022:10:55:21 -0500] "GET /BLA/resoluciones/RESOLUCIONES%202007/RES%202007%203801%20AL%203900/RESOLUCION%203870%20DE%202007.pdf HTTP/1.1" 200 308289
114.119.142.156 - - [08/Dec/2022:10:55:42 -0500] "GET /BLA/resoluciones/RESOLUCIONES%202010/7006.pdf HTTP/1.1" 200 62973
92.118.39.29 - - [08/Dec/2022:10:56:02 -0500] "GET / HTTP/1.1" 200 319
66.249.66.85 - - [08/Dec/2022:10:56:08 -0500] "GET /BLA/resoluciones/RESOLUCIONES%202009/8509.pdf HTTP/1.1" 200 366620
66.249.66.86 - - [08/Dec/2022:10:56:32 -0500] "GET /BLA/resoluciones/RESOLUCIONES%202007/RES%202007%201901%20AL%202000/RESOLUCION%201912%20DE%202007.pdf HTTP/1.1" 200 26330
173.252.95.119 - - [08/Dec/2022:10:56:50 -0500] "GET /images/pieza-voluntariado-ambiental.jpg HTTP/1.1" 200 41042
114.119.143.124 - - [08/Dec/2022:10:56:56 -0500] "GET /BLA/resoluciones/RESOLUCIONES%202010/6985.pdf HTTP/1.1" 200 64329
40.77.167.14 - - [08/Dec/2022:10:57:02 -0500] "GET /BLA/resoluciones/RESOLUCIONES%202000/2000%201700-1749.tif HTTP/1.1" 200 4092284
172.22.2.4 - - [08/Dec/2022:10:57:14 -0500] "GET /BLA/boletinlegal/jurisprudencia/analisis/analisis%20C-595-2010.doc HTTP/1.1" 200 39424
66.249.66.85 - - [08/Dec/2022:10:57:25 -0500] "GET /BLA/resoluciones/RESOLUCIONES%202012/0658.pdf HTTP/1.1" 200 283698
216.245.221.92 - - [08/Dec/2022:10:57:28 -0500] "HEAD / HTTP/1.1" 200 -
201.245.192.253 - - [08/Dec/2022:10:57:29 -0500] "POST /kwsrmcab/Wsrmcab  HTTP/1.1" 200 43162
172.22.2.4 - - [08/Dec/2022:10:55:56 -0500] "HEAD /BLA/boletinlegal/ HTTP/1.1" 200 -
114.119.159.134 - - [08/Dec/2022:10:58:04 -0500] "GET /BLA/resoluciones/RESOLUCIONES%202010/6801.pdf HTTP/1.1" 200 339183
162.55.175.141 - - [08/Dec/2022:10:58:11 -0500] "GET / HTTP/1.1" 200 319
66.249.66.85 - - [08/Dec/2022:10:58:13 -0500] "GET /portel_dama/libreria/pdf/ecosistemas/restauracion/sitio/22_proye/xtras_in/cni_3.pdf HTTP/1.1" 404 1018
172.22.2.4 - - [08/Dec/2022:10:56:46 -0500] "GET /BLA/boletinlegal/ HTTP/1.1" 200 52079
173.252.107.14 - - [08/Dec/2022:10:58:31 -0500] "GET /esta-abierta-la-convocatoria-para-ser-parte-del-programa-de-voluntariado-ambiental-de-bogota.html HTTP/1.1" 206 972
66.249.66.86 - - [08/Dec/2022:10:58:39 -0500] "GET /BLA/resoluciones/AUTOS%202009/0499.pdf HTTP/1.1" 200 185717
114.119.153.84 - - [08/Dec/2022:10:59:32 -0500] "GET /BLA/resoluciones/RESOLUCIONES%202010/6721.pdf HTTP/1.1" 200 230725
114.119.129.254 - - [08/Dec/2022:11:00:59 -0500] "GET /BLA/resoluciones/RESOLUCIONES%202010/6345.pdf HTTP/1.1" 200 516841
172.22.2.4 - - [08/Dec/2022:11:01:14 -0500] "GET /BLA/boletinlegal/favicon.ico HTTP/1.1" 404 1018
172.22.2.4 - - [08/Dec/2022:11:00:58 -0500] "GET /BLA/boletinlegal/ HTTP/1.1" 200 20427
66.249.66.86 - - [08/Dec/2022:11:01:29 -0500] "GET /BLA/resoluciones/AUTOS%202017/2655.pdf HTTP/1.1" 200 1084560
66.249.66.85 - - [08/Dec/2022:11:01:30 -0500] "GET /BLA/resoluciones/RESOLUCIONES%202011/3393.pdf HTTP/1.1" 200 626248
191.89.236.54 - - [08/Dec/2022:11:01:31 -0500] "GET /forest/ HTTP/1.1" 200 12041
191.89.236.54 - - [08/Dec/2022:11:01:37 -0500] "POST /forest/index.php HTTP/1.1" 200 12268
172.22.2.4 - - [08/Dec/2022:11:01:00 -0500] "GET /BLA/boletinlegal/ HTTP/1.1" 200 32715
216.245.221.92 - - [08/Dec/2022:11:02:28 -0500] "HEAD / HTTP/1.1" 200 -
201.245.192.253 - - [08/Dec/2022:11:02:27 -0500] "POST /kwsrmcab/Wsrmcab  HTTP/1.1" 200 43162
114.119.138.130 - - [08/Dec/2022:11:02:30 -0500] "GET /BLA/resoluciones/RESOLUCIONES%202010/6105.pdf HTTP/1.1" 200 1370184
66.249.66.86 - - [08/Dec/2022:11:02:34 -0500] "GET /BLA/resoluciones/Autos%202008/3419.pdf HTTP/1.1" 200 69778
66.249.66.86 - - [08/Dec/2022:11:02:57 -0500] "GET /BLA/resoluciones/AUTOS%202018/2920.pdf HTTP/1.1" 200 286453
66.249.66.86 - - [08/Dec/2022:11:02:57 -0500] "GET /Publicaciones/2022EE264531.pdf HTTP/1.1" 404 228
172.22.2.4 - - [08/Dec/2022:11:01:46 -0500] "HEAD /BLA/boletinlegal/ HTTP/1.1" 200 -
114.119.143.55 - - [08/Dec/2022:11:03:51 -0500] "GET /BLA/resoluciones/RESOLUCIONES%202010/6080.pdf HTTP/1.1" 200 739350
66.249.66.85 - - [08/Dec/2022:11:03:56 -0500] "GET /BLA/resoluciones/RESOLUCIONES%202014/2584.pdf HTTP/1.1" 200 281525
172.22.2.4 - - [08/Dec/2022:11:02:37 -0500] "GET /BLA/boletinlegal/ HTTP/1.1" 200 55680
109.237.98.226 - - [08/Dec/2022:11:04:19 -0500] "GET /.env HTTP/1.1" 404 1018
109.237.98.226 - - [08/Dec/2022:11:04:19 -0500] "\x16\x03\x01\x01H\x01" 400 226
42.236.10.75 - - [08/Dec/2022:11:04:26 -0500] "GET /galeria/galeria/jquery.fancybox.css?v=2.1.5 HTTP/1.1" 200 4895
42.236.10.78 - - [08/Dec/2022:11:04:26 -0500] "GET /galeria/carrusel/Carrusel/jquery.thumbnailScroller.css HTTP/1.1" 200 2066
42.236.10.106 - - [08/Dec/2022:11:04:26 -0500] "GET /BLA/boletinlegal/js/jquery.scrollShow.js HTTP/1.1" 200 4586
42.236.10.125 - - [08/Dec/2022:11:04:26 -0500] "GET /galeria/galeria/jquery.fancybox.js?v=2.1.5 HTTP/1.1" 200 48706
42.236.10.125 - - [08/Dec/2022:11:04:26 -0500] "GET /galeria/carrusel/Carrusel/jquery-ui-1.8.13.custom.min.js HTTP/1.1" 200 10800
42.236.10.84 - - [08/Dec/2022:11:04:26 -0500] "GET /galeria/carrusel/Carrusel/jquery.thumbnailScroller.js HTTP/1.1" 200 8157
42.236.10.84 - - [08/Dec/2022:11:04:32 -0500] "GET /galeria/galeria/jquery.fancybox.css?v=2.1.5 HTTP/1.1" 200 4895
42.236.10.125 - - [08/Dec/2022:11:04:32 -0500] "GET /BLA/boletinlegal/js/jquery.scrollShow.js HTTP/1.1" 200 4586
42.236.10.125 - - [08/Dec/2022:11:04:32 -0500] "GET /galeria/galeria/jquery.fancybox.js?v=2.1.5 HTTP/1.1" 200 48706
42.236.10.106 - - [08/Dec/2022:11:04:32 -0500] "GET /galeria/carrusel/Carrusel/jquery.thumbnailScroller.css HTTP/1.1" 200 2066
207.46.13.174 - - [08/Dec/2022:11:05:23 -0500] "GET /bla/resoluciones/resoluciones%202017/3582.pdf HTTP/1.1" 200 333390
114.119.128.55 - - [08/Dec/2022:11:05:40 -0500] "GET /BLA/resoluciones/RESOLUCIONES%202010/5757.pdf HTTP/1.1" 200 40032
65.21.228.167 - - [08/Dec/2022:11:05:45 -0500] "GET /BLA/resoluciones/RESOLUCIONES%202018/2566.pdf HTTP/1.1" 200 291217
66.249.66.86 - - [08/Dec/2022:11:05:57 -0500] "GET /BLA/resoluciones/RESOLUCIONES%202007/RES%202007%202301%20AL%202400/RESOLUCION%202375%20DE%202007.pdf HTTP/1.1" 200 311791
172.22.2.4 - - [08/Dec/2022:11:06:49 -0500] "GET /BLA/boletinlegal/.env HTTP/1.1" 404 1018
66.249.66.85 - - [08/Dec/2022:11:06:59 -0500] "GET /BLA/resoluciones/RESOLUCIONES%202011/5014.pdf HTTP/1.1" 200 594866
114.119.142.20 - - [08/Dec/2022:11:07:07 -0500] "GET /BLA/resoluciones/RESOLUCIONES%202010/5698.pdf HTTP/1.1" 200 65404
172.22.2.4 - - [08/Dec/2022:11:06:49 -0500] "POST /BLA/boletinlegal/ HTTP/1.1" 200 24523
66.249.66.86 - - [08/Dec/2022:11:07:27 -0500] "GET /BLA/resoluciones/RESOLUCIONES%202009/5686.pdf HTTP/1.1" 200 876706
216.245.221.92 - - [08/Dec/2022:11:07:28 -0500] "HEAD / HTTP/1.1" 200 -
201.245.192.253 - - [08/Dec/2022:11:07:27 -0500] "POST /kwsrmcab/Wsrmcab  HTTP/1.1" 200 43162
66.249.66.87 - - [08/Dec/2022:11:07:54 -0500] "GET /BLA/resoluciones/Autos%202008/0631.pdf HTTP/1.1" 200 95429
114.119.130.253 - - [08/Dec/2022:11:07:58 -0500] "GET /BLA/resoluciones/RESOLUCIONES%202010/5674.pdf HTTP/1.1" 200 82461
66.249.66.86 - - [08/Dec/2022:11:08:35 -0500] "GET /BLA/resoluciones/RESOLUCIONES%202008/3098.pdf HTTP/1.1" 200 469849
199.16.157.181 - - [08/Dec/2022:11:08:47 -0500] "GET /images/nueva-orquidea1-optimized.jpg HTTP/1.1" 200 31539
66.220.149.16 - - [08/Dec/2022:11:08:47 -0500] "GET /images/cr\xc3\xb3nica-29-nov-1_optimized.jpeg HTTP/1.1" 404 1034
172.22.2.4 - - [08/Dec/2022:11:07:36 -0500] "HEAD /BLA/boletinlegal/ HTTP/1.1" 200 -
114.119.128.236 - - [08/Dec/2022:11:09:43 -0500] "GET /BLA/resoluciones/RESOLUCIONES%202010/5333.pdf HTTP/1.1" 200 324137
172.22.2.4 - - [08/Dec/2022:11:08:26 -0500] "GET /BLA/boletinlegal/ HTTP/1.1" 200 57824
66.249.66.86 - - [08/Dec/2022:11:11:03 -0500] "GET /BLA/resoluciones/AUTOS%202016/0840.pdf HTTP/1.1" 200 440620
114.119.130.221 - - [08/Dec/2022:11:11:05 -0500] "GET /BLA/resoluciones/RESOLUCIONES%202010/5294.pdf HTTP/1.1" 200 753847
207.46.13.198 - - [08/Dec/2022:11:11:14 -0500] "GET /BLA/resoluciones/RESOLUCIONES%202021/2903.pdf HTTP/1.1" 304 -
114.119.142.132 - - [08/Dec/2022:11:12:17 -0500] "GET /BLA/resoluciones/RESOLUCIONES%202010/4492.pdf HTTP/1.1" 200 402550
201.245.192.253 - - [08/Dec/2022:11:12:26 -0500] "POST /kwsrmcab/Wsrmcab  HTTP/1.1" 200 43162
216.245.221.92 - - [08/Dec/2022:11:12:28 -0500] "HEAD / HTTP/1.1" 200 -
114.119.146.179 - - [08/Dec/2022:11:13:33 -0500] "GET /BLA/resoluciones/RESOLUCIONES%202010/4019.pdf HTTP/1.1" 200 896665
207.46.13.174 - - [08/Dec/2022:11:14:24 -0500] "GET /forest/ HTTP/1.1" 200 12041
66.249.66.86 - - [08/Dec/2022:11:14:49 -0500] "GET /BLA/resoluciones/RESOLUCIONES%202008/4223.pdf HTTP/1.1" 200 343032
114.119.133.251 - - [08/Dec/2022:11:15:05 -0500] "GET /BLA/resoluciones/RESOLUCIONES%202010/3518.pdf HTTP/1.1" 200 366581
172.22.2.4 - - [08/Dec/2022:11:13:26 -0500] "HEAD /BLA/boletinlegal/ HTTP/1.1" 200 -
172.22.2.4 - - [08/Dec/2022:11:14:16 -0500] "GET /BLA/boletinlegal/ HTTP/1.1" 200 57192
66.249.66.86 - - [08/Dec/2022:11:16:09 -0500] "GET /BLA/resoluciones/AUTOS%202014/4619.pdf HTTP/1.1" 200 527568
114.119.136.75 - - [08/Dec/2022:11:16:14 -0500] "GET /BLA/resoluciones/RESOLUCIONES%202010/3194.pdf HTTP/1.1" 200 392712
201.245.192.253 - - [08/Dec/2022:11:17:24 -0500] "POST /kwsrmcab/Wsrmcab  HTTP/1.1" 502 1155
216.245.221.92 - - [08/Dec/2022:11:17:28 -0500] "HEAD / HTTP/1.1" 200 -
114.119.132.23 - - [08/Dec/2022:11:17:37 -0500] "GET /BLA/resoluciones/RESOLUCIONES%202010/3072.pdf HTTP/1.1" 200 436761
186.84.21.183 - - [08/Dec/2022:11:18:16 -0500] "GET /sipse/faces/presentacion/financiero/solicitudProceso/consultarSolicitudProceso.xhtml HTTP/1.1" 302 -
186.84.21.183 - - [08/Dec/2022:11:18:17 -0500] "GET /sipse/faces/autenticacion.xhtml HTTP/1.1" 200 12173
186.84.21.183 - - [08/Dec/2022:11:18:17 -0500] "GET /sipse/js/disable_browser_buttons.js HTTP/1.1" 304 -
186.84.21.183 - - [08/Dec/2022:11:18:17 -0500] "GET /sipse/js/funciones.js HTTP/1.1" 304 -
186.84.21.183 - - [08/Dec/2022:11:18:17 -0500] "GET /sipse/css/custom_css_sg.css HTTP/1.1" 304 -
186.84.21.183 - - [08/Dec/2022:11:18:17 -0500] "GET /sipse/css/custom_css_sg_prime_login.css HTTP/1.1" 304 -
186.84.21.183 - - [08/Dec/2022:11:18:17 -0500] "GET /sipse/faces/javax.faces.resource/primefaces.css?ln=primefaces&v=4.0 HTTP/1.1" 304 -
186.84.21.183 - - [08/Dec/2022:11:18:17 -0500] "GET /sipse/faces/javax.faces.resource/theme.css?ln=primefaces-sipse HTTP/1.1" 304 -
186.84.21.183 - - [08/Dec/2022:11:18:17 -0500] "GET /sipse/faces/javax.faces.resource/jquery/jquery.js?ln=primefaces&v=4.0 HTTP/1.1" 304 -
186.84.21.183 - - [08/Dec/2022:11:18:17 -0500] "GET /sipse/faces/javax.faces.resource/layout/layout.css?ln=primefaces&v=4.0 HTTP/1.1" 304 -
186.84.21.183 - - [08/Dec/2022:11:18:17 -0500] "GET /sipse/faces/javax.faces.resource/primefaces.js?ln=primefaces&v=4.0 HTTP/1.1" 304 -
186.84.21.183 - - [08/Dec/2022:11:18:17 -0500] "GET /sipse/faces/javax.faces.resource/layout/layout.js?ln=primefaces&v=4.0 HTTP/1.1" 304 -
186.84.21.183 - - [08/Dec/2022:11:18:17 -0500] "GET /sipse/faces/javax.faces.resource/jquery/jquery-plugins.js?ln=primefaces&v=4.0 HTTP/1.1" 304 -
186.84.21.183 - - [08/Dec/2022:11:18:18 -0500] "GET /sipse/css/imagen/logoSDG.png HTTP/1.1" 304 -
186.84.21.183 - - [08/Dec/2022:11:18:18 -0500] "GET /sipse/css/imagen/loginimg.png HTTP/1.1" 304 -
186.84.21.183 - - [08/Dec/2022:11:18:18 -0500] "GET /sipse/faces/javax.faces.resource/images/ui-icons_898989_256x240.png?ln=primefaces-aristo HTTP/1.1" 304 -
186.84.21.183 - - [08/Dec/2022:11:18:19 -0500] "GET /sipse/faces/index.xhtml HTTP/1.1" 200 677
186.84.21.183 - - [08/Dec/2022:11:18:19 -0500] "GET /sipse/faces/javax.faces.resource/theme.css?ln=primefaces-sipse HTTP/1.1" 304 -
186.84.21.183 - - [08/Dec/2022:11:18:19 -0500] "GET /sipse/faces/faces/autenticacion.xhtml HTTP/1.1" 200 12173
186.84.21.183 - - [08/Dec/2022:11:18:20 -0500] "GET /sipse/faces/javax.faces.resource/theme.css?ln=primefaces-sipse HTTP/1.1" 304 -
186.84.21.183 - - [08/Dec/2022:11:18:20 -0500] "GET /sipse/faces/javax.faces.resource/primefaces.js?ln=primefaces&v=4.0 HTTP/1.1" 304 -
186.84.21.183 - - [08/Dec/2022:11:18:20 -0500] "GET /sipse/faces/javax.faces.resource/layout/layout.css?ln=primefaces&v=4.0 HTTP/1.1" 304 -
186.84.21.183 - - [08/Dec/2022:11:18:20 -0500] "GET /sipse/faces/javax.faces.resource/jquery/jquery.js?ln=primefaces&v=4.0 HTTP/1.1" 304 -
186.84.21.183 - - [08/Dec/2022:11:18:20 -0500] "GET /sipse/faces/javax.faces.resource/primefaces.css?ln=primefaces&v=4.0 HTTP/1.1" 304 -
186.84.21.183 - - [08/Dec/2022:11:18:20 -0500] "GET /sipse/faces/javax.faces.resource/jquery/jquery-plugins.js?ln=primefaces&v=4.0 HTTP/1.1" 304 -
186.84.21.183 - - [08/Dec/2022:11:18:20 -0500] "GET /sipse/faces/javax.faces.resource/layout/layout.js?ln=primefaces&v=4.0 HTTP/1.1" 304 -
201.245.192.253 - - [08/Dec/2022:11:18:23 -0500] "POST /kwsrmcab/Wsrmcab  HTTP/1.1" 200 43162
186.84.21.183 - - [08/Dec/2022:11:18:31 -0500] "POST /sipse/faces/autenticacion.xhtml HTTP/1.1" 200 2220
186.84.21.183 - - [08/Dec/2022:11:18:31 -0500] "GET /sipse/faces/javax.faces.resource/messages/messages.png?ln=primefaces&v=4.0 HTTP/1.1" 304 -
186.84.21.183 - - [08/Dec/2022:11:18:34 -0500] "GET /sipse/faces/javax.faces.resource/images/ui-icons_898989_256x240.png?ln=primefaces-aristo HTTP/1.1" 304 -
186.84.21.183 - - [08/Dec/2022:11:18:34 -0500] "POST /sipse/faces/autenticacion.xhtml HTTP/1.1" 200 16376
186.84.21.183 - - [08/Dec/2022:11:18:34 -0500] "GET /sipse/faces/javax.faces.resource/primefaces.css?ln=primefaces&v=4.0 HTTP/1.1" 304 -
186.84.21.183 - - [08/Dec/2022:11:18:34 -0500] "GET /sipse/faces/javax.faces.resource/theme.css?ln=primefaces-sipse HTTP/1.1" 304 -
186.84.21.183 - - [08/Dec/2022:11:18:34 -0500] "GET /sipse/faces/javax.faces.resource/layout/layout.css?ln=primefaces&v=4.0 HTTP/1.1" 304 -
186.84.21.183 - - [08/Dec/2022:11:18:34 -0500] "GET /sipse/css/custom_css_sg_prime.css HTTP/1.1" 304 -
186.84.21.183 - - [08/Dec/2022:11:18:34 -0500] "GET /sipse/js/jquery.min.js HTTP/1.1" 304 -
186.84.21.183 - - [08/Dec/2022:11:18:35 -0500] "GET /sipse/faces/javax.faces.resource/jquery/jquery.js?ln=primefaces&v=4.0 HTTP/1.1" 304 -
186.84.21.183 - - [08/Dec/2022:11:18:35 -0500] "GET /sipse/faces/javax.faces.resource/jquery/jquery-plugins.js?ln=primefaces&v=4.0 HTTP/1.1" 304 -
186.84.21.183 - - [08/Dec/2022:11:18:35 -0500] "GET /sipse/faces/javax.faces.resource/primefaces.js?ln=primefaces&v=4.0 HTTP/1.1" 304 -
186.84.21.183 - - [08/Dec/2022:11:18:35 -0500] "GET /sipse/faces/javax.faces.resource/layout/layout.js?ln=primefaces&v=4.0 HTTP/1.1" 304 -
186.84.21.183 - - [08/Dec/2022:11:18:35 -0500] "GET /sipse/css/imagen/contrasena.png HTTP/1.1" 404 383
186.84.21.183 - - [08/Dec/2022:11:18:35 -0500] "GET /sipse/imagenes/cargando.gif HTTP/1.1" 304 -
186.84.21.183 - - [08/Dec/2022:11:18:35 -0500] "GET /sipse/imagenes/logoAplicacion.jpg HTTP/1.1" 304 -
13.66.139.12 - - [08/Dec/2022:11:18:35 -0500] "GET /BLA/resoluciones/AUTOS%202019/0159.pdf HTTP/1.1" 200 326852
186.84.21.183 - - [08/Dec/2022:11:18:55 -0500] "GET /sipse/faces/javax.faces.resource/images/ui-bg_flat_0_2d5972_40x100.png?ln=primefaces-aristo HTTP/1.1" 304 -
186.84.21.183 - - [08/Dec/2022:11:18:55 -0500] "POST /sipse/faces/bienvenido.xhtml HTTP/1.1" 200 2658
186.84.21.183 - - [08/Dec/2022:11:18:57 -0500] "POST /sipse/faces/bienvenido.xhtml HTTP/1.1" 200 48670
186.84.21.183 - - [08/Dec/2022:11:18:57 -0500] "GET /sipse/faces/javax.faces.resource/theme.css?ln=primefaces-sipse HTTP/1.1" 304 -
186.84.21.183 - - [08/Dec/2022:11:18:57 -0500] "GET /sipse/faces/javax.faces.resource/primefaces.css?ln=primefaces&v=4.0 HTTP/1.1" 304 -
186.84.21.183 - - [08/Dec/2022:11:18:57 -0500] "GET /sipse/faces/javax.faces.resource/layout/layout.css?ln=primefaces&v=4.0 HTTP/1.1" 304 -
186.84.21.183 - - [08/Dec/2022:11:18:57 -0500] "GET /sipse/faces/javax.faces.resource/jquery/jquery.js?ln=primefaces&v=4.0 HTTP/1.1" 304 -
186.84.21.183 - - [08/Dec/2022:11:18:57 -0500] "GET /sipse/faces/javax.faces.resource/jquery/jquery-plugins.js?ln=primefaces&v=4.0 HTTP/1.1" 304 -
186.84.21.183 - - [08/Dec/2022:11:18:57 -0500] "GET /sipse/faces/javax.faces.resource/primefaces.js?ln=primefaces&v=4.0 HTTP/1.1" 304 -
186.84.21.183 - - [08/Dec/2022:11:18:57 -0500] "GET /sipse/faces/javax.faces.resource/layout/layout.js?ln=primefaces&v=4.0 HTTP/1.1" 304 -
186.84.21.183 - - [08/Dec/2022:11:18:58 -0500] "POST /sipse/faces/presentacion/financiero/solicitudProceso/listarSolicitudProceso.xhtml HTTP/1.1" 200 1468
114.119.141.186 - - [08/Dec/2022:11:19:10 -0500] "GET /BLA/resoluciones/RESOLUCIONES%202010/3052.pdf HTTP/1.1" 200 769549
201.245.192.253 - - [08/Dec/2022:11:19:25 -0500] "POST /kwsrmcab/Wsrmcab  HTTP/1.1" 200 43162
64.124.8.21 - - [08/Dec/2022:11:19:38 -0500] "GET /BLA/boletinlegal/jurisprudencia/analisis/G__Jurisp.%20Junio%202014_Sent%20Tutela%20Drumond.docx HTTP/1.1" 304 -
201.245.192.253 - - [08/Dec/2022:11:20:34 -0500] "POST /kwsrmcab/Wsrmcab HTTP/1.1" 200 43766
201.245.192.253 - - [08/Dec/2022:11:20:37 -0500] "POST /kwsrmcab/Wsrmcab HTTP/1.1" 200 44403
114.119.156.154 - - [08/Dec/2022:11:20:54 -0500] "GET /BLA/resoluciones/RESOLUCIONES%202010/2874.pdf HTTP/1.1" 200 576957
172.22.2.4 - - [08/Dec/2022:11:19:16 -0500] "HEAD /BLA/boletinlegal/ HTTP/1.1" 200 -
173.252.95.119 - - [08/Dec/2022:11:21:00 -0500] "GET /un-animal-adulto-espera-renacer-de-tu-mano-adopta.html HTTP/1.1" 206 1028
66.249.66.85 - - [08/Dec/2022:11:21:35 -0500] "GET /BLA/resoluciones/RESOLUCIONES%202008/4024.pdf HTTP/1.1" 200 297537
172.22.2.4 - - [08/Dec/2022:11:20:06 -0500] "GET /BLA/boletinlegal/ HTTP/1.1" 200 59404
114.119.151.83 - - [08/Dec/2022:11:21:49 -0500] "GET /BLA/resoluciones/RESOLUCIONES%202010/2704.pdf HTTP/1.1" 200 395895
66.249.66.86 - - [08/Dec/2022:11:22:08 -0500] "GET /BLA/resoluciones/AUTOS%202017/2539.pdf HTTP/1.1" 200 271307
66.249.66.86 - - [08/Dec/2022:11:22:26 -0500] "GET /BLA/resoluciones/RESOLUCIONES%202010/5342.pdf HTTP/1.1" 200 503351
216.245.221.92 - - [08/Dec/2022:11:22:28 -0500] "HEAD / HTTP/1.1" 200 -
181.55.244.175 - - [08/Dec/2022:11:22:33 -0500] "GET /catalogoisis/Css/Busqueda.css HTTP/1.1" 200 1995
181.55.244.175 - - [08/Dec/2022:11:22:33 -0500] "GET /catalogoisis/ HTTP/1.1" 200 8575
181.55.244.175 - - [08/Dec/2022:11:22:33 -0500] "GET /catalogoisis/Js/AceptarLimpiar.js HTTP/1.1" 200 331
181.55.244.175 - - [08/Dec/2022:11:22:33 -0500] "GET /catalogoisis/Js/CriterioCombinada.js HTTP/1.1" 200 1843
181.55.244.175 - - [08/Dec/2022:11:22:33 -0500] "GET /catalogoisis/Js/Cookies.js HTTP/1.1" 200 1369
181.55.244.175 - - [08/Dec/2022:11:22:33 -0500] "GET /catalogoisis/Js/LimpiarCombinada.js HTTP/1.1" 200 207
181.55.244.175 - - [08/Dec/2022:11:22:33 -0500] "GET /catalogoisis/Js/Remote.js HTTP/1.1" 200 436
181.55.244.175 - - [08/Dec/2022:11:22:33 -0500] "GET /catalogoisis/Js/Go.js HTTP/1.1" 200 364
181.55.244.175 - - [08/Dec/2022:11:22:33 -0500] "GET /catalogoisis/Js/Numero.js HTTP/1.1" 200 398
181.55.244.175 - - [08/Dec/2022:11:22:33 -0500] "GET /catalogoisis/Js/Enter.js HTTP/1.1" 200 1208
181.55.244.175 - - [08/Dec/2022:11:22:33 -0500] "GET /catalogoisis/imagenes/br1c3.gif HTTP/1.1" 200 302
181.55.244.175 - - [08/Dec/2022:11:22:33 -0500] "GET /catalogoisis/imagenes/br1c1.gif HTTP/1.1" 200 172
181.55.244.175 - - [08/Dec/2022:11:22:33 -0500] "GET /catalogoisis/imagenes/Turnbo1.gif HTTP/1.1" 200 227
181.55.244.175 - - [08/Dec/2022:11:22:33 -0500] "GET /catalogoisis/imagenes/aceptar1.gif HTTP/1.1" 200 604
181.55.244.175 - - [08/Dec/2022:11:22:33 -0500] "GET /catalogoisis/imagenes/limpiar1.gif HTTP/1.1" 200 606
181.55.244.175 - - [08/Dec/2022:11:22:34 -0500] "GET /catalogoisis/imagenes/br3c1.gif HTTP/1.1" 200 177
181.55.244.175 - - [08/Dec/2022:11:22:34 -0500] "GET /catalogoisis/imagenes/br3c3.gif HTTP/1.1" 200 186
181.55.244.175 - - [08/Dec/2022:11:22:34 -0500] "GET /catalogoisis/imagenes/br3c2.gif HTTP/1.1" 200 285
181.55.244.175 - - [08/Dec/2022:11:22:34 -0500] "GET /catalogoisis/imagenes/br2c1.gif HTTP/1.1" 200 297
181.55.244.175 - - [08/Dec/2022:11:22:34 -0500] "GET /catalogoisis/imagenes/br1c2.gif HTTP/1.1" 200 297
181.55.244.175 - - [08/Dec/2022:11:22:33 -0500] "GET /catalogoisis/imagenes/Header.gif HTTP/1.1" 200 30313
181.55.244.175 - - [08/Dec/2022:11:22:34 -0500] "GET /catalogoisis/imagenes/br2c2.gif HTTP/1.1" 200 302
181.55.244.175 - - [08/Dec/2022:11:22:34 -0500] "GET /catalogoisis/imagenes/br2c3.gif HTTP/1.1" 200 416
181.55.244.175 - - [08/Dec/2022:11:22:34 -0500] "GET /favicon.ico HTTP/1.1" 200 7782
181.55.244.175 - - [08/Dec/2022:11:22:36 -0500] "GET /catalogoisis/imagenes/aceptar2.gif HTTP/1.1" 200 586
114.119.133.56 - - [08/Dec/2022:11:23:08 -0500] "GET /BLA/resoluciones/RESOLUCIONES%202010/2516.pdf HTTP/1.1" 200 390472
201.245.192.253 - - [08/Dec/2022:11:24:23 -0500] "POST /kwsrmcab/Wsrmcab  HTTP/1.1" 200 43162
114.119.158.36 - - [08/Dec/2022:11:24:56 -0500] "GET /BLA/resoluciones/RESOLUCIONES%202010/2483.pdf HTTP/1.1" 200 782550
173.252.83.19 - - [08/Dec/2022:11:25:19 -0500] "GET /images/cr\xc3\xb3nica-29-nov-1_optimized.jpeg HTTP/1.1" 404 1034
114.119.130.240 - - [08/Dec/2022:11:26:03 -0500] "GET /BLA/resoluciones/RESOLUCIONES%202010/2076.pdf HTTP/1.1" 200 209035
186.80.52.19 - - [08/Dec/2022:11:26:40 -0500] "GET /appsia/controlador HTTP/1.1" 200 4799
186.80.52.19 - - [08/Dec/2022:11:26:41 -0500] "GET /appsia/css/estilos.css HTTP/1.1" 200 4804
186.80.52.19 - - [08/Dec/2022:11:26:41 -0500] "GET /appsia/scripts/validarIngreso.js HTTP/1.1" 200 851
186.80.52.19 - - [08/Dec/2022:11:26:41 -0500] "GET /appsia/images/logo_bogota_p.png HTTP/1.1" 200 14951
186.80.52.19 - - [08/Dec/2022:11:26:41 -0500] "GET /appsia/images/cabezoteHojaVida.png HTTP/1.1" 200 32493
186.80.52.19 - - [08/Dec/2022:11:26:41 -0500] "GET /favicon.ico HTTP/1.1" 200 7782
172.22.2.4 - - [08/Dec/2022:11:25:06 -0500] "HEAD /BLA/boletinlegal/ HTTP/1.1" 200 -
186.80.52.19 - - [08/Dec/2022:11:26:51 -0500] "POST /appsia/controlador HTTP/1.1" 200 5437
186.80.52.19 - - [08/Dec/2022:11:26:54 -0500] "POST /appsia/controlador HTTP/1.1" 200 17624
186.80.52.19 - - [08/Dec/2022:11:26:55 -0500] "GET /appsia/images/logo_escudo.png HTTP/1.1" 200 36965
200.29.113.37 - - [08/Dec/2022:11:26:58 -0500] "GET /appsia/controlador HTTP/1.1" 200 4799
200.29.113.37 - - [08/Dec/2022:11:26:58 -0500] "GET /appsia/scripts/validarIngreso.js HTTP/1.1" 200 851
200.29.113.37 - - [08/Dec/2022:11:26:59 -0500] "GET /appsia/images/cabezoteHojaVida.png HTTP/1.1" 200 32493
200.29.113.37 - - [08/Dec/2022:11:27:00 -0500] "GET /appsia/images/logo_bogota_p.png HTTP/1.1" 200 14951
200.29.113.37 - - [08/Dec/2022:11:27:00 -0500] "GET /appsia/css/estilos.css HTTP/1.1" 200 4804
216.245.221.92 - - [08/Dec/2022:11:27:28 -0500] "HEAD / HTTP/1.1" 200 -
172.22.2.4 - - [08/Dec/2022:11:25:56 -0500] "GET /BLA/boletinlegal/ HTTP/1.1" 200 59404
114.119.136.134 - - [08/Dec/2022:11:28:35 -0500] "GET /BLA/resoluciones/RESOLUCIONES%202010/2060.pdf HTTP/1.1" 200 270663
114.119.140.153 - - [08/Dec/2022:11:28:45 -0500] "GET /BLA/resoluciones/RESOLUCIONES%202010/1907.pdf HTTP/1.1" 200 589326
186.116.223.119 - - [08/Dec/2022:11:29:05 -0500] "GET /mesa/contrasena.pdf HTTP/1.1" 200 443199
186.116.223.119 - - [08/Dec/2022:11:29:06 -0500] "GET /mesa/contrasena.pdf HTTP/1.1" 206 1
186.116.223.119 - - [08/Dec/2022:11:29:06 -0500] "GET /mesa/contrasena.pdf HTTP/1.1" 206 278591
201.245.192.253 - - [08/Dec/2022:11:29:22 -0500] "POST /kwsrmcab/Wsrmcab  HTTP/1.1" 200 43162
186.80.52.19 - - [08/Dec/2022:11:29:32 -0500] "POST /appsia/controlador HTTP/1.1" 200 7763
186.80.52.19 - - [08/Dec/2022:11:29:36 -0500] "POST /appsia/controlador HTTP/1.1" 200 5222
186.80.52.19 - - [08/Dec/2022:11:29:50 -0500] "POST /appsia/controlador HTTP/1.1" 200 6628
186.80.52.19 - - [08/Dec/2022:11:29:52 -0500] "POST /appsia/controlador HTTP/1.1" 200 10929
186.84.21.183 - - [08/Dec/2022:11:29:58 -0500] "GET /sipse/faces/index.xhtml HTTP/1.1" 200 677
186.84.21.183 - - [08/Dec/2022:11:29:58 -0500] "GET /sipse/faces/javax.faces.resource/theme.css?ln=primefaces-sipse HTTP/1.1" 304 -
186.84.21.183 - - [08/Dec/2022:11:29:59 -0500] "GET /sipse/faces/faces/autenticacion.xhtml HTTP/1.1" 200 12182
186.84.21.183 - - [08/Dec/2022:11:29:59 -0500] "GET /sipse/faces/javax.faces.resource/theme.css?ln=primefaces-sipse HTTP/1.1" 304 -
186.84.21.183 - - [08/Dec/2022:11:29:59 -0500] "GET /sipse/faces/javax.faces.resource/layout/layout.css?ln=primefaces&v=4.0 HTTP/1.1" 304 -
186.84.21.183 - - [08/Dec/2022:11:29:59 -0500] "GET /sipse/faces/javax.faces.resource/primefaces.css?ln=primefaces&v=4.0 HTTP/1.1" 304 -
186.84.21.183 - - [08/Dec/2022:11:29:59 -0500] "GET /sipse/faces/javax.faces.resource/jquery/jquery.js?ln=primefaces&v=4.0 HTTP/1.1" 304 -
186.84.21.183 - - [08/Dec/2022:11:29:59 -0500] "GET /sipse/faces/javax.faces.resource/jquery/jquery-plugins.js?ln=primefaces&v=4.0 HTTP/1.1" 304 -
186.84.21.183 - - [08/Dec/2022:11:29:59 -0500] "GET /sipse/faces/javax.faces.resource/primefaces.js?ln=primefaces&v=4.0 HTTP/1.1" 304 -
186.84.21.183 - - [08/Dec/2022:11:29:59 -0500] "GET /sipse/faces/javax.faces.resource/layout/layout.js?ln=primefaces&v=4.0 HTTP/1.1" 304 -
186.84.21.183 - - [08/Dec/2022:11:29:59 -0500] "GET /sipse/faces/javax.faces.resource/images/ui-icons_898989_256x240.png?ln=primefaces-aristo HTTP/1.1" 304 -
186.84.21.183 - - [08/Dec/2022:11:30:04 -0500] "POST /sipse/faces/autenticacion.xhtml HTTP/1.1" 200 2220
186.84.21.183 - - [08/Dec/2022:11:30:05 -0500] "GET /sipse/faces/javax.faces.resource/messages/messages.png?ln=primefaces&v=4.0 HTTP/1.1" 304 -
186.84.21.183 - - [08/Dec/2022:11:30:06 -0500] "POST /sipse/faces/autenticacion.xhtml HTTP/1.1" 200 16408
186.84.21.183 - - [08/Dec/2022:11:30:07 -0500] "GET /sipse/faces/javax.faces.resource/theme.css?ln=primefaces-sipse HTTP/1.1" 304 -
186.84.21.183 - - [08/Dec/2022:11:30:07 -0500] "GET /sipse/faces/javax.faces.resource/layout/layout.css?ln=primefaces&v=4.0 HTTP/1.1" 304 -
186.84.21.183 - - [08/Dec/2022:11:30:07 -0500] "GET /sipse/faces/javax.faces.resource/primefaces.css?ln=primefaces&v=4.0 HTTP/1.1" 304 -
186.84.21.183 - - [08/Dec/2022:11:30:07 -0500] "GET /sipse/faces/javax.faces.resource/jquery/jquery.js?ln=primefaces&v=4.0 HTTP/1.1" 304 -
186.84.21.183 - - [08/Dec/2022:11:30:07 -0500] "GET /sipse/faces/javax.faces.resource/jquery/jquery-plugins.js?ln=primefaces&v=4.0 HTTP/1.1" 304 -
186.84.21.183 - - [08/Dec/2022:11:30:07 -0500] "GET /sipse/faces/javax.faces.resource/primefaces.js?ln=primefaces&v=4.0 HTTP/1.1" 304 -
186.84.21.183 - - [08/Dec/2022:11:30:07 -0500] "GET /sipse/faces/javax.faces.resource/layout/layout.js?ln=primefaces&v=4.0 HTTP/1.1" 304 -
186.84.21.183 - - [08/Dec/2022:11:30:07 -0500] "GET /sipse/css/imagen/contrasena.png HTTP/1.1" 404 383
186.84.21.183 - - [08/Dec/2022:11:30:10 -0500] "GET /sipse/faces/javax.faces.resource/images/ui-bg_flat_0_2d5972_40x100.png?ln=primefaces-aristo HTTP/1.1" 304 -
186.84.21.183 - - [08/Dec/2022:11:30:10 -0500] "POST /sipse/faces/bienvenido.xhtml HTTP/1.1" 200 2658
186.84.21.183 - - [08/Dec/2022:11:30:12 -0500] "POST /sipse/faces/bienvenido.xhtml HTTP/1.1" 200 2073
186.84.21.183 - - [08/Dec/2022:11:30:13 -0500] "POST /sipse/faces/bienvenido.xhtml HTTP/1.1" 200 40859
186.84.21.183 - - [08/Dec/2022:11:30:14 -0500] "GET /sipse/faces/javax.faces.resource/theme.css?ln=primefaces-sipse HTTP/1.1" 304 -
186.84.21.183 - - [08/Dec/2022:11:30:14 -0500] "GET /sipse/faces/javax.faces.resource/layout/layout.css?ln=primefaces&v=4.0 HTTP/1.1" 304 -
186.84.21.183 - - [08/Dec/2022:11:30:14 -0500] "GET /sipse/faces/javax.faces.resource/primefaces.css?ln=primefaces&v=4.0 HTTP/1.1" 304 -
186.84.21.183 - - [08/Dec/2022:11:30:14 -0500] "GET /sipse/faces/javax.faces.resource/jquery/jquery.js?ln=primefaces&v=4.0 HTTP/1.1" 304 -
186.84.21.183 - - [08/Dec/2022:11:30:14 -0500] "GET /sipse/faces/javax.faces.resource/jquery/jquery-plugins.js?ln=primefaces&v=4.0 HTTP/1.1" 304 -
186.84.21.183 - - [08/Dec/2022:11:30:14 -0500] "GET /sipse/faces/javax.faces.resource/primefaces.js?ln=primefaces&v=4.0 HTTP/1.1" 304 -
186.84.21.183 - - [08/Dec/2022:11:30:14 -0500] "GET /sipse/faces/javax.faces.resource/layout/layout.js?ln=primefaces&v=4.0 HTTP/1.1" 304 -
186.84.21.183 - - [08/Dec/2022:11:30:26 -0500] "POST /sipse/faces/presentacion/financiero/solicitudProceso/consultar.xhtml HTTP/1.1" 200 12864
186.84.21.183 - - [08/Dec/2022:11:30:32 -0500] "POST /sipse/faces/presentacion/financiero/solicitudProceso/consultar.xhtml HTTP/1.1" 200 154476
186.84.21.183 - - [08/Dec/2022:11:30:33 -0500] "GET /sipse/faces/javax.faces.resource/theme.css?ln=primefaces-sipse HTTP/1.1" 304 -
186.84.21.183 - - [08/Dec/2022:11:30:33 -0500] "GET /sipse/faces/javax.faces.resource/primefaces.css?ln=primefaces&v=4.0 HTTP/1.1" 304 -
186.84.21.183 - - [08/Dec/2022:11:30:33 -0500] "GET /sipse/faces/javax.faces.resource/layout/layout.css?ln=primefaces&v=4.0 HTTP/1.1" 304 -
186.84.21.183 - - [08/Dec/2022:11:30:33 -0500] "GET /sipse/faces/javax.faces.resource/jquery/jquery.js?ln=primefaces&v=4.0 HTTP/1.1" 304 -
186.84.21.183 - - [08/Dec/2022:11:30:33 -0500] "GET /sipse/faces/javax.faces.resource/jquery/jquery-plugins.js?ln=primefaces&v=4.0 HTTP/1.1" 304 -
186.84.21.183 - - [08/Dec/2022:11:30:33 -0500] "GET /sipse/faces/javax.faces.resource/primefaces.js?ln=primefaces&v=4.0 HTTP/1.1" 304 -
186.84.21.183 - - [08/Dec/2022:11:30:33 -0500] "GET /sipse/faces/javax.faces.resource/layout/layout.js?ln=primefaces&v=4.0 HTTP/1.1" 304 -
201.245.192.253 - - [08/Dec/2022:11:30:33 -0500] "POST /kwsrmcab/Wsrmcab HTTP/1.1" 200 43766
201.245.192.253 - - [08/Dec/2022:11:30:36 -0500] "GET /kwsrmcab/Wsrmcab?wsdl HTTP/1.1" 200 6948
186.80.52.19 - - [08/Dec/2022:11:30:36 -0500] "GET /appsia/controlador HTTP/1.1" 200 5437
201.245.192.253 - - [08/Dec/2022:11:30:36 -0500] "POST /kwsrmcab/Wsrmcab HTTP/1.1" 200 44403
186.84.21.183 - - [08/Dec/2022:11:30:47 -0500] "POST /sipse/faces/presentacion/financiero/solicitudProceso/consultarSolicitudProceso.xhtml HTTP/1.1" 200 103427
114.119.139.166 - - [08/Dec/2022:11:31:02 -0500] "GET /BLA/resoluciones/RESOLUCIONES%202010/1530.pdf HTTP/1.1" 200 449500
186.84.21.183 - - [08/Dec/2022:11:31:58 -0500] "POST /sipse/faces/presentacion/financiero/solicitudProceso/consultarSolicitudProceso.xhtml HTTP/1.1" 200 43956
186.84.21.183 - - [08/Dec/2022:11:31:58 -0500] "GET /sipse/faces/javax.faces.resource/theme.css?ln=primefaces-sipse HTTP/1.1" 304 -
186.84.21.183 - - [08/Dec/2022:11:31:58 -0500] "GET /sipse/faces/javax.faces.resource/primefaces.css?ln=primefaces&v=4.0 HTTP/1.1" 304 -
186.84.21.183 - - [08/Dec/2022:11:31:58 -0500] "GET /sipse/faces/javax.faces.resource/jquery/jquery.js?ln=primefaces&v=4.0 HTTP/1.1" 304 -
186.84.21.183 - - [08/Dec/2022:11:31:58 -0500] "GET /sipse/faces/javax.faces.resource/layout/layout.css?ln=primefaces&v=4.0 HTTP/1.1" 304 -
186.84.21.183 - - [08/Dec/2022:11:31:58 -0500] "GET /sipse/faces/javax.faces.resource/jquery/jquery-plugins.js?ln=primefaces&v=4.0 HTTP/1.1" 304 -
186.84.21.183 - - [08/Dec/2022:11:31:58 -0500] "GET /sipse/faces/javax.faces.resource/primefaces.js?ln=primefaces&v=4.0 HTTP/1.1" 304 -
186.84.21.183 - - [08/Dec/2022:11:31:58 -0500] "GET /sipse/faces/javax.faces.resource/layout/layout.js?ln=primefaces&v=4.0 HTTP/1.1" 304 -
186.84.21.183 - - [08/Dec/2022:11:31:59 -0500] "POST /sipse/faces/presentacion/financiero/solicitudProceso/consultar.xhtml HTTP/1.1" 200 37234
186.84.21.183 - - [08/Dec/2022:11:31:59 -0500] "POST /sipse/faces/presentacion/financiero/solicitudProceso/consultar.xhtml HTTP/1.1" 200 37234
186.84.21.183 - - [08/Dec/2022:11:32:18 -0500] "POST /sipse/faces/presentacion/financiero/solicitudProceso/consultar.xhtml HTTP/1.1" 200 12868
186.84.21.183 - - [08/Dec/2022:11:32:22 -0500] "POST /sipse/faces/presentacion/financiero/solicitudProceso/consultar.xhtml HTTP/1.1" 200 156959
186.84.21.183 - - [08/Dec/2022:11:32:23 -0500] "GET /sipse/faces/javax.faces.resource/theme.css?ln=primefaces-sipse HTTP/1.1" 304 -
186.84.21.183 - - [08/Dec/2022:11:32:23 -0500] "GET /sipse/faces/javax.faces.resource/primefaces.css?ln=primefaces&v=4.0 HTTP/1.1" 304 -
186.84.21.183 - - [08/Dec/2022:11:32:23 -0500] "GET /sipse/faces/javax.faces.resource/layout/layout.css?ln=primefaces&v=4.0 HTTP/1.1" 304 -
186.84.21.183 - - [08/Dec/2022:11:32:23 -0500] "GET /sipse/faces/javax.faces.resource/jquery/jquery.js?ln=primefaces&v=4.0 HTTP/1.1" 304 -
186.84.21.183 - - [08/Dec/2022:11:32:23 -0500] "GET /sipse/faces/javax.faces.resource/jquery/jquery-plugins.js?ln=primefaces&v=4.0 HTTP/1.1" 304 -
186.84.21.183 - - [08/Dec/2022:11:32:23 -0500] "GET /sipse/faces/javax.faces.resource/primefaces.js?ln=primefaces&v=4.0 HTTP/1.1" 304 -
186.84.21.183 - - [08/Dec/2022:11:32:23 -0500] "GET /sipse/faces/javax.faces.resource/layout/layout.js?ln=primefaces&v=4.0 HTTP/1.1" 304 -
114.119.143.247 - - [08/Dec/2022:11:32:26 -0500] "GET /BLA/resoluciones/RESOLUCIONES%202010/1429.pdf HTTP/1.1" 200 563073
216.245.221.92 - - [08/Dec/2022:11:32:28 -0500] "HEAD / HTTP/1.1" 200 -
172.22.2.4 - - [08/Dec/2022:11:30:56 -0500] "HEAD /BLA/boletinlegal/ HTTP/1.1" 200 -
186.84.21.183 - - [08/Dec/2022:11:32:39 -0500] "POST /sipse/faces/presentacion/financiero/solicitudProceso/consultarSolicitudProceso.xhtml HTTP/1.1" 200 103767
66.249.66.85 - - [08/Dec/2022:11:32:56 -0500] "GET /BLA/resoluciones/Decretos/Decreto%20795%20de%2020%20de%20diciembre%20del%202018.pdf HTTP/1.1" 200 353312
66.249.66.85 - - [08/Dec/2022:11:32:57 -0500] "GET /BLA/resoluciones/AUTOS%202017/5194.pdf HTTP/1.1" 200 291153
66.249.66.87 - - [08/Dec/2022:11:32:58 -0500] "GET /BLA/resoluciones/AUTOS%202014/5394.pdf HTTP/1.1" 200 446261
114.119.136.120 - - [08/Dec/2022:11:33:12 -0500] "GET /BLA/resoluciones/RESOLUCIONES%202010/0871.pdf HTTP/1.1" 200 112116
172.22.2.4 - - [08/Dec/2022:11:31:46 -0500] "GET /BLA/boletinlegal/ HTTP/1.1" 200 59035
201.245.192.253 - - [08/Dec/2022:11:34:22 -0500] "POST /kwsrmcab/Wsrmcab  HTTP/1.1" 200 43162
114.119.133.142 - - [08/Dec/2022:11:34:25 -0500] "GET /BLA/resoluciones/RESOLUCIONES%202010/0786.pdf HTTP/1.1" 200 117750
186.154.163.245 - - [08/Dec/2022:11:35:00 -0500] "GET /BLA/resoluciones/index.php?dir= HTTP/1.1" 200 13093
186.154.163.245 - - [08/Dec/2022:11:35:22 -0500] "GET /BLA/resoluciones/index.php?dir=AUTOS+2017%2F HTTP/1.1" 200 460650
209.217.240.32 - - [08/Dec/2022:11:35:23 -0500] "GET /style.php?sig=rename HTTP/1.1" 404 1049
186.84.21.183 - - [08/Dec/2022:11:35:47 -0500] "POST /sipse/faces/presentacion/financiero/solicitudProceso/consultarSolicitudProceso.xhtml HTTP/1.1" 200 43960
186.84.21.183 - - [08/Dec/2022:11:35:47 -0500] "GET /sipse/faces/javax.faces.resource/theme.css?ln=primefaces-sipse HTTP/1.1" 304 -
186.84.21.183 - - [08/Dec/2022:11:35:47 -0500] "GET /sipse/faces/javax.faces.resource/primefaces.css?ln=primefaces&v=4.0 HTTP/1.1" 304 -
186.84.21.183 - - [08/Dec/2022:11:35:47 -0500] "GET /sipse/faces/javax.faces.resource/layout/layout.css?ln=primefaces&v=4.0 HTTP/1.1" 304 -
186.84.21.183 - - [08/Dec/2022:11:35:47 -0500] "GET /sipse/faces/javax.faces.resource/jquery/jquery.js?ln=primefaces&v=4.0 HTTP/1.1" 304 -
186.84.21.183 - - [08/Dec/2022:11:35:47 -0500] "GET /sipse/faces/javax.faces.resource/jquery/jquery-plugins.js?ln=primefaces&v=4.0 HTTP/1.1" 304 -
186.84.21.183 - - [08/Dec/2022:11:35:47 -0500] "GET /sipse/faces/javax.faces.resource/primefaces.js?ln=primefaces&v=4.0 HTTP/1.1" 304 -
186.84.21.183 - - [08/Dec/2022:11:35:47 -0500] "GET /sipse/faces/javax.faces.resource/layout/layout.js?ln=primefaces&v=4.0 HTTP/1.1" 304 -
186.84.21.183 - - [08/Dec/2022:11:35:48 -0500] "POST /sipse/faces/presentacion/financiero/solicitudProceso/consultar.xhtml HTTP/1.1" 200 37238
186.84.21.183 - - [08/Dec/2022:11:35:49 -0500] "POST /sipse/faces/presentacion/financiero/solicitudProceso/consultar.xhtml HTTP/1.1" 200 37238
186.84.21.183 - - [08/Dec/2022:11:35:50 -0500] "POST /sipse/faces/presentacion/financiero/solicitudProceso/consultar.xhtml HTTP/1.1" 200 37238
186.84.21.183 - - [08/Dec/2022:11:35:50 -0500] "POST /sipse/faces/presentacion/financiero/solicitudProceso/consultar.xhtml HTTP/1.1" 200 37238
186.84.21.183 - - [08/Dec/2022:11:35:54 -0500] "POST /sipse/faces/presentacion/financiero/solicitudProceso/consultar.xhtml HTTP/1.1" 200 12878
186.84.21.183 - - [08/Dec/2022:11:36:06 -0500] "POST /sipse/faces/presentacion/financiero/solicitudProceso/consultar.xhtml HTTP/1.1" 200 152636
186.84.21.183 - - [08/Dec/2022:11:36:07 -0500] "GET /sipse/faces/javax.faces.resource/theme.css?ln=primefaces-sipse HTTP/1.1" 304 -
186.84.21.183 - - [08/Dec/2022:11:36:07 -0500] "GET /sipse/faces/javax.faces.resource/primefaces.css?ln=primefaces&v=4.0 HTTP/1.1" 304 -
186.84.21.183 - - [08/Dec/2022:11:36:07 -0500] "GET /sipse/faces/javax.faces.resource/layout/layout.css?ln=primefaces&v=4.0 HTTP/1.1" 304 -
186.84.21.183 - - [08/Dec/2022:11:36:07 -0500] "GET /sipse/faces/javax.faces.resource/jquery/jquery.js?ln=primefaces&v=4.0 HTTP/1.1" 304 -
186.84.21.183 - - [08/Dec/2022:11:36:07 -0500] "GET /sipse/faces/javax.faces.resource/jquery/jquery-plugins.js?ln=primefaces&v=4.0 HTTP/1.1" 304 -
186.84.21.183 - - [08/Dec/2022:11:36:07 -0500] "GET /sipse/faces/javax.faces.resource/primefaces.js?ln=primefaces&v=4.0 HTTP/1.1" 304 -
186.84.21.183 - - [08/Dec/2022:11:36:07 -0500] "GET /sipse/faces/javax.faces.resource/layout/layout.js?ln=primefaces&v=4.0 HTTP/1.1" 304 -
186.84.21.183 - - [08/Dec/2022:11:36:20 -0500] "POST /sipse/faces/presentacion/financiero/solicitudProceso/consultarSolicitudProceso.xhtml HTTP/1.1" 200 -
186.84.21.183 - - [08/Dec/2022:11:36:39 -0500] "POST /sipse/faces/presentacion/financiero/solicitudProceso/consultarSolicitudProceso.xhtml HTTP/1.1" 200 24635
114.119.136.196 - - [08/Dec/2022:11:36:43 -0500] "GET /BLA/resoluciones/RESOLUCIONES%202010/0655.pdf HTTP/1.1" 200 499063
186.84.21.183 - - [08/Dec/2022:11:36:40 -0500] "POST /sipse/faces/presentacion/financiero/solicitudProceso/consultarSolicitudProceso.xhtml HTTP/1.1" 200 105542
186.84.21.183 - - [08/Dec/2022:11:36:44 -0500] "POST /sipse/faces/presentacion/financiero/solicitudProceso/consultarSolicitudProceso.xhtml HTTP/1.1" 200 105542
114.119.139.212 - - [08/Dec/2022:11:37:26 -0500] "GET /BLA/resoluciones/RESOLUCIONES%202010/0621.pdf HTTP/1.1" 200 509558
216.245.221.92 - - [08/Dec/2022:11:37:28 -0500] "HEAD / HTTP/1.1" 200 -
172.22.2.4 - - [08/Dec/2022:11:36:46 -0500] "HEAD /BLA/boletinlegal/ HTTP/1.1" 200 -
114.119.140.79 - - [08/Dec/2022:11:38:45 -0500] "GET /BLA/resoluciones/RESOLUCIONES%202010/0452.pdf HTTP/1.1" 200 107866
172.22.2.4 - - [08/Dec/2022:11:37:36 -0500] "GET /BLA/boletinlegal/ HTTP/1.1" 200 59404
201.245.192.253 - - [08/Dec/2022:11:39:20 -0500] "POST /kwsrmcab/Wsrmcab  HTTP/1.1" 200 43162
114.119.136.243 - - [08/Dec/2022:11:40:06 -0500] "GET /BLA/resoluciones/RESOLUCIONES%202010/0450.pdf HTTP/1.1" 200 115074
201.245.192.253 - - [08/Dec/2022:11:40:34 -0500] "POST /kwsrmcab/Wsrmcab HTTP/1.1" 200 43766
201.245.192.253 - - [08/Dec/2022:11:40:37 -0500] "POST /kwsrmcab/Wsrmcab HTTP/1.1" 200 44403
114.119.154.82 - - [08/Dec/2022:11:41:45 -0500] "GET /BLA/resoluciones/RESOLUCIONES%202010/0443.pdf HTTP/1.1" 200 97389
216.245.221.92 - - [08/Dec/2022:11:42:28 -0500] "HEAD / HTTP/1.1" 200 -
114.119.135.121 - - [08/Dec/2022:11:43:08 -0500] "GET /BLA/resoluciones/RESOLUCIONES%202010/0212.pdf HTTP/1.1" 200 598873
172.22.2.4 - - [08/Dec/2022:11:42:36 -0500] "HEAD /BLA/boletinlegal/ HTTP/1.1" 200 -
201.245.192.253 - - [08/Dec/2022:11:44:19 -0500] "POST /kwsrmcab/Wsrmcab  HTTP/1.1" 200 43162
114.119.148.120 - - [08/Dec/2022:11:44:24 -0500] "GET /BLA/resoluciones/RESOLUCIONES%202010/0097.pdf HTTP/1.1" 200 505581
172.22.2.4 - - [08/Dec/2022:11:44:57 -0500] "GET /BLA/boletinlegal/style.css HTTP/1.1" 200 9406
172.22.2.4 - - [08/Dec/2022:11:44:57 -0500] "GET /BLA/boletinlegal/styles2.css HTTP/1.1" 200 1838
172.22.2.4 - - [08/Dec/2022:11:44:57 -0500] "GET /BLA/boletinlegal/js/jquery.scrollTo-min.js HTTP/1.1" 200 1150
172.22.2.4 - - [08/Dec/2022:11:44:57 -0500] "GET /BLA/boletinlegal/js/jquery.js HTTP/1.1" 200 57254
172.22.2.4 - - [08/Dec/2022:11:44:57 -0500] "GET /BLA/boletinlegal/js/jquery.scrollShow.js HTTP/1.1" 200 4586
172.22.2.4 - - [08/Dec/2022:11:44:57 -0500] "GET /BLA/boletinlegal/images/cabezote%20BLEGAL.jpg HTTP/1.1" 200 118164
172.22.2.4 - - [08/Dec/2022:11:44:57 -0500] "GET /BLA/boletinlegal/images/subscribe-icon-big.png HTTP/1.1" 200 47702
172.22.2.4 - - [08/Dec/2022:11:44:57 -0500] "GET /BLA/boletinlegal/images/registro-usuarios.png HTTP/1.1" 200 8106
172.22.2.4 - - [08/Dec/2022:11:44:57 -0500] "GET /BLA/boletinlegal/images/historia.png HTTP/1.1" 200 52775
172.22.2.4 - - [08/Dec/2022:11:44:57 -0500] "GET /BLA/boletinlegal/images/arr_l.jpg HTTP/1.1" 200 1979
172.22.2.4 - - [08/Dec/2022:11:44:57 -0500] "GET /BLA/boletinlegal/images/screen_1.png HTTP/1.1" 200 202547
172.22.2.4 - - [08/Dec/2022:11:44:57 -0500] "GET /BLA/boletinlegal/images/launch.jpg HTTP/1.1" 200 14577
172.22.2.4 - - [08/Dec/2022:11:44:57 -0500] "GET /BLA/boletinlegal/images/body_bg.jpg HTTP/1.1" 200 1601
172.22.2.4 - - [08/Dec/2022:11:44:57 -0500] "GET /BLA/boletinlegal/images/menu_lft.gif HTTP/1.1" 200 1713
172.22.2.4 - - [08/Dec/2022:11:44:57 -0500] "GET /BLA/boletinlegal/images/menu_rght.gif HTTP/1.1" 200 1627
172.22.2.4 - - [08/Dec/2022:11:44:57 -0500] "GET /BLA/boletinlegal/images/menu_bg.jpg HTTP/1.1" 200 620
172.22.2.4 - - [08/Dec/2022:11:44:57 -0500] "GET /BLA/boletinlegal/images/bg_top.jpg HTTP/1.1" 200 522
172.22.2.4 - - [08/Dec/2022:11:44:57 -0500] "GET /BLA/boletinlegal/images/text.jpg HTTP/1.1" 200 568
172.22.2.4 - - [08/Dec/2022:11:44:57 -0500] "GET /BLA/boletinlegal/images/hover.jpg HTTP/1.1" 200 640
172.22.2.4 - - [08/Dec/2022:11:45:05 -0500] "GET /BLA/boletinlegal/images/screen_5.png HTTP/1.1" 200 368876
172.22.2.4 - - [08/Dec/2022:11:45:05 -0500] "GET /BLA/boletinlegal/images/screen_2.png HTTP/1.1" 200 362502
172.22.2.4 - - [08/Dec/2022:11:45:05 -0500] "GET /BLA/boletinlegal/images/screen_3.png HTTP/1.1" 200 210620
172.22.2.4 - - [08/Dec/2022:11:45:05 -0500] "GET /BLA/boletinlegal/images/arr_r.jpg HTTP/1.1" 200 1998
172.22.2.4 - - [08/Dec/2022:11:45:05 -0500] "GET /BLA/boletinlegal/images/footer_bg.jpg HTTP/1.1" 200 586
172.22.2.4 - - [08/Dec/2022:11:43:29 -0500] "GET /BLA/boletinlegal/ HTTP/1.1" 200 57192
172.22.2.4 - - [08/Dec/2022:11:45:13 -0500] "GET /BLA/boletinlegal/images/pdf.gif HTTP/1.1" 200 567
167.248.133.46 - - [08/Dec/2022:11:45:22 -0500] "GET / HTTP/1.1" 200 319
167.248.133.46 - - [08/Dec/2022:11:45:22 -0500] "GET / HTTP/1.1" 200 319
167.248.133.46 - - [08/Dec/2022:11:45:22 -0500] "PRI * HTTP/2.0" 400 946
167.248.133.46 - - [08/Dec/2022:11:45:23 -0500] "GET /favicon.ico HTTP/1.1" 200 7782
172.22.2.4 - - [08/Dec/2022:11:45:28 -0500] "GET /BLA/boletinlegal/actos.php HTTP/1.1" 200 9566
172.22.2.4 - - [08/Dec/2022:11:45:28 -0500] "GET /BLA/boletinlegal/js/ajax_actos.js HTTP/1.1" 200 1322
172.22.2.4 - - [08/Dec/2022:11:45:28 -0500] "GET /BLA/boletinlegal/niceforms-default.css HTTP/1.1" 200 6694
172.22.2.4 - - [08/Dec/2022:11:45:28 -0500] "GET /BLA/boletinlegal/js/lib.js HTTP/1.1" 200 6474
172.22.2.4 - - [08/Dec/2022:11:45:28 -0500] "GET /BLA/boletinlegal/niceforms.js HTTP/1.1" 200 22876
172.22.2.4 - - [08/Dec/2022:11:45:28 -0500] "GET /BLA/boletinlegal/js/popup.js HTTP/1.1" 200 1270
172.22.2.4 - - [08/Dec/2022:11:45:28 -0500] "GET /BLA/boletinlegal/js/jquery1.js HTTP/1.1" 200 29846
172.22.2.4 - - [08/Dec/2022:11:45:28 -0500] "GET /BLA/boletinlegal/images/green-yellow-blue-pink-th.png HTTP/1.1" 200 7394
172.22.2.4 - - [08/Dec/2022:11:45:28 -0500] "GET /BLA/boletinlegal/images/icono-email.png HTTP/1.1" 200 5544
172.22.2.4 - - [08/Dec/2022:11:45:28 -0500] "GET /BLA/boletinlegal/images/tel.png HTTP/1.1" 200 14477
172.22.2.4 - - [08/Dec/2022:11:45:28 -0500] "GET /BLA/boletinlegal/images/footer_bg_l.jpg HTTP/1.1" 200 776
172.22.2.4 - - [08/Dec/2022:11:45:28 -0500] "GET /BLA/boletinlegal/img/0.png HTTP/1.1" 200 110
172.22.2.4 - - [08/Dec/2022:11:45:28 -0500] "GET /BLA/boletinlegal/img/select-left.png HTTP/1.1" 200 263
172.22.2.4 - - [08/Dec/2022:11:45:28 -0500] "GET /BLA/boletinlegal/img/button-left.png HTTP/1.1" 200 57071
172.22.2.4 - - [08/Dec/2022:11:45:28 -0500] "GET /BLA/boletinlegal/img/select-right.png HTTP/1.1" 200 44019
172.22.2.4 - - [08/Dec/2022:11:45:28 -0500] "GET /BLA/boletinlegal/img/button.png HTTP/1.1" 200 43241
172.22.2.4 - - [08/Dec/2022:11:45:28 -0500] "GET /BLA/boletinlegal/img/button-right.png HTTP/1.1" 200 57878
172.22.2.4 - - [08/Dec/2022:11:45:28 -0500] "GET /BLA/boletinlegal/favicon.ico HTTP/1.1" 404 1326
186.154.46.28 - - [08/Dec/2022:11:45:33 -0500] "GET /BLA/resoluciones/ HTTP/1.1" 200 13093
186.154.46.28 - - [08/Dec/2022:11:45:33 -0500] "GET /BLA/resoluciones/dlf/styles.css HTTP/1.1" 200 3049
186.154.46.28 - - [08/Dec/2022:11:45:33 -0500] "GET /BLA/resoluciones/dlf/folder.png HTTP/1.1" 200 410
186.154.46.28 - - [08/Dec/2022:11:45:33 -0500] "GET /BLA/resoluciones/dlf/bg.gif HTTP/1.1" 200 54
186.154.46.28 - - [08/Dec/2022:11:45:34 -0500] "GET /favicon.ico HTTP/1.1" 200 7782
186.154.46.28 - - [08/Dec/2022:11:45:44 -0500] "GET /BLA/resoluciones/index.php?dir=RESOLUCIONES+2020%2F HTTP/1.1" 200 167014
186.154.46.28 - - [08/Dec/2022:11:45:45 -0500] "GET /BLA/resoluciones/dlf/dirup.png HTTP/1.1" 200 644
186.154.46.28 - - [08/Dec/2022:11:45:45 -0500] "GET /BLA/resoluciones/dlf/pdf.gif HTTP/1.1" 200 272
172.22.2.4 - - [08/Dec/2022:11:44:57 -0500] "GET /BLA/boletinlegal/ HTTP/1.1" 200 40907
114.119.158.105 - - [08/Dec/2022:11:46:13 -0500] "GET /BLA/resoluciones/RESOLUCIONES%202008/0859.pdf HTTP/1.1" 200 1125863
159.69.179.16 - - [08/Dec/2022:11:47:21 -0500] "GET / HTTP/1.1" 200 319
168.119.253.32 - - [08/Dec/2022:11:47:24 -0500] "GET / HTTP/1.1" 200 319
216.245.221.92 - - [08/Dec/2022:11:47:28 -0500] "HEAD / HTTP/1.1" 200 -
114.119.147.181 - - [08/Dec/2022:11:47:34 -0500] "GET /BLA/resoluciones/RESOLUCIONES%202008/0607.pdf HTTP/1.1" 200 275382
172.22.2.4 - - [08/Dec/2022:11:48:32 -0500] "GET /BLA/boletinlegal/robots.txt HTTP/1.1" 404 1038
172.22.2.4 - - [08/Dec/2022:11:48:32 -0500] "GET /BLA/boletinlegal/jurisprudencia/analisis/AnalisisT-693-12.docx HTTP/1.1" 304 -
114.119.140.172 - - [08/Dec/2022:11:48:37 -0500] "GET /BLA/resoluciones/RESOLUCIONES%202007/RES%202007%204301%20AL%204352/RESOLUCION%204323%20DE%202007.pdf HTTP/1.1" 200 531801
201.245.192.253 - - [08/Dec/2022:11:49:27 -0500] "POST /kwsrmcab/Wsrmcab  HTTP/1.1" 200 14501
185.119.81.102 - - [08/Dec/2022:11:49:33 -0500] "GET /portaldeninos/wp-login.php HTTP/1.1" 200 2592
185.119.81.102 - - [08/Dec/2022:11:49:35 -0500] "POST /portaldeninos/wp-login.php HTTP/1.1" 200 3650
172.22.2.4 - - [08/Dec/2022:11:48:26 -0500] "HEAD /BLA/boletinlegal/ HTTP/1.1" 200 -
114.119.151.63 - - [08/Dec/2022:11:50:11 -0500] "GET /BLA/resoluciones/RESOLUCIONES%202007/RES%202007%201901%20AL%202000/RESOLUCION%201980%20DE%202007.pdf HTTP/1.1" 200 1518335
201.245.192.253 - - [08/Dec/2022:11:50:27 -0500] "POST /kwsrmcab/Wsrmcab  HTTP/1.1" 200 43162
172.22.2.4 - - [08/Dec/2022:11:49:17 -0500] "GET /BLA/boletinlegal/ HTTP/1.1" 200 57824
201.245.192.253 - - [08/Dec/2022:11:51:28 -0500] "POST /kwsrmcab/Wsrmcab  HTTP/1.1" 200 43162
173.252.83.24 - - [08/Dec/2022:11:51:38 -0500] "GET /images/cr\xc3\xb3nica-29-nov-1_optimized.jpeg HTTP/1.1" 404 1034
114.119.132.9 - - [08/Dec/2022:11:51:48 -0500] "GET /BLA/resoluciones/Notificaciones/AUTOS%202017/04935.pdf HTTP/1.1" 200 284758
66.220.149.6 - - [08/Dec/2022:11:52:14 -0500] "GET /images/cr\xc3\xb3nica-29-nov-1_optimized.jpeg HTTP/1.1" 404 1034
216.245.221.92 - - [08/Dec/2022:11:52:28 -0500] "HEAD / HTTP/1.1" 200 -
114.119.158.112 - - [08/Dec/2022:11:53:10 -0500] "GET /BLA/resoluciones/Notificaciones/AUTOS%202017/04157.pdf HTTP/1.1" 200 262792
157.90.251.233 - - [08/Dec/2022:11:53:12 -0500] "GET / HTTP/1.1" 200 319
114.119.133.253 - - [08/Dec/2022:11:54:23 -0500] "GET /BLA/resoluciones/AUTOS%202019/1532.pdf HTTP/1.1" 200 274506
114.119.135.251 - - [08/Dec/2022:11:55:50 -0500] "GET /BLA/resoluciones/AUTOS%202019/0468.pdf HTTP/1.1" 200 292434
172.22.2.4 - - [08/Dec/2022:11:54:16 -0500] "HEAD /BLA/boletinlegal/ HTTP/1.1" 200 -
201.245.192.253 - - [08/Dec/2022:11:56:27 -0500] "POST /kwsrmcab/Wsrmcab  HTTP/1.1" 200 43162
172.22.2.4 - - [08/Dec/2022:11:55:06 -0500] "GET /BLA/boletinlegal/ HTTP/1.1" 200 59035
114.119.140.84 - - [08/Dec/2022:11:57:03 -0500] "GET /BLA/resoluciones/AUTOS%202019/0223.pdf HTTP/1.1" 200 8424316
216.245.221.92 - - [08/Dec/2022:11:57:28 -0500] "HEAD / HTTP/1.1" 200 -
