66.249.66.85 - - [09/Dec/2022:04:06:58 -0500] "GET /bla/resoluciones/RESOLUCIONES%202011/1371.pdf HTTP/1.1" 200 519061
207.46.13.174 - - [09/Dec/2022:04:07:05 -0500] "GET /BLA/resoluciones/RESOLUCIONES%202002/RES%202002%201951-1971/20021959.tif HTTP/1.1" 200 38398
66.249.66.85 - - [09/Dec/2022:04:08:07 -0500] "GET /BLA/resoluciones/RESOLUCIONES%202011/3325.pdf HTTP/1.1" 200 767058
216.245.221.92 - - [09/Dec/2022:04:08:16 -0500] "HEAD / HTTP/1.1" 200 -
114.119.128.126 - - [09/Dec/2022:04:09:23 -0500] "GET /BLA/resoluciones/RESOLUCIONES%202018/0716.pdf HTTP/1.1" 200 406676
201.245.192.253 - - [09/Dec/2022:04:09:24 -0500] "POST /kwsrmcab/Wsrmcab  HTTP/1.1" 502 1155
172.22.2.4 - - [09/Dec/2022:04:08:35 -0500] "HEAD /BLA/boletinlegal/ HTTP/1.1" 200 -
201.245.192.253 - - [09/Dec/2022:04:10:23 -0500] "POST /kwsrmcab/Wsrmcab  HTTP/1.1" 200 43162
172.22.2.4 - - [09/Dec/2022:04:09:25 -0500] "GET /BLA/boletinlegal/ HTTP/1.1" 200 57824
207.46.13.174 - - [09/Dec/2022:04:11:16 -0500] "GET /BLA/boletinlegal/norma_menu.php HTTP/1.1" 200 6318
201.245.192.253 - - [09/Dec/2022:04:11:24 -0500] "POST /kwsrmcab/Wsrmcab  HTTP/1.1" 200 43162
190.242.45.70 - - [09/Dec/2022:04:11:58 -0500] "GET / HTTP/1.1" 200 319
190.242.45.70 - - [09/Dec/2022:04:11:58 -0500] "GET /apple-touch-icon-120x120-precomposed.png HTTP/1.1" 404 1120
190.242.45.70 - - [09/Dec/2022:04:11:58 -0500] "GET /apple-touch-icon-120x120.png HTTP/1.1" 404 1120
190.242.45.70 - - [09/Dec/2022:04:11:58 -0500] "GET /apple-touch-icon-precomposed.png HTTP/1.1" 404 1120
190.242.45.70 - - [09/Dec/2022:04:11:58 -0500] "GET /apple-touch-icon.png HTTP/1.1" 404 1120
190.242.45.70 - - [09/Dec/2022:04:11:59 -0500] "GET /favicon.ico HTTP/1.1" 200 7782
216.245.221.92 - - [09/Dec/2022:04:13:16 -0500] "HEAD / HTTP/1.1" 200 -
114.119.155.142 - - [09/Dec/2022:04:13:49 -0500] "GET /BLA/resoluciones/RESOLUCIONES%202016/2406.pdf HTTP/1.1" 200 1054962
173.252.87.20 - - [09/Dec/2022:04:14:37 -0500] "GET /images/Entrenubes%201%20(1)%20(1).jpeg HTTP/1.1" 200 70096
172.22.2.4 - - [09/Dec/2022:04:13:18 -0500] "GET /BLA/boletinlegal/ HTTP/1.1" 200 59035
172.22.2.4 - - [09/Dec/2022:04:15:18 -0500] "GET /BLA/boletinlegal/js/jquery.js HTTP/1.1" 200 57254
172.22.2.4 - - [09/Dec/2022:04:15:19 -0500] "GET /BLA/boletinlegal/styles2.css HTTP/1.1" 200 1838
172.22.2.4 - - [09/Dec/2022:04:14:25 -0500] "HEAD /BLA/boletinlegal/ HTTP/1.1" 200 -
201.245.192.253 - - [09/Dec/2022:04:16:23 -0500] "POST /kwsrmcab/Wsrmcab  HTTP/1.1" 502 1155
66.249.66.87 - - [09/Dec/2022:04:16:38 -0500] "GET /BLA/resoluciones/Autos%202008/2498.pdf HTTP/1.1" 200 92262
172.22.2.4 - - [09/Dec/2022:04:15:15 -0500] "GET /BLA/boletinlegal/ HTTP/1.1" 200 59404
114.119.154.26 - - [09/Dec/2022:04:17:11 -0500] "GET /BLA/resoluciones/RESOLUCIONES%202010/7699.pdf HTTP/1.1" 200 209636
201.245.192.253 - - [09/Dec/2022:04:17:22 -0500] "POST /kwsrmcab/Wsrmcab  HTTP/1.1" 200 43162
207.46.13.56 - - [09/Dec/2022:04:18:03 -0500] "GET /secretaria-de-ambiente-reconoce-15-entidades-distritales-por-su-desempeno-ambiental.html HTTP/1.1" 200 978
216.245.221.92 - - [09/Dec/2022:04:18:16 -0500] "HEAD / HTTP/1.1" 200 -
201.245.192.253 - - [09/Dec/2022:04:18:23 -0500] "POST /kwsrmcab/Wsrmcab  HTTP/1.1" 200 43162
66.249.66.85 - - [09/Dec/2022:04:19:18 -0500] "GET /portel_dama/libreria/php/2006/ECOSISTEMAS%20FINAL%20web_mz27/restauracion/sitio/22_proye/xtras_in/2a.pdf HTTP/1.1" 404 1018
66.249.66.86 - - [09/Dec/2022:04:19:20 -0500] "GET /BLA/resoluciones/AUTOS%202013/2642.pdf HTTP/1.1" 200 617827
201.245.192.253 - - [09/Dec/2022:04:20:40 -0500] "POST /kwsrmcab/Wsrmcab HTTP/1.1" 200 43491
201.245.192.253 - - [09/Dec/2022:04:20:43 -0500] "POST /kwsrmcab/Wsrmcab HTTP/1.1" 200 44095
66.249.66.87 - - [09/Dec/2022:04:21:32 -0500] "GET /BLA/resoluciones/Notificaciones/REGISTROS%202016/1980.pdf HTTP/1.1" 200 465025
172.22.2.4 - - [09/Dec/2022:04:21:39 -0500] "GET /BLA/boletinlegal/js/jquery.scrollShow.js HTTP/1.1" 200 4586
172.22.2.4 - - [09/Dec/2022:04:21:40 -0500] "GET /BLA/boletinlegal/js/jquery.scrollTo-min.js HTTP/1.1" 200 1150
66.249.66.85 - - [09/Dec/2022:04:21:49 -0500] "GET /BLA/resoluciones/AUTOS%202014/4755.pdf HTTP/1.1" 200 551120
172.22.2.4 - - [09/Dec/2022:04:20:15 -0500] "HEAD /BLA/boletinlegal/ HTTP/1.1" 200 -
114.119.134.93 - - [09/Dec/2022:04:22:27 -0500] "GET /BLA/resoluciones/RESOLUCIONES%202010/7395.pdf HTTP/1.1" 200 325422
172.22.2.4 - - [09/Dec/2022:04:21:05 -0500] "GET /BLA/boletinlegal/ HTTP/1.1" 200 59035
66.249.66.86 - - [09/Dec/2022:04:22:55 -0500] "GET /BLA/resoluciones/AUTOS%202014/5668.pdf HTTP/1.1" 200 228818
216.245.221.92 - - [09/Dec/2022:04:23:15 -0500] "HEAD / HTTP/1.1" 200 -
201.245.192.253 - - [09/Dec/2022:04:23:32 -0500] "POST /kwsrmcab/Wsrmcab  HTTP/1.1" 200 14501
66.249.66.86 - - [09/Dec/2022:04:24:04 -0500] "GET /BLA/resoluciones/RESOLUCIONES%202007/RES%202007%202101%20AL%202200/RESOLUCION%202148%20DE%202007.pdf HTTP/1.1" 200 181076
201.245.192.253 - - [09/Dec/2022:04:24:31 -0500] "POST /kwsrmcab/Wsrmcab  HTTP/1.1" 200 43162
66.249.66.87 - - [09/Dec/2022:04:25:02 -0500] "GET /BLA/resoluciones/RESOLUCIONES%202011/1806.pdf HTTP/1.1" 200 479052
114.119.153.247 - - [09/Dec/2022:04:25:09 -0500] "GET /BLA/resoluciones/RESOLUCIONES%202010/7231.pdf HTTP/1.1" 200 449252
66.249.66.85 - - [09/Dec/2022:04:25:18 -0500] "GET /BLA/resoluciones/AUTOS%202011/0190.pdf HTTP/1.1" 200 162230
201.245.192.253 - - [09/Dec/2022:04:25:32 -0500] "POST /kwsrmcab/Wsrmcab  HTTP/1.1" 200 43162
66.249.66.85 - - [09/Dec/2022:04:26:24 -0500] "GET /BLA/resoluciones/AUTOS%202013/3500.pdf HTTP/1.1" 200 423980
172.22.2.4 - - [09/Dec/2022:04:26:05 -0500] "HEAD /BLA/boletinlegal/ HTTP/1.1" 200 -
66.249.66.86 - - [09/Dec/2022:04:28:04 -0500] "GET /BLA/resoluciones/Autos%202008/0401.pdf HTTP/1.1" 200 113228
216.245.221.92 - - [09/Dec/2022:04:28:15 -0500] "HEAD / HTTP/1.1" 200 -
172.22.2.4 - - [09/Dec/2022:04:26:55 -0500] "GET /BLA/boletinlegal/ HTTP/1.1" 200 59404
114.119.136.148 - - [09/Dec/2022:04:29:36 -0500] "GET /BLA/resoluciones/RESOLUCIONES%202010/7159.pdf HTTP/1.1" 200 674073
66.249.66.87 - - [09/Dec/2022:04:30:31 -0500] "GET /BLA/resoluciones/Autos%202008/0851.pdf HTTP/1.1" 200 76780
201.245.192.253 - - [09/Dec/2022:04:30:30 -0500] "POST /kwsrmcab/Wsrmcab HTTP/1.1" 200 43491
201.245.192.253 - - [09/Dec/2022:04:30:30 -0500] "POST /kwsrmcab/Wsrmcab  HTTP/1.1" 200 43162
201.245.192.253 - - [09/Dec/2022:04:30:33 -0500] "POST /kwsrmcab/Wsrmcab HTTP/1.1" 200 44095
207.46.13.198 - - [09/Dec/2022:04:32:57 -0500] "GET /BLA/resoluciones/RESOLUCIONES%202004/RES%202004%202101-2150/00002123.tif HTTP/1.1" 200 208292
114.119.141.206 - - [09/Dec/2022:04:33:03 -0500] "GET /BLA/resoluciones/RESOLUCIONES%202010/6793.pdf HTTP/1.1" 200 39546
216.245.221.92 - - [09/Dec/2022:04:33:16 -0500] "HEAD / HTTP/1.1" 200 -
172.22.2.4 - - [09/Dec/2022:04:31:55 -0500] "HEAD /BLA/boletinlegal/ HTTP/1.1" 200 -
172.22.2.4 - - [09/Dec/2022:04:32:45 -0500] "GET /BLA/boletinlegal/ HTTP/1.1" 200 59779
66.249.66.86 - - [09/Dec/2022:04:34:59 -0500] "GET /resoluciones/RESOLUCIONES%202007/RES%202007%20701%20AL%20800/RESOLUCION%200717%20DE%202007.pdf HTTP/1.1" 404 1018
66.249.66.85 - - [09/Dec/2022:04:35:22 -0500] "GET /BLA/resoluciones/RESOLUCIONES%202009/3865.pdf HTTP/1.1" 200 1141662
201.245.192.253 - - [09/Dec/2022:04:35:29 -0500] "POST /kwsrmcab/Wsrmcab  HTTP/1.1" 502 1155
66.249.66.85 - - [09/Dec/2022:04:35:41 -0500] "GET /BLA/resoluciones/AUTOS%202011/2990.pdf HTTP/1.1" 200 90285
66.249.66.85 - - [09/Dec/2022:04:36:06 -0500] "GET /BLA/resoluciones/RESOLUCIONES%202012/0725.pdf HTTP/1.1" 200 376644
66.249.66.85 - - [09/Dec/2022:04:36:20 -0500] "GET /BLA/resoluciones/RESOLUCIONES%202011/1217.pdf HTTP/1.1" 200 510153
66.249.66.85 - - [09/Dec/2022:04:36:23 -0500] "GET /pdc/actos/1789.pdf HTTP/1.1" 200 1121404
66.249.66.85 - - [09/Dec/2022:04:36:25 -0500] "GET /resoluciones/RESOLUCIONES%202010/3435.pdf HTTP/1.1" 404 1018
201.245.192.253 - - [09/Dec/2022:04:36:28 -0500] "POST /kwsrmcab/Wsrmcab  HTTP/1.1" 200 43162
114.119.155.70 - - [09/Dec/2022:04:36:48 -0500] "GET /BLA/resoluciones/RESOLUCIONES%202010/5865.pdf HTTP/1.1" 200 138398
201.245.192.253 - - [09/Dec/2022:04:37:29 -0500] "POST /kwsrmcab/Wsrmcab  HTTP/1.1" 200 43162
66.249.66.85 - - [09/Dec/2022:04:37:50 -0500] "GET /resoluciones/RESOLUCIONES%202009/9360.pdf HTTP/1.1" 404 1018
66.249.66.85 - - [09/Dec/2022:04:38:06 -0500] "GET /BLA/resoluciones/RESOLUCIONES%202017/2023.pdf HTTP/1.1" 200 679044
66.249.66.85 - - [09/Dec/2022:04:38:15 -0500] "GET /BLA/resoluciones/AUTOS%202008/1313.pdf HTTP/1.1" 200 315430
216.245.221.92 - - [09/Dec/2022:04:38:15 -0500] "HEAD / HTTP/1.1" 200 -
172.22.2.4 - - [09/Dec/2022:04:37:45 -0500] "HEAD /BLA/boletinlegal/ HTTP/1.1" 200 -
66.249.66.85 - - [09/Dec/2022:04:39:29 -0500] "GET /BLA/resoluciones/AUTOS%202016/2166.pdf HTTP/1.1" 200 522135
172.22.2.4 - - [09/Dec/2022:04:38:35 -0500] "GET /BLA/boletinlegal/ HTTP/1.1" 200 54452
157.90.244.54 - - [09/Dec/2022:04:40:18 -0500] "GET / HTTP/1.1" 200 319
168.119.253.32 - - [09/Dec/2022:04:40:20 -0500] "GET / HTTP/1.1" 200 319
201.245.192.253 - - [09/Dec/2022:04:40:30 -0500] "POST /kwsrmcab/Wsrmcab HTTP/1.1" 200 43491
201.245.192.253 - - [09/Dec/2022:04:40:33 -0500] "POST /kwsrmcab/Wsrmcab HTTP/1.1" 200 44095
66.249.66.86 - - [09/Dec/2022:04:40:42 -0500] "GET /BLA/resoluciones/AUTOS%202009/2587.pdf HTTP/1.1" 200 86907
114.119.132.149 - - [09/Dec/2022:04:40:44 -0500] "GET /BLA/resoluciones/RESOLUCIONES%202010/4131.pdf HTTP/1.1" 200 704233
201.245.192.253 - - [09/Dec/2022:04:42:28 -0500] "POST /kwsrmcab/Wsrmcab  HTTP/1.1" 200 43162
186.102.3.50 - - [09/Dec/2022:04:42:37 -0500] "GET /kwssiamovil/sm/ldap/au?x=U2FsdGVkX19khborRNWEpkiNFzw9fZdB7TJPPvzTbfIUDeAuSpk0JiXLg6I8x+Va&y=U2FsdGVkX1+6zALkb6tzYx2wCI9eTOlyYwod+OAWvJXiyDQm7bpM7snn0a9Mibfz HTTP/1.1" 200 30
186.102.3.50 - - [09/Dec/2022:04:42:37 -0500] "GET /kwssiamovil/sm/acme/s?s=U2FsdGVkX1+3GIHdawE7BzueZatJuEljd8fGgmPYHjMSSyv8nmTyZ1B2v5VKIolStXNYisjMDBbA9igdBr4Tip8/ZOczQV4BMf9cKt8qmhY=&u=U2FsdGVkX18HVS3F/LXPDzxUOy1RyHZCcM7OtwR0qHQaadxv9BWAcyfDkKXBTXwE&y=U2FsdGVkX1+6zALkb6tzYx2wCI9eTOlyYwod+OAWvJXiyDQm7bpM7snn0a9Mibfz HTTP/1.1" 200 97
186.102.3.50 - - [09/Dec/2022:04:42:38 -0500] "GET /kwssiamovil/sm/acme/s?s=U2FsdGVkX181JCNRcItQe94Oshxiz9eVvbr+xgw/RJ+hZdzaq8A134UatvH4ca0JWORcEnOBHQgtQM/pRWmrHoW8R9YPwT8KCCPmD4Xl1YSW3Lq05hL/3nzWyMCKuXOfr9Apw2fVhIGMddDoTP4z9JXfJ/4j5g41YoEFCS4HMjbu6E22PWKYdkDTtI92H9BBkBoE2x1gOlUrl69FOeAgeEwbASVTHpG6fpq0NYFMADrKUplLwgzNP59CqMwDgjLCxptOSJuyzWdOiGj2fAp4crvRwqjzT/gzL9SiKd1T0pebNe382sZbN/gNioDn4+BBynfklymwsPBxEi/FcXiOkJPJziIKpRzu61/CFshspGFfMrgE4fJAYXjQ3BP/jiIHYqrPq80dTnk2EUaoxIL7vn3HqyiIDVoImZOtVO7JIL4k0oj4i2xXynNe/Dr0pqBIw1ZNka2FKnEqlvA1paFF4C5Gc1aNsbEkMJXKrl8MpkJLguiihcyEY16V/e6w0EvYENzgsbRvBmoo898/EuGtmMjEtlZXlfoWW3OPz8idBWE8gl0cQn1ftQtmIdmHAwkrXsWg+CYICm5HahJQpqqLOTsmjGEUyT4eiUVYq7xWsyDFFjwjR8fBKBTOXsdZuC9hx0TzRKiwr0D1ZjDYoIZVGEpwKCzH7v4UJICiRM7DgW9HtsWlBUnJvp96I8JfcQJ/UiJcm5TVvKZhmVyHsA8Kmfu/EWK3on0LbGb62iqUHsIU7fBbq8gT+l3tWA5AQv8td03n6m8za3c8z3rGNXBk1R2D8Glg3y6dQosMl6p+NOkU+uFBYRLBWqohq46ubMkztmnl3drn0TpkXSx74wu4oXkf/lXExWyHUpzXIh9tY6txSdeu5QTFNkzl57KZbjpzGBIrKEq80PYKFdnWtnAJZiw/yduGdkDGq8UMGvuHqR1s/wJRWzjtOYoKyCqsdKLVjHNYbTqHpOTUT0HO+L84hsBCx3+ngir6ewzQ/hheg2g4YR5KBfGJ2zk3xxrrBDLHnOF4acJyOMCC153cxYZadFW11jvJpmcsPMv6jCwtKEMcM+9wRVN3ZZCz8MwQCJ/LkBGdxaZoGtT07tfJifB24EMCjPPmupyvGkSGafzKjG++A7xohJ4OrbO6baSpUSbtzRCNEOFaxtNKJX+8hCC8Rit2KFKcmFEeKEL2mjV6WQCcwdr0bvhQ0jATaApKD8ZRgDU3wZML1iu2TWLIbKBAG/oZmjzDCNqY7r3sgjMI+B1kdy5NZ07yHRT0R2JvMYVYaEOCXTXRWoQNGYCxu6Unwce3QAWp4i+rS7wO5Dk7f+Sw4bakr3OO9/2eTc3EAFS22lRHCR+gbZCdyy7q3bNnOJgq2vsoMKqxAPydlB9zXHsfS0n4YDqKmjF//qzVL9wbbos/3E6ea7TP/1u3qekF1BOPPhvY4alrFRFsAfCc9m4=&u=U2FsdGVkX18HVS3F/LXPDzxUOy1RyHZCcM7OtwR0qHQaadxv9BWAcyfDkKXBTXwE&y=U2FsdGVkX1+6zALkb6tzYx2wCI9eTOlyYwod+OAWvJXiyDQm7bpM7snn0a9Mibfz HTTP/1.1" 200 369
186.102.3.50 - - [09/Dec/2022:04:42:38 -0500] "GET /kwssiamovil/sm/acme/s?s=U2FsdGVkX1+MGlldbqKgfH/fOILj+cDfOApaApJbAIRb+HU9aLVePSLDwSs31v9U4LLFMT7QJf7H4zLDOCH945XL+qj73LOolMLWnSZG9hQpsJO/KVxtb1B7Cyud9R5b2scsrWp+D+8kiy+z9/EnSTjIefdPFMrl5DUtCy67fItgURGzRVP7WBTCTQ16WNmswhDvkmcm6igdNrdM3vEfYUzCzBgrE6KfRxLyKKUpE+0mrB0M/Z+f+xEacI5rg5WfcBEbhKxo4kifXs3ZCIVmV1K+aiOg4g2DPvM3uUT9PlVOQLsY9oAkd5BrmhWh/X+Pxo6he9PMec464VeGGTelPf098e6Ez/qGDAThlh1HXAs=&u=U2FsdGVkX18HVS3F/LXPDzxUOy1RyHZCcM7OtwR0qHQaadxv9BWAcyfDkKXBTXwE&y=U2FsdGVkX1+6zALkb6tzYx2wCI9eTOlyYwod+OAWvJXiyDQm7bpM7snn0a9Mibfz HTTP/1.1" 200 196
186.102.3.50 - - [09/Dec/2022:04:42:38 -0500] "GET /kwssiamovil/sm/cjson/pre?f=1&x=U2FsdGVkX19khborRNWEpkiNFzw9fZdB7TJPPvzTbfIUDeAuSpk0JiXLg6I8x+Va HTTP/1.1" 200 31032
66.249.66.85 - - [09/Dec/2022:04:42:46 -0500] "GET /BLA/resoluciones/RESOLUCIONES%202011/0066.pdf HTTP/1.1" 200 374253
216.245.221.92 - - [09/Dec/2022:04:43:16 -0500] "HEAD / HTTP/1.1" 200 -
40.77.167.13 - - [09/Dec/2022:04:43:21 -0500] "GET /BLA/resoluciones/index.php?dir=AUTOS+2010%2F HTTP/1.1" 200 277923
66.249.66.85 - - [09/Dec/2022:04:43:32 -0500] "GET /BLA/resoluciones/RESOLUCIONES%202009/7410.pdf HTTP/1.1" 200 847032
66.249.66.85 - - [09/Dec/2022:04:44:23 -0500] "GET /BLA/resoluciones/AUTOS%202010/1370.pdf HTTP/1.1" 200 240831
172.22.2.4 - - [09/Dec/2022:04:43:35 -0500] "HEAD /BLA/boletinlegal/ HTTP/1.1" 200 -
114.119.130.96 - - [09/Dec/2022:04:45:38 -0500] "GET /BLA/resoluciones/RESOLUCIONES%202010/3872.pdf HTTP/1.1" 200 1153101
66.249.66.87 - - [09/Dec/2022:04:45:46 -0500] "GET /BLA/resoluciones/Autos%202008/2854.pdf HTTP/1.1" 200 80132
172.22.2.4 - - [09/Dec/2022:04:44:25 -0500] "GET /BLA/boletinlegal/ HTTP/1.1" 200 59404
66.249.66.85 - - [09/Dec/2022:04:46:23 -0500] "GET /resoluciones/RESOLUCIONES%202010/1690.pdf HTTP/1.1" 404 1018
201.245.192.253 - - [09/Dec/2022:04:47:27 -0500] "POST /kwsrmcab/Wsrmcab  HTTP/1.1" 200 43162
216.245.221.92 - - [09/Dec/2022:04:48:15 -0500] "HEAD / HTTP/1.1" 200 -
114.119.142.73 - - [09/Dec/2022:04:48:59 -0500] "GET /BLA/resoluciones/RESOLUCIONES%202010/3053.pdf HTTP/1.1" 200 1858236
87.236.176.110 - - [09/Dec/2022:04:49:39 -0500] "GET / HTTP/1.1" 200 319
172.22.2.4 - - [09/Dec/2022:04:49:25 -0500] "HEAD /BLA/boletinlegal/ HTTP/1.1" 200 -
186.102.3.50 - - [09/Dec/2022:04:51:35 -0500] "GET /kwssiamovil/sm/acme/a?s=U2FsdGVkX19DDF5Kq3a88VzUlgkJ/Yk4SBBLmqfvOc5d3+j4hzCUXIBg1p+pOHbch3FkC5Q8H02zxuDHvzBcJvllxil+2pB1weujT+yPN3ztAJfKnpZMl9FviSsCBtGWbRIBLkER4z+BqYJI3sBXyP69dRoNdZAIKSz2XIjtp8YQu2qQ8w3OCbCFvFWX2PWi0risBGdXsl7RR3rlwAivpFt6DHBB4aIaVvABTHZcABn3JWRQd0UPgl/y+8/w0syy3ERTE65GKAosptPTlCxTRw==&u=U2FsdGVkX18HVS3F/LXPDzxUOy1RyHZCcM7OtwR0qHQaadxv9BWAcyfDkKXBTXwE&y=U2FsdGVkX1+6zALkb6tzYx2wCI9eTOlyYwod+OAWvJXiyDQm7bpM7snn0a9Mibfz HTTP/1.1" 200 26
186.102.3.50 - - [09/Dec/2022:04:51:35 -0500] "GET /kwssiamovil/sm/acme/a?s=U2FsdGVkX1/W48QC1Gs8/vS4KyrqTp/PvLjJH6mlysvU5FkqsRKnKbGcK7OHHvXGw4KCZnOL2iZWDTXKUGKK+Z6kglmFdCclXal+L9TwXET8UMJmmfg7ftCuuJQQBc3Lmvk2d18OVscT9JIApeJr55oqkkZPe+B2wHwefmmjrLBdUeNkVS4kcqlJiyI1ZQQb8KDW4z6Kbf9ebSNLLsDqIrQF8KxJqBUyEjzKDx+3gyvYFXtYqClRE4R//jw40yI1UUXCe/Le+BigKU0DO7aUZ3v1jEnxROoWEqQHcLR3I/x22T92L8Zi7AOWbnBEE2L0EdixdlcPCVtI254ODdebaM+PcQgSSV/xKXQMPcHOQ94dDaGW4Bet/YqrTxQeDgk5YI3/Vvnft48aX4IwfJRzxPdwNkqNOT1O1LkxhC2NMh9x2l3RYGqNGRVN279vxcXnV0ih3wuXwNZly/q1vYlXNy5zf1OXDDbFvGsXd6q33LuXUu0dQfhf5a4Y8XeImY7BZN2KdoXu+SCRZPbcKIiydxqA1O0ES2zvPz+dBG8j72N2FVGS0dJeTd2shkwb9hfW/zEmsRGinRv3ZK07DpTvmHT7OizU75aAgkEcIsnp/SY9NUJBPaeovGqvl9oMByB9SleMHBLpmJi0QncJ2yW3hI0VX8hqV7JOTDqVItuFhF9q5C9PwlZFV04pwqHqDQ6wMAqdHmSh8inJCauADmlB22boeCvglCxQ2yc9JBXFaWVwMmUwI+VhjJVBNAcjT/2VSuOOg0mocA+ZZpb00CYLjmGtxCBTbSSR5wo8NGUZ1FMUNUZwy9vwubwLB32tKDNZDtsw3QoJerhrK2FzxnP7e71kEW1UK3jktJJPhOUQ7rOGZcCagFltl2U+f/NwadHqhxdnLKbfrf/d9yj3EyG8rAsguzOdoF7pPHD+B9HRMVXzCc3TJuUpfWxw6fQ/26mivU1k6eISgan9NkQzjklYPv2ujPed00xLf8ut4Mij2IIiuGYdFTK5ZZta/IceWz1Wz2vizA7UKVOfQQ5aOeMOrI0cni3naYhRjAL1+TMwRr3rOErW3lLZgpXuYDPnU7MyGrfUgpf7wAEE3KpWnvbgB5W0RuJDTcKWQD8jy/4UAT94C74cwXfgNoZxfX2/j+9zIQ7017Vj73WuKOfBlrM/tpwJyYC1eqZkznEZ/r0Hufo18J3+Bk7PzHX6EnwvPKL4tSeM4W+GgSLUs1psdUeDGSO0h5x26IdR8Db0d4qKxl6LGNvTb+LwYs9FRFzJ2YMfdlcd9cmxkWLZeBZh3nBDSQzgpFk0Kysyc73LTrQuzo3YIoydlolvjfhdFoA9/9OA1G609OgmlrL7D1l15QI5QW7fWcAHEi7RlR93RC69ot4/xxL/liTxToHhHL/Bq8iE4oHzxB5xVUSdzBwMrnVi6WiQUgtncxepR+xghjNJXTeRHdFVsHt+raVl4WKVxgawzRsPbc4liYvir364pDPgpvQDX33T7F/irE/4g9hPWGA84Tz5PyXLrgj8KHmzhhgPRCi0p2Fps18j1RNjdRXeZELcHLVdeDy2L3GZVWw7ycs=&u=U2FsdGVkX18HVS3F/LXPDzxUOy1RyHZCcM7OtwR0qHQaadxv9BWAcyfDkKXBTXwE&y=U2FsdGVkX1+6zALkb6tzYx2wCI9eTOlyYwod+OAWvJXiyDQm7bpM7snn0a9Mibfz HTTP/1.1" 200 26
186.102.3.50 - - [09/Dec/2022:04:51:36 -0500] "GET /kwssiamovil/sm/acme/a?s=U2FsdGVkX18CvlGdRIbvgp2YTvllzSucYB54GOm+8U5Tb8SbsY0uV7jWYm02Y3DNm+XJ2L9kSORAo5FlpDlLZgT2+jJZphDMxICnj9SOLGVosmmcsgDWINNEnfJI0r8sW9hlOEM4o9l6K7wSCL11OUdgdexzLBdslHu5jlXrpgw=&u=U2FsdGVkX18HVS3F/LXPDzxUOy1RyHZCcM7OtwR0qHQaadxv9BWAcyfDkKXBTXwE&y=U2FsdGVkX1+6zALkb6tzYx2wCI9eTOlyYwod+OAWvJXiyDQm7bpM7snn0a9Mibfz HTTP/1.1" 200 26
186.102.3.50 - - [09/Dec/2022:04:51:36 -0500] "GET /kwssiamovil/sm/acme/a?s=U2FsdGVkX19TxHCk/POvLx/w2mxybVT1APbCAR3IC4r7N1KrjqD6UzH+yOL1/ENNYIn+2O5DcTYJ3l74T4iBbzUbku9+VOm4DdTx+LvWkZ4QTBEbxFxmRg+BmAY5B7RNVgl17Knq0THtfqpTCG+K52ouh+qmWyHMu+EkWlfAGVw=&u=U2FsdGVkX18HVS3F/LXPDzxUOy1RyHZCcM7OtwR0qHQaadxv9BWAcyfDkKXBTXwE&y=U2FsdGVkX1+6zALkb6tzYx2wCI9eTOlyYwod+OAWvJXiyDQm7bpM7snn0a9Mibfz HTTP/1.1" 200 26
186.102.3.50 - - [09/Dec/2022:04:51:36 -0500] "GET /kwssiamovil/sm/acme/a?s=U2FsdGVkX1/H68u9O3IGMXIxJslxMDjcU2JGVxTr3mqcT2oSv4SjEe8n4IK7kVRMG/wel2h4UQn91GMecxe56sHiTv3ssPlnfeMH/1vpZTPGyEc2XvkW0RcZ+od+2+ldb0hTpEbK1M65RzybeXGxryc7PiLXN2XaV4JqgdbuicM=&u=U2FsdGVkX18HVS3F/LXPDzxUOy1RyHZCcM7OtwR0qHQaadxv9BWAcyfDkKXBTXwE&y=U2FsdGVkX1+6zALkb6tzYx2wCI9eTOlyYwod+OAWvJXiyDQm7bpM7snn0a9Mibfz HTTP/1.1" 200 26
186.102.3.50 - - [09/Dec/2022:04:51:36 -0500] "GET /kwssiamovil/sm/acme/a?s=U2FsdGVkX1+S8997fkTft9G1riRnCjIZzEU2122bVPh+3YydOFxeZrvgYv0qiQO66qxE6ZIOm2GRrqpyItSuwGuMN7QMRgUZFqtb+tDPacqJ5PxPNMHcPxWjNCPithdCleo3lY1ntltw+bFmJnYmbSWvJZG7ngSGQaBBwH6ErqDyrJdlAw9gMixRPnane7EjFG9c03cKkkGe3DaSENJESw==&u=U2FsdGVkX18HVS3F/LXPDzxUOy1RyHZCcM7OtwR0qHQaadxv9BWAcyfDkKXBTXwE&y=U2FsdGVkX1+6zALkb6tzYx2wCI9eTOlyYwod+OAWvJXiyDQm7bpM7snn0a9Mibfz HTTP/1.1" 200 26
172.22.2.4 - - [09/Dec/2022:04:50:15 -0500] "GET /BLA/boletinlegal/ HTTP/1.1" 200 59779
114.119.146.251 - - [09/Dec/2022:04:52:15 -0500] "GET /BLA/resoluciones/RESOLUCIONES%20CONJUNTAS/Resoluci%C3%B3n%20Conjunta%2001%20del%2013%20de%20Febrero%20del%202015.pdf HTTP/1.1" 200 7542839
201.245.192.253 - - [09/Dec/2022:04:52:25 -0500] "POST /kwsrmcab/Wsrmcab  HTTP/1.1" 200 43162
216.245.221.92 - - [09/Dec/2022:04:53:15 -0500] "HEAD / HTTP/1.1" 200 -
31.13.127.1 - - [09/Dec/2022:04:53:41 -0500] "GET /images/cr\xc3\xb3nica-29-nov-1_optimized.jpeg HTTP/1.1" 404 1034
66.249.66.86 - - [09/Dec/2022:04:53:55 -0500] "GET /BLA/resoluciones/Autos%202008/0026.pdf HTTP/1.1" 200 82577
173.252.111.21 - - [09/Dec/2022:04:53:56 -0500] "GET /images/cr\xc3\xb3nica-29-nov-1_optimized.jpeg HTTP/1.1" 404 1034
66.249.66.85 - - [09/Dec/2022:04:54:27 -0500] "GET /PDC/actos/1469.pdf HTTP/1.1" 200 1053029
66.249.66.86 - - [09/Dec/2022:04:54:28 -0500] "GET /BLA/resoluciones/RESOLUCIONES%202009/3221.pdf HTTP/1.1" 200 463110
186.102.3.50 - - [09/Dec/2022:04:54:38 -0500] "GET /kwssiamovil/sm/acme/a?s=U2FsdGVkX19r2Td2+0KCd48MuuOl288BJKFAgNE6BFHdDOhCASVQS06wYjfk4WzwZ4V2zJpAknT1ZT4DAeqkT1i5nxy8s8vAoccxVLZKoJkMEdmt+m4IWjX7OcSNczqCXcOtYb8A4ttEZlqjFRpP9N34Dqh4VKtNWRa5c+UAIVWgq3AoA6iVOW4uBx76tQHV6l+kL+BSmZQzDB35X13jsqjlPzNQ0sfPvGnkwj/oIPgXPnBYyUiFGDxtAMtD7i6lr51Mo+JkcRbk3m5i9LhyHA==&u=U2FsdGVkX18HVS3F/LXPDzxUOy1RyHZCcM7OtwR0qHQaadxv9BWAcyfDkKXBTXwE&y=U2FsdGVkX1+6zALkb6tzYx2wCI9eTOlyYwod+OAWvJXiyDQm7bpM7snn0a9Mibfz HTTP/1.1" 200 26
186.102.3.50 - - [09/Dec/2022:04:54:39 -0500] "GET /kwssiamovil/sm/acme/a?s=U2FsdGVkX1/uQqOUEkzcsjHOmySxl2/rARAeT6cYCuvHe1fV+yJGBB4saeq02Z5dlTnP2B+lP2czanRPF112rVgyldeaqJmwyOK9UTRGTThSxn6G5C+4/jp33aXtjtseDbSK0cKf0b35BGyNC29DVSKnVerVrQwYcLSneuAhyJOQcmzPIBdhlC83cRfjZgYvb4AfLbTUzMwK6hl7d2FhOogNki0Dz3BsNnj8hLz+vLWfYdOZecBL4Faa/epqiml4aRgXxZgOS1aAPm9Nrd+7YcPulK09nBfxHDBuemcXvaYiSmBq79HrZoBWjaVxwPKlqGltpQiwIoE33QGNEkA/cPjL3bgAIMTElVNCwaNxjoklKooJLz4WB2JF7XKWvr3soFfV1/k3wopTbmHaVQk+7QoL0AW1lgwbgJcS0u5O7ynqvmDxc++vNggTQj6mUKC8NmWF6xr/4Jnfls5eiyYgkFsJU2nCyp1e7svzHD74bL/Km7m7T18WXVWz2u/qK/Qt/DTy+OSqKRknxnKxR/CvMtcHkDBsTmrfWtoXjUkysknHC/w83gIbmzpcfDtUU0jCUjHbpvAALDigr3nJd8YeoxKxSreghpjz2BlkKVcFolldMeYoJiTBwGb8y/Swlt0OzMWACGb5HTDF0eM8tNKkTG5454SDKufpl2KB+kH98qvdYPTwCroKH/fgJ0q0zd1XwT4JVJQXfoAeZQTPj1od8yiXABakGlScC8pLArFoeTHQKKmwupDvV/5Ef9aHJPosW6yEsJZx0Tgg4ndHVQbFvtPbdx97CF7J4dP2q0ss21fS7+TEzmm3UMcbhQdP1eUbKPwIFgKU8Mrt7vc1AGanXKTdiuqxqhlxAvzqovaIuLPL9lOtci/AQ/XS0m1sSTX7BrHjeu8xy6+zPM/AasXk0TkAktZ4MNWdmWdUByse77LhgbMKaRXujclv4+p6uxRTeB4jWbTJCet54e46apAEO5sMf4LMTMDU7RBFBskn9TK70pwlg0tceSl9hU2V2Vv/kd/qDGuBUXgd35Pd3Xv2oQh/ZbwE8ro4a1KiB/YnHCjljM20jZ5cWH3vBWJWjQ4fIqT60BsIX/JF8RXVC3OjyfUoLtAtV8olJTczQqhFpgAoKZPz4riIo1C0Zk0dViGpAZSI0FaJuH1xV8Eh7eX9y3MuhdbDMH0kq3yhzIVyG8clozEdHgyMXlAd/zyDYLBqHc1wslkr74Nzi0MRToH8g0Vld8G078OefwthLGtnzXxX8A9Fj+jjHlIIOEyBfDL03XbY6QDGddUCTsmHkyKMbWH2EpGYLV7Ez6NpcwIOSzUE8N0JIJZaNVPnfjeqbkudF8GomPiZU/xwJSQ9yTbDD0wj+wRdO0vtA+9p7WSZI3LYJxjcr7UO6/Fm41NgOu7jjtzqr5EYMHgOA1tHj4ERIWCLA7It9iP4AaW3sOW4Kpc=&u=U2FsdGVkX18HVS3F/LXPDzxUOy1RyHZCcM7OtwR0qHQaadxv9BWAcyfDkKXBTXwE&y=U2FsdGVkX1+6zALkb6tzYx2wCI9eTOlyYwod+OAWvJXiyDQm7bpM7snn0a9Mibfz HTTP/1.1" 200 26
186.102.3.50 - - [09/Dec/2022:04:54:39 -0500] "GET /kwssiamovil/sm/acme/a?s=U2FsdGVkX1/A5Jcf4qmHsOcLDnm/2KCpqUR1d+33EiDhWOr0QtpP1uo1jsx7Ej6B2QlFxo7PaGTp8FzTyKTqLBhcIs/EdgGm7AgdR5GWmVf5ZaoBwu7DN0OcC80f6XJ+KIA8O0lLwZZGvHvPU0jFElxYNZl+bHl0yLE2uG7fGio=&u=U2FsdGVkX18HVS3F/LXPDzxUOy1RyHZCcM7OtwR0qHQaadxv9BWAcyfDkKXBTXwE&y=U2FsdGVkX1+6zALkb6tzYx2wCI9eTOlyYwod+OAWvJXiyDQm7bpM7snn0a9Mibfz HTTP/1.1" 200 26
186.102.3.50 - - [09/Dec/2022:04:54:39 -0500] "GET /kwssiamovil/sm/acme/a?s=U2FsdGVkX194CNCaKKZjpwCJYrqehmzZrYWde5U1Briwgt8fS9u7wiTAOik7IVlddO/cA94MZwtV1Xel4f92WNwd4/evbCdRN0SrYjaJAU88gKiHrSvWoHRP+0YqNvpynDB1D/iC8v+/Q9xIlcRomUzF4pNM4Cul5E8EpANPGwk=&u=U2FsdGVkX18HVS3F/LXPDzxUOy1RyHZCcM7OtwR0qHQaadxv9BWAcyfDkKXBTXwE&y=U2FsdGVkX1+6zALkb6tzYx2wCI9eTOlyYwod+OAWvJXiyDQm7bpM7snn0a9Mibfz HTTP/1.1" 200 26
186.102.3.50 - - [09/Dec/2022:04:54:40 -0500] "GET /kwssiamovil/sm/acme/a?s=U2FsdGVkX189SbHQbqRlTtXKPdUcKhqEjPb63Juo/2M552DQmODgzMkwGxkrokT7nyPCnDFWsg9KlPs82x5707aI+C18AMOapKyld8zDXOc9FWlpJHnfJ1Xilh/v8R18NJTuijHW03q588m45L6+a5r2kz5di2jqeobg5UJ53gY=&u=U2FsdGVkX18HVS3F/LXPDzxUOy1RyHZCcM7OtwR0qHQaadxv9BWAcyfDkKXBTXwE&y=U2FsdGVkX1+6zALkb6tzYx2wCI9eTOlyYwod+OAWvJXiyDQm7bpM7snn0a9Mibfz HTTP/1.1" 200 26
186.102.3.50 - - [09/Dec/2022:04:54:40 -0500] "GET /kwssiamovil/sm/acme/a?s=U2FsdGVkX1/on4qCukj4CqLKF3qmiS52/x60JcOXjr2CkxTXtPqC2WM5eA8weRgr/WlqOhOcIoujVI/jmuEWYXVSIUJ0NjE5tDw/JAqLMW1qRnhhr89l6z6OAmRcPYUTE0YFomdaApcZyyJxo4dmLREQLeOq+tLI6bGlPIBkXDaEgbmUkgW848+hGr3QGqAoqJ/HeZlg+LllXoNqLXxoXA==&u=U2FsdGVkX18HVS3F/LXPDzxUOy1RyHZCcM7OtwR0qHQaadxv9BWAcyfDkKXBTXwE&y=U2FsdGVkX1+6zALkb6tzYx2wCI9eTOlyYwod+OAWvJXiyDQm7bpM7snn0a9Mibfz HTTP/1.1" 200 26
66.249.66.85 - - [09/Dec/2022:04:55:37 -0500] "GET /BLA/resoluciones/RESOLUCIONES%202010/5185.pdf HTTP/1.1" 200 849599
114.119.128.179 - - [09/Dec/2022:04:55:44 -0500] "GET /BLA/resoluciones/RESOLUCIONES%202017/2786.pdf HTTP/1.1" 200 305538
66.249.66.86 - - [09/Dec/2022:04:56:50 -0500] "GET /BLA/resoluciones/AUTOS%202013/2134.pdf HTTP/1.1" 200 260732
172.22.2.4 - - [09/Dec/2022:04:55:15 -0500] "HEAD /BLA/boletinlegal/ HTTP/1.1" 200 -
201.245.192.253 - - [09/Dec/2022:04:57:25 -0500] "POST /kwsrmcab/Wsrmcab  HTTP/1.1" 200 43162
172.22.2.4 - - [09/Dec/2022:04:56:05 -0500] "GET /BLA/boletinlegal/ HTTP/1.1" 200 54452
66.249.66.87 - - [09/Dec/2022:04:57:50 -0500] "GET /BLA/resoluciones/AUTOS%202008/1955.pdf HTTP/1.1" 200 94747
66.249.66.85 - - [09/Dec/2022:04:58:03 -0500] "GET /resoluciones/RESOLUCIONES%202009/0228.pdf HTTP/1.1" 404 1018
114.119.146.40 - - [09/Dec/2022:04:58:04 -0500] "GET /BLA/resoluciones/RESOLUCIONES%202015/2925.pdf HTTP/1.1" 200 827697
216.245.221.92 - - [09/Dec/2022:04:58:15 -0500] "HEAD / HTTP/1.1" 200 -
66.249.66.86 - - [09/Dec/2022:04:59:08 -0500] "GET /BLA/resoluciones/Notificaciones/AUTOS%202017/04433.pdf HTTP/1.1" 200 279415
66.249.66.86 - - [09/Dec/2022:04:59:15 -0500] "GET /resoluciones/RESOLUCIONES%202008/2937.pdf HTTP/1.1" 404 1018
66.249.66.87 - - [09/Dec/2022:05:00:28 -0500] "GET /BLA/resoluciones/RESOLUCIONES%202010/5866.pdf HTTP/1.1" 200 136348
66.249.66.85 - - [09/Dec/2022:05:00:46 -0500] "GET /resoluciones/RESOLUCIONES%202009/0584.pdf HTTP/1.1" 404 1018
157.55.39.82 - - [09/Dec/2022:05:00:50 -0500] "-" 408 -
114.119.152.130 - - [09/Dec/2022:05:00:52 -0500] "GET /BLA/resoluciones/RESOLUCIONES%202010/6917.pdf HTTP/1.1" 200 1960546
66.249.66.87 - - [09/Dec/2022:05:02:16 -0500] "GET /BLA/resoluciones/AUTOS%202007/0944.pdf HTTP/1.1" 200 22017
201.245.192.253 - - [09/Dec/2022:05:02:23 -0500] "POST /kwsrmcab/Wsrmcab  HTTP/1.1" 200 43162
172.22.2.4 - - [09/Dec/2022:05:01:05 -0500] "HEAD /BLA/boletinlegal/ HTTP/1.1" 200 -
66.249.66.87 - - [09/Dec/2022:05:02:47 -0500] "GET /BLA/resoluciones/AUTOS%202007/0203.pdf HTTP/1.1" 200 17264
66.249.66.87 - - [09/Dec/2022:05:02:48 -0500] "GET /BLA/resoluciones/AUTOS%202011/6755.pdf HTTP/1.1" 200 234042
216.245.221.92 - - [09/Dec/2022:05:03:15 -0500] "HEAD / HTTP/1.1" 200 -
172.22.2.4 - - [09/Dec/2022:05:01:55 -0500] "GET /BLA/boletinlegal/ HTTP/1.1" 200 54452
66.249.66.86 - - [09/Dec/2022:05:03:40 -0500] "GET /BLA/resoluciones/AUTOS%202017/1738.pdf HTTP/1.1" 200 468904
185.119.81.108 - - [09/Dec/2022:05:03:56 -0500] "GET /portaldeninos/wp-login.php HTTP/1.1" 200 2592
185.119.81.108 - - [09/Dec/2022:05:03:57 -0500] "POST /portaldeninos/wp-login.php HTTP/1.1" 200 3605
66.249.66.86 - - [09/Dec/2022:05:04:08 -0500] "GET /BLA/resoluciones/RESOLUCIONES%202008/4501.pdf HTTP/1.1" 200 75182
114.119.144.143 - - [09/Dec/2022:05:05:03 -0500] "GET /BLA/resoluciones/RESOLUCIONES%202010/6147.pdf HTTP/1.1" 200 4945927
66.249.66.87 - - [09/Dec/2022:05:05:15 -0500] "GET /BLA/resoluciones/RESOLUCIONES%202016/0746.pdf HTTP/1.1" 200 316621
66.249.66.86 - - [09/Dec/2022:05:05:21 -0500] "GET /BLA/resoluciones/RESOLUCIONES%202010/1989.pdf HTTP/1.1" 200 339200
94.102.61.10 - - [09/Dec/2022:05:05:46 -0500] "GET /portaldeninos/ HTTP/1.1" 200 14393
172.22.2.4 - - [09/Dec/2022:05:05:06 -0500] "GET /BLA/boletinlegal/ HTTP/1.1" 200 32715
201.245.192.253 - - [09/Dec/2022:05:07:22 -0500] "POST /kwsrmcab/Wsrmcab  HTTP/1.1" 200 43162
94.102.61.10 - - [09/Dec/2022:05:08:15 -0500] "GET /portaldeninos/ HTTP/1.1" 200 14393
216.245.221.92 - - [09/Dec/2022:05:08:15 -0500] "HEAD / HTTP/1.1" 200 -
172.22.2.4 - - [09/Dec/2022:05:06:54 -0500] "HEAD /BLA/boletinlegal/ HTTP/1.1" 200 -
172.22.2.4 - - [09/Dec/2022:05:07:45 -0500] "GET /BLA/boletinlegal/ HTTP/1.1" 200 58185
66.249.66.85 - - [09/Dec/2022:05:09:27 -0500] "GET /BLA/resoluciones/Autos%202008/0368.pdf HTTP/1.1" 200 151967
114.119.145.235 - - [09/Dec/2022:05:10:07 -0500] "GET /BLA/resoluciones/RESOLUCIONES%202010/5717.pdf HTTP/1.1" 200 83552
94.102.61.10 - - [09/Dec/2022:05:10:25 -0500] "GET /portaldeninos/ HTTP/1.1" 200 14393
66.249.66.87 - - [09/Dec/2022:05:11:16 -0500] "GET /BLA/resoluciones/RESOLUCIONES%201996/RESOLUCION%2090%20DE%201996.pdf HTTP/1.1" 200 62058
186.102.3.50 - - [09/Dec/2022:05:11:50 -0500] "GET /kwssiamovil/sm/acme/a?s=U2FsdGVkX1+kxxmQslN7hwRtF79ExwiJpBNUdcmkkuIaLk9Jn6O9jLNT9vgbiYH6NOyD0hxD9T1AveVluVwMaDZ5ZQZuOaH4doytrLrLc93p45k75SwVaeqNkBEvnzJomnSMxVqDp7K+GlayuZZYsH9lbliq6sBwa267W866rsBc51weEJTcj87cxb1dbKmrW4NwR3N+ZbILIUR3Tek4tESTHdWoqC8xTSPHPtw+Tn0EK4w8pNtg8j+3dnQ86xrMe0TYvhqPR37uwNPrZj7H4A==&u=U2FsdGVkX18HVS3F/LXPDzxUOy1RyHZCcM7OtwR0qHQaadxv9BWAcyfDkKXBTXwE&y=U2FsdGVkX1+6zALkb6tzYx2wCI9eTOlyYwod+OAWvJXiyDQm7bpM7snn0a9Mibfz HTTP/1.1" 200 26
186.102.3.50 - - [09/Dec/2022:05:11:50 -0500] "GET /kwssiamovil/sm/acme/a?s=U2FsdGVkX1/1pJIZrI0XkPleAm+Da6wem12nvSLOZWWJYXu1t9VBJ9Q4NpvGv/tAMOOhsdInbGs49xgfWTElLMG0nV8wfYBvXKdcZWrNE1TXw4NP4Yne/N30U3yi2PV3Kqc+vr/nAZoEeseNE+LjZTedhisD2yHP+xDbodsIB5Y15xe4qWh8noQKKCJ5PWqMf73+u+jDXkP9ZsZSpCk2I8bvNB8WT0THYUyQXrhLGdLiZzEKs2XMIYbUdxqY8cjpsRfnY9CTlWnS1LPfKU7M/qJJftP86Ey/BhoLzPLyNusTUdIZfjmwi7RBTtSsIe3J/g5nYa5UVves+nFB020J23ylCOA2gSsKvVDqp9g38hKxMK662feuoC8KwgxDa44lLj89dSd7qxej1pmo/RoCpgf+v5mZhPVcEmwTiWsv4hIL5viVCEuLWM2y67xxCXcGqsow1ZtJs+pt6Ct9ad9EyH36V61mnUzeAtULWckGOdaoGSjODwxEyAsJC94mX2NT+pVgCBjNWnbZivvN7/2fGkXpoq4uNCSDX60yB3B8puLrGhj3rl/uD0NV3f8nSQCh4q2MjNnf+XTJMoqkHKosjf17bMQ37bdZp4PPpmzw8z31udC8otmlVED+lNhdTj9OoHDNxW+UOASCYgA1nVtdKYNwARwm0AfRLULRzHUjZ0CtE7rIlQpxsc4kIP6MUcYV9vr1llvzR2jGEjNcnS4LCqPXkmR+jF+B4JJkpJLpre+O41DuPb+TFSa0ERt7jnr3ZNsDYKcpJWXgQo6EfuvcEVIcpfFf/Txh1ehsDAv65poofIxOj+bl6JDBhHms4SHflG6JwdZk+u6L8C5g5Br6FQLifLyOI2l4QioJu4L2E5yIh6IRiE5ag5uyLnfaJLXuz532pHAvOfAohPKxrkLHWtX+Bf+lJJ4hUKePv7zr5IEPjilV54U7IzYZLDA0TmL8gs4qVEWomoVUjeVjoXOCWyQgvyCN5rKLy/DRPfk1sgioo0Qq025+6nkf5E9hz5nvaMMnyebt8qeqdMiVzOnRji4s5HZhKLyh8FtTNTFraUD2tcffJI6rmav74xisId+tx2PEFgScRrDfgBIwH0dTfr1pyOUZBnkejRw1f+UPlJ+EK9xy68ez8uQdPvHe/s3c+CDo0foYAplcMwYWKl/wQhzqiz2oEfgdjZR4XTsIVgxbbpgFJTPIB3V/UaGheb47X1HgFeOjeVhygdUE46V/JlPXVMcjZF4ul5ps8sVEzj3ZfBC741sKkbV3HCTJVMI2yL2PyhjIA0N/bEQ+E9/+bndE7XGUOGxA+/kq3kPMwHc5FZVLh9hEOrj0xTAKJph6&u=U2FsdGVkX18HVS3F/LXPDzxUOy1RyHZCcM7OtwR0qHQaadxv9BWAcyfDkKXBTXwE&y=U2FsdGVkX1+6zALkb6tzYx2wCI9eTOlyYwod+OAWvJXiyDQm7bpM7snn0a9Mibfz HTTP/1.1" 200 26
186.102.3.50 - - [09/Dec/2022:05:11:51 -0500] "GET /kwssiamovil/sm/acme/a?s=U2FsdGVkX19ItHwK19c8Zk+arOmF/uVE0c9tE121yfgrV37q5Z4/MeW39YvHvOwx5/okp5g5aKu5/5s2OsFYJFbAQXge/BUmoJya6NyjCV0EaXi1UxXUYWrZJX9ng4TsB+igqVNSC15+IDPo398CSDLzKPHIFkMW4vjVi98bBhE=&u=U2FsdGVkX18HVS3F/LXPDzxUOy1RyHZCcM7OtwR0qHQaadxv9BWAcyfDkKXBTXwE&y=U2FsdGVkX1+6zALkb6tzYx2wCI9eTOlyYwod+OAWvJXiyDQm7bpM7snn0a9Mibfz HTTP/1.1" 200 26
186.102.3.50 - - [09/Dec/2022:05:11:51 -0500] "GET /kwssiamovil/sm/acme/a?s=U2FsdGVkX18xW0+mvmwWZyVmsboKbMcQSQfnAe34rm0wcG4w5u8BdEs6MSTpoDjU9OFvXTuvhStFl04sL7Qdn5d0M9wu73P+tGArLRPaSoRj/thB0gsxIw7SsKD2eDc4CiqNOXVAqbKPr2CZeC4T+mlFDDf2Puc1lilaAYDI9qA=&u=U2FsdGVkX18HVS3F/LXPDzxUOy1RyHZCcM7OtwR0qHQaadxv9BWAcyfDkKXBTXwE&y=U2FsdGVkX1+6zALkb6tzYx2wCI9eTOlyYwod+OAWvJXiyDQm7bpM7snn0a9Mibfz HTTP/1.1" 200 26
186.102.3.50 - - [09/Dec/2022:05:11:51 -0500] "GET /kwssiamovil/sm/acme/a?s=U2FsdGVkX1/Yx9C/+GPv68FyYLEc0Nbh9LHPaAC9RjI0g4eKo44gpoWwPdzTYzdbiFZ+2ckDI6J0EOO14+LLcHnhczZX9T+RZLTHQza4zll7f+d360y7H/YzC26QbUWivPNMdMKT++n+ZVXbhYXFdL6G9wy9oVHLDPj5o8EEUxw=&u=U2FsdGVkX18HVS3F/LXPDzxUOy1RyHZCcM7OtwR0qHQaadxv9BWAcyfDkKXBTXwE&y=U2FsdGVkX1+6zALkb6tzYx2wCI9eTOlyYwod+OAWvJXiyDQm7bpM7snn0a9Mibfz HTTP/1.1" 200 26
186.102.3.50 - - [09/Dec/2022:05:11:51 -0500] "GET /kwssiamovil/sm/acme/a?s=U2FsdGVkX1/26UOH73BO60XPYCUi/gIuAiFr9v2UUVaUWF73T7M+zwiWRwif9WFBnPjq4JfvGWFuC7sMwYvkUpGPNitoM13Z8zO/X034tKJdmVyqy/wFsoYzELd5g4qoXtk0E2pcry41mzGY43BUIjuttpRmEzGdwXxv2z+dnsDLc7da+iUEJQQum0Wj45tNOpS2MPCdL2R+47eJq1OcbA==&u=U2FsdGVkX18HVS3F/LXPDzxUOy1RyHZCcM7OtwR0qHQaadxv9BWAcyfDkKXBTXwE&y=U2FsdGVkX1+6zALkb6tzYx2wCI9eTOlyYwod+OAWvJXiyDQm7bpM7snn0a9Mibfz HTTP/1.1" 200 26
66.249.66.85 - - [09/Dec/2022:05:12:06 -0500] "GET /BLA/resoluciones/AUTOS%202016/0512.pdf HTTP/1.1" 200 772296
201.245.192.253 - - [09/Dec/2022:05:12:22 -0500] "POST /kwsrmcab/Wsrmcab  HTTP/1.1" 200 43162
114.119.155.50 - - [09/Dec/2022:05:12:50 -0500] "GET /BLA/resoluciones/RESOLUCIONES%202010/4150.pdf HTTP/1.1" 200 755481
20.241.233.77 - - [09/Dec/2022:05:13:05 -0500] "-" 408 -
216.245.221.92 - - [09/Dec/2022:05:13:15 -0500] "HEAD / HTTP/1.1" 200 -
172.22.2.4 - - [09/Dec/2022:05:12:44 -0500] "HEAD /BLA/boletinlegal/ HTTP/1.1" 200 -
172.22.2.4 - - [09/Dec/2022:05:13:35 -0500] "GET /BLA/boletinlegal/ HTTP/1.1" 200 59035
114.119.140.217 - - [09/Dec/2022:05:15:30 -0500] "GET /BLA/resoluciones/RESOLUCIONES%202010/2522.pdf HTTP/1.1" 200 298415
66.249.66.87 - - [09/Dec/2022:05:16:20 -0500] "GET /BLA/resoluciones/Autos%202008/0325.pdf HTTP/1.1" 200 156369
201.245.192.253 - - [09/Dec/2022:05:17:21 -0500] "POST /kwsrmcab/Wsrmcab  HTTP/1.1" 200 43162
216.245.221.92 - - [09/Dec/2022:05:18:15 -0500] "HEAD / HTTP/1.1" 200 -
114.119.133.165 - - [09/Dec/2022:05:18:52 -0500] "GET /BLA/resoluciones/RESOLUCIONES%202010/2283.pdf HTTP/1.1" 200 37354
186.102.3.50 - - [09/Dec/2022:05:19:54 -0500] "GET /kwssiamovil/sm/acme/a?s=U2FsdGVkX190kZ2Ck+9aZEu2EHqIdE8Vm9M+GIN/gFIbs6VT0Qpsn/Mkpba3yTXzeDNk0nNnjqdRKp+IVPVvLC+Swi7WWpy374rPAcsUmLLFZRaE0hiWk9v3i4y/okDETvvsXk2F67Qeee856IG6culuTrZMrnxGju2Q2UdPe1In69y+4FlG/zG223Td4WHD/gBPezPjbNUg1Jqdzy1WaBPMTiYgF54koujHdjTRXOn7w453kq/uvdbQa95KnHaR5c+6R3wggdNJd2iz4lJD/g==&u=U2FsdGVkX18HVS3F/LXPDzxUOy1RyHZCcM7OtwR0qHQaadxv9BWAcyfDkKXBTXwE&y=U2FsdGVkX1+6zALkb6tzYx2wCI9eTOlyYwod+OAWvJXiyDQm7bpM7snn0a9Mibfz HTTP/1.1" 200 26
186.102.3.50 - - [09/Dec/2022:05:19:54 -0500] "GET /kwssiamovil/sm/acme/a?s=U2FsdGVkX18lUWnOU2pz1cwxbpF2J9GiAYk717KTJ7LwxGORcHzcT014zQw+mvzwrjosOIrqElB356s0mtIxM4XE4qWrQV5jZXmbMfzW3HlMoMiVbT/IJYvnUeWOfZYcPVJKuUFgxIli2c82GCZiIuMmvXIar4RMEAulmEK7ghwQOzF9MgUzRnDJ3y5TJpZRxznH6Iw5Ym9InXYlinyIHtDv9Ox5/youM5FW7VV6g93OyFwKPk98mdqCwQWHAcEhv3LkEDbXWgF2pUpnQsMTNr+l2w6IEtelS4phkHpIu8Hm7zgiirJ6JQT1Xgj/8zEHHOcOMJq4tYSHXnxjH8BtbUnNzasRgCxKXOfMG+9kOggIPCFYmV/CwxXWyYkOBQs4tJD8divpYLkJRnOdPg24/JxhF2A3wRHdIUQVTqNiXxGkExFtWXONiRWly97IwOVMg7nwrdr7Lsubjd+2RrOkzDMd8L+XM8afIWhkCUeD33/eiQ9ZCj2/ZDYaDrNRIc1ASBRpFyYiRfm0iLgTOcYhQhAyL3rg7p/ZvSpp9T5C0SYrp3+S1n4azTJTaUGsG4rAl6gy+Xm0crjc69T/+AsRjaF5iSxrwr0Fwc1mcR/hpmGOFVRNYyTS/lh++62z4NzFQcxJDv9oGhggF6koDHY4aRC2Of/kpNDpTE2HXrPT9grjxbc5qUcz1gJRKRHTQhA45j4j9eCcDMGxCGVKiLEZgYUOlx2uKmKCgRLoOtSHV2R80w5Sl1LYzFXmiLHqOVcC1aKCjd7aSx2AB7dpYsyoiw3SurujNGD56B1P2KRXMRzDGoOlGdzeZBcmyypWXRoO9fwPah83xefnjmLtCbYYPfnrShivtIv3/4q8nCo2JzpniYof+FcTBWqUSSxhO5HiXOzbCp6FTJzDqSSluGQfyTUOQV79ZR2j8PkghxdC7NUFhWSaknXpo1FMrY1gj6sc4AMHyCea/S5ZV33NEr7CaBwjdG7jZDzKw4nrTLFsA0U6gF0oVH7Smu3RfkmRycNv4ywyo/zvNipPc4xEwEZ7rR8/PHgyLtMV9jiOzynekG32X4FZb4Lt6J4yppUhWjWtuYf7a6bquoJBF+f5HqIDJmrtKQAd0gcAe/D+CIj+wM0P1VPkWLxu2RZwcBVPT/RU1Wqbpgmi4fU3H2ak5GMmdi4pqc2dt1qqCnx1uISUStsPsCOSHtIsRWnpzSDXLv1QVrOcw+5ElrZdXDUBSvNGJkgxuYvn7U5bf6z3YPaSl0CZ9u3sYoP5xwGgHg7fajm8X3Rdj+8328CllNJZDOEZIwsnNASz1wVZX5K/Bc6UweM=&u=U2FsdGVkX18HVS3F/LXPDzxUOy1RyHZCcM7OtwR0qHQaadxv9BWAcyfDkKXBTXwE&y=U2FsdGVkX1+6zALkb6tzYx2wCI9eTOlyYwod+OAWvJXiyDQm7bpM7snn0a9Mibfz HTTP/1.1" 200 26
186.102.3.50 - - [09/Dec/2022:05:19:54 -0500] "GET /kwssiamovil/sm/acme/a?s=U2FsdGVkX18NWSAG0Rpg0MkerVULnDnNTjroVcSbSPGrD4PjgVGDczPYmiRamk1D/QAGU8/F5EzW8aJ3QTcKzMVwdHOktruHu+SLn0tyvoTbckCoFBOC/uRZqTAfifbQSS9hyBMXbBk8xuPBV7uvj7Zb8kYc6FJkkX5dvwrQVNI=&u=U2FsdGVkX18HVS3F/LXPDzxUOy1RyHZCcM7OtwR0qHQaadxv9BWAcyfDkKXBTXwE&y=U2FsdGVkX1+6zALkb6tzYx2wCI9eTOlyYwod+OAWvJXiyDQm7bpM7snn0a9Mibfz HTTP/1.1" 200 26
186.102.3.50 - - [09/Dec/2022:05:19:54 -0500] "GET /kwssiamovil/sm/acme/a?s=U2FsdGVkX1+4Bly9x6KYVLj1Bf0w4kvNicvL78xSXNhahi7Vko18VfZ2x8px1CW5TqV30s2vF5zT7Cc0WaMs9Do6ass9sYP7WMYfqtfEeFFiMs9O9rpz2vQ7Egp2ZsvESawMSxomNX2a9Aa3QQdR68moxm/ffqxEmj/aw83jSKg=&u=U2FsdGVkX18HVS3F/LXPDzxUOy1RyHZCcM7OtwR0qHQaadxv9BWAcyfDkKXBTXwE&y=U2FsdGVkX1+6zALkb6tzYx2wCI9eTOlyYwod+OAWvJXiyDQm7bpM7snn0a9Mibfz HTTP/1.1" 200 26
186.102.3.50 - - [09/Dec/2022:05:19:54 -0500] "GET /kwssiamovil/sm/acme/a?s=U2FsdGVkX1//FV9jvWYd+BKNcgkuK1Z6LYP9tVe3ii4B47lL2FC+ProKEi3WE3KHc5J1EmpQFrG/3j7Pwdxo2R9gDP11ZjN4rHlyzAYh7/iv9fImvn8qyDHM1uaAGIDhtcyBpIJN8HM6WI/aGYxeyjatL7dAv9aMgMnhrPry51o=&u=U2FsdGVkX18HVS3F/LXPDzxUOy1RyHZCcM7OtwR0qHQaadxv9BWAcyfDkKXBTXwE&y=U2FsdGVkX1+6zALkb6tzYx2wCI9eTOlyYwod+OAWvJXiyDQm7bpM7snn0a9Mibfz HTTP/1.1" 200 26
186.102.3.50 - - [09/Dec/2022:05:19:55 -0500] "GET /kwssiamovil/sm/acme/a?s=U2FsdGVkX19pisUMlgiv270nibbIJYFdsy+W9nEiHT/kUMjFopGqQ2rkjsD+Wrj2hytSI0FT6IRfdKIDRmpmsBOi/pVTeV8V6IUC+fs25GbmW1uR4qahG+4DBRcKS1XxxsCOQDV7Rsx043AJPJ1hbCsv9xjR9sn0KDtX0SK+wTZ6u0baJoVbvArY7sNlr2XCqH6P2+fy8DyfJ1lPajPD/A==&u=U2FsdGVkX18HVS3F/LXPDzxUOy1RyHZCcM7OtwR0qHQaadxv9BWAcyfDkKXBTXwE&y=U2FsdGVkX1+6zALkb6tzYx2wCI9eTOlyYwod+OAWvJXiyDQm7bpM7snn0a9Mibfz HTTP/1.1" 200 26
172.22.2.4 - - [09/Dec/2022:05:18:34 -0500] "HEAD /BLA/boletinlegal/ HTTP/1.1" 200 -
201.245.192.253 - - [09/Dec/2022:05:20:39 -0500] "POST /kwsrmcab/Wsrmcab HTTP/1.1" 502 1155
201.245.192.253 - - [09/Dec/2022:05:20:39 -0500] "POST /kwsrmcab/Wsrmcab HTTP/1.1" 200 44102
172.22.2.4 - - [09/Dec/2022:05:19:25 -0500] "GET /BLA/boletinlegal/ HTTP/1.1" 200 57192
114.119.129.244 - - [09/Dec/2022:05:22:09 -0500] "GET /BLA/resoluciones/RESOLUCIONES%202010/2197.pdf HTTP/1.1" 200 524427
201.245.192.253 - - [09/Dec/2022:05:22:20 -0500] "POST /kwsrmcab/Wsrmcab  HTTP/1.1" 200 43162
216.245.221.92 - - [09/Dec/2022:05:23:15 -0500] "HEAD / HTTP/1.1" 200 -
172.22.2.4 - - [09/Dec/2022:05:24:24 -0500] "HEAD /BLA/boletinlegal/ HTTP/1.1" 200 -
114.119.145.68 - - [09/Dec/2022:05:26:21 -0500] "GET /BLA/resoluciones/RESOLUCIONES%202010/2043.pdf HTTP/1.1" 200 55274
172.22.2.4 - - [09/Dec/2022:05:25:15 -0500] "GET /BLA/boletinlegal/ HTTP/1.1" 200 57824
201.245.192.253 - - [09/Dec/2022:05:27:20 -0500] "POST /kwsrmcab/Wsrmcab  HTTP/1.1" 200 43162
216.245.221.92 - - [09/Dec/2022:05:28:15 -0500] "HEAD / HTTP/1.1" 200 -
185.119.81.108 - - [09/Dec/2022:05:28:23 -0500] "GET /portaldeninos/wp-login.php HTTP/1.1" 200 2592
185.119.81.108 - - [09/Dec/2022:05:28:24 -0500] "POST /portaldeninos/wp-login.php HTTP/1.1" 200 3605
173.252.95.17 - - [09/Dec/2022:05:30:05 -0500] "GET /images/reunion-planta-termovalorizacion-11-mayo.jpg HTTP/1.1" 200 34782
201.245.192.253 - - [09/Dec/2022:05:30:30 -0500] "POST /kwsrmcab/Wsrmcab HTTP/1.1" 200 43623
201.245.192.253 - - [09/Dec/2022:05:30:33 -0500] "POST /kwsrmcab/Wsrmcab HTTP/1.1" 200 44102
172.22.2.4 - - [09/Dec/2022:05:30:14 -0500] "HEAD /BLA/boletinlegal/ HTTP/1.1" 200 -
95.217.144.245 - - [09/Dec/2022:05:31:56 -0500] "-" 408 -
201.245.192.253 - - [09/Dec/2022:05:32:19 -0500] "POST /kwsrmcab/Wsrmcab  HTTP/1.1" 200 43162
172.22.2.4 - - [09/Dec/2022:05:31:05 -0500] "GET /BLA/boletinlegal/ HTTP/1.1" 200 55272
216.245.221.92 - - [09/Dec/2022:05:33:15 -0500] "HEAD / HTTP/1.1" 200 -
172.22.2.4 - - [09/Dec/2022:05:34:48 -0500] "GET /BLA/boletinlegal/Circulares/2022/CIRCULAR%20No.%2000009%20DEL%2010%20DE%20OCTUBRE%20DEL%202022.pdf HTTP/1.1" 200 292772
114.119.142.243 - - [09/Dec/2022:05:35:21 -0500] "GET /BLA/resoluciones/RESOLUCIONES%202010/1911.pdf HTTP/1.1" 200 588084
173.252.79.16 - - [09/Dec/2022:05:36:40 -0500] "GET /images/cr\xc3\xb3nica-29-nov-1_optimized.jpeg HTTP/1.1" 404 1034
173.252.95.5 - - [09/Dec/2022:05:36:43 -0500] "GET /images/cr\xc3\xb3nica-29-nov-1_optimized.jpeg HTTP/1.1" 404 1034
201.245.192.253 - - [09/Dec/2022:05:37:18 -0500] "POST /kwsrmcab/Wsrmcab  HTTP/1.1" 200 43162
185.119.81.99 - - [09/Dec/2022:05:37:26 -0500] "GET /portaldeninos/wp-login.php HTTP/1.1" 200 2592
185.119.81.99 - - [09/Dec/2022:05:37:27 -0500] "POST /portaldeninos/wp-login.php HTTP/1.1" 200 3650
172.22.2.4 - - [09/Dec/2022:05:36:04 -0500] "HEAD /BLA/boletinlegal/ HTTP/1.1" 200 -
114.119.152.73 - - [09/Dec/2022:05:38:08 -0500] "GET /BLA/resoluciones/RESOLUCIONES%202010/1894.pdf HTTP/1.1" 200 523289
216.245.221.92 - - [09/Dec/2022:05:38:15 -0500] "HEAD / HTTP/1.1" 200 -
172.22.2.4 - - [09/Dec/2022:05:36:55 -0500] "GET /BLA/boletinlegal/ HTTP/1.1" 200 59035
201.245.192.253 - - [09/Dec/2022:05:40:30 -0500] "POST /kwsrmcab/Wsrmcab HTTP/1.1" 200 43623
201.245.192.253 - - [09/Dec/2022:05:40:33 -0500] "POST /kwsrmcab/Wsrmcab HTTP/1.1" 200 44102
114.119.133.78 - - [09/Dec/2022:05:41:03 -0500] "GET /BLA/resoluciones/RESOLUCIONES%202010/1882.pdf HTTP/1.1" 200 354232
201.245.192.253 - - [09/Dec/2022:05:42:17 -0500] "POST /kwsrmcab/Wsrmcab  HTTP/1.1" 200 43162
114.119.131.136 - - [09/Dec/2022:05:43:12 -0500] "GET /BLA/resoluciones/RESOLUCIONES%202010/1612.pdf HTTP/1.1" 200 444532
216.245.221.92 - - [09/Dec/2022:05:43:25 -0500] "HEAD / HTTP/1.1" 200 -
172.22.2.4 - - [09/Dec/2022:05:41:54 -0500] "HEAD /BLA/boletinlegal/ HTTP/1.1" 200 -
157.55.39.39 - - [09/Dec/2022:05:44:02 -0500] "GET /BLA/resoluciones/RESOLUCIONES%202004/RES%202004%202101-2150/00002125.tif HTTP/1.1" 200 26132
172.22.2.4 - - [09/Dec/2022:05:42:45 -0500] "GET /BLA/boletinlegal/ HTTP/1.1" 200 52453
66.249.64.73 - - [09/Dec/2022:05:44:32 -0500] "GET /portaldeninos/ HTTP/1.1" 200 110197
172.22.2.4 - - [09/Dec/2022:05:44:54 -0500] "GET /BLA/boletinlegal/Circulares/2013/Circular%20No.%202%20del%2022%20de%20enero%20de%202013.pdf HTTP/1.1" 304 -
172.22.2.4 - - [09/Dec/2022:05:45:13 -0500] "GET /BLA/boletinlegal/.env HTTP/1.1" 404 1018
207.46.13.194 - - [09/Dec/2022:05:45:40 -0500] "GET /BLA/resoluciones/AUTOS%202022/4081.pdf HTTP/1.1" 304 -
114.119.159.169 - - [09/Dec/2022:05:45:50 -0500] "GET /BLA/resoluciones/RESOLUCIONES%202019/0427.pdf HTTP/1.1" 200 265237
69.171.249.20 - - [09/Dec/2022:05:46:58 -0500] "GET /images/Entrenubes%201%20(1)%20(1).jpeg HTTP/1.1" 200 70096
201.245.192.253 - - [09/Dec/2022:05:47:16 -0500] "POST /kwsrmcab/Wsrmcab  HTTP/1.1" 200 43162
69.171.249.117 - - [09/Dec/2022:05:47:23 -0500] "GET /images/Acuerdos%2001%20(1)%20(1).jpeg HTTP/1.1" 200 32884
69.171.249.9 - - [09/Dec/2022:05:47:23 -0500] "GET /images/Musgo%20SDA%20(1)%20(1).png HTTP/1.1" 200 302122
216.245.221.92 - - [09/Dec/2022:05:48:15 -0500] "HEAD / HTTP/1.1" 200 -
114.119.159.177 - - [09/Dec/2022:05:48:26 -0500] "GET /BLA/resoluciones/RESOLUCIONES%202011/0025.pdf HTTP/1.1" 200 848971
185.119.81.99 - - [09/Dec/2022:05:48:41 -0500] "GET /portaldeninos/wp-login.php HTTP/1.1" 200 2592
185.119.81.99 - - [09/Dec/2022:05:48:42 -0500] "POST /portaldeninos/wp-login.php HTTP/1.1" 200 3605
172.22.2.4 - - [09/Dec/2022:05:47:44 -0500] "HEAD /BLA/boletinlegal/ HTTP/1.1" 200 -
172.22.2.4 - - [09/Dec/2022:05:48:35 -0500] "GET /BLA/boletinlegal/ HTTP/1.1" 200 57192
107.172.77.44 - - [09/Dec/2022:05:50:37 -0500] "GET /distrito-realiza-las-primeras-vasectomias-a-palomas-de-plaza.html HTTP/1.1" 200 958
114.119.128.127 - - [09/Dec/2022:05:51:00 -0500] "GET /BLA/resoluciones/RESOLUCIONES%202010/7746.pdf HTTP/1.1" 200 507170
66.249.66.87 - - [09/Dec/2022:05:52:14 -0500] "GET /pdc/actos/569.pdf HTTP/1.1" 200 902626
201.245.192.253 - - [09/Dec/2022:05:52:14 -0500] "POST /kwsrmcab/Wsrmcab  HTTP/1.1" 200 43162
216.245.221.92 - - [09/Dec/2022:05:53:15 -0500] "HEAD / HTTP/1.1" 200 -
172.22.2.4 - - [09/Dec/2022:05:53:34 -0500] "HEAD /BLA/boletinlegal/ HTTP/1.1" 200 -
114.119.150.94 - - [09/Dec/2022:05:55:20 -0500] "GET /BLA/resoluciones/RESOLUCIONES%202010/6394.pdf HTTP/1.1" 200 485650
172.22.2.4 - - [09/Dec/2022:05:54:25 -0500] "GET /BLA/boletinlegal/ HTTP/1.1" 200 53739
114.119.152.54 - - [09/Dec/2022:05:57:04 -0500] "GET /BLA/resoluciones/RESOLUCIONES%202010/5142.pdf HTTP/1.1" 200 463173
201.245.192.253 - - [09/Dec/2022:05:57:14 -0500] "POST /kwsrmcab/Wsrmcab  HTTP/1.1" 502 1155
168.119.52.80 - - [09/Dec/2022:05:57:47 -0500] "GET / HTTP/1.1" 200 319
201.245.192.253 - - [09/Dec/2022:05:58:12 -0500] "POST /kwsrmcab/Wsrmcab  HTTP/1.1" 200 43162
216.245.221.92 - - [09/Dec/2022:05:58:15 -0500] "HEAD / HTTP/1.1" 200 -
201.245.192.253 - - [09/Dec/2022:05:59:11 -0500] "POST /kwsrmcab/Wsrmcab  HTTP/1.1" 200 43162
172.22.2.4 - - [09/Dec/2022:05:59:24 -0500] "HEAD /BLA/boletinlegal/ HTTP/1.1" 200 -
172.22.2.4 - - [09/Dec/2022:06:00:15 -0500] "GET /BLA/boletinlegal/ HTTP/1.1" 200 56825
114.119.141.79 - - [09/Dec/2022:06:02:33 -0500] "GET /BLA/resoluciones/RESOLUCIONES%202010/3807.pdf HTTP/1.1" 200 553855
216.245.221.92 - - [09/Dec/2022:06:03:15 -0500] "HEAD / HTTP/1.1" 200 -
201.245.192.253 - - [09/Dec/2022:06:04:10 -0500] "POST /kwsrmcab/Wsrmcab  HTTP/1.1" 200 43162
185.119.81.99 - - [09/Dec/2022:06:05:26 -0500] "GET /portaldeninos/wp-login.php HTTP/1.1" 200 2592
185.119.81.99 - - [09/Dec/2022:06:05:27 -0500] "POST /portaldeninos/wp-login.php HTTP/1.1" 200 3670
114.119.129.205 - - [09/Dec/2022:06:05:52 -0500] "GET /BLA/resoluciones/RESOLUCIONES%202010/3408.pdf HTTP/1.1" 200 267893
145.255.12.135 - - [09/Dec/2022:06:05:52 -0500] "GET / HTTP/1.1" 200 319
172.22.2.4 - - [09/Dec/2022:06:05:14 -0500] "HEAD /BLA/boletinlegal/ HTTP/1.1" 200 -
172.22.2.4 - - [09/Dec/2022:06:06:05 -0500] "GET /BLA/boletinlegal/ HTTP/1.1" 200 59404
216.245.221.92 - - [09/Dec/2022:06:08:15 -0500] "HEAD / HTTP/1.1" 200 -
168.119.253.32 - - [09/Dec/2022:06:08:32 -0500] "GET / HTTP/1.1" 200 319
201.245.192.253 - - [09/Dec/2022:06:09:09 -0500] "POST /kwsrmcab/Wsrmcab  HTTP/1.1" 502 1155
114.119.142.212 - - [09/Dec/2022:06:09:49 -0500] "GET /BLA/resoluciones/RESOLUCIONES%202010/3249.pdf HTTP/1.1" 200 757121
201.245.192.253 - - [09/Dec/2022:06:10:08 -0500] "POST /kwsrmcab/Wsrmcab  HTTP/1.1" 200 43162
201.245.192.253 - - [09/Dec/2022:06:11:09 -0500] "POST /kwsrmcab/Wsrmcab  HTTP/1.1" 200 43162
64.124.8.47 - - [09/Dec/2022:06:11:12 -0500] "GET /portaldeninos/humedal-la-conejera-2/ HTTP/1.1" 200 88020
168.119.253.85 - - [09/Dec/2022:06:12:11 -0500] "GET / HTTP/1.1" 200 319
64.124.8.47 - - [09/Dec/2022:06:11:51 -0500] "GET /robots.txt HTTP/1.1" 404 1035
172.22.2.4 - - [09/Dec/2022:06:11:04 -0500] "HEAD /BLA/boletinlegal/ HTTP/1.1" 200 -
172.22.2.4 - - [09/Dec/2022:06:12:53 -0500] "GET /BLA/boletinlegal/jurisprudencia/analisis/AnalisisT-095-16.docx HTTP/1.1" 304 -
216.245.221.92 - - [09/Dec/2022:06:13:15 -0500] "HEAD / HTTP/1.1" 200 -
114.119.152.119 - - [09/Dec/2022:06:13:27 -0500] "GET /BLA/resoluciones/RESOLUCIONES%202010/2677.pdf HTTP/1.1" 200 377918
172.22.2.4 - - [09/Dec/2022:06:11:55 -0500] "GET /BLA/boletinlegal/ HTTP/1.1" 200 57192
201.245.192.253 - - [09/Dec/2022:06:16:08 -0500] "POST /kwsrmcab/Wsrmcab  HTTP/1.1" 200 43162
157.55.39.105 - - [09/Dec/2022:06:18:02 -0500] "GET /images/pieza-residuos-hospitalarios-11-febrero.jpg HTTP/1.1" 200 38755
114.119.136.254 - - [09/Dec/2022:06:18:13 -0500] "GET /BLA/resoluciones/RESOLUCIONES%202010/1185.pdf HTTP/1.1" 200 96897
216.245.221.92 - - [09/Dec/2022:06:18:15 -0500] "HEAD / HTTP/1.1" 200 -
172.22.2.4 - - [09/Dec/2022:06:16:54 -0500] "HEAD /BLA/boletinlegal/ HTTP/1.1" 200 -
172.22.2.4 - - [09/Dec/2022:06:17:45 -0500] "GET /BLA/boletinlegal/ HTTP/1.1" 200 59404
92.118.39.29 - - [09/Dec/2022:06:19:25 -0500] "GET / HTTP/1.1" 200 319
201.245.192.253 - - [09/Dec/2022:06:20:30 -0500] "POST /kwsrmcab/Wsrmcab HTTP/1.1" 200 43458
201.245.192.253 - - [09/Dec/2022:06:20:32 -0500] "POST /kwsrmcab/Wsrmcab HTTP/1.1" 200 44105
64.124.8.37 - - [09/Dec/2022:06:20:47 -0500] "GET /BLA/boletinlegal/documentos-importantes.php HTTP/1.1" 200 4829
201.245.192.253 - - [09/Dec/2022:06:21:07 -0500] "POST /kwsrmcab/Wsrmcab  HTTP/1.1" 200 43162
172.22.2.4 - - [09/Dec/2022:06:20:18 -0500] "HEAD /BLA/boletinlegal/ HTTP/1.1" 200 -
114.119.135.163 - - [09/Dec/2022:06:23:23 -0500] "GET /BLA/resoluciones/RESOLUCIONES%202010/1178.pdf HTTP/1.1" 200 98361
216.245.221.92 - - [09/Dec/2022:06:23:27 -0500] "HEAD / HTTP/1.1" 200 -
172.22.2.4 - - [09/Dec/2022:06:22:44 -0500] "HEAD /BLA/boletinlegal/ HTTP/1.1" 200 -
172.22.2.4 - - [09/Dec/2022:06:23:34 -0500] "GET /BLA/boletinlegal/ HTTP/1.1" 200 58185
201.245.192.253 - - [09/Dec/2022:06:26:06 -0500] "POST /kwsrmcab/Wsrmcab  HTTP/1.1" 200 43162
114.119.138.185 - - [09/Dec/2022:06:27:13 -0500] "GET /BLA/resoluciones/RESOLUCIONES%202010/1125.pdf HTTP/1.1" 200 51538
173.252.87.24 - - [09/Dec/2022:06:28:00 -0500] "GET /images/cr\xc3\xb3nica-29-nov-1_optimized.jpeg HTTP/1.1" 404 1034
216.245.221.92 - - [09/Dec/2022:06:28:15 -0500] "HEAD / HTTP/1.1" 200 -
167.94.138.61 - - [09/Dec/2022:06:28:19 -0500] "GET / HTTP/1.1" 200 319
167.94.138.61 - - [09/Dec/2022:06:28:19 -0500] "GET / HTTP/1.1" 200 319
167.94.138.61 - - [09/Dec/2022:06:28:19 -0500] "PRI * HTTP/2.0" 400 946
167.94.138.61 - - [09/Dec/2022:06:28:20 -0500] "GET /favicon.ico HTTP/1.1" 200 7782
40.77.167.14 - - [09/Dec/2022:06:28:59 -0500] "GET /BLA/resoluciones/RESOLUCIONES%202002/RES%202002%201951-1971/20021970.tif HTTP/1.1" 200 37562
114.119.166.63 - - [09/Dec/2022:06:29:49 -0500] "GET /BLA/resoluciones/RESOLUCIONES%202010/1096.pdf HTTP/1.1" 200 124586
172.22.2.4 - - [09/Dec/2022:06:28:34 -0500] "HEAD /BLA/boletinlegal/ HTTP/1.1" 200 -
201.245.192.253 - - [09/Dec/2022:06:30:30 -0500] "POST /kwsrmcab/Wsrmcab HTTP/1.1" 502 1155
201.245.192.253 - - [09/Dec/2022:06:30:30 -0500] "POST /kwsrmcab/Wsrmcab HTTP/1.1" 200 44105
172.22.2.4 - - [09/Dec/2022:06:29:25 -0500] "GET /BLA/boletinlegal/ HTTP/1.1" 200 55680
201.245.192.253 - - [09/Dec/2022:06:31:06 -0500] "POST /kwsrmcab/Wsrmcab  HTTP/1.1" 200 43162
173.252.83.7 - - [09/Dec/2022:06:31:08 -0500] "GET /images/cr\xc3\xb3nica-29-nov-1_optimized.jpeg HTTP/1.1" 404 1034
114.119.158.128 - - [09/Dec/2022:06:32:09 -0500] "GET /BLA/resoluciones/RESOLUCIONES%202010/0529.pdf HTTP/1.1" 200 431711
35.233.62.116 - - [09/Dec/2022:06:32:55 -0500] "GET / HTTP/1.1" 200 319
216.245.221.92 - - [09/Dec/2022:06:33:15 -0500] "HEAD / HTTP/1.1" 200 -
186.102.2.241 - - [09/Dec/2022:06:33:24 -0500] "GET /kwssiamovil/sm/acme/a?s=U2FsdGVkX1+PFOYzePpdMQA+dYROUhOkgJjLmbCwJxGkh6EpYtO3dbDkf6sMvNp1D+SasefmHO7mVjlyCsF+HOKsJRf66yx36ybmaKWlp45FzOE327EAqulCJLdI0uV1lCN+wo0ODxu5FcEFW99q3tg5T2PAim6rVc0AThH5GqZWDBbvOkcj3mTtmoSmDEzRd0c3ODOQE0B5cm4rbzoh2MFCRY30F8imEaZ3cgjB9aiSiWzkieGa7gGXwai8HcJqwGB6xSgSVAfXilHscoIGtQ==&u=U2FsdGVkX18gp41QMHIwjra4BHZbz9EsCPii+jGzhIM=&y=U2FsdGVkX1/tRb8TJXfz8ZUdf8VciL5c3cqVwulzjdi5BlBZo7kpvk0Cr65QCrzD HTTP/1.1" 200 26
