!C99Shell v. 1.0 pre-release build #13!

Software: Apache. PHP/5.5.15 

uname -a: Windows NT SVR-DMZ 6.1 build 7600 (Windows Server 2008 R2 Enterprise Edition) i586 

SYSTEM 

Safe-mode: OFF (not secure)

E:\nuevo\apache\logs\   drwxrwxrwx
Free 9.41 GB of 239.26 GB (3.93%)
Detected drives: [ a ] [ c ] [ d ] [ e ] [ f ]
Home    Back    Forward    UPDIR    Refresh    Search    Buffer    Encoder    Tools    Proc.    FTP brute    Sec.    SQL    PHP-code    Update    Feedback    Self remove    Logout    


Viewing file:     access.2022.12.11.log (613.44 KB)      -rw-rw-rw-
Select action/file-type:
(+) | (+) | (+) | Code (+) | Session (+) | (+) | SDB (+) | (+) | (+) | (+) | (+) | (+) |
201.245.192.253 - - [11/Dec/2022:00:00:07 -0500] "POST /kwsrmcab/Wsrmcab  HTTP/1.1" 200 43162
201.245.192.253 - - [11/Dec/2022:00:01:16 -0500] "POST /kwsrmcab/Wsrmcab  HTTP/1.1" 502 1155
40.77.189.146 - - [11/Dec/2022:00:01:34 -0500] "GET /galeria/nivo-slider/themes/default/default.css HTTP/1.1" 200 1569
40.77.188.37 - - [11/Dec/2022:00:01:34 -0500] "GET /galeria/nivo-slider/nivo-slider.css HTTP/1.1" 200 1507
40.77.189.248 - - [11/Dec/2022:00:01:34 -0500] "GET /galeria/nivo-slider/themes/orman/orman.css HTTP/1.1" 200 2152
40.77.190.4 - - [11/Dec/2022:00:01:34 -0500] "GET /galeria/nivo-slider/themes/pascal/pascal.css HTTP/1.1" 200 2258
40.77.188.37 - - [11/Dec/2022:00:01:35 -0500] "GET /galeria/nivo-slider/jquery.nivo.slider.pack.js HTTP/1.1" 200 11561
40.77.189.248 - - [11/Dec/2022:00:01:35 -0500] "GET /galeria/nivo-slider/demo/style.css HTTP/1.1" 200 2222
40.77.189.65 - - [11/Dec/2022:00:01:35 -0500] "GET /galeria/nivo-slider/demo/scripts/jquery-1.7.1.min.js HTTP/1.1" 200 93868
201.245.192.253 - - [11/Dec/2022:00:02:16 -0500] "POST /kwsrmcab/Wsrmcab  HTTP/1.1" 200 43162
172.22.2.4 - - [11/Dec/2022:00:00:39 -0500] "HEAD /BLA/boletinlegal/ HTTP/1.1" 200 -
172.22.2.4 - - [11/Dec/2022:00:01:30 -0500] "GET /BLA/boletinlegal/ HTTP/1.1" 200 57192
201.245.192.253 - - [11/Dec/2022:00:03:18 -0500] "POST /kwsrmcab/Wsrmcab  HTTP/1.1" 200 43162
216.245.221.92 - - [11/Dec/2022:00:04:19 -0500] "HEAD / HTTP/1.1" 200 -
172.22.2.4 - - [11/Dec/2022:00:06:29 -0500] "HEAD /BLA/boletinlegal/ HTTP/1.1" 200 -
201.245.192.253 - - [11/Dec/2022:00:08:16 -0500] "POST /kwsrmcab/Wsrmcab  HTTP/1.1" 200 43162
207.46.13.174 - - [11/Dec/2022:00:08:43 -0500] "GET /bla/resoluciones/notificaciones/autos%202017/04269.pdf HTTP/1.1" 304 -
172.22.2.4 - - [11/Dec/2022:00:07:20 -0500] "GET /BLA/boletinlegal/ HTTP/1.1" 200 59404
216.245.221.92 - - [11/Dec/2022:00:09:19 -0500] "HEAD / HTTP/1.1" 200 -
172.22.2.4 - - [11/Dec/2022:00:10:04 -0500] "GET /BLA/boletinlegal/ HTTP/1.1" 200 24523
201.245.192.253 - - [11/Dec/2022:00:13:15 -0500] "POST /kwsrmcab/Wsrmcab  HTTP/1.1" 200 43162
128.1.248.42 - - [11/Dec/2022:00:13:48 -0500] "GET / HTTP/1.1" 200 319
128.1.248.42 - - [11/Dec/2022:00:13:49 -0500] "HEAD /icons/sphere1.png HTTP/1.1" 200 -
128.1.248.42 - - [11/Dec/2022:00:13:49 -0500] "HEAD /icons/.%2e/%2e%2e/apache2/icons/sphere1.png HTTP/1.1" 400 -
128.1.248.42 - - [11/Dec/2022:00:13:49 -0500] "HEAD /icons/.%%32%65/.%%32%65/apache2/icons/sphere1.png HTTP/1.1" 400 -
128.1.248.42 - - [11/Dec/2022:00:13:50 -0500] "HEAD /icons/.%%32%65/.%%32%65/apache2/icons/non-existant-image.png HTTP/1.1" 400 -
172.22.2.4 - - [11/Dec/2022:00:12:19 -0500] "HEAD /BLA/boletinlegal/ HTTP/1.1" 200 -
216.245.221.92 - - [11/Dec/2022:00:14:19 -0500] "HEAD / HTTP/1.1" 200 -
172.22.2.4 - - [11/Dec/2022:00:13:10 -0500] "GET /BLA/boletinlegal/ HTTP/1.1" 200 55680
149.91.174.42 - - [11/Dec/2022:00:16:38 -0500] "GET /.env HTTP/1.1" 404 1018
149.91.174.42 - - [11/Dec/2022:00:16:38 -0500] "POST / HTTP/1.1" 200 319
172.22.2.4 - - [11/Dec/2022:00:17:50 -0500] "GET /BLA/boletinlegal/robots.txt HTTP/1.1" 404 1038
172.22.2.4 - - [11/Dec/2022:00:18:02 -0500] "GET /BLA/boletinlegal/actos.php HTTP/1.1" 200 9566
201.245.192.253 - - [11/Dec/2022:00:18:13 -0500] "POST /kwsrmcab/Wsrmcab  HTTP/1.1" 200 43162
216.245.221.92 - - [11/Dec/2022:00:19:19 -0500] "HEAD / HTTP/1.1" 200 -
199.16.157.181 - - [11/Dec/2022:00:19:29 -0500] "GET /no-uses-musgo-en-la-elaboracion-de-tu-pesebre.html HTTP/1.1" 200 846
199.16.157.181 - - [11/Dec/2022:00:19:29 -0500] "GET /images/Musgo%20SDA%20(1)%20(1).png HTTP/1.1" 200 302122
199.16.157.180 - - [11/Dec/2022:00:19:34 -0500] "GET /images/acuerdos-1_optimized.jpeg HTTP/1.1" 200 79514
172.22.2.4 - - [11/Dec/2022:00:18:09 -0500] "HEAD /BLA/boletinlegal/ HTTP/1.1" 200 -
201.245.192.253 - - [11/Dec/2022:00:20:21 -0500] "POST /kwsrmcab/Wsrmcab HTTP/1.1" 200 43466
201.245.192.253 - - [11/Dec/2022:00:20:24 -0500] "POST /kwsrmcab/Wsrmcab HTTP/1.1" 200 43932
172.22.2.4 - - [11/Dec/2022:00:18:59 -0500] "GET /BLA/boletinlegal/ HTTP/1.1" 200 57192
161.35.114.17 - - [11/Dec/2022:00:22:17 -0500] "HEAD / HTTP/1.1" 200 -
161.35.114.17 - - [11/Dec/2022:00:22:17 -0500] "GET /wp-login.php HTTP/1.1" 404 1199
161.35.114.17 - - [11/Dec/2022:00:22:18 -0500] "GET /wordpress/wp-login.php HTTP/1.1" 404 1199
161.35.114.17 - - [11/Dec/2022:00:22:18 -0500] "GET /blog/wp-login.php HTTP/1.1" 404 1199
161.35.114.17 - - [11/Dec/2022:00:22:18 -0500] "GET /wp/wp-login.php HTTP/1.1" 404 1199
168.119.61.24 - - [11/Dec/2022:00:22:31 -0500] "GET / HTTP/1.1" 200 319
162.55.166.12 - - [11/Dec/2022:00:22:32 -0500] "GET / HTTP/1.1" 200 319
201.245.192.253 - - [11/Dec/2022:00:23:15 -0500] "POST /kwsrmcab/Wsrmcab  HTTP/1.1" 200 43162
216.245.221.92 - - [11/Dec/2022:00:24:19 -0500] "HEAD / HTTP/1.1" 200 -
172.22.2.4 - - [11/Dec/2022:00:23:59 -0500] "HEAD /BLA/boletinlegal/ HTTP/1.1" 200 -
172.22.2.4 - - [11/Dec/2022:00:24:49 -0500] "GET /BLA/boletinlegal/ HTTP/1.1" 200 57192
173.252.79.9 - - [11/Dec/2022:00:27:09 -0500] "GET /images/Acuerdos1.jpeg HTTP/1.1" 200 59889
64.124.8.47 - - [11/Dec/2022:00:27:11 -0500] "-" 408 -
201.245.192.253 - - [11/Dec/2022:00:28:11 -0500] "POST /kwsrmcab/Wsrmcab  HTTP/1.1" 200 43162
216.245.221.92 - - [11/Dec/2022:00:29:19 -0500] "HEAD / HTTP/1.1" 200 -
201.245.192.253 - - [11/Dec/2022:00:30:21 -0500] "POST /kwsrmcab/Wsrmcab HTTP/1.1" 200 43466
201.245.192.253 - - [11/Dec/2022:00:30:24 -0500] "POST /kwsrmcab/Wsrmcab HTTP/1.1" 200 43932
172.22.2.4 - - [11/Dec/2022:00:29:49 -0500] "HEAD /BLA/boletinlegal/ HTTP/1.1" 200 -
40.77.167.15 - - [11/Dec/2022:00:32:01 -0500] "GET / HTTP/1.1" 200 319
172.22.2.4 - - [11/Dec/2022:00:30:39 -0500] "GET /BLA/boletinlegal/ HTTP/1.1" 200 54100
13.66.139.13 - - [11/Dec/2022:00:32:51 -0500] "-" 408 -
201.245.192.253 - - [11/Dec/2022:00:33:09 -0500] "POST /kwsrmcab/Wsrmcab  HTTP/1.1" 200 43162
162.221.192.26 - - [11/Dec/2022:00:33:32 -0500] "GET /portaldeninos/ HTTP/1.1" 200 110197
190.86.34.110 - - [11/Dec/2022:00:34:17 -0500] "-" 408 -
190.86.34.110 - - [11/Dec/2022:00:34:17 -0500] "-" 408 -
216.245.221.92 - - [11/Dec/2022:00:34:19 -0500] "HEAD / HTTP/1.1" 200 -
64.124.8.29 - - [11/Dec/2022:00:34:32 -0500] "GET /BLA/boletinlegal/documentos-importantes.php HTTP/1.1" 200 4829
184.105.139.89 - - [11/Dec/2022:00:35:43 -0500] "GET / HTTP/1.1" 200 319
89.187.182.17 - - [11/Dec/2022:00:36:11 -0500] "GET /wp-login.php HTTP/1.1" 404 1018
172.22.2.4 - - [11/Dec/2022:00:35:39 -0500] "HEAD /BLA/boletinlegal/ HTTP/1.1" 200 -
172.22.2.4 - - [11/Dec/2022:00:36:29 -0500] "GET /BLA/boletinlegal/ HTTP/1.1" 200 59404
201.245.192.253 - - [11/Dec/2022:00:38:08 -0500] "POST /kwsrmcab/Wsrmcab  HTTP/1.1" 200 43162
216.245.221.92 - - [11/Dec/2022:00:39:19 -0500] "HEAD / HTTP/1.1" 200 -
201.245.192.253 - - [11/Dec/2022:00:40:22 -0500] "POST /kwsrmcab/Wsrmcab HTTP/1.1" 200 43466
201.245.192.253 - - [11/Dec/2022:00:40:25 -0500] "POST /kwsrmcab/Wsrmcab HTTP/1.1" 200 43932
184.105.139.105 - - [11/Dec/2022:00:41:08 -0500] "GET /favicon.ico HTTP/1.1" 200 7782
207.46.13.194 - - [11/Dec/2022:00:41:48 -0500] "GET /BLA/resoluciones/RESOLUCIONES%202000/2000%20700-749.tif HTTP/1.1" 200 4710687
172.22.2.4 - - [11/Dec/2022:00:41:29 -0500] "HEAD /BLA/boletinlegal/ HTTP/1.1" 200 -
201.245.192.253 - - [11/Dec/2022:00:43:08 -0500] "POST /kwsrmcab/Wsrmcab  HTTP/1.1" 200 43162
172.22.2.4 - - [11/Dec/2022:00:42:19 -0500] "GET /BLA/boletinlegal/ HTTP/1.1" 200 57824
216.245.221.92 - - [11/Dec/2022:00:44:19 -0500] "HEAD / HTTP/1.1" 200 -
95.217.144.236 - - [11/Dec/2022:00:44:21 -0500] "-" 408 -
201.245.192.253 - - [11/Dec/2022:00:48:07 -0500] "POST /kwsrmcab/Wsrmcab  HTTP/1.1" 200 43162
172.22.2.4 - - [11/Dec/2022:00:47:19 -0500] "HEAD /BLA/boletinlegal/ HTTP/1.1" 200 -
216.245.221.92 - - [11/Dec/2022:00:49:19 -0500] "HEAD / HTTP/1.1" 200 -
172.22.2.4 - - [11/Dec/2022:00:48:09 -0500] "GET /BLA/boletinlegal/ HTTP/1.1" 200 58185
40.77.167.77 - - [11/Dec/2022:00:50:37 -0500] "GET /BLA/resoluciones/RESOLUCIONES%202000/2000%201500-1549.tif HTTP/1.1" 200 4831289
201.245.192.253 - - [11/Dec/2022:00:53:04 -0500] "POST /kwsrmcab/Wsrmcab  HTTP/1.1" 200 43162
185.119.81.99 - - [11/Dec/2022:00:53:53 -0500] "GET /portaldeninos/wp-login.php HTTP/1.1" 200 2592
185.119.81.99 - - [11/Dec/2022:00:53:54 -0500] "POST /portaldeninos/wp-login.php HTTP/1.1" 200 3670
216.245.221.92 - - [11/Dec/2022:00:54:28 -0500] "HEAD / HTTP/1.1" 200 -
172.22.2.4 - - [11/Dec/2022:00:53:09 -0500] "HEAD /BLA/boletinlegal/ HTTP/1.1" 200 -
172.22.2.4 - - [11/Dec/2022:00:53:59 -0500] "GET /BLA/boletinlegal/ HTTP/1.1" 200 57192
201.245.192.253 - - [11/Dec/2022:00:58:03 -0500] "POST /kwsrmcab/Wsrmcab  HTTP/1.1" 200 43162
216.245.221.92 - - [11/Dec/2022:00:59:19 -0500] "HEAD / HTTP/1.1" 200 -
172.22.2.4 - - [11/Dec/2022:00:58:59 -0500] "HEAD /BLA/boletinlegal/ HTTP/1.1" 200 -
114.119.154.14 - - [11/Dec/2022:01:01:20 -0500] "GET /BLA/resoluciones/RESOLUCIONES%202010/7647.pdf HTTP/1.1" 200 122758
172.22.2.4 - - [11/Dec/2022:00:59:49 -0500] "GET /BLA/boletinlegal/ HTTP/1.1" 200 57192
201.245.192.253 - - [11/Dec/2022:01:03:03 -0500] "POST /kwsrmcab/Wsrmcab  HTTP/1.1" 200 43162
157.55.39.212 - - [11/Dec/2022:01:03:29 -0500] "GET / HTTP/1.1" 200 319
216.245.221.92 - - [11/Dec/2022:01:04:19 -0500] "HEAD / HTTP/1.1" 200 -
172.22.2.4 - - [11/Dec/2022:01:04:49 -0500] "HEAD /BLA/boletinlegal/ HTTP/1.1" 200 -
172.22.2.4 - - [11/Dec/2022:01:05:39 -0500] "GET /BLA/boletinlegal/ HTTP/1.1" 200 52942
201.245.192.253 - - [11/Dec/2022:01:08:01 -0500] "POST /kwsrmcab/Wsrmcab  HTTP/1.1" 200 43162
216.245.221.92 - - [11/Dec/2022:01:09:19 -0500] "HEAD / HTTP/1.1" 200 -
172.22.2.4 - - [11/Dec/2022:01:08:00 -0500] "GET /BLA/boletinlegal/ HTTP/1.1" 200 62423
185.119.81.108 - - [11/Dec/2022:01:10:10 -0500] "GET /portaldeninos/wp-login.php HTTP/1.1" 200 2592
185.119.81.108 - - [11/Dec/2022:01:10:12 -0500] "POST /portaldeninos/wp-login.php HTTP/1.1" 200 3605
173.252.95.10 - - [11/Dec/2022:01:10:57 -0500] "GET /images/cr\xc3\xb3nica-29-nov-1_optimized.jpeg HTTP/1.1" 404 1034
173.252.95.11 - - [11/Dec/2022:01:10:57 -0500] "GET /images/cr\xc3\xb3nica-29-nov-1_optimized.jpeg HTTP/1.1" 404 1034
172.22.2.4 - - [11/Dec/2022:01:10:39 -0500] "HEAD /BLA/boletinlegal/ HTTP/1.1" 200 -
40.77.167.77 - - [11/Dec/2022:01:12:49 -0500] "GET /bla/resoluciones/resoluciones%202007/res%202007%202401%20al%202500/RESOLUCION%202488%20DE%202007.pdf HTTP/1.1" 200 387774
201.245.192.253 - - [11/Dec/2022:01:13:02 -0500] "POST /kwsrmcab/Wsrmcab  HTTP/1.1" 200 43162
172.22.2.4 - - [11/Dec/2022:01:11:29 -0500] "GET /BLA/boletinlegal/ HTTP/1.1" 200 59404
152.61.192.232 - - [11/Dec/2022:01:13:26 -0500] "GET / HTTP/1.1" 200 319
152.61.128.50 - - [11/Dec/2022:01:13:30 -0500] "GET / HTTP/1.1" 200 319
216.245.221.92 - - [11/Dec/2022:01:14:19 -0500] "HEAD / HTTP/1.1" 200 -
66.220.149.1 - - [11/Dec/2022:01:17:56 -0500] "GET /images/cr\xc3\xb3nica-29-nov-1_optimized.jpeg HTTP/1.1" 404 1034
201.245.192.253 - - [11/Dec/2022:01:18:00 -0500] "POST /kwsrmcab/Wsrmcab  HTTP/1.1" 200 43162
172.22.2.4 - - [11/Dec/2022:01:16:29 -0500] "HEAD /BLA/boletinlegal/ HTTP/1.1" 200 -
172.22.2.4 - - [11/Dec/2022:01:17:19 -0500] "GET /BLA/boletinlegal/ HTTP/1.1" 200 52942
216.245.221.92 - - [11/Dec/2022:01:19:19 -0500] "HEAD / HTTP/1.1" 200 -
201.245.192.253 - - [11/Dec/2022:01:20:21 -0500] "POST /kwsrmcab/Wsrmcab HTTP/1.1" 200 42564
172.22.2.4 - - [11/Dec/2022:01:20:25 -0500] "GET /BLA/boletinlegal/style.css HTTP/1.1" 200 9406
172.22.2.4 - - [11/Dec/2022:01:20:25 -0500] "GET /BLA/boletinlegal/styles2.css HTTP/1.1" 200 1838
172.22.2.4 - - [11/Dec/2022:01:20:25 -0500] "GET /BLA/boletinlegal/js/jquery.js HTTP/1.1" 200 57254
172.22.2.4 - - [11/Dec/2022:01:20:25 -0500] "GET /BLA/boletinlegal/js/jquery.scrollTo-min.js HTTP/1.1" 200 1150
172.22.2.4 - - [11/Dec/2022:01:20:25 -0500] "GET /BLA/boletinlegal/js/jquery.scrollShow.js HTTP/1.1" 200 4586
172.22.2.4 - - [11/Dec/2022:01:20:25 -0500] "GET /BLA/boletinlegal/images/subscribe-icon-big.png HTTP/1.1" 200 47702
172.22.2.4 - - [11/Dec/2022:01:20:25 -0500] "GET /BLA/boletinlegal/images/cabezote%20BLEGAL.jpg HTTP/1.1" 200 118164
172.22.2.4 - - [11/Dec/2022:01:20:25 -0500] "GET /BLA/boletinlegal/images/historia.png HTTP/1.1" 200 52775
172.22.2.4 - - [11/Dec/2022:01:20:25 -0500] "GET /BLA/boletinlegal/images/registro-usuarios.png HTTP/1.1" 200 8106
172.22.2.4 - - [11/Dec/2022:01:20:25 -0500] "GET /BLA/boletinlegal/images/arr_l.jpg HTTP/1.1" 200 1979
172.22.2.4 - - [11/Dec/2022:01:20:25 -0500] "GET /BLA/boletinlegal/images/menu_bg.jpg HTTP/1.1" 200 620
172.22.2.4 - - [11/Dec/2022:01:20:25 -0500] "GET /BLA/boletinlegal/images/menu_rght.gif HTTP/1.1" 200 1627
172.22.2.4 - - [11/Dec/2022:01:20:25 -0500] "GET /BLA/boletinlegal/images/hover.jpg HTTP/1.1" 200 640
172.22.2.4 - - [11/Dec/2022:01:20:25 -0500] "GET /BLA/boletinlegal/images/body_bg.jpg HTTP/1.1" 200 1601
172.22.2.4 - - [11/Dec/2022:01:20:25 -0500] "GET /BLA/boletinlegal/images/menu_lft.gif HTTP/1.1" 200 1713
172.22.2.4 - - [11/Dec/2022:01:20:25 -0500] "GET /BLA/boletinlegal/images/bg_top.jpg HTTP/1.1" 200 522
172.22.2.4 - - [11/Dec/2022:01:20:25 -0500] "GET /BLA/boletinlegal/images/text.jpg HTTP/1.1" 200 568
172.22.2.4 - - [11/Dec/2022:01:20:25 -0500] "GET /BLA/boletinlegal/images/screen_1.png HTTP/1.1" 200 202547
172.22.2.4 - - [11/Dec/2022:01:20:25 -0500] "GET /BLA/boletinlegal/images/launch.jpg HTTP/1.1" 200 14577
207.46.13.120 - - [11/Dec/2022:01:20:26 -0500] "GET /portaldeninos/wp-content/plugins/smart-slider-3/nextend/media/dist/nextend-frontend.min.js?1563274780 HTTP/1.1" 200 76980
172.22.2.4 - - [11/Dec/2022:01:20:26 -0500] "GET /BLA/boletinlegal/actos.php HTTP/1.1" 200 9566
172.22.2.4 - - [11/Dec/2022:01:20:27 -0500] "GET /BLA/boletinlegal/niceforms-default.css HTTP/1.1" 200 6694
172.22.2.4 - - [11/Dec/2022:01:20:27 -0500] "GET /BLA/boletinlegal/niceforms.js HTTP/1.1" 200 22876
172.22.2.4 - - [11/Dec/2022:01:20:27 -0500] "GET /BLA/boletinlegal/js/popup.js HTTP/1.1" 200 1270
172.22.2.4 - - [11/Dec/2022:01:20:27 -0500] "GET /BLA/boletinlegal/js/ajax_actos.js HTTP/1.1" 200 1322
172.22.2.4 - - [11/Dec/2022:01:20:27 -0500] "GET /BLA/boletinlegal/js/lib.js HTTP/1.1" 200 6474
172.22.2.4 - - [11/Dec/2022:01:20:27 -0500] "GET /BLA/boletinlegal/images/green-yellow-blue-pink-th.png HTTP/1.1" 200 7394
172.22.2.4 - - [11/Dec/2022:01:20:27 -0500] "GET /BLA/boletinlegal/js/jquery1.js HTTP/1.1" 200 29846
172.22.2.4 - - [11/Dec/2022:01:20:27 -0500] "GET /BLA/boletinlegal/images/tel.png HTTP/1.1" 200 14477
172.22.2.4 - - [11/Dec/2022:01:20:27 -0500] "GET /BLA/boletinlegal/images/icono-email.png HTTP/1.1" 200 5544
172.22.2.4 - - [11/Dec/2022:01:20:27 -0500] "GET /BLA/boletinlegal/images/footer_bg.jpg HTTP/1.1" 200 586
207.46.13.120 - - [11/Dec/2022:01:20:26 -0500] "GET /portaldeninos/wp-content/themes/betheme/assets/jplayer/jplayer.min.js?ver=20.9.6 HTTP/1.1" 200 52702
172.22.2.4 - - [11/Dec/2022:01:20:27 -0500] "GET /BLA/boletinlegal/images/footer_bg_l.jpg HTTP/1.1" 200 776
172.22.2.4 - - [11/Dec/2022:01:20:27 -0500] "GET /BLA/boletinlegal/img/0.png HTTP/1.1" 200 110
172.22.2.4 - - [11/Dec/2022:01:20:27 -0500] "GET /BLA/boletinlegal/img/select-left.png HTTP/1.1" 200 263
172.22.2.4 - - [11/Dec/2022:01:20:27 -0500] "GET /BLA/boletinlegal/img/button-left.png HTTP/1.1" 200 57071
172.22.2.4 - - [11/Dec/2022:01:20:27 -0500] "GET /BLA/boletinlegal/img/select-right.png HTTP/1.1" 200 44019
172.22.2.4 - - [11/Dec/2022:01:20:27 -0500] "GET /BLA/boletinlegal/img/button.png HTTP/1.1" 200 43241
172.22.2.4 - - [11/Dec/2022:01:20:27 -0500] "GET /BLA/boletinlegal/img/button-right.png HTTP/1.1" 200 57878
172.22.2.4 - - [11/Dec/2022:01:20:27 -0500] "GET /BLA/boletinlegal/favicon.ico HTTP/1.1" 404 1326
207.46.13.120 - - [11/Dec/2022:01:20:27 -0500] "GET /portaldeninos/wp-content/themes/betheme/js/plugins.js?ver=20.9.6 HTTP/1.1" 200 197151
207.46.13.120 - - [11/Dec/2022:01:20:28 -0500] "GET /portaldeninos/wp-includes/js/jquery/ui/sortable.min.js?ver=1.11.4 HTTP/1.1" 200 24899
201.245.192.253 - - [11/Dec/2022:01:20:26 -0500] "POST /kwsrmcab/Wsrmcab HTTP/1.1" 200 43764
207.46.13.120 - - [11/Dec/2022:01:20:28 -0500] "GET /portaldeninos/wp-includes/js/wp-emoji-release.min.js?ver=4.9.8 HTTP/1.1" 200 12026
181.53.12.7 - - [11/Dec/2022:01:20:29 -0500] "GET /BLA/resoluciones/ HTTP/1.1" 200 13093
181.53.12.7 - - [11/Dec/2022:01:20:29 -0500] "GET /BLA/resoluciones/dlf/styles.css HTTP/1.1" 200 3049
181.53.12.7 - - [11/Dec/2022:01:20:29 -0500] "GET /BLA/resoluciones/dlf/folder.png HTTP/1.1" 200 410
181.53.12.7 - - [11/Dec/2022:01:20:29 -0500] "GET /BLA/resoluciones/dlf/bg.gif HTTP/1.1" 200 54
181.53.12.7 - - [11/Dec/2022:01:20:33 -0500] "GET /BLA/resoluciones/dlf/dirup.png HTTP/1.1" 200 644
181.53.12.7 - - [11/Dec/2022:01:20:33 -0500] "GET /BLA/resoluciones/dlf/pdf.gif HTTP/1.1" 200 272
181.53.12.7 - - [11/Dec/2022:01:20:33 -0500] "GET /BLA/resoluciones/index.php?dir=RESOLUCIONES+2022%2F HTTP/1.1" 200 244599
181.53.12.7 - - [11/Dec/2022:01:20:35 -0500] "GET /BLA/resoluciones/index.php?dir=RESOLUCIONES%202022/&sort=date&order=asc HTTP/1.1" 200 244599
181.53.12.7 - - [11/Dec/2022:01:20:37 -0500] "GET /BLA/resoluciones/index.php?dir=RESOLUCIONES%202022/&sort=date&order=desc HTTP/1.1" 200 244598
181.53.12.7 - - [11/Dec/2022:01:20:40 -0500] "GET /BLA/resoluciones/RESOLUCIONES%202022/1980.pdf HTTP/1.1" 200 406828
181.53.12.7 - - [11/Dec/2022:01:20:41 -0500] "GET /BLA/resoluciones/RESOLUCIONES%202022/2788.pdf HTTP/1.1" 200 392561
181.53.12.7 - - [11/Dec/2022:01:20:43 -0500] "GET /BLA/resoluciones/RESOLUCIONES%202022/5214.pdf HTTP/1.1" 200 397249
181.53.12.7 - - [11/Dec/2022:01:20:44 -0500] "GET /BLA/resoluciones/RESOLUCIONES%202022/5213.pdf HTTP/1.1" 200 295247
181.53.12.7 - - [11/Dec/2022:01:20:45 -0500] "GET /BLA/resoluciones/RESOLUCIONES%202022/5211.pdf HTTP/1.1" 200 268527
181.53.12.7 - - [11/Dec/2022:01:20:47 -0500] "GET /BLA/resoluciones/RESOLUCIONES%202022/5212.pdf HTTP/1.1" 200 285556
181.53.12.7 - - [11/Dec/2022:01:20:49 -0500] "GET /BLA/resoluciones/RESOLUCIONES%202022/5209.pdf HTTP/1.1" 200 268158
181.53.12.7 - - [11/Dec/2022:01:20:50 -0500] "GET /BLA/resoluciones/RESOLUCIONES%202022/5210.pdf HTTP/1.1" 200 278704
157.55.39.212 - - [11/Dec/2022:01:20:50 -0500] "GET /portaldeninos/wp-content/plugins/gallery-videos/CSS/Total-Soft-Gallery-Video-Widget.css?ver=4.9.8 HTTP/1.1" 200 51554
157.55.39.212 - - [11/Dec/2022:01:20:51 -0500] "GET /portaldeninos/wp-content/plugins/gallery-videos/JS/modernizr.custom.js?ver=4.9.8 HTTP/1.1" 200 9019
157.55.39.212 - - [11/Dec/2022:01:20:51 -0500] "GET /portaldeninos/wp-content/themes/betheme/assets/jplayer/css/jplayer.blue.monday.css?ver=20.9.6 HTTP/1.1" 200 9834
181.53.12.7 - - [11/Dec/2022:01:20:51 -0500] "GET /BLA/resoluciones/RESOLUCIONES%202022/5208.pdf HTTP/1.1" 200 284420
157.55.39.212 - - [11/Dec/2022:01:20:51 -0500] "GET /portaldeninos/wp-content/themes/betheme/css/base.css?ver=20.9.6 HTTP/1.1" 200 57283
157.55.39.212 - - [11/Dec/2022:01:20:52 -0500] "GET /portaldeninos/wp-content/themes/betheme/css/responsive.css?ver=20.9.6 HTTP/1.1" 200 55740
157.55.39.212 - - [11/Dec/2022:01:20:52 -0500] "GET /portaldeninos/wp-includes/js/jquery/jquery-migrate.min.js?ver=1.4.1 HTTP/1.1" 200 10056
181.53.12.7 - - [11/Dec/2022:01:20:55 -0500] "GET /BLA/resoluciones/RESOLUCIONES%202022/5207.pdf HTTP/1.1" 200 276671
40.77.167.48 - - [11/Dec/2022:01:20:55 -0500] "GET /portaldeninos/wp-content/plugins/smart-slider-3/library/media/plugins/type/simple/simple/dist/smartslider-simple-type-frontend.min.js?1563274780 HTTP/1.1" 200 18726
40.77.167.48 - - [11/Dec/2022:01:20:56 -0500] "GET /portaldeninos/wp-content/themes/betheme/js/menu.js?ver=20.9.6 HTTP/1.1" 200 2449
40.77.167.48 - - [11/Dec/2022:01:20:56 -0500] "GET /portaldeninos/wp-includes/js/jquery/ui/mouse.min.js?ver=1.11.4 HTTP/1.1" 200 3148
40.77.167.48 - - [11/Dec/2022:01:20:56 -0500] "GET /portaldeninos/wp-includes/js/jquery/ui/tabs.min.js?ver=1.11.4 HTTP/1.1" 200 12110
40.77.167.48 - - [11/Dec/2022:01:20:56 -0500] "GET /portaldeninos/wp-includes/js/jquery/ui/widget.min.js?ver=1.11.4 HTTP/1.1" 200 6908
181.53.12.7 - - [11/Dec/2022:01:20:56 -0500] "GET /BLA/resoluciones/RESOLUCIONES%202022/5182.pdf HTTP/1.1" 200 366745
172.22.2.4 - - [11/Dec/2022:01:20:25 -0500] "GET /BLA/boletinlegal/ HTTP/1.1" 200 24523
181.53.12.7 - - [11/Dec/2022:01:20:58 -0500] "GET /BLA/resoluciones/RESOLUCIONES%202022/3222.pdf HTTP/1.1" 200 434729
181.53.12.7 - - [11/Dec/2022:01:21:00 -0500] "GET /BLA/resoluciones/RESOLUCIONES%202022/2943.pdf HTTP/1.1" 200 533748
157.55.39.1 - - [11/Dec/2022:01:21:00 -0500] "GET /portaldeninos/wp-content/plugins/gallery-videos/CSS/totalsoft.css?ver=4.9.8 HTTP/1.1" 200 40622
157.55.39.1 - - [11/Dec/2022:01:21:01 -0500] "GET /portaldeninos/wp-content/plugins/smart-slider-3/library/media/smartslider.min.css?1558968666 HTTP/1.1" 200 19594
157.55.39.1 - - [11/Dec/2022:01:21:01 -0500] "GET /portaldeninos/wp-content/themes/betheme/assets/ui/jquery.ui.all.css?ver=20.9.6 HTTP/1.1" 200 18765
181.53.12.7 - - [11/Dec/2022:01:21:02 -0500] "GET /BLA/resoluciones/RESOLUCIONES%202022/4124.pdf HTTP/1.1" 200 532220
157.55.39.1 - - [11/Dec/2022:01:21:01 -0500] "GET /portaldeninos/wp-content/themes/betheme/css/layout.css?ver=20.9.6 HTTP/1.1" 200 116639
157.55.39.1 - - [11/Dec/2022:01:21:02 -0500] "GET /portaldeninos/wp-content/themes/betheme/js/scripts.js?ver=20.9.6 HTTP/1.1" 200 77162
157.55.39.1 - - [11/Dec/2022:01:21:02 -0500] "GET /portaldeninos/wp-content/uploads/useanyfont/uaf.css?ver=1589905315 HTTP/1.1" 200 408
157.55.39.1 - - [11/Dec/2022:01:21:02 -0500] "GET /portaldeninos/wp-includes/js/jquery/jquery.js?ver=1.12.4 HTTP/1.1" 200 97184
181.53.12.7 - - [11/Dec/2022:01:21:03 -0500] "GET /BLA/resoluciones/RESOLUCIONES%202022/3905.pdf HTTP/1.1" 200 860639
181.53.12.7 - - [11/Dec/2022:01:21:04 -0500] "GET /BLA/resoluciones/RESOLUCIONES%202022/4237.pdf HTTP/1.1" 200 414241
181.53.12.7 - - [11/Dec/2022:01:21:06 -0500] "GET /BLA/resoluciones/RESOLUCIONES%202022/4036.pdf HTTP/1.1" 200 447107
181.53.12.7 - - [11/Dec/2022:01:21:07 -0500] "GET /BLA/resoluciones/RESOLUCIONES%202022/3936.pdf HTTP/1.1" 200 488391
157.55.39.105 - - [11/Dec/2022:01:21:08 -0500] "GET /portaldeninos/wp-content/plugins/gallery-videos/JS/Total-Soft-Gallery-Video-Widget.js?ver=4.9.8 HTTP/1.1" 200 80264
181.53.12.7 - - [11/Dec/2022:01:21:08 -0500] "GET /BLA/resoluciones/RESOLUCIONES%202022/3937.pdf HTTP/1.1" 200 433016
157.55.39.105 - - [11/Dec/2022:01:21:08 -0500] "GET /portaldeninos/wp-content/plugins/smart-slider-3/nextend/media/dist/n2.min.js?1528383544 HTTP/1.1" 200 3495
157.55.39.105 - - [11/Dec/2022:01:21:09 -0500] "GET /portaldeninos/wp-content/themes/betheme/assets/animations/animations.min.css?ver=20.9.6 HTTP/1.1" 200 58508
157.55.39.105 - - [11/Dec/2022:01:21:09 -0500] "GET /portaldeninos/wp-includes/js/jquery/ui/accordion.min.js?ver=1.11.4 HTTP/1.1" 200 8584
157.55.39.105 - - [11/Dec/2022:01:21:09 -0500] "GET /portaldeninos/wp-includes/js/wp-embed.min.js?ver=4.9.8 HTTP/1.1" 200 1398
172.22.2.4 - - [11/Dec/2022:01:22:20 -0500] "GET /BLA/boletinlegal/robots.txt HTTP/1.1" 404 1038
181.53.12.7 - - [11/Dec/2022:01:22:50 -0500] "GET /BLA/resoluciones/RESOLUCIONES%202022/2567.pdf HTTP/1.1" 200 1445779
201.245.192.253 - - [11/Dec/2022:01:22:59 -0500] "POST /kwsrmcab/Wsrmcab  HTTP/1.1" 200 43162
181.53.12.7 - - [11/Dec/2022:01:23:12 -0500] "GET /BLA/resoluciones/index.php?dir= HTTP/1.1" 200 13093
181.53.12.7 - - [11/Dec/2022:01:23:19 -0500] "GET /BLA/resoluciones/index.php?dir=Decretos%2F HTTP/1.1" 200 6804
181.53.12.7 - - [11/Dec/2022:01:23:38 -0500] "GET /BLA/resoluciones/index.php HTTP/1.1" 200 13093
181.53.12.7 - - [11/Dec/2022:01:23:43 -0500] "GET /BLA/resoluciones/index.php?dir=Acuerdos%2F HTTP/1.1" 200 3396
172.22.2.4 - - [11/Dec/2022:01:22:19 -0500] "HEAD /BLA/boletinlegal/ HTTP/1.1" 200 -
172.22.2.4 - - [11/Dec/2022:01:22:21 -0500] "GET /BLA/boletinlegal/ HTTP/1.1" 200 43662
216.245.221.92 - - [11/Dec/2022:01:24:19 -0500] "HEAD / HTTP/1.1" 200 -
172.22.2.4 - - [11/Dec/2022:01:23:09 -0500] "GET /BLA/boletinlegal/ HTTP/1.1" 200 53739
64.124.8.38 - - [11/Dec/2022:01:25:48 -0500] "GET /BLA/boletinlegal/jurisprudencia/analisis/ANALISIST-672-14.docx HTTP/1.1" 304 -
64.124.8.53 - - [11/Dec/2022:01:27:13 -0500] "GET /portaldeninos/noticias/ HTTP/1.1" 200 96317
201.245.192.253 - - [11/Dec/2022:01:27:57 -0500] "POST /kwsrmcab/Wsrmcab  HTTP/1.1" 200 43162
216.245.221.92 - - [11/Dec/2022:01:29:28 -0500] "HEAD / HTTP/1.1" 200 -
172.22.2.4 - - [11/Dec/2022:01:28:09 -0500] "HEAD /BLA/boletinlegal/ HTTP/1.1" 200 -
201.245.192.253 - - [11/Dec/2022:01:30:21 -0500] "POST /kwsrmcab/Wsrmcab HTTP/1.1" 200 42564
201.245.192.253 - - [11/Dec/2022:01:30:24 -0500] "POST /kwsrmcab/Wsrmcab HTTP/1.1" 200 43764
172.22.2.4 - - [11/Dec/2022:01:28:59 -0500] "GET /BLA/boletinlegal/ HTTP/1.1" 200 54100
172.22.2.4 - - [11/Dec/2022:01:30:07 -0500] "GET /BLA/boletinlegal/ HTTP/1.1" 200 32715
157.55.39.42 - - [11/Dec/2022:01:32:02 -0500] "GET /portaldeninos/wp-content/plugins/smart-slider-3/library/media/dist/smartslider-frontend.min.js?1563274780 HTTP/1.1" 200 128256
157.55.39.42 - - [11/Dec/2022:01:32:03 -0500] "GET /portaldeninos/wp-content/themes/betheme/assets/animations/animations.min.js?ver=20.9.6 HTTP/1.1" 200 1896
157.55.39.42 - - [11/Dec/2022:01:32:03 -0500] "GET /portaldeninos/wp-content/themes/betheme/css/shortcodes.css?ver=20.9.6 HTTP/1.1" 200 138889
157.55.39.42 - - [11/Dec/2022:01:32:04 -0500] "GET /portaldeninos/wp-content/themes/betheme/style.css?ver=20.9.6 HTTP/1.1" 200 287
157.55.39.42 - - [11/Dec/2022:01:32:04 -0500] "GET /portaldeninos/wp-includes/js/jquery/ui/core.min.js?ver=1.11.4 HTTP/1.1" 200 4000
201.245.192.253 - - [11/Dec/2022:01:32:56 -0500] "POST /kwsrmcab/Wsrmcab  HTTP/1.1" 200 43162
216.245.221.92 - - [11/Dec/2022:01:34:19 -0500] "HEAD / HTTP/1.1" 200 -
172.22.2.4 - - [11/Dec/2022:01:33:59 -0500] "HEAD /BLA/boletinlegal/ HTTP/1.1" 200 -
172.22.2.4 - - [11/Dec/2022:01:35:39 -0500] "GET /BLA/boletinlegal/favicon.ico HTTP/1.1" 404 1018
172.22.2.4 - - [11/Dec/2022:01:35:43 -0500] "GET /BLA/boletinlegal/robots.txt HTTP/1.1" 404 1018
40.77.202.179 - - [11/Dec/2022:01:35:53 -0500] "GET /portaldeninos/wp-content/themes/betheme/fonts/mfn-icons.woff?93978679 HTTP/1.1" 200 80932
172.22.2.4 - - [11/Dec/2022:01:36:01 -0500] "GET /BLA/boletinlegal/js/jquery.js HTTP/1.1" 200 57254
64.124.8.29 - - [11/Dec/2022:01:36:11 -0500] "-" 408 -
172.22.2.4 - - [11/Dec/2022:01:35:29 -0500] "GET /BLA/boletinlegal/ HTTP/1.1" 200 24523
172.22.2.4 - - [11/Dec/2022:01:36:24 -0500] "GET /BLA/boletinlegal/js/jquery.scrollShow.js HTTP/1.1" 200 4586
172.22.2.4 - - [11/Dec/2022:01:34:49 -0500] "GET /BLA/boletinlegal/ HTTP/1.1" 200 54816
168.119.52.80 - - [11/Dec/2022:01:37:24 -0500] "GET / HTTP/1.1" 200 319
201.245.192.253 - - [11/Dec/2022:01:37:55 -0500] "POST /kwsrmcab/Wsrmcab  HTTP/1.1" 200 43162
216.245.221.92 - - [11/Dec/2022:01:39:19 -0500] "HEAD / HTTP/1.1" 200 -
201.245.192.253 - - [11/Dec/2022:01:40:21 -0500] "POST /kwsrmcab/Wsrmcab HTTP/1.1" 200 42564
201.245.192.253 - - [11/Dec/2022:01:40:24 -0500] "POST /kwsrmcab/Wsrmcab HTTP/1.1" 200 43764
172.22.2.4 - - [11/Dec/2022:01:39:49 -0500] "HEAD /BLA/boletinlegal/ HTTP/1.1" 200 -
168.119.253.48 - - [11/Dec/2022:01:41:39 -0500] "GET / HTTP/1.1" 200 319
157.90.244.54 - - [11/Dec/2022:01:41:47 -0500] "GET / HTTP/1.1" 200 319
172.22.2.4 - - [11/Dec/2022:01:40:39 -0500] "GET /BLA/boletinlegal/ HTTP/1.1" 200 52453
201.245.192.253 - - [11/Dec/2022:01:42:55 -0500] "POST /kwsrmcab/Wsrmcab  HTTP/1.1" 200 43162
216.245.221.92 - - [11/Dec/2022:01:44:19 -0500] "HEAD / HTTP/1.1" 200 -
172.22.2.4 - - [11/Dec/2022:01:45:39 -0500] "HEAD /BLA/boletinlegal/ HTTP/1.1" 200 -
201.245.192.253 - - [11/Dec/2022:01:47:52 -0500] "POST /kwsrmcab/Wsrmcab  HTTP/1.1" 200 43162
172.22.2.4 - - [11/Dec/2022:01:46:29 -0500] "GET /BLA/boletinlegal/ HTTP/1.1" 200 58612
216.245.221.92 - - [11/Dec/2022:01:49:19 -0500] "HEAD / HTTP/1.1" 200 -
157.55.39.105 - - [11/Dec/2022:01:51:19 -0500] "GET /portaldeninos/2021/05/21/2070/ HTTP/1.1" 200 109949
201.245.192.253 - - [11/Dec/2022:01:52:51 -0500] "POST /kwsrmcab/Wsrmcab  HTTP/1.1" 200 43162
172.22.2.4 - - [11/Dec/2022:01:51:29 -0500] "HEAD /BLA/boletinlegal/ HTTP/1.1" 200 -
185.119.81.107 - - [11/Dec/2022:01:53:16 -0500] "GET /portaldeninos/wp-login.php HTTP/1.1" 200 2592
185.119.81.107 - - [11/Dec/2022:01:53:18 -0500] "POST /portaldeninos/wp-login.php HTTP/1.1" 200 3605
172.22.2.4 - - [11/Dec/2022:01:52:19 -0500] "GET /BLA/boletinlegal/ HTTP/1.1" 200 52453
216.245.221.92 - - [11/Dec/2022:01:54:28 -0500] "HEAD / HTTP/1.1" 200 -
152.61.128.50 - - [11/Dec/2022:01:56:33 -0500] "GET /arcgis/services/Calidad_del_Agua_WQI/MapServer/WMSServer?request=GetCapabilities&service=WMS HTTP/1.1" 503 1020
152.61.128.50 - - [11/Dec/2022:01:56:34 -0500] "GET /arcgis/services/Calidad_del_Agua_WQI/MapServer/WMSServer?SERVICE=WMS&REQUEST=GetCapabilities HTTP/1.1" 503 1020
152.61.128.50 - - [11/Dec/2022:01:56:35 -0500] "GET /arcgis/services/Calidad_del_Agua_WQI/MapServer/WMSServer?WMTVER=1.0.0&REQUEST=capabilities HTTP/1.1" 503 1020
201.245.192.253 - - [11/Dec/2022:01:57:50 -0500] "POST /kwsrmcab/Wsrmcab  HTTP/1.1" 200 43162
152.61.192.232 - - [11/Dec/2022:01:58:22 -0500] "GET /arcgis/services/Calidad_del_Agua_WQI/MapServer/WMSServer?request=GetCapabilities&service=WMS HTTP/1.1" 503 1020
152.61.192.232 - - [11/Dec/2022:01:58:23 -0500] "GET /arcgis/services/Calidad_del_Agua_WQI/MapServer/WMSServer?SERVICE=WMS&REQUEST=GetCapabilities HTTP/1.1" 503 1020
152.61.192.232 - - [11/Dec/2022:01:58:23 -0500] "GET /arcgis/services/Calidad_del_Agua_WQI/MapServer/WMSServer?WMTVER=1.0.0&REQUEST=capabilities HTTP/1.1" 503 1020
172.22.2.4 - - [11/Dec/2022:01:57:19 -0500] "HEAD /BLA/boletinlegal/ HTTP/1.1" 200 -
216.245.221.92 - - [11/Dec/2022:01:59:19 -0500] "HEAD / HTTP/1.1" 200 -
199.16.157.181 - - [11/Dec/2022:01:59:25 -0500] "-" 408 -
199.16.157.180 - - [11/Dec/2022:01:59:29 -0500] "-" 408 -
172.22.2.4 - - [11/Dec/2022:01:58:09 -0500] "GET /BLA/boletinlegal/ HTTP/1.1" 200 52942
64.124.8.38 - - [11/Dec/2022:02:01:36 -0500] "GET /BLA/resoluciones/index.php HTTP/1.1" 200 13093
201.245.192.253 - - [11/Dec/2022:02:02:48 -0500] "POST /kwsrmcab/Wsrmcab  HTTP/1.1" 200 43162
94.102.61.10 - - [11/Dec/2022:02:04:07 -0500] "GET / HTTP/1.1" 200 319
216.245.221.92 - - [11/Dec/2022:02:04:19 -0500] "HEAD / HTTP/1.1" 200 -
172.22.2.4 - - [11/Dec/2022:02:03:09 -0500] "HEAD /BLA/boletinlegal/ HTTP/1.1" 200 -
172.22.2.4 - - [11/Dec/2022:02:03:59 -0500] "GET /BLA/boletinlegal/ HTTP/1.1" 200 57824
201.245.192.253 - - [11/Dec/2022:02:07:47 -0500] "POST /kwsrmcab/Wsrmcab  HTTP/1.1" 200 43162
216.245.221.92 - - [11/Dec/2022:02:09:19 -0500] "HEAD / HTTP/1.1" 200 -
66.220.149.11 - - [11/Dec/2022:02:10:37 -0500] "GET /images/negocios-verdes-mayo-2022.jpg HTTP/1.1" 200 48000
172.22.2.4 - - [11/Dec/2022:02:08:59 -0500] "HEAD /BLA/boletinlegal/ HTTP/1.1" 200 -
172.22.2.4 - - [11/Dec/2022:02:09:49 -0500] "GET /BLA/boletinlegal/ HTTP/1.1" 200 56825
201.245.192.253 - - [11/Dec/2022:02:12:47 -0500] "POST /kwsrmcab/Wsrmcab  HTTP/1.1" 200 43162
216.245.221.92 - - [11/Dec/2022:02:14:19 -0500] "HEAD / HTTP/1.1" 200 -
64.124.8.29 - - [11/Dec/2022:02:14:22 -0500] "-" 408 -
40.77.167.15 - - [11/Dec/2022:02:15:11 -0500] "GET /bla/resoluciones/resoluciones%202012/1247.pdf HTTP/1.1" 304 -
172.22.2.4 - - [11/Dec/2022:02:14:49 -0500] "HEAD /BLA/boletinlegal/ HTTP/1.1" 200 -
172.22.2.4 - - [11/Dec/2022:02:15:39 -0500] "GET /BLA/boletinlegal/ HTTP/1.1" 200 57192
201.245.192.253 - - [11/Dec/2022:02:17:45 -0500] "POST /kwsrmcab/Wsrmcab  HTTP/1.1" 200 43162
172.22.2.4 - - [11/Dec/2022:02:18:30 -0500] "GET /BLA/boletinlegal/owa/auth/logon.aspx?url=https%3a%2f%2f1%2fecp%2f HTTP/1.1" 404 1018
157.55.39.39 - - [11/Dec/2022:02:19:12 -0500] "GET /BLA/resoluciones/RESOLUCIONES%202000/2000%201150-1199.tif HTTP/1.1" 200 4191097
216.245.221.92 - - [11/Dec/2022:02:20:09 -0500] "GET / HTTP/1.1" 200 319
201.245.192.253 - - [11/Dec/2022:02:20:21 -0500] "POST /kwsrmcab/Wsrmcab HTTP/1.1" 200 43038
201.245.192.253 - - [11/Dec/2022:02:20:24 -0500] "POST /kwsrmcab/Wsrmcab HTTP/1.1" 200 43916
172.22.2.4 - - [11/Dec/2022:02:20:39 -0500] "HEAD /BLA/boletinlegal/ HTTP/1.1" 200 -
201.245.192.253 - - [11/Dec/2022:02:22:44 -0500] "POST /kwsrmcab/Wsrmcab  HTTP/1.1" 200 43162
172.22.2.4 - - [11/Dec/2022:02:21:29 -0500] "GET /BLA/boletinlegal/ HTTP/1.1" 200 57192
185.119.81.107 - - [11/Dec/2022:02:24:02 -0500] "GET /portaldeninos/wp-login.php HTTP/1.1" 200 2592
185.119.81.107 - - [11/Dec/2022:02:24:03 -0500] "POST /portaldeninos/wp-login.php HTTP/1.1" 200 3605
193.118.53.210 - - [11/Dec/2022:02:24:39 -0500] "GET /portaldeninos/ HTTP/1.1" 200 110197
216.245.221.92 - - [11/Dec/2022:02:25:09 -0500] "HEAD / HTTP/1.1" 200 -
172.22.2.4 - - [11/Dec/2022:02:25:48 -0500] "GET /BLA/boletinlegal/Circulares/2019/Circular%20No.%2012%20del%2014%20de%20Marzo%20de%202019.pdf HTTP/1.1" 304 -
201.245.192.253 - - [11/Dec/2022:02:27:43 -0500] "POST /kwsrmcab/Wsrmcab  HTTP/1.1" 200 43162
172.22.2.4 - - [11/Dec/2022:02:26:30 -0500] "HEAD /BLA/boletinlegal/ HTTP/1.1" 200 -
172.22.2.4 - - [11/Dec/2022:02:27:23 -0500] "GET /BLA/boletinlegal/ HTTP/1.1" 200 57824
40.77.167.15 - - [11/Dec/2022:02:29:23 -0500] "GET / HTTP/1.1" 200 319
207.46.13.194 - - [11/Dec/2022:02:29:32 -0500] "GET /bla/resoluciones/notificaciones/autos%202018/05068.pdf HTTP/1.1" 304 -
216.245.221.92 - - [11/Dec/2022:02:30:09 -0500] "HEAD / HTTP/1.1" 200 -
201.245.192.253 - - [11/Dec/2022:02:30:21 -0500] "POST /kwsrmcab/Wsrmcab HTTP/1.1" 200 43038
201.245.192.253 - - [11/Dec/2022:02:30:24 -0500] "POST /kwsrmcab/Wsrmcab HTTP/1.1" 200 43916
201.245.192.253 - - [11/Dec/2022:02:32:42 -0500] "POST /kwsrmcab/Wsrmcab  HTTP/1.1" 200 43162
172.22.2.4 - - [11/Dec/2022:02:32:20 -0500] "HEAD /BLA/boletinlegal/ HTTP/1.1" 200 -
172.22.2.4 - - [11/Dec/2022:02:33:10 -0500] "GET /BLA/boletinlegal/ HTTP/1.1" 200 58612
216.245.221.92 - - [11/Dec/2022:02:35:09 -0500] "HEAD / HTTP/1.1" 200 -
93.51.210.146 - - [11/Dec/2022:02:36:10 -0500] "-" 408 -
201.245.192.253 - - [11/Dec/2022:02:37:40 -0500] "POST /kwsrmcab/Wsrmcab  HTTP/1.1" 200 43162
185.119.81.107 - - [11/Dec/2022:02:38:54 -0500] "GET /portaldeninos/wp-login.php HTTP/1.1" 200 2592
185.119.81.107 - - [11/Dec/2022:02:38:55 -0500] "POST /portaldeninos/wp-login.php HTTP/1.1" 200 3605
172.22.2.4 - - [11/Dec/2022:02:38:10 -0500] "HEAD /BLA/boletinlegal/ HTTP/1.1" 200 -
216.245.221.92 - - [11/Dec/2022:02:40:09 -0500] "HEAD / HTTP/1.1" 200 -
201.245.192.253 - - [11/Dec/2022:02:40:21 -0500] "POST /kwsrmcab/Wsrmcab HTTP/1.1" 200 43038
201.245.192.253 - - [11/Dec/2022:02:40:24 -0500] "POST /kwsrmcab/Wsrmcab HTTP/1.1" 200 43916
172.22.2.4 - - [11/Dec/2022:02:39:00 -0500] "GET /BLA/boletinlegal/ HTTP/1.1" 200 53337
69.171.251.11 - - [11/Dec/2022:02:42:40 -0500] "GET /images/cr\xc3\xb3nica-29-nov-1_optimized.jpeg HTTP/1.1" 404 1034
201.245.192.253 - - [11/Dec/2022:02:42:40 -0500] "POST /kwsrmcab/Wsrmcab  HTTP/1.1" 200 43162
216.245.221.92 - - [11/Dec/2022:02:45:09 -0500] "HEAD / HTTP/1.1" 200 -
172.22.2.4 - - [11/Dec/2022:02:44:00 -0500] "HEAD /BLA/boletinlegal/ HTTP/1.1" 200 -
172.22.2.4 - - [11/Dec/2022:02:44:50 -0500] "GET /BLA/boletinlegal/ HTTP/1.1" 200 57192
201.245.192.253 - - [11/Dec/2022:02:47:39 -0500] "POST /kwsrmcab/Wsrmcab  HTTP/1.1" 200 43162
216.245.221.92 - - [11/Dec/2022:02:50:09 -0500] "HEAD / HTTP/1.1" 200 -
95.217.144.238 - - [11/Dec/2022:02:50:25 -0500] "GET /robots.txt HTTP/1.1" 404 1034
95.217.144.240 - - [11/Dec/2022:02:50:36 -0500] "GET /robots.txt HTTP/1.1" 404 1034
95.217.144.240 - - [11/Dec/2022:02:50:36 -0500] "GET /robots.txt HTTP/1.1" 404 1034
95.217.144.236 - - [11/Dec/2022:02:50:36 -0500] "GET /robots.txt HTTP/1.1" 404 1034
95.217.144.236 - - [11/Dec/2022:02:50:38 -0500] "GET /robots.txt HTTP/1.1" 404 1034
51.15.164.30 - - [11/Dec/2022:02:50:56 -0500] "HEAD /dale-una-nueva-oportunidad-a-tu-ropa-usada-se-trasladan-dos-puntos-para-llevarla.html HTTP/1.1" 200 -
95.217.144.242 - - [11/Dec/2022:02:51:16 -0500] "GET /robots.txt HTTP/1.1" 404 1034
95.217.144.236 - - [11/Dec/2022:02:51:21 -0500] "GET /robots.txt HTTP/1.1" 404 1034
95.217.144.236 - - [11/Dec/2022:02:51:21 -0500] "GET /robots.txt HTTP/1.1" 404 1034
95.217.144.236 - - [11/Dec/2022:02:51:21 -0500] "GET /robots.txt HTTP/1.1" 404 1034
172.22.2.4 - - [11/Dec/2022:02:49:50 -0500] "HEAD /BLA/boletinlegal/ HTTP/1.1" 200 -
172.22.2.4 - - [11/Dec/2022:02:50:40 -0500] "GET /BLA/boletinlegal/ HTTP/1.1" 200 52453
201.245.192.253 - - [11/Dec/2022:02:52:38 -0500] "POST /kwsrmcab/Wsrmcab  HTTP/1.1" 200 43162
114.119.152.161 - - [11/Dec/2022:02:53:43 -0500] "GET /silvicultura/2.pdf HTTP/1.1" 200 176603
216.245.221.92 - - [11/Dec/2022:02:55:09 -0500] "HEAD / HTTP/1.1" 200 -
157.55.39.39 - - [11/Dec/2022:02:55:37 -0500] "GET /bla/resoluciones/resoluciones%202012/0031.pdf HTTP/1.1" 304 -
172.22.2.4 - - [11/Dec/2022:02:55:40 -0500] "HEAD /BLA/boletinlegal/ HTTP/1.1" 200 -
201.245.192.253 - - [11/Dec/2022:02:57:37 -0500] "POST /kwsrmcab/Wsrmcab  HTTP/1.1" 200 43162
172.22.2.4 - - [11/Dec/2022:02:56:30 -0500] "GET /BLA/boletinlegal/ HTTP/1.1" 200 54100
216.245.221.92 - - [11/Dec/2022:03:00:09 -0500] "HEAD / HTTP/1.1" 200 -
181.53.12.7 - - [11/Dec/2022:03:00:50 -0500] "-" 408 -
201.245.192.253 - - [11/Dec/2022:03:02:36 -0500] "POST /kwsrmcab/Wsrmcab  HTTP/1.1" 502 1155
172.22.2.4 - - [11/Dec/2022:03:01:30 -0500] "HEAD /BLA/boletinlegal/ HTTP/1.1" 200 -
201.245.192.253 - - [11/Dec/2022:03:03:35 -0500] "POST /kwsrmcab/Wsrmcab  HTTP/1.1" 200 43162
172.22.2.4 - - [11/Dec/2022:03:02:20 -0500] "GET /BLA/boletinlegal/ HTTP/1.1" 200 57192
201.245.192.253 - - [11/Dec/2022:03:04:36 -0500] "POST /kwsrmcab/Wsrmcab  HTTP/1.1" 200 43162
216.245.221.92 - - [11/Dec/2022:03:05:09 -0500] "HEAD / HTTP/1.1" 200 -
64.124.8.38 - - [11/Dec/2022:03:05:39 -0500] "-" 408 -
173.252.83.20 - - [11/Dec/2022:03:06:38 -0500] "GET /images/negocios-verdes-mayo-2022.jpg HTTP/1.1" 200 48000
64.124.8.53 - - [11/Dec/2022:03:07:03 -0500] "-" 408 -
172.22.2.4 - - [11/Dec/2022:03:07:23 -0500] "HEAD /BLA/boletinlegal/ HTTP/1.1" 200 -
201.245.192.253 - - [11/Dec/2022:03:09:35 -0500] "POST /kwsrmcab/Wsrmcab  HTTP/1.1" 200 43162
172.22.2.4 - - [11/Dec/2022:03:08:13 -0500] "GET /BLA/boletinlegal/ HTTP/1.1" 200 57192
216.245.221.92 - - [11/Dec/2022:03:10:09 -0500] "HEAD / HTTP/1.1" 200 -
207.46.13.174 - - [11/Dec/2022:03:11:00 -0500] "GET /bla/resoluciones/notificaciones/autos%202020/4042.pdf HTTP/1.1" 304 -
162.221.192.26 - - [11/Dec/2022:03:11:05 -0500] "GET / HTTP/1.1" 200 319
207.46.13.194 - - [11/Dec/2022:03:14:02 -0500] "GET /BLA/resoluciones/AUTOS%202022/1976.pdf HTTP/1.1" 200 408837
201.245.192.253 - - [11/Dec/2022:03:14:34 -0500] "POST /kwsrmcab/Wsrmcab  HTTP/1.1" 200 43162
172.22.2.4 - - [11/Dec/2022:03:13:13 -0500] "HEAD /BLA/boletinlegal/ HTTP/1.1" 200 -
216.245.221.92 - - [11/Dec/2022:03:15:09 -0500] "HEAD / HTTP/1.1" 200 -
172.22.2.4 - - [11/Dec/2022:03:14:03 -0500] "GET /BLA/boletinlegal/ HTTP/1.1" 200 57824
201.245.192.253 - - [11/Dec/2022:03:19:34 -0500] "POST /kwsrmcab/Wsrmcab  HTTP/1.1" 200 43162
216.245.221.92 - - [11/Dec/2022:03:20:18 -0500] "HEAD / HTTP/1.1" 200 -
201.245.192.253 - - [11/Dec/2022:03:20:20 -0500] "POST /kwsrmcab/Wsrmcab HTTP/1.1" 200 43155
201.245.192.253 - - [11/Dec/2022:03:20:23 -0500] "POST /kwsrmcab/Wsrmcab HTTP/1.1" 200 43932
172.22.2.4 - - [11/Dec/2022:03:19:03 -0500] "HEAD /BLA/boletinlegal/ HTTP/1.1" 200 -
173.252.83.12 - - [11/Dec/2022:03:21:02 -0500] "GET /images/cr\xc3\xb3nica-29-nov-1_optimized.jpeg HTTP/1.1" 404 1034
173.252.79.4 - - [11/Dec/2022:03:21:20 -0500] "GET /images/cr\xc3\xb3nica-29-nov-1_optimized.jpeg HTTP/1.1" 404 1034
172.22.2.4 - - [11/Dec/2022:03:19:53 -0500] "GET /BLA/boletinlegal/ HTTP/1.1" 200 56079
201.245.192.253 - - [11/Dec/2022:03:24:33 -0500] "POST /kwsrmcab/Wsrmcab  HTTP/1.1" 200 43162
216.245.221.92 - - [11/Dec/2022:03:25:09 -0500] "HEAD / HTTP/1.1" 200 -
172.22.2.4 - - [11/Dec/2022:03:24:53 -0500] "HEAD /BLA/boletinlegal/ HTTP/1.1" 200 -
172.22.2.4 - - [11/Dec/2022:03:25:43 -0500] "GET /BLA/boletinlegal/ HTTP/1.1" 200 59404
201.245.192.253 - - [11/Dec/2022:03:29:31 -0500] "POST /kwsrmcab/Wsrmcab  HTTP/1.1" 200 43162
216.245.221.92 - - [11/Dec/2022:03:30:08 -0500] "HEAD / HTTP/1.1" 200 -
201.245.192.253 - - [11/Dec/2022:03:30:21 -0500] "POST /kwsrmcab/Wsrmcab HTTP/1.1" 200 43155
201.245.192.253 - - [11/Dec/2022:03:30:24 -0500] "POST /kwsrmcab/Wsrmcab HTTP/1.1" 200 43932
40.77.167.77 - - [11/Dec/2022:03:30:32 -0500] "GET /BLA/resoluciones/RESOLUCIONES%202019/0951.pdf HTTP/1.1" 304 -
114.119.143.124 - - [11/Dec/2022:03:30:36 -0500] "GET /autoliquidacion/TR%C3%81MITES%20VERTIMIENTOS/PERMISOS%20DE%20VERTIMIENTOS/ANEXO%20%205.%20%20MATRIZ%20PAR%C3%81METROS%20ACTIVIDADES%20PRODUCTIVAS.xls HTTP/1.1" 200 77824
172.22.2.4 - - [11/Dec/2022:03:30:43 -0500] "HEAD /BLA/boletinlegal/ HTTP/1.1" 200 -
172.22.2.4 - - [11/Dec/2022:03:31:33 -0500] "GET /BLA/boletinlegal/ HTTP/1.1" 200 57192
201.245.192.253 - - [11/Dec/2022:03:34:32 -0500] "POST /kwsrmcab/Wsrmcab  HTTP/1.1" 200 43162
216.245.221.92 - - [11/Dec/2022:03:35:18 -0500] "HEAD / HTTP/1.1" 200 -
185.119.81.108 - - [11/Dec/2022:03:36:42 -0500] "GET /portaldeninos/wp-login.php HTTP/1.1" 200 2592
185.119.81.108 - - [11/Dec/2022:03:36:44 -0500] "POST /portaldeninos/wp-login.php HTTP/1.1" 200 3650
172.22.2.4 - - [11/Dec/2022:03:36:33 -0500] "HEAD /BLA/boletinlegal/ HTTP/1.1" 200 -
172.22.2.4 - - [11/Dec/2022:03:37:23 -0500] "GET /BLA/boletinlegal/ HTTP/1.1" 200 57824
201.245.192.253 - - [11/Dec/2022:03:39:30 -0500] "POST /kwsrmcab/Wsrmcab  HTTP/1.1" 200 43162
216.245.221.92 - - [11/Dec/2022:03:40:08 -0500] "HEAD / HTTP/1.1" 200 -
201.245.192.253 - - [11/Dec/2022:03:40:20 -0500] "POST /kwsrmcab/Wsrmcab HTTP/1.1" 200 43155
201.245.192.253 - - [11/Dec/2022:03:40:23 -0500] "POST /kwsrmcab/Wsrmcab HTTP/1.1" 200 43932
66.249.64.15 - - [11/Dec/2022:03:40:41 -0500] "GET /BLA/resoluciones/Notificaciones/RESOLUCIONES%202021/3895.pdf HTTP/1.1" 200 399901
64.124.8.38 - - [11/Dec/2022:03:41:27 -0500] "-" 408 -
64.124.8.35 - - [11/Dec/2022:03:41:35 -0500] "GET /portaldeninos/que-es-cambio-climatico/ HTTP/1.1" 200 86727
64.124.8.35 - - [11/Dec/2022:03:42:12 -0500] "GET /robots.txt HTTP/1.1" 404 1035
66.249.64.17 - - [11/Dec/2022:03:42:59 -0500] "GET /BLA/resoluciones/Notificaciones/REGISTROS%202017/0773.pdf HTTP/1.1" 200 266296
66.249.64.13 - - [11/Dec/2022:03:43:37 -0500] "GET /BLA/resoluciones/AUTOS%202016/1288.pdf HTTP/1.1" 200 439109
66.249.64.17 - - [11/Dec/2022:03:43:41 -0500] "GET /BLA/resoluciones/AUTOS%202016/1744.pdf HTTP/1.1" 200 478254
172.22.2.4 - - [11/Dec/2022:03:42:23 -0500] "HEAD /BLA/boletinlegal/ HTTP/1.1" 200 -
66.249.64.13 - - [11/Dec/2022:03:44:20 -0500] "GET /BLA/resoluciones/Notificaciones/AUTOS%202021/4798.pdf HTTP/1.1" 200 343532
201.245.192.253 - - [11/Dec/2022:03:44:30 -0500] "POST /kwsrmcab/Wsrmcab  HTTP/1.1" 200 43162
66.249.64.13 - - [11/Dec/2022:03:44:35 -0500] "GET /BLA/resoluciones/Notificaciones/AUTOS%202021/3505.pdf HTTP/1.1" 200 339049
172.22.2.4 - - [11/Dec/2022:03:43:13 -0500] "GET /BLA/boletinlegal/ HTTP/1.1" 200 57192
216.245.221.92 - - [11/Dec/2022:03:45:08 -0500] "HEAD / HTTP/1.1" 200 -
66.249.64.15 - - [11/Dec/2022:03:45:56 -0500] "GET /BLA/resoluciones/AUTOS%202017/2253.pdf HTTP/1.1" 200 318178
66.249.64.13 - - [11/Dec/2022:03:46:01 -0500] "GET /BLA/resoluciones/Notificaciones/AUTOS%202021/4435.pdf HTTP/1.1" 200 383098
66.249.64.13 - - [11/Dec/2022:03:46:20 -0500] "GET /BLA/resoluciones/RESOLUCIONES%202014/2732.pdf HTTP/1.1" 200 631717
66.249.64.13 - - [11/Dec/2022:03:46:29 -0500] "GET /BLA/resoluciones/Notificaciones/RESOLUCIONES%202021/3458.pdf HTTP/1.1" 200 470920
66.249.64.13 - - [11/Dec/2022:03:46:43 -0500] "GET /BLA/resoluciones/Notificaciones/RESOLUCIONES%202021/3773.pdf HTTP/1.1" 200 533707
40.77.167.48 - - [11/Dec/2022:03:46:45 -0500] "GET / HTTP/1.1" 200 4720
66.249.64.15 - - [11/Dec/2022:03:47:16 -0500] "GET /BLA/resoluciones/Notificaciones/AUTOS%202021/4604.pdf HTTP/1.1" 200 334292
168.119.253.21 - - [11/Dec/2022:03:47:16 -0500] "GET / HTTP/1.1" 200 319
69.171.251.116 - - [11/Dec/2022:03:47:22 -0500] "GET /dia-nacional-de-los-parques-nacionales-naturales-chingaza-y-sumapaz-riquezas-ambientales-de-bogota.html HTTP/1.1" 206 1182
66.249.64.15 - - [11/Dec/2022:03:47:41 -0500] "GET /BLA/resoluciones/Notificaciones/AUTOS%202021/3857.pdf HTTP/1.1" 200 356628
66.249.64.13 - - [11/Dec/2022:03:47:53 -0500] "GET /BLA/resoluciones/Notificaciones/AUTOS%202021/4843.pdf HTTP/1.1" 200 383900
201.245.192.253 - - [11/Dec/2022:03:49:30 -0500] "POST /kwsrmcab/Wsrmcab  HTTP/1.1" 200 43162
172.22.2.4 - - [11/Dec/2022:03:48:13 -0500] "HEAD /BLA/boletinlegal/ HTTP/1.1" 200 -
216.245.221.92 - - [11/Dec/2022:03:50:08 -0500] "HEAD / HTTP/1.1" 200 -
172.22.2.4 - - [11/Dec/2022:03:49:03 -0500] "GET /BLA/boletinlegal/ HTTP/1.1" 200 57824
173.252.127.4 - - [11/Dec/2022:03:51:09 -0500] "GET /images/Entrenubes%201%20(1)%20(1).jpeg HTTP/1.1" 200 70096
66.249.64.15 - - [11/Dec/2022:03:51:09 -0500] "GET /BLA/resoluciones/AUTOS%202017/0602.pdf HTTP/1.1" 200 2315588
173.252.127.23 - - [11/Dec/2022:03:51:18 -0500] "GET /images/Musgo%20SDA%20(1)%20(1).png HTTP/1.1" 200 302122
114.119.139.70 - - [11/Dec/2022:03:52:29 -0500] "GET /BLA/resoluciones/index.php?dir=Notificaciones/REGISTROS%2B2018/ HTTP/1.1" 200 13353
172.22.2.4 - - [11/Dec/2022:03:52:58 -0500] "GET /BLA/boletinlegal/jurisprudencia/analisis/AnalisisC-035-16.docx HTTP/1.1" 200 25011
172.22.2.4 - - [11/Dec/2022:03:53:04 -0500] "GET /BLA/boletinlegal/apple-touch-icon-120x120-precomposed.png HTTP/1.1" 404 1140
172.22.2.4 - - [11/Dec/2022:03:53:05 -0500] "GET /BLA/boletinlegal/apple-touch-icon-120x120.png HTTP/1.1" 404 1140
172.22.2.4 - - [11/Dec/2022:03:53:05 -0500] "GET /BLA/boletinlegal/apple-touch-icon-precomposed.png HTTP/1.1" 404 1140
172.22.2.4 - - [11/Dec/2022:03:53:05 -0500] "GET /BLA/boletinlegal/apple-touch-icon.png HTTP/1.1" 404 1140
172.22.2.4 - - [11/Dec/2022:03:53:06 -0500] "GET /BLA/boletinlegal/favicon.ico HTTP/1.1" 404 1140
172.22.2.4 - - [11/Dec/2022:03:53:06 -0500] "GET /BLA/boletinlegal/apple-touch-icon-120x120-precomposed.png HTTP/1.1" 404 1140
172.22.2.4 - - [11/Dec/2022:03:53:06 -0500] "GET /BLA/boletinlegal/apple-touch-icon-120x120.png HTTP/1.1" 404 1140
172.22.2.4 - - [11/Dec/2022:03:53:06 -0500] "GET /BLA/boletinlegal/apple-touch-icon-precomposed.png HTTP/1.1" 404 1140
172.22.2.4 - - [11/Dec/2022:03:53:07 -0500] "GET /BLA/boletinlegal/apple-touch-icon.png HTTP/1.1" 404 1140
172.22.2.4 - - [11/Dec/2022:03:53:07 -0500] "GET /BLA/boletinlegal/favicon.ico HTTP/1.1" 404 1140
66.249.64.17 - - [11/Dec/2022:03:53:08 -0500] "GET /BLA/resoluciones/Notificaciones/AUTOS%202021/4810.pdf HTTP/1.1" 200 321373
172.22.2.4 - - [11/Dec/2022:03:53:50 -0500] "GET /BLA/boletinlegal/favicon.ico HTTP/1.1" 404 1018
172.22.2.4 - - [11/Dec/2022:03:53:34 -0500] "GET /BLA/boletinlegal/ HTTP/1.1" 200 20427
172.22.2.4 - - [11/Dec/2022:03:53:35 -0500] "GET /BLA/boletinlegal/ HTTP/1.1" 200 32715
201.245.192.253 - - [11/Dec/2022:03:54:30 -0500] "POST /kwsrmcab/Wsrmcab  HTTP/1.1" 200 43162
216.245.221.92 - - [11/Dec/2022:03:55:08 -0500] "HEAD / HTTP/1.1" 200 -
172.22.2.4 - - [11/Dec/2022:03:54:03 -0500] "HEAD /BLA/boletinlegal/ HTTP/1.1" 200 -
66.249.64.17 - - [11/Dec/2022:03:55:55 -0500] "GET /BLA/resoluciones/AUTOS%202014/5439.pdf HTTP/1.1" 200 545101
172.22.2.4 - - [11/Dec/2022:03:54:53 -0500] "GET /BLA/boletinlegal/ HTTP/1.1" 200 58612
66.249.64.13 - - [11/Dec/2022:03:58:21 -0500] "GET /BLA/resoluciones/Notificaciones/RESOLUCIONES%202021/3781.pdf HTTP/1.1" 200 389258
201.245.192.253 - - [11/Dec/2022:03:59:28 -0500] "POST /kwsrmcab/Wsrmcab  HTTP/1.1" 200 43162
66.249.64.15 - - [11/Dec/2022:04:00:03 -0500] "GET /BLA/resoluciones/Notificaciones/AUTOS%202021/4614.pdf HTTP/1.1" 200 340157
216.245.221.92 - - [11/Dec/2022:04:00:08 -0500] "HEAD / HTTP/1.1" 200 -
66.249.64.15 - - [11/Dec/2022:04:00:51 -0500] "GET /BLA/resoluciones/Notificaciones/RESOLUCIONES%202021/2560.pdf HTTP/1.1" 200 347843
172.22.2.4 - - [11/Dec/2022:03:59:53 -0500] "HEAD /BLA/boletinlegal/ HTTP/1.1" 200 -
172.22.2.4 - - [11/Dec/2022:04:00:43 -0500] "GET /BLA/boletinlegal/ HTTP/1.1" 200 57192
157.55.39.82 - - [11/Dec/2022:04:03:16 -0500] "GET /robots.txt HTTP/1.1" 404 1035
207.46.13.120 - - [11/Dec/2022:04:03:25 -0500] "GET /portaldeninos/parque-mirador-de-los-nevados/ HTTP/1.1" 200 89855
201.245.192.253 - - [11/Dec/2022:04:04:26 -0500] "POST /kwsrmcab/Wsrmcab  HTTP/1.1" 200 43162
66.249.64.13 - - [11/Dec/2022:04:05:00 -0500] "GET /BLA/resoluciones/Notificaciones/RESOLUCIONES%202021/2412.pdf HTTP/1.1" 200 440197
216.245.221.92 - - [11/Dec/2022:04:05:08 -0500] "HEAD / HTTP/1.1" 200 -
114.119.159.20 - - [11/Dec/2022:04:05:33 -0500] "GET /BLA/resoluciones/RESOLUCIONES%20CONJUNTAS/Resolucion%20conjunta%2073%20-2017.pdf HTTP/1.1" 200 2054875
66.249.64.15 - - [11/Dec/2022:04:06:35 -0500] "GET /BLA/resoluciones/AUTOS%202014/0822.pdf HTTP/1.1" 200 756105
66.249.64.17 - - [11/Dec/2022:04:06:57 -0500] "GET /BLA/resoluciones/RESOLUCIONES%202014/2558.pdf HTTP/1.1" 200 708896
172.22.2.4 - - [11/Dec/2022:04:05:43 -0500] "HEAD /BLA/boletinlegal/ HTTP/1.1" 200 -
207.46.13.198 - - [11/Dec/2022:04:07:22 -0500] "GET /BLA/resoluciones/RESOLUCIONES%202001/2001%20600-649.TIF HTTP/1.1" 200 9885868
172.22.2.4 - - [11/Dec/2022:04:06:33 -0500] "GET /BLA/boletinlegal/ HTTP/1.1" 200 59404
201.245.192.253 - - [11/Dec/2022:04:09:30 -0500] "POST /kwsrmcab/Wsrmcab  HTTP/1.1" 200 43162
