173.206.2.146 - - [11/Dec/2022:04:09:57 -0500] "GET / HTTP/1.1" 200 319
216.245.221.92 - - [11/Dec/2022:04:10:08 -0500] "HEAD / HTTP/1.1" 200 -
66.249.64.17 - - [11/Dec/2022:04:10:10 -0500] "GET /BLA/resoluciones/Notificaciones/AUTOS%202021/4809.pdf HTTP/1.1" 200 341155
66.249.64.15 - - [11/Dec/2022:04:12:25 -0500] "GET /BLA/resoluciones/Notificaciones/AUTOS%202021/4547.pdf HTTP/1.1" 200 329197
172.22.2.4 - - [11/Dec/2022:04:11:27 -0500] "GET /BLA/boletinlegal/index.php HTTP/1.1" 200 52942
172.22.2.4 - - [11/Dec/2022:04:11:32 -0500] "HEAD /BLA/boletinlegal/ HTTP/1.1" 200 -
66.249.64.15 - - [11/Dec/2022:04:13:48 -0500] "GET /BLA/resoluciones/Notificaciones/AUTOS%202021/4345.pdf HTTP/1.1" 200 391329
66.249.64.15 - - [11/Dec/2022:04:13:58 -0500] "GET /BLA/resoluciones/AUTOS%202018/3024.pdf HTTP/1.1" 200 333102
172.22.2.4 - - [11/Dec/2022:04:12:23 -0500] "GET /BLA/boletinlegal/ HTTP/1.1" 200 55680
201.245.192.253 - - [11/Dec/2022:04:14:25 -0500] "POST /kwsrmcab/Wsrmcab  HTTP/1.1" 502 1155
66.249.64.13 - - [11/Dec/2022:04:14:31 -0500] "GET /BLA/resoluciones/Notificaciones/RESOLUCIONES%202021/3744.pdf HTTP/1.1" 200 407908
216.245.221.92 - - [11/Dec/2022:04:15:08 -0500] "HEAD / HTTP/1.1" 200 -
201.245.192.253 - - [11/Dec/2022:04:15:23 -0500] "POST /kwsrmcab/Wsrmcab  HTTP/1.1" 200 43162
114.119.156.19 - - [11/Dec/2022:04:15:40 -0500] "GET /BLA/resoluciones/RESOLUCIONES%202019/2146.pdf HTTP/1.1" 200 312425
172.22.2.4 - - [11/Dec/2022:04:15:54 -0500] "GET /BLA/boletinlegal/robots.txt HTTP/1.1" 404 1038
172.22.2.4 - - [11/Dec/2022:04:15:54 -0500] "GET /BLA/boletinlegal/jurisprudencia/analisis/AnalisisT-606-15.docx HTTP/1.1" 304 -
66.249.64.13 - - [11/Dec/2022:04:16:22 -0500] "GET /BLA/resoluciones/AUTOS%202007/0625.pdf HTTP/1.1" 200 75343
66.249.64.15 - - [11/Dec/2022:04:16:23 -0500] "GET /BLA/resoluciones/AUTOS%202016/1086.pdf HTTP/1.1" 200 499696
201.245.192.253 - - [11/Dec/2022:04:16:25 -0500] "POST /kwsrmcab/Wsrmcab  HTTP/1.1" 200 43162
66.249.64.17 - - [11/Dec/2022:04:17:03 -0500] "GET /BLA/resoluciones/RESOLUCIONES%202009/2404.pdf HTTP/1.1" 200 130810
66.249.64.13 - - [11/Dec/2022:04:18:10 -0500] "GET /BLA/resoluciones/Autos%202008/2977.pdf HTTP/1.1" 200 58781
66.249.64.13 - - [11/Dec/2022:04:18:33 -0500] "GET /BLA/resoluciones/Notificaciones/RESOLUCIONES%202021/3749.pdf HTTP/1.1" 200 748815
66.249.64.15 - - [11/Dec/2022:04:18:40 -0500] "GET /BLA/resoluciones/Notificaciones/AUTOS%202021/3859.pdf HTTP/1.1" 200 348600
66.249.64.13 - - [11/Dec/2022:04:18:47 -0500] "GET /BLA/resoluciones/Notificaciones/AUTOS%202021/4260.pdf HTTP/1.1" 200 350458
66.249.64.13 - - [11/Dec/2022:04:18:54 -0500] "GET /BLA/resoluciones/RESOLUCIONES%202005/RESOLUCION%20647%20DE%202005.PDF HTTP/1.1" 200 282475
172.22.2.4 - - [11/Dec/2022:04:17:23 -0500] "HEAD /BLA/boletinlegal/ HTTP/1.1" 200 -
66.249.64.15 - - [11/Dec/2022:04:19:38 -0500] "GET /BLA/resoluciones/Notificaciones/RESOLUCIONES%202021/3366.pdf HTTP/1.1" 200 352950
172.22.2.4 - - [11/Dec/2022:04:18:16 -0500] "GET /BLA/boletinlegal/ HTTP/1.1" 200 59404
66.249.64.13 - - [11/Dec/2022:04:20:04 -0500] "GET /BLA/resoluciones/Notificaciones/AUTOS%202021/3633.pdf HTTP/1.1" 200 361338
216.245.221.92 - - [11/Dec/2022:04:20:08 -0500] "HEAD / HTTP/1.1" 200 -
201.245.192.253 - - [11/Dec/2022:04:20:21 -0500] "POST /kwsrmcab/Wsrmcab HTTP/1.1" 200 42712
201.245.192.253 - - [11/Dec/2022:04:20:24 -0500] "POST /kwsrmcab/Wsrmcab HTTP/1.1" 200 43925
201.245.192.253 - - [11/Dec/2022:04:21:24 -0500] "POST /kwsrmcab/Wsrmcab  HTTP/1.1" 200 43162
66.249.64.15 - - [11/Dec/2022:04:21:42 -0500] "GET /BLA/resoluciones/Autos%202008/2908.pdf HTTP/1.1" 200 158441
172.22.2.4 - - [11/Dec/2022:04:21:25 -0500] "GET /BLA/boletinlegal/ HTTP/1.1" 200 24523
66.249.64.17 - - [11/Dec/2022:04:23:07 -0500] "GET /BLA/resoluciones/RESOLUCIONES%202014/3793.pdf HTTP/1.1" 200 572151
66.249.64.13 - - [11/Dec/2022:04:23:22 -0500] "GET /BLA/resoluciones/AUTOS%202017/1378.pdf HTTP/1.1" 200 274900
114.119.152.119 - - [11/Dec/2022:04:23:39 -0500] "GET /BLA/resoluciones/RESOLUCIONES%202018/1095.pdf HTTP/1.1" 200 382727
66.249.64.13 - - [11/Dec/2022:04:23:50 -0500] "GET /BLA/resoluciones/Notificaciones/AUTOS%202018/6399.pdf HTTP/1.1" 200 435964
66.249.64.15 - - [11/Dec/2022:04:24:50 -0500] "GET /BLA/resoluciones/Notificaciones/AUTOS%202021/3864.pdf HTTP/1.1" 200 350334
172.22.2.4 - - [11/Dec/2022:04:23:12 -0500] "HEAD /BLA/boletinlegal/ HTTP/1.1" 200 -
216.245.221.92 - - [11/Dec/2022:04:25:08 -0500] "HEAD / HTTP/1.1" 200 -
66.249.64.15 - - [11/Dec/2022:04:25:27 -0500] "GET /BLA/resoluciones/Autos%202008/1468.pdf HTTP/1.1" 200 89432
172.22.2.4 - - [11/Dec/2022:04:24:03 -0500] "GET /BLA/boletinlegal/ HTTP/1.1" 200 59404
66.249.64.17 - - [11/Dec/2022:04:26:10 -0500] "GET /BLA/resoluciones/AUTOS%202014/5790.pdf HTTP/1.1" 200 209080
201.245.192.253 - - [11/Dec/2022:04:26:22 -0500] "POST /kwsrmcab/Wsrmcab  HTTP/1.1" 200 43162
66.249.64.13 - - [11/Dec/2022:04:27:28 -0500] "GET /BLA/resoluciones/Notificaciones/AUTOS%202021/4780.pdf HTTP/1.1" 200 349858
172.22.2.4 - - [11/Dec/2022:04:27:54 -0500] "GET /BLA/boletinlegal/actos.php HTTP/1.1" 200 9566
66.249.64.13 - - [11/Dec/2022:04:28:02 -0500] "GET /robots.txt HTTP/1.1" 404 1018
157.55.39.39 - - [11/Dec/2022:04:30:05 -0500] "GET /bla/resoluciones/notificaciones/autos%202018/4508.pdf HTTP/1.1" 304 -
216.245.221.92 - - [11/Dec/2022:04:30:08 -0500] "HEAD / HTTP/1.1" 200 -
201.245.192.253 - - [11/Dec/2022:04:30:21 -0500] "POST /kwsrmcab/Wsrmcab HTTP/1.1" 200 42712
201.245.192.253 - - [11/Dec/2022:04:30:23 -0500] "POST /kwsrmcab/Wsrmcab HTTP/1.1" 200 43925
172.22.2.4 - - [11/Dec/2022:04:29:02 -0500] "HEAD /BLA/boletinlegal/ HTTP/1.1" 200 -
114.119.131.253 - - [11/Dec/2022:04:30:49 -0500] "GET /BLA/resoluciones/RESOLUCIONES%202018/0616.pdf HTTP/1.1" 200 6096158
201.245.192.253 - - [11/Dec/2022:04:31:21 -0500] "POST /kwsrmcab/Wsrmcab  HTTP/1.1" 200 43162
172.22.2.4 - - [11/Dec/2022:04:29:56 -0500] "GET /BLA/boletinlegal/ HTTP/1.1" 200 57824
216.245.221.92 - - [11/Dec/2022:04:35:09 -0500] "HEAD / HTTP/1.1" 200 -
201.245.192.253 - - [11/Dec/2022:04:36:18 -0500] "POST /kwsrmcab/Wsrmcab  HTTP/1.1" 502 1155
172.22.2.4 - - [11/Dec/2022:04:34:53 -0500] "HEAD /BLA/boletinlegal/ HTTP/1.1" 200 -
201.245.192.253 - - [11/Dec/2022:04:37:17 -0500] "POST /kwsrmcab/Wsrmcab  HTTP/1.1" 200 43162
172.22.2.4 - - [11/Dec/2022:04:35:44 -0500] "GET /BLA/boletinlegal/ HTTP/1.1" 200 59035
201.245.192.253 - - [11/Dec/2022:04:38:18 -0500] "POST /kwsrmcab/Wsrmcab  HTTP/1.1" 200 43162
114.119.136.168 - - [11/Dec/2022:04:39:05 -0500] "GET /BLA/resoluciones/RESOLUCIONES%202017/1242.pdf HTTP/1.1" 200 5423629
207.46.13.120 - - [11/Dec/2022:04:39:54 -0500] "GET /portaldeninos/parque-mirador-de-los-nevados/ HTTP/1.1" 200 89855
207.46.13.120 - - [11/Dec/2022:04:40:04 -0500] "GET /portaldeninos/parque-mirador-de-los-nevados/ HTTP/1.1" 200 89855
216.245.221.92 - - [11/Dec/2022:04:40:08 -0500] "HEAD / HTTP/1.1" 200 -
201.245.192.253 - - [11/Dec/2022:04:40:21 -0500] "POST /kwsrmcab/Wsrmcab HTTP/1.1" 200 42712
201.245.192.253 - - [11/Dec/2022:04:40:24 -0500] "POST /kwsrmcab/Wsrmcab HTTP/1.1" 200 43925
172.22.2.4 - - [11/Dec/2022:04:40:43 -0500] "HEAD /BLA/boletinlegal/ HTTP/1.1" 200 -
172.22.2.4 - - [11/Dec/2022:04:40:49 -0500] "GET /BLA/boletinlegal/ HTTP/1.1" 200 50149
172.22.2.4 - - [11/Dec/2022:04:41:34 -0500] "GET /BLA/boletinlegal/ HTTP/1.1" 200 56079
201.245.192.253 - - [11/Dec/2022:04:43:18 -0500] "POST /kwsrmcab/Wsrmcab  HTTP/1.1" 502 1155
201.245.192.253 - - [11/Dec/2022:04:44:18 -0500] "POST /kwsrmcab/Wsrmcab  HTTP/1.1" 200 43162
216.245.221.92 - - [11/Dec/2022:04:45:08 -0500] "HEAD / HTTP/1.1" 200 -
201.245.192.253 - - [11/Dec/2022:04:45:19 -0500] "POST /kwsrmcab/Wsrmcab  HTTP/1.1" 200 43162
124.223.196.102 - - [11/Dec/2022:04:47:18 -0500] "GET / HTTP/1.1" 200 319
66.249.64.13 - - [11/Dec/2022:04:47:39 -0500] "GET /pdc/actos/630.pdf HTTP/1.1" 200 1279636
172.22.2.4 - - [11/Dec/2022:04:46:33 -0500] "HEAD /BLA/boletinlegal/ HTTP/1.1" 200 -
114.119.139.70 - - [11/Dec/2022:04:48:33 -0500] "GET /BLA/resoluciones/RESOLUCIONES%202014/3056.pdf HTTP/1.1" 200 253160
172.22.2.4 - - [11/Dec/2022:04:47:27 -0500] "GET /BLA/boletinlegal/ HTTP/1.1" 200 56474
216.245.221.92 - - [11/Dec/2022:04:50:08 -0500] "HEAD / HTTP/1.1" 200 -
94.102.61.10 - - [11/Dec/2022:04:50:16 -0500] "GET /portaldeninos/ HTTP/1.1" 200 110197
201.245.192.253 - - [11/Dec/2022:04:50:18 -0500] "POST /kwsrmcab/Wsrmcab  HTTP/1.1" 200 43162
172.22.2.4 - - [11/Dec/2022:04:52:23 -0500] "HEAD /BLA/boletinlegal/ HTTP/1.1" 200 -
172.22.2.4 - - [11/Dec/2022:04:53:14 -0500] "GET /BLA/boletinlegal/ HTTP/1.1" 200 55272
172.22.2.4 - - [11/Dec/2022:04:54:25 -0500] "GET /BLA/boletinlegal/ HTTP/1.1" 200 24523
216.245.221.92 - - [11/Dec/2022:04:55:08 -0500] "HEAD / HTTP/1.1" 200 -
201.245.192.253 - - [11/Dec/2022:04:55:16 -0500] "POST /kwsrmcab/Wsrmcab  HTTP/1.1" 200 43162
69.63.184.2 - - [11/Dec/2022:04:55:48 -0500] "GET /ciudad-bolivar-y-puente-aranda-se-alistan-para-una-nueva-llantaton.html HTTP/1.1" 206 991
172.22.2.4 - - [11/Dec/2022:04:58:13 -0500] "HEAD /BLA/boletinlegal/ HTTP/1.1" 200 -
216.245.221.92 - - [11/Dec/2022:05:00:08 -0500] "HEAD / HTTP/1.1" 200 -
201.245.192.253 - - [11/Dec/2022:05:00:15 -0500] "POST /kwsrmcab/Wsrmcab  HTTP/1.1" 200 43162
172.22.2.4 - - [11/Dec/2022:04:59:04 -0500] "GET /BLA/boletinlegal/ HTTP/1.1" 200 58612
114.119.157.241 - - [11/Dec/2022:05:02:18 -0500] "GET /BLA/resoluciones/RESOLUCIONES%202013/1112.pdf HTTP/1.1" 200 1413984
172.22.2.4 - - [11/Dec/2022:05:02:36 -0500] "GET /BLA/boletinlegal/robots.txt HTTP/1.1" 404 1038
172.22.2.4 - - [11/Dec/2022:05:02:36 -0500] "GET /BLA/boletinlegal/documentos-importantes.php HTTP/1.1" 200 4829
69.171.251.21 - - [11/Dec/2022:05:03:40 -0500] "GET /este-18-y-19-de-marzo-la-ciudadania-puede-participar-en-la-feria-de-servicios-ambientales-en-barrios-unidos.html HTTP/1.1" 206 1120
201.245.192.253 - - [11/Dec/2022:05:05:14 -0500] "POST /kwsrmcab/Wsrmcab  HTTP/1.1" 200 43162
216.245.221.92 - - [11/Dec/2022:05:05:17 -0500] "HEAD / HTTP/1.1" 200 -
172.22.2.4 - - [11/Dec/2022:05:04:03 -0500] "HEAD /BLA/boletinlegal/ HTTP/1.1" 200 -
172.22.2.4 - - [11/Dec/2022:05:04:54 -0500] "GET /BLA/boletinlegal/ HTTP/1.1" 200 55680
114.119.140.13 - - [11/Dec/2022:05:08:18 -0500] "GET /BLA/resoluciones/RESOLUCIONES%202011/1116.pdf HTTP/1.1" 200 279065
172.22.2.4 - - [11/Dec/2022:05:09:51 -0500] "GET /BLA/boletinlegal/autodiscover/autodiscover.json?@zdi/Powershell HTTP/1.1" 404 1018
216.245.221.92 - - [11/Dec/2022:05:10:08 -0500] "HEAD / HTTP/1.1" 200 -
201.245.192.253 - - [11/Dec/2022:05:10:12 -0500] "POST /kwsrmcab/Wsrmcab  HTTP/1.1" 200 43162
172.22.2.4 - - [11/Dec/2022:05:09:53 -0500] "HEAD /BLA/boletinlegal/ HTTP/1.1" 200 -
172.22.2.4 - - [11/Dec/2022:05:10:44 -0500] "GET /BLA/boletinlegal/ HTTP/1.1" 200 52079
114.119.154.181 - - [11/Dec/2022:05:12:56 -0500] "GET /BLA/resoluciones/RESOLUCIONES%202010/RESOLUCION%203888%20DE%202010.PDF HTTP/1.1" 200 38399
216.245.221.92 - - [11/Dec/2022:05:15:08 -0500] "HEAD / HTTP/1.1" 200 -
201.245.192.253 - - [11/Dec/2022:05:15:11 -0500] "POST /kwsrmcab/Wsrmcab  HTTP/1.1" 200 43162
172.22.2.4 - - [11/Dec/2022:05:15:43 -0500] "HEAD /BLA/boletinlegal/ HTTP/1.1" 200 -
157.55.39.42 - - [11/Dec/2022:05:17:43 -0500] "GET /images/rec-21_optimized.jpg HTTP/1.1" 200 143715
64.124.8.31 - - [11/Dec/2022:05:18:05 -0500] "GET /portaldeninos/biodiversidad/ HTTP/1.1" 200 86633
172.22.2.4 - - [11/Dec/2022:05:16:34 -0500] "GET /BLA/boletinlegal/ HTTP/1.1" 200 59404
69.63.184.4 - - [11/Dec/2022:05:18:29 -0500] "GET /bogota-se-alista-para-la-feria-de-emprendimiento-verde.html HTTP/1.1" 206 862
114.119.139.110 - - [11/Dec/2022:05:19:43 -0500] "GET /BLA/resoluciones/RESOLUCIONES%202010/7707.pdf HTTP/1.1" 200 525106
216.245.221.92 - - [11/Dec/2022:05:20:17 -0500] "HEAD / HTTP/1.1" 200 -
201.245.192.253 - - [11/Dec/2022:05:20:19 -0500] "POST /kwsrmcab/Wsrmcab  HTTP/1.1" 200 14501
201.245.192.253 - - [11/Dec/2022:05:20:21 -0500] "POST /kwsrmcab/Wsrmcab HTTP/1.1" 200 42997
201.245.192.253 - - [11/Dec/2022:05:20:23 -0500] "POST /kwsrmcab/Wsrmcab HTTP/1.1" 200 43920
201.245.192.253 - - [11/Dec/2022:05:21:27 -0500] "POST /kwsrmcab/Wsrmcab  HTTP/1.1" 200 14501
201.245.192.253 - - [11/Dec/2022:05:22:27 -0500] "POST /kwsrmcab/Wsrmcab  HTTP/1.1" 200 43162
109.237.97.180 - - [11/Dec/2022:05:22:42 -0500] "GET /.env HTTP/1.1" 404 1018
109.237.97.180 - - [11/Dec/2022:05:22:43 -0500] "\x16\x03\x01\x01H\x01" 400 226
172.22.2.4 - - [11/Dec/2022:05:21:33 -0500] "HEAD /BLA/boletinlegal/ HTTP/1.1" 200 -
185.119.81.108 - - [11/Dec/2022:05:23:16 -0500] "GET /portaldeninos/wp-login.php HTTP/1.1" 200 2592
185.119.81.108 - - [11/Dec/2022:05:23:17 -0500] "POST /portaldeninos/wp-login.php HTTP/1.1" 200 3605
201.245.192.253 - - [11/Dec/2022:05:23:27 -0500] "POST /kwsrmcab/Wsrmcab  HTTP/1.1" 200 43162
172.22.2.4 - - [11/Dec/2022:05:22:24 -0500] "GET /BLA/boletinlegal/ HTTP/1.1" 200 56825
185.119.81.99 - - [11/Dec/2022:05:24:44 -0500] "GET /portaldeninos/wp-login.php HTTP/1.1" 200 2592
185.119.81.99 - - [11/Dec/2022:05:24:45 -0500] "POST /portaldeninos/wp-login.php HTTP/1.1" 200 3605
172.22.2.4 - - [11/Dec/2022:05:24:55 -0500] "GET /BLA/boletinlegal/robots.txt HTTP/1.1" 404 1038
172.22.2.4 - - [11/Dec/2022:05:24:55 -0500] "GET /BLA/boletinlegal/normativa.php HTTP/1.1" 200 8333
216.245.221.92 - - [11/Dec/2022:05:25:08 -0500] "HEAD / HTTP/1.1" 200 -
114.119.133.120 - - [11/Dec/2022:05:25:39 -0500] "GET /BLA/resoluciones/RESOLUCIONES%202010/7097.pdf HTTP/1.1" 200 284211
201.245.192.253 - - [11/Dec/2022:05:28:26 -0500] "POST /kwsrmcab/Wsrmcab  HTTP/1.1" 200 43162
172.22.2.4 - - [11/Dec/2022:05:27:23 -0500] "HEAD /BLA/boletinlegal/ HTTP/1.1" 200 -
172.22.2.4 - - [11/Dec/2022:05:28:14 -0500] "GET /BLA/boletinlegal/ HTTP/1.1" 200 59404
216.245.221.92 - - [11/Dec/2022:05:30:08 -0500] "HEAD / HTTP/1.1" 200 -
201.245.192.253 - - [11/Dec/2022:05:30:29 -0500] "POST /kwsrmcab/Wsrmcab HTTP/1.1" 200 42997
201.245.192.253 - - [11/Dec/2022:05:30:32 -0500] "POST /kwsrmcab/Wsrmcab HTTP/1.1" 200 43920
66.249.64.17 - - [11/Dec/2022:05:32:42 -0500] "GET /pdc/actos/630.pdf HTTP/1.1" 304 -
172.22.2.4 - - [11/Dec/2022:05:32:48 -0500] "GET /BLA/boletinlegal/jurisprudencia.php HTTP/1.1" 200 17573
201.245.192.253 - - [11/Dec/2022:05:33:25 -0500] "POST /kwsrmcab/Wsrmcab  HTTP/1.1" 200 43162
172.22.2.4 - - [11/Dec/2022:05:34:15 -0500] "GET /BLA/boletinlegal/robots.txt HTTP/1.1" 404 1140
168.119.51.200 - - [11/Dec/2022:05:34:18 -0500] "GET / HTTP/1.1" 200 319
162.55.41.96 - - [11/Dec/2022:05:34:26 -0500] "GET / HTTP/1.1" 200 319
172.22.2.4 - - [11/Dec/2022:05:33:13 -0500] "HEAD /BLA/boletinlegal/ HTTP/1.1" 200 -
114.119.146.208 - - [11/Dec/2022:05:34:57 -0500] "GET /BLA/resoluciones/RESOLUCIONES%202010/6022.pdf HTTP/1.1" 200 569770
64.124.8.45 - - [11/Dec/2022:05:35:05 -0500] "GET /BLA/boletinlegal/jurisprudencia/analisis/analisis%20C-595-2010.doc HTTP/1.1" 304 -
216.245.221.92 - - [11/Dec/2022:05:35:08 -0500] "HEAD / HTTP/1.1" 200 -
172.22.2.4 - - [11/Dec/2022:05:34:03 -0500] "GET /BLA/boletinlegal/ HTTP/1.1" 200 57192
207.46.13.174 - - [11/Dec/2022:05:36:58 -0500] "GET /bla/resoluciones/notificaciones/autos%202020/4592.pdf HTTP/1.1" 304 -
201.245.192.253 - - [11/Dec/2022:05:38:24 -0500] "POST /kwsrmcab/Wsrmcab  HTTP/1.1" 200 43162
114.119.135.172 - - [11/Dec/2022:05:39:32 -0500] "GET /BLA/resoluciones/RESOLUCIONES%202010/5719.pdf HTTP/1.1" 200 49281
216.245.221.92 - - [11/Dec/2022:05:40:08 -0500] "HEAD / HTTP/1.1" 200 -
201.245.192.253 - - [11/Dec/2022:05:40:20 -0500] "POST /kwsrmcab/Wsrmcab HTTP/1.1" 502 1155
201.245.192.253 - - [11/Dec/2022:05:40:20 -0500] "POST /kwsrmcab/Wsrmcab HTTP/1.1" 200 43920
172.22.2.4 - - [11/Dec/2022:05:39:03 -0500] "HEAD /BLA/boletinlegal/ HTTP/1.1" 200 -
172.22.2.4 - - [11/Dec/2022:05:39:54 -0500] "GET /BLA/boletinlegal/ HTTP/1.1" 200 54816
114.119.152.30 - - [11/Dec/2022:05:43:17 -0500] "GET /BLA/resoluciones/RESOLUCIONES%202010/5666.pdf HTTP/1.1" 200 88483
201.245.192.253 - - [11/Dec/2022:05:43:23 -0500] "POST /kwsrmcab/Wsrmcab  HTTP/1.1" 200 43162
64.124.8.38 - - [11/Dec/2022:05:43:29 -0500] "GET /AFLUENTESYEFUENTES/ HTTP/1.1" 304 -
216.245.221.92 - - [11/Dec/2022:05:45:08 -0500] "HEAD / HTTP/1.1" 200 -
172.22.2.4 - - [11/Dec/2022:05:44:53 -0500] "HEAD /BLA/boletinlegal/ HTTP/1.1" 200 -
172.22.2.4 - - [11/Dec/2022:05:45:44 -0500] "GET /BLA/boletinlegal/ HTTP/1.1" 200 54816
185.119.81.108 - - [11/Dec/2022:05:47:28 -0500] "GET /portaldeninos/wp-login.php HTTP/1.1" 200 2592
185.119.81.108 - - [11/Dec/2022:05:47:29 -0500] "POST /portaldeninos/wp-login.php HTTP/1.1" 200 3605
172.22.2.4 - - [11/Dec/2022:05:47:56 -0500] "GET /BLA/boletinlegal/jurisprudencia.php HTTP/1.1" 200 17573
201.245.192.253 - - [11/Dec/2022:05:48:21 -0500] "POST /kwsrmcab/Wsrmcab  HTTP/1.1" 200 43162
199.16.157.183 - - [11/Dec/2022:05:48:40 -0500] "GET /una-mujer-que-trabaja-por-la-equidad-de-genero-y-la-proteccion-del-ambiente-asi-es-amanda-rodriguez.html HTTP/1.1" 200 935
199.16.157.183 - - [11/Dec/2022:05:48:40 -0500] "GET /images/cronica-amanda-rodriguez-30-abril.jpg HTTP/1.1" 200 26304
172.22.2.4 - - [11/Dec/2022:05:48:06 -0500] "GET /BLA/boletinlegal/ HTTP/1.1" 200 36811
216.245.221.92 - - [11/Dec/2022:05:50:08 -0500] "HEAD / HTTP/1.1" 200 -
172.22.2.4 - - [11/Dec/2022:05:50:43 -0500] "HEAD /BLA/boletinlegal/ HTTP/1.1" 200 -
172.22.2.4 - - [11/Dec/2022:05:51:34 -0500] "GET /BLA/boletinlegal/ HTTP/1.1" 200 57192
201.245.192.253 - - [11/Dec/2022:05:53:29 -0500] "POST /kwsrmcab/Wsrmcab  HTTP/1.1" 200 14501
201.245.192.253 - - [11/Dec/2022:05:54:29 -0500] "POST /kwsrmcab/Wsrmcab  HTTP/1.1" 200 43162
114.119.151.60 - - [11/Dec/2022:05:54:43 -0500] "GET /silvicultura/8.pdf HTTP/1.1" 200 245468
216.245.221.92 - - [11/Dec/2022:05:55:08 -0500] "HEAD / HTTP/1.1" 200 -
201.245.192.253 - - [11/Dec/2022:05:55:34 -0500] "POST /kwsrmcab/Wsrmcab  HTTP/1.1" 200 43162
172.22.2.4 - - [11/Dec/2022:05:56:34 -0500] "HEAD /BLA/boletinlegal/ HTTP/1.1" 200 -
114.119.141.119 - - [11/Dec/2022:05:58:22 -0500] "GET /pdc/actos/949.pdf HTTP/1.1" 200 1447639
172.22.2.4 - - [11/Dec/2022:05:56:53 -0500] "GET /BLA/boletinlegal/index.php HTTP/1.1" 200 52079
31.13.127.11 - - [11/Dec/2022:05:58:35 -0500] "GET /images/Acuerdos%2001%20(1)%20(1).jpeg HTTP/1.1" 200 32884
172.22.2.4 - - [11/Dec/2022:05:57:25 -0500] "GET /BLA/boletinlegal/ HTTP/1.1" 200 54452
216.245.221.92 - - [11/Dec/2022:06:00:08 -0500] "HEAD / HTTP/1.1" 200 -
134.122.84.165 - - [11/Dec/2022:06:00:15 -0500] "POST /BLA/boletinlegal/admin/index.php HTTP/1.1" 200 2324
134.122.84.165 - - [11/Dec/2022:06:00:16 -0500] "POST /BLA/boletinlegal/admin/index.php?route=common/login HTTP/1.1" 200 2324
134.122.84.165 - - [11/Dec/2022:06:00:16 -0500] "POST /BLA/boletinlegal/admin/index.php HTTP/1.1" 200 2324
134.122.84.165 - - [11/Dec/2022:06:00:16 -0500] "POST /BLA/boletinlegal/admin/index.php?route=common/login HTTP/1.1" 200 2324
201.245.192.253 - - [11/Dec/2022:06:00:29 -0500] "POST /kwsrmcab/Wsrmcab  HTTP/1.1" 200 43162
64.124.8.38 - - [11/Dec/2022:06:00:36 -0500] "GET /galeria/nivo-slider/demo/inicio.html HTTP/1.1" 404 1018
64.124.8.38 - - [11/Dec/2022:06:00:48 -0500] "GET /robots.txt HTTP/1.1" 404 1018
114.119.139.251 - - [11/Dec/2022:06:01:39 -0500] "GET /autoliquidacion2020/index.php?dir=Vertimientos/ HTTP/1.1" 200 3213
172.22.2.4 - - [11/Dec/2022:06:03:37 -0500] "GET /BLA/boletinlegal/jurisprudencia/analisis/Analisis%20jurisprudencial%20Sentencia%20C-366-11.doc HTTP/1.1" 304 -
172.22.2.4 - - [11/Dec/2022:06:02:23 -0500] "HEAD /BLA/boletinlegal/ HTTP/1.1" 200 -
114.119.152.47 - - [11/Dec/2022:06:04:21 -0500] "GET /autoliquidacion2020/index.php?dir=Plan%2Bde%2Bmanejo%2Bambiental%2Bpara%2Bsitios%2Bde%2Baprovechamiento%2By%2Bo%2Bdisposicion%2Bfinal%2Bde%2Bescombros/&sort=name&order=asc HTTP/1.1" 200 6575
185.119.81.99 - - [11/Dec/2022:06:04:43 -0500] "GET /portaldeninos/wp-login.php HTTP/1.1" 200 2592
185.119.81.99 - - [11/Dec/2022:06:04:43 -0500] "POST /portaldeninos/wp-login.php HTTP/1.1" 200 3670
172.22.2.4 - - [11/Dec/2022:06:04:48 -0500] "GET /BLA/boletinlegal/jurisprudencia/analisis/AnalisisT-095-16.docx HTTP/1.1" 304 -
172.22.2.4 - - [11/Dec/2022:06:03:13 -0500] "GET /BLA/boletinlegal/ HTTP/1.1" 200 52453
216.245.221.92 - - [11/Dec/2022:06:05:08 -0500] "HEAD / HTTP/1.1" 200 -
201.245.192.253 - - [11/Dec/2022:06:05:27 -0500] "POST /kwsrmcab/Wsrmcab  HTTP/1.1" 200 43162
35.195.93.98 - - [11/Dec/2022:06:05:40 -0500] "GET / HTTP/1.1" 200 319
114.119.146.219 - - [11/Dec/2022:06:08:35 -0500] "GET /autoliquidacion/index.php?dir=Solicitudes%2Brelacionadas%2Bcon%2Bcalidad%2Bdel%2Baire%2Bauditiva%2By%2Bvisual/&sort=name&order=asc HTTP/1.1" 200 6973
172.22.2.4 - - [11/Dec/2022:06:08:13 -0500] "HEAD /BLA/boletinlegal/ HTTP/1.1" 200 -
207.46.13.194 - - [11/Dec/2022:06:09:59 -0500] "GET /BLA/resoluciones/RESOLUCIONES%202000/2000%202850-2899.tif HTTP/1.1" 200 4291775
216.245.221.92 - - [11/Dec/2022:06:10:08 -0500] "HEAD / HTTP/1.1" 200 -
201.245.192.253 - - [11/Dec/2022:06:10:26 -0500] "POST /kwsrmcab/Wsrmcab  HTTP/1.1" 200 43162
172.22.2.4 - - [11/Dec/2022:06:09:04 -0500] "GET /BLA/boletinlegal/ HTTP/1.1" 200 57824
114.119.131.181 - - [11/Dec/2022:06:12:52 -0500] "GET /BLA/resoluciones/index.php?dir=RESOLUCIONES%2B1992/&sort=date&order=desc HTTP/1.1" 200 13299
216.245.221.92 - - [11/Dec/2022:06:15:08 -0500] "HEAD / HTTP/1.1" 200 -
201.245.192.253 - - [11/Dec/2022:06:15:23 -0500] "POST /kwsrmcab/Wsrmcab  HTTP/1.1" 200 43162
172.22.2.4 - - [11/Dec/2022:06:14:03 -0500] "HEAD /BLA/boletinlegal/ HTTP/1.1" 200 -
172.22.2.4 - - [11/Dec/2022:06:14:53 -0500] "GET /BLA/boletinlegal/ HTTP/1.1" 200 50495
172.22.2.4 - - [11/Dec/2022:06:15:46 -0500] "HEAD /BLA/boletinlegal/ HTTP/1.1" 200 -
173.252.79.12 - - [11/Dec/2022:06:17:37 -0500] "GET /images/cr\xc3\xb3nica-29-nov-1_optimized.jpeg HTTP/1.1" 404 1034
157.55.39.82 - - [11/Dec/2022:06:19:41 -0500] "-" 408 -
216.245.221.92 - - [11/Dec/2022:06:20:08 -0500] "HEAD / HTTP/1.1" 200 -
172.22.2.4 - - [11/Dec/2022:06:20:13 -0500] "GET /BLA/boletinlegal/Circulares/2012/Circular%20No.%209%20del%2021%20de%20Agosto%20de%202012.pdf HTTP/1.1" 304 -
201.245.192.253 - - [11/Dec/2022:06:20:20 -0500] "POST /kwsrmcab/Wsrmcab HTTP/1.1" 200 43131
201.245.192.253 - - [11/Dec/2022:06:20:23 -0500] "POST /kwsrmcab/Wsrmcab  HTTP/1.1" 200 43162
201.245.192.253 - - [11/Dec/2022:06:20:24 -0500] "POST /kwsrmcab/Wsrmcab HTTP/1.1" 200 43475
172.22.2.4 - - [11/Dec/2022:06:19:53 -0500] "HEAD /BLA/boletinlegal/ HTTP/1.1" 200 -
172.22.2.4 - - [11/Dec/2022:06:20:43 -0500] "GET /BLA/boletinlegal/ HTTP/1.1" 200 59035
173.252.87.116 - - [11/Dec/2022:06:24:03 -0500] "GET /images/cr\xc3\xb3nica-29-nov-1_optimized.jpeg HTTP/1.1" 404 1034
114.119.149.254 - - [11/Dec/2022:06:24:26 -0500] "GET /BLA/resoluciones/RESOLUCIONES%202019/0046.pdf HTTP/1.1" 200 725858
66.249.64.13 - - [11/Dec/2022:06:24:53 -0500] "GET /isolucionsda/Arriba.asp?Pagina=/isolucionsda/bancoconocimiento/C/ConceptojuridicoNo107del11deOctubrede2012/ConceptojuridicoNo107del11deOctubrede2012.asp&IdArticulo=6371 HTTP/1.1" 502 1168
216.245.221.92 - - [11/Dec/2022:06:25:08 -0500] "HEAD / HTTP/1.1" 200 -
201.245.192.253 - - [11/Dec/2022:06:25:22 -0500] "POST /kwsrmcab/Wsrmcab  HTTP/1.1" 200 43162
114.119.158.196 - - [11/Dec/2022:06:27:19 -0500] "GET /BLA/resoluciones/RESOLUCIONES%202018/3127.pdf HTTP/1.1" 200 3663984
172.22.2.4 - - [11/Dec/2022:06:25:43 -0500] "HEAD /BLA/boletinlegal/ HTTP/1.1" 200 -
172.22.2.4 - - [11/Dec/2022:06:26:33 -0500] "GET /BLA/boletinlegal/ HTTP/1.1" 200 57192
172.22.2.4 - - [11/Dec/2022:06:29:27 -0500] "GET /BLA/boletinlegal/actos.php HTTP/1.1" 200 9566
216.245.221.92 - - [11/Dec/2022:06:30:08 -0500] "HEAD / HTTP/1.1" 200 -
201.245.192.253 - - [11/Dec/2022:06:30:20 -0500] "POST /kwsrmcab/Wsrmcab HTTP/1.1" 200 43131
201.245.192.253 - - [11/Dec/2022:06:30:21 -0500] "POST /kwsrmcab/Wsrmcab  HTTP/1.1" 200 43162
201.245.192.253 - - [11/Dec/2022:06:30:23 -0500] "POST /kwsrmcab/Wsrmcab HTTP/1.1" 200 43475
114.119.158.50 - - [11/Dec/2022:06:32:04 -0500] "GET /BLA/resoluciones/RESOLUCIONES%202016/1361.pdf HTTP/1.1" 200 486149
172.22.2.4 - - [11/Dec/2022:06:31:33 -0500] "HEAD /BLA/boletinlegal/ HTTP/1.1" 200 -
172.22.2.4 - - [11/Dec/2022:06:32:23 -0500] "GET /BLA/boletinlegal/ HTTP/1.1" 200 59035
114.119.136.111 - - [11/Dec/2022:06:35:06 -0500] "GET /BLA/resoluciones/RESOLUCIONES%202015/0528.pdf HTTP/1.1" 200 757801
216.245.221.92 - - [11/Dec/2022:06:35:08 -0500] "HEAD / HTTP/1.1" 200 -
201.245.192.253 - - [11/Dec/2022:06:35:20 -0500] "POST /kwsrmcab/Wsrmcab  HTTP/1.1" 200 43162
172.22.2.4 - - [11/Dec/2022:06:37:23 -0500] "HEAD /BLA/boletinlegal/ HTTP/1.1" 200 -
114.119.137.2 - - [11/Dec/2022:06:39:27 -0500] "GET /BLA/resoluciones/RESOLUCIONES%202014/2759.pdf HTTP/1.1" 200 320399
172.22.2.4 - - [11/Dec/2022:06:38:14 -0500] "GET /BLA/boletinlegal/ HTTP/1.1" 200 57824
216.245.221.92 - - [11/Dec/2022:06:40:08 -0500] "HEAD / HTTP/1.1" 200 -
201.245.192.253 - - [11/Dec/2022:06:40:19 -0500] "POST /kwsrmcab/Wsrmcab  HTTP/1.1" 200 43162
31.13.103.14 - - [11/Dec/2022:06:40:22 -0500] "GET /images/cr\xc3\xb3nica-29-nov-1_optimized.jpeg HTTP/1.1" 404 1034
201.245.192.253 - - [11/Dec/2022:06:40:20 -0500] "POST /kwsrmcab/Wsrmcab HTTP/1.1" 200 43131
201.245.192.253 - - [11/Dec/2022:06:40:23 -0500] "POST /kwsrmcab/Wsrmcab HTTP/1.1" 200 43475
185.119.81.108 - - [11/Dec/2022:06:42:26 -0500] "GET /portaldeninos/wp-login.php HTTP/1.1" 200 2592
185.119.81.108 - - [11/Dec/2022:06:42:27 -0500] "POST /portaldeninos/wp-login.php HTTP/1.1" 200 3670
114.119.159.233 - - [11/Dec/2022:06:42:51 -0500] "GET /BLA/resoluciones/RESOLUCIONES%202014/1655.pdf HTTP/1.1" 200 229833
172.22.2.4 - - [11/Dec/2022:06:43:13 -0500] "HEAD /BLA/boletinlegal/ HTTP/1.1" 200 -
216.245.221.92 - - [11/Dec/2022:06:45:08 -0500] "HEAD / HTTP/1.1" 200 -
201.245.192.253 - - [11/Dec/2022:06:45:18 -0500] "POST /kwsrmcab/Wsrmcab  HTTP/1.1" 200 43162
172.22.2.4 - - [11/Dec/2022:06:44:03 -0500] "GET /BLA/boletinlegal/ HTTP/1.1" 200 54816
104.164.161.197 - - [11/Dec/2022:06:46:55 -0500] "HEAD / HTTP/1.1" 200 -
54.202.214.251 - - [11/Dec/2022:06:46:59 -0500] "GET / HTTP/1.1" 200 319
54.202.214.251 - - [11/Dec/2022:06:47:00 -0500] "GET /favicon.ico HTTP/1.1" 200 7782
114.119.129.50 - - [11/Dec/2022:06:49:15 -0500] "GET /BLA/resoluciones/RESOLUCIONES%202013/0273.pdf HTTP/1.1" 200 1689325
168.119.253.6 - - [11/Dec/2022:06:49:18 -0500] "GET / HTTP/1.1" 200 319
116.203.250.97 - - [11/Dec/2022:06:49:30 -0500] "GET / HTTP/1.1" 200 319
216.245.221.92 - - [11/Dec/2022:06:50:08 -0500] "HEAD / HTTP/1.1" 200 -
201.245.192.253 - - [11/Dec/2022:06:50:17 -0500] "POST /kwsrmcab/Wsrmcab  HTTP/1.1" 200 43162
95.217.144.245 - - [11/Dec/2022:06:50:30 -0500] "GET /robots.txt HTTP/1.1" 404 1034
95.217.144.245 - - [11/Dec/2022:06:50:30 -0500] "GET /robots.txt HTTP/1.1" 404 1034
172.22.2.4 - - [11/Dec/2022:06:49:03 -0500] "HEAD /BLA/boletinlegal/ HTTP/1.1" 200 -
173.252.83.20 - - [11/Dec/2022:06:50:45 -0500] "GET /images/Entrenubes%201%20(1)%20(1).jpeg HTTP/1.1" 200 70096
185.119.81.107 - - [11/Dec/2022:06:51:32 -0500] "GET /portaldeninos/wp-login.php HTTP/1.1" 200 2592
185.119.81.107 - - [11/Dec/2022:06:51:33 -0500] "POST /portaldeninos/wp-login.php HTTP/1.1" 200 3650
172.22.2.4 - - [11/Dec/2022:06:49:53 -0500] "GET /BLA/boletinlegal/ HTTP/1.1" 200 55680
114.119.134.1 - - [11/Dec/2022:06:54:11 -0500] "GET /BLA/resoluciones/RESOLUCIONES%202013/0266.pdf HTTP/1.1" 200 836951
40.77.167.77 - - [11/Dec/2022:06:54:49 -0500] "GET /transparencia/directorioservidores/2016/febrero2016.xlsx HTTP/1.1" 304 -
216.245.221.92 - - [11/Dec/2022:06:55:08 -0500] "HEAD / HTTP/1.1" 200 -
201.245.192.253 - - [11/Dec/2022:06:55:16 -0500] "POST /kwsrmcab/Wsrmcab  HTTP/1.1" 200 43162
172.22.2.4 - - [11/Dec/2022:06:54:53 -0500] "HEAD /BLA/boletinlegal/ HTTP/1.1" 200 -
172.22.2.4 - - [11/Dec/2022:06:55:43 -0500] "GET /BLA/boletinlegal/ HTTP/1.1" 200 57824
114.119.149.5 - - [11/Dec/2022:06:57:45 -0500] "GET /BLA/resoluciones/RESOLUCIONES%202011/2258.pdf HTTP/1.1" 200 643064
64.124.8.31 - - [11/Dec/2022:06:57:55 -0500] "-" 408 -
216.245.221.92 - - [11/Dec/2022:07:00:08 -0500] "HEAD / HTTP/1.1" 200 -
201.245.192.253 - - [11/Dec/2022:07:00:15 -0500] "POST /kwsrmcab/Wsrmcab  HTTP/1.1" 200 43162
114.119.138.207 - - [11/Dec/2022:07:00:34 -0500] "GET /BLA/resoluciones/RESOLUCIONES%202011/1492.pdf HTTP/1.1" 200 69033
172.22.2.4 - - [11/Dec/2022:07:00:43 -0500] "HEAD /BLA/boletinlegal/ HTTP/1.1" 200 -
79.137.248.61 - - [11/Dec/2022:07:02:31 -0500] "GET / HTTP/1.1" 200 319
66.249.73.127 - - [11/Dec/2022:07:02:38 -0500] "GET /pdc/actos/630.pdf HTTP/1.1" 304 -
172.22.2.4 - - [11/Dec/2022:07:01:33 -0500] "GET /BLA/boletinlegal/ HTTP/1.1" 200 57192
114.119.157.123 - - [11/Dec/2022:07:03:59 -0500] "GET /BLA/resoluciones/RESOLUCIONES%202010/7872.pdf HTTP/1.1" 200 303573
216.245.221.92 - - [11/Dec/2022:07:05:08 -0500] "HEAD / HTTP/1.1" 200 -
201.245.192.253 - - [11/Dec/2022:07:05:14 -0500] "POST /kwsrmcab/Wsrmcab  HTTP/1.1" 200 43162
172.22.2.4 - - [11/Dec/2022:07:05:28 -0500] "GET /BLA/boletinlegal/images/cabezote%20BLEGAL.jpg HTTP/1.1" 200 118164
207.46.13.194 - - [11/Dec/2022:07:08:03 -0500] "GET /Publicaciones/2022EE79097.pdf HTTP/1.1" 404 227
172.22.2.4 - - [11/Dec/2022:07:06:33 -0500] "HEAD /BLA/boletinlegal/ HTTP/1.1" 200 -
172.22.2.4 - - [11/Dec/2022:07:07:24 -0500] "GET /BLA/boletinlegal/ HTTP/1.1" 200 56079
114.119.144.36 - - [11/Dec/2022:07:10:04 -0500] "GET /BLA/resoluciones/RESOLUCIONES%202010/6198.pdf HTTP/1.1" 200 665376
157.55.39.39 - - [11/Dec/2022:07:10:04 -0500] "GET /BLA/resoluciones/index.php?dir=Notificaciones%2F HTTP/1.1" 200 10351
157.55.39.39 - - [11/Dec/2022:07:10:05 -0500] "GET /bla/resoluciones/resoluciones%202012/1858.pdf HTTP/1.1" 304 -
216.245.221.92 - - [11/Dec/2022:07:10:08 -0500] "HEAD / HTTP/1.1" 200 -
201.245.192.253 - - [11/Dec/2022:07:10:13 -0500] "POST /kwsrmcab/Wsrmcab  HTTP/1.1" 200 43162
185.119.81.107 - - [11/Dec/2022:07:10:26 -0500] "GET /portaldeninos/wp-login.php HTTP/1.1" 200 2592
185.119.81.107 - - [11/Dec/2022:07:10:27 -0500] "POST /portaldeninos/wp-login.php HTTP/1.1" 200 3605
207.46.13.174 - - [11/Dec/2022:07:11:58 -0500] "GET /BLA/resoluciones/index.php?dir=AUTOS+2012%2F HTTP/1.1" 200 275011
207.46.13.198 - - [11/Dec/2022:07:12:03 -0500] "GET /BLA/resoluciones/dlf/styles.css HTTP/1.1" 200 3049
114.119.135.36 - - [11/Dec/2022:07:13:13 -0500] "GET /BLA/resoluciones/RESOLUCIONES%202010/5522.pdf HTTP/1.1" 200 196423
172.22.2.4 - - [11/Dec/2022:07:12:23 -0500] "HEAD /BLA/boletinlegal/ HTTP/1.1" 200 -
172.22.2.4 - - [11/Dec/2022:07:13:13 -0500] "GET /BLA/boletinlegal/ HTTP/1.1" 200 52942
216.245.221.92 - - [11/Dec/2022:07:15:08 -0500] "HEAD / HTTP/1.1" 200 -
201.245.192.253 - - [11/Dec/2022:07:15:11 -0500] "POST /kwsrmcab/Wsrmcab  HTTP/1.1" 502 1155
172.22.2.4 - - [11/Dec/2022:07:15:33 -0500] "GET /BLA/boletinlegal/robots.txt HTTP/1.1" 404 1038
172.22.2.4 - - [11/Dec/2022:07:15:33 -0500] "GET /BLA/boletinlegal/Directivas/2011/Directiva%20No.%201%20del%205%20de%20Abril%20de%202011.pdf HTTP/1.1" 200 971292
64.124.8.45 - - [11/Dec/2022:05:35:40 -0500] "GET /robots.txt HTTP/1.1" 408 221
201.245.192.253 - - [11/Dec/2022:07:16:10 -0500] "POST /kwsrmcab/Wsrmcab  HTTP/1.1" 200 43162
114.119.159.208 - - [11/Dec/2022:07:16:27 -0500] "GET /BLA/resoluciones/RESOLUCIONES%202010/5324.pdf HTTP/1.1" 200 370821
172.22.2.4 - - [11/Dec/2022:07:17:05 -0500] "GET /BLA/boletinlegal/robots.txt HTTP/1.1" 404 1038
172.22.2.4 - - [11/Dec/2022:07:17:05 -0500] "GET /BLA/boletinlegal/jurisprudencia.php HTTP/1.1" 200 17573
172.22.2.4 - - [11/Dec/2022:07:17:08 -0500] "GET /BLA/boletinlegal/sitemap.xml HTTP/1.1" 404 1038
201.245.192.253 - - [11/Dec/2022:07:17:11 -0500] "POST /kwsrmcab/Wsrmcab  HTTP/1.1" 200 43162
172.22.2.4 - - [11/Dec/2022:07:18:13 -0500] "HEAD /BLA/boletinlegal/ HTTP/1.1" 200 -
216.245.221.92 - - [11/Dec/2022:07:20:08 -0500] "HEAD / HTTP/1.1" 200 -
201.245.192.253 - - [11/Dec/2022:07:20:20 -0500] "POST /kwsrmcab/Wsrmcab HTTP/1.1" 200 43323
201.245.192.253 - - [11/Dec/2022:07:20:25 -0500] "POST /kwsrmcab/Wsrmcab HTTP/1.1" 200 43948
172.22.2.4 - - [11/Dec/2022:07:19:03 -0500] "GET /BLA/boletinlegal/ HTTP/1.1" 200 57192
66.102.8.89 - - [11/Dec/2022:07:21:30 -0500] "GET /galeria/galeria/fotos/Soratama1G.jpg HTTP/1.1" 200 127762
201.245.192.253 - - [11/Dec/2022:07:22:09 -0500] "POST /kwsrmcab/Wsrmcab  HTTP/1.1" 200 43162
64.124.8.38 - - [11/Dec/2022:07:23:20 -0500] "-" 408 -
114.119.159.226 - - [11/Dec/2022:07:23:37 -0500] "GET /BLA/resoluciones/RESOLUCIONES%202010/5234.pdf HTTP/1.1" 200 778733
216.245.221.92 - - [11/Dec/2022:07:25:08 -0500] "HEAD / HTTP/1.1" 200 -
172.22.2.4 - - [11/Dec/2022:07:24:03 -0500] "HEAD /BLA/boletinlegal/ HTTP/1.1" 200 -
172.22.2.4 - - [11/Dec/2022:07:24:53 -0500] "GET /BLA/boletinlegal/ HTTP/1.1" 200 54816
172.22.2.4 - - [11/Dec/2022:07:26:41 -0500] "GET /BLA/boletinlegal/actos.php HTTP/1.1" 200 9566
172.22.2.4 - - [11/Dec/2022:07:27:04 -0500] "GET /BLA/boletinlegal/js/jquery1.js HTTP/1.1" 200 29846
172.22.2.4 - - [11/Dec/2022:07:27:04 -0500] "GET /BLA/boletinlegal/js/popup.js HTTP/1.1" 200 1270
172.22.2.4 - - [11/Dec/2022:07:27:08 -0500] "GET /BLA/boletinlegal/js/ajax_actos.js HTTP/1.1" 200 1322
201.245.192.253 - - [11/Dec/2022:07:27:08 -0500] "POST /kwsrmcab/Wsrmcab  HTTP/1.1" 200 43162
172.22.2.4 - - [11/Dec/2022:07:27:19 -0500] "GET /BLA/boletinlegal/js/lib.js HTTP/1.1" 200 6474
172.22.2.4 - - [11/Dec/2022:07:27:19 -0500] "GET /BLA/boletinlegal/niceforms-default.css HTTP/1.1" 200 6694
172.22.2.4 - - [11/Dec/2022:07:27:19 -0500] "GET /BLA/boletinlegal/niceforms.js HTTP/1.1" 200 22876
114.119.137.67 - - [11/Dec/2022:07:27:33 -0500] "GET /BLA/resoluciones/RESOLUCIONES%202010/5145.pdf HTTP/1.1" 200 1181389
172.22.2.4 - - [11/Dec/2022:07:28:05 -0500] "GET /BLA/boletinlegal/style.css HTTP/1.1" 200 9406
172.22.2.4 - - [11/Dec/2022:07:28:05 -0500] "GET /BLA/boletinlegal/styles2.css HTTP/1.1" 200 1838
157.55.39.42 - - [11/Dec/2022:07:29:26 -0500] "GET /documents/10184/1080972/IG1.png/f567e025-ada7-42e4-afaf-d2f57035926a?t=1592637244806 HTTP/1.1" 404 1034
216.245.221.92 - - [11/Dec/2022:07:30:08 -0500] "HEAD / HTTP/1.1" 200 -
201.245.192.253 - - [11/Dec/2022:07:30:20 -0500] "POST /kwsrmcab/Wsrmcab HTTP/1.1" 200 43323
201.245.192.253 - - [11/Dec/2022:07:30:22 -0500] "POST /kwsrmcab/Wsrmcab HTTP/1.1" 200 43948
157.55.39.39 - - [11/Dec/2022:07:30:54 -0500] "GET /sipse/faces/presentacion/sistema/anexos/cargarAnexoSolicitudProceso.xhtml HTTP/1.1" 302 -
157.55.39.39 - - [11/Dec/2022:07:30:55 -0500] "GET /sipse/faces/autenticacion.xhtml HTTP/1.1" 200 12183
114.119.136.224 - - [11/Dec/2022:07:30:57 -0500] "GET /BLA/resoluciones/RESOLUCIONES%202010/4935.pdf HTTP/1.1" 200 513113
207.46.13.174 - - [11/Dec/2022:07:31:20 -0500] "GET /BLA/resoluciones/RESOLUCIONES%202021/3856.pdf HTTP/1.1" 304 -
172.22.2.4 - - [11/Dec/2022:07:29:53 -0500] "HEAD /BLA/boletinlegal/ HTTP/1.1" 200 -
201.245.192.253 - - [11/Dec/2022:07:32:16 -0500] "POST /kwsrmcab/Wsrmcab  HTTP/1.1" 200 14501
172.22.2.4 - - [11/Dec/2022:07:30:43 -0500] "GET /BLA/boletinlegal/ HTTP/1.1" 200 49550
201.245.192.253 - - [11/Dec/2022:07:33:16 -0500] "POST /kwsrmcab/Wsrmcab  HTTP/1.1" 200 43162
201.245.192.253 - - [11/Dec/2022:07:34:15 -0500] "POST /kwsrmcab/Wsrmcab  HTTP/1.1" 200 43162
216.245.221.92 - - [11/Dec/2022:07:35:08 -0500] "HEAD / HTTP/1.1" 200 -
104.233.61.41 - - [11/Dec/2022:07:36:39 -0500] "HEAD / HTTP/1.1" 200 -
54.200.64.139 - - [11/Dec/2022:07:36:43 -0500] "GET / HTTP/1.1" 200 319
54.200.64.139 - - [11/Dec/2022:07:36:43 -0500] "GET /favicon.ico HTTP/1.1" 200 7782
114.119.150.196 - - [11/Dec/2022:07:36:53 -0500] "GET /BLA/resoluciones/RESOLUCIONES%202010/4801.pdf HTTP/1.1" 200 297162
172.22.2.4 - - [11/Dec/2022:07:35:43 -0500] "HEAD /BLA/boletinlegal/ HTTP/1.1" 200 -
172.22.2.4 - - [11/Dec/2022:07:36:33 -0500] "GET /BLA/boletinlegal/ HTTP/1.1" 200 50149
168.119.61.24 - - [11/Dec/2022:07:39:16 -0500] "GET / HTTP/1.1" 200 319
201.245.192.253 - - [11/Dec/2022:07:39:15 -0500] "POST /kwsrmcab/Wsrmcab  HTTP/1.1" 200 43162
216.245.221.92 - - [11/Dec/2022:07:40:08 -0500] "HEAD / HTTP/1.1" 200 -
201.245.192.253 - - [11/Dec/2022:07:40:20 -0500] "POST /kwsrmcab/Wsrmcab HTTP/1.1" 200 43323
201.245.192.253 - - [11/Dec/2022:07:40:23 -0500] "POST /kwsrmcab/Wsrmcab HTTP/1.1" 200 43948
172.22.2.4 - - [11/Dec/2022:07:41:23 -0500] "GET /BLA/boletinlegal/images/historia.png HTTP/1.1" 200 52775
172.22.2.4 - - [11/Dec/2022:07:41:23 -0500] "GET /BLA/boletinlegal/images/cabezote%20BLEGAL.jpg HTTP/1.1" 200 118164
172.22.2.4 - - [11/Dec/2022:07:41:23 -0500] "GET /BLA/boletinlegal/images/tel.png HTTP/1.1" 200 14477
172.22.2.4 - - [11/Dec/2022:07:41:23 -0500] "GET /BLA/boletinlegal/images/subscribe-icon-big.png HTTP/1.1" 200 47702
172.22.2.4 - - [11/Dec/2022:07:41:23 -0500] "GET /BLA/boletinlegal/img/select-right.png HTTP/1.1" 200 44019
172.22.2.4 - - [11/Dec/2022:07:41:23 -0500] "GET /BLA/boletinlegal/img/button-left.png HTTP/1.1" 200 57071
172.22.2.4 - - [11/Dec/2022:07:41:23 -0500] "GET /BLA/boletinlegal/img/button-right.png HTTP/1.1" 200 57878
172.22.2.4 - - [11/Dec/2022:07:41:23 -0500] "GET /BLA/boletinlegal/img/button.png HTTP/1.1" 200 43241
172.22.2.4 - - [11/Dec/2022:07:41:23 -0500] "GET /BLA/boletinlegal/favicon.ico HTTP/1.1" 404 1334
172.22.2.4 - - [11/Dec/2022:07:41:25 -0500] "GET /BLA/boletinlegal/conceptos/2021/72.pdf HTTP/1.1" 200 427095
66.220.149.14 - - [11/Dec/2022:07:41:41 -0500] "GET /images/cr\xc3\xb3nica-29-nov-1_optimized.jpeg HTTP/1.1" 404 1034
172.22.2.4 - - [11/Dec/2022:07:41:51 -0500] "GET /BLA/boletinlegal/Circulares/2012/Circular%20No.%208%20del%2021%20de%20Agosto%20de%202012.pdf HTTP/1.1" 304 -
45.155.126.211 - - [11/Dec/2022:07:42:47 -0500] "GET / HTTP/1.1" 200 319
172.22.2.4 - - [11/Dec/2022:07:43:07 -0500] "GET /BLA/boletinlegal/jurisprudencia/analisis/AnalisisT-606-15.docx HTTP/1.1" 304 -
172.22.2.4 - - [11/Dec/2022:07:41:33 -0500] "HEAD /BLA/boletinlegal/ HTTP/1.1" 200 -
172.22.2.4 - - [11/Dec/2022:07:42:23 -0500] "GET /BLA/boletinlegal/ HTTP/1.1" 200 57824
201.245.192.253 - - [11/Dec/2022:07:44:14 -0500] "POST /kwsrmcab/Wsrmcab  HTTP/1.1" 200 43162
216.245.221.92 - - [11/Dec/2022:07:45:08 -0500] "HEAD / HTTP/1.1" 200 -
207.46.13.198 - - [11/Dec/2022:07:45:45 -0500] "GET /bla/resoluciones/resoluciones%202012/1067.pdf HTTP/1.1" 304 -
172.22.2.4 - - [11/Dec/2022:07:46:52 -0500] "GET /BLA/boletinlegal/conceptos/2019/7.pdf HTTP/1.1" 200 306597
172.22.2.4 - - [11/Dec/2022:07:47:23 -0500] "HEAD /BLA/boletinlegal/ HTTP/1.1" 200 -
201.245.192.253 - - [11/Dec/2022:07:49:13 -0500] "POST /kwsrmcab/Wsrmcab  HTTP/1.1" 502 1155
172.22.2.4 - - [11/Dec/2022:07:48:13 -0500] "GET /BLA/boletinlegal/ HTTP/1.1" 200 55272
216.245.221.92 - - [11/Dec/2022:07:50:08 -0500] "HEAD / HTTP/1.1" 200 -
201.245.192.253 - - [11/Dec/2022:07:50:12 -0500] "POST /kwsrmcab/Wsrmcab  HTTP/1.1" 200 43162
201.245.192.253 - - [11/Dec/2022:07:51:13 -0500] "POST /kwsrmcab/Wsrmcab  HTTP/1.1" 200 43162
172.22.2.4 - - [11/Dec/2022:07:53:13 -0500] "HEAD /BLA/boletinlegal/ HTTP/1.1" 200 -
216.245.221.92 - - [11/Dec/2022:07:55:08 -0500] "HEAD / HTTP/1.1" 200 -
172.22.2.4 - - [11/Dec/2022:07:54:03 -0500] "GET /BLA/boletinlegal/ HTTP/1.1" 200 57192
201.245.192.253 - - [11/Dec/2022:07:56:13 -0500] "POST /kwsrmcab/Wsrmcab  HTTP/1.1" 200 43162
114.119.128.56 - - [11/Dec/2022:07:56:15 -0500] "GET /BLA/resoluciones/RESOLUCIONES%202010/4432.pdf HTTP/1.1" 200 459601
173.252.83.7 - - [11/Dec/2022:07:59:09 -0500] "GET /images/cr\xc3\xb3nica-29-nov-1_optimized.jpeg HTTP/1.1" 404 1034
64.124.8.48 - - [11/Dec/2022:08:00:00 -0500] "GET /galeria/nivo-slider/demo/inicio80.html HTTP/1.1" 404 1018
216.245.221.92 - - [11/Dec/2022:08:00:08 -0500] "HEAD / HTTP/1.1" 200 -
172.22.2.4 - - [11/Dec/2022:07:59:03 -0500] "HEAD /BLA/boletinlegal/ HTTP/1.1" 200 -
207.46.13.198 - - [11/Dec/2022:08:01:06 -0500] "GET /sipse/faces/autenticacion.xhtml HTTP/1.1" 200 12505
201.245.192.253 - - [11/Dec/2022:08:01:11 -0500] "POST /kwsrmcab/Wsrmcab  HTTP/1.1" 200 43162
172.22.2.4 - - [11/Dec/2022:07:59:53 -0500] "GET /BLA/boletinlegal/ HTTP/1.1" 200 59404
172.22.2.4 - - [11/Dec/2022:08:03:58 -0500] "GET /BLA/boletinlegal/Circulares/2022/CIRCULAR%20No.%2000009%20DEL%2010%20DE%20OCTUBRE%20DEL%202022.pdf HTTP/1.1" 200 292772
40.77.167.77 - - [11/Dec/2022:08:05:00 -0500] "GET /bla/resoluciones/resoluciones%202021/4511.pdf HTTP/1.1" 200 526550
216.245.221.92 - - [11/Dec/2022:08:05:08 -0500] "HEAD / HTTP/1.1" 200 -
185.119.81.99 - - [11/Dec/2022:08:05:50 -0500] "GET /portaldeninos/wp-login.php HTTP/1.1" 200 2592
185.119.81.99 - - [11/Dec/2022:08:05:52 -0500] "POST /portaldeninos/wp-login.php HTTP/1.1" 200 3605
207.46.13.198 - - [11/Dec/2022:08:06:06 -0500] "GET /bla/resoluciones/resoluciones%202012/0982.pdf HTTP/1.1" 304 -
201.245.192.253 - - [11/Dec/2022:08:06:10 -0500] "POST /kwsrmcab/Wsrmcab  HTTP/1.1" 200 43162
172.22.2.4 - - [11/Dec/2022:08:04:53 -0500] "HEAD /BLA/boletinlegal/ HTTP/1.1" 200 -
172.22.2.4 - - [11/Dec/2022:08:05:43 -0500] "GET /BLA/boletinlegal/ HTTP/1.1" 200 56474
114.119.146.171 - - [11/Dec/2022:08:07:38 -0500] "GET /BLA/resoluciones/RESOLUCIONES%202010/4232.pdf HTTP/1.1" 200 425563
185.119.81.108 - - [11/Dec/2022:08:08:14 -0500] "GET /portaldeninos/wp-login.php HTTP/1.1" 200 2592
185.119.81.108 - - [11/Dec/2022:08:08:15 -0500] "POST /portaldeninos/wp-login.php HTTP/1.1" 200 3650
172.22.2.4 - - [11/Dec/2022:08:09:00 -0500] "GET /BLA/boletinlegal/owa/auth/logon.aspx HTTP/1.1" 404 1018
216.245.221.92 - - [11/Dec/2022:08:10:08 -0500] "HEAD / HTTP/1.1" 200 -
201.245.192.253 - - [11/Dec/2022:08:11:09 -0500] "POST /kwsrmcab/Wsrmcab  HTTP/1.1" 200 43162
172.22.2.4 - - [11/Dec/2022:08:10:43 -0500] "HEAD /BLA/boletinlegal/ HTTP/1.1" 200 -
172.22.2.4 - - [11/Dec/2022:08:11:33 -0500] "GET /BLA/boletinlegal/ HTTP/1.1" 200 56474
173.252.127.17 - - [11/Dec/2022:08:13:31 -0500] "GET /images/cr\xc3\xb3nica-29-nov-1_optimized.jpeg HTTP/1.1" 404 1034
172.22.2.4 - - [11/Dec/2022:08:14:07 -0500] "GET /BLA/boletinlegal/.env HTTP/1.1" 404 1018
172.22.2.4 - - [11/Dec/2022:08:14:08 -0500] "POST /BLA/boletinlegal/ HTTP/1.1" 200 24523
172.22.2.4 - - [11/Dec/2022:08:15:00 -0500] "GET /BLA/boletinlegal/style.css HTTP/1.1" 200 9406
172.22.2.4 - - [11/Dec/2022:08:15:00 -0500] "GET /BLA/boletinlegal/styles2.css HTTP/1.1" 200 1838
172.22.2.4 - - [11/Dec/2022:08:15:00 -0500] "GET /BLA/boletinlegal/js/jquery.js HTTP/1.1" 200 57254
172.22.2.4 - - [11/Dec/2022:08:15:00 -0500] "GET /BLA/boletinlegal/js/jquery.scrollTo-min.js HTTP/1.1" 200 1150
172.22.2.4 - - [11/Dec/2022:08:15:00 -0500] "GET /BLA/boletinlegal/js/jquery.scrollShow.js HTTP/1.1" 200 4586
216.245.221.92 - - [11/Dec/2022:08:15:08 -0500] "HEAD / HTTP/1.1" 200 -
172.22.2.4 - - [11/Dec/2022:08:15:00 -0500] "GET /BLA/boletinlegal/ HTTP/1.1" 200 40907
201.245.192.253 - - [11/Dec/2022:08:16:08 -0500] "POST /kwsrmcab/Wsrmcab  HTTP/1.1" 200 43162
172.22.2.4 - - [11/Dec/2022:08:16:12 -0500] "GET /BLA/boletinlegal/ecp/Current/exporttool/microsoft.exchange.ediscovery.exporttool.application HTTP/1.1" 404 1018
173.252.127.21 - - [11/Dec/2022:08:17:58 -0500] "GET /images/cr\xc3\xb3nica-29-nov-1_optimized.jpeg HTTP/1.1" 404 1034
172.22.2.4 - - [11/Dec/2022:08:16:33 -0500] "HEAD /BLA/boletinlegal/ HTTP/1.1" 200 -
191.95.55.89 - - [11/Dec/2022:08:19:01 -0500] "GET /kwssiamovil/sm/acme/a?s=U2FsdGVkX19I2MbVlRcadBTMEquxVtovhXSJKN+pltzurddnLFpFWxWn3Ubq4qKenvJjeREZ3TCrTbzs1kGcHfkWP5smW3ZV/mOgH9rOQVxz/mL3QWWyhJhgIIVSuyz+GDzxeWs02yY6ttMBJf29Tne3fEG0o6UM+bEzFgY1mOKPu5lsfu4qUy/i9z8lSXN0mMiHa0MfK+s6k+Ik/OyoYac6u878sgVv17/+xJni2l1URqcaNcYQXxbpFfVyU7SKKFqSFI9WSA1lNEnfdqspSw==&u=U2FsdGVkX19eHlsgt+soe9gaZvzDrgOrzne9g/n8lW+mx58qMlUvGjFOnpO9D+PP&y=U2FsdGVkX1+VYoEjBUY3EDjWdWwmEXx2oEALMWJ++jQI/L6D4QaUHd20tfwzpoLa HTTP/1.1" 200 26
191.95.55.89 - - [11/Dec/2022:08:19:01 -0500] "GET /kwssiamovil/sm/acme/a?s=U2FsdGVkX19xi7qST1CkoXyK3M9p86wV+CsWDtc9J42c8AD+3j/BT820/qlpXUHyPhxFZqd4TCHB8KvEFHQZztJKIQAqE0Wl+p3tYkGX5YHVB2+dsPM4mSZb2wt+M5ub0eo/6Z2URrUTQIwaLMZmlx7ZE6fIWXR4GKytBD68NYOvQNgT5TwN9Vi6WE1XdwDLjPxsXc4zCQz/2Mi64SHN4gwTFdwJvkEgQUmLCZRQEG1daV0APw0Z0x/qjOmjuS9J4CoHhrTJXmcy0V32PnXoH1CUyLB8Dffx4DWVFiKfBhSjCV80AQ43pusaJq2i7TXPmGecHiXYlQbeMrGf0SxWmpYRnr0MVOcxvXzentUXFlkVrN5fZIwYwVvoG1Jb9+rhvMLWwJ3dWZjExlxFYhIqan05GkLwKJcYbP1G932aOrqMVDaTqLpfv6sy6hfp7Wh+azNXqRtx3EKb4KeNtiaqLKf9eH80EyQhzPSEpBKoq9WhuIIxcw8GbbYAKyTfkFUc5B6HzLoNLQvUvFoYcJaIbTFf+odjKzTAGvTYLyO8TTEdZ0whNcbMN6kemdBzJsq88wmfEmaNRnN0VT2rZeD2Qy6ieRmgEjVpQTydLffGK46l31YcZKEEwsO2xdfrGpZachbUjzsWC+JWlZRHXAl/Lg4EXp4KPz9EA3Xun11vQ0jdCp2t4MbhfrH+AZA+cO3+Cv30RxJLZFA759Ds9UQAIZtEwGOXEa3JxAoWaYMXrOecYvWCh0eW+ApT2RKQQ5dHkEZ0aRrCwBXHTAXpvY+E9p0TVW5CLs6yec8E4FgNIybKf7W2cuPJ3YgakGLT25uYDkFRwf+ocUpbYn4TjnpCkwLgxdUHOuiafpUbQEh9qf7JUjmbXvXxwaaZJ3JMsCgPXfE2GX6kYVlCIhFJM4xssstp7UBXxSnQiv+zNJ/yoYqgmrXiz5ubWMhlw/nzX+YrEQVakkg2bC3MoFOm0uZYG/qtZB033K/GKYMtphDMZHtJKP/HlDRRS939klAwe7CBrakMVdAq+f41MKM5ToDSmu+tcRyD1wOF0G7bYyE6UIJ1QLarGXk8E2kCLqLvgU+VBwdIoh/uJ5Jt52N3hn1lCx8+0JxEsyREwPyYFoxDh7TyJfnP6CfNBX96ijU1Ufw3JlhpHfzp5ruCn3DL8JeQdtI+hlBgJ0Pg/agbYyXfD6INPROD7BqpHv+7QT9N2/AQ84XvaU6INt+ryq6Mp2pXoBIG4LT5yJ0+UJfAFPLTIfqB/UDpwsnhO3Oro4UdmTLJoLC1pa5AZqFV5hCiIbCCRKduPwg59fH0XFqI8BDvlvnX5xkpdbIoEleu08yuiTLXZjNCgTrce5F0hCLj7lMd7tJcXSehfknX0ksG1k7rHoqcN3IeLLpWn/3zo9RVERJl/nqXFrZhmm/W2+ILTB7pdTbonx+trutn797Wgbm7lp1oMTrr/JbWcJcFM4x7XW0btlu39o21zxTs0CgpUQv3gp/xLP0kZzh0dX/ihfOccLK5ygiO5Q3nCRK0bXkrCYySztio4zouHc0IiPxSKc8fdySdgycsNVLPf9utKFUa3OwTI9iI3qJ9uJfSg0c8Z13eT8Ct1/EVSkO2p6wDVQhqSz9J5kRIK94fkiZbmfyvVdxGv2rzb4QQvPaHKeJO1cPwlI1vrmh4h5lurEo255UyV3gchuEBmxuYYz36e+/blLhftwoskcz1qrgjO85I+dYZMy3kIBpyFRlix55ZI8VpVOUqS27Mmby3i5VShj52WW9UrUhm+RYy2K6xYW/rKUH5SluO+f7p9BaZBt0P9FXL5lisxrDFjJINXaMCna4QWBDqskvZH7tbgWpqZnCrmRTz5rQ2bJKm32iQum5eb4MBbh0fKx5GsNEdDDO5grnUowlN+HQLcszbwMsg+GD5vfKpA0LiZOMgqQ36EgwizM9QjV4eP1bql1O8/Ah3RLYljkmLgvyEEt7nULow119tf3kC3aGN0a06qE1ItIFHRgWNEieCJNMsl3gMbC/MLuR2vS3OV0hF2phgpX5wpp09z98Nr/VRolSxxQ2MGE9EXkTYmAxsUt1j61OIoL9lMu4G5HREiR9vqxNP7dqGu+hTP6ma28I2YIF04uSL6KwX+/0H0IHeYdSFGBalzLtjg7LDsAmyCKDihVLWbSHDeEL7sk8stu3sJLN4NxZtvmirMRlkEU+5wajz1vF18MyDwOIQMAM/rull5/ZWmd5LdRpA9+TTc6EJcfiOTKDCn/3/eJUj0Eiru8L1pr8jvNoAxSgpyya788dP/UwakRkw2e9HTcLmU7uhq868RIZxZFHtW3c+/jypbLg8U6AJ/6WU9VATtRW85poLxsl/Hc9Rv+WoJwDqBDkva2VSupMLxzh+xmFxoYQG32WT6H8BSYVq1IyFWIG5iHctaW7Z06AetKzlYpNRq1ZquWSy9YN5cUzPYBRgSqovVsRvoXe61dLHZBnHOfIFy1vVg8DmLe8j8yNUyfOB59P2m565+Bycz0e9COh2RQ==&u=U2FsdGVkX19eHlsgt+soe9gaZvzDrgOrzne9g/n8lW+mx58qMlUvGjFOnpO9D+PP&y=U2FsdGVkX1+VYoEjBUY3EDjWdWwmEXx2oEALMWJ++jQI/L6D4QaUHd20tfwzpoLa HTTP/1.1" 200 26
191.95.55.89 - - [11/Dec/2022:08:19:02 -0500] "GET /kwssiamovil/sm/acme/a?s=U2FsdGVkX19JQyrTOh6bJ6gaatLC1+jiHLdlDwSz6SIEQ8+LgMdneBIVGH9swtdEh2GOqu/n1PRLBvMiIC1Iw4D0zr2SkbaVx/PowJRnN2UzYFDQfCVflFehCbfAZlZZGHzgyNqhmWIppSy/H49mp/9W39/lJ70WzDbzSIKjPNs=&u=U2FsdGVkX19eHlsgt+soe9gaZvzDrgOrzne9g/n8lW+mx58qMlUvGjFOnpO9D+PP&y=U2FsdGVkX1+VYoEjBUY3EDjWdWwmEXx2oEALMWJ++jQI/L6D4QaUHd20tfwzpoLa HTTP/1.1" 200 26
191.95.55.89 - - [11/Dec/2022:08:19:02 -0500] "GET /kwssiamovil/sm/acme/a?s=U2FsdGVkX18zt+Fb1CRsQUgQ54h+EoNH+4k/XpIS2nqIDQvSwZmU0uwlzirdfnSMNRfVAUfl1Un5JzKtc9PiHIvcJrXPzJXlYnefugEYFj16Bdt3UtmtQfiR2JrreqYMZLgh/qDIpr9R5JNrIWuEs7aK07mPM5A5gEx44eoIfnU=&u=U2FsdGVkX19eHlsgt+soe9gaZvzDrgOrzne9g/n8lW+mx58qMlUvGjFOnpO9D+PP&y=U2FsdGVkX1+VYoEjBUY3EDjWdWwmEXx2oEALMWJ++jQI/L6D4QaUHd20tfwzpoLa HTTP/1.1" 200 26
191.95.55.89 - - [11/Dec/2022:08:19:02 -0500] "GET /kwssiamovil/sm/acme/a?s=U2FsdGVkX1+2xfddrQYPscEvw5NPNsm7V16pJv+9HioxlVu5ye2tbjtdS/ZCS6HcS1OCV3JhY3roin/NB0QOATptU8rcPKIQW992YToOcg4WWrWMRqvdYAFy6Q3/AvnGZBa/Fc5bo6wZtjEhZIdBgZkwKp5oGD0jFSr9dGf/MRI=&u=U2FsdGVkX19eHlsgt+soe9gaZvzDrgOrzne9g/n8lW+mx58qMlUvGjFOnpO9D+PP&y=U2FsdGVkX1+VYoEjBUY3EDjWdWwmEXx2oEALMWJ++jQI/L6D4QaUHd20tfwzpoLa HTTP/1.1" 200 26
191.95.55.89 - - [11/Dec/2022:08:19:03 -0500] "GET /kwssiamovil/sm/acme/a?s=U2FsdGVkX1+mkRACil9/PGK7W3kaNkqKvCEiJ9EVRBRllxzxlX/p056Q2i3lnhK+5TUoxD+f0jzA16lmtfOushMSlzTHgn2ibfd1pnGFFd5oi3ALyzY7LHgHjetV3RehUFKHZ2KU1ticqIQtTkTk+CNPWZd2dmV6pQg9q5PjV2azNJf568cnLFveOyUzjGjR8Bh4DT1rg3mwAvpyHbUyhA==&u=U2FsdGVkX19eHlsgt+soe9gaZvzDrgOrzne9g/n8lW+mx58qMlUvGjFOnpO9D+PP&y=U2FsdGVkX1+VYoEjBUY3EDjWdWwmEXx2oEALMWJ++jQI/L6D4QaUHd20tfwzpoLa HTTP/1.1" 200 26
172.22.2.4 - - [11/Dec/2022:08:17:23 -0500] "GET /BLA/boletinlegal/ HTTP/1.1" 200 56079
216.245.221.92 - - [11/Dec/2022:08:20:08 -0500] "HEAD / HTTP/1.1" 200 -
201.245.192.253 - - [11/Dec/2022:08:20:20 -0500] "POST /kwsrmcab/Wsrmcab HTTP/1.1" 200 43168
201.245.192.253 - - [11/Dec/2022:08:20:23 -0500] "POST /kwsrmcab/Wsrmcab HTTP/1.1" 200 43953
173.252.79.20 - - [11/Dec/2022:08:20:29 -0500] "GET /images/Acuerdos%2001%20(1)%20(1).jpeg HTTP/1.1" 200 32884
173.252.127.17 - - [11/Dec/2022:08:20:30 -0500] "GET /images/jardines-verticales-plantas-24-mayo.jpg HTTP/1.1" 200 148288
172.22.2.4 - - [11/Dec/2022:08:20:31 -0500] "GET /BLA/boletinlegal/owa/auth/x.js HTTP/1.1" 404 1018
201.245.192.253 - - [11/Dec/2022:08:21:06 -0500] "POST /kwsrmcab/Wsrmcab  HTTP/1.1" 200 43162
173.252.83.23 - - [11/Dec/2022:08:21:18 -0500] "GET /images/eficiencia-energetica-11-marzo.jpg HTTP/1.1" 200 46478
114.119.157.190 - - [11/Dec/2022:08:21:58 -0500] "GET /BLA/resoluciones/RESOLUCIONES%202010/3849.pdf HTTP/1.1" 200 709968
185.119.81.107 - - [11/Dec/2022:08:23:12 -0500] "GET /portaldeninos/wp-login.php HTTP/1.1" 200 2592
185.119.81.107 - - [11/Dec/2022:08:23:13 -0500] "POST /portaldeninos/wp-login.php HTTP/1.1" 200 3650
186.155.150.81 - - [11/Dec/2022:08:23:40 -0500] "GET /BLA/resoluciones/ HTTP/1.1" 200 13093
186.155.150.81 - - [11/Dec/2022:08:23:42 -0500] "GET /BLA/resoluciones/dlf/unknown.png HTTP/1.1" 200 266
186.155.150.81 - - [11/Dec/2022:08:23:42 -0500] "GET /BLA/resoluciones/index.php?dir=AUTOS+2015%2F HTTP/1.1" 200 578137
186.155.150.81 - - [11/Dec/2022:08:23:52 -0500] "GET /BLA/resoluciones/AUTOS%202015/6695.pdf HTTP/1.1" 200 551965
172.22.2.4 - - [11/Dec/2022:08:22:23 -0500] "HEAD /BLA/boletinlegal/ HTTP/1.1" 200 -
157.55.39.1 - - [11/Dec/2022:08:24:27 -0500] "GET /secretaria-de-ambiente-reconoce-15-entidades-distritales-por-su-desempeno-ambiental.html HTTP/1.1" 200 978
172.22.2.4 - - [11/Dec/2022:08:23:13 -0500] "GET /BLA/boletinlegal/ HTTP/1.1" 200 57824
