40.77.189.176 - - [11/Dec/2022:10:13:55 -0500] "GET /sipse/faces/javax.faces.resource/layout/layout.js?ln=primefaces&v=4.0 HTTP/1.1" 200 87560
40.77.189.176 - - [11/Dec/2022:10:13:55 -0500] "GET /sipse/faces/javax.faces.resource/primefaces.js?ln=primefaces&v=4.0 HTTP/1.1" 200 276924
40.77.189.176 - - [11/Dec/2022:10:13:56 -0500] "GET /sipse/faces/javax.faces.resource/images/ui-icons_898989_256x240.png?ln=primefaces-aristo HTTP/1.1" 200 5355
66.249.73.97 - - [11/Dec/2022:10:14:02 -0500] "GET /galeria/galeria/jquery.fancybox.js?v=2.1.5 HTTP/1.1" 200 48706
172.22.2.4 - - [11/Dec/2022:10:13:13 -0500] "HEAD /BLA/boletinlegal/ HTTP/1.1" 200 -
216.245.221.92 - - [11/Dec/2022:10:15:08 -0500] "HEAD / HTTP/1.1" 200 -
172.22.2.4 - - [11/Dec/2022:10:14:03 -0500] "GET /BLA/boletinlegal/ HTTP/1.1" 200 57192
207.46.13.174 - - [11/Dec/2022:10:17:43 -0500] "GET /BLA/resoluciones/Decretos/Decreto%20335%20de%202017.pdf HTTP/1.1" 200 10264301
201.245.192.253 - - [11/Dec/2022:10:18:41 -0500] "POST /kwsrmcab/Wsrmcab  HTTP/1.1" 200 43162
216.245.221.92 - - [11/Dec/2022:10:20:09 -0500] "HEAD / HTTP/1.1" 200 -
201.245.192.253 - - [11/Dec/2022:10:20:20 -0500] "POST /kwsrmcab/Wsrmcab HTTP/1.1" 200 42744
201.245.192.253 - - [11/Dec/2022:10:20:22 -0500] "POST /kwsrmcab/Wsrmcab HTTP/1.1" 200 44226
172.22.2.4 - - [11/Dec/2022:10:19:03 -0500] "HEAD /BLA/boletinlegal/ HTTP/1.1" 200 -
172.22.2.4 - - [11/Dec/2022:10:19:53 -0500] "GET /BLA/boletinlegal/ HTTP/1.1" 200 54452
207.46.13.237 - - [11/Dec/2022:10:21:38 -0500] "-" 408 -
3.8.172.43 - - [11/Dec/2022:10:23:24 -0500] "GET / HTTP/1.0" 200 319
179.19.1.145 - - [11/Dec/2022:10:23:23 -0500] "GET /appsia/controlador HTTP/1.1" 200 4799
179.19.1.145 - - [11/Dec/2022:10:23:24 -0500] "GET /appsia/scripts/validarIngreso.js HTTP/1.1" 200 851
179.19.1.145 - - [11/Dec/2022:10:23:24 -0500] "GET /appsia/css/estilos.css HTTP/1.1" 200 4804
179.19.1.145 - - [11/Dec/2022:10:23:24 -0500] "GET /appsia/images/cabezoteHojaVida.png HTTP/1.1" 200 32493
179.19.1.145 - - [11/Dec/2022:10:23:24 -0500] "GET /appsia/images/logo_bogota_p.png HTTP/1.1" 200 14951
179.19.1.145 - - [11/Dec/2022:10:23:24 -0500] "GET /favicon.ico HTTP/1.1" 200 7782
201.245.192.253 - - [11/Dec/2022:10:23:40 -0500] "POST /kwsrmcab/Wsrmcab  HTTP/1.1" 200 43162
179.19.1.145 - - [11/Dec/2022:10:23:52 -0500] "POST /appsia/controlador HTTP/1.1" 200 4621
179.19.1.145 - - [11/Dec/2022:10:24:09 -0500] "POST /appsia/controlador HTTP/1.1" 200 7718
179.19.1.145 - - [11/Dec/2022:10:24:10 -0500] "GET /appsia/images/logo_escudo.png HTTP/1.1" 200 36965
186.84.20.187 - - [11/Dec/2022:10:25:05 -0500] "GET /appsia/controlador HTTP/1.1" 200 4799
186.84.20.187 - - [11/Dec/2022:10:25:06 -0500] "GET /appsia/css/estilos.css HTTP/1.1" 200 4804
186.84.20.187 - - [11/Dec/2022:10:25:06 -0500] "GET /appsia/scripts/validarIngreso.js HTTP/1.1" 200 851
186.84.20.187 - - [11/Dec/2022:10:25:06 -0500] "GET /appsia/images/logo_bogota_p.png HTTP/1.1" 200 14951
186.84.20.187 - - [11/Dec/2022:10:25:06 -0500] "GET /appsia/images/cabezoteHojaVida.png HTTP/1.1" 200 32493
186.84.20.187 - - [11/Dec/2022:10:25:06 -0500] "GET /favicon.ico HTTP/1.1" 200 7782
216.245.221.92 - - [11/Dec/2022:10:25:07 -0500] "HEAD / HTTP/1.1" 200 -
186.84.20.187 - - [11/Dec/2022:10:25:18 -0500] "POST /appsia/controlador HTTP/1.1" 200 4621
186.84.20.187 - - [11/Dec/2022:10:25:20 -0500] "POST /appsia/controlador HTTP/1.1" 200 7718
186.84.20.187 - - [11/Dec/2022:10:25:20 -0500] "GET /appsia/images/logo_escudo.png HTTP/1.1" 200 36965
172.22.2.4 - - [11/Dec/2022:10:24:53 -0500] "HEAD /BLA/boletinlegal/ HTTP/1.1" 200 -
172.22.2.4 - - [11/Dec/2022:10:25:43 -0500] "GET /BLA/boletinlegal/ HTTP/1.1" 200 57192
199.16.157.180 - - [11/Dec/2022:10:28:24 -0500] "GET /images/Musgo%20SDA%20(1)%20(1).png HTTP/1.1" 200 302122
201.245.192.253 - - [11/Dec/2022:10:28:39 -0500] "POST /kwsrmcab/Wsrmcab  HTTP/1.1" 200 43162
173.252.127.11 - - [11/Dec/2022:10:29:07 -0500] "GET /images/cr\xc3\xb3nica-29-nov-1_optimized.jpeg HTTP/1.1" 404 1034
216.245.221.92 - - [11/Dec/2022:10:30:08 -0500] "HEAD / HTTP/1.1" 200 -
201.245.192.253 - - [11/Dec/2022:10:30:19 -0500] "POST /kwsrmcab/Wsrmcab HTTP/1.1" 200 42744
201.245.192.253 - - [11/Dec/2022:10:30:22 -0500] "POST /kwsrmcab/Wsrmcab HTTP/1.1" 200 44226
190.109.178.66 - - [11/Dec/2022:10:30:41 -0500] "GET /BLA/boletinlegal/js/jquery.scrollShow.js HTTP/1.1" 200 4586
190.109.178.66 - - [11/Dec/2022:10:30:41 -0500] "GET /galeria/galeria/jquery.fancybox.css?v=2.1.5 HTTP/1.1" 200 4895
190.109.178.66 - - [11/Dec/2022:10:30:41 -0500] "GET /galeria/galeria/jquery.fancybox.js?v=2.1.5 HTTP/1.1" 200 48706
3.8.172.43 - - [11/Dec/2022:10:32:14 -0500] "GET / HTTP/1.0" 200 319
172.22.2.4 - - [11/Dec/2022:10:30:43 -0500] "HEAD /BLA/boletinlegal/ HTTP/1.1" 200 -
114.119.131.112 - - [11/Dec/2022:10:32:25 -0500] "GET /BLA/resoluciones/RESOLUCIONES%202010/2865.pdf HTTP/1.1" 200 101949
172.22.2.4 - - [11/Dec/2022:10:31:34 -0500] "GET /BLA/boletinlegal/ HTTP/1.1" 200 53739
201.245.192.253 - - [11/Dec/2022:10:33:38 -0500] "POST /kwsrmcab/Wsrmcab  HTTP/1.1" 200 43162
201.244.197.70 - - [11/Dec/2022:10:34:46 -0500] "GET /BLA/resoluciones/AUTOS%202019/2181.pdf HTTP/1.1" 200 255037
216.245.221.92 - - [11/Dec/2022:10:35:07 -0500] "HEAD / HTTP/1.1" 200 -
40.77.167.77 - - [11/Dec/2022:10:35:13 -0500] "GET /BLA/resoluciones/RESOLUCIONES%202021/4332.pdf HTTP/1.1" 304 -
185.119.81.107 - - [11/Dec/2022:10:36:08 -0500] "GET /portaldeninos/wp-login.php HTTP/1.1" 200 2592
185.119.81.107 - - [11/Dec/2022:10:36:09 -0500] "POST /portaldeninos/wp-login.php HTTP/1.1" 200 3605
172.22.2.4 - - [11/Dec/2022:10:36:33 -0500] "HEAD /BLA/boletinlegal/ HTTP/1.1" 200 -
173.252.127.16 - - [11/Dec/2022:10:38:25 -0500] "GET /images/cr\xc3\xb3nica-29-nov-1_optimized.jpeg HTTP/1.1" 404 1034
201.245.192.253 - - [11/Dec/2022:10:38:36 -0500] "POST /kwsrmcab/Wsrmcab  HTTP/1.1" 200 43162
172.22.2.4 - - [11/Dec/2022:10:37:23 -0500] "GET /BLA/boletinlegal/ HTTP/1.1" 200 56474
207.46.13.174 - - [11/Dec/2022:10:39:46 -0500] "GET /forest/ HTTP/1.1" 200 12041
216.245.221.92 - - [11/Dec/2022:10:40:07 -0500] "HEAD / HTTP/1.1" 200 -
201.245.192.253 - - [11/Dec/2022:10:40:20 -0500] "POST /kwsrmcab/Wsrmcab HTTP/1.1" 200 42744
201.245.192.253 - - [11/Dec/2022:10:40:22 -0500] "POST /kwsrmcab/Wsrmcab HTTP/1.1" 200 44226
173.252.83.13 - - [11/Dec/2022:10:40:53 -0500] "GET /images/cr\xc3\xb3nica-29-nov-1_optimized.jpeg HTTP/1.1" 404 1034
3.8.172.43 - - [11/Dec/2022:10:41:06 -0500] "GET / HTTP/1.0" 200 319
172.22.2.4 - - [11/Dec/2022:10:42:28 -0500] "GET /BLA/boletinlegal/Directivas/2015/Directiva%20No.%2001%20del%2014%20de%20Enero%20de%202015.pdf HTTP/1.1" 304 -
201.245.192.253 - - [11/Dec/2022:10:43:35 -0500] "POST /kwsrmcab/Wsrmcab  HTTP/1.1" 200 43162
64.124.8.33 - - [11/Dec/2022:10:43:40 -0500] "GET /BLA/boletinlegal/jurisprudencia.php HTTP/1.1" 200 17573
172.22.2.4 - - [11/Dec/2022:10:42:23 -0500] "HEAD /BLA/boletinlegal/ HTTP/1.1" 200 -
191.108.41.61 - - [11/Dec/2022:10:44:13 -0500] "GET /kwssiamovil/sm/acme/a?s=U2FsdGVkX18dYBmQr4+/Wmv0+1Lm+nVlB5tY28ellVCjmO5iIRzvH28wyJJtvPRQPS4rJLpskgC/Ua8eZSXpbnebmcoRMkbXFai6le5nH9bRWgn7AFkpy5keJA53/xJE8256uJ7ZPhMfKzqhc328dSvyBEKrvnZV3eh3sS5+BsqHJHyPEKoUmsDBO+hB0IUjVuWzjkScLF2UgrDJOE8lHpPnct+wzUCGvYvfWWLrmVlR5110VjroCbC9JLZdFk7upve23QP+4LXF2wQakVXoPA==&u=U2FsdGVkX19IfLmApQ/XdKFt7zwVfPNN8j3w0ECaGDk=&y=U2FsdGVkX1+ekBGR7B/FNaz6WgXhfByga+p2rTC9jhqq3qY5AMW1v67C26C0idnd HTTP/1.1" 200 26
191.108.41.61 - - [11/Dec/2022:10:44:14 -0500] "GET /kwssiamovil/sm/acme/a?s=U2FsdGVkX18Qeezucj5UamdOy4/O2pXJLjDLuI7/0n4rlOJpxHjt2VkuxAUsTK2IgSm/ejNiOj8bS1kaVrQEW+FbqFfisbs7iDQQs5SNi8Za1mA0K5nsUy72zvVar0YVR8pdxmzsh5SFLR99zX8djDlWik2f0Sy2rnXrLpH5Ll7TUR+4G6/chOekYHB0jhkoVJIQ1YSYHTqyNAmUVgBKDAk5nQZmtyvbHIXTd1/cKuqGmi4rVok2alQmT2gqtmbXFeu6ZgopYfLYYxmEg4IANrBOixSNMBVpXYNL+kfJHLCJZNHQRwlHFOHc6z5yV6QEuxaXkqKWj50CYvH0P75Lz2cnqoeK29c4KjpJnqszAgfEAbVlglCnlig+dddeeBzs0fmWi9bKEob3UvHIK6BhwAqc8IlXeiNJlKReEVlb0WarVBT2TyTanMqid/8tJpU8dcziSXeKL9bi3omwvJDNh4qmcjrsebbvKDruKem2tnXHyHL7CQKTktUT+dreCD9jl+X/CW89U+Zmz0Jr8sCmEDrStAieU94D3omPQZv73GrL/atJdX1yaYeM9PZ9KMSzXptFoVwuN4hGyWF3ENA9POrSc80gvX6rJZyHGq/Lg14aNoSbXrw2mNKhY5uPV0t1wpXqwQemg8y7CKB7GzjNaGpf+xrl2Ub2KLgEyib5SpgYuvxjiMrTwbVJACOVL1WrtX0Ng+iRuEq5sTWXOhg9KdeyaVTpmeJ4aHzbv/08x0K39OT2z2ul7gGmgWaFiembYG92CdJC7ViBENVtxAEXo6sQBLhuCSzJuTKxYcCmDwT2yu+uxWCjBYwimGfqaiNjXbMoXrSGbYWXMKnrkWy5t8+ipAmtd4aQQx6jFixfYAlKBGpC38blrZEIzqeDGfxbdThzpDsO9XDGrdLXXHbZreXwLdJoxShXLULSSrZ0+JzJxBZtdOE6pyq72bWVtJtNLjwBvBpGqegxmK1VCeRsFD47u/Rs24j+ptgHhjj8pJjZG6Nh+usIU6S0/RCPxqlHNHzt5zPahu4yAMwlFpfY/jBwY+AtrvnJbm3X+E4gRrqyGzwGv4UyAt2yqwyM1bBL01nYPbFE+kCfDfzNvffv4sIwB/LD5wDOS9p4A6jZffYxdZ3V2g+A+bgfKTcCkE+av/8GeRmZRtjeoCmyTgLKMnBAsZSAmQEIejB1FQBce5R7purIzslroObyttTlouESMCsXo8ruF7hVEKIv48Tv19vK8rx5c8j5XKzTT2soJCTilSSuxbqgGNBB1AgGqMJmGQYhyWFKLqZZyvuVbK5QtoXryAwguvIH5ZWnYod1Wf3BOB601d3cP33d84I64dRUjqXxI1YfMjCIITUD9PgQ5hELyApsjAbc7j0nkr4dMGeBwizm7CI0gyxZDfBTf98fue/85x5GvklA45u3sc7wFUtaEHOoO9GbZg9Atv9nST9yYQMw9hweM+so67VLbXyES8FEqjjRPmFAs8buw2Qaw9d51Il8tVQkwwOuZiskTkTRfrQCNTMmHTZ3sSaMqdxNQ6G+Quk2pfhEZcqlrGVvsOV/6yTSAvkxSeFuSv79Aelg64ebOXlf/qX+qnBoP445/vZAB8byVbBDUnndvqiyaERcNm+vo4Tm4szDBAhR7mmakoS7R56x+U+h/AHGz1x8PGsX+c6+VpZQY4zCoY9Zmz+3qPts91hGOfVqSIcbTpqfGnSBCLruNxd8b6wwwcU1degkEsmoz+D0P4nuHlrZcQ==&u=U2FsdGVkX19IfLmApQ/XdKFt7zwVfPNN8j3w0ECaGDk=&y=U2FsdGVkX1+ekBGR7B/FNaz6WgXhfByga+p2rTC9jhqq3qY5AMW1v67C26C0idnd HTTP/1.1" 200 26
191.108.41.61 - - [11/Dec/2022:10:44:14 -0500] "GET /kwssiamovil/sm/acme/a?s=U2FsdGVkX18tUh/qTvLHRhHGalAgPf2ekHEZMlSLym9mUcB+cfwmKeFotnxizQIQ733N9J15aHHJ0v8rPZbf6RUH/T6jkl8jRhwS20s3D/tKZ2YPNwcad6M15k0/hnVcFrynWQyC7Au2Pd3mun4xJZOCczJpFN8mndMN9sX3PVk=&u=U2FsdGVkX19IfLmApQ/XdKFt7zwVfPNN8j3w0ECaGDk=&y=U2FsdGVkX1+ekBGR7B/FNaz6WgXhfByga+p2rTC9jhqq3qY5AMW1v67C26C0idnd HTTP/1.1" 200 26
191.108.41.61 - - [11/Dec/2022:10:44:14 -0500] "GET /kwssiamovil/sm/acme/a?s=U2FsdGVkX1+mXomBB1O1VBY3JBYSiqQ/+k6VSe7jeI5L7Kcp2sQIZICObOm/kIU6Jm1FFexQr+Nv/UsCQ7Vuwh9JCdZsxnrq6s0wzK3/Fq/pxQajBIMAhlCAF+wX9URbtQBP6894Fzfh6Ls4/jHbZXgP/rlt3melLMoChuXLCZU=&u=U2FsdGVkX19IfLmApQ/XdKFt7zwVfPNN8j3w0ECaGDk=&y=U2FsdGVkX1+ekBGR7B/FNaz6WgXhfByga+p2rTC9jhqq3qY5AMW1v67C26C0idnd HTTP/1.1" 200 26
191.108.41.61 - - [11/Dec/2022:10:44:15 -0500] "GET /kwssiamovil/sm/acme/a?s=U2FsdGVkX1/Pw3633FD6WW5OEl2C2uvWAxfed/vtc0IKBDXNv7izoI6oJds0W4wq7Pk3ARGaSSAu7cToY5rg1Jja13IeCFR+C/d6aPa7aCbxop8DpZJpKu7i3n4ykxHsGBeTG8PBaMr452do11W6eZlwjvDJM4Q1HQ0aR7mYhE8=&u=U2FsdGVkX19IfLmApQ/XdKFt7zwVfPNN8j3w0ECaGDk=&y=U2FsdGVkX1+ekBGR7B/FNaz6WgXhfByga+p2rTC9jhqq3qY5AMW1v67C26C0idnd HTTP/1.1" 200 26
191.108.41.61 - - [11/Dec/2022:10:44:15 -0500] "GET /kwssiamovil/sm/acme/a?s=U2FsdGVkX19lJX9W+V6Xgz1ED3iBXtabkSsYbzHm0Antlcbu7W/G2Qhipp1wrUyTYAmpk25QGEaaVEfYbyOUb1IiMjvTdKFgAsspcfFTxULfsBbH2l2i5/NbB3byBbUEadj7vPSem4d3FLQ2zqeDFeyirz87g56ym785CzK2vN4KFm4yEEfPKqzVS7a3YdP2&u=U2FsdGVkX19IfLmApQ/XdKFt7zwVfPNN8j3w0ECaGDk=&y=U2FsdGVkX1+ekBGR7B/FNaz6WgXhfByga+p2rTC9jhqq3qY5AMW1v67C26C0idnd HTTP/1.1" 200 26
140.84.174.127 - - [11/Dec/2022:10:44:43 -0500] "GET /mysqladmin/index.php?lang=en HTTP/1.1" 404 1018
140.84.174.127 - - [11/Dec/2022:10:44:43 -0500] "GET /phpmyadmin1/index.php?lang=en HTTP/1.1" 403 1165
140.84.174.127 - - [11/Dec/2022:10:44:43 -0500] "GET /mysql-admin/index.php?lang=en HTTP/1.1" 404 1018
140.84.174.127 - - [11/Dec/2022:10:44:43 -0500] "GET /database/index.php?lang=en HTTP/1.1" 404 1018
140.84.174.127 - - [11/Dec/2022:10:44:44 -0500] "GET /phpmyadmin2021/index.php?lang=en HTTP/1.1" 403 1165
140.84.174.127 - - [11/Dec/2022:10:44:44 -0500] "GET /mysql/sqlmanager/index.php?lang=en HTTP/1.1" 404 1018
140.84.174.127 - - [11/Dec/2022:10:44:44 -0500] "GET /phpmyadmin2/index.php?lang=en HTTP/1.1" 403 1165
140.84.174.127 - - [11/Dec/2022:10:44:44 -0500] "GET /phpmyadmin2011/index.php?lang=en HTTP/1.1" 403 1165
140.84.174.127 - - [11/Dec/2022:10:44:44 -0500] "GET /mysql/dbadmin/index.php?lang=en HTTP/1.1" 404 1018
140.84.174.127 - - [11/Dec/2022:10:44:44 -0500] "GET /sql/websql/index.php?lang=en HTTP/1.1" 404 1018
140.84.174.127 - - [11/Dec/2022:10:44:44 -0500] "GET /program/index.php?lang=en HTTP/1.1" 404 1018
140.84.174.127 - - [11/Dec/2022:10:44:44 -0500] "GET /phpmy/index.php?lang=en HTTP/1.1" 404 1018
140.84.174.127 - - [11/Dec/2022:10:44:44 -0500] "GET /phpmyadmin5/index.php?lang=en HTTP/1.1" 403 1165
140.84.174.127 - - [11/Dec/2022:10:44:45 -0500] "GET /administrator/PMA/index.php?lang=en HTTP/1.1" 404 1018
140.84.174.127 - - [11/Dec/2022:10:44:45 -0500] "GET /admin/db/index.php?lang=en HTTP/1.1" 404 1018
140.84.174.127 - - [11/Dec/2022:10:44:45 -0500] "GET /phpmyadmin4/index.php?lang=en HTTP/1.1" 403 1165
140.84.174.127 - - [11/Dec/2022:10:44:45 -0500] "GET /phpmyadmin2015/index.php?lang=en HTTP/1.1" 403 1165
140.84.174.127 - - [11/Dec/2022:10:44:45 -0500] "GET /mysql/web/index.php?lang=en HTTP/1.1" 404 1018
140.84.174.127 - - [11/Dec/2022:10:44:45 -0500] "GET /sqlmanager/index.php?lang=en HTTP/1.1" 404 1018
140.84.174.127 - - [11/Dec/2022:10:44:45 -0500] "GET /phpMyAdmin2/index.php?lang=en HTTP/1.1" 403 1165
140.84.174.127 - - [11/Dec/2022:10:44:45 -0500] "GET /phpmyadmin2016/index.php?lang=en HTTP/1.1" 403 1165
140.84.174.127 - - [11/Dec/2022:10:44:45 -0500] "GET /administrator/admin/index.php?lang=en HTTP/1.1" 404 1018
140.84.174.127 - - [11/Dec/2022:10:44:46 -0500] "GET /php-my-admin/index.php?lang=en HTTP/1.1" 404 1018
140.84.174.127 - - [11/Dec/2022:10:44:46 -0500] "GET /db/webdb/index.php?lang=en HTTP/1.1" 404 1018
140.84.174.127 - - [11/Dec/2022:10:44:46 -0500] "GET /sql/phpmy-admin/index.php?lang=en HTTP/1.1" 404 1018
140.84.174.127 - - [11/Dec/2022:10:44:46 -0500] "GET /administrator/PMA/index.php?lang=en HTTP/1.1" 404 1018
140.84.174.127 - - [11/Dec/2022:10:44:46 -0500] "GET /phpmyadmin2020/index.php?lang=en HTTP/1.1" 403 1165
140.84.174.127 - - [11/Dec/2022:10:44:46 -0500] "GET /phppma/index.php?lang=en HTTP/1.1" 404 1018
140.84.174.127 - - [11/Dec/2022:10:44:46 -0500] "GET /sql/websql/index.php?lang=en HTTP/1.1" 404 1018
140.84.174.127 - - [11/Dec/2022:10:44:46 -0500] "GET /db/db-admin/index.php?lang=en HTTP/1.1" 404 1018
140.84.174.127 - - [11/Dec/2022:10:44:46 -0500] "GET /db/myadmin/index.php?lang=en HTTP/1.1" 404 1018
140.84.174.127 - - [11/Dec/2022:10:44:47 -0500] "GET /shopdb/index.php?lang=en HTTP/1.1" 404 1018
140.84.174.127 - - [11/Dec/2022:10:44:47 -0500] "GET /phpMyAdmin-5/index.php?lang=en HTTP/1.1" 403 1165
140.84.174.127 - - [11/Dec/2022:10:44:47 -0500] "GET /PMA/index.php?lang=en HTTP/1.1" 404 1018
140.84.174.127 - - [11/Dec/2022:10:44:47 -0500] "GET /sql/myadmin/index.php?lang=en HTTP/1.1" 404 1018
140.84.174.127 - - [11/Dec/2022:10:44:47 -0500] "GET /mysqladmin/index.php?lang=en HTTP/1.1" 404 1018
140.84.174.127 - - [11/Dec/2022:10:44:47 -0500] "GET /phpmyadmin2016/index.php?lang=en HTTP/1.1" 403 1165
140.84.174.127 - - [11/Dec/2022:10:44:47 -0500] "GET /phpmyadmin2015/index.php?lang=en HTTP/1.1" 403 1165
140.84.174.127 - - [11/Dec/2022:10:44:47 -0500] "GET /phpmy/index.php?lang=en HTTP/1.1" 404 1018
140.84.174.127 - - [11/Dec/2022:10:44:47 -0500] "GET /phpMyAdmin-4.9.7/index.php?lang=en HTTP/1.1" 403 1165
140.84.174.127 - - [11/Dec/2022:10:44:48 -0500] "GET /index.php?lang=en HTTP/1.1" 404 1018
140.84.174.127 - - [11/Dec/2022:10:44:48 -0500] "GET /phpMyAdmin5.2/index.php?lang=en HTTP/1.1" 403 1165
140.84.174.127 - - [11/Dec/2022:10:44:48 -0500] "GET /admin/sysadmin/index.php?lang=en HTTP/1.1" 404 1018
140.84.174.127 - - [11/Dec/2022:10:44:48 -0500] "GET /pma/index.php?lang=en HTTP/1.1" 404 1018
140.84.174.127 - - [11/Dec/2022:10:44:48 -0500] "GET /phpMyAdmin-4/index.php?lang=en HTTP/1.1" 403 1165
140.84.174.127 - - [11/Dec/2022:10:44:48 -0500] "GET /sql/phpmyadmin3/index.php?lang=en HTTP/1.1" 404 1018
140.84.174.127 - - [11/Dec/2022:10:44:48 -0500] "GET /sql/webadmin/index.php?lang=en HTTP/1.1" 404 1018
140.84.174.127 - - [11/Dec/2022:10:44:48 -0500] "GET /phpmyadmin2018/index.php?lang=en HTTP/1.1" 403 1165
140.84.174.127 - - [11/Dec/2022:10:44:49 -0500] "GET /phpmyadmin2012/index.php?lang=en HTTP/1.1" 403 1165
140.84.174.127 - - [11/Dec/2022:10:44:49 -0500] "GET /db/webadmin/index.php?lang=en HTTP/1.1" 404 1018
140.84.174.127 - - [11/Dec/2022:10:44:49 -0500] "GET /phpmyadmin/index.php?lang=en HTTP/1.1" 403 1165
140.84.174.127 - - [11/Dec/2022:10:44:49 -0500] "GET /myadmin/index.php?lang=en HTTP/1.1" 404 1018
140.84.174.127 - - [11/Dec/2022:10:44:49 -0500] "GET /db/phpmyadmin4/index.php?lang=en HTTP/1.1" 404 1018
140.84.174.127 - - [11/Dec/2022:10:44:49 -0500] "GET /phpmyadmin2022/index.php?lang=en HTTP/1.1" 403 1165
140.84.174.127 - - [11/Dec/2022:10:44:49 -0500] "GET /db/phpmyadmin3/index.php?lang=en HTTP/1.1" 404 1018
140.84.174.127 - - [11/Dec/2022:10:44:49 -0500] "GET /phpMyAdmin1/index.php?lang=en HTTP/1.1" 403 1165
140.84.174.127 - - [11/Dec/2022:10:44:49 -0500] "GET /phpmyadmin2014/index.php?lang=en HTTP/1.1" 403 1165
140.84.174.127 - - [11/Dec/2022:10:44:50 -0500] "GET /admin/web/index.php?lang=en HTTP/1.1" 404 1018
140.84.174.127 - - [11/Dec/2022:10:44:50 -0500] "GET /phpmy-admin/index.php?lang=en HTTP/1.1" 404 1018
140.84.174.127 - - [11/Dec/2022:10:44:50 -0500] "GET /phpmyadmin_/index.php?lang=en HTTP/1.1" 403 1165
140.84.174.127 - - [11/Dec/2022:10:44:50 -0500] "GET /db/phpMyAdmin-3/index.php?lang=en HTTP/1.1" 404 1018
140.84.174.127 - - [11/Dec/2022:10:44:50 -0500] "GET /db/phpMyAdmin/index.php?lang=en HTTP/1.1" 404 1018
140.84.174.127 - - [11/Dec/2022:10:44:50 -0500] "GET /phpmyadmin5/index.php?lang=en HTTP/1.1" 403 1165
140.84.174.127 - - [11/Dec/2022:10:44:50 -0500] "GET /1phpmyadmin/index.php?lang=en HTTP/1.1" 404 1018
140.84.174.127 - - [11/Dec/2022:10:44:50 -0500] "GET /admin/phpMyAdmin/index.php?lang=en HTTP/1.1" 404 1018
140.84.174.127 - - [11/Dec/2022:10:44:50 -0500] "GET /db/phpMyAdmin/index.php?lang=en HTTP/1.1" 404 1018
140.84.174.127 - - [11/Dec/2022:10:44:51 -0500] "GET /db/index.php?lang=en HTTP/1.1" 404 1018
140.84.174.127 - - [11/Dec/2022:10:44:51 -0500] "GET /db/phpmyadmin3/index.php?lang=en HTTP/1.1" 404 1018
140.84.174.127 - - [11/Dec/2022:10:44:51 -0500] "GET /mysql/pma/index.php?lang=en HTTP/1.1" 404 1018
140.84.174.127 - - [11/Dec/2022:10:44:51 -0500] "GET /phpMyAdmin-5.1.3/index.php?lang=en HTTP/1.1" 403 1165
140.84.174.127 - - [11/Dec/2022:10:44:51 -0500] "GET /mysql/sqlmanager/index.php?lang=en HTTP/1.1" 404 1018
140.84.174.127 - - [11/Dec/2022:10:44:51 -0500] "GET /phpMyAdmin-latest-all-languages/index.php?lang=en HTTP/1.1" 403 1165
140.84.174.127 - - [11/Dec/2022:10:44:51 -0500] "GET /sql/phpmanager/index.php?lang=en HTTP/1.1" 404 1018
140.84.174.127 - - [11/Dec/2022:10:44:51 -0500] "GET /db/myadmin/index.php?lang=en HTTP/1.1" 404 1018
140.84.174.127 - - [11/Dec/2022:10:44:51 -0500] "GET /sql/myadmin/index.php?lang=en HTTP/1.1" 404 1018
140.84.174.127 - - [11/Dec/2022:10:44:52 -0500] "GET /phpmyAdmin/index.php?lang=en HTTP/1.1" 403 1165
140.84.174.127 - - [11/Dec/2022:10:44:52 -0500] "GET /phpMyAdmin/index.php?lang=en HTTP/1.1" 403 1165
140.84.174.127 - - [11/Dec/2022:10:44:52 -0500] "GET /php-myadmin/index.php?lang=en HTTP/1.1" 404 1018
140.84.174.127 - - [11/Dec/2022:10:44:52 -0500] "GET /phpmyadmin2016/index.php?lang=en HTTP/1.1" 403 1165
140.84.174.127 - - [11/Dec/2022:10:44:52 -0500] "GET /sql/php-myadmin/index.php?lang=en HTTP/1.1" 404 1018
140.84.174.127 - - [11/Dec/2022:10:44:52 -0500] "GET /sqlmanager/index.php?lang=en HTTP/1.1" 404 1018
140.84.174.127 - - [11/Dec/2022:10:44:52 -0500] "GET /sql/sql/index.php?lang=en HTTP/1.1" 404 1018
140.84.174.127 - - [11/Dec/2022:10:44:52 -0500] "GET /phpMyAdmin5/index.php?lang=en HTTP/1.1" 403 1165
140.84.174.127 - - [11/Dec/2022:10:44:52 -0500] "GET /db/phpMyAdmin-4/index.php?lang=en HTTP/1.1" 404 1018
140.84.174.127 - - [11/Dec/2022:10:44:53 -0500] "GET /mysql/pMA/index.php?lang=en HTTP/1.1" 404 1018
140.84.174.127 - - [11/Dec/2022:10:44:53 -0500] "GET /administrator/phpmyadmin/index.php?lang=en HTTP/1.1" 404 1018
140.84.174.127 - - [11/Dec/2022:10:44:53 -0500] "GET /phpmy/index.php?lang=en HTTP/1.1" 404 1018
172.22.2.4 - - [11/Dec/2022:10:43:13 -0500] "GET /BLA/boletinlegal/ HTTP/1.1" 200 57192
140.84.174.127 - - [11/Dec/2022:10:44:53 -0500] "GET /wp-content/plugins/portable-phpmyadmin/wp-pma-mod/index.php?lang=en HTTP/1.1" 404 1018
140.84.174.127 - - [11/Dec/2022:10:44:53 -0500] "GET /database/index.php?lang=en HTTP/1.1" 404 1018
140.84.174.127 - - [11/Dec/2022:10:44:53 -0500] "GET /index.php?lang=en HTTP/1.1" 404 1018
140.84.174.127 - - [11/Dec/2022:10:44:53 -0500] "GET /db/websql/index.php?lang=en HTTP/1.1" 404 1018
140.84.174.127 - - [11/Dec/2022:10:44:53 -0500] "GET /mysqladmin/index.php?lang=en HTTP/1.1" 404 1018
140.84.174.127 - - [11/Dec/2022:10:44:53 -0500] "GET /db/db-admin/index.php?lang=en HTTP/1.1" 404 1018
140.84.174.127 - - [11/Dec/2022:10:44:54 -0500] "GET /dbadmin/index.php?lang=en HTTP/1.1" 404 1018
140.84.174.127 - - [11/Dec/2022:10:44:54 -0500] "GET /administrator/PMA/index.php?lang=en HTTP/1.1" 404 1018
140.84.174.127 - - [11/Dec/2022:10:44:54 -0500] "GET /phpMyAdmin2/index.php?lang=en HTTP/1.1" 403 1165
140.84.174.127 - - [11/Dec/2022:10:44:54 -0500] "GET /sql/sqladmin/index.php?lang=en HTTP/1.1" 404 1018
140.84.174.127 - - [11/Dec/2022:10:44:54 -0500] "GET /phpMyAdmin-5/index.php?lang=en HTTP/1.1" 403 1165
140.84.174.127 - - [11/Dec/2022:10:44:54 -0500] "GET /sql/phpmyadmin5/index.php?lang=en HTTP/1.1" 404 1018
140.84.174.127 - - [11/Dec/2022:10:44:54 -0500] "GET /db/webadmin/index.php?lang=en HTTP/1.1" 404 1018
140.84.174.127 - - [11/Dec/2022:10:44:54 -0500] "GET /phpmyadmin2014/index.php?lang=en HTTP/1.1" 403 1165
140.84.174.127 - - [11/Dec/2022:10:44:54 -0500] "GET /phpmyadmin2020/index.php?lang=en HTTP/1.1" 403 1165
140.84.174.127 - - [11/Dec/2022:10:44:55 -0500] "GET /phpMyAdmin4/index.php?lang=en HTTP/1.1" 403 1165
140.84.174.127 - - [11/Dec/2022:10:44:55 -0500] "GET /phpmyadmin2017/index.php?lang=en HTTP/1.1" 403 1165
140.84.174.127 - - [11/Dec/2022:10:44:55 -0500] "GET /phpMyAdmin-5.2.0/index.php?lang=en HTTP/1.1" 403 1165
140.84.174.127 - - [11/Dec/2022:10:44:55 -0500] "GET /_phpMyAdmin/index.php?lang=en HTTP/1.1" 404 1018
140.84.174.127 - - [11/Dec/2022:10:44:55 -0500] "GET /db/webdb/index.php?lang=en HTTP/1.1" 404 1018
140.84.174.127 - - [11/Dec/2022:10:44:55 -0500] "GET /administrator/phpMyAdmin/index.php?lang=en HTTP/1.1" 404 1018
140.84.174.127 - - [11/Dec/2022:10:44:55 -0500] "GET /db/phpmyadmin5/index.php?lang=en HTTP/1.1" 404 1018
140.84.174.127 - - [11/Dec/2022:10:44:55 -0500] "GET /sql/phpMyAdmin2/index.php?lang=en HTTP/1.1" 404 1018
140.84.174.127 - - [11/Dec/2022:10:44:55 -0500] "GET /mysql/admin/index.php?lang=en HTTP/1.1" 404 1018
140.84.174.127 - - [11/Dec/2022:10:44:56 -0500] "GET /sql/sqlweb/index.php?lang=en HTTP/1.1" 404 1018
140.84.174.127 - - [11/Dec/2022:10:44:56 -0500] "GET /sql/phpmyadmin4/index.php?lang=en HTTP/1.1" 404 1018
140.84.174.127 - - [11/Dec/2022:10:44:56 -0500] "GET /sql/phpmy-admin/index.php?lang=en HTTP/1.1" 404 1018
140.84.174.127 - - [11/Dec/2022:10:44:56 -0500] "GET /admin/sqladmin/index.php?lang=en HTTP/1.1" 404 1018
140.84.174.127 - - [11/Dec/2022:10:44:56 -0500] "GET /phpMyAdmin_/index.php?lang=en HTTP/1.1" 403 1165
140.84.174.127 - - [11/Dec/2022:10:44:56 -0500] "GET /phpMyAdmin-5.3.0-all-languages/index.php?lang=en HTTP/1.1" 403 1165
140.84.174.127 - - [11/Dec/2022:10:44:56 -0500] "GET /phpMyAdmin-4/index.php?lang=en HTTP/1.1" 403 1165
140.84.174.127 - - [11/Dec/2022:10:44:56 -0500] "GET /pma/index.php?lang=en HTTP/1.1" 404 1018
140.84.174.127 - - [11/Dec/2022:10:44:57 -0500] "GET /admin/web/index.php?lang=en HTTP/1.1" 404 1018
140.84.174.127 - - [11/Dec/2022:10:44:57 -0500] "GET /db/phpMyAdmin-3/index.php?lang=en HTTP/1.1" 404 1018
140.84.174.127 - - [11/Dec/2022:10:44:57 -0500] "GET /PMA/index.php?lang=en HTTP/1.1" 404 1018
140.84.174.127 - - [11/Dec/2022:10:44:57 -0500] "GET /mysql/web/index.php?lang=en HTTP/1.1" 404 1018
140.84.174.127 - - [11/Dec/2022:10:44:57 -0500] "GET /mysql/dbadmin/index.php?lang=en HTTP/1.1" 404 1018
140.84.174.127 - - [11/Dec/2022:10:44:57 -0500] "GET /phpmy-admin/index.php?lang=en HTTP/1.1" 404 1018
140.84.174.127 - - [11/Dec/2022:10:44:57 -0500] "GET /phpmyadmin2018/index.php?lang=en HTTP/1.1" 403 1165
140.84.174.127 - - [11/Dec/2022:10:44:57 -0500] "GET /program/index.php?lang=en HTTP/1.1" 404 1018
216.245.221.92 - - [11/Dec/2022:10:45:07 -0500] "HEAD / HTTP/1.1" 200 -
172.22.2.4 - - [11/Dec/2022:10:45:39 -0500] "GET /BLA/boletinlegal/.env HTTP/1.1" 404 1038
162.55.175.143 - - [11/Dec/2022:10:46:07 -0500] "GET / HTTP/1.1" 200 319
168.119.48.175 - - [11/Dec/2022:10:46:19 -0500] "GET / HTTP/1.1" 200 319
172.22.2.4 - - [11/Dec/2022:10:45:40 -0500] "POST /BLA/boletinlegal/ HTTP/1.1" 200 32715
201.245.192.253 - - [11/Dec/2022:10:48:33 -0500] "POST /kwsrmcab/Wsrmcab  HTTP/1.1" 200 43162
64.124.8.45 - - [11/Dec/2022:10:49:19 -0500] "-" 408 -
172.22.2.4 - - [11/Dec/2022:10:48:13 -0500] "HEAD /BLA/boletinlegal/ HTTP/1.1" 200 -
3.8.172.43 - - [11/Dec/2022:10:49:57 -0500] "GET / HTTP/1.0" 200 319
216.245.221.92 - - [11/Dec/2022:10:50:07 -0500] "HEAD / HTTP/1.1" 200 -
172.22.2.4 - - [11/Dec/2022:10:49:03 -0500] "GET /BLA/boletinlegal/ HTTP/1.1" 200 56825
64.124.8.33 - - [11/Dec/2022:10:50:50 -0500] "GET /catalogoisis/ HTTP/1.1" 200 8575
64.124.8.33 - - [11/Dec/2022:10:52:12 -0500] "GET /robots.txt HTTP/1.1" 404 1049
201.245.192.253 - - [11/Dec/2022:10:53:32 -0500] "POST /kwsrmcab/Wsrmcab  HTTP/1.1" 200 43162
216.245.221.92 - - [11/Dec/2022:10:55:07 -0500] "HEAD / HTTP/1.1" 200 -
172.22.2.4 - - [11/Dec/2022:10:54:03 -0500] "HEAD /BLA/boletinlegal/ HTTP/1.1" 200 -
186.84.20.209 - - [11/Dec/2022:10:56:17 -0500] "GET /BLA/resoluciones/RESOLUCIONES%202018/2418.pdf HTTP/1.1" 200 249141
172.22.2.4 - - [11/Dec/2022:10:54:53 -0500] "GET /BLA/boletinlegal/ HTTP/1.1" 200 54100
201.245.192.253 - - [11/Dec/2022:10:58:30 -0500] "POST /kwsrmcab/Wsrmcab  HTTP/1.1" 200 43162
3.8.172.43 - - [11/Dec/2022:10:58:49 -0500] "GET / HTTP/1.0" 200 319
172.22.2.4 - - [11/Dec/2022:10:59:26 -0500] "GET /BLA/boletinlegal/actos.php HTTP/1.1" 200 9566
172.22.2.4 - - [11/Dec/2022:10:59:32 -0500] "GET /BLA/boletinlegal/consulta_actos.php?tipo=resoluciones&no=3477&usuario=&sector=&fecha=2022&resuelve= HTTP/1.1" 200 626
216.245.221.92 - - [11/Dec/2022:11:00:07 -0500] "HEAD / HTTP/1.1" 200 -
172.22.2.4 - - [11/Dec/2022:10:59:53 -0500] "HEAD /BLA/boletinlegal/ HTTP/1.1" 200 -
172.22.2.4 - - [11/Dec/2022:11:00:43 -0500] "GET /BLA/boletinlegal/ HTTP/1.1" 200 58612
201.245.192.253 - - [11/Dec/2022:11:03:29 -0500] "POST /kwsrmcab/Wsrmcab  HTTP/1.1" 200 43162
185.119.81.102 - - [11/Dec/2022:11:03:55 -0500] "GET /portaldeninos/wp-login.php HTTP/1.1" 200 2592
185.119.81.102 - - [11/Dec/2022:11:03:56 -0500] "POST /portaldeninos/wp-login.php HTTP/1.1" 200 3650
186.102.39.8 - - [11/Dec/2022:11:04:14 -0500] "GET /galeria/galeria/jquery.fancybox.css?v=2.1.5 HTTP/1.1" 200 4895
186.102.39.8 - - [11/Dec/2022:11:04:15 -0500] "GET /BLA/boletinlegal/js/jquery.scrollShow.js HTTP/1.1" 200 4586
186.102.39.8 - - [11/Dec/2022:11:04:16 -0500] "GET /galeria/galeria/jquery.fancybox.js?v=2.1.5 HTTP/1.1" 200 48706
216.245.221.92 - - [11/Dec/2022:11:05:07 -0500] "HEAD / HTTP/1.1" 200 -
66.249.64.212 - - [11/Dec/2022:11:06:01 -0500] "GET /robots.txt HTTP/1.1" 404 1034
66.249.64.214 - - [11/Dec/2022:11:06:01 -0500] "GET /dale- HTTP/1.1" 404 1034
3.8.172.43 - - [11/Dec/2022:11:06:42 -0500] "\x16\x03\x01" 400 226
3.8.172.43 - - [11/Dec/2022:11:06:49 -0500] "\x16\x03\x01" 400 226
3.8.172.43 - - [11/Dec/2022:11:06:55 -0500] "\x16\x03\x01" 400 226
3.8.172.43 - - [11/Dec/2022:11:07:02 -0500] "\x16\x03\x01" 400 226
3.8.172.43 - - [11/Dec/2022:11:07:14 -0500] "GET /admin/index.html HTTP/1.1" 404 1018
3.8.172.43 - - [11/Dec/2022:11:07:19 -0500] "GET /index.html HTTP/1.1" 200 319
172.22.2.4 - - [11/Dec/2022:11:05:43 -0500] "HEAD /BLA/boletinlegal/ HTTP/1.1" 200 -
3.8.172.43 - - [11/Dec/2022:11:07:23 -0500] "GET / HTTP/1.1" 200 319
172.22.2.4 - - [11/Dec/2022:11:07:25 -0500] "GET /BLA/boletinlegal/images/cabezote%20BLEGAL.jpg HTTP/1.1" 200 118164
172.22.2.4 - - [11/Dec/2022:11:07:25 -0500] "GET /BLA/boletinlegal/images/historia.png HTTP/1.1" 200 52775
172.22.2.4 - - [11/Dec/2022:11:07:25 -0500] "GET /BLA/boletinlegal/images/screen_1.png HTTP/1.1" 200 202547
172.22.2.4 - - [11/Dec/2022:11:07:27 -0500] "GET /BLA/boletinlegal/actos.php HTTP/1.1" 200 9566
172.22.2.4 - - [11/Dec/2022:11:07:28 -0500] "GET /BLA/boletinlegal/img/button-left.png HTTP/1.1" 200 57071
172.22.2.4 - - [11/Dec/2022:11:07:28 -0500] "GET /BLA/boletinlegal/img/button-right.png HTTP/1.1" 200 57878
190.158.28.6 - - [11/Dec/2022:11:07:30 -0500] "GET /BLA/resoluciones/ HTTP/1.1" 200 13093
190.158.28.6 - - [11/Dec/2022:11:07:33 -0500] "GET /BLA/resoluciones/index.php?dir=AUTOS+2019%2F HTTP/1.1" 200 350807
172.22.2.4 - - [11/Dec/2022:11:07:34 -0500] "GET /BLA/boletinlegal/images/screen_2.png HTTP/1.1" 200 362502
172.22.2.4 - - [11/Dec/2022:11:07:34 -0500] "GET /BLA/boletinlegal/images/screen_3.png HTTP/1.1" 200 210620
172.22.2.4 - - [11/Dec/2022:11:07:34 -0500] "GET /BLA/boletinlegal/images/screen_5.png HTTP/1.1" 200 368876
172.22.2.4 - - [11/Dec/2022:11:07:50 -0500] "GET /BLA/boletinlegal/style.css HTTP/1.1" 200 9406
172.22.2.4 - - [11/Dec/2022:11:07:50 -0500] "GET /BLA/boletinlegal/styles2.css HTTP/1.1" 200 1838
172.22.2.4 - - [11/Dec/2022:11:07:50 -0500] "GET /BLA/boletinlegal/js/jquery.scrollShow.js HTTP/1.1" 200 4586
172.22.2.4 - - [11/Dec/2022:11:07:50 -0500] "GET /BLA/boletinlegal/js/jquery.js HTTP/1.1" 200 57254
172.22.2.4 - - [11/Dec/2022:11:07:50 -0500] "GET /BLA/boletinlegal/js/jquery.scrollTo-min.js HTTP/1.1" 200 1150
172.22.2.4 - - [11/Dec/2022:11:07:50 -0500] "GET /BLA/boletinlegal/images/cabezote%20BLEGAL.jpg HTTP/1.1" 200 118164
172.22.2.4 - - [11/Dec/2022:11:07:50 -0500] "GET /BLA/boletinlegal/images/subscribe-icon-big.png HTTP/1.1" 200 47702
172.22.2.4 - - [11/Dec/2022:11:07:51 -0500] "GET /BLA/boletinlegal/images/arr_l.jpg HTTP/1.1" 200 1979
172.22.2.4 - - [11/Dec/2022:11:07:51 -0500] "GET /BLA/boletinlegal/images/historia.png HTTP/1.1" 200 52775
172.22.2.4 - - [11/Dec/2022:11:07:51 -0500] "GET /BLA/boletinlegal/images/screen_1.png HTTP/1.1" 200 202547
172.22.2.4 - - [11/Dec/2022:11:07:51 -0500] "GET /BLA/boletinlegal/images/registro-usuarios.png HTTP/1.1" 200 8106
172.22.2.4 - - [11/Dec/2022:11:07:51 -0500] "GET /BLA/boletinlegal/images/launch.jpg HTTP/1.1" 200 14577
172.22.2.4 - - [11/Dec/2022:11:07:51 -0500] "GET /BLA/boletinlegal/images/body_bg.jpg HTTP/1.1" 200 1601
172.22.2.4 - - [11/Dec/2022:11:07:51 -0500] "GET /BLA/boletinlegal/images/bg_top.jpg HTTP/1.1" 200 522
172.22.2.4 - - [11/Dec/2022:11:07:51 -0500] "GET /BLA/boletinlegal/images/menu_rght.gif HTTP/1.1" 200 1627
172.22.2.4 - - [11/Dec/2022:11:07:51 -0500] "GET /BLA/boletinlegal/images/menu_bg.jpg HTTP/1.1" 200 620
172.22.2.4 - - [11/Dec/2022:11:07:51 -0500] "GET /BLA/boletinlegal/images/text.jpg HTTP/1.1" 200 568
172.22.2.4 - - [11/Dec/2022:11:07:51 -0500] "GET /BLA/boletinlegal/images/hover.jpg HTTP/1.1" 200 640
172.22.2.4 - - [11/Dec/2022:11:07:51 -0500] "GET /BLA/boletinlegal/images/menu_lft.gif HTTP/1.1" 200 1713
172.22.2.4 - - [11/Dec/2022:11:07:52 -0500] "GET /BLA/boletinlegal/actos.php HTTP/1.1" 200 9566
172.22.2.4 - - [11/Dec/2022:11:07:52 -0500] "GET /BLA/boletinlegal/niceforms-default.css HTTP/1.1" 200 6694
172.22.2.4 - - [11/Dec/2022:11:07:52 -0500] "GET /BLA/boletinlegal/js/popup.js HTTP/1.1" 200 1270
172.22.2.4 - - [11/Dec/2022:11:07:52 -0500] "GET /BLA/boletinlegal/js/jquery1.js HTTP/1.1" 200 29846
172.22.2.4 - - [11/Dec/2022:11:07:52 -0500] "GET /BLA/boletinlegal/niceforms.js HTTP/1.1" 200 22876
172.22.2.4 - - [11/Dec/2022:11:07:52 -0500] "GET /BLA/boletinlegal/js/lib.js HTTP/1.1" 200 6474
172.22.2.4 - - [11/Dec/2022:11:07:52 -0500] "GET /BLA/boletinlegal/js/ajax_actos.js HTTP/1.1" 200 1322
172.22.2.4 - - [11/Dec/2022:11:07:52 -0500] "GET /BLA/boletinlegal/images/tel.png HTTP/1.1" 200 14477
172.22.2.4 - - [11/Dec/2022:11:07:52 -0500] "GET /BLA/boletinlegal/images/green-yellow-blue-pink-th.png HTTP/1.1" 200 7394
172.22.2.4 - - [11/Dec/2022:11:07:52 -0500] "GET /BLA/boletinlegal/images/icono-email.png HTTP/1.1" 200 5544
172.22.2.4 - - [11/Dec/2022:11:07:52 -0500] "GET /BLA/boletinlegal/images/footer_bg.jpg HTTP/1.1" 200 586
172.22.2.4 - - [11/Dec/2022:11:07:52 -0500] "GET /BLA/boletinlegal/images/footer_bg_l.jpg HTTP/1.1" 200 776
172.22.2.4 - - [11/Dec/2022:11:07:53 -0500] "GET /BLA/boletinlegal/img/select-right.png HTTP/1.1" 200 44019
172.22.2.4 - - [11/Dec/2022:11:07:53 -0500] "GET /BLA/boletinlegal/img/select-left.png HTTP/1.1" 200 263
172.22.2.4 - - [11/Dec/2022:11:07:53 -0500] "GET /BLA/boletinlegal/img/0.png HTTP/1.1" 200 110
172.22.2.4 - - [11/Dec/2022:11:07:53 -0500] "GET /BLA/boletinlegal/img/button.png HTTP/1.1" 200 43241
172.22.2.4 - - [11/Dec/2022:11:07:53 -0500] "GET /BLA/boletinlegal/img/button-right.png HTTP/1.1" 200 57878
172.22.2.4 - - [11/Dec/2022:11:07:53 -0500] "GET /BLA/boletinlegal/img/button-left.png HTTP/1.1" 200 57071
172.22.2.4 - - [11/Dec/2022:11:07:53 -0500] "GET /BLA/boletinlegal/favicon.ico HTTP/1.1" 404 1326
161.18.172.90 - - [11/Dec/2022:11:07:54 -0500] "GET /BLA/resoluciones/dlf/styles.css HTTP/1.1" 200 3049
161.18.172.90 - - [11/Dec/2022:11:07:54 -0500] "GET /BLA/resoluciones/ HTTP/1.1" 200 13093
161.18.172.90 - - [11/Dec/2022:11:07:55 -0500] "GET /BLA/resoluciones/dlf/bg.gif HTTP/1.1" 200 54
161.18.172.90 - - [11/Dec/2022:11:07:58 -0500] "GET /BLA/resoluciones/dlf/pdf.gif HTTP/1.1" 200 272
161.18.172.90 - - [11/Dec/2022:11:07:58 -0500] "GET /BLA/resoluciones/dlf/dirup.png HTTP/1.1" 200 644
190.158.28.6 - - [11/Dec/2022:11:07:58 -0500] "GET /BLA/resoluciones/AUTOS%202019/3089.pdf HTTP/1.1" 200 265894
161.18.172.90 - - [11/Dec/2022:11:07:57 -0500] "GET /BLA/resoluciones/index.php?dir=AUTOS+2017%2F HTTP/1.1" 200 460813
161.18.172.90 - - [11/Dec/2022:11:08:05 -0500] "GET /BLA/resoluciones/AUTOS%202017/2387.pdf HTTP/1.1" 200 309154
172.22.2.4 - - [11/Dec/2022:11:06:33 -0500] "GET /BLA/boletinlegal/ HTTP/1.1" 200 52079
64.124.8.38 - - [11/Dec/2022:11:08:26 -0500] "-" 408 -
201.245.192.253 - - [11/Dec/2022:11:08:28 -0500] "POST /kwsrmcab/Wsrmcab  HTTP/1.1" 200 43162
172.22.2.4 - - [11/Dec/2022:11:07:50 -0500] "GET /BLA/boletinlegal/ HTTP/1.1" 200 24523
172.22.2.4 - - [11/Dec/2022:11:07:25 -0500] "GET /BLA/boletinlegal/ HTTP/1.1" 200 52942
216.245.221.92 - - [11/Dec/2022:11:10:07 -0500] "HEAD / HTTP/1.1" 200 -
185.119.81.108 - - [11/Dec/2022:11:10:35 -0500] "GET /portaldeninos/wp-login.php HTTP/1.1" 200 2592
185.119.81.108 - - [11/Dec/2022:11:10:36 -0500] "POST /portaldeninos/wp-login.php HTTP/1.1" 200 3650
172.22.2.4 - - [11/Dec/2022:11:11:46 -0500] "GET /BLA/boletinlegal/documentos-importantes.php HTTP/1.1" 200 4829
172.22.2.4 - - [11/Dec/2022:11:11:33 -0500] "HEAD /BLA/boletinlegal/ HTTP/1.1" 200 -
201.245.192.253 - - [11/Dec/2022:11:13:27 -0500] "POST /kwsrmcab/Wsrmcab  HTTP/1.1" 200 43162
172.22.2.4 - - [11/Dec/2022:11:12:23 -0500] "GET /BLA/boletinlegal/ HTTP/1.1" 200 53337
185.119.81.102 - - [11/Dec/2022:11:14:45 -0500] "GET /portaldeninos/wp-login.php HTTP/1.1" 200 2592
185.119.81.102 - - [11/Dec/2022:11:14:46 -0500] "POST /portaldeninos/wp-login.php HTTP/1.1" 200 3605
216.245.221.92 - - [11/Dec/2022:11:15:07 -0500] "HEAD / HTTP/1.1" 200 -
207.46.13.194 - - [11/Dec/2022:11:15:27 -0500] "GET /BLA/resoluciones/RESOLUCIONES%202021/2458.pdf HTTP/1.1" 304 -
173.252.95.4 - - [11/Dec/2022:11:15:57 -0500] "GET /bogota-ya-cuenta-mas-de-70-negocios-verdes-verificados.html HTTP/1.1" 206 992
186.102.26.209 - - [11/Dec/2022:11:17:37 -0500] "GET /si-tienes-ropa-y-calzado-que-ya-no-usas-aca-te-presentamos-seis-puntos-a-donde-los-puedes-llevar.html HTTP/1.1" 200 872
40.77.167.57 - - [11/Dec/2022:11:18:13 -0500] "GET /inventario-de-emisiones-2020-transporte-publico-sitp-redujo-emisiones-de-pm-2-5-en-un-37.html HTTP/1.1" 200 925
201.245.192.253 - - [11/Dec/2022:11:18:26 -0500] "POST /kwsrmcab/Wsrmcab  HTTP/1.1" 502 1155
172.22.2.4 - - [11/Dec/2022:11:17:23 -0500] "HEAD /BLA/boletinlegal/ HTTP/1.1" 200 -
201.245.192.253 - - [11/Dec/2022:11:19:26 -0500] "POST /kwsrmcab/Wsrmcab  HTTP/1.1" 200 43162
172.22.2.4 - - [11/Dec/2022:11:18:13 -0500] "GET /BLA/boletinlegal/ HTTP/1.1" 200 59404
216.245.221.92 - - [11/Dec/2022:11:20:07 -0500] "HEAD / HTTP/1.1" 200 -
201.245.192.253 - - [11/Dec/2022:11:20:19 -0500] "POST /kwsrmcab/Wsrmcab HTTP/1.1" 200 41743
201.245.192.253 - - [11/Dec/2022:11:20:22 -0500] "POST /kwsrmcab/Wsrmcab HTTP/1.1" 200 44228
201.245.192.253 - - [11/Dec/2022:11:20:27 -0500] "POST /kwsrmcab/Wsrmcab  HTTP/1.1" 200 43162
173.252.83.116 - - [11/Dec/2022:11:21:41 -0500] "GET /images/cr\xc3\xb3nica-29-nov-1_optimized.jpeg HTTP/1.1" 404 1034
114.119.135.96 - - [11/Dec/2022:11:23:08 -0500] "GET /BLA/resoluciones/RESOLUCIONES%202010/2163.pdf HTTP/1.1" 200 523787
157.55.39.39 - - [11/Dec/2022:11:24:25 -0500] "GET /bla/resoluciones/resoluciones%202012/0589.pdf HTTP/1.1" 304 -
172.22.2.4 - - [11/Dec/2022:11:23:12 -0500] "HEAD /BLA/boletinlegal/ HTTP/1.1" 200 -
157.55.39.1 - - [11/Dec/2022:11:24:53 -0500] "GET /documents/10184/1894576/pieza-dia-mundial-aves-dato-8-mayo.jpg/ab4e86d5-0ec9-4a23-b9a2-d9f58450fd90?t=1621084210116 HTTP/1.1" 404 1035
216.245.221.92 - - [11/Dec/2022:11:25:07 -0500] "HEAD / HTTP/1.1" 200 -
201.245.192.253 - - [11/Dec/2022:11:25:26 -0500] "POST /kwsrmcab/Wsrmcab  HTTP/1.1" 200 43162
172.22.2.4 - - [11/Dec/2022:11:24:03 -0500] "GET /BLA/boletinlegal/ HTTP/1.1" 200 53337
207.46.13.194 - - [11/Dec/2022:11:26:00 -0500] "GET /BLA/resoluciones/AUTOS%201997/1945.pdf HTTP/1.1" 304 -
172.22.2.4 - - [11/Dec/2022:11:27:53 -0500] "GET /BLA/boletinlegal/images/screen_1.png HTTP/1.1" 200 202547
172.22.2.4 - - [11/Dec/2022:11:27:56 -0500] "GET /BLA/boletinlegal/actos.php HTTP/1.1" 200 9566
172.22.2.4 - - [11/Dec/2022:11:27:57 -0500] "GET /BLA/boletinlegal/favicon.ico HTTP/1.1" 404 1326
186.84.20.209 - - [11/Dec/2022:11:27:58 -0500] "GET /BLA/resoluciones/ HTTP/1.1" 200 13093
172.22.2.4 - - [11/Dec/2022:11:28:00 -0500] "GET /BLA/boletinlegal/images/screen_2.png HTTP/1.1" 200 362502
172.22.2.4 - - [11/Dec/2022:11:28:01 -0500] "GET /BLA/boletinlegal/images/screen_3.png HTTP/1.1" 200 210620
172.22.2.4 - - [11/Dec/2022:11:28:01 -0500] "GET /BLA/boletinlegal/images/screen_5.png HTTP/1.1" 200 368876
186.84.20.209 - - [11/Dec/2022:11:28:08 -0500] "GET /BLA/resoluciones/index.php?dir=AUTOS+2018%2F HTTP/1.1" 200 442958
172.22.2.4 - - [11/Dec/2022:11:27:53 -0500] "GET /BLA/boletinlegal/ HTTP/1.1" 200 59779
216.245.221.92 - - [11/Dec/2022:11:30:07 -0500] "HEAD / HTTP/1.1" 200 -
201.245.192.253 - - [11/Dec/2022:11:30:19 -0500] "POST /kwsrmcab/Wsrmcab HTTP/1.1" 200 41743
201.245.192.253 - - [11/Dec/2022:11:30:22 -0500] "POST /kwsrmcab/Wsrmcab HTTP/1.1" 200 44228
201.245.192.253 - - [11/Dec/2022:11:30:25 -0500] "POST /kwsrmcab/Wsrmcab  HTTP/1.1" 200 43162
172.22.2.4 - - [11/Dec/2022:11:29:02 -0500] "HEAD /BLA/boletinlegal/ HTTP/1.1" 200 -
172.22.2.4 - - [11/Dec/2022:11:31:17 -0500] "GET /BLA/boletinlegal/robots.txt HTTP/1.1" 404 1038
172.22.2.4 - - [11/Dec/2022:11:31:17 -0500] "GET /BLA/boletinlegal/jurisprudencia/analisis/AnalisisC-273-11.docx HTTP/1.1" 304 -
172.22.2.4 - - [11/Dec/2022:11:29:53 -0500] "GET /BLA/boletinlegal/ HTTP/1.1" 200 57192
190.158.28.6 - - [11/Dec/2022:11:31:37 -0500] "GET /BLA/resoluciones/AUTOS%202019/2679.pdf HTTP/1.1" 200 254202
216.245.221.92 - - [11/Dec/2022:11:35:07 -0500] "HEAD / HTTP/1.1" 200 -
201.245.192.253 - - [11/Dec/2022:11:35:25 -0500] "POST /kwsrmcab/Wsrmcab  HTTP/1.1" 200 43162
172.22.2.4 - - [11/Dec/2022:11:35:39 -0500] "GET /BLA/boletinlegal/apple-touch-icon-precomposed.png HTTP/1.1" 404 1140
172.22.2.4 - - [11/Dec/2022:11:35:39 -0500] "GET /BLA/boletinlegal/apple-touch-icon.png HTTP/1.1" 404 1140
172.22.2.4 - - [11/Dec/2022:11:35:39 -0500] "GET /BLA/boletinlegal/favicon.ico HTTP/1.1" 404 1140
186.155.150.81 - - [11/Dec/2022:11:35:57 -0500] "GET /BLA/resoluciones/ HTTP/1.1" 200 13093
186.155.150.81 - - [11/Dec/2022:11:36:02 -0500] "GET /BLA/resoluciones/index.php?dir=AUTOS+2022%2F HTTP/1.1" 200 383372
172.22.2.4 - - [11/Dec/2022:11:34:52 -0500] "HEAD /BLA/boletinlegal/ HTTP/1.1" 200 -
191.108.41.61 - - [11/Dec/2022:11:36:34 -0500] "GET /kwssiamovil/sm/acme/a?s=U2FsdGVkX1/hQDh2uj9HRi5tVrw0P7h42FW8vC6vo8eymmYXOOWfbMT+EoBv1kuHbTpRNs9dcQuS1JggBNIPDrcTDhn6nCVbHtBVWQVxl/Kd8ZHVgv+ItSWzWx0pDlSfgjTYyI8IB26VqzAIwyqR8jqPvTlAc1/91cgkl00YCkRywmALp2VucJ3qIryRtdzlV/yfVihb55cQDBL2BFdhOIBaMg7PPKgdsSKWIm5yUco4vI7JXcaqqcCFhRbnrx03ZX7d7JseB6XNGYR7T19BzA==&u=U2FsdGVkX19IfLmApQ/XdKFt7zwVfPNN8j3w0ECaGDk=&y=U2FsdGVkX1+ekBGR7B/FNaz6WgXhfByga+p2rTC9jhqq3qY5AMW1v67C26C0idnd HTTP/1.1" 200 26
172.22.2.4 - - [11/Dec/2022:11:36:35 -0500] "GET /BLA/boletinlegal/Circulares/2012/Circular%20No.%2015%20del%2022%20de%20octubre%20de%202012.pdf HTTP/1.1" 304 -
191.108.41.61 - - [11/Dec/2022:11:36:35 -0500] "GET /kwssiamovil/sm/acme/a?s=U2FsdGVkX1/XnZrRhpQbKqk6Bz1dg+0xPYNQiLwNY1rc+K0HdFvpIJE+lKfxrYOs69roOBLFcHKNOFqjswcjAfReDZN2V8/0TGff6u78ni1996R2NzA3Fo+8MBiyJqm425S22NgdPaV4/eHHWyvWjvussuuFWshnHx6/g6Mc/pWHFdLKaBFA9QXVRJc5KpjoRtUvp6d1u0xlU/FKoT2dfO2e0dG3quU2XhDsKlBjHKT/yxyFhux3Euhb6mlULnWVXewqEMREWZ7VUcjwSt/M42/rihN0WyhZXFBUkYbAzpRbyhDyTwGPyaj06gnht/BJXXFP2PsgAMt5epm+1LApx82gc+MdbgvdzCYSY6qywkYEHGnx3ppF4LmPZ2/Jy+lPFfMpr7jiRZ9uvnpVXARkVPcEAVMIoVgBAVOucudUYqJmMP2F6OBii4I0G1OKDeBSbz6xgMjOb4XFdAfTvGNMlRaPLOkFQMzM5J2nOF5yVZ8msa9FpfQ98+8KsDh+fXchdiTJ5qJLHx7GMwhN3EziHho77Ynvo8CstYm5pqujku7aJxvSYSS/Yv8cIYSFEWhQGEmyCT7y3gGJUkeyYf2g8abrUJQcHU5cF2oaVbQXXX7eMNZkuuO90J4qLcwCn+1iEOViXobDI+dQop7zHiOBvIACZa34LVbYDctsigogu925go9pPgzcF+0G/8C2RBMfvpgVuLb2HkHuntBlrDy9Rv8np0YmQD8joy0nnkLJ8AVLAjt4O8vbcRCwIy7dRu6jcTevhCv23GQq8utmmk7dAKJSRpzEPt2mjoSZhsVtHNg63a2efyFqDLeqDKDREzD96MHSl8ISa0wCtXufH0cWUQvuyoEK1FIM5XbOtxKWHkfSCi5eekBs7F4CJdguob+WUNhRUcgkIZJshSIrw6bo0j7oMEtZJGw6VJ4NXvZCmxXjov7nkM59ow2FKteMI/ydKs0taiBt2i8pDd2Vg5Scy+66Jb7kdi+3r6fD3e09yLlXPXb56WZKBWs8fx/avRcaM6oc/eeGA1cefECZ10VraBf6tsEkcY7by1gUIiO/uonYhkVn7+v0JUgfGTgj6kyVBzoF6kmD978O4l+azha1666rHOZ4ttHWp0Lc5gu1FuRKcldGmaD90sRkfMwkSbHxrvQqqMIeWzNo6fOAGLfSQZRev37+HtWg1S4L3t+WROtwxnIQVVZRzXff/Lqa5zN9YlJsx/LV+XkP/HGcvuelSZjctO36b6WtbM4GvUk8W3MVCQPeasRKO3g0Qbaba3odGKbvWDQdv0JNKCT4PRPr8Fan/PcMn4prUkvBZ8GCwtw7bya3aQbdL4VSPJSNhUJVF6g5WI6G9rx8LeXOa9sgV1/4JjP0JSFNd6SKJrGstvSiAm9UMYfowiwrQ4Ic8b8yTboIz6+cG6+DEl+d+99gLdR9pfvhKxnkrejLBXoWO73CdMm5WNkWxDquRCKvGPZMvJChP+J82UgNg2RXw1PW7sWmUbjM4+O+EB9Em5GS2OyY/59x0hfM8Dlw+xygM+LEFOD9MC7sIHsT49Ck9PGFNyECuSMKjT+TlQsG133ucYA3w3ka8EpDw9UCu9KHH2nQkMciBMzdWzJmK1/CXlrA445tsnmmkqA5OA2Eq5ISoWKDCdkbTYKK+YdBVAi/qqg7mTjVkMSQw4x9XiwALxeZdsTChati/WZ2lVynCSEiHvYvzjQLvQrZ7WRoDVkLn8B7HiWB/hynoBVK053AawS0agRBPkc2mEInscND2YPglaY=&u=U2FsdGVkX19IfLmApQ/XdKFt7zwVfPNN8j3w0ECaGDk=&y=U2FsdGVkX1+ekBGR7B/FNaz6WgXhfByga+p2rTC9jhqq3qY5AMW1v67C26C0idnd HTTP/1.1" 200 26
191.108.41.61 - - [11/Dec/2022:11:36:36 -0500] "GET /kwssiamovil/sm/acme/a?s=U2FsdGVkX19ks6N1UOXlnCEbzXbL+stgziI9gVpMIPKvsCcBFyhM7YZbzDRh13xuGSFsuQLuFWDebj8ThDLXYjG7VTbw2/pI1lwAJk/FZpUunTJYQOlQxL5GwTEUtBGLf4JNZZuikkufkSxwLBcFf7OtBgBW9qKTDfDBalDZae0=&u=U2FsdGVkX19IfLmApQ/XdKFt7zwVfPNN8j3w0ECaGDk=&y=U2FsdGVkX1+ekBGR7B/FNaz6WgXhfByga+p2rTC9jhqq3qY5AMW1v67C26C0idnd HTTP/1.1" 200 26
191.108.41.61 - - [11/Dec/2022:11:36:36 -0500] "GET /kwssiamovil/sm/acme/a?s=U2FsdGVkX1/1gYu9efUScQf5LmKZCRWaLDfuFNlqShHzu83GBzqtHtUMhPcgexiOb66uB9ukip2PwC/ExlEXuD6u2r6vDT5Ih1SJJPfZnNDG66/dQQR+cLAHwxegQgw9LRUkALpyEq2u1g0xs1E9foM3S+W4Jc96T9I2dSQPZeM=&u=U2FsdGVkX19IfLmApQ/XdKFt7zwVfPNN8j3w0ECaGDk=&y=U2FsdGVkX1+ekBGR7B/FNaz6WgXhfByga+p2rTC9jhqq3qY5AMW1v67C26C0idnd HTTP/1.1" 200 26
191.108.41.61 - - [11/Dec/2022:11:36:36 -0500] "GET /kwssiamovil/sm/acme/a?s=U2FsdGVkX194LUxbWpoWPAZl2c+u3KqVfVJ4Re3EpqNmDIR1OHTi2RfLIu0sUJPQ63f0sA1AQH2QwTynE6uQp1h6j4drva14SlNyXwQZq3JrKp/qjs7dfqCib1alo+mmzz3CpXFvb4H8WRJTFQF5kgBqFu6GL+WIDrUS2IXTYRM=&u=U2FsdGVkX19IfLmApQ/XdKFt7zwVfPNN8j3w0ECaGDk=&y=U2FsdGVkX1+ekBGR7B/FNaz6WgXhfByga+p2rTC9jhqq3qY5AMW1v67C26C0idnd HTTP/1.1" 200 26
191.108.41.61 - - [11/Dec/2022:11:36:36 -0500] "GET /kwssiamovil/sm/acme/a?s=U2FsdGVkX1/fJ4YJGBT4O4bx+LTJrBfAMpigRwujKjrYg0CmoGy02UfRVcdPGuMcIYqSHQijQYELijGB/7yhMLf1hGmdihjITUPtVJ3G3BWVPAbpF2vepvaeWZz66DEJ9pTzcEKRwniJZbX6w2ZP42lPXJ/zAhNWm5auP1twEdLMooljh1BZdFHYBANrJw9X&u=U2FsdGVkX19IfLmApQ/XdKFt7zwVfPNN8j3w0ECaGDk=&y=U2FsdGVkX1+ekBGR7B/FNaz6WgXhfByga+p2rTC9jhqq3qY5AMW1v67C26C0idnd HTTP/1.1" 200 26
172.22.2.4 - - [11/Dec/2022:11:35:10 -0500] "GET /BLA/boletinlegal/ HTTP/1.1" 200 49099
172.22.2.4 - - [11/Dec/2022:11:35:43 -0500] "GET /BLA/boletinlegal/ HTTP/1.1" 200 51248
166.0.218.27 - - [11/Dec/2022:11:37:47 -0500] "GET / HTTP/1.1" 200 319
194.55.186.216 - - [11/Dec/2022:11:38:13 -0500] "POST /boaform/admin/formLogin HTTP/1.1" 404 1186
181.59.231.17 - - [11/Dec/2022:11:39:25 -0500] "GET /dale-una-nueva-oportunidad-a-tu-ropa-usada-se-trasladan-dos-puntos-para-llevarla.html?fbclid=IwAR0vyu9rDU-897CcPAdEKMNT65Q1i0fnhSBNxZZTEI7EGactI-bIpwuhivU HTTP/1.1" 200 913
114.119.133.35 - - [11/Dec/2022:11:39:30 -0500] "GET /BLA/resoluciones/RESOLUCIONES%202010/2129.pdf HTTP/1.1" 200 108654
216.245.221.92 - - [11/Dec/2022:11:40:07 -0500] "HEAD / HTTP/1.1" 200 -
201.245.192.253 - - [11/Dec/2022:11:40:19 -0500] "POST /kwsrmcab/Wsrmcab HTTP/1.1" 200 41743
201.245.192.253 - - [11/Dec/2022:11:40:22 -0500] "GET /kwsrmcab/Wsrmcab?wsdl HTTP/1.1" 200 6948
201.245.192.253 - - [11/Dec/2022:11:40:22 -0500] "POST /kwsrmcab/Wsrmcab HTTP/1.1" 200 44228
201.245.192.253 - - [11/Dec/2022:11:40:22 -0500] "POST /kwsrmcab/Wsrmcab  HTTP/1.1" 200 43162
172.22.2.4 - - [11/Dec/2022:11:41:45 -0500] "GET /BLA/boletinlegal/Circulares/2022/CIRCULAR%20No.%2000005%20DEL%2030%20DE%20JUNIO%20DEL%202022.pdf HTTP/1.1" 304 -
173.252.87.9 - - [11/Dec/2022:11:42:16 -0500] "GET /images/cr\xc3\xb3nica-29-nov-1_optimized.jpeg HTTP/1.1" 404 1034
172.22.2.4 - - [11/Dec/2022:11:40:42 -0500] "HEAD /BLA/boletinlegal/ HTTP/1.1" 200 -
172.22.2.4 - - [11/Dec/2022:11:41:33 -0500] "GET /BLA/boletinlegal/ HTTP/1.1" 200 57192
114.119.152.155 - - [11/Dec/2022:11:43:41 -0500] "-" 408 -
216.245.221.92 - - [11/Dec/2022:11:45:07 -0500] "HEAD / HTTP/1.1" 200 -
201.245.192.253 - - [11/Dec/2022:11:45:22 -0500] "POST /kwsrmcab/Wsrmcab  HTTP/1.1" 502 1155
186.30.171.20 - - [11/Dec/2022:11:45:24 -0500] "GET /BLA/resoluciones/index.php?dir=AUTOS+2012%2F HTTP/1.1" 200 275011
181.55.57.170 - - [11/Dec/2022:11:45:58 -0500] "GET /forest/ HTTP/1.1" 200 12041
181.55.57.170 - - [11/Dec/2022:11:46:13 -0500] "POST /forest/index.php HTTP/1.1" 200 12268
201.245.192.253 - - [11/Dec/2022:11:46:21 -0500] "POST /kwsrmcab/Wsrmcab  HTTP/1.1" 200 43162
40.77.167.77 - - [11/Dec/2022:11:47:00 -0500] "GET /BLA/resoluciones/AUTOS%202022/6059.pdf HTTP/1.1" 200 535793
185.119.81.99 - - [11/Dec/2022:11:47:24 -0500] "GET /portaldeninos/wp-login.php HTTP/1.1" 200 2592
201.245.192.253 - - [11/Dec/2022:11:47:22 -0500] "POST /kwsrmcab/Wsrmcab  HTTP/1.1" 200 43162
185.119.81.99 - - [11/Dec/2022:11:47:25 -0500] "POST /portaldeninos/wp-login.php HTTP/1.1" 200 3605
172.22.2.4 - - [11/Dec/2022:11:46:32 -0500] "HEAD /BLA/boletinlegal/ HTTP/1.1" 200 -
172.22.2.4 - - [11/Dec/2022:11:47:23 -0500] "GET /BLA/boletinlegal/ HTTP/1.1" 200 56079
216.245.221.92 - - [11/Dec/2022:11:50:08 -0500] "HEAD / HTTP/1.1" 200 -
64.124.8.57 - - [11/Dec/2022:11:50:45 -0500] "-" 408 -
201.245.192.253 - - [11/Dec/2022:11:52:20 -0500] "POST /kwsrmcab/Wsrmcab  HTTP/1.1" 200 43162
207.46.13.174 - - [11/Dec/2022:11:53:56 -0500] "GET /BLA/boletinlegal/norma_menu.php HTTP/1.1" 200 6318
172.22.2.4 - - [11/Dec/2022:11:52:22 -0500] "HEAD /BLA/boletinlegal/ HTTP/1.1" 200 -
69.171.249.4 - - [11/Dec/2022:11:54:06 -0500] "GET /images/cr\xc3\xb3nica-29-nov-1_optimized.jpeg HTTP/1.1" 404 1034
50.17.121.1 - - [11/Dec/2022:11:54:06 -0500] "GET / HTTP/1.1" 200 319
186.102.53.135 - - [11/Dec/2022:11:54:24 -0500] "GET /kwssiamovil/sm/ldap/au?x=U2FsdGVkX1/6v+08OHbMkDhqGhnyUuGQO+dJzeLRUGRHTjq9yosY66Npzz7/eMOB&y=U2FsdGVkX19wSiW23AGA5q6LySvCWtTJhH4XmWPAwBpjIfkHAWtnPPbgg+D9FbjZ HTTP/1.1" 200 31
186.102.53.135 - - [11/Dec/2022:11:54:34 -0500] "GET /kwssiamovil/sm/ldap/au?x=U2FsdGVkX19puulv1xIhP/hUqk+p7+4Akx1MfZuw0SRaBzHfpt4F1zIFVk7THO1x&y=U2FsdGVkX1/c2ZqBY4l/NQzJ22qPojXRMv3Rlc3Sek4IM3kJwpwEiTvYbpoCsubZ HTTP/1.1" 200 30
186.102.53.135 - - [11/Dec/2022:11:54:35 -0500] "GET /kwssiamovil/sm/acme/s?s=U2FsdGVkX1+Aue+VhU2AUtyaHAjR1XgUXxb/5WRBzW2+flfmmejt4uN86rCEepSxLYC66kZ/D64C/JlzgisKls9O3e6mDvL2Msip3WcDFPE=&u=U2FsdGVkX18cy+1XDmUVMr+b8DqfcA24sP320tTeOCR0Pq54yHva+PFTJCit5Fsf&y=U2FsdGVkX1/c2ZqBY4l/NQzJ22qPojXRMv3Rlc3Sek4IM3kJwpwEiTvYbpoCsubZ HTTP/1.1" 200 97
