!C99Shell v. 1.0 pre-release build #13!

Software: Apache. PHP/5.5.15 

uname -a: Windows NT SVR-DMZ 6.1 build 7600 (Windows Server 2008 R2 Enterprise Edition) i586 

SYSTEM 

Safe-mode: OFF (not secure)

E:\nuevo\apache\logs\   drwxrwxrwx
Free 5.02 GB of 239.26 GB (2.1%)
Detected drives: [ a ] [ c ] [ d ] [ e ] [ f ]
Home    Back    Forward    UPDIR    Refresh    Search    Buffer    Encoder    Tools    Proc.    FTP brute    Sec.    SQL    PHP-code    Update    Feedback    Self remove    Logout    


Viewing file:     access.2022.12.14.log (2.95 MB)      -rw-rw-rw-
Select action/file-type:
(+) | (+) | (+) | Code (+) | Session (+) | (+) | SDB (+) | (+) | (+) | (+) | (+) | (+) |
172.22.2.4 - - [13/Dec/2022:23:58:52 -0500] "HEAD /BLA/boletinlegal/ HTTP/1.1" 200 -
201.245.192.253 - - [14/Dec/2022:00:00:46 -0500] "POST /kwsrmcab/Wsrmcab  HTTP/1.1" 200 43012
66.249.66.85 - - [14/Dec/2022:00:01:16 -0500] "-" 408 -
172.22.2.4 - - [13/Dec/2022:23:59:43 -0500] "GET /BLA/boletinlegal/ HTTP/1.1" 200 59404
216.245.221.92 - - [14/Dec/2022:00:02:36 -0500] "HEAD / HTTP/1.1" 200 -
201.245.192.253 - - [14/Dec/2022:00:05:44 -0500] "POST /kwsrmcab/Wsrmcab  HTTP/1.1" 200 43012
172.22.2.4 - - [14/Dec/2022:00:05:52 -0500] "GET /BLA/boletinlegal/Circulares/2019/Circular%20No.%200015%20del%2003%20de%20Octubre%20de%202019.pdf HTTP/1.1" 304 -
207.46.13.120 - - [14/Dec/2022:00:06:02 -0500] "GET /con-feria-agroambiental-y-actividades-artisticas-se-celebro-el-cumpleanos-de-entrenubes.html HTTP/1.1" 200 1088
172.22.2.4 - - [14/Dec/2022:00:04:42 -0500] "HEAD /BLA/boletinlegal/ HTTP/1.1" 200 -
40.77.167.77 - - [14/Dec/2022:00:06:28 -0500] "GET /BLA/resoluciones/RESOLUCIONES%202020/2608.pdf HTTP/1.1" 304 -
172.22.2.4 - - [14/Dec/2022:00:05:33 -0500] "GET /BLA/boletinlegal/ HTTP/1.1" 200 59035
216.245.221.92 - - [14/Dec/2022:00:07:36 -0500] "HEAD / HTTP/1.1" 200 -
168.119.52.80 - - [14/Dec/2022:00:08:04 -0500] "GET / HTTP/1.1" 200 319
173.252.79.1 - - [14/Dec/2022:00:10:14 -0500] "GET /images/reunion-planta-termovalorizacion-11-mayo.jpg HTTP/1.1" 200 34782
172.22.2.4 - - [14/Dec/2022:00:10:07 -0500] "GET /BLA/boletinlegal/ HTTP/1.1" 200 24523
201.245.192.253 - - [14/Dec/2022:00:10:44 -0500] "POST /kwsrmcab/Wsrmcab  HTTP/1.1" 200 43012
172.22.2.4 - - [14/Dec/2022:00:10:49 -0500] "GET /BLA/boletinlegal/jurisprudencia/analisis/AnalisisT-146-16.docx HTTP/1.1" 200 23021
172.22.2.4 - - [14/Dec/2022:00:10:32 -0500] "HEAD /BLA/boletinlegal/ HTTP/1.1" 200 -
216.245.221.92 - - [14/Dec/2022:00:12:36 -0500] "HEAD / HTTP/1.1" 200 -
172.22.2.4 - - [14/Dec/2022:00:11:23 -0500] "GET /BLA/boletinlegal/ HTTP/1.1" 200 45717
66.249.66.85 - - [14/Dec/2022:00:13:19 -0500] "-" 408 -
201.245.192.253 - - [14/Dec/2022:00:15:43 -0500] "POST /kwsrmcab/Wsrmcab  HTTP/1.1" 200 43012
47.251.11.3 - - [14/Dec/2022:00:15:58 -0500] "GET / HTTP/1.1" 200 319
47.88.94.28 - - [14/Dec/2022:00:15:58 -0500] "GET /Public/home/js/check.js HTTP/1.1" 404 1018
47.88.94.159 - - [14/Dec/2022:00:15:59 -0500] "GET /static/admin/javascript/hetong.js HTTP/1.1" 404 1018
216.245.221.92 - - [14/Dec/2022:00:17:36 -0500] "HEAD / HTTP/1.1" 200 -
172.22.2.4 - - [14/Dec/2022:00:16:22 -0500] "HEAD /BLA/boletinlegal/ HTTP/1.1" 200 -
172.22.2.4 - - [14/Dec/2022:00:18:32 -0500] "GET /BLA/boletinlegal/consulta_actos.php?tipo=autos&no=0666&usuario=&sector=&fecha=2018&resuelve= HTTP/1.1" 200 1344
172.22.2.4 - - [14/Dec/2022:00:18:33 -0500] "GET /BLA/boletinlegal/consulta_actos.php?tipo=autos&no=0666&usuario=&sector=&fecha=2018&resuelve= HTTP/1.1" 200 1344
172.22.2.4 - - [14/Dec/2022:00:17:13 -0500] "GET /BLA/boletinlegal/ HTTP/1.1" 200 57824
66.249.66.85 - - [14/Dec/2022:00:19:42 -0500] "-" 408 -
201.245.192.253 - - [14/Dec/2022:00:20:06 -0500] "POST /kwsrmcab/Wsrmcab HTTP/1.1" 200 43915
114.119.158.212 - - [14/Dec/2022:00:20:10 -0500] "-" 408 -
201.245.192.253 - - [14/Dec/2022:00:20:09 -0500] "POST /kwsrmcab/Wsrmcab HTTP/1.1" 200 43935
200.118.60.39 - - [14/Dec/2022:00:20:19 -0500] "GET /BLA/boletinlegal/js/jquery.scrollShow.js HTTP/1.1" 200 4586
200.118.60.39 - - [14/Dec/2022:00:20:19 -0500] "GET /galeria/galeria/jquery.fancybox.css?v=2.1.5 HTTP/1.1" 200 4895
200.118.60.39 - - [14/Dec/2022:00:20:19 -0500] "GET /galeria/galeria/jquery.fancybox.js?v=2.1.5 HTTP/1.1" 200 48706
201.245.192.253 - - [14/Dec/2022:00:20:42 -0500] "POST /kwsrmcab/Wsrmcab  HTTP/1.1" 200 43012
216.245.221.92 - - [14/Dec/2022:00:22:36 -0500] "HEAD / HTTP/1.1" 200 -
172.22.2.4 - - [14/Dec/2022:00:23:48 -0500] "GET /BLA/boletinlegal/actos.php HTTP/1.1" 200 9566
172.22.2.4 - - [14/Dec/2022:00:23:48 -0500] "GET /BLA/boletinlegal/favicon.ico HTTP/1.1" 404 1326
190.158.28.6 - - [14/Dec/2022:00:23:51 -0500] "GET /BLA/resoluciones/ HTTP/1.1" 200 13093
172.22.2.4 - - [14/Dec/2022:00:22:12 -0500] "HEAD /BLA/boletinlegal/ HTTP/1.1" 200 -
190.158.28.6 - - [14/Dec/2022:00:23:54 -0500] "GET /BLA/resoluciones/index.php?dir=AUTOS+2019%2F HTTP/1.1" 200 352111
172.22.2.4 - - [14/Dec/2022:00:23:03 -0500] "GET /BLA/boletinlegal/ HTTP/1.1" 200 52079
172.22.2.4 - - [14/Dec/2022:00:23:45 -0500] "GET /BLA/boletinlegal/ HTTP/1.1" 200 54100
201.245.192.253 - - [14/Dec/2022:00:25:41 -0500] "POST /kwsrmcab/Wsrmcab  HTTP/1.1" 200 43012
66.249.66.85 - - [14/Dec/2022:00:25:57 -0500] "-" 408 -
138.255.12.194 - - [14/Dec/2022:00:27:02 -0500] "GET / HTTP/1.1" 200 319
216.245.221.92 - - [14/Dec/2022:00:27:36 -0500] "HEAD / HTTP/1.1" 200 -
173.252.83.5 - - [14/Dec/2022:00:27:40 -0500] "GET /images/cr\xc3\xb3nica-29-nov-1_optimized.jpeg HTTP/1.1" 404 1034
199.16.157.180 - - [14/Dec/2022:00:28:39 -0500] "GET /images/cr%C3%B3nica-29-nov-1_optimized.jpeg HTTP/1.1" 404 1034
199.16.157.181 - - [14/Dec/2022:00:28:39 -0500] "GET /monica-fonnegra-una-disenadora-que-inspira-amor-por-la-naturaleza-a-traves-de-la-moda.html HTTP/1.1" 200 976
172.22.2.4 - - [14/Dec/2022:00:29:00 -0500] "GET /BLA/boletinlegal/documentos-importantes.php HTTP/1.1" 200 4829
172.22.2.4 - - [14/Dec/2022:00:28:03 -0500] "HEAD /BLA/boletinlegal/ HTTP/1.1" 200 -
201.245.248.215 - - [14/Dec/2022:00:30:09 -0500] "GET /BLA/resoluciones/index.php?dir= HTTP/1.1" 200 13093
201.245.192.253 - - [14/Dec/2022:00:30:07 -0500] "POST /kwsrmcab/Wsrmcab HTTP/1.1" 200 43915
201.245.192.253 - - [14/Dec/2022:00:30:11 -0500] "POST /kwsrmcab/Wsrmcab HTTP/1.1" 200 43935
207.46.13.120 - - [14/Dec/2022:00:30:13 -0500] "GET /portaldeninos/wp-content/uploads/2021/07/Banners-p%C3%A1gina-de-ni%C3%B1os7-768x38.jpg HTTP/1.1" 404 75240
20.250.41.226 - - [14/Dec/2022:00:30:18 -0500] "GET /wp-includes/css/editor.css HTTP/1.1" 404 1035
172.22.2.4 - - [14/Dec/2022:00:28:53 -0500] "GET /BLA/boletinlegal/ HTTP/1.1" 200 51248
201.245.192.253 - - [14/Dec/2022:00:30:39 -0500] "POST /kwsrmcab/Wsrmcab  HTTP/1.1" 200 43012
201.245.248.215 - - [14/Dec/2022:00:30:41 -0500] "GET /BLA/resoluciones/index.php?dir=AUTOS+2019%2F HTTP/1.1" 200 352111
172.22.2.4 - - [14/Dec/2022:00:29:59 -0500] "GET /BLA/boletinlegal/index.php HTTP/1.1" 200 55680
66.249.66.85 - - [14/Dec/2022:00:31:48 -0500] "-" 408 -
216.245.221.92 - - [14/Dec/2022:00:32:36 -0500] "HEAD / HTTP/1.1" 200 -
20.250.41.226 - - [14/Dec/2022:00:34:05 -0500] "GET /wp-includes/css/editor.css HTTP/1.1" 404 1032
172.22.2.4 - - [14/Dec/2022:00:35:11 -0500] "GET /BLA/boletinlegal/Circulares/2009/Circular%20Instructiva%20-%20Memorando%202009IE24363.pdf HTTP/1.1" 304 -
172.22.2.4 - - [14/Dec/2022:00:33:52 -0500] "HEAD /BLA/boletinlegal/ HTTP/1.1" 200 -
201.245.192.253 - - [14/Dec/2022:00:35:39 -0500] "POST /kwsrmcab/Wsrmcab  HTTP/1.1" 200 43012
172.22.2.4 - - [14/Dec/2022:00:34:43 -0500] "GET /BLA/boletinlegal/ HTTP/1.1" 200 52079
207.46.13.198 - - [14/Dec/2022:00:36:57 -0500] "GET /BLA/resoluciones/RESOLUCIONES%202001/2001%20400-449.TIF HTTP/1.1" 200 9262392
172.22.2.4 - - [14/Dec/2022:00:37:18 -0500] "GET /BLA/boletinlegal/.env HTTP/1.1" 404 1018
216.245.221.92 - - [14/Dec/2022:00:37:36 -0500] "HEAD / HTTP/1.1" 200 -
66.249.66.85 - - [14/Dec/2022:00:39:45 -0500] "-" 408 -
201.245.192.253 - - [14/Dec/2022:00:40:06 -0500] "POST /kwsrmcab/Wsrmcab HTTP/1.1" 200 43915
201.245.192.253 - - [14/Dec/2022:00:40:09 -0500] "POST /kwsrmcab/Wsrmcab HTTP/1.1" 200 43935
201.245.192.253 - - [14/Dec/2022:00:40:38 -0500] "POST /kwsrmcab/Wsrmcab  HTTP/1.1" 200 43012
172.22.2.4 - - [14/Dec/2022:00:39:42 -0500] "HEAD /BLA/boletinlegal/ HTTP/1.1" 200 -
172.22.2.4 - - [14/Dec/2022:00:41:47 -0500] "GET /BLA/boletinlegal/favicon.ico HTTP/1.1" 404 1018
190.156.140.133 - - [14/Dec/2022:00:42:04 -0500] "GET /transparencia/General%20Asignado/? HTTP/1.1" 200 43125
172.22.2.4 - - [14/Dec/2022:00:41:31 -0500] "GET /BLA/boletinlegal/ HTTP/1.1" 200 20427
190.156.140.133 - - [14/Dec/2022:00:42:09 -0500] "GET /transparencia/General%20Asignado/Vigencia%20actual/APROPIACION%20INICIAL%202022.pdf HTTP/1.1" 200 365308
172.22.2.4 - - [14/Dec/2022:00:40:33 -0500] "GET /BLA/boletinlegal/ HTTP/1.1" 200 50855
172.22.2.4 - - [14/Dec/2022:00:41:32 -0500] "GET /BLA/boletinlegal/ HTTP/1.1" 200 32715
216.245.221.92 - - [14/Dec/2022:00:42:36 -0500] "HEAD / HTTP/1.1" 200 -
157.55.39.39 - - [14/Dec/2022:00:42:46 -0500] "GET /bla/resoluciones/notificaciones/registros%202017/00146.pdf HTTP/1.1" 304 -
66.102.6.175 - - [14/Dec/2022:00:44:00 -0500] "GET /BLA/resoluciones/AUTOS%202008/0484.pdf HTTP/1.1" 200 217963
186.33.99.134 - - [14/Dec/2022:00:44:59 -0500] "GET / HTTP/1.1" 200 319
207.46.13.194 - - [14/Dec/2022:00:45:07 -0500] "GET /Publicaciones/2022EE74886.pdf HTTP/1.1" 404 227
66.249.66.85 - - [14/Dec/2022:00:45:37 -0500] "-" 408 -
201.245.192.253 - - [14/Dec/2022:00:45:37 -0500] "POST /kwsrmcab/Wsrmcab  HTTP/1.1" 200 43012
172.22.2.4 - - [14/Dec/2022:00:45:40 -0500] "GET /BLA/boletinlegal/Circulares/2013/Circular%20No.%207%20del%201%20de%20Agosto%20de%202013.pdf HTTP/1.1" 304 -
172.22.2.4 - - [14/Dec/2022:00:45:32 -0500] "HEAD /BLA/boletinlegal/ HTTP/1.1" 200 -
216.245.221.92 - - [14/Dec/2022:00:47:36 -0500] "HEAD / HTTP/1.1" 200 -
172.22.2.4 - - [14/Dec/2022:00:46:23 -0500] "GET /BLA/boletinlegal/ HTTP/1.1" 200 53739
201.245.192.253 - - [14/Dec/2022:00:50:36 -0500] "POST /kwsrmcab/Wsrmcab  HTTP/1.1" 200 43012
51.159.152.255 - - [14/Dec/2022:00:50:43 -0500] "GET / HTTP/1.1" 200 319
51.159.152.255 - - [14/Dec/2022:00:50:44 -0500] "GET /favicon.ico HTTP/1.1" 200 7782
66.249.66.85 - - [14/Dec/2022:00:51:20 -0500] "-" 408 -
69.63.184.117 - - [14/Dec/2022:00:51:32 -0500] "GET /images/publicidad-exterior-visual-23-octubre.jpg HTTP/1.1" 200 67892
69.63.184.117 - - [14/Dec/2022:00:51:32 -0500] "GET /que-es-la-publicidad-exterior-visual-y-cuales-son-los-requisitos-para-fijarla-en-la-ciudad.html HTTP/1.1" 206 1046
216.245.221.92 - - [14/Dec/2022:00:52:36 -0500] "HEAD / HTTP/1.1" 200 -
172.22.2.4 - - [14/Dec/2022:00:51:22 -0500] "HEAD /BLA/boletinlegal/ HTTP/1.1" 200 -
172.22.2.4 - - [14/Dec/2022:00:52:13 -0500] "GET /BLA/boletinlegal/ HTTP/1.1" 200 57192
201.245.192.253 - - [14/Dec/2022:00:55:35 -0500] "POST /kwsrmcab/Wsrmcab  HTTP/1.1" 200 43012
66.249.66.87 - - [14/Dec/2022:00:56:57 -0500] "-" 408 -
216.245.221.92 - - [14/Dec/2022:00:57:36 -0500] "HEAD / HTTP/1.1" 200 -
207.46.13.174 - - [14/Dec/2022:00:58:20 -0500] "GET /bla/resoluciones/notificaciones/autos%202018/04513.pdf HTTP/1.1" 304 -
95.217.144.156 - - [14/Dec/2022:00:58:48 -0500] "-" 408 -
172.22.2.4 - - [14/Dec/2022:00:57:12 -0500] "HEAD /BLA/boletinlegal/ HTTP/1.1" 200 -
95.217.144.156 - - [14/Dec/2022:00:58:57 -0500] "-" 408 -
207.46.13.194 - - [14/Dec/2022:00:59:28 -0500] "GET /Publicaciones/2022EE189691.pdf HTTP/1.1" 404 228
95.217.144.245 - - [14/Dec/2022:00:59:28 -0500] "-" 408 -
95.217.144.245 - - [14/Dec/2022:00:59:28 -0500] "-" 408 -
95.217.144.245 - - [14/Dec/2022:00:59:29 -0500] "-" 408 -
95.217.144.245 - - [14/Dec/2022:00:59:29 -0500] "-" 408 -
95.217.144.245 - - [14/Dec/2022:00:59:29 -0500] "-" 408 -
172.22.2.4 - - [14/Dec/2022:00:58:03 -0500] "GET /BLA/boletinlegal/ HTTP/1.1" 200 56474
95.217.144.247 - - [14/Dec/2022:00:59:47 -0500] "-" 408 -
201.245.192.253 - - [14/Dec/2022:01:00:34 -0500] "POST /kwsrmcab/Wsrmcab  HTTP/1.1" 200 43012
157.55.39.152 - - [14/Dec/2022:01:01:48 -0500] "GET /BLA/resoluciones/RESOLUCIONES%202018/0069.pdf HTTP/1.1" 304 -
216.245.221.92 - - [14/Dec/2022:01:02:36 -0500] "HEAD / HTTP/1.1" 200 -
66.249.66.85 - - [14/Dec/2022:01:03:08 -0500] "-" 408 -
172.22.2.4 - - [14/Dec/2022:01:04:06 -0500] "GET /BLA/boletinlegal/consulta_actos.php?tipo=autos&no=1322&usuario=&sector=&fecha=2018&resuelve= HTTP/1.1" 200 1116
172.22.2.4 - - [14/Dec/2022:01:04:14 -0500] "GET /BLA/boletinlegal/actos.php HTTP/1.1" 200 9566
172.22.2.4 - - [14/Dec/2022:01:04:30 -0500] "GET /BLA/boletinlegal/robots.txt HTTP/1.1" 404 1038
172.22.2.4 - - [14/Dec/2022:01:04:34 -0500] "GET /BLA/boletinlegal/Circulares/2019/Circular%20No.%20006%20del%2008%20de%20Febrero%20de%202019.pdf HTTP/1.1" 200 674401
172.22.2.4 - - [14/Dec/2022:01:03:02 -0500] "HEAD /BLA/boletinlegal/ HTTP/1.1" 200 -
172.22.2.4 - - [14/Dec/2022:01:03:53 -0500] "GET /BLA/boletinlegal/ HTTP/1.1" 200 58185
201.245.192.253 - - [14/Dec/2022:01:05:33 -0500] "POST /kwsrmcab/Wsrmcab  HTTP/1.1" 200 43012
172.22.2.4 - - [14/Dec/2022:01:07:26 -0500] "GET /BLA/boletinlegal/admin/ HTTP/1.1" 200 2324
172.22.2.4 - - [14/Dec/2022:01:07:27 -0500] "GET /BLA/boletinlegal/admin/index_files/style.css HTTP/1.1" 200 6223
172.22.2.4 - - [14/Dec/2022:01:07:27 -0500] "GET /BLA/boletinlegal/admin/images/bg.png HTTP/1.1" 200 332965
172.22.2.4 - - [14/Dec/2022:01:07:27 -0500] "GET /BLA/boletinlegal/favicon.ico HTTP/1.1" 404 1320
216.245.221.92 - - [14/Dec/2022:01:07:36 -0500] "HEAD / HTTP/1.1" 200 -
172.22.2.4 - - [14/Dec/2022:01:08:13 -0500] "GET /BLA/boletinlegal/admin/ HTTP/1.1" 200 2324
172.22.2.4 - - [14/Dec/2022:01:08:52 -0500] "HEAD /BLA/boletinlegal/ HTTP/1.1" 200 -
201.245.192.253 - - [14/Dec/2022:01:10:31 -0500] "POST /kwsrmcab/Wsrmcab  HTTP/1.1" 200 43012
172.22.2.4 - - [14/Dec/2022:01:09:43 -0500] "GET /BLA/boletinlegal/ HTTP/1.1" 200 57192
216.245.221.92 - - [14/Dec/2022:01:12:36 -0500] "HEAD / HTTP/1.1" 200 -
152.61.192.232 - - [14/Dec/2022:01:12:52 -0500] "GET / HTTP/1.1" 200 319
152.61.128.50 - - [14/Dec/2022:01:13:06 -0500] "GET / HTTP/1.1" 200 319
201.245.192.253 - - [14/Dec/2022:01:15:30 -0500] "POST /kwsrmcab/Wsrmcab  HTTP/1.1" 200 43012
185.180.143.71 - - [14/Dec/2022:01:16:11 -0500] "GET /admin/ HTTP/1.1" 404 1018
172.22.2.4 - - [14/Dec/2022:01:14:42 -0500] "HEAD /BLA/boletinlegal/ HTTP/1.1" 200 -
172.22.2.4 - - [14/Dec/2022:01:15:32 -0500] "GET /BLA/boletinlegal/ HTTP/1.1" 200 52942
157.55.39.39 - - [14/Dec/2022:01:17:32 -0500] "GET /BLA/boletinlegal/actos.php HTTP/1.1" 200 9566
216.245.221.92 - - [14/Dec/2022:01:17:36 -0500] "HEAD / HTTP/1.1" 200 -
172.22.2.4 - - [14/Dec/2022:01:19:27 -0500] "GET /BLA/boletinlegal/ReportServer HTTP/1.1" 404 1018
201.245.192.253 - - [14/Dec/2022:01:20:06 -0500] "POST /kwsrmcab/Wsrmcab HTTP/1.1" 200 43579
172.22.2.4 - - [14/Dec/2022:01:20:10 -0500] "GET /BLA/boletinlegal/login HTTP/1.1" 404 1018
201.245.192.253 - - [14/Dec/2022:01:20:10 -0500] "POST /kwsrmcab/Wsrmcab HTTP/1.1" 200 43765
201.245.192.253 - - [14/Dec/2022:01:20:29 -0500] "POST /kwsrmcab/Wsrmcab  HTTP/1.1" 200 43012
40.77.167.12 - - [14/Dec/2022:01:20:35 -0500] "GET /portaldeninos/aula-ambiental-artistica-itinerante-auambari/ HTTP/1.1" 200 89306
186.28.80.194 - - [14/Dec/2022:01:22:06 -0500] "GET /kwssiamovil/sm/ldap/au?x=U2FsdGVkX19yHQV0/ZguRToRDH8fD8bcAqPiU8a5zw4vUViuOFQgjrO+9Pv1rDFl&y=U2FsdGVkX187fnoYEdklsqkFuuskTVyntci9Hs4DgA+MGOn3vkSdt/XpufrJgEyl HTTP/1.1" 200 30
186.28.80.194 - - [14/Dec/2022:01:22:07 -0500] "GET /kwssiamovil/sm/acme/s?s=U2FsdGVkX1/+66iCI2O0PFqXelXQrY60BkYP3QEiZIhW7bHe+YZLZPpk2it1IkidhyxsEq9F39JpWS30xuMLcYOOlXEgqIv5dha7rQ3Q7Cg=&u=U2FsdGVkX1+2B08rjK8mT/ddZFL9I8jyS6JfHLdGYeVfMwCIVZm3hC3c+OPrpdi/&y=U2FsdGVkX187fnoYEdklsqkFuuskTVyntci9Hs4DgA+MGOn3vkSdt/XpufrJgEyl HTTP/1.1" 200 97
186.28.80.194 - - [14/Dec/2022:01:22:07 -0500] "GET /kwssiamovil/sm/acme/s?s=U2FsdGVkX1/JeCTKoHZmcKfW6LgLGJNzb4DBK6WwHhEqDDCUt4q+b01MDZLOTHSsMDxKPSSgz1kUDkVz6TMO4C1vQFxXjIYF7EfkLjEHlJvKtvVzhj9OW3c8ucE1qD+xlhoCbEWMAoiXx610Gk0Q1AS91sjd8ck+TB2qOVsQSYYeCMn2MTWCMb8kKe0UJWIZjM9N9OJdzHtAotkUmWG59BpHj/UiXqbqTKf+YVKDyUgzcDOpvJs+tC6KGJngljtUSGz0KDwKv1zTtkuQkuDRy64q3oqhloXCAiNddWIwwFdhDV+Xag/F8aaS6vwLGUQvoV+cMU/ZaiCpSC1SzxZVWWE/qKq8m45y2JHIHi9A+zHS9ei834KM2Em4JB0Fc9VoKBq9xuHI1leBnsTygGOq/I90Rdirqp7tIcJG5ehRBM7sP9QAZelVO+CGAuXd9moRc1j++kKeyM0Fs33MobPxDsKN+ErB2bvdSkHJ0qN08jFZ0SwtlV+Z0QtpH2CAhLxh/KCrApgEqjHWEBHQxdz3P1gBIBSitG534JNEplaI073hE8WLC5wm83kQgyOufhsqLeBxoy/jTDD2qAVs8Fxb6OjWIxIrpGaCAUdc+u5AX2CTeG+3t7sF5c1vGk8P2HnQG2hPV/R9bQ4mysCri4SBOffoejyPoli1iIWRQzhuZRNM34HZ4NIwDBEyppbWjkGnO9ld2DSVC+pQEyNxYgtspG/Nzav872r2CM54Mi93Wj20eE9EQpOvivmaj5gMh2Ac7agIdbhAYuKdq0bvmhowIiZU3Ecs4SoiZ1tFSUfsfMF74NBvbVmQde0J4DMF/cqZ98QNTXcpkk+IqBd6ublJ54dJb/kRjVYn1RvmvKuwJwdU215yEh7VYP7z0IUO98D6KzWqKQeI3yVkcmbs/ObLTiUDhtU80XGGagfxK+J05CHXnJ8kieylkDzs24BwLJr+zdoy5712AXoVPB7Tuoe1U2kcznq0hUoNlIp3qyUp2v2or+1NC+2YF+fbDaaOvIo7wQ8lgayNpr9EtIVVDdUpBGsbrXnek207+vyllmQXZA0oqsi7CX622DLNldTdldzjSCXgkMrbvow34VtVQaHTElWGPQ/cJEVu5F7jKQKGpWQ9caXLI0cbJoWrLWweNQcMZLBiDg1ElTd10LAejaehOYpSTzyKKiOLduJiDJYKDFinN904P9IDYUoRqo3rPAPJq5efK4LQT/mb/h6lKFXaFgGMe2u54GYtYIVdIGNeBp5RXpZkkFSRxwZwJKbzA/PD5Ch1CAiXNRkKWmHbJcv3DI4CRqu2PhfOqpPKHt+pelggG6wW/YTEeHrh5We1JR1C5iWvOFFHD2wgX9F/TlEm9T1sKTTavGWPuzOlMDQs9KDTv69kll1z5PBGrb5ezvCgZ7NtkZBFmWq2qjp0nIjtL+NeyYDxOLYDGMjCtAIu4/Q=&u=U2FsdGVkX1+2B08rjK8mT/ddZFL9I8jyS6JfHLdGYeVfMwCIVZm3hC3c+OPrpdi/&y=U2FsdGVkX187fnoYEdklsqkFuuskTVyntci9Hs4DgA+MGOn3vkSdt/XpufrJgEyl HTTP/1.1" 200 16249
186.28.80.194 - - [14/Dec/2022:01:22:07 -0500] "GET /kwssiamovil/sm/acme/s?s=U2FsdGVkX1/n/lOo0n68fi/E6dcjBZcAhEXsP8nCI0SDRWEiOdmz+EtrCAoO/k7iFJ2IsHPcnqwIrCl7ehYXAasHjpT6F0SP7XZcP5AqHM2hoVo6pyjcbcwAMkU6/D0wm09FGyAmCovqXS2Vn6WaJACjBTbjS6G/Z/sSleWGcM5iR4Zj+SF3z9WQlC7+DukupJ+4jtdsP+4frL0PLnTm97nb9lIY+enQO2lj6k5okzwQSvur46DhwPwytHKTQgAV/hwHktQdWNVVPG63Ay35+DNvHjczAniua7CQLmRmA6l/e9hNEEhYZ/S9dsbq9U7+rU06EMJfPN1FI2AvVzpiM8s7tjOvt43GOKmyQFlEqBA=&u=U2FsdGVkX1+2B08rjK8mT/ddZFL9I8jyS6JfHLdGYeVfMwCIVZm3hC3c+OPrpdi/&y=U2FsdGVkX187fnoYEdklsqkFuuskTVyntci9Hs4DgA+MGOn3vkSdt/XpufrJgEyl HTTP/1.1" 200 196
186.28.80.194 - - [14/Dec/2022:01:22:07 -0500] "GET /kwssiamovil/sm/cjson/pre?f=1&x=U2FsdGVkX19yHQV0/ZguRToRDH8fD8bcAqPiU8a5zw4vUViuOFQgjrO+9Pv1rDFl HTTP/1.1" 200 31032
172.22.2.4 - - [14/Dec/2022:01:20:32 -0500] "HEAD /BLA/boletinlegal/ HTTP/1.1" 200 -
92.118.39.29 - - [14/Dec/2022:01:22:31 -0500] "GET / HTTP/1.1" 200 319
216.245.221.92 - - [14/Dec/2022:01:22:36 -0500] "HEAD / HTTP/1.1" 200 -
172.22.2.4 - - [14/Dec/2022:01:21:23 -0500] "GET /BLA/boletinlegal/ HTTP/1.1" 200 57192
199.16.157.181 - - [14/Dec/2022:01:23:47 -0500] "GET /images/cr%C3%B3nica-29-nov-1_optimized.jpeg HTTP/1.1" 404 1034
201.245.192.253 - - [14/Dec/2022:01:25:28 -0500] "POST /kwsrmcab/Wsrmcab  HTTP/1.1" 200 43012
207.46.13.174 - - [14/Dec/2022:01:26:02 -0500] "GET /calculadora/? HTTP/1.1" 200 5879
40.77.167.12 - - [14/Dec/2022:01:26:56 -0500] "GET /cumpleanos-de-entrenubes-nueva-aula-ambiental-y-manzana-de-cuidado-en-san-cristobal.html HTTP/1.1" 304 -
216.245.221.92 - - [14/Dec/2022:01:27:36 -0500] "HEAD / HTTP/1.1" 200 -
172.22.2.4 - - [14/Dec/2022:01:26:22 -0500] "HEAD /BLA/boletinlegal/ HTTP/1.1" 200 -
172.22.2.4 - - [14/Dec/2022:01:27:12 -0500] "GET /BLA/boletinlegal/ HTTP/1.1" 200 57824
201.245.192.253 - - [14/Dec/2022:01:30:07 -0500] "POST /kwsrmcab/Wsrmcab HTTP/1.1" 200 43579
201.245.192.253 - - [14/Dec/2022:01:30:09 -0500] "POST /kwsrmcab/Wsrmcab HTTP/1.1" 200 43765
201.245.192.253 - - [14/Dec/2022:01:30:27 -0500] "POST /kwsrmcab/Wsrmcab  HTTP/1.1" 200 43012
172.22.2.4 - - [14/Dec/2022:01:30:53 -0500] "GET /BLA/boletinlegal/jurisprudencia/analisis/analisis%20C-595-2010.doc HTTP/1.1" 304 -
186.28.80.194 - - [14/Dec/2022:01:31:22 -0500] "GET /kwssiamovil/sm/acme/a?s=U2FsdGVkX1/xSwyZhsdwhGlQDHykn2F9ic9WvK4yb9HI/W4JbX6N2/ppJ9ZQgmBXrSTQYSzr36cLDBK3TVY+RLzoo4xvOYDK+q2k30IucU/9AlTmBEq8tb1LrMe0d9CHFpuXV+r7/g57z5r+6caqsoegNFpiBhoM4/le/Ih8FDtHYEk/zqSV/QI0Q6vPW5IAuEzAJz7wOb8JSLpHqESjd0TknIm16fwZGII1rB5nSh7cfjHRaAKvYC92w6DB7A9iA84dcJ6cwx5trhJx+d1fSA==&u=U2FsdGVkX1+2B08rjK8mT/ddZFL9I8jyS6JfHLdGYeVfMwCIVZm3hC3c+OPrpdi/&y=U2FsdGVkX187fnoYEdklsqkFuuskTVyntci9Hs4DgA+MGOn3vkSdt/XpufrJgEyl HTTP/1.1" 200 26
186.28.80.194 - - [14/Dec/2022:01:31:22 -0500] "GET /kwssiamovil/sm/acme/a?s=U2FsdGVkX184xyRyuHD1tOSTluKgQXyx23rY1uF3XRjOzPN/ci5zWMssYhfx3fiy+irM/Ym54xrdNny2kOLAI1KLLREbsGdlT8O2eWE7ea5Qyb1jXRxkEd5HpSksRgBa+QygpW9ey5VA3i9kuxHM4WXQNM06e35k8Juj11fZDSr3D4Q/zVvQY5aN4R1t3z8xjBPq4zemceZ7jCP1ZXhgoY0jfsB/ZDVnyOc23KKFmncUxRDjsOJi60KvkOs6U6SVBF0P3bKKNU5Y0tTeUXFWiHbcTj4YtYnhGPqh3l0M3DqUcQxHvMeXnMsqV32Q3358dRVQoq8l4M2M2ljMAoaCmdMni/d7m7w7X/PgnbhDlKXa8lQYK4OXsZhkfJC4be1w1lyBTfU3nYespvRRw1wV8hru98XdvjjdMCCuTrYuh93BOW/dpPDAkz3L8nIxwVn06rIRHJuARIpSiH7itPjgidaH7vZQmBcUnzkg9TjdrJ04B7O3OH7AOwb5GrKxLo0Fwp58639FNI6X9BngrJZTiM009yPk0TGqXMBcWkKhljEQXAFgNcCuuwncWl8p6pXNrQ7mZX1OWKP3HXbMn1xPkErXLN4kGW43M92K07RhFnuFY8vrGBZE2+qaxpyXuil1aOnPRjYFV/02SNs8gqwgo7NcouTWKQ5USeDTCFOlvPGJ+RhhcxtyvxCUTaamBHDCjtMaTGFvKIrKwU7FsouCUU5vAK7FpyDzvrq/9WKndxwRg95B8iD6ZU4yr30NR8JwT7DXyXUetxPx3p2vFIXpugxiogE/RktkJJFNVecD2GfbHaheemvsjtzYGkC+mxGeK4rXlUMGt5DSq8L7Sh9s+rryzsFYsBoexjMeBCztXWYY33zpO34M0/jvSA59EzTLgC6KIW7G0mu5VRSqXaqRmoSFOwgBJJ4liDKHyaep60k7aVwuUGtyG/T6VmPI7DJ3dH4zATznLG8sqBUqwC7ALAbdATKEeHAiqbaPka+iEnPDJyWTqqB9Xy+4aNnFSUJszHUlnEwFMBY8NHHYDug9ueDvdlABU/aDezSl48VST4WlDxGHAlF0jso8SYtLL2e3PJDHltZRxLlKFnpOYeld/4M3hGDuryZsnRb+ZsOAh/DnF8TcDQ0SUyLjq3xQxF6nZyaDiNMw/PcgikQtAnyTnqUytwuOqauLKaWF0/RD/Qd/GMicSO6BkXZWHQwvfOrnwTHI2OHjpCKaVcPDjXRMd8aeD0XDOcJAoo+pqAFqQm5r57TvOytNf6E10lLiw0xiLcgqvxzoyzt93DvbhbIzO+hgPTKbR+3Iwv86fColwzwjXsVFYgQzxmijigZECRb7RtgFswQmZnFkg412t+cR0H2wSggu+cB88aKNp5idX21A3wLuMGPLMJV15jNhhTjfF6Sao+Ii3fBHwIi7PVogC2OQuyXrjEmjpxDJee9E2GJJVnLCwOUZabFxzP3iBCcXdjJTPLdT6Uo4VlVtAutDIq/gT79B9mdZTCxYQshoERN5wE+OqF44V+Elbh5Z4MQ3nnhwlrF0ogxBBzB7TDwn3dFcA+EA9y47p90vVvArEQbdnuodMbRscHyum3xkM48ZjXfOLkSdQp26yeFq9gRp3w==&u=U2FsdGVkX1+2B08rjK8mT/ddZFL9I8jyS6JfHLdGYeVfMwCIVZm3hC3c+OPrpdi/&y=U2FsdGVkX187fnoYEdklsqkFuuskTVyntci9Hs4DgA+MGOn3vkSdt/XpufrJgEyl HTTP/1.1" 200 26
186.28.80.194 - - [14/Dec/2022:01:31:23 -0500] "GET /kwssiamovil/sm/acme/a?s=U2FsdGVkX19kfiuG9I6+aAbFa7I3bF/9gDhoo69mvb78vsIIjnaw8KpUUhq30gh8DzjLppDckmNXL3/DDR1q2ZByaExHVNFYA8TJHPkFWVeAeK4ZVimizpaMLJ3+CdDZHb4NeT/B5nPec8D45GBZ9NmrOta4bfgvfDLhwFeuflI=&u=U2FsdGVkX1+2B08rjK8mT/ddZFL9I8jyS6JfHLdGYeVfMwCIVZm3hC3c+OPrpdi/&y=U2FsdGVkX187fnoYEdklsqkFuuskTVyntci9Hs4DgA+MGOn3vkSdt/XpufrJgEyl HTTP/1.1" 200 26
186.28.80.194 - - [14/Dec/2022:01:31:23 -0500] "GET /kwssiamovil/sm/acme/a?s=U2FsdGVkX1/DWYeSBia7vQeWCskiYOCUaWUTOPU3XpX1ufKoW4UpbGW9KlamEYh+hUXZenXMoz74rol9qg2YaUWpF1p7EVita5ZpPcVVaT2aEQ69aW+JHtVXxLNnsM3p7rKDGI9PeV7Ck2fqAGTu8cE0ZmJHAxmSS9EcTnO0d+M=&u=U2FsdGVkX1+2B08rjK8mT/ddZFL9I8jyS6JfHLdGYeVfMwCIVZm3hC3c+OPrpdi/&y=U2FsdGVkX187fnoYEdklsqkFuuskTVyntci9Hs4DgA+MGOn3vkSdt/XpufrJgEyl HTTP/1.1" 200 26
186.28.80.194 - - [14/Dec/2022:01:31:23 -0500] "GET /kwssiamovil/sm/acme/a?s=U2FsdGVkX1+uVl9EOwfOBonXwxfHWOmuxoYeM3zmn+xtNPZnZgLchPsayA7rc+ZF93A08RmvlPHsVuclze2vb8vkRVHMdx9nbDl5Z7wv+xRCBxV+QWftz3UuJ1i8+VWC5/o0bS7vyx4FpFdf6BwLlGhpzb7mxvEwV/HvUeFsOjA=&u=U2FsdGVkX1+2B08rjK8mT/ddZFL9I8jyS6JfHLdGYeVfMwCIVZm3hC3c+OPrpdi/&y=U2FsdGVkX187fnoYEdklsqkFuuskTVyntci9Hs4DgA+MGOn3vkSdt/XpufrJgEyl HTTP/1.1" 200 26
186.28.80.194 - - [14/Dec/2022:01:31:23 -0500] "GET /kwssiamovil/sm/acme/a?s=U2FsdGVkX1/goMJedSckCUisO8f5NWQj8QT3FksQQ3fw+pZ9RfunAKHUx0k1HZ6hIn6KDgOOHpp/Di/zZ/GzHuYSW1/ltJHY2BAta9xOA/Ia/cf330XKgEdeUE45E4xDWOu9zRTi+r/kk1ddipWK78HA5vDBJXheEjtucPmAJ4vdTuVhxFp7zxyuH/eJgjnVGdapbkq+p7K1hgvbdaZRaQ==&u=U2FsdGVkX1+2B08rjK8mT/ddZFL9I8jyS6JfHLdGYeVfMwCIVZm3hC3c+OPrpdi/&y=U2FsdGVkX187fnoYEdklsqkFuuskTVyntci9Hs4DgA+MGOn3vkSdt/XpufrJgEyl HTTP/1.1" 200 26
192.141.244.139 - - [14/Dec/2022:01:32:08 -0500] "GET /BLA/resoluciones/RESOLUCIONES%202001/RESOLUCION%20311%20DE%202001.pdf HTTP/1.1" 200 398777
192.141.244.139 - - [14/Dec/2022:01:32:10 -0500] "GET /favicon.ico HTTP/1.1" 200 7782
207.46.13.174 - - [14/Dec/2022:01:32:24 -0500] "GET /bla/resoluciones/notificaciones/registros%202020/0806.pdf HTTP/1.1" 304 -
216.245.221.92 - - [14/Dec/2022:01:32:36 -0500] "HEAD / HTTP/1.1" 200 -
172.22.2.4 - - [14/Dec/2022:01:32:13 -0500] "HEAD /BLA/boletinlegal/ HTTP/1.1" 200 -
64.62.197.54 - - [14/Dec/2022:01:33:58 -0500] "GET /favicon.ico HTTP/1.1" 200 7782
207.46.13.174 - - [14/Dec/2022:01:34:04 -0500] "GET /bla/resoluciones/notificaciones/registros%202020/0883.pdf HTTP/1.1" 304 -
201.245.248.215 - - [14/Dec/2022:01:34:08 -0500] "GET /BLA/resoluciones/index.php?dir= HTTP/1.1" 200 13093
201.245.248.215 - - [14/Dec/2022:01:34:18 -0500] "GET /BLA/resoluciones/index.php?dir=AUTOS+2019%2F HTTP/1.1" 200 352111
172.22.2.4 - - [14/Dec/2022:01:33:03 -0500] "GET /BLA/boletinlegal/ HTTP/1.1" 200 59404
201.245.192.253 - - [14/Dec/2022:01:35:25 -0500] "POST /kwsrmcab/Wsrmcab  HTTP/1.1" 200 43012
216.245.221.92 - - [14/Dec/2022:01:37:36 -0500] "HEAD / HTTP/1.1" 200 -
172.22.2.4 - - [14/Dec/2022:01:38:19 -0500] "GET /BLA/boletinlegal/Circulares/2012/Circular%20No.%201%20del%2017%20de%20Enero%20de%202012.pdf HTTP/1.1" 304 -
172.22.2.4 - - [14/Dec/2022:01:38:02 -0500] "HEAD /BLA/boletinlegal/ HTTP/1.1" 200 -
201.245.192.253 - - [14/Dec/2022:01:40:06 -0500] "POST /kwsrmcab/Wsrmcab HTTP/1.1" 200 43579
201.245.192.253 - - [14/Dec/2022:01:40:10 -0500] "POST /kwsrmcab/Wsrmcab HTTP/1.1" 200 43765
201.245.192.253 - - [14/Dec/2022:01:40:24 -0500] "POST /kwsrmcab/Wsrmcab  HTTP/1.1" 200 43012
172.22.2.4 - - [14/Dec/2022:01:38:52 -0500] "GET /BLA/boletinlegal/ HTTP/1.1" 200 57192
157.55.39.212 - - [14/Dec/2022:01:41:07 -0500] "GET /portaldeninos/ruido/ HTTP/1.1" 200 88494
157.55.39.212 - - [14/Dec/2022:01:41:26 -0500] "GET /portaldeninos/wp-content/plugins/gallery-videos/CSS/Total-Soft-Gallery-Video-Widget.css?ver=4.9.8 HTTP/1.1" 200 51554
157.55.39.212 - - [14/Dec/2022:01:41:27 -0500] "GET /portaldeninos/wp-content/plugins/gallery-videos/JS/modernizr.custom.js?ver=4.9.8 HTTP/1.1" 200 9019
157.55.39.212 - - [14/Dec/2022:01:41:27 -0500] "GET /portaldeninos/wp-content/themes/betheme/assets/jplayer/css/jplayer.blue.monday.css?ver=20.9.6 HTTP/1.1" 200 9834
157.55.39.212 - - [14/Dec/2022:01:41:27 -0500] "GET /portaldeninos/wp-content/themes/betheme/css/base.css?ver=20.9.6 HTTP/1.1" 200 57283
157.55.39.212 - - [14/Dec/2022:01:41:28 -0500] "GET /portaldeninos/wp-content/themes/betheme/css/responsive.css?ver=20.9.6 HTTP/1.1" 200 55740
157.55.39.212 - - [14/Dec/2022:01:41:28 -0500] "GET /portaldeninos/wp-includes/js/jquery/jquery-migrate.min.js?ver=1.4.1 HTTP/1.1" 200 10056
40.77.167.12 - - [14/Dec/2022:01:41:32 -0500] "GET /portaldeninos/wp-content/themes/betheme/assets/animations/animations.min.js?ver=20.9.6 HTTP/1.1" 200 1896
40.77.167.40 - - [14/Dec/2022:01:41:32 -0500] "GET /portaldeninos/wp-content/themes/betheme/assets/animations/animations.min.css?ver=20.9.6 HTTP/1.1" 200 58508
40.77.167.12 - - [14/Dec/2022:01:41:32 -0500] "GET /portaldeninos/wp-content/themes/betheme/css/shortcodes.css?ver=20.9.6 HTTP/1.1" 200 138889
40.77.167.12 - - [14/Dec/2022:01:41:32 -0500] "GET /portaldeninos/wp-content/themes/betheme/style.css?ver=20.9.6 HTTP/1.1" 200 287
40.77.167.12 - - [14/Dec/2022:01:41:32 -0500] "GET /portaldeninos/wp-includes/js/jquery/ui/core.min.js?ver=1.11.4 HTTP/1.1" 200 4000
157.55.39.35 - - [14/Dec/2022:01:41:39 -0500] "GET /portaldeninos/wp-content/themes/betheme/js/menu.js?ver=20.9.6 HTTP/1.1" 200 2449
157.55.39.35 - - [14/Dec/2022:01:41:39 -0500] "GET /portaldeninos/wp-includes/js/jquery/ui/mouse.min.js?ver=1.11.4 HTTP/1.1" 200 3148
157.55.39.35 - - [14/Dec/2022:01:41:40 -0500] "GET /portaldeninos/wp-includes/js/jquery/ui/tabs.min.js?ver=1.11.4 HTTP/1.1" 200 12110
157.55.39.35 - - [14/Dec/2022:01:41:40 -0500] "GET /portaldeninos/wp-includes/js/jquery/ui/widget.min.js?ver=1.11.4 HTTP/1.1" 200 6908
40.77.167.40 - - [14/Dec/2022:01:41:43 -0500] "GET /portaldeninos/wp-includes/js/jquery/ui/accordion.min.js?ver=1.11.4 HTTP/1.1" 200 8584
40.77.167.40 - - [14/Dec/2022:01:41:44 -0500] "GET /portaldeninos/wp-includes/js/wp-embed.min.js?ver=4.9.8 HTTP/1.1" 200 1398
40.77.190.70 - - [14/Dec/2022:01:41:53 -0500] "GET /calculadora/fonts/Linearicons-Free-v1.0.0/icon-font.min.css HTTP/1.1" 200 7354
40.77.190.70 - - [14/Dec/2022:01:41:53 -0500] "GET /calculadora/fonts/font-awesome-4.7.0/css/font-awesome.min.css HTTP/1.1" 200 31000
40.77.190.70 - - [14/Dec/2022:01:41:53 -0500] "GET /calculadora/vendor/css-hamburgers/hamburgers.min.css HTTP/1.1" 200 19686
40.77.190.70 - - [14/Dec/2022:01:41:53 -0500] "GET /calculadora/vendor/animsition/css/animsition.min.css HTTP/1.1" 200 27478
40.77.190.70 - - [14/Dec/2022:01:41:53 -0500] "GET /calculadora/vendor/select2/select2.min.css HTTP/1.1" 200 15196
40.77.190.70 - - [14/Dec/2022:01:41:53 -0500] "GET /calculadora/vendor/daterangepicker/daterangepicker.css HTTP/1.1" 200 8163
40.77.190.70 - - [14/Dec/2022:01:41:54 -0500] "GET /calculadora/vendor/bootstrap/css/bootstrap.min.css HTTP/1.1" 200 124962
40.77.190.70 - - [14/Dec/2022:01:41:54 -0500] "GET /calculadora/css/util.css HTTP/1.1" 200 86814
40.77.190.70 - - [14/Dec/2022:01:41:54 -0500] "GET /calculadora/css/main.css HTTP/1.1" 200 9984
40.77.190.70 - - [14/Dec/2022:01:41:54 -0500] "GET /calculadora/ajax_calculadora.js HTTP/1.1" 200 1470
40.77.190.70 - - [14/Dec/2022:01:41:54 -0500] "GET /calculadora/js/main.js HTTP/1.1" 200 1424
40.77.190.70 - - [14/Dec/2022:01:41:58 -0500] "GET /calculadora/vendor/animate/animate.css HTTP/1.1" 200 23848
40.77.190.70 - - [14/Dec/2022:01:42:00 -0500] "GET /calculadora/fonts/poppins/Poppins-Regular.ttf HTTP/1.1" 200 145312
40.77.190.70 - - [14/Dec/2022:01:42:00 -0500] "GET /calculadora/fonts/montserrat/Montserrat-Bold.ttf HTTP/1.1" 200 261588
216.245.221.92 - - [14/Dec/2022:01:42:36 -0500] "HEAD / HTTP/1.1" 200 -
185.119.81.102 - - [14/Dec/2022:01:43:30 -0500] "GET /portaldeninos/wp-login.php HTTP/1.1" 200 2592
185.119.81.102 - - [14/Dec/2022:01:43:31 -0500] "POST /portaldeninos/wp-login.php HTTP/1.1" 200 3670
194.55.186.216 - - [14/Dec/2022:01:43:37 -0500] "POST /boaform/admin/formLogin HTTP/1.1" 404 1186
168.119.252.242 - - [14/Dec/2022:01:45:05 -0500] "GET / HTTP/1.1" 200 319
201.245.192.253 - - [14/Dec/2022:01:45:23 -0500] "POST /kwsrmcab/Wsrmcab  HTTP/1.1" 200 43012
172.22.2.4 - - [14/Dec/2022:01:43:52 -0500] "HEAD /BLA/boletinlegal/ HTTP/1.1" 200 -
172.22.2.4 - - [14/Dec/2022:01:44:42 -0500] "GET /BLA/boletinlegal/ HTTP/1.1" 200 57192
157.230.39.144 - - [14/Dec/2022:01:46:27 -0500] "GET /portaldeninos/ HTTP/1.1" 200 110197
216.245.221.92 - - [14/Dec/2022:01:47:36 -0500] "HEAD / HTTP/1.1" 200 -
172.22.2.4 - - [14/Dec/2022:01:49:09 -0500] "GET /BLA/boletinlegal/normativa.php HTTP/1.1" 200 8333
172.22.2.4 - - [14/Dec/2022:01:49:09 -0500] "GET /BLA/boletinlegal/styles2.css HTTP/1.1" 200 1838
172.22.2.4 - - [14/Dec/2022:01:49:09 -0500] "GET /BLA/boletinlegal/js/ajax_normativa.js HTTP/1.1" 200 1154
172.22.2.4 - - [14/Dec/2022:01:49:10 -0500] "GET /BLA/boletinlegal/style.css HTTP/1.1" 200 9406
172.22.2.4 - - [14/Dec/2022:01:49:10 -0500] "GET /BLA/boletinlegal/niceforms-default.css HTTP/1.1" 200 6694
172.22.2.4 - - [14/Dec/2022:01:49:10 -0500] "GET /BLA/boletinlegal/niceforms.js HTTP/1.1" 200 22876
172.22.2.4 - - [14/Dec/2022:01:49:10 -0500] "GET /BLA/boletinlegal/images/cabezote%20BLEGAL.jpg HTTP/1.1" 200 118164
172.22.2.4 - - [14/Dec/2022:01:49:10 -0500] "GET /BLA/boletinlegal/images/historia.png HTTP/1.1" 200 52775
172.22.2.4 - - [14/Dec/2022:01:49:10 -0500] "GET /BLA/boletinlegal/images/registro-usuarios.png HTTP/1.1" 200 8106
172.22.2.4 - - [14/Dec/2022:01:49:10 -0500] "GET /BLA/boletinlegal/images/subscribe-icon-big.png HTTP/1.1" 200 47702
172.22.2.4 - - [14/Dec/2022:01:49:10 -0500] "GET /BLA/boletinlegal/images/tel.png HTTP/1.1" 200 14477
172.22.2.4 - - [14/Dec/2022:01:49:10 -0500] "GET /BLA/boletinlegal/images/icono-email.png HTTP/1.1" 200 5544
172.22.2.4 - - [14/Dec/2022:01:49:10 -0500] "GET /BLA/boletinlegal/images/body_bg.jpg HTTP/1.1" 200 1601
172.22.2.4 - - [14/Dec/2022:01:49:10 -0500] "GET /BLA/boletinlegal/images/menu_lft.gif HTTP/1.1" 200 1713
172.22.2.4 - - [14/Dec/2022:01:49:10 -0500] "GET /BLA/boletinlegal/images/bg_top.jpg HTTP/1.1" 200 522
172.22.2.4 - - [14/Dec/2022:01:49:10 -0500] "GET /BLA/boletinlegal/images/hover.jpg HTTP/1.1" 200 640
172.22.2.4 - - [14/Dec/2022:01:49:10 -0500] "GET /BLA/boletinlegal/images/menu_bg.jpg HTTP/1.1" 200 620
172.22.2.4 - - [14/Dec/2022:01:49:10 -0500] "GET /BLA/boletinlegal/images/menu_rght.gif HTTP/1.1" 200 1627
172.22.2.4 - - [14/Dec/2022:01:49:10 -0500] "GET /BLA/boletinlegal/images/text.jpg HTTP/1.1" 200 568
172.22.2.4 - - [14/Dec/2022:01:49:10 -0500] "GET /BLA/boletinlegal/images/footer_bg.jpg HTTP/1.1" 200 586
172.22.2.4 - - [14/Dec/2022:01:49:10 -0500] "GET /BLA/boletinlegal/images/footer_bg_l.jpg HTTP/1.1" 200 776
172.22.2.4 - - [14/Dec/2022:01:49:10 -0500] "GET /BLA/boletinlegal/img/0.png HTTP/1.1" 200 110
172.22.2.4 - - [14/Dec/2022:01:49:10 -0500] "GET /BLA/boletinlegal/img/select-left.png HTTP/1.1" 200 263
172.22.2.4 - - [14/Dec/2022:01:49:10 -0500] "GET /BLA/boletinlegal/img/button-left.png HTTP/1.1" 200 57071
172.22.2.4 - - [14/Dec/2022:01:49:10 -0500] "GET /BLA/boletinlegal/img/button-right.png HTTP/1.1" 200 57878
172.22.2.4 - - [14/Dec/2022:01:49:10 -0500] "GET /BLA/boletinlegal/img/button.png HTTP/1.1" 200 43241
172.22.2.4 - - [14/Dec/2022:01:49:10 -0500] "GET /BLA/boletinlegal/img/select-right.png HTTP/1.1" 200 44019
172.22.2.4 - - [14/Dec/2022:01:49:10 -0500] "GET /BLA/boletinlegal/favicon.ico HTTP/1.1" 404 1355
172.22.2.4 - - [14/Dec/2022:01:49:24 -0500] "GET /BLA/boletinlegal/consulta_normativa.php?tipo=Resolucion&sector=Aire&ano=2020&resuelve= HTTP/1.1" 200 454
201.245.192.253 - - [14/Dec/2022:01:50:22 -0500] "POST /kwsrmcab/Wsrmcab  HTTP/1.1" 200 43012
172.22.2.4 - - [14/Dec/2022:01:49:42 -0500] "HEAD /BLA/boletinlegal/ HTTP/1.1" 200 -
172.22.2.4 - - [14/Dec/2022:01:50:32 -0500] "GET /BLA/boletinlegal/ HTTP/1.1" 200 59404
216.245.221.92 - - [14/Dec/2022:01:52:36 -0500] "HEAD / HTTP/1.1" 200 -
172.22.2.4 - - [14/Dec/2022:01:54:22 -0500] "GET /BLA/boletinlegal/actos.php HTTP/1.1" 200 9566
172.22.2.4 - - [14/Dec/2022:01:54:22 -0500] "GET /BLA/boletinlegal/js/ajax_actos.js HTTP/1.1" 200 1322
172.22.2.4 - - [14/Dec/2022:01:54:22 -0500] "GET /BLA/boletinlegal/js/lib.js HTTP/1.1" 200 6474
172.22.2.4 - - [14/Dec/2022:01:54:22 -0500] "GET /BLA/boletinlegal/js/popup.js HTTP/1.1" 200 1270
172.22.2.4 - - [14/Dec/2022:01:54:22 -0500] "GET /BLA/boletinlegal/js/jquery1.js HTTP/1.1" 200 29846
172.22.2.4 - - [14/Dec/2022:01:54:22 -0500] "GET /BLA/boletinlegal/images/green-yellow-blue-pink-th.png HTTP/1.1" 200 7394
186.28.80.194 - - [14/Dec/2022:01:54:35 -0500] "GET /kwssiamovil/sm/acme/a?s=U2FsdGVkX1/Mr4RPPkJeWu0/iCy5vpd4jvIx+cjIdojsZuEjhqIILeD5SRJ+dD398/Ap61LvDaDW+ExGVRZucaecCwY5WGNdPCksBjLSUXY79y1HWFyu8pKvGiCcuSAIkIOJjfg8x+kcfH1wVq3yqwSsKRTjFHezbjvuTR1uuAmTSVktlR8XE3bLn24lhahCRjAEQChd1MAJVWIcyW2L0Wp24kW4Swi4+6iCPDpSuLxzX+Dv7KtGR+ia0YN8bqslB+L0qr5xTMrParRXzz+1zw==&u=U2FsdGVkX1+2B08rjK8mT/ddZFL9I8jyS6JfHLdGYeVfMwCIVZm3hC3c+OPrpdi/&y=U2FsdGVkX187fnoYEdklsqkFuuskTVyntci9Hs4DgA+MGOn3vkSdt/XpufrJgEyl HTTP/1.1" 200 26
186.28.80.194 - - [14/Dec/2022:01:54:36 -0500] "GET /kwssiamovil/sm/acme/a?s=U2FsdGVkX18nLlljEAdWpi2x4kej8l32sEB/yPT8/rXrN3+DIcE1p3bWUfSmhD+8DVX//x+x0Wv/wr/blfyl7aYtGysHFY5EzvqIIitaKjEoiCXDXtbPGJOOdi27/SHxVldq0GJuVwA24C5x7qbuBRewmNA4Vib93IakTjUD1/FMw3Yp83YcdFQns+mIVXvVNrcDhY4j1M/wZwnHsZW9ngpCbuwmCg3weOAw7kjg2cDnSDLUsXjFT2q92ZjB71lw4p5pz0JFvr/Qb68QtMx63Du1huATRh99oH+lnCPqm1dMqE92U4gXF8/11rnRlYjXOGvK7Z3YBh8rfr10Df6B5JvXavJJU1mzWacrCD2K7bRBqPPkB3cyQnnKCPO2ehiAlpm0j8MoT4wJl2KY8c1kNJ9cAG85eJhXD0P3mBrYzs5OA+LEeHWTi9THGKZiUp2zCMQFUZluKZ1iZUs1kTXDVZ53kMr6jd/4wKj9WqokEH4islsiitbkhSIyP8uP+/5y1Z0t7O8QTDFbUzNa18mhwm5OB2qNtjr1Q72Y2enC+lZwoJ9+Hse2JNTERYVPeLGzOAOcCzdmFC5m4+/vnvMxiHmaVWoMXAXqs8bFOsfeEzbGeKmi1vAaJy/TnISTuwnAOEmg+GD+S2R1ujO94K/EnUHKaotVE7vCw63mUIKxQss7zvXYD7mFzsQnfV8HJNmauv3vMyFJG1yz71L/vrJNaPLvsXq9y7saGjPVJfsXJvkgsW07MZBpV7+U2b7wt/pNY7P8zDWetzkRpX4AEBqXoJg7HTPSskow8PNqu+TsXgIHCrFJ0k83PhX6X0xWti0JfQFofT3C7TWtwDDo9Z2/WfONyjEGuofy47PcMjeXuhOf3Xckl2ytmSju5MzoqWzG+dy4q2rYdnLnMzviATeD7CC3g/MLPKZjDv2vdpqk3ybq6tpbezA6AU1cXAbl/G3165E2QzK/cqgQaC+ENgJadFG6MU6tAVmw7Mb1Zb7fpxeTkECMvY1pZOiUOCoSvAjTGesILx47m/3o1/ujKXZVramx/bhsHHkcDVlE80uV4WXMt01XMn1nUvh2SuUcvpcdzSS8Tdn9rOo2WybrK/ZN0yAfx69QP6oZ65VPBWv0GfFPb2YvlO/dyaWa6i8lrkpCOxSzDZEoj04bdWEKjjGgIr8l1YWzSHPk0L5yDUE6cOaA2cqSkiXUcRwm31C/6W3JBJ+0Q6Zskd8qXGeVWRW6IingUPWRdy842bOYj6eQzVB5q0gLi3y55gs6rHvZZhnWM9FouCOQEHAqgX47Qr0lBHnP82sAV4u/1j208EetbdaFp79SzYuqi9IeMVTNBm5QSDIZwZJyG7cAqvTnAOBB4CtMpikqOywIPTMtc8EZ7AqkB7ByTbQLBn9bUrNg30Q/OkYlvntC/9fpEZT9Gqsp/VPXd1YjGXB9pmulBGVR529pTxO+2RU7PPXpA6mTI29xbwvuQiBbqg+7wTEnrTx6LTHOyE+BlN6a44SE7O6OpTthx0nKN6/1OW2VipeuwGBbVe6Yhu/++eVtXOd7A43y2rU5ApoHAxaGRedtYwCScKjjH76ybK5J85Nuk7lDpcHUjtBmZNger+uPNdL2VCcF8xBGiwmMHWhpEbqtDPn7eoWI1jq1qUNwjVhiMaTSWC5CK3HxBlbMcWsqMfUPlTlkCu22YAmHxYWhKiCQ+hFyba0v/B5H1K+ArOq5LyktWn4VZ+PbpTHl0lUztoUhHQaw5ieHUw3OqtotruoJxvNndux0FeFzej7e1hj6xpmEfkTCFdN7rPCYzyo0vnESlMrGZaAdZJ5Oxvbf5mx0f01Eif+eXPWieRkQWDJxULgI/6Uu92v9uMenmSAn2bkZY+7ILz5dsJCIpxKsr/8HklDWCx7ixJwEG1PNYDB5+FOvPUVgWK4ysuLidmnskSFF2uPtxiGf/mlHbDzQN1dbFIjlgzez9fpjRMG3yOcYzgrWe4yBDCpfW98pgxtLPVXXorsQR6wRYNpes3LqSgvgscp9k5k31+PKhIJUdhWqvKdHwxw4aqA9nAiGRDgIebvWnCG3xK4lPyquDuIh3j+qULWkgzfAPcRWzC71+ztzVY0BEKiBdy/q0qynMmqn8Sydh/fqReK4Ve1xWo+/lx9EplhRi7vwHmsGO1ofdWNSR6ieGlfS+qOT3vHjHRK4gwW0Ltwe0fHB5sexzJgWlMUDZZvjr1I=&u=U2FsdGVkX1+2B08rjK8mT/ddZFL9I8jyS6JfHLdGYeVfMwCIVZm3hC3c+OPrpdi/&y=U2FsdGVkX187fnoYEdklsqkFuuskTVyntci9Hs4DgA+MGOn3vkSdt/XpufrJgEyl HTTP/1.1" 200 26
186.28.80.194 - - [14/Dec/2022:01:54:36 -0500] "GET /kwssiamovil/sm/acme/a?s=U2FsdGVkX19BeeIZvq95xAPtuiJhMvPF0ltaFosdlLQ8+ywzJI9CK/LnD/gEZ1kua8dyuGDmUGMM4c8VIS9Fy4maCGWHARY0hFQD4DhXXEzdB0GFh0y5mcaG+5O0vy5qNfFa9+gJNkPdoaimTrc/BNlB8Y3aZU88c/9Fd/v4kWY=&u=U2FsdGVkX1+2B08rjK8mT/ddZFL9I8jyS6JfHLdGYeVfMwCIVZm3hC3c+OPrpdi/&y=U2FsdGVkX187fnoYEdklsqkFuuskTVyntci9Hs4DgA+MGOn3vkSdt/XpufrJgEyl HTTP/1.1" 200 26
186.28.80.194 - - [14/Dec/2022:01:54:36 -0500] "GET /kwssiamovil/sm/acme/a?s=U2FsdGVkX19qB15Ltw65VCPzrfXy3PgszgrBAPMFs4lDL/X5GrdAsdhm7fLPZdbUAH8RqE384+BVbS2UlE/v/JbYMPnCyNcxmsrS4r4ScdS4aRN5lq49bohGvejE1KWrGyPfGYzJFHo9RfPpa98aMMz/VOgAwmwS2zWsOA3U1VE=&u=U2FsdGVkX1+2B08rjK8mT/ddZFL9I8jyS6JfHLdGYeVfMwCIVZm3hC3c+OPrpdi/&y=U2FsdGVkX187fnoYEdklsqkFuuskTVyntci9Hs4DgA+MGOn3vkSdt/XpufrJgEyl HTTP/1.1" 200 26
186.28.80.194 - - [14/Dec/2022:01:54:36 -0500] "GET /kwssiamovil/sm/acme/a?s=U2FsdGVkX19PTKo9FLOd5q5ZqrhsmdRzuGsQGSRYnhX2qgw5+unk1NVdGOgsKGK3jZCmUmvE8szIxdmaEPsc7eSqyouzcLlBrJiSrLyoo77jrQB1U7bTGj3xLfxVTfHz6jnhZyc26MUiQax7fWzjq49UUBLG9hOVnoXxGxPHH8Y=&u=U2FsdGVkX1+2B08rjK8mT/ddZFL9I8jyS6JfHLdGYeVfMwCIVZm3hC3c+OPrpdi/&y=U2FsdGVkX187fnoYEdklsqkFuuskTVyntci9Hs4DgA+MGOn3vkSdt/XpufrJgEyl HTTP/1.1" 200 26
186.28.80.194 - - [14/Dec/2022:01:54:37 -0500] "GET /kwssiamovil/sm/acme/a?s=U2FsdGVkX1/btmfOvDMCkH+RXTy6v+wPc3cw4lqfLzBrQvmojQNWK0K/d6kvQ1OOaJq4rM0zn6LAzeJYfJcYVOL/xEjGhenqo9uTB/56NlGlpS3OERJRz8Lx1L4uG7Uj24q6eOfyL7EjI4KTKkLJSo2tdNhvtLz8A+lFHetN9AW69fkSulD6JewnotQLaFqDgLgDrbZH9fLHSWb7vIDVFw==&u=U2FsdGVkX1+2B08rjK8mT/ddZFL9I8jyS6JfHLdGYeVfMwCIVZm3hC3c+OPrpdi/&y=U2FsdGVkX187fnoYEdklsqkFuuskTVyntci9Hs4DgA+MGOn3vkSdt/XpufrJgEyl HTTP/1.1" 200 26
172.22.2.4 - - [14/Dec/2022:01:54:55 -0500] "GET /BLA/boletinlegal/consulta_actos.php?tipo=resoluciones&no=2735&usuario=&sector=COMPETENCIA&fecha=2020&resuelve= HTTP/1.1" 200 1307
172.22.2.4 - - [14/Dec/2022:01:54:55 -0500] "GET /BLA/boletinlegal/images/pdf.gif HTTP/1.1" 200 567
191.108.58.28 - - [14/Dec/2022:01:54:59 -0500] "GET /BLA/resoluciones/RESOLUCIONES%202020/2735.pdf HTTP/1.1" 200 410047
191.108.58.28 - - [14/Dec/2022:01:54:59 -0500] "GET /favicon.ico HTTP/1.1" 200 7782
201.245.192.253 - - [14/Dec/2022:01:55:20 -0500] "POST /kwsrmcab/Wsrmcab  HTTP/1.1" 200 43012
152.61.192.232 - - [14/Dec/2022:01:55:37 -0500] "GET /arcgis/services/Calidad_del_Agua_WQI/MapServer/WMSServer?request=GetCapabilities&service=WMS HTTP/1.1" 503 1020
152.61.192.232 - - [14/Dec/2022:01:55:39 -0500] "GET /arcgis/services/Calidad_del_Agua_WQI/MapServer/WMSServer?SERVICE=WMS&REQUEST=GetCapabilities HTTP/1.1" 503 1020
152.61.192.232 - - [14/Dec/2022:01:55:39 -0500] "GET /arcgis/services/Calidad_del_Agua_WQI/MapServer/WMSServer?WMTVER=1.0.0&REQUEST=capabilities HTTP/1.1" 503 1020
172.22.2.4 - - [14/Dec/2022:01:55:32 -0500] "HEAD /BLA/boletinlegal/ HTTP/1.1" 200 -
40.77.189.184 - - [14/Dec/2022:01:57:21 -0500] "GET /portaldeninos/wp-content/uploads/useanyfont/uaf.css?ver=1589905315 HTTP/1.1" 200 408
40.77.190.25 - - [14/Dec/2022:01:57:21 -0500] "GET /portaldeninos/wp-content/plugins/gallery-videos/CSS/totalsoft.css?ver=4.9.8 HTTP/1.1" 200 40622
40.77.188.162 - - [14/Dec/2022:01:57:22 -0500] "GET /portaldeninos/wp-content/themes/betheme/assets/ui/jquery.ui.all.css?ver=20.9.6 HTTP/1.1" 200 18765
40.77.189.111 - - [14/Dec/2022:01:57:21 -0500] "GET /portaldeninos/wp-content/themes/betheme/css/layout.css?ver=20.9.6 HTTP/1.1" 200 116639
40.77.188.15 - - [14/Dec/2022:01:57:22 -0500] "GET /portaldeninos/wp-includes/js/jquery/jquery.js?ver=1.12.4 HTTP/1.1" 200 97184
40.77.190.112 - - [14/Dec/2022:01:57:23 -0500] "GET /portaldeninos/wp-includes/js/jquery/ui/sortable.min.js?ver=1.11.4 HTTP/1.1" 200 24899
40.77.190.183 - - [14/Dec/2022:01:57:23 -0500] "GET /portaldeninos/wp-content/themes/betheme/assets/jplayer/jplayer.min.js?ver=20.9.6 HTTP/1.1" 200 52702
40.77.188.23 - - [14/Dec/2022:01:57:23 -0500] "GET /portaldeninos/wp-content/themes/betheme/js/plugins.js?ver=20.9.6 HTTP/1.1" 200 197151
40.77.190.191 - - [14/Dec/2022:01:57:24 -0500] "GET /portaldeninos/wp-content/themes/betheme/js/scripts.js?ver=20.9.6 HTTP/1.1" 200 77162
40.77.189.19 - - [14/Dec/2022:01:57:24 -0500] "GET /portaldeninos/wp-includes/js/wp-emoji-release.min.js?ver=4.9.8 HTTP/1.1" 200 12026
40.77.189.149 - - [14/Dec/2022:01:57:25 -0500] "GET /portaldeninos/wp-content/themes/betheme/fonts/mfn-icons.woff?93978679 HTTP/1.1" 200 80932
216.245.221.92 - - [14/Dec/2022:01:57:36 -0500] "HEAD / HTTP/1.1" 200 -
172.22.2.4 - - [14/Dec/2022:01:56:22 -0500] "GET /BLA/boletinlegal/ HTTP/1.1" 200 59404
186.28.80.194 - - [14/Dec/2022:01:58:34 -0500] "GET /kwssiamovil/sm/acme/a?s=U2FsdGVkX18BbrUxGwpITwD/NBUr0jai06QjmNHV8Zvb4nHpkK2vFMsm/s+PKvfBQcGqnHM43J2/iEuZXHgaNiuxzqS88y76PNDs4RUzQxexfEt9jRunjVV4egC5PSHUgZiqgp3lBDPzNoMdflt9WN1ICp5WJ+DcSKs6lP8wM/FBMljEzheD50YbDOyOFq9piQvurickwQPqDysm9IiMIJaI/u2NQAvi+w6No5USr9JZ6e4LaqxZbSD0PWkdnTc2L86LfxM4UeUQvC2FeKAgdg==&u=U2FsdGVkX1+2B08rjK8mT/ddZFL9I8jyS6JfHLdGYeVfMwCIVZm3hC3c+OPrpdi/&y=U2FsdGVkX187fnoYEdklsqkFuuskTVyntci9Hs4DgA+MGOn3vkSdt/XpufrJgEyl HTTP/1.1" 200 26
186.28.80.194 - - [14/Dec/2022:01:58:34 -0500] "GET /kwssiamovil/sm/acme/a?s=U2FsdGVkX19T3nK23WkLVihn6rUgdyrjblMkOxAwa5ksKXWReByA9RzqiYNk0IESWy+Tk8igDFNYt6+CMm2DhwOqXl2Xgwb5Ka/OEHnavy7Pd5SE0LDUQon1dd144rJcc+huvICeXZtu5kqTcKDSuGaaLeKzKYzEeJ43UA+f4Iqkw+TY+VWg2Lf28yn1bK65OF8nMW2q1QbZKBuHSyLPFTXDkRiTodVAAwD0uGciwT6bkJ4jl6xBcgKkkioYO51K+FbI1pW2PtBJ+y0q7FrDo4pmPrMVKf4VC3id7i2dovXXhvDmS+bf+1YgEKfZBP/+IG3oU2qQddW1y4i6b7l6tqPcXFkbAxKKJsu2PWu0H54S3xhQO/H3YDNk90Z2Ye/2Yq05vsx+Mib74cmTSy3ZxaLhsLEuailUpekViXWsxK/19JdQUOkDvuR/bg8XJZMPFmoJOFEIxEydxgXqWaZDxf7zh5XA19IHAkiw2j3pbQRII+cOUV+PUCYuv0EW6tfxqUk1vOCNoIPBLQAX6omGcuh4N/YqG7UbauJMsxKRZ+xwsG3P4nC20FC9wMmnrM2ebi6FkKsmrtvL6lm65KEq9isY6ycwxnZlTj2ZfSURUEXy65QaC4rJqtZJmOyQQhYLBaCqqwRZ9MKKbQ7k9LOkd3EKIOIZ/3DPP2+nNK1GM+vQVCdPgrKC6WtS+tpipMTCXlIuGDt+vuSMDeJebtxYOjRxu/bSjM2hoaRDMdoRBZmKMpbhFBOampyMc34GnKAYKB5LaXdI45fKwFtfpRCHAoskfqO+Kwt5BMkyNX9QTXW/PURSlHKLpUaf3QXkZVffsUZYIWXVTpojw3TuCBd2rS6lRRa3s5cNTB0aOsCHtGYRzhoRpM0hYKdfHO2kr1V72NJXx62BmxZJWXck3NxOEUd0ephNzsRAH3r+CkN9MHiIGoFjo7kty9tm2cBzZBEGoZidFX1hF/KOb1FxKdPXfxkn+Agrch8Cu2ItpqBC3oio3c4ezK87FpsskyioWvw211XIXO74P+7nsm3u2Wl78guC0sDtHMgn/7lxXhh+DXxuSb3nQxqWRaJY4af/ho0ygMeU7VsrxWDL0xgZ8SrwoEnOPT6lG6GL6icDusjFWSpIfyyHblUV8hebGIu2102usTmxEcBjRvqlo+qfUZkZdGfzr5RZrtBkrk1DdhklB+hX0Nj45kPoJ63/OhpOxtgfBZwbK7Nfk2JKFeK0pv7DrIRhiK0KvPnu6nW2nxVZHGZznT/W6+ZnK2SiZtNUbTFnXmaGGrlVCRpvaX9OYQ+mWnU5/TrpvHALKFTxNQMAHHYI7eIIFnC8Dq0nP3ubtGLLfRFUaUK5rwKKvUKC7ZH6S7DXBGOmsKIRjJEsfuuJ3qu65SXbDdWgx+5XoDrzdknszERK9tA2HYT04kLMM2vGyesLBxRiixh7arh5phSu9p4mZt8Y46cJ6CnGpKR5AaOoJ0Y1YQiV48C6qAC5uYinO7Kia9xYMQDBQRPUVw6nWK32MzUaeBfzACeTtR4VhR5wm38sG3ICJaA0H6OTSyH/L3A5g4/+Y+LP6oyidbfgeQhBL0vzuFekUDhltfzhlNgU/GGZvfguiuU2dcZBmT2FP1MvIJBQeShSSYU4Ym0J+dcMr0lHUAtHLPSLaNSDtrJv&u=U2FsdGVkX1+2B08rjK8mT/ddZFL9I8jyS6JfHLdGYeVfMwCIVZm3hC3c+OPrpdi/&y=U2FsdGVkX187fnoYEdklsqkFuuskTVyntci9Hs4DgA+MGOn3vkSdt/XpufrJgEyl HTTP/1.1" 200 26
186.28.80.194 - - [14/Dec/2022:01:58:34 -0500] "GET /kwssiamovil/sm/acme/a?s=U2FsdGVkX1+m1wRpb1NdnXeCVp6NJ+2EQahYQ+9sLs1ViakH7KEMJ5NKCmqATnMSaFs5wg5CWn5fPNpH5cPCPOLStifI9ft+VSh++m3Vw8xkEXug+GdRBewfX7cT3xMRzjfn6OiaMtQ8jmRgqXQpdAJBnlPdn8/rLZ53PVkDHnM=&u=U2FsdGVkX1+2B08rjK8mT/ddZFL9I8jyS6JfHLdGYeVfMwCIVZm3hC3c+OPrpdi/&y=U2FsdGVkX187fnoYEdklsqkFuuskTVyntci9Hs4DgA+MGOn3vkSdt/XpufrJgEyl HTTP/1.1" 200 26
186.28.80.194 - - [14/Dec/2022:01:58:35 -0500] "GET /kwssiamovil/sm/acme/a?s=U2FsdGVkX19nVKYEQGYjJKpyFxjiLsz8jWPgHl+CQkrDjkuAB/BSngD5mCGW4lEamJ6WpXfN5AoQNL4k7eFqbBX1e3aDNhRIOsdjGrZBhHyzntUzaXJh/njOFtTJMDtNJESARhG8+NbmJm/u7j5w4lFLa5TR8F7ENzVuyG+o/pc=&u=U2FsdGVkX1+2B08rjK8mT/ddZFL9I8jyS6JfHLdGYeVfMwCIVZm3hC3c+OPrpdi/&y=U2FsdGVkX187fnoYEdklsqkFuuskTVyntci9Hs4DgA+MGOn3vkSdt/XpufrJgEyl HTTP/1.1" 200 26
186.28.80.194 - - [14/Dec/2022:01:58:35 -0500] "GET /kwssiamovil/sm/acme/a?s=U2FsdGVkX1+s9jwaDbnrGbMCS2KhfYNVG3XShH2DJCZilhn1V/ivdbwAEi/zybj0RqUux/gRPCbphgK7X065MXDGbDO9D9PttBypOB1k/r/8wk6EfrxX7AzsEbWXFYIso0YRuYDw6gifhIAnaAJL5IR0uhiAcG++4pLxCl8vv1k=&u=U2FsdGVkX1+2B08rjK8mT/ddZFL9I8jyS6JfHLdGYeVfMwCIVZm3hC3c+OPrpdi/&y=U2FsdGVkX187fnoYEdklsqkFuuskTVyntci9Hs4DgA+MGOn3vkSdt/XpufrJgEyl HTTP/1.1" 200 26
186.28.80.194 - - [14/Dec/2022:01:58:35 -0500] "GET /kwssiamovil/sm/acme/a?s=U2FsdGVkX1+3yD76u9qBeNrUk3Gko5ufAjXH7SrVOF4jhA5/9xghvkdaRBNjEEeV9UgcPcAAISr0KnaWSnCX8+gq0jQmgpxZBkDUXnT20LFT9XvPG01RFFi4po6CBiBoe/eLZyEHvNa/U6vYg/MpjhM9tbWYwGI0SUkt7iFv3kMezxPjCJR0On1FWfn4QC9wir+Sv+2k8oBmSpEcxgw5Bw==&u=U2FsdGVkX1+2B08rjK8mT/ddZFL9I8jyS6JfHLdGYeVfMwCIVZm3hC3c+OPrpdi/&y=U2FsdGVkX187fnoYEdklsqkFuuskTVyntci9Hs4DgA+MGOn3vkSdt/XpufrJgEyl HTTP/1.1" 200 26
152.61.128.50 - - [14/Dec/2022:01:59:53 -0500] "GET /arcgis/services/Calidad_del_Agua_WQI/MapServer/WMSServer?request=GetCapabilities&service=WMS HTTP/1.1" 503 1020
152.61.128.50 - - [14/Dec/2022:01:59:54 -0500] "GET /arcgis/services/Calidad_del_Agua_WQI/MapServer/WMSServer?SERVICE=WMS&REQUEST=GetCapabilities HTTP/1.1" 503 1020
152.61.128.50 - - [14/Dec/2022:01:59:54 -0500] "GET /arcgis/services/Calidad_del_Agua_WQI/MapServer/WMSServer?WMTVER=1.0.0&REQUEST=capabilities HTTP/1.1" 503 1020
201.245.192.253 - - [14/Dec/2022:02:00:19 -0500] "POST /kwsrmcab/Wsrmcab  HTTP/1.1" 200 43012
172.22.2.4 - - [14/Dec/2022:02:01:29 -0500] "GET /BLA/boletinlegal/favicon.ico HTTP/1.1" 404 1018
172.22.2.4 - - [14/Dec/2022:02:01:13 -0500] "GET /BLA/boletinlegal/ HTTP/1.1" 200 32715
216.245.221.92 - - [14/Dec/2022:02:02:36 -0500] "HEAD / HTTP/1.1" 200 -
186.28.80.194 - - [14/Dec/2022:02:02:57 -0500] "GET /kwssiamovil/sm/acme/a?s=U2FsdGVkX1/7Q8WL8mQRTdp79j61PyA7UelSeAT2wewTRqfgf3Xf4P8xLKqiNOVDVNe/kQ+s06wzBGEcp0/ZMrhwXwG57yIlKZHtip8S4row5ppvyRA9b1n/1fWv2wcuMLdLZEq3o/u0559DN/AQam5dbGOcnl+VHox3WqU3zA/dpiHk9AbtlRfXTWTcTAH6abD+tx565E3/OUF0I28yCaAhWt8YIotTX+MLKY895ZVo9gRaC4ViJjM+ElwO6EnPdvwFuZ4QcJsLKynPjXDjsQ==&u=U2FsdGVkX1+2B08rjK8mT/ddZFL9I8jyS6JfHLdGYeVfMwCIVZm3hC3c+OPrpdi/&y=U2FsdGVkX187fnoYEdklsqkFuuskTVyntci9Hs4DgA+MGOn3vkSdt/XpufrJgEyl HTTP/1.1" 200 26
