66.249.79.113 - - [15/Dec/2022:04:25:43 -0500] "GET /Publicaciones/2022EE307893.pdf HTTP/1.1" 200 1692459
66.249.79.113 - - [15/Dec/2022:04:25:52 -0500] "GET /Publicaciones/2022EE309769.pdf HTTP/1.1" 200 1096306
172.22.2.4 - - [15/Dec/2022:04:24:24 -0500] "GET /BLA/boletinlegal/ HTTP/1.1" 200 56474
66.249.79.117 - - [15/Dec/2022:04:28:06 -0500] "-" 408 -
216.245.221.92 - - [15/Dec/2022:04:29:37 -0500] "HEAD / HTTP/1.1" 200 -
201.245.192.253 - - [15/Dec/2022:04:30:18 -0500] "POST /kwsrmcab/Wsrmcab  HTTP/1.1" 200 43012
162.55.175.141 - - [15/Dec/2022:04:30:46 -0500] "GET / HTTP/1.1" 200 319
207.46.13.194 - - [15/Dec/2022:04:30:51 -0500] "GET /BLA/resoluciones/AUTOS%202022/4971.pdf HTTP/1.1" 200 443833
201.245.192.253 - - [15/Dec/2022:04:31:02 -0500] "POST /kwsrmcab/Wsrmcab HTTP/1.1" 200 42465
172.22.2.4 - - [15/Dec/2022:04:29:24 -0500] "HEAD /BLA/boletinlegal/ HTTP/1.1" 200 -
201.245.192.253 - - [15/Dec/2022:04:31:05 -0500] "POST /kwsrmcab/Wsrmcab HTTP/1.1" 200 43929
172.22.2.4 - - [15/Dec/2022:04:30:14 -0500] "GET /BLA/boletinlegal/ HTTP/1.1" 200 59404
216.245.221.92 - - [15/Dec/2022:04:34:37 -0500] "HEAD / HTTP/1.1" 200 -
157.55.39.39 - - [15/Dec/2022:04:34:49 -0500] "GET /bla/resoluciones/resoluciones%202012/0904.pdf HTTP/1.1" 304 -
216.244.66.195 - - [15/Dec/2022:04:34:54 -0500] "-" 408 -
201.245.192.253 - - [15/Dec/2022:04:35:17 -0500] "POST /kwsrmcab/Wsrmcab  HTTP/1.1" 200 43012
172.22.2.4 - - [15/Dec/2022:04:35:14 -0500] "HEAD /BLA/boletinlegal/ HTTP/1.1" 200 -
172.22.2.4 - - [15/Dec/2022:04:36:04 -0500] "GET /BLA/boletinlegal/ HTTP/1.1" 200 57192
216.245.221.92 - - [15/Dec/2022:04:39:37 -0500] "HEAD / HTTP/1.1" 200 -
201.245.192.253 - - [15/Dec/2022:04:40:16 -0500] "POST /kwsrmcab/Wsrmcab  HTTP/1.1" 200 43012
201.245.192.253 - - [15/Dec/2022:04:41:01 -0500] "POST /kwsrmcab/Wsrmcab HTTP/1.1" 200 42465
201.245.192.253 - - [15/Dec/2022:04:41:04 -0500] "POST /kwsrmcab/Wsrmcab HTTP/1.1" 200 43929
66.249.79.111 - - [15/Dec/2022:04:42:03 -0500] "-" 408 -
172.22.2.4 - - [15/Dec/2022:04:41:04 -0500] "HEAD /BLA/boletinlegal/ HTTP/1.1" 200 -
172.22.2.4 - - [15/Dec/2022:04:41:54 -0500] "GET /BLA/boletinlegal/ HTTP/1.1" 200 54816
216.245.221.92 - - [15/Dec/2022:04:44:37 -0500] "HEAD / HTTP/1.1" 200 -
66.249.79.119 - - [15/Dec/2022:04:44:51 -0500] "-" 408 -
201.245.192.253 - - [15/Dec/2022:04:45:15 -0500] "POST /kwsrmcab/Wsrmcab  HTTP/1.1" 200 43012
18.116.231.86 - - [15/Dec/2022:04:47:04 -0500] "GET /autoliquidacion/index.php?dir=Solicitudes+relacionadas+con+calidad+del+aire+auditiva+y+visual/Registro+de+Elementos+de+publicidad+Exterior+Visual/ HTTP/1.1" 200 4315
18.116.231.86 - - [15/Dec/2022:04:47:05 -0500] "GET /autoliquidacion/dlf/styles.css HTTP/1.1" 200 3045
18.116.231.86 - - [15/Dec/2022:04:47:05 -0500] "GET /autoliquidacion/dlf/dirup.png HTTP/1.1" 200 644
18.116.231.86 - - [15/Dec/2022:04:47:05 -0500] "GET /autoliquidacion/dlf/pdf.gif HTTP/1.1" 200 272
18.116.231.86 - - [15/Dec/2022:04:47:05 -0500] "GET /autoliquidacion/dlf/html.gif HTTP/1.1" 200 632
18.116.231.86 - - [15/Dec/2022:04:47:05 -0500] "GET /autoliquidacion/dlf/xls.gif HTTP/1.1" 200 636
18.116.231.86 - - [15/Dec/2022:04:47:05 -0500] "GET /autoliquidacion/dlf/bg.gif HTTP/1.1" 200 54
34.86.177.154 - - [15/Dec/2022:04:47:09 -0500] "GET /autoliquidacion/index.php?dir=Solicitudes+relacionadas+con+calidad+del+aire+auditiva+y+visual/Registro+de+Elementos+de+publicidad+Exterior+Visual/ HTTP/1.1" 200 4315
34.86.177.154 - - [15/Dec/2022:04:47:10 -0500] "HEAD /autoliquidacion/index.php?dir=Solicitudes+relacionadas+con+calidad+del+aire+auditiva+y+visual/Registro+de+Elementos+de+publicidad+Exterior+Visual/ HTTP/1.1" 200 -
67.50.19.6 - - [15/Dec/2022:04:47:13 -0500] "GET /autoliquidacion/index.php?dir=Solicitudes+relacionadas+con+calidad+del+aire+auditiva+y+visual/Registro+de+Elementos+de+publicidad+Exterior+Visual/ HTTP/1.1" 200 4315
67.50.19.6 - - [15/Dec/2022:04:47:14 -0500] "GET /autoliquidacion/dlf/styles.css HTTP/1.1" 200 3045
67.50.19.6 - - [15/Dec/2022:04:47:14 -0500] "GET /autoliquidacion/dlf/dirup.png HTTP/1.1" 200 644
67.50.19.6 - - [15/Dec/2022:04:47:14 -0500] "GET /autoliquidacion/dlf/pdf.gif HTTP/1.1" 200 272
67.50.19.6 - - [15/Dec/2022:04:47:14 -0500] "GET /autoliquidacion/dlf/xls.gif HTTP/1.1" 200 636
67.50.19.6 - - [15/Dec/2022:04:47:14 -0500] "GET /autoliquidacion/dlf/bg.gif HTTP/1.1" 200 54
67.50.19.6 - - [15/Dec/2022:04:47:14 -0500] "GET /autoliquidacion/dlf/html.gif HTTP/1.1" 200 632
185.202.168.143 - - [15/Dec/2022:04:47:19 -0500] "GET /autoliquidacion/index.php?dir=Solicitudes+relacionadas+con+calidad+del+aire+auditiva+y+visual/Registro+de+Elementos+de+publicidad+Exterior+Visual/ HTTP/1.1" 200 4315
185.202.168.143 - - [15/Dec/2022:04:47:19 -0500] "GET /autoliquidacion/dlf/styles.css HTTP/1.1" 200 3045
185.202.168.143 - - [15/Dec/2022:04:47:19 -0500] "GET /autoliquidacion/dlf/dirup.png HTTP/1.1" 200 644
185.202.168.143 - - [15/Dec/2022:04:47:19 -0500] "GET /autoliquidacion/dlf/pdf.gif HTTP/1.1" 200 272
185.202.168.143 - - [15/Dec/2022:04:47:19 -0500] "GET /autoliquidacion/dlf/html.gif HTTP/1.1" 200 632
185.202.168.143 - - [15/Dec/2022:04:47:19 -0500] "GET /autoliquidacion/dlf/xls.gif HTTP/1.1" 200 636
185.202.168.143 - - [15/Dec/2022:04:47:19 -0500] "GET /autoliquidacion/dlf/bg.gif HTTP/1.1" 200 54
172.22.2.4 - - [15/Dec/2022:04:46:54 -0500] "HEAD /BLA/boletinlegal/ HTTP/1.1" 200 -
172.22.2.4 - - [15/Dec/2022:04:47:44 -0500] "GET /BLA/boletinlegal/ HTTP/1.1" 200 57824
216.245.221.92 - - [15/Dec/2022:04:49:37 -0500] "HEAD / HTTP/1.1" 200 -
201.245.192.253 - - [15/Dec/2022:04:50:15 -0500] "POST /kwsrmcab/Wsrmcab  HTTP/1.1" 200 43012
172.22.2.4 - - [15/Dec/2022:04:50:36 -0500] "GET /BLA/boletinlegal/jurisprudencia/analisis/CUADRO%20ANALISIS%20SENTENCIA%20T-411%20DE%201992.doc HTTP/1.1" 200 41984
15.235.118.56 - - [15/Dec/2022:04:51:39 -0500] "GET /.env HTTP/1.1" 404 1018
15.235.118.56 - - [15/Dec/2022:04:51:40 -0500] "GET /.env HTTP/1.1" 404 1018
157.55.39.152 - - [15/Dec/2022:04:53:54 -0500] "GET /BLA/boletinlegal/Circulares/2018/CIRCULAR%20COJUNTA%20042%20DE%202018.pdf HTTP/1.1" 200 515008
66.249.79.111 - - [15/Dec/2022:04:54:15 -0500] "-" 408 -
172.22.2.4 - - [15/Dec/2022:04:52:44 -0500] "HEAD /BLA/boletinlegal/ HTTP/1.1" 200 -
216.245.221.92 - - [15/Dec/2022:04:54:37 -0500] "HEAD / HTTP/1.1" 200 -
172.22.2.4 - - [15/Dec/2022:04:53:34 -0500] "GET /BLA/boletinlegal/ HTTP/1.1" 200 54452
201.245.192.253 - - [15/Dec/2022:04:55:13 -0500] "POST /kwsrmcab/Wsrmcab  HTTP/1.1" 200 43012
160.36.56.8 - - [15/Dec/2022:04:58:53 -0500] "GET /BLA/boletinlegal/js/jquery.scrollShow.js HTTP/1.1" 200 4586
160.36.56.8 - - [15/Dec/2022:04:58:53 -0500] "GET /galeria/galeria/jquery.fancybox.js?v=2.1.5 HTTP/1.1" 200 48706
191.156.56.9 - - [15/Dec/2022:04:59:06 -0500] "GET /appsia/controlador HTTP/1.1" 200 4799
191.156.56.9 - - [15/Dec/2022:04:59:07 -0500] "GET /appsia/css/estilos.css HTTP/1.1" 200 4804
191.156.51.128 - - [15/Dec/2022:04:59:07 -0500] "GET /appsia/scripts/validarIngreso.js HTTP/1.1" 200 851
191.156.51.128 - - [15/Dec/2022:04:59:07 -0500] "GET /appsia/images/logo_bogota_p.png HTTP/1.1" 200 14951
191.156.56.9 - - [15/Dec/2022:04:59:07 -0500] "GET /appsia/images/cabezoteHojaVida.png HTTP/1.1" 200 32493
191.156.62.110 - - [15/Dec/2022:04:59:07 -0500] "GET /favicon.ico HTTP/1.1" 200 7782
50.31.21.7 - - [15/Dec/2022:04:59:33 -0500] "GET / HTTP/1.0" 200 319
216.245.221.92 - - [15/Dec/2022:04:59:37 -0500] "HEAD / HTTP/1.1" 200 -
191.156.56.44 - - [15/Dec/2022:04:59:56 -0500] "POST /appsia/controlador HTTP/1.1" 200 3598
191.156.56.44 - - [15/Dec/2022:04:59:56 -0500] "GET /appsia/jscripts/validarSolicitud.js HTTP/1.1" 404 68
191.156.51.128 - - [15/Dec/2022:04:59:59 -0500] "POST /appsia/controlador HTTP/1.1" 200 4799
172.22.2.4 - - [15/Dec/2022:04:58:34 -0500] "HEAD /BLA/boletinlegal/ HTTP/1.1" 200 -
201.245.192.253 - - [15/Dec/2022:05:00:12 -0500] "POST /kwsrmcab/Wsrmcab  HTTP/1.1" 200 43012
50.31.21.7 - - [15/Dec/2022:05:00:23 -0500] "POST /sdk HTTP/1.1" 404 1018
50.31.21.7 - - [15/Dec/2022:05:00:23 -0500] "GET /nmaplowercheck1671098278 HTTP/1.1" 404 1018
50.31.21.7 - - [15/Dec/2022:05:00:23 -0500] "GET / HTTP/1.0" 200 319
50.31.21.7 - - [15/Dec/2022:05:00:24 -0500] "HEAD / HTTP/1.1" 200 -
50.31.21.7 - - [15/Dec/2022:05:00:24 -0500] "GET /evox/about HTTP/1.1" 404 1018
50.31.21.7 - - [15/Dec/2022:05:00:24 -0500] "GET / HTTP/1.1" 200 319
50.31.21.7 - - [15/Dec/2022:05:00:24 -0500] "GET /HNAP1 HTTP/1.1" 404 1018
191.156.57.34 - - [15/Dec/2022:05:01:03 -0500] "POST /appsia/controlador HTTP/1.1" 200 5437
172.22.2.4 - - [15/Dec/2022:04:59:24 -0500] "GET /BLA/boletinlegal/ HTTP/1.1" 200 57824
191.156.58.180 - - [15/Dec/2022:05:01:09 -0500] "POST /appsia/controlador HTTP/1.1" 200 7775
66.249.79.111 - - [15/Dec/2022:05:01:11 -0500] "-" 408 -
191.156.61.196 - - [15/Dec/2022:05:01:20 -0500] "POST /appsia/controlador HTTP/1.1" 200 6640
191.156.55.197 - - [15/Dec/2022:05:01:24 -0500] "POST /appsia/controlador HTTP/1.1" 200 11667
66.249.79.115 - - [15/Dec/2022:05:02:11 -0500] "GET /Publicaciones/2022EE308734.pdf HTTP/1.1" 200 231829
66.249.79.113 - - [15/Dec/2022:05:02:43 -0500] "GET /Publicaciones/2022EE307548.pdf HTTP/1.1" 200 231816
66.249.79.113 - - [15/Dec/2022:05:03:34 -0500] "GET /Publicaciones/2022EE306928.pdf HTTP/1.1" 200 231981
191.156.57.237 - - [15/Dec/2022:05:04:35 -0500] "GET /appsia/controlador HTTP/1.1" 200 5437
191.156.61.202 - - [15/Dec/2022:05:04:35 -0500] "GET /appsia/scripts/validarIngreso.js HTTP/1.1" 200 851
216.245.221.92 - - [15/Dec/2022:05:04:37 -0500] "HEAD / HTTP/1.1" 200 -
191.156.56.10 - - [15/Dec/2022:05:04:41 -0500] "POST /appsia/controlador HTTP/1.1" 200 7775
191.156.57.158 - - [15/Dec/2022:05:04:57 -0500] "POST /appsia/controlador HTTP/1.1" 200 6640
191.156.57.237 - - [15/Dec/2022:05:05:01 -0500] "POST /appsia/controlador HTTP/1.1" 200 12398
201.245.192.253 - - [15/Dec/2022:05:05:11 -0500] "POST /kwsrmcab/Wsrmcab  HTTP/1.1" 200 43012
191.156.51.38 - - [15/Dec/2022:05:05:31 -0500] "POST /appsia/controlador HTTP/1.1" 200 7775
191.156.57.158 - - [15/Dec/2022:05:05:38 -0500] "POST /appsia/controlador HTTP/1.1" 200 6640
191.156.48.75 - - [15/Dec/2022:05:05:42 -0500] "POST /appsia/controlador HTTP/1.1" 200 11667
172.22.2.4 - - [15/Dec/2022:05:04:24 -0500] "HEAD /BLA/boletinlegal/ HTTP/1.1" 200 -
66.249.79.111 - - [15/Dec/2022:05:06:11 -0500] "GET /Publicaciones/2022EE308380.pdf HTTP/1.1" 200 350694
66.249.79.113 - - [15/Dec/2022:05:06:36 -0500] "GET /Publicaciones/2022EE310464.pdf HTTP/1.1" 200 663580
191.156.57.237 - - [15/Dec/2022:05:06:48 -0500] "POST /appsia/controlador HTTP/1.1" 200 7775
172.22.2.4 - - [15/Dec/2022:05:05:14 -0500] "GET /BLA/boletinlegal/ HTTP/1.1" 200 56825
191.156.48.75 - - [15/Dec/2022:05:06:55 -0500] "POST /appsia/controlador HTTP/1.1" 200 6640
191.156.56.10 - - [15/Dec/2022:05:07:02 -0500] "GET /appsia/controlador?comando=regresar&id=41790473&funcionario=SARA+STELLA+MOYANO+MELO&desde=41790473&hasta=41790473&version=41790473 HTTP/1.1" 200 7775
191.156.61.202 - - [15/Dec/2022:05:07:10 -0500] "POST /appsia/controlador HTTP/1.1" 200 6640
191.156.62.225 - - [15/Dec/2022:05:07:15 -0500] "POST /appsia/controlador HTTP/1.1" 200 11677
66.249.79.111 - - [15/Dec/2022:05:08:08 -0500] "-" 408 -
216.245.221.92 - - [15/Dec/2022:05:09:37 -0500] "HEAD / HTTP/1.1" 200 -
201.245.192.253 - - [15/Dec/2022:05:10:10 -0500] "POST /kwsrmcab/Wsrmcab  HTTP/1.1" 200 43012
172.22.2.4 - - [15/Dec/2022:05:10:14 -0500] "HEAD /BLA/boletinlegal/ HTTP/1.1" 200 -
157.55.39.152 - - [15/Dec/2022:05:12:07 -0500] "GET /bla/resoluciones/resoluciones%202021/0877.pdf HTTP/1.1" 200 3612124
40.77.167.45 - - [15/Dec/2022:05:12:25 -0500] "GET /bla/resoluciones/resoluciones%202020/2398.pdf HTTP/1.1" 200 326752
172.22.2.4 - - [15/Dec/2022:05:11:04 -0500] "GET /BLA/boletinlegal/ HTTP/1.1" 200 59404
173.252.107.17 - - [15/Dec/2022:05:13:49 -0500] "GET /images/cr\xc3\xb3nica-29-nov-1_optimized.jpeg HTTP/1.1" 404 1034
216.245.221.92 - - [15/Dec/2022:05:14:37 -0500] "HEAD / HTTP/1.1" 200 -
201.245.192.253 - - [15/Dec/2022:05:15:09 -0500] "POST /kwsrmcab/Wsrmcab  HTTP/1.1" 200 43012
34.78.6.216 - - [15/Dec/2022:05:17:30 -0500] "GET / HTTP/1.1" 200 319
172.22.2.4 - - [15/Dec/2022:05:16:04 -0500] "HEAD /BLA/boletinlegal/ HTTP/1.1" 200 -
172.22.2.4 - - [15/Dec/2022:05:16:54 -0500] "GET /BLA/boletinlegal/ HTTP/1.1" 200 59404
216.245.221.92 - - [15/Dec/2022:05:19:37 -0500] "HEAD / HTTP/1.1" 200 -
201.245.192.253 - - [15/Dec/2022:05:20:08 -0500] "POST /kwsrmcab/Wsrmcab  HTTP/1.1" 200 43012
66.249.79.111 - - [15/Dec/2022:05:20:45 -0500] "-" 408 -
201.245.192.253 - - [15/Dec/2022:05:21:02 -0500] "POST /kwsrmcab/Wsrmcab HTTP/1.1" 200 43915
201.245.192.253 - - [15/Dec/2022:05:21:04 -0500] "POST /kwsrmcab/Wsrmcab HTTP/1.1" 200 44111
172.22.2.4 - - [15/Dec/2022:05:21:50 -0500] "GET /BLA/boletinlegal/favicon.ico HTTP/1.1" 404 1038
160.36.56.12 - - [15/Dec/2022:05:22:03 -0500] "GET /galeria/galeria/jquery.fancybox.js?v=2.1.5 HTTP/1.1" 200 48706
160.36.56.12 - - [15/Dec/2022:05:22:03 -0500] "GET /BLA/boletinlegal/js/jquery.scrollShow.js HTTP/1.1" 200 4586
198.74.59.35 - - [15/Dec/2022:05:23:05 -0500] "GET /galeria/galeria/jquery.fancybox.css?v=2.1.5 HTTP/1.1" 200 4895
198.74.59.35 - - [15/Dec/2022:05:23:05 -0500] "GET /BLA/boletinlegal/js/jquery.scrollShow.js HTTP/1.1" 200 4586
198.74.59.35 - - [15/Dec/2022:05:23:05 -0500] "GET /galeria/galeria/jquery.fancybox.js?v=2.1.5 HTTP/1.1" 200 48706
172.22.2.4 - - [15/Dec/2022:05:21:54 -0500] "HEAD /BLA/boletinlegal/ HTTP/1.1" 200 -
172.22.2.4 - - [15/Dec/2022:05:22:44 -0500] "GET /BLA/boletinlegal/ HTTP/1.1" 200 57824
216.245.221.92 - - [15/Dec/2022:05:24:37 -0500] "HEAD / HTTP/1.1" 200 -
201.245.192.253 - - [15/Dec/2022:05:25:06 -0500] "POST /kwsrmcab/Wsrmcab  HTTP/1.1" 200 43012
66.249.79.111 - - [15/Dec/2022:05:28:44 -0500] "-" 408 -
172.22.2.4 - - [15/Dec/2022:05:27:44 -0500] "HEAD /BLA/boletinlegal/ HTTP/1.1" 200 -
216.245.221.92 - - [15/Dec/2022:05:29:37 -0500] "HEAD / HTTP/1.1" 200 -
201.245.192.253 - - [15/Dec/2022:05:30:06 -0500] "POST /kwsrmcab/Wsrmcab  HTTP/1.1" 200 43012
172.22.2.4 - - [15/Dec/2022:05:28:34 -0500] "GET /BLA/boletinlegal/ HTTP/1.1" 200 53337
201.245.192.253 - - [15/Dec/2022:05:31:01 -0500] "POST /kwsrmcab/Wsrmcab HTTP/1.1" 200 43915
201.245.192.253 - - [15/Dec/2022:05:31:04 -0500] "POST /kwsrmcab/Wsrmcab HTTP/1.1" 200 44111
216.245.221.92 - - [15/Dec/2022:05:34:37 -0500] "HEAD / HTTP/1.1" 200 -
201.245.192.253 - - [15/Dec/2022:05:35:05 -0500] "POST /kwsrmcab/Wsrmcab  HTTP/1.1" 200 43012
66.249.79.111 - - [15/Dec/2022:05:35:08 -0500] "-" 408 -
172.22.2.4 - - [15/Dec/2022:05:33:34 -0500] "HEAD /BLA/boletinlegal/ HTTP/1.1" 200 -
173.252.127.9 - - [15/Dec/2022:05:35:30 -0500] "GET /images/Entrenubes%201%20(1)%20(1).jpeg HTTP/1.1" 200 70096
173.252.127.17 - - [15/Dec/2022:05:35:39 -0500] "GET /images/Acuerdos%2001%20(1)%20(1).jpeg HTTP/1.1" 200 32884
172.22.2.4 - - [15/Dec/2022:05:34:24 -0500] "GET /BLA/boletinlegal/ HTTP/1.1" 200 57824
207.46.13.174 - - [15/Dec/2022:05:37:04 -0500] "GET /BLA/boletinlegal/norma_menu.php HTTP/1.1" 200 6318
207.46.13.174 - - [15/Dec/2022:05:37:23 -0500] "GET /BLA/boletinlegal/js/ajax.js HTTP/1.1" 200 772
40.77.167.45 - - [15/Dec/2022:05:37:28 -0500] "GET /BLA/boletinlegal/js/jquery1.js HTTP/1.1" 200 29846
40.77.167.45 - - [15/Dec/2022:05:37:28 -0500] "GET /BLA/boletinlegal/js/popup.js HTTP/1.1" 200 1270
40.77.167.45 - - [15/Dec/2022:05:37:28 -0500] "GET /BLA/boletinlegal/style.css HTTP/1.1" 200 9406
207.46.13.198 - - [15/Dec/2022:05:37:32 -0500] "GET /BLA/boletinlegal/js/lib.js HTTP/1.1" 200 6474
207.46.13.194 - - [15/Dec/2022:05:37:57 -0500] "GET /BLA/boletinlegal/styles2.css HTTP/1.1" 200 1838
207.46.13.194 - - [15/Dec/2022:05:37:57 -0500] "GET /BLA/boletinlegal/swfobject.js HTTP/1.1" 200 9763
190.144.122.18 - - [15/Dec/2022:05:39:20 -0500] "GET /secretaria-de-ambiente-impone-medida-preventiva-a-obra-en-fontibon.html HTTP/1.1" 206 902
216.245.221.92 - - [15/Dec/2022:05:39:37 -0500] "HEAD / HTTP/1.1" 200 -
201.245.192.253 - - [15/Dec/2022:05:40:04 -0500] "POST /kwsrmcab/Wsrmcab  HTTP/1.1" 200 43012
201.245.192.253 - - [15/Dec/2022:05:41:02 -0500] "POST /kwsrmcab/Wsrmcab HTTP/1.1" 200 43915
172.22.2.4 - - [15/Dec/2022:05:39:24 -0500] "HEAD /BLA/boletinlegal/ HTTP/1.1" 200 -
201.245.192.253 - - [15/Dec/2022:05:41:04 -0500] "POST /kwsrmcab/Wsrmcab HTTP/1.1" 200 44111
66.249.79.111 - - [15/Dec/2022:05:41:07 -0500] "-" 408 -
172.22.2.4 - - [15/Dec/2022:05:40:15 -0500] "GET /BLA/boletinlegal/ HTTP/1.1" 200 59779
186.102.66.249 - - [15/Dec/2022:05:42:07 -0500] "GET /appsia/controlador HTTP/1.1" 200 4799
186.102.66.249 - - [15/Dec/2022:05:42:11 -0500] "POST /appsia/controlador HTTP/1.1" 200 5437
186.102.66.249 - - [15/Dec/2022:05:42:13 -0500] "POST /appsia/controlador HTTP/1.1" 200 7773
186.102.66.249 - - [15/Dec/2022:05:42:16 -0500] "POST /appsia/controlador HTTP/1.1" 200 6638
186.102.66.249 - - [15/Dec/2022:05:42:21 -0500] "POST /appsia/controlador HTTP/1.1" 200 11792
186.102.66.249 - - [15/Dec/2022:05:43:33 -0500] "POST /appsia/controlador HTTP/1.1" 200 7773
69.171.251.16 - - [15/Dec/2022:05:43:45 -0500] "GET /images/Entrenubes%201%20(1)%20(1).jpeg HTTP/1.1" 200 70096
186.102.66.249 - - [15/Dec/2022:05:43:46 -0500] "POST /appsia/controlador HTTP/1.1" 200 6638
186.102.66.249 - - [15/Dec/2022:05:43:47 -0500] "POST /appsia/controlador HTTP/1.1" 200 12516
40.77.167.45 - - [15/Dec/2022:05:43:47 -0500] "GET /BLA/resoluciones/AUTOS%202021/5326.pdf HTTP/1.1" 304 -
186.102.66.249 - - [15/Dec/2022:05:44:18 -0500] "POST /appsia/controlador HTTP/1.1" 200 12516
216.245.221.92 - - [15/Dec/2022:05:44:37 -0500] "HEAD / HTTP/1.1" 200 -
186.102.66.249 - - [15/Dec/2022:05:44:47 -0500] "GET /appsia/controlador?comando=ingresarMenuPrincipal&id=79470656&funcionario=OSWALDO+MARTIN+MORALES&desde=79470656&hasta=79470656&version=79470656&accion=Regresar HTTP/1.1" 200 5437
186.102.66.249 - - [15/Dec/2022:05:44:49 -0500] "POST /appsia/controlador HTTP/1.1" 200 7773
186.102.66.249 - - [15/Dec/2022:05:44:52 -0500] "POST /appsia/controlador HTTP/1.1" 200 6638
186.102.66.249 - - [15/Dec/2022:05:44:55 -0500] "POST /appsia/controlador HTTP/1.1" 200 11792
201.245.192.253 - - [15/Dec/2022:05:45:02 -0500] "POST /kwsrmcab/Wsrmcab  HTTP/1.1" 200 43012
157.55.39.152 - - [15/Dec/2022:05:45:09 -0500] "GET /BLA/resoluciones/RESOLUCIONES%202000/2000%201650-1699.tif HTTP/1.1" 200 5529401
186.102.66.249 - - [15/Dec/2022:05:46:31 -0500] "POST /appsia/controlador HTTP/1.1" 200 7773
172.22.2.4 - - [15/Dec/2022:05:45:14 -0500] "HEAD /BLA/boletinlegal/ HTTP/1.1" 200 -
66.249.79.115 - - [15/Dec/2022:05:47:18 -0500] "-" 408 -
172.22.2.4 - - [15/Dec/2022:05:46:04 -0500] "GET /BLA/boletinlegal/ HTTP/1.1" 200 55680
216.245.221.92 - - [15/Dec/2022:05:49:37 -0500] "HEAD / HTTP/1.1" 200 -
124.223.196.102 - - [15/Dec/2022:05:50:03 -0500] "GET /BLA/boletinlegal/js/jquery.scrollTo-min.js HTTP/1.1" 200 1150
201.245.192.253 - - [15/Dec/2022:05:50:01 -0500] "POST /kwsrmcab/Wsrmcab  HTTP/1.1" 200 43012
172.22.2.4 - - [15/Dec/2022:05:51:04 -0500] "HEAD /BLA/boletinlegal/ HTTP/1.1" 200 -
216.244.66.195 - - [15/Dec/2022:05:52:55 -0500] "-" 408 -
172.22.2.4 - - [15/Dec/2022:05:51:54 -0500] "GET /BLA/boletinlegal/ HTTP/1.1" 200 59404
216.245.221.92 - - [15/Dec/2022:05:54:37 -0500] "HEAD / HTTP/1.1" 200 -
201.245.192.253 - - [15/Dec/2022:05:55:00 -0500] "POST /kwsrmcab/Wsrmcab  HTTP/1.1" 200 43012
66.249.79.111 - - [15/Dec/2022:05:57:47 -0500] "-" 408 -
172.22.2.4 - - [15/Dec/2022:05:56:54 -0500] "HEAD /BLA/boletinlegal/ HTTP/1.1" 200 -
66.249.79.117 - - [15/Dec/2022:05:59:11 -0500] "GET /portaldeninos/ HTTP/1.1" 200 110197
172.22.2.4 - - [15/Dec/2022:05:57:44 -0500] "GET /BLA/boletinlegal/ HTTP/1.1" 200 58185
216.245.221.92 - - [15/Dec/2022:05:59:37 -0500] "HEAD / HTTP/1.1" 200 -
201.245.192.253 - - [15/Dec/2022:05:59:59 -0500] "POST /kwsrmcab/Wsrmcab  HTTP/1.1" 200 43012
190.24.180.109 - - [15/Dec/2022:06:04:16 -0500] "GET /BLA/resoluciones/ HTTP/1.1" 200 13093
190.24.180.109 - - [15/Dec/2022:06:04:16 -0500] "GET /BLA/resoluciones/dlf/folder.png HTTP/1.1" 200 410
190.24.180.109 - - [15/Dec/2022:06:04:16 -0500] "GET /BLA/resoluciones/dlf/styles.css HTTP/1.1" 200 3049
190.24.180.109 - - [15/Dec/2022:06:04:16 -0500] "GET /BLA/resoluciones/dlf/bg.gif HTTP/1.1" 200 54
172.22.2.4 - - [15/Dec/2022:06:02:44 -0500] "HEAD /BLA/boletinlegal/ HTTP/1.1" 200 -
190.24.180.109 - - [15/Dec/2022:06:04:25 -0500] "GET /BLA/resoluciones/dlf/dirup.png HTTP/1.1" 200 644
190.24.180.109 - - [15/Dec/2022:06:04:25 -0500] "GET /BLA/resoluciones/dlf/pdf.gif HTTP/1.1" 200 272
190.24.180.109 - - [15/Dec/2022:06:04:25 -0500] "GET /BLA/resoluciones/index.php?dir=RESOLUCIONES+2012%2F HTTP/1.1" 200 140066
216.245.221.92 - - [15/Dec/2022:06:04:36 -0500] "HEAD / HTTP/1.1" 200 -
66.249.79.115 - - [15/Dec/2022:06:04:48 -0500] "-" 408 -
201.245.192.253 - - [15/Dec/2022:06:04:58 -0500] "POST /kwsrmcab/Wsrmcab  HTTP/1.1" 200 43012
172.22.2.4 - - [15/Dec/2022:06:03:34 -0500] "GET /BLA/boletinlegal/ HTTP/1.1" 200 54452
95.217.144.250 - - [15/Dec/2022:06:05:37 -0500] "-" 408 -
95.217.144.245 - - [15/Dec/2022:06:05:46 -0500] "-" 408 -
95.217.144.245 - - [15/Dec/2022:06:05:52 -0500] "-" 408 -
95.217.144.245 - - [15/Dec/2022:06:05:52 -0500] "-" 408 -
95.217.144.245 - - [15/Dec/2022:06:05:52 -0500] "-" 408 -
95.217.144.250 - - [15/Dec/2022:06:05:53 -0500] "-" 408 -
95.217.144.250 - - [15/Dec/2022:06:05:53 -0500] "-" 408 -
216.245.221.92 - - [15/Dec/2022:06:09:37 -0500] "HEAD / HTTP/1.1" 200 -
201.245.192.253 - - [15/Dec/2022:06:09:57 -0500] "POST /kwsrmcab/Wsrmcab  HTTP/1.1" 200 43012
34.90.35.125 - - [15/Dec/2022:06:10:00 -0500] "GET /portaldeninos/wp-json/oembed/1.0/embed?url=http%3A%2F%2Fambientic.ambientebogota.gov.co%2Fportaldeninos%2Fbiodiversidad%2F HTTP/1.1" 200 2373
172.22.2.4 - - [15/Dec/2022:06:08:34 -0500] "HEAD /BLA/boletinlegal/ HTTP/1.1" 200 -
172.22.2.4 - - [15/Dec/2022:06:09:24 -0500] "GET /BLA/boletinlegal/ HTTP/1.1" 200 57192
66.249.79.111 - - [15/Dec/2022:06:12:08 -0500] "-" 408 -
186.102.8.62 - - [15/Dec/2022:06:12:13 -0500] "GET /appsia/controlador HTTP/1.1" 200 4799
186.102.8.62 - - [15/Dec/2022:06:12:18 -0500] "POST /appsia/controlador HTTP/1.1" 200 3599
186.102.8.62 - - [15/Dec/2022:06:12:18 -0500] "GET /appsia/jscripts/validarSolicitud.js HTTP/1.1" 404 68
186.102.8.62 - - [15/Dec/2022:06:12:24 -0500] "POST /appsia/controlador HTTP/1.1" 200 4799
186.102.8.62 - - [15/Dec/2022:06:13:18 -0500] "POST /appsia/controlador HTTP/1.1" 200 5437
186.102.8.62 - - [15/Dec/2022:06:13:43 -0500] "GET /appsia/controlador HTTP/1.1" 200 5437
186.102.8.62 - - [15/Dec/2022:06:13:48 -0500] "POST /appsia/controlador HTTP/1.1" 200 7791
186.102.8.62 - - [15/Dec/2022:06:13:57 -0500] "POST /appsia/controlador HTTP/1.1" 200 6660
186.102.8.62 - - [15/Dec/2022:06:14:00 -0500] "POST /appsia/controlador HTTP/1.1" 200 12494
186.80.52.223 - - [15/Dec/2022:06:14:09 -0500] "GET /sipse/faces/index.xhtml HTTP/1.1" 200 677
186.80.52.223 - - [15/Dec/2022:06:14:09 -0500] "GET /sipse/faces/javax.faces.resource/theme.css?ln=primefaces-sipse HTTP/1.1" 304 -
186.80.52.223 - - [15/Dec/2022:06:14:09 -0500] "GET /sipse/faces/faces/autenticacion.xhtml HTTP/1.1" 200 12182
186.80.52.223 - - [15/Dec/2022:06:14:10 -0500] "GET /sipse/faces/javax.faces.resource/theme.css?ln=primefaces-sipse HTTP/1.1" 304 -
186.80.52.223 - - [15/Dec/2022:06:14:10 -0500] "GET /sipse/faces/javax.faces.resource/jquery/jquery.js?ln=primefaces&v=4.0 HTTP/1.1" 304 -
186.80.52.223 - - [15/Dec/2022:06:14:10 -0500] "GET /sipse/css/custom_css_sg_prime_login.css HTTP/1.1" 200 443
186.80.52.223 - - [15/Dec/2022:06:14:10 -0500] "GET /sipse/css/custom_css_sg.css HTTP/1.1" 200 9694
186.80.52.223 - - [15/Dec/2022:06:14:10 -0500] "GET /sipse/faces/javax.faces.resource/layout/layout.js?ln=primefaces&v=4.0 HTTP/1.1" 304 -
186.80.52.223 - - [15/Dec/2022:06:14:10 -0500] "GET /sipse/faces/javax.faces.resource/primefaces.css?ln=primefaces&v=4.0 HTTP/1.1" 304 -
186.80.52.223 - - [15/Dec/2022:06:14:10 -0500] "GET /sipse/faces/javax.faces.resource/layout/layout.css?ln=primefaces&v=4.0 HTTP/1.1" 304 -
186.80.52.223 - - [15/Dec/2022:06:14:10 -0500] "GET /sipse/faces/javax.faces.resource/jquery/jquery-plugins.js?ln=primefaces&v=4.0 HTTP/1.1" 304 -
186.80.52.223 - - [15/Dec/2022:06:14:10 -0500] "GET /sipse/js/disable_browser_buttons.js HTTP/1.1" 200 3230
186.80.52.223 - - [15/Dec/2022:06:14:10 -0500] "GET /sipse/js/funciones.js HTTP/1.1" 200 12592
186.80.52.223 - - [15/Dec/2022:06:14:10 -0500] "GET /sipse/faces/javax.faces.resource/primefaces.js?ln=primefaces&v=4.0 HTTP/1.1" 304 -
186.80.52.223 - - [15/Dec/2022:06:14:10 -0500] "GET /sipse/faces/javax.faces.resource/images/ui-icons_898989_256x240.png?ln=primefaces-aristo HTTP/1.1" 304 -
186.80.52.223 - - [15/Dec/2022:06:14:10 -0500] "GET /sipse/css/imagen/logoSDG.png HTTP/1.1" 200 53064
186.80.52.223 - - [15/Dec/2022:06:14:10 -0500] "GET /sipse/css/imagen/loginimg.png HTTP/1.1" 200 71635
186.80.52.223 - - [15/Dec/2022:06:14:22 -0500] "POST /sipse/faces/autenticacion.xhtml HTTP/1.1" 200 2228
186.80.52.223 - - [15/Dec/2022:06:14:23 -0500] "GET /sipse/faces/javax.faces.resource/messages/messages.png?ln=primefaces&v=4.0 HTTP/1.1" 304 -
186.80.52.223 - - [15/Dec/2022:06:14:25 -0500] "POST /sipse/faces/autenticacion.xhtml HTTP/1.1" 200 16285
186.80.52.223 - - [15/Dec/2022:06:14:25 -0500] "GET /sipse/faces/javax.faces.resource/theme.css?ln=primefaces-sipse HTTP/1.1" 304 -
186.80.52.223 - - [15/Dec/2022:06:14:25 -0500] "GET /sipse/faces/javax.faces.resource/layout/layout.css?ln=primefaces&v=4.0 HTTP/1.1" 304 -
186.80.52.223 - - [15/Dec/2022:06:14:25 -0500] "GET /sipse/faces/javax.faces.resource/primefaces.css?ln=primefaces&v=4.0 HTTP/1.1" 304 -
186.80.52.223 - - [15/Dec/2022:06:14:25 -0500] "GET /sipse/css/custom_css_sg_prime.css HTTP/1.1" 200 5201
186.80.52.223 - - [15/Dec/2022:06:14:25 -0500] "GET /sipse/js/jquery.min.js HTTP/1.1" 200 85582
186.80.52.223 - - [15/Dec/2022:06:14:25 -0500] "GET /sipse/faces/javax.faces.resource/jquery/jquery.js?ln=primefaces&v=4.0 HTTP/1.1" 304 -
186.80.52.223 - - [15/Dec/2022:06:14:25 -0500] "GET /sipse/faces/javax.faces.resource/jquery/jquery-plugins.js?ln=primefaces&v=4.0 HTTP/1.1" 304 -
186.80.52.223 - - [15/Dec/2022:06:14:25 -0500] "GET /sipse/faces/javax.faces.resource/primefaces.js?ln=primefaces&v=4.0 HTTP/1.1" 304 -
186.80.52.223 - - [15/Dec/2022:06:14:25 -0500] "GET /sipse/faces/javax.faces.resource/layout/layout.js?ln=primefaces&v=4.0 HTTP/1.1" 304 -
186.80.52.223 - - [15/Dec/2022:06:14:25 -0500] "GET /sipse/imagenes/cargando.gif HTTP/1.1" 200 36959
186.80.52.223 - - [15/Dec/2022:06:14:25 -0500] "GET /sipse/imagenes/logoAplicacion.jpg HTTP/1.1" 200 155084
186.80.52.223 - - [15/Dec/2022:06:14:25 -0500] "GET /sipse/css/imagen/contrasena.png HTTP/1.1" 404 383
186.80.52.223 - - [15/Dec/2022:06:14:27 -0500] "GET /sipse/faces/javax.faces.resource/images/ui-bg_flat_0_2d5972_40x100.png?ln=primefaces-aristo HTTP/1.1" 304 -
186.80.52.223 - - [15/Dec/2022:06:14:27 -0500] "POST /sipse/faces/bienvenido.xhtml HTTP/1.1" 200 2658
186.80.52.223 - - [15/Dec/2022:06:14:29 -0500] "POST /sipse/faces/bienvenido.xhtml HTTP/1.1" 200 64353
186.80.52.223 - - [15/Dec/2022:06:14:29 -0500] "GET /sipse/faces/javax.faces.resource/theme.css?ln=primefaces-sipse HTTP/1.1" 304 -
186.80.52.223 - - [15/Dec/2022:06:14:29 -0500] "GET /sipse/faces/javax.faces.resource/primefaces.css?ln=primefaces&v=4.0 HTTP/1.1" 304 -
186.80.52.223 - - [15/Dec/2022:06:14:29 -0500] "GET /sipse/faces/javax.faces.resource/layout/layout.css?ln=primefaces&v=4.0 HTTP/1.1" 304 -
186.80.52.223 - - [15/Dec/2022:06:14:29 -0500] "GET /sipse/faces/javax.faces.resource/jquery/jquery.js?ln=primefaces&v=4.0 HTTP/1.1" 304 -
186.80.52.223 - - [15/Dec/2022:06:14:29 -0500] "GET /sipse/faces/javax.faces.resource/jquery/jquery-plugins.js?ln=primefaces&v=4.0 HTTP/1.1" 304 -
186.80.52.223 - - [15/Dec/2022:06:14:29 -0500] "GET /sipse/faces/javax.faces.resource/primefaces.js?ln=primefaces&v=4.0 HTTP/1.1" 304 -
186.80.52.223 - - [15/Dec/2022:06:14:30 -0500] "GET /sipse/faces/javax.faces.resource/layout/layout.js?ln=primefaces&v=4.0 HTTP/1.1" 304 -
186.80.52.223 - - [15/Dec/2022:06:14:30 -0500] "POST /sipse/faces/presentacion/financiero/solicitudProceso/listarSolicitudProceso.xhtml HTTP/1.1" 200 1556
216.245.221.92 - - [15/Dec/2022:06:14:36 -0500] "HEAD / HTTP/1.1" 200 -
186.80.52.223 - - [15/Dec/2022:06:14:41 -0500] "POST /sipse/faces/presentacion/financiero/solicitudProceso/listarSolicitudProceso.xhtml HTTP/1.1" 200 2845
186.80.52.223 - - [15/Dec/2022:06:14:43 -0500] "POST /sipse/faces/presentacion/financiero/solicitudProceso/listarSolicitudProceso.xhtml HTTP/1.1" 200 40784
186.80.52.223 - - [15/Dec/2022:06:14:43 -0500] "GET /sipse/faces/javax.faces.resource/theme.css?ln=primefaces-sipse HTTP/1.1" 304 -
186.80.52.223 - - [15/Dec/2022:06:14:43 -0500] "GET /sipse/faces/javax.faces.resource/layout/layout.css?ln=primefaces&v=4.0 HTTP/1.1" 304 -
186.80.52.223 - - [15/Dec/2022:06:14:43 -0500] "GET /sipse/faces/javax.faces.resource/primefaces.css?ln=primefaces&v=4.0 HTTP/1.1" 304 -
186.80.52.223 - - [15/Dec/2022:06:14:43 -0500] "GET /sipse/faces/javax.faces.resource/jquery/jquery.js?ln=primefaces&v=4.0 HTTP/1.1" 304 -
186.80.52.223 - - [15/Dec/2022:06:14:43 -0500] "GET /sipse/faces/javax.faces.resource/jquery/jquery-plugins.js?ln=primefaces&v=4.0 HTTP/1.1" 304 -
186.80.52.223 - - [15/Dec/2022:06:14:43 -0500] "GET /sipse/faces/javax.faces.resource/primefaces.js?ln=primefaces&v=4.0 HTTP/1.1" 304 -
186.80.52.223 - - [15/Dec/2022:06:14:43 -0500] "GET /sipse/faces/javax.faces.resource/layout/layout.js?ln=primefaces&v=4.0 HTTP/1.1" 304 -
186.80.52.223 - - [15/Dec/2022:06:14:43 -0500] "POST /sipse/faces/presentacion/financiero/solicitudProceso/consultar.xhtml HTTP/1.1" 200 34153
186.80.52.223 - - [15/Dec/2022:06:14:54 -0500] "POST /sipse/faces/presentacion/financiero/solicitudProceso/consultar.xhtml HTTP/1.1" 200 12908
186.80.52.223 - - [15/Dec/2022:06:14:57 -0500] "POST /sipse/faces/presentacion/financiero/solicitudProceso/consultar.xhtml HTTP/1.1" 200 123216
186.80.52.223 - - [15/Dec/2022:06:14:57 -0500] "GET /sipse/faces/javax.faces.resource/theme.css?ln=primefaces-sipse HTTP/1.1" 304 -
186.80.52.223 - - [15/Dec/2022:06:14:57 -0500] "GET /sipse/faces/javax.faces.resource/primefaces.css?ln=primefaces&v=4.0 HTTP/1.1" 304 -
186.80.52.223 - - [15/Dec/2022:06:14:57 -0500] "GET /sipse/faces/javax.faces.resource/layout/layout.css?ln=primefaces&v=4.0 HTTP/1.1" 304 -
186.80.52.223 - - [15/Dec/2022:06:14:57 -0500] "GET /sipse/faces/javax.faces.resource/jquery/jquery.js?ln=primefaces&v=4.0 HTTP/1.1" 304 -
186.80.52.223 - - [15/Dec/2022:06:14:57 -0500] "GET /sipse/faces/javax.faces.resource/jquery/jquery-plugins.js?ln=primefaces&v=4.0 HTTP/1.1" 304 -
186.80.52.223 - - [15/Dec/2022:06:14:57 -0500] "GET /sipse/faces/javax.faces.resource/primefaces.js?ln=primefaces&v=4.0 HTTP/1.1" 304 -
186.80.52.223 - - [15/Dec/2022:06:14:57 -0500] "GET /sipse/faces/javax.faces.resource/layout/layout.js?ln=primefaces&v=4.0 HTTP/1.1" 304 -
201.245.192.253 - - [15/Dec/2022:06:14:56 -0500] "POST /kwsrmcab/Wsrmcab  HTTP/1.1" 200 43012
186.80.52.223 - - [15/Dec/2022:06:15:25 -0500] "POST /sipse/faces/presentacion/financiero/solicitudProceso/consultarSolicitudProceso.xhtml HTTP/1.1" 200 43913
186.80.52.223 - - [15/Dec/2022:06:15:26 -0500] "GET /sipse/faces/javax.faces.resource/theme.css?ln=primefaces-sipse HTTP/1.1" 304 -
186.80.52.223 - - [15/Dec/2022:06:15:26 -0500] "GET /sipse/faces/javax.faces.resource/primefaces.css?ln=primefaces&v=4.0 HTTP/1.1" 304 -
186.80.52.223 - - [15/Dec/2022:06:15:26 -0500] "GET /sipse/faces/javax.faces.resource/layout/layout.css?ln=primefaces&v=4.0 HTTP/1.1" 304 -
186.80.52.223 - - [15/Dec/2022:06:15:26 -0500] "GET /sipse/faces/javax.faces.resource/jquery/jquery.js?ln=primefaces&v=4.0 HTTP/1.1" 304 -
186.80.52.223 - - [15/Dec/2022:06:15:26 -0500] "GET /sipse/faces/javax.faces.resource/jquery/jquery-plugins.js?ln=primefaces&v=4.0 HTTP/1.1" 304 -
186.80.52.223 - - [15/Dec/2022:06:15:26 -0500] "GET /sipse/faces/javax.faces.resource/primefaces.js?ln=primefaces&v=4.0 HTTP/1.1" 304 -
186.80.52.223 - - [15/Dec/2022:06:15:26 -0500] "GET /sipse/faces/javax.faces.resource/layout/layout.js?ln=primefaces&v=4.0 HTTP/1.1" 304 -
186.80.52.223 - - [15/Dec/2022:06:15:27 -0500] "POST /sipse/faces/presentacion/financiero/solicitudProceso/consultar.xhtml HTTP/1.1" 200 37282
186.80.52.223 - - [15/Dec/2022:06:15:27 -0500] "POST /sipse/faces/presentacion/financiero/solicitudProceso/consultar.xhtml HTTP/1.1" 200 37282
186.80.52.223 - - [15/Dec/2022:06:15:27 -0500] "POST /sipse/faces/presentacion/financiero/solicitudProceso/consultar.xhtml HTTP/1.1" 200 37282
186.80.52.223 - - [15/Dec/2022:06:15:33 -0500] "POST /sipse/faces/presentacion/financiero/solicitudProceso/consultar.xhtml HTTP/1.1" 200 34367
186.80.52.223 - - [15/Dec/2022:06:15:33 -0500] "POST /sipse/faces/presentacion/financiero/solicitudProceso/consultar.xhtml HTTP/1.1" 200 34367
186.80.52.223 - - [15/Dec/2022:06:15:33 -0500] "POST /sipse/faces/presentacion/financiero/solicitudProceso/consultar.xhtml HTTP/1.1" 200 34367
186.80.52.223 - - [15/Dec/2022:06:15:34 -0500] "POST /sipse/faces/presentacion/financiero/solicitudProceso/consultar.xhtml HTTP/1.1" 200 34367
186.80.52.223 - - [15/Dec/2022:06:15:34 -0500] "POST /sipse/faces/presentacion/financiero/solicitudProceso/consultar.xhtml HTTP/1.1" 200 34367
186.80.52.223 - - [15/Dec/2022:06:15:35 -0500] "POST /sipse/faces/presentacion/financiero/solicitudProceso/consultar.xhtml HTTP/1.1" 200 3834
186.80.52.223 - - [15/Dec/2022:06:15:37 -0500] "POST /sipse/faces/presentacion/financiero/solicitudProceso/consultar.xhtml HTTP/1.1" 200 64353
186.80.52.223 - - [15/Dec/2022:06:15:37 -0500] "GET /sipse/faces/javax.faces.resource/theme.css?ln=primefaces-sipse HTTP/1.1" 304 -
186.80.52.223 - - [15/Dec/2022:06:15:37 -0500] "GET /sipse/faces/javax.faces.resource/primefaces.css?ln=primefaces&v=4.0 HTTP/1.1" 304 -
186.80.52.223 - - [15/Dec/2022:06:15:37 -0500] "GET /sipse/faces/javax.faces.resource/layout/layout.css?ln=primefaces&v=4.0 HTTP/1.1" 304 -
186.80.52.223 - - [15/Dec/2022:06:15:37 -0500] "GET /sipse/faces/javax.faces.resource/jquery/jquery.js?ln=primefaces&v=4.0 HTTP/1.1" 304 -
186.80.52.223 - - [15/Dec/2022:06:15:37 -0500] "GET /sipse/faces/javax.faces.resource/jquery/jquery-plugins.js?ln=primefaces&v=4.0 HTTP/1.1" 304 -
186.80.52.223 - - [15/Dec/2022:06:15:37 -0500] "GET /sipse/faces/javax.faces.resource/primefaces.js?ln=primefaces&v=4.0 HTTP/1.1" 304 -
186.80.52.223 - - [15/Dec/2022:06:15:37 -0500] "GET /sipse/faces/javax.faces.resource/layout/layout.js?ln=primefaces&v=4.0 HTTP/1.1" 304 -
186.80.52.223 - - [15/Dec/2022:06:15:37 -0500] "POST /sipse/faces/presentacion/financiero/solicitudProceso/listarSolicitudProceso.xhtml HTTP/1.1" 200 57696
186.80.52.223 - - [15/Dec/2022:06:15:38 -0500] "POST /sipse/faces/presentacion/financiero/solicitudProceso/listarSolicitudProceso.xhtml HTTP/1.1" 200 57696
186.80.52.223 - - [15/Dec/2022:06:15:38 -0500] "POST /sipse/faces/presentacion/financiero/solicitudProceso/listarSolicitudProceso.xhtml HTTP/1.1" 200 57696
186.80.52.223 - - [15/Dec/2022:06:15:38 -0500] "POST /sipse/faces/presentacion/financiero/solicitudProceso/listarSolicitudProceso.xhtml HTTP/1.1" 200 57696
186.80.52.223 - - [15/Dec/2022:06:15:39 -0500] "POST /sipse/faces/presentacion/financiero/solicitudProceso/listarSolicitudProceso.xhtml HTTP/1.1" 200 1556
186.80.52.223 - - [15/Dec/2022:06:15:39 -0500] "POST /sipse/faces/presentacion/financiero/solicitudProceso/listarSolicitudProceso.xhtml HTTP/1.1" 200 1552
186.80.52.223 - - [15/Dec/2022:06:15:39 -0500] "POST /sipse/faces/presentacion/financiero/solicitudProceso/listarSolicitudProceso.xhtml HTTP/1.1" 200 1560
186.80.52.223 - - [15/Dec/2022:06:15:39 -0500] "POST /sipse/faces/presentacion/financiero/solicitudProceso/listarSolicitudProceso.xhtml HTTP/1.1" 200 1552
186.80.52.223 - - [15/Dec/2022:06:15:39 -0500] "POST /sipse/faces/presentacion/financiero/solicitudProceso/listarSolicitudProceso.xhtml HTTP/1.1" 200 1560
186.80.52.223 - - [15/Dec/2022:06:15:44 -0500] "POST /sipse/faces/presentacion/financiero/solicitudProceso/listarSolicitudProceso.xhtml HTTP/1.1" 200 59065
186.80.52.223 - - [15/Dec/2022:06:15:44 -0500] "GET /sipse/faces/javax.faces.resource/theme.css?ln=primefaces-sipse HTTP/1.1" 304 -
186.80.52.223 - - [15/Dec/2022:06:15:44 -0500] "GET /sipse/faces/javax.faces.resource/layout/layout.css?ln=primefaces&v=4.0 HTTP/1.1" 304 -
186.80.52.223 - - [15/Dec/2022:06:15:44 -0500] "GET /sipse/faces/javax.faces.resource/primefaces.css?ln=primefaces&v=4.0 HTTP/1.1" 304 -
186.80.52.223 - - [15/Dec/2022:06:15:44 -0500] "GET /sipse/faces/javax.faces.resource/jquery/jquery.js?ln=primefaces&v=4.0 HTTP/1.1" 304 -
186.80.52.223 - - [15/Dec/2022:06:15:44 -0500] "GET /sipse/faces/javax.faces.resource/jquery/jquery-plugins.js?ln=primefaces&v=4.0 HTTP/1.1" 304 -
186.80.52.223 - - [15/Dec/2022:06:15:44 -0500] "GET /sipse/faces/javax.faces.resource/primefaces.js?ln=primefaces&v=4.0 HTTP/1.1" 304 -
186.80.52.223 - - [15/Dec/2022:06:15:44 -0500] "GET /sipse/faces/javax.faces.resource/layout/layout.js?ln=primefaces&v=4.0 HTTP/1.1" 304 -
186.80.52.223 - - [15/Dec/2022:06:15:57 -0500] "POST /sipse/faces/presentacion/financiero/solicitudProceso/crearModificarSolicitudProceso.xhtml HTTP/1.1" 200 27318
172.22.2.4 - - [15/Dec/2022:06:14:24 -0500] "HEAD /BLA/boletinlegal/ HTTP/1.1" 200 -
40.77.167.45 - - [15/Dec/2022:06:16:10 -0500] "GET /BLA/resoluciones/AUTOS%202022/2115.pdf HTTP/1.1" 304 -
172.22.2.4 - - [15/Dec/2022:06:15:14 -0500] "GET /BLA/boletinlegal/ HTTP/1.1" 200 57192
34.141.174.171 - - [15/Dec/2022:06:17:04 -0500] "GET /portaldeninos/wp-json/oembed/1.0/embed?url=http%3A%2F%2Fambientic.ambientebogota.gov.co%2Fportaldeninos%2F HTTP/1.1" 200 2328
186.80.52.223 - - [15/Dec/2022:06:18:35 -0500] "POST /sipse/faces/presentacion/financiero/solicitudProceso/crearModificarSolicitudProceso.xhtml HTTP/1.1" 200 9394
216.245.221.92 - - [15/Dec/2022:06:19:37 -0500] "HEAD / HTTP/1.1" 200 -
66.249.79.111 - - [15/Dec/2022:06:19:38 -0500] "-" 408 -
201.245.192.253 - - [15/Dec/2022:06:19:55 -0500] "POST /kwsrmcab/Wsrmcab  HTTP/1.1" 200 43012
201.245.192.253 - - [15/Dec/2022:06:21:01 -0500] "POST /kwsrmcab/Wsrmcab HTTP/1.1" 200 43468
201.245.192.253 - - [15/Dec/2022:06:21:04 -0500] "POST /kwsrmcab/Wsrmcab HTTP/1.1" 200 44119
114.119.133.211 - - [15/Dec/2022:06:21:07 -0500] "GET /BLA/resoluciones/RESOLUCIONES%202010/2180.pdf HTTP/1.1" 200 494577
172.22.2.4 - - [15/Dec/2022:06:20:14 -0500] "HEAD /BLA/boletinlegal/ HTTP/1.1" 200 -
172.22.2.4 - - [15/Dec/2022:06:22:36 -0500] "GET /BLA/boletinlegal/conceptos/2020/46.pdf HTTP/1.1" 200 350199
172.22.2.4 - - [15/Dec/2022:06:22:37 -0500] "GET /BLA/boletinlegal/favicon.ico HTTP/1.1" 404 1350
172.22.2.4 - - [15/Dec/2022:06:21:04 -0500] "GET /BLA/boletinlegal/ HTTP/1.1" 200 57824
216.245.221.92 - - [15/Dec/2022:06:24:37 -0500] "HEAD / HTTP/1.1" 200 -
201.245.192.253 - - [15/Dec/2022:06:24:54 -0500] "POST /kwsrmcab/Wsrmcab  HTTP/1.1" 200 43012
186.80.52.223 - - [15/Dec/2022:06:25:41 -0500] "POST /sipse/faces/presentacion/financiero/solicitudProceso/crearModificarSolicitudProceso.xhtml HTTP/1.1" 200 64353
186.80.52.223 - - [15/Dec/2022:06:25:42 -0500] "GET /sipse/faces/javax.faces.resource/theme.css?ln=primefaces-sipse HTTP/1.1" 304 -
186.80.52.223 - - [15/Dec/2022:06:25:42 -0500] "GET /sipse/faces/javax.faces.resource/primefaces.css?ln=primefaces&v=4.0 HTTP/1.1" 304 -
186.80.52.223 - - [15/Dec/2022:06:25:42 -0500] "GET /sipse/faces/javax.faces.resource/layout/layout.css?ln=primefaces&v=4.0 HTTP/1.1" 304 -
186.80.52.223 - - [15/Dec/2022:06:25:42 -0500] "GET /sipse/faces/javax.faces.resource/jquery/jquery.js?ln=primefaces&v=4.0 HTTP/1.1" 304 -
186.80.52.223 - - [15/Dec/2022:06:25:42 -0500] "GET /sipse/faces/javax.faces.resource/jquery/jquery-plugins.js?ln=primefaces&v=4.0 HTTP/1.1" 304 -
186.80.52.223 - - [15/Dec/2022:06:25:42 -0500] "GET /sipse/faces/javax.faces.resource/primefaces.js?ln=primefaces&v=4.0 HTTP/1.1" 304 -
186.80.52.223 - - [15/Dec/2022:06:25:42 -0500] "GET /sipse/faces/javax.faces.resource/layout/layout.js?ln=primefaces&v=4.0 HTTP/1.1" 304 -
186.80.52.223 - - [15/Dec/2022:06:25:42 -0500] "POST /sipse/faces/presentacion/financiero/solicitudProceso/listarSolicitudProceso.xhtml HTTP/1.1" 200 57696
186.80.52.223 - - [15/Dec/2022:06:25:43 -0500] "POST /sipse/faces/presentacion/financiero/solicitudProceso/listarSolicitudProceso.xhtml HTTP/1.1" 200 57696
186.80.52.223 - - [15/Dec/2022:06:25:43 -0500] "POST /sipse/faces/presentacion/financiero/solicitudProceso/listarSolicitudProceso.xhtml HTTP/1.1" 200 57696
186.80.52.223 - - [15/Dec/2022:06:25:43 -0500] "POST /sipse/faces/presentacion/financiero/solicitudProceso/listarSolicitudProceso.xhtml HTTP/1.1" 200 57696
186.80.52.223 - - [15/Dec/2022:06:25:44 -0500] "POST /sipse/faces/presentacion/financiero/solicitudProceso/listarSolicitudProceso.xhtml HTTP/1.1" 200 57696
186.80.52.223 - - [15/Dec/2022:06:25:44 -0500] "POST /sipse/faces/presentacion/financiero/solicitudProceso/listarSolicitudProceso.xhtml HTTP/1.1" 200 57696
186.80.52.223 - - [15/Dec/2022:06:25:44 -0500] "POST /sipse/faces/presentacion/financiero/solicitudProceso/listarSolicitudProceso.xhtml HTTP/1.1" 200 1556
186.80.52.223 - - [15/Dec/2022:06:25:45 -0500] "POST /sipse/faces/presentacion/financiero/solicitudProceso/listarSolicitudProceso.xhtml HTTP/1.1" 200 1552
186.80.52.223 - - [15/Dec/2022:06:25:45 -0500] "POST /sipse/faces/presentacion/financiero/solicitudProceso/listarSolicitudProceso.xhtml HTTP/1.1" 200 1560
186.80.52.223 - - [15/Dec/2022:06:25:45 -0500] "POST /sipse/faces/presentacion/financiero/solicitudProceso/listarSolicitudProceso.xhtml HTTP/1.1" 200 1552
186.80.52.223 - - [15/Dec/2022:06:25:45 -0500] "POST /sipse/faces/presentacion/financiero/solicitudProceso/listarSolicitudProceso.xhtml HTTP/1.1" 200 1560
186.80.52.223 - - [15/Dec/2022:06:25:45 -0500] "POST /sipse/faces/presentacion/financiero/solicitudProceso/listarSolicitudProceso.xhtml HTTP/1.1" 200 1552
186.80.52.223 - - [15/Dec/2022:06:25:45 -0500] "POST /sipse/faces/presentacion/financiero/solicitudProceso/listarSolicitudProceso.xhtml HTTP/1.1" 200 1560
186.80.52.223 - - [15/Dec/2022:06:25:47 -0500] "POST /sipse/faces/presentacion/financiero/solicitudProceso/listarSolicitudProceso.xhtml HTTP/1.1" 200 2849
168.119.252.253 - - [15/Dec/2022:06:25:49 -0500] "GET / HTTP/1.1" 200 319
186.80.52.223 - - [15/Dec/2022:06:25:49 -0500] "POST /sipse/faces/presentacion/financiero/solicitudProceso/listarSolicitudProceso.xhtml HTTP/1.1" 200 43913
186.80.52.223 - - [15/Dec/2022:06:25:50 -0500] "GET /sipse/faces/javax.faces.resource/theme.css?ln=primefaces-sipse HTTP/1.1" 304 -
186.80.52.223 - - [15/Dec/2022:06:25:50 -0500] "GET /sipse/faces/javax.faces.resource/primefaces.css?ln=primefaces&v=4.0 HTTP/1.1" 304 -
186.80.52.223 - - [15/Dec/2022:06:25:50 -0500] "GET /sipse/faces/javax.faces.resource/layout/layout.css?ln=primefaces&v=4.0 HTTP/1.1" 304 -
186.80.52.223 - - [15/Dec/2022:06:25:50 -0500] "GET /sipse/faces/javax.faces.resource/jquery/jquery.js?ln=primefaces&v=4.0 HTTP/1.1" 304 -
186.80.52.223 - - [15/Dec/2022:06:25:50 -0500] "GET /sipse/faces/javax.faces.resource/jquery/jquery-plugins.js?ln=primefaces&v=4.0 HTTP/1.1" 304 -
186.80.52.223 - - [15/Dec/2022:06:25:50 -0500] "GET /sipse/faces/javax.faces.resource/primefaces.js?ln=primefaces&v=4.0 HTTP/1.1" 304 -
186.80.52.223 - - [15/Dec/2022:06:25:50 -0500] "GET /sipse/faces/javax.faces.resource/layout/layout.js?ln=primefaces&v=4.0 HTTP/1.1" 304 -
186.80.52.223 - - [15/Dec/2022:06:25:50 -0500] "POST /sipse/faces/presentacion/financiero/solicitudProceso/consultar.xhtml HTTP/1.1" 200 37282
186.80.52.223 - - [15/Dec/2022:06:25:51 -0500] "POST /sipse/faces/presentacion/financiero/solicitudProceso/consultar.xhtml HTTP/1.1" 200 37282
186.80.52.223 - - [15/Dec/2022:06:25:51 -0500] "POST /sipse/faces/presentacion/financiero/solicitudProceso/consultar.xhtml HTTP/1.1" 200 37282
186.80.52.223 - - [15/Dec/2022:06:25:51 -0500] "POST /sipse/faces/presentacion/financiero/solicitudProceso/consultar.xhtml HTTP/1.1" 200 37282
186.80.52.223 - - [15/Dec/2022:06:25:51 -0500] "POST /sipse/faces/presentacion/financiero/solicitudProceso/consultar.xhtml HTTP/1.1" 200 37282
186.80.52.223 - - [15/Dec/2022:06:25:51 -0500] "POST /sipse/faces/presentacion/financiero/solicitudProceso/consultar.xhtml HTTP/1.1" 200 37282
186.80.52.223 - - [15/Dec/2022:06:25:52 -0500] "POST /sipse/faces/presentacion/financiero/solicitudProceso/consultar.xhtml HTTP/1.1" 200 37282
186.80.52.223 - - [15/Dec/2022:06:25:56 -0500] "POST /sipse/faces/presentacion/financiero/solicitudProceso/consultar.xhtml HTTP/1.1" 200 12883
186.80.52.223 - - [15/Dec/2022:06:25:59 -0500] "POST /sipse/faces/presentacion/financiero/solicitudProceso/consultar.xhtml HTTP/1.1" 200 154335
186.80.52.223 - - [15/Dec/2022:06:25:59 -0500] "GET /sipse/faces/javax.faces.resource/theme.css?ln=primefaces-sipse HTTP/1.1" 304 -
186.80.52.223 - - [15/Dec/2022:06:25:59 -0500] "GET /sipse/faces/javax.faces.resource/primefaces.css?ln=primefaces&v=4.0 HTTP/1.1" 304 -
186.80.52.223 - - [15/Dec/2022:06:25:59 -0500] "GET /sipse/faces/javax.faces.resource/layout/layout.css?ln=primefaces&v=4.0 HTTP/1.1" 304 -
186.80.52.223 - - [15/Dec/2022:06:25:59 -0500] "GET /sipse/faces/javax.faces.resource/jquery/jquery.js?ln=primefaces&v=4.0 HTTP/1.1" 304 -
186.80.52.223 - - [15/Dec/2022:06:25:59 -0500] "GET /sipse/faces/javax.faces.resource/jquery/jquery-plugins.js?ln=primefaces&v=4.0 HTTP/1.1" 304 -
186.80.52.223 - - [15/Dec/2022:06:25:59 -0500] "GET /sipse/faces/javax.faces.resource/primefaces.js?ln=primefaces&v=4.0 HTTP/1.1" 304 -
186.80.52.223 - - [15/Dec/2022:06:26:00 -0500] "GET /sipse/faces/javax.faces.resource/layout/layout.js?ln=primefaces&v=4.0 HTTP/1.1" 304 -
172.22.2.4 - - [15/Dec/2022:06:26:25 -0500] "GET /BLA/boletinlegal/style.css HTTP/1.1" 200 9406
172.22.2.4 - - [15/Dec/2022:06:26:25 -0500] "GET /BLA/boletinlegal/styles2.css HTTP/1.1" 200 1838
172.22.2.4 - - [15/Dec/2022:06:26:25 -0500] "GET /BLA/boletinlegal/js/jquery.js HTTP/1.1" 200 57254
172.22.2.4 - - [15/Dec/2022:06:26:25 -0500] "GET /BLA/boletinlegal/js/jquery.scrollTo-min.js HTTP/1.1" 200 1150
172.22.2.4 - - [15/Dec/2022:06:26:25 -0500] "GET /BLA/boletinlegal/js/jquery.scrollShow.js HTTP/1.1" 200 4586
172.22.2.4 - - [15/Dec/2022:06:26:25 -0500] "GET /BLA/boletinlegal/images/cabezote%20BLEGAL.jpg HTTP/1.1" 200 118164
172.22.2.4 - - [15/Dec/2022:06:26:25 -0500] "GET /BLA/boletinlegal/images/subscribe-icon-big.png HTTP/1.1" 200 47702
172.22.2.4 - - [15/Dec/2022:06:26:25 -0500] "GET /BLA/boletinlegal/images/historia.png HTTP/1.1" 200 52775
172.22.2.4 - - [15/Dec/2022:06:26:25 -0500] "GET /BLA/boletinlegal/images/hover.jpg HTTP/1.1" 200 640
172.22.2.4 - - [15/Dec/2022:06:26:25 -0500] "GET /BLA/boletinlegal/images/launch.jpg HTTP/1.1" 200 14577
172.22.2.4 - - [15/Dec/2022:06:26:25 -0500] "GET /BLA/boletinlegal/images/menu_lft.gif HTTP/1.1" 200 1713
172.22.2.4 - - [15/Dec/2022:06:26:25 -0500] "GET /BLA/boletinlegal/images/text.jpg HTTP/1.1" 200 568
172.22.2.4 - - [15/Dec/2022:06:26:25 -0500] "GET /BLA/boletinlegal/images/body_bg.jpg HTTP/1.1" 200 1601
172.22.2.4 - - [15/Dec/2022:06:26:25 -0500] "GET /BLA/boletinlegal/images/menu_rght.gif HTTP/1.1" 200 1627
172.22.2.4 - - [15/Dec/2022:06:26:25 -0500] "GET /BLA/boletinlegal/images/bg_top.jpg HTTP/1.1" 200 522
172.22.2.4 - - [15/Dec/2022:06:26:25 -0500] "GET /BLA/boletinlegal/images/arr_l.jpg HTTP/1.1" 200 1979
172.22.2.4 - - [15/Dec/2022:06:26:25 -0500] "GET /BLA/boletinlegal/images/registro-usuarios.png HTTP/1.1" 200 8106
172.22.2.4 - - [15/Dec/2022:06:26:25 -0500] "GET /BLA/boletinlegal/images/menu_bg.jpg HTTP/1.1" 200 620
172.22.2.4 - - [15/Dec/2022:06:26:25 -0500] "GET /BLA/boletinlegal/images/screen_1.png HTTP/1.1" 200 202547
186.80.52.223 - - [15/Dec/2022:06:26:37 -0500] "POST /sipse/faces/presentacion/financiero/solicitudProceso/consultarSolicitudProceso.xhtml HTTP/1.1" 200 65526
186.80.52.223 - - [15/Dec/2022:06:26:38 -0500] "GET /sipse/faces/javax.faces.resource/theme.css?ln=primefaces-sipse HTTP/1.1" 304 -
186.80.52.223 - - [15/Dec/2022:06:26:38 -0500] "GET /sipse/faces/javax.faces.resource/primefaces.css?ln=primefaces&v=4.0 HTTP/1.1" 304 -
186.80.52.223 - - [15/Dec/2022:06:26:38 -0500] "GET /sipse/faces/javax.faces.resource/layout/layout.css?ln=primefaces&v=4.0 HTTP/1.1" 304 -
186.80.52.223 - - [15/Dec/2022:06:26:38 -0500] "GET /sipse/faces/javax.faces.resource/jquery/jquery.js?ln=primefaces&v=4.0 HTTP/1.1" 304 -
186.80.52.223 - - [15/Dec/2022:06:26:38 -0500] "GET /sipse/faces/javax.faces.resource/jquery/jquery-plugins.js?ln=primefaces&v=4.0 HTTP/1.1" 304 -
186.80.52.223 - - [15/Dec/2022:06:26:38 -0500] "GET /sipse/faces/javax.faces.resource/primefaces.js?ln=primefaces&v=4.0 HTTP/1.1" 304 -
186.80.52.223 - - [15/Dec/2022:06:26:38 -0500] "GET /sipse/faces/javax.faces.resource/layout/layout.js?ln=primefaces&v=4.0 HTTP/1.1" 304 -
186.80.52.223 - - [15/Dec/2022:06:26:38 -0500] "POST /sipse/faces/presentacion/financiero/solicitudProceso/listarSolicitudProceso.xhtml HTTP/1.1" 200 58869
186.80.52.223 - - [15/Dec/2022:06:26:39 -0500] "POST /sipse/faces/presentacion/financiero/solicitudProceso/listarSolicitudProceso.xhtml HTTP/1.1" 200 58869
186.80.52.223 - - [15/Dec/2022:06:26:39 -0500] "POST /sipse/faces/presentacion/financiero/solicitudProceso/listarSolicitudProceso.xhtml HTTP/1.1" 200 58869
186.80.52.223 - - [15/Dec/2022:06:26:40 -0500] "POST /sipse/faces/presentacion/financiero/solicitudProceso/listarSolicitudProceso.xhtml HTTP/1.1" 200 58869
186.80.52.223 - - [15/Dec/2022:06:26:40 -0500] "POST /sipse/faces/presentacion/financiero/solicitudProceso/listarSolicitudProceso.xhtml HTTP/1.1" 200 58869
186.80.52.223 - - [15/Dec/2022:06:26:40 -0500] "POST /sipse/faces/presentacion/financiero/solicitudProceso/listarSolicitudProceso.xhtml HTTP/1.1" 200 58869
186.80.52.223 - - [15/Dec/2022:06:26:41 -0500] "POST /sipse/faces/presentacion/financiero/solicitudProceso/listarSolicitudProceso.xhtml HTTP/1.1" 200 58869
