172.22.2.4 - - [16/Dec/2022:05:46:00 -0500] "HEAD /BLA/boletinlegal/ HTTP/1.1" 200 -
172.22.2.4 - - [16/Dec/2022:05:46:50 -0500] "GET /BLA/boletinlegal/ HTTP/1.1" 200 57192
216.245.221.92 - - [16/Dec/2022:05:49:33 -0500] "HEAD / HTTP/1.1" 200 -
201.245.192.253 - - [16/Dec/2022:05:49:49 -0500] "POST /kwsrmcab/Wsrmcab  HTTP/1.1" 200 43012
172.22.2.4 - - [16/Dec/2022:05:51:50 -0500] "HEAD /BLA/boletinlegal/ HTTP/1.1" 200 -
216.244.66.195 - - [16/Dec/2022:05:54:00 -0500] "-" 408 -
172.22.2.4 - - [16/Dec/2022:05:52:40 -0500] "GET /BLA/boletinlegal/ HTTP/1.1" 200 57192
216.245.221.92 - - [16/Dec/2022:05:54:33 -0500] "HEAD / HTTP/1.1" 200 -
201.245.192.253 - - [16/Dec/2022:05:54:48 -0500] "POST /kwsrmcab/Wsrmcab  HTTP/1.1" 200 43012
66.249.69.45 - - [16/Dec/2022:05:55:55 -0500] "-" 408 -
92.118.39.29 - - [16/Dec/2022:05:57:15 -0500] "GET / HTTP/1.1" 200 319
172.22.2.4 - - [16/Dec/2022:05:57:40 -0500] "HEAD /BLA/boletinlegal/ HTTP/1.1" 200 -
216.245.221.92 - - [16/Dec/2022:05:59:33 -0500] "HEAD / HTTP/1.1" 200 -
201.245.192.253 - - [16/Dec/2022:05:59:47 -0500] "POST /kwsrmcab/Wsrmcab  HTTP/1.1" 200 43012
172.22.2.4 - - [16/Dec/2022:05:58:30 -0500] "GET /BLA/boletinlegal/ HTTP/1.1" 200 59404
207.46.13.198 - - [16/Dec/2022:06:01:34 -0500] "GET /BLA/resoluciones/RESOLUCIONES%202001/2001%20500-549.TIF HTTP/1.1" 200 9707590
66.249.69.45 - - [16/Dec/2022:06:01:36 -0500] "-" 408 -
114.119.154.81 - - [16/Dec/2022:06:02:59 -0500] "GET /BLA/resoluciones/RESOLUCIONES%202010/RESOLUCION%205691%20DE%202010.PDF HTTP/1.1" 200 32058
216.245.221.92 - - [16/Dec/2022:06:04:33 -0500] "HEAD / HTTP/1.1" 200 -
201.245.192.253 - - [16/Dec/2022:06:04:45 -0500] "POST /kwsrmcab/Wsrmcab  HTTP/1.1" 200 43012
172.22.2.4 - - [16/Dec/2022:06:03:30 -0500] "HEAD /BLA/boletinlegal/ HTTP/1.1" 200 -
172.22.2.4 - - [16/Dec/2022:06:04:20 -0500] "GET /BLA/boletinlegal/ HTTP/1.1" 200 57824
185.246.221.101 - - [16/Dec/2022:06:07:01 -0500] "GET / HTTP/1.1" 200 319
66.249.69.45 - - [16/Dec/2022:06:08:16 -0500] "-" 408 -
137.184.125.200 - - [16/Dec/2022:06:09:22 -0500] "GET / HTTP/1.1" 200 319
137.184.125.200 - - [16/Dec/2022:06:09:22 -0500] "POST /wp-plain.php HTTP/1.1" 404 1134
137.184.125.200 - - [16/Dec/2022:06:09:22 -0500] "POST /ALFA_DATA/alfacgiapi/perl.alfa HTTP/1.1" 404 1134
137.184.125.200 - - [16/Dec/2022:06:09:22 -0500] "GET /plepawnl.php?Fox=d3wL7 HTTP/1.1" 404 1134
137.184.125.200 - - [16/Dec/2022:06:09:22 -0500] "POST /alfacgiapi/perl.alfa HTTP/1.1" 404 1134
216.245.221.92 - - [16/Dec/2022:06:09:33 -0500] "HEAD / HTTP/1.1" 200 -
201.245.192.253 - - [16/Dec/2022:06:09:44 -0500] "POST /kwsrmcab/Wsrmcab  HTTP/1.1" 200 43012
172.22.2.4 - - [16/Dec/2022:06:09:20 -0500] "HEAD /BLA/boletinlegal/ HTTP/1.1" 200 -
172.22.2.4 - - [16/Dec/2022:06:10:10 -0500] "GET /BLA/boletinlegal/ HTTP/1.1" 200 57824
185.119.81.104 - - [16/Dec/2022:06:12:15 -0500] "GET /portaldeninos/wp-login.php HTTP/1.1" 200 2592
185.119.81.104 - - [16/Dec/2022:06:12:16 -0500] "POST /portaldeninos/wp-login.php HTTP/1.1" 200 3670
207.46.13.194 - - [16/Dec/2022:06:13:11 -0500] "GET /bla/resoluciones/notificaciones/autos%202020/3326.pdf HTTP/1.1" 304 -
216.245.221.92 - - [16/Dec/2022:06:14:33 -0500] "HEAD / HTTP/1.1" 200 -
201.245.192.253 - - [16/Dec/2022:06:14:43 -0500] "POST /kwsrmcab/Wsrmcab  HTTP/1.1" 200 43012
66.249.69.45 - - [16/Dec/2022:06:15:16 -0500] "-" 408 -
172.22.2.4 - - [16/Dec/2022:06:15:10 -0500] "HEAD /BLA/boletinlegal/ HTTP/1.1" 200 -
172.22.2.4 - - [16/Dec/2022:06:16:00 -0500] "GET /BLA/boletinlegal/ HTTP/1.1" 200 57192
216.245.221.92 - - [16/Dec/2022:06:19:33 -0500] "HEAD / HTTP/1.1" 200 -
201.245.192.253 - - [16/Dec/2022:06:19:42 -0500] "POST /kwsrmcab/Wsrmcab  HTTP/1.1" 200 43012
201.245.192.253 - - [16/Dec/2022:06:20:57 -0500] "POST /kwsrmcab/Wsrmcab HTTP/1.1" 200 43938
201.245.192.253 - - [16/Dec/2022:06:20:59 -0500] "POST /kwsrmcab/Wsrmcab HTTP/1.1" 200 43965
66.249.69.45 - - [16/Dec/2022:06:21:31 -0500] "-" 408 -
172.22.2.4 - - [16/Dec/2022:06:21:00 -0500] "HEAD /BLA/boletinlegal/ HTTP/1.1" 200 -
172.22.2.4 - - [16/Dec/2022:06:21:50 -0500] "GET /BLA/boletinlegal/ HTTP/1.1" 200 57824
216.245.221.92 - - [16/Dec/2022:06:24:33 -0500] "HEAD / HTTP/1.1" 200 -
201.245.192.253 - - [16/Dec/2022:06:24:41 -0500] "POST /kwsrmcab/Wsrmcab  HTTP/1.1" 200 43012
185.119.81.97 - - [16/Dec/2022:06:25:53 -0500] "GET /portaldeninos/wp-login.php HTTP/1.1" 200 2592
185.119.81.97 - - [16/Dec/2022:06:25:54 -0500] "POST /portaldeninos/wp-login.php HTTP/1.1" 200 3605
162.221.192.26 - - [16/Dec/2022:06:26:19 -0500] "GET / HTTP/1.1" 200 319
162.221.192.26 - - [16/Dec/2022:06:26:19 -0500] "GET /showLogin.cc HTTP/1.1" 404 1018
172.22.2.4 - - [16/Dec/2022:06:26:50 -0500] "HEAD /BLA/boletinlegal/ HTTP/1.1" 200 -
207.46.13.185 - - [16/Dec/2022:06:28:54 -0500] "GET /BLA/resoluciones/AUTOS%202020/4783.pdf HTTP/1.1" 304 -
172.22.2.4 - - [16/Dec/2022:06:27:40 -0500] "GET /BLA/boletinlegal/ HTTP/1.1" 200 57824
216.245.221.92 - - [16/Dec/2022:06:29:33 -0500] "HEAD / HTTP/1.1" 200 -
201.245.192.253 - - [16/Dec/2022:06:29:40 -0500] "POST /kwsrmcab/Wsrmcab  HTTP/1.1" 200 43012
66.249.69.45 - - [16/Dec/2022:06:30:15 -0500] "-" 408 -
201.245.192.253 - - [16/Dec/2022:06:30:56 -0500] "POST /kwsrmcab/Wsrmcab HTTP/1.1" 200 43938
201.245.192.253 - - [16/Dec/2022:06:30:59 -0500] "POST /kwsrmcab/Wsrmcab HTTP/1.1" 200 43965
173.252.127.1 - - [16/Dec/2022:06:33:36 -0500] "GET /images/mercados-campesinos-5-mayo.jpg HTTP/1.1" 200 95848
172.22.2.4 - - [16/Dec/2022:06:32:40 -0500] "HEAD /BLA/boletinlegal/ HTTP/1.1" 200 -
216.245.221.92 - - [16/Dec/2022:06:34:33 -0500] "HEAD / HTTP/1.1" 200 -
201.245.192.253 - - [16/Dec/2022:06:34:39 -0500] "POST /kwsrmcab/Wsrmcab  HTTP/1.1" 200 43012
172.22.2.4 - - [16/Dec/2022:06:33:30 -0500] "GET /BLA/boletinlegal/ HTTP/1.1" 200 57824
185.119.81.104 - - [16/Dec/2022:06:36:17 -0500] "GET /portaldeninos/wp-login.php HTTP/1.1" 200 2592
185.119.81.104 - - [16/Dec/2022:06:36:19 -0500] "POST /portaldeninos/wp-login.php HTTP/1.1" 200 3650
66.249.69.45 - - [16/Dec/2022:06:37:00 -0500] "-" 408 -
216.245.221.92 - - [16/Dec/2022:06:39:33 -0500] "HEAD / HTTP/1.1" 200 -
201.245.192.253 - - [16/Dec/2022:06:39:37 -0500] "POST /kwsrmcab/Wsrmcab  HTTP/1.1" 200 43012
172.22.2.4 - - [16/Dec/2022:06:38:30 -0500] "HEAD /BLA/boletinlegal/ HTTP/1.1" 200 -
201.245.192.253 - - [16/Dec/2022:06:40:56 -0500] "POST /kwsrmcab/Wsrmcab HTTP/1.1" 200 43938
172.22.2.4 - - [16/Dec/2022:06:39:20 -0500] "GET /BLA/boletinlegal/ HTTP/1.1" 200 57192
201.245.192.253 - - [16/Dec/2022:06:40:59 -0500] "POST /kwsrmcab/Wsrmcab HTTP/1.1" 200 43965
66.249.69.45 - - [16/Dec/2022:06:43:04 -0500] "-" 408 -
114.119.132.211 - - [16/Dec/2022:06:43:48 -0500] "GET /BLA/resoluciones/RESOLUCIONES%202010/RESOLUCION%204335%20DE%202010.PDF HTTP/1.1" 200 49751
216.245.221.92 - - [16/Dec/2022:06:44:33 -0500] "HEAD / HTTP/1.1" 200 -
201.245.192.253 - - [16/Dec/2022:06:44:36 -0500] "POST /kwsrmcab/Wsrmcab  HTTP/1.1" 200 43012
216.244.66.195 - - [16/Dec/2022:06:45:24 -0500] "-" 408 -
172.22.2.4 - - [16/Dec/2022:06:44:20 -0500] "HEAD /BLA/boletinlegal/ HTTP/1.1" 200 -
193.47.61.60 - - [16/Dec/2022:06:46:38 -0500] "GET / HTTP/1.1" 200 319
172.22.2.4 - - [16/Dec/2022:06:45:10 -0500] "GET /BLA/boletinlegal/ HTTP/1.1" 200 54816
138.201.157.89 - - [16/Dec/2022:06:46:56 -0500] "GET / HTTP/1.1" 200 319
168.119.253.61 - - [16/Dec/2022:06:47:04 -0500] "GET / HTTP/1.1" 200 319
3.228.101.179 - - [16/Dec/2022:06:47:15 -0500] "-" 408 -
216.245.221.92 - - [16/Dec/2022:06:49:33 -0500] "HEAD / HTTP/1.1" 200 -
201.245.192.253 - - [16/Dec/2022:06:49:34 -0500] "POST /kwsrmcab/Wsrmcab  HTTP/1.1" 200 43012
200.91.245.98 - - [16/Dec/2022:06:50:12 -0500] "GET /galeria/galeria/jquery.fancybox.css?v=2.1.5 HTTP/1.1" 200 4895
200.91.245.98 - - [16/Dec/2022:06:50:12 -0500] "GET /BLA/boletinlegal/js/jquery.scrollShow.js HTTP/1.1" 200 4586
200.91.245.98 - - [16/Dec/2022:06:50:12 -0500] "GET /galeria/galeria/jquery.fancybox.js?v=2.1.5 HTTP/1.1" 200 48706
66.249.69.45 - - [16/Dec/2022:06:50:33 -0500] "-" 408 -
172.22.2.4 - - [16/Dec/2022:06:50:10 -0500] "HEAD /BLA/boletinlegal/ HTTP/1.1" 200 -
172.22.2.4 - - [16/Dec/2022:06:51:00 -0500] "GET /BLA/boletinlegal/ HTTP/1.1" 200 59404
216.245.221.92 - - [16/Dec/2022:06:54:33 -0500] "HEAD / HTTP/1.1" 200 -
201.245.192.253 - - [16/Dec/2022:06:54:33 -0500] "POST /kwsrmcab/Wsrmcab  HTTP/1.1" 200 43012
173.252.107.8 - - [16/Dec/2022:06:55:18 -0500] "GET /secretaria-de-ambiente-destaca-practicas-sostenibles-de-10-empresas-forestales.html HTTP/1.1" 206 812
207.46.13.198 - - [16/Dec/2022:06:55:19 -0500] "GET /bla/resoluciones/resoluciones%202020/2643.pdf HTTP/1.1" 200 391310
160.36.56.123 - - [16/Dec/2022:06:56:32 -0500] "GET /galeria/galeria/jquery.fancybox.js?v=2.1.5 HTTP/1.1" 200 48706
160.36.56.123 - - [16/Dec/2022:06:56:32 -0500] "GET /BLA/boletinlegal/js/jquery.scrollShow.js HTTP/1.1" 200 4586
128.199.77.96 - - [16/Dec/2022:06:57:07 -0500] "GET / HTTP/1.0" 200 319
172.22.2.4 - - [16/Dec/2022:06:56:00 -0500] "HEAD /BLA/boletinlegal/ HTTP/1.1" 200 -
172.22.2.4 - - [16/Dec/2022:06:58:13 -0500] "GET /BLA/boletinlegal/Directivas/2018/Directiva%20No.%2025%20del%2027%20de%20diciembre%20de%202018.pdf HTTP/1.1" 304 -
172.22.2.4 - - [16/Dec/2022:06:56:50 -0500] "GET /BLA/boletinlegal/ HTTP/1.1" 200 57824
201.245.192.253 - - [16/Dec/2022:06:59:31 -0500] "POST /kwsrmcab/Wsrmcab  HTTP/1.1" 200 43012
216.245.221.92 - - [16/Dec/2022:06:59:33 -0500] "HEAD / HTTP/1.1" 200 -
172.22.2.4 - - [16/Dec/2022:07:01:50 -0500] "HEAD /BLA/boletinlegal/ HTTP/1.1" 200 -
172.22.2.4 - - [16/Dec/2022:07:02:40 -0500] "GET /BLA/boletinlegal/ HTTP/1.1" 200 57824
216.245.221.92 - - [16/Dec/2022:07:04:33 -0500] "HEAD / HTTP/1.1" 200 -
201.245.192.253 - - [16/Dec/2022:07:04:31 -0500] "POST /kwsrmcab/Wsrmcab  HTTP/1.1" 200 43012
172.22.2.4 - - [16/Dec/2022:07:07:40 -0500] "HEAD /BLA/boletinlegal/ HTTP/1.1" 200 -
201.245.192.253 - - [16/Dec/2022:07:09:30 -0500] "POST /kwsrmcab/Wsrmcab  HTTP/1.1" 200 43012
216.245.221.92 - - [16/Dec/2022:07:09:33 -0500] "HEAD / HTTP/1.1" 200 -
172.22.2.4 - - [16/Dec/2022:07:08:30 -0500] "GET /BLA/boletinlegal/ HTTP/1.1" 200 57824
191.156.43.174 - - [16/Dec/2022:07:11:14 -0500] "GET /sipse/faces/faces/index.xhtml HTTP/1.1" 200 677
191.156.43.174 - - [16/Dec/2022:07:11:14 -0500] "GET /sipse/faces/javax.faces.resource/theme.css?ln=primefaces-sipse HTTP/1.1" 304 -
191.156.43.174 - - [16/Dec/2022:07:11:15 -0500] "GET /sipse/faces/faces/faces/autenticacion.xhtml HTTP/1.1" 200 12183
191.156.43.174 - - [16/Dec/2022:07:11:15 -0500] "GET /sipse/js/disable_browser_buttons.js HTTP/1.1" 304 -
191.156.42.104 - - [16/Dec/2022:07:11:15 -0500] "GET /sipse/js/funciones.js HTTP/1.1" 304 -
191.156.43.174 - - [16/Dec/2022:07:11:15 -0500] "GET /sipse/css/custom_css_sg.css HTTP/1.1" 304 -
191.156.43.174 - - [16/Dec/2022:07:11:15 -0500] "GET /sipse/css/custom_css_sg_prime_login.css HTTP/1.1" 304 -
191.156.42.104 - - [16/Dec/2022:07:11:15 -0500] "GET /sipse/faces/javax.faces.resource/theme.css?ln=primefaces-sipse HTTP/1.1" 304 -
191.156.47.15 - - [16/Dec/2022:07:11:15 -0500] "GET /sipse/faces/javax.faces.resource/primefaces.css?ln=primefaces&v=4.0 HTTP/1.1" 304 -
191.156.45.19 - - [16/Dec/2022:07:11:15 -0500] "GET /sipse/faces/javax.faces.resource/layout/layout.css?ln=primefaces&v=4.0 HTTP/1.1" 304 -
191.156.32.128 - - [16/Dec/2022:07:11:15 -0500] "GET /sipse/faces/javax.faces.resource/jquery/jquery.js?ln=primefaces&v=4.0 HTTP/1.1" 304 -
191.156.43.174 - - [16/Dec/2022:07:11:15 -0500] "GET /sipse/faces/javax.faces.resource/jquery/jquery-plugins.js?ln=primefaces&v=4.0 HTTP/1.1" 304 -
191.156.43.174 - - [16/Dec/2022:07:11:15 -0500] "GET /sipse/faces/javax.faces.resource/primefaces.js?ln=primefaces&v=4.0 HTTP/1.1" 304 -
191.156.42.104 - - [16/Dec/2022:07:11:15 -0500] "GET /sipse/faces/javax.faces.resource/layout/layout.js?ln=primefaces&v=4.0 HTTP/1.1" 304 -
191.156.42.104 - - [16/Dec/2022:07:11:16 -0500] "GET /sipse/css/imagen/logoSDG.png HTTP/1.1" 304 -
191.156.43.174 - - [16/Dec/2022:07:11:16 -0500] "GET /sipse/css/imagen/loginimg.png HTTP/1.1" 304 -
191.156.43.174 - - [16/Dec/2022:07:11:16 -0500] "GET /sipse/faces/javax.faces.resource/images/ui-icons_898989_256x240.png?ln=primefaces-aristo HTTP/1.1" 304 -
191.156.43.174 - - [16/Dec/2022:07:11:26 -0500] "POST /sipse/faces/autenticacion.xhtml HTTP/1.1" 200 16738
191.156.43.174 - - [16/Dec/2022:07:11:26 -0500] "GET /sipse/css/custom_css_sg_prime.css HTTP/1.1" 200 5201
191.156.42.104 - - [16/Dec/2022:07:11:26 -0500] "GET /sipse/faces/javax.faces.resource/primefaces.css?ln=primefaces&v=4.0 HTTP/1.1" 304 -
191.156.43.174 - - [16/Dec/2022:07:11:26 -0500] "GET /sipse/faces/javax.faces.resource/theme.css?ln=primefaces-sipse HTTP/1.1" 304 -
191.156.32.128 - - [16/Dec/2022:07:11:26 -0500] "GET /sipse/faces/javax.faces.resource/layout/layout.css?ln=primefaces&v=4.0 HTTP/1.1" 304 -
191.156.45.19 - - [16/Dec/2022:07:11:26 -0500] "GET /sipse/js/jquery.min.js HTTP/1.1" 200 85582
191.156.45.19 - - [16/Dec/2022:07:11:27 -0500] "GET /sipse/faces/javax.faces.resource/jquery/jquery.js?ln=primefaces&v=4.0 HTTP/1.1" 304 -
191.156.45.19 - - [16/Dec/2022:07:11:27 -0500] "GET /sipse/faces/javax.faces.resource/jquery/jquery-plugins.js?ln=primefaces&v=4.0 HTTP/1.1" 304 -
191.156.45.19 - - [16/Dec/2022:07:11:27 -0500] "GET /sipse/faces/javax.faces.resource/primefaces.js?ln=primefaces&v=4.0 HTTP/1.1" 304 -
191.156.45.19 - - [16/Dec/2022:07:11:27 -0500] "GET /sipse/faces/javax.faces.resource/layout/layout.js?ln=primefaces&v=4.0 HTTP/1.1" 304 -
191.156.42.104 - - [16/Dec/2022:07:11:27 -0500] "GET /sipse/css/imagen/contrasena.png HTTP/1.1" 404 383
191.156.45.19 - - [16/Dec/2022:07:11:27 -0500] "GET /sipse/imagenes/cargando.gif HTTP/1.1" 200 36959
191.156.42.104 - - [16/Dec/2022:07:11:28 -0500] "GET /sipse/faces/javax.faces.resource/messages/messages.png?ln=primefaces&v=4.0 HTTP/1.1" 304 -
191.156.43.174 - - [16/Dec/2022:07:11:27 -0500] "GET /sipse/imagenes/logoAplicacion.jpg HTTP/1.1" 200 155084
191.156.43.174 - - [16/Dec/2022:07:11:31 -0500] "GET /sipse/faces/javax.faces.resource/images/ui-bg_flat_0_2d5972_40x100.png?ln=primefaces-aristo HTTP/1.1" 304 -
191.156.42.104 - - [16/Dec/2022:07:11:31 -0500] "POST /sipse/faces/bienvenido.xhtml HTTP/1.1" 200 2073
191.156.42.104 - - [16/Dec/2022:07:11:33 -0500] "POST /sipse/faces/bienvenido.xhtml HTTP/1.1" 200 3255
191.156.42.104 - - [16/Dec/2022:07:11:34 -0500] "POST /sipse/faces/bienvenido.xhtml HTTP/1.1" 200 38091
191.156.42.104 - - [16/Dec/2022:07:11:35 -0500] "GET /sipse/faces/javax.faces.resource/theme.css?ln=primefaces-sipse HTTP/1.1" 304 -
191.156.43.174 - - [16/Dec/2022:07:11:35 -0500] "GET /sipse/faces/javax.faces.resource/primefaces.css?ln=primefaces&v=4.0 HTTP/1.1" 304 -
191.156.45.19 - - [16/Dec/2022:07:11:35 -0500] "GET /sipse/faces/javax.faces.resource/layout/layout.css?ln=primefaces&v=4.0 HTTP/1.1" 304 -
191.156.45.19 - - [16/Dec/2022:07:11:35 -0500] "GET /sipse/faces/javax.faces.resource/jquery/jquery.js?ln=primefaces&v=4.0 HTTP/1.1" 304 -
191.156.45.19 - - [16/Dec/2022:07:11:35 -0500] "GET /sipse/faces/javax.faces.resource/jquery/jquery-plugins.js?ln=primefaces&v=4.0 HTTP/1.1" 304 -
191.156.45.19 - - [16/Dec/2022:07:11:35 -0500] "GET /sipse/faces/javax.faces.resource/primefaces.js?ln=primefaces&v=4.0 HTTP/1.1" 304 -
191.156.45.19 - - [16/Dec/2022:07:11:35 -0500] "GET /sipse/faces/javax.faces.resource/layout/layout.js?ln=primefaces&v=4.0 HTTP/1.1" 304 -
191.156.45.19 - - [16/Dec/2022:07:11:36 -0500] "POST /sipse/faces/presentacion/financiero/solicitudProceso/listarSolicitudProceso.xhtml HTTP/1.1" 200 1400
191.156.40.15 - - [16/Dec/2022:07:11:39 -0500] "POST /sipse/faces/presentacion/financiero/solicitudProceso/listarSolicitudProceso.xhtml HTTP/1.1" 200 118503
191.156.40.15 - - [16/Dec/2022:07:11:40 -0500] "GET /sipse/faces/javax.faces.resource/theme.css?ln=primefaces-sipse HTTP/1.1" 304 -
191.156.47.121 - - [16/Dec/2022:07:11:40 -0500] "GET /sipse/faces/javax.faces.resource/primefaces.css?ln=primefaces&v=4.0 HTTP/1.1" 304 -
191.156.43.174 - - [16/Dec/2022:07:11:40 -0500] "GET /sipse/faces/javax.faces.resource/layout/layout.css?ln=primefaces&v=4.0 HTTP/1.1" 304 -
191.156.43.174 - - [16/Dec/2022:07:11:40 -0500] "GET /sipse/faces/javax.faces.resource/jquery/jquery.js?ln=primefaces&v=4.0 HTTP/1.1" 304 -
191.156.43.174 - - [16/Dec/2022:07:11:40 -0500] "GET /sipse/faces/javax.faces.resource/jquery/jquery-plugins.js?ln=primefaces&v=4.0 HTTP/1.1" 304 -
191.156.43.174 - - [16/Dec/2022:07:11:40 -0500] "GET /sipse/faces/javax.faces.resource/primefaces.js?ln=primefaces&v=4.0 HTTP/1.1" 304 -
191.156.43.174 - - [16/Dec/2022:07:11:41 -0500] "GET /sipse/faces/javax.faces.resource/layout/layout.js?ln=primefaces&v=4.0 HTTP/1.1" 304 -
191.156.43.174 - - [16/Dec/2022:07:11:47 -0500] "POST /sipse/faces/presentacion/financiero/solicitudProceso/consultarSolicitudProceso.xhtml HTTP/1.1" 200 35361
191.156.43.174 - - [16/Dec/2022:07:11:50 -0500] "GET /sipse/faces/javax.faces.resource/theme.css?ln=primefaces-sipse HTTP/1.1" 304 -
191.156.47.121 - - [16/Dec/2022:07:11:50 -0500] "GET /sipse/faces/javax.faces.resource/primefaces.css?ln=primefaces&v=4.0 HTTP/1.1" 304 -
191.156.40.15 - - [16/Dec/2022:07:11:50 -0500] "GET /sipse/faces/javax.faces.resource/layout/layout.css?ln=primefaces&v=4.0 HTTP/1.1" 304 -
191.156.40.15 - - [16/Dec/2022:07:11:50 -0500] "GET /sipse/faces/javax.faces.resource/jquery/jquery.js?ln=primefaces&v=4.0 HTTP/1.1" 304 -
191.156.40.15 - - [16/Dec/2022:07:11:50 -0500] "GET /sipse/faces/javax.faces.resource/jquery/jquery-plugins.js?ln=primefaces&v=4.0 HTTP/1.1" 304 -
191.156.40.15 - - [16/Dec/2022:07:11:50 -0500] "GET /sipse/faces/javax.faces.resource/primefaces.js?ln=primefaces&v=4.0 HTTP/1.1" 304 -
191.156.40.15 - - [16/Dec/2022:07:11:51 -0500] "GET /sipse/faces/javax.faces.resource/layout/layout.js?ln=primefaces&v=4.0 HTTP/1.1" 304 -
191.156.40.15 - - [16/Dec/2022:07:11:51 -0500] "POST /sipse/faces/presentacion/financiero/solicitudProceso/listarSolicitudProceso.xhtml HTTP/1.1" 200 1372
173.252.83.4 - - [16/Dec/2022:07:13:28 -0500] "GET /images/Acuerdos%2001%20(1)%20(1).jpeg HTTP/1.1" 200 32884
201.245.192.253 - - [16/Dec/2022:07:14:29 -0500] "POST /kwsrmcab/Wsrmcab  HTTP/1.1" 200 43012
216.245.221.92 - - [16/Dec/2022:07:14:33 -0500] "HEAD / HTTP/1.1" 200 -
168.119.61.24 - - [16/Dec/2022:07:15:04 -0500] "GET / HTTP/1.1" 200 319
172.22.2.4 - - [16/Dec/2022:07:13:30 -0500] "HEAD /BLA/boletinlegal/ HTTP/1.1" 200 -
69.171.249.15 - - [16/Dec/2022:07:15:51 -0500] "GET /images/cr\xc3\xb3nica-29-nov-1_optimized.jpeg HTTP/1.1" 404 1034
172.22.2.4 - - [16/Dec/2022:07:14:20 -0500] "GET /BLA/boletinlegal/ HTTP/1.1" 200 57824
200.69.84.132 - - [16/Dec/2022:07:19:25 -0500] "GET /sipse/faces/index.xhtml HTTP/1.1" 200 677
200.69.84.132 - - [16/Dec/2022:07:19:26 -0500] "GET /sipse/faces/javax.faces.resource/theme.css?ln=primefaces-sipse HTTP/1.1" 200 50058
200.69.84.132 - - [16/Dec/2022:07:19:27 -0500] "GET /sipse/faces/faces/autenticacion.xhtml HTTP/1.1" 200 12183
200.69.84.132 - - [16/Dec/2022:07:19:27 -0500] "GET /sipse/js/disable_browser_buttons.js HTTP/1.1" 304 -
200.69.84.132 - - [16/Dec/2022:07:19:27 -0500] "GET /sipse/js/funciones.js HTTP/1.1" 304 -
200.69.84.132 - - [16/Dec/2022:07:19:27 -0500] "GET /sipse/css/custom_css_sg.css HTTP/1.1" 304 -
200.69.84.132 - - [16/Dec/2022:07:19:27 -0500] "GET /sipse/css/custom_css_sg_prime_login.css HTTP/1.1" 304 -
200.69.84.132 - - [16/Dec/2022:07:19:27 -0500] "GET /sipse/faces/javax.faces.resource/theme.css?ln=primefaces-sipse HTTP/1.1" 304 -
200.69.84.132 - - [16/Dec/2022:07:19:27 -0500] "GET /sipse/faces/javax.faces.resource/primefaces.css?ln=primefaces&v=4.0 HTTP/1.1" 304 -
200.69.84.132 - - [16/Dec/2022:07:19:27 -0500] "GET /sipse/faces/javax.faces.resource/jquery/jquery-plugins.js?ln=primefaces&v=4.0 HTTP/1.1" 304 -
200.69.84.132 - - [16/Dec/2022:07:19:27 -0500] "GET /sipse/faces/javax.faces.resource/jquery/jquery.js?ln=primefaces&v=4.0 HTTP/1.1" 304 -
200.69.84.132 - - [16/Dec/2022:07:19:27 -0500] "GET /sipse/faces/javax.faces.resource/layout/layout.css?ln=primefaces&v=4.0 HTTP/1.1" 304 -
200.69.84.132 - - [16/Dec/2022:07:19:27 -0500] "GET /sipse/faces/javax.faces.resource/primefaces.js?ln=primefaces&v=4.0 HTTP/1.1" 304 -
200.69.84.132 - - [16/Dec/2022:07:19:27 -0500] "GET /sipse/faces/javax.faces.resource/layout/layout.js?ln=primefaces&v=4.0 HTTP/1.1" 304 -
200.69.84.132 - - [16/Dec/2022:07:19:28 -0500] "GET /sipse/faces/javax.faces.resource/images/ui-icons_898989_256x240.png?ln=primefaces-aristo HTTP/1.1" 200 5355
200.69.84.132 - - [16/Dec/2022:07:19:28 -0500] "GET /sipse/css/imagen/logoSDG.png HTTP/1.1" 200 53064
200.69.84.132 - - [16/Dec/2022:07:19:28 -0500] "GET /sipse/css/imagen/loginimg.png HTTP/1.1" 200 71635
201.245.192.253 - - [16/Dec/2022:07:19:27 -0500] "POST /kwsrmcab/Wsrmcab  HTTP/1.1" 200 43012
216.245.221.92 - - [16/Dec/2022:07:19:33 -0500] "HEAD / HTTP/1.1" 200 -
200.69.84.132 - - [16/Dec/2022:07:19:34 -0500] "POST /sipse/faces/autenticacion.xhtml HTTP/1.1" 200 12262
200.69.84.132 - - [16/Dec/2022:07:19:34 -0500] "GET /sipse/css/custom_css_sg_prime.css HTTP/1.1" 200 5201
200.69.84.132 - - [16/Dec/2022:07:19:34 -0500] "GET /sipse/faces/javax.faces.resource/jquery/jquery.js?ln=primefaces&v=4.0 HTTP/1.1" 304 -
200.69.84.132 - - [16/Dec/2022:07:19:35 -0500] "GET /sipse/faces/javax.faces.resource/jquery/jquery-plugins.js?ln=primefaces&v=4.0 HTTP/1.1" 304 -
200.69.84.132 - - [16/Dec/2022:07:19:35 -0500] "GET /sipse/faces/javax.faces.resource/primefaces.js?ln=primefaces&v=4.0 HTTP/1.1" 304 -
200.69.84.132 - - [16/Dec/2022:07:19:35 -0500] "GET /sipse/faces/javax.faces.resource/layout/layout.js?ln=primefaces&v=4.0 HTTP/1.1" 304 -
200.69.84.132 - - [16/Dec/2022:07:19:36 -0500] "GET /sipse/faces/javax.faces.resource/messages/messages.png?ln=primefaces&v=4.0 HTTP/1.1" 200 27209
200.69.84.132 - - [16/Dec/2022:07:19:40 -0500] "POST /sipse/faces/presentacion/sistema/seguridad/seleccionRol.xhtml HTTP/1.1" 200 6694
200.69.84.132 - - [16/Dec/2022:07:19:41 -0500] "POST /sipse/faces/presentacion/sistema/seguridad/seleccionRol.xhtml HTTP/1.1" 200 17516
200.69.84.132 - - [16/Dec/2022:07:19:42 -0500] "GET /sipse/js/jquery.min.js HTTP/1.1" 304 -
200.69.84.132 - - [16/Dec/2022:07:19:42 -0500] "GET /sipse/faces/javax.faces.resource/jquery/jquery.js?ln=primefaces&v=4.0 HTTP/1.1" 304 -
200.69.84.132 - - [16/Dec/2022:07:19:42 -0500] "GET /sipse/faces/javax.faces.resource/jquery/jquery-plugins.js?ln=primefaces&v=4.0 HTTP/1.1" 304 -
200.69.84.132 - - [16/Dec/2022:07:19:42 -0500] "GET /sipse/faces/javax.faces.resource/primefaces.js?ln=primefaces&v=4.0 HTTP/1.1" 304 -
200.69.84.132 - - [16/Dec/2022:07:19:43 -0500] "GET /sipse/faces/javax.faces.resource/layout/layout.js?ln=primefaces&v=4.0 HTTP/1.1" 304 -
200.69.84.132 - - [16/Dec/2022:07:19:43 -0500] "GET /sipse/css/imagen/contrasena.png HTTP/1.1" 404 383
200.69.84.132 - - [16/Dec/2022:07:19:43 -0500] "GET /sipse/imagenes/cargando.gif HTTP/1.1" 200 36959
200.69.84.132 - - [16/Dec/2022:07:19:45 -0500] "GET /sipse/faces/javax.faces.resource/images/ui-bg_flat_0_2d5972_40x100.png?ln=primefaces-aristo HTTP/1.1" 200 183
200.69.84.132 - - [16/Dec/2022:07:19:45 -0500] "POST /sipse/faces/bienvenido.xhtml HTTP/1.1" 200 5029
200.69.84.132 - - [16/Dec/2022:07:19:43 -0500] "GET /sipse/imagenes/logoAplicacion.jpg HTTP/1.1" 200 155084
200.69.84.132 - - [16/Dec/2022:07:19:47 -0500] "POST /sipse/faces/bienvenido.xhtml HTTP/1.1" 200 43213
200.69.84.132 - - [16/Dec/2022:07:19:48 -0500] "GET /sipse/faces/javax.faces.resource/jquery/jquery.js?ln=primefaces&v=4.0 HTTP/1.1" 304 -
200.69.84.132 - - [16/Dec/2022:07:19:48 -0500] "GET /sipse/faces/javax.faces.resource/jquery/jquery-plugins.js?ln=primefaces&v=4.0 HTTP/1.1" 304 -
200.69.84.132 - - [16/Dec/2022:07:19:48 -0500] "GET /sipse/faces/javax.faces.resource/primefaces.js?ln=primefaces&v=4.0 HTTP/1.1" 304 -
200.69.84.132 - - [16/Dec/2022:07:19:48 -0500] "GET /sipse/faces/javax.faces.resource/layout/layout.js?ln=primefaces&v=4.0 HTTP/1.1" 304 -
200.69.84.132 - - [16/Dec/2022:07:19:52 -0500] "POST /sipse/faces/presentacion/financiero/solicitudProceso/consultar.xhtml HTTP/1.1" 200 12872
173.252.127.21 - - [16/Dec/2022:07:19:57 -0500] "GET /images/Entrenubes%201%20(1)%20(1).jpeg HTTP/1.1" 200 70096
173.252.127.119 - - [16/Dec/2022:07:20:06 -0500] "GET /images/Musgo%20SDA%20(1)%20(1).png HTTP/1.1" 200 302122
173.252.127.22 - - [16/Dec/2022:07:20:12 -0500] "GET /images/Acuerdos%2001%20(1)%20(1).jpeg HTTP/1.1" 200 32884
201.245.192.253 - - [16/Dec/2022:07:20:56 -0500] "POST /kwsrmcab/Wsrmcab HTTP/1.1" 200 43636
172.22.2.4 - - [16/Dec/2022:07:19:20 -0500] "HEAD /BLA/boletinlegal/ HTTP/1.1" 200 -
201.245.192.253 - - [16/Dec/2022:07:20:59 -0500] "POST /kwsrmcab/Wsrmcab HTTP/1.1" 200 43970
64.124.8.55 - - [16/Dec/2022:07:21:21 -0500] "GET /catalogoisis/imagenes/Turnbo1.gif HTTP/1.1" 200 227
64.124.8.55 - - [16/Dec/2022:07:21:21 -0500] "GET /catalogoisis/imagenes/br3c1.gif HTTP/1.1" 200 177
200.69.84.132 - - [16/Dec/2022:07:21:23 -0500] "GET /reportes_sipse/jsp/inicio.jsp HTTP/1.1" 200 2935
200.69.84.132 - - [16/Dec/2022:07:21:23 -0500] "GET /reportes_sipse/css/estilos.css HTTP/1.1" 304 -
200.69.84.132 - - [16/Dec/2022:07:21:23 -0500] "GET /reportes_sipse/imagenes/logoAplicacion.jpg HTTP/1.1" 304 -
200.69.84.132 - - [16/Dec/2022:07:21:23 -0500] "GET /reportes_sipse/imagenes/fondo.jpg HTTP/1.1" 304 -
200.69.84.132 - - [16/Dec/2022:07:21:28 -0500] "POST /reportes_sipse/sdg/ServletReporte?adquisiciones_sipse_detallado& HTTP/1.1" 200 6273
200.69.84.132 - - [16/Dec/2022:07:21:28 -0500] "GET /reportes_sipse/js/funciones.js HTTP/1.1" 304 -
200.69.84.132 - - [16/Dec/2022:07:21:28 -0500] "GET /reportes_sipse/js/date-picker.js HTTP/1.1" 304 -
200.69.84.132 - - [16/Dec/2022:07:21:28 -0500] "GET /reportes_sipse/imagenes/calendario.gif HTTP/1.1" 304 -
200.69.84.132 - - [16/Dec/2022:07:21:28 -0500] "GET /reportes_sipse/imagenes/pdf.gif HTTP/1.1" 304 -
200.69.84.132 - - [16/Dec/2022:07:21:28 -0500] "GET /reportes_sipse/imagenes/excel.gif HTTP/1.1" 304 -
200.69.84.132 - - [16/Dec/2022:07:21:31 -0500] "GET /reportes_sipse/imagenes/retrocedeAgno.gif HTTP/1.1" 304 -
200.69.84.132 - - [16/Dec/2022:07:21:31 -0500] "GET /reportes_sipse/imagenes/retrocedeMes.gif HTTP/1.1" 304 -
200.69.84.132 - - [16/Dec/2022:07:21:31 -0500] "GET /reportes_sipse/imagenes/avanzaMes.gif HTTP/1.1" 304 -
200.69.84.132 - - [16/Dec/2022:07:21:31 -0500] "GET /reportes_sipse/imagenes/avanzaAgno.gif HTTP/1.1" 304 -
172.22.2.4 - - [16/Dec/2022:07:20:10 -0500] "GET /BLA/boletinlegal/ HTTP/1.1" 200 54816
207.46.13.174 - - [16/Dec/2022:07:22:12 -0500] "GET /bla/resoluciones/resoluciones%202012/1879.pdf HTTP/1.1" 304 -
173.252.107.9 - - [16/Dec/2022:07:23:47 -0500] "GET /images/cr\xc3\xb3nica-29-nov-1_optimized.jpeg HTTP/1.1" 404 1034
200.69.84.132 - - [16/Dec/2022:07:21:35 -0500] "POST /reportes_sipse/sdg/ServletControlador HTTP/1.1" 200 1172783
201.245.192.253 - - [16/Dec/2022:07:24:26 -0500] "POST /kwsrmcab/Wsrmcab  HTTP/1.1" 200 43012
216.245.221.92 - - [16/Dec/2022:07:24:33 -0500] "HEAD / HTTP/1.1" 200 -
172.22.2.4 - - [16/Dec/2022:07:25:10 -0500] "HEAD /BLA/boletinlegal/ HTTP/1.1" 200 -
181.51.34.37 - - [16/Dec/2022:07:27:28 -0500] "GET /appsia/controlador HTTP/1.1" 200 4799
181.51.34.37 - - [16/Dec/2022:07:27:28 -0500] "GET /appsia/scripts/validarIngreso.js HTTP/1.1" 200 851
181.51.34.37 - - [16/Dec/2022:07:27:28 -0500] "GET /appsia/css/estilos.css HTTP/1.1" 200 4804
181.51.34.37 - - [16/Dec/2022:07:27:28 -0500] "GET /appsia/images/logo_bogota_p.png HTTP/1.1" 200 14951
181.51.34.37 - - [16/Dec/2022:07:27:28 -0500] "GET /appsia/images/cabezoteHojaVida.png HTTP/1.1" 200 32493
181.51.34.37 - - [16/Dec/2022:07:27:28 -0500] "GET /favicon.ico HTTP/1.1" 200 7782
172.22.2.4 - - [16/Dec/2022:07:26:00 -0500] "GET /BLA/boletinlegal/ HTTP/1.1" 200 59404
201.245.192.253 - - [16/Dec/2022:07:29:25 -0500] "POST /kwsrmcab/Wsrmcab  HTTP/1.1" 200 43012
216.245.221.92 - - [16/Dec/2022:07:29:33 -0500] "HEAD / HTTP/1.1" 200 -
173.252.83.9 - - [16/Dec/2022:07:29:50 -0500] "GET /images/cr\xc3\xb3nica-29-nov-1_optimized.jpeg HTTP/1.1" 404 1034
201.245.192.253 - - [16/Dec/2022:07:30:56 -0500] "POST /kwsrmcab/Wsrmcab HTTP/1.1" 200 43636
201.245.192.253 - - [16/Dec/2022:07:30:59 -0500] "POST /kwsrmcab/Wsrmcab HTTP/1.1" 200 43970
172.22.2.4 - - [16/Dec/2022:07:31:00 -0500] "HEAD /BLA/boletinlegal/ HTTP/1.1" 200 -
172.22.2.4 - - [16/Dec/2022:07:31:50 -0500] "GET /BLA/boletinlegal/ HTTP/1.1" 200 59404
213.28.224.242 - - [16/Dec/2022:07:34:09 -0500] "GET /galeria/galeria/jquery.fancybox.css?v=2.1.5 HTTP/1.1" 200 4895
201.245.192.253 - - [16/Dec/2022:07:34:23 -0500] "POST /kwsrmcab/Wsrmcab  HTTP/1.1" 200 43012
216.245.221.92 - - [16/Dec/2022:07:34:33 -0500] "HEAD / HTTP/1.1" 200 -
207.46.13.198 - - [16/Dec/2022:07:34:39 -0500] "GET /transparencia/financiera/General%20Asignado/? HTTP/1.1" 404 1018
216.244.66.195 - - [16/Dec/2022:07:36:31 -0500] "-" 408 -
167.94.146.60 - - [16/Dec/2022:07:37:14 -0500] "GET / HTTP/1.1" 200 319
167.94.146.60 - - [16/Dec/2022:07:37:14 -0500] "GET / HTTP/1.1" 200 319
167.94.146.60 - - [16/Dec/2022:07:37:15 -0500] "PRI * HTTP/2.0" 400 946
167.94.146.60 - - [16/Dec/2022:07:37:15 -0500] "GET /favicon.ico HTTP/1.1" 200 7782
172.22.2.4 - - [16/Dec/2022:07:36:50 -0500] "HEAD /BLA/boletinlegal/ HTTP/1.1" 200 -
74.82.47.12 - - [16/Dec/2022:07:39:02 -0500] "GET /favicon.ico HTTP/1.1" 200 7782
172.22.2.4 - - [16/Dec/2022:07:37:40 -0500] "GET /BLA/boletinlegal/ HTTP/1.1" 200 57824
201.245.192.253 - - [16/Dec/2022:07:39:22 -0500] "POST /kwsrmcab/Wsrmcab  HTTP/1.1" 200 43012
216.245.221.92 - - [16/Dec/2022:07:39:33 -0500] "HEAD / HTTP/1.1" 200 -
190.25.16.143 - - [16/Dec/2022:07:40:26 -0500] "GET /kwssiamovil/sm/ldap/au?x=U2FsdGVkX1+bgT8xvRcKJjCUEHpVaUs9OGnKcOd5p9FHr1GNTRiwjLBA71mFkn3/&y=U2FsdGVkX1+b54pCeff2vIgQ55O1z8MNj9hltFAiSE5y5lGVdwRHvipiioB9Sv7J HTTP/1.1" 200 30
190.25.16.143 - - [16/Dec/2022:07:40:26 -0500] "GET /kwssiamovil/sm/acme/s?s=U2FsdGVkX18okBv9KycIddDC5wg5qBZO3QifHcew91OeHrUmZhWwQfaKXunjRc9+LcgWVzJhu3glk98CbaZ2gw5qJjyTostMsCHw2/iA7Fo=&u=U2FsdGVkX18FhQ8RZoFRSnnWaRNzU9VYn9eGtwAbVtfgdLA8Qc1EV5Q2NpzJyrG+&y=U2FsdGVkX1+b54pCeff2vIgQ55O1z8MNj9hltFAiSE5y5lGVdwRHvipiioB9Sv7J HTTP/1.1" 200 97
190.25.16.143 - - [16/Dec/2022:07:40:26 -0500] "GET /kwssiamovil/sm/acme/s?s=U2FsdGVkX18WFO6otbAYkEn8BC7o5u2jId6NSexF1FuhfAYUVKzPWrYB21OAMLZx1SVSO9bpwtgS7nLsF+HW+uDY/RorWnP9hdKKPCU+XLQAJSGsMYt6bNJoQYuNy1GX59Dpgrxm/m9focYq+1OsGPWdACYAF477h2jwVPfy/Dg/KkWaoxy274FpLewGGYdSS/VCrtQbgpQUNmy02BlEGSD3C8ycSW7U44FOaudvXbpD4TpU6bjhsaetOdPftLOcIa/8kIdqWO/22JOe2pDB/AQSXjLgRo5La+zhdbj1A6/xZH2PC9Lgt311zKAZywTltp+0JFhwn0ejaHq8PiBRMpvwUa0H8NQBJl3CTaVjpK1C9Q5ugLCDOAIp1bzqrLsnDbFqpXGwKlMZxavx7c0wsr5z0kkEyS+LcM5tM+mn2YtMqBU3Lfmjc1XC/pBbxR6U5tajDpcowepQowTdvk8Ii3wfrW+Scus9MstIXdX6U8/VhxrW57At19FpGz7paKWohLNw0GrEwIZVCNYtPstD22AZjf2Y14pOzs+T0j0I3dhEbxF5BclmalR2x9MiCiiDZRqRKM76LjlQ4ujUlI6fCNnlvKfWAHjCOthDP2V5PH81MctHT9FGpjuM3FDRiUE2tECZGZbPdOqmL5Z9EvAEipGewgonGxgRu6TIXaHQLq9ndQymSJvaWi9sJN0CFxrnOxrdJ5+xdNTxuisF3BYc8zte6jcskiqkoCr8tbzZnQ3BnjpzbPi8UZeV8b+63AWDhIwTSSBayzCbmhbsvr7RQMeWotUGibrzEZ5L26jnHac6DwK1e8MlhWAA0A4P1Ti2jLg2x63QlB9GvJ99W8U/ipWmWNMV5aj9OQ1jnDw/7jznqEuppxizJJjALuufcR9yFVzBeoyZdGt8jZa5aeJSCzmG2J342XpsPoKUJsyKcYsg78y6MBSYidCMklz56Q7AWUg2XHsBZF1bF1a9v/hQGs+Z+8+WmLKpyx/dGLgUKLWkhCNXfpX+6eNTFSwFUqvMf27rM6thV7Yz8tZ5pB4lAfTzXsB1nDiHD4XsfEBApmr2jQz5EVsfwVYw7i6sS25JFPxiU5Wh2zB+ktlQWO6Dwwn+KnraRbjzTogF4xFVu9FHeMCgyP+pKD3ft3l85LxCveUGnBpfCY9wRboP77B1B0b1t7TEjgIwTzYhwnzvidFk6cedd772uNTRMdAaSK5NJ+fJcpyS6T1y2H7EQ3HLptqPJ3/B98rmWu+aWsVB4Lwxqtx9bHH9xZ3g/o1pi9F/kJWLIfOvtUCIi0/CHSWRrXNpCZ7AOp+L3PFz+MAhR2oegF6UOGIFdeq5SfgCYOWOxGz+iuJrFcqCdAYV3YmosPP3s5dRbXWHCdQDM9vfgltG+sM6oQQlwwwaUjL/UiTiYGhohqxxYKhOpfOuVtgCIL5NqBEquQrehT31zikQR6A=&u=U2FsdGVkX18FhQ8RZoFRSnnWaRNzU9VYn9eGtwAbVtfgdLA8Qc1EV5Q2NpzJyrG+&y=U2FsdGVkX1+b54pCeff2vIgQ55O1z8MNj9hltFAiSE5y5lGVdwRHvipiioB9Sv7J HTTP/1.1" 200 938
190.25.16.143 - - [16/Dec/2022:07:40:26 -0500] "GET /kwssiamovil/sm/acme/s?s=U2FsdGVkX1/j52me+aIxMHYn0T5PzVGNXfpDO1YHz3L7G4b7LYIoY6SasbAe/2l41e5wxnrimKM4lzXOSGcDy6TJHXxlgPbCQ9s3UEGJ45gDYQnerxy1kPkv8eLNoHfXsnI+mAlnAdJYg8wWnL1AKj4zfhGySiXhmRA1gLRo1jOU79HFxz1GVk8iM9RiMPN9wC2t6P9uSD2zYmITaMnd5iJjiolrp8iM7FZ5F9oCkSRDdOidXuB2RByB7ZofzVd26KRe5slF88BkzOIiYXyCbDmC/1NyBbOzT28mCIsjki9BJnBFVkdY+pZOVvntJex8XtZHbJuv8L8kDktXKumyNByixTZc+23eZnJuBJhujRw=&u=U2FsdGVkX18FhQ8RZoFRSnnWaRNzU9VYn9eGtwAbVtfgdLA8Qc1EV5Q2NpzJyrG+&y=U2FsdGVkX1+b54pCeff2vIgQ55O1z8MNj9hltFAiSE5y5lGVdwRHvipiioB9Sv7J HTTP/1.1" 200 196
190.25.16.143 - - [16/Dec/2022:07:40:26 -0500] "GET /kwssiamovil/sm/cjson/pre?f=1&x=U2FsdGVkX1+bgT8xvRcKJjCUEHpVaUs9OGnKcOd5p9FHr1GNTRiwjLBA71mFkn3/ HTTP/1.1" 200 31032
201.245.192.253 - - [16/Dec/2022:07:40:57 -0500] "POST /kwsrmcab/Wsrmcab HTTP/1.1" 200 43636
201.245.192.253 - - [16/Dec/2022:07:40:59 -0500] "POST /kwsrmcab/Wsrmcab HTTP/1.1" 200 43970
186.102.44.189 - - [16/Dec/2022:07:42:49 -0500] "GET /kwssiamovil/sm/ldap/au?x=U2FsdGVkX19QNgFtW9OUKP7lVZ4ze5Yw0XlHBhuG4teOarIVmyriejU0aIFh5aFt&y=U2FsdGVkX18f5Lu/o+NPxKeRnqJQsqDxAB/pRi/WU4iBejZha//XnTXzNYdxIn6m HTTP/1.1" 200 30
186.102.44.189 - - [16/Dec/2022:07:42:49 -0500] "GET /kwssiamovil/sm/acme/s?s=U2FsdGVkX19z8r7DuWgx98GewN814IWBi76IpV5Saa+Z53dkPq33y/iFrG2WRhlHCh159Fm7Dm+Q2fPpq8MgfKUcbT/PXjN1zmYLe5BjJSY=&u=U2FsdGVkX1+6OhMa2h/yUV7lvHgISRWnBqDEUXm+sX28KrpfnL7QAB0MEGYdCyZd&y=U2FsdGVkX18f5Lu/o+NPxKeRnqJQsqDxAB/pRi/WU4iBejZha//XnTXzNYdxIn6m HTTP/1.1" 200 97
186.102.44.189 - - [16/Dec/2022:07:42:50 -0500] "GET /kwssiamovil/sm/acme/s?s=U2FsdGVkX18hjT0s2MFA3hzS6PffVik2GhJgOjoEc3S7WYGy3fk62uDDWrrEOPBMmppV9r7TTi6sD5PQFeqG3EE1+7WatclBU06dXjvBXNl+ZBoJabUDbc+QneHYCyPQfHbLlox/aogcLeIr5eVTyKHaSZSta9II1fChjA4v8AiEPH1GcoYZjCRxVHyh3CnkszwgSaV5L280dviLBLyJ3w0TyERMY6CiQkzME2iUaXzkRHcQ9IlpEGYubqdIi54Zk9/cELk6pvYc0Rx3hIYaDI3nKsSZ6F6jATUoe13Eeb7e9uHht6yG2vz65Ymd3AD6h+j0j9sROzZ7pu+kdcs9bdUqnYOiyKalnindjmpSxeCpectWVplHrmiaT5ZAvQLjgMj/bgKWJbsGBC3m/VoYlpa7wj21bBD2HbCYv4l3ap6BzRm5Q45CnawAKnPyhd+APFSCrADZlEl+9uLzkuVR2V35xqxFn6+pqusMsB9wTfrrE28UbCyaQCv+Ot/eE5tkeRseO/CEy9AUaKGzkx4ouIEHWF95Cj87N9LpNgTYcrvxgFvpOS9sXu7wkrvhMCOxkwO4VYhMCdQOB6c/JNJx2d0n4GBDoRsXeqDGg0DULrK1yaW3s93xeUFxpR3YfWnlUg3j53Z/1oO8a0aa+qkmuFUwIMANDyIekgV7g6UdJp9UN9XqregxPlmNHXNEwameCCli/JKKey6tcQJ8li2V6SMIDDAthQHZH7BW9BQOhD2AaLuH6afTR64nnsbCQpRj8b5jEviSziJm3qdgAPdC6J05RnJDUII8bnNKojQ6IaQREo0iSyUnwwOJyyYmlzNvCnQvGRQbLEKQaWggJcrTmu5h6zlYNFZr351EESrNaFxqGcpteLt2GLcETVDri5RNbiM47FsrYfM6wCYEB93wwxcFbM57agY6+XsBRIXUPfSO+IkGJCCtbgOWdM9K2qthC0zGIS4VL9RQcuDGVL3s0G7wjtiMflgo2f7yAzvWuM2Wu+BvnzaZUo0693bpAjeazXzXJCFicLK/S7RCxSAG8J/Srg4B5rsrxVV6v/vOFHHkaVnX+YqbngcR0A6PZbnQhytBQDQb2NJB0WjRFLoN4pllCYgTHUVBZDIzNqVcXAaIYldaxnEhfneaFR4o7B7Fhy3SThuBpaNnYCIXMIa++tbPCtFV/9jKeKZDu3GX5t9bRjAj64UVpNQ1qDjXzn7jWkhnxj/fhDZZA1BtJBnxgI8vT2qvhP1hcvU3LZKyMIwbts5C7AVW7uQQx/avu/rxVthURSHLGr2lYkkjY+Aio3oFdmwU0BXEcqVgH9X7QNvOacY2aLNilZp0cDeMqrGe0jTDLWvF7yz/Em2bJfbOZRAIAHEPGJbj/4sLYpD/gBvZrpIjXKknKsHaLu1GbQgJfZ1f0JrkL02M4PriZWUJQ2avffyAKXsMMqO17Y/BE9Q=&u=U2FsdGVkX1+6OhMa2h/yUV7lvHgISRWnBqDEUXm+sX28KrpfnL7QAB0MEGYdCyZd&y=U2FsdGVkX18f5Lu/o+NPxKeRnqJQsqDxAB/pRi/WU4iBejZha//XnTXzNYdxIn6m HTTP/1.1" 200 4918
186.102.44.189 - - [16/Dec/2022:07:42:50 -0500] "GET /kwssiamovil/sm/acme/s?s=U2FsdGVkX1/Yft5eZAP4HnEgoHpcR4Vzkg6iYPes4UFqMMiHYAg/ApXhocg12nW0nRdrK+dT/oR4YlxjjoS5OlZiPthnZtd2qxsBj7Kbox/P3D+wYAzG4yf3ve77mgXx0hsQf7Co00oSX3ZV9sy/BbZvXHdnkE9JZzEOkpszciNtDfiLML0ffABBB//8/4icPd2gjSVITx2MOLXAMNOlPxBT05rf8n4roTk3QFnw070DOa0ROXra2IL+WVWJomEmlYuytC03PgBq+enlRVTo4sdB0ci/s6OHtrX1xjsIN2UKkPUMdT7tLKd2sQ9D59B8xqprEBtfo8zb8UzWSEUw6aNSkAzDffT/dBt9QKT+irQ=&u=U2FsdGVkX1+6OhMa2h/yUV7lvHgISRWnBqDEUXm+sX28KrpfnL7QAB0MEGYdCyZd&y=U2FsdGVkX18f5Lu/o+NPxKeRnqJQsqDxAB/pRi/WU4iBejZha//XnTXzNYdxIn6m HTTP/1.1" 200 196
186.102.44.189 - - [16/Dec/2022:07:42:50 -0500] "GET /kwssiamovil/sm/cjson/pre?f=1&x=U2FsdGVkX19QNgFtW9OUKP7lVZ4ze5Yw0XlHBhuG4teOarIVmyriejU0aIFh5aFt HTTP/1.1" 200 31032
172.22.2.4 - - [16/Dec/2022:07:44:19 -0500] "GET /BLA/boletinlegal/Circulares/2012/Circular%20No.%201%20del%2017%20de%20Enero%20de%202012.pdf HTTP/1.1" 200 1118749
172.22.2.4 - - [16/Dec/2022:07:42:40 -0500] "HEAD /BLA/boletinlegal/ HTTP/1.1" 200 -
172.22.2.4 - - [16/Dec/2022:07:44:20 -0500] "GET /BLA/boletinlegal/Circulares/2012/Circular%20No.%2010%20del%2022%20de%20Agosto%20de%202012.pdf HTTP/1.1" 200 1563219
172.22.2.4 - - [16/Dec/2022:07:44:21 -0500] "GET /BLA/boletinlegal/Circulares/2012/Circular%20No.%2014%20del%2011%20de%20Septiembre%20de%202012.pdf HTTP/1.1" 200 3427471
201.245.192.253 - - [16/Dec/2022:07:44:21 -0500] "POST /kwsrmcab/Wsrmcab  HTTP/1.1" 200 43012
172.22.2.4 - - [16/Dec/2022:07:44:23 -0500] "GET /BLA/boletinlegal/Circulares/2012/Circular%20No.%209%20del%2021%20de%20Agosto%20de%202012.pdf HTTP/1.1" 200 1402289
216.245.221.92 - - [16/Dec/2022:07:44:33 -0500] "HEAD / HTTP/1.1" 200 -
172.22.2.4 - - [16/Dec/2022:07:43:30 -0500] "GET /BLA/boletinlegal/ HTTP/1.1" 200 57824
160.36.56.134 - - [16/Dec/2022:07:45:44 -0500] "GET /BLA/boletinlegal/js/jquery.scrollShow.js HTTP/1.1" 200 4586
160.36.56.134 - - [16/Dec/2022:07:45:44 -0500] "GET /galeria/galeria/jquery.fancybox.js?v=2.1.5 HTTP/1.1" 200 48706
181.59.2.78 - - [16/Dec/2022:07:47:12 -0500] "GET /portaldeninos/wp-content/plugins/gallery-videos/CSS/Total-Soft-Gallery-Video-Widget.css?ver=4.9.8 HTTP/1.1" 200 51554
181.59.2.78 - - [16/Dec/2022:07:47:12 -0500] "GET /portaldeninos/wp-content/plugins/gallery-videos/CSS/totalsoft.css?ver=4.9.8 HTTP/1.1" 200 40622
181.59.2.78 - - [16/Dec/2022:07:47:12 -0500] "GET /portaldeninos/wp-content/uploads/useanyfont/uaf.css?ver=1589905315 HTTP/1.1" 200 408
181.59.2.78 - - [16/Dec/2022:07:47:12 -0500] "GET /portaldeninos/wp-content/themes/betheme/style.css?ver=20.9.6 HTTP/1.1" 200 287
181.59.2.78 - - [16/Dec/2022:07:47:12 -0500] "GET /portaldeninos/wp-content/themes/betheme/css/base.css?ver=20.9.6 HTTP/1.1" 200 57283
181.59.2.78 - - [16/Dec/2022:07:47:12 -0500] "GET /portaldeninos/wp-content/themes/betheme/css/shortcodes.css?ver=20.9.6 HTTP/1.1" 200 138889
181.59.2.78 - - [16/Dec/2022:07:47:12 -0500] "GET /portaldeninos/wp-content/themes/betheme/assets/animations/animations.min.css?ver=20.9.6 HTTP/1.1" 200 58508
181.59.2.78 - - [16/Dec/2022:07:47:13 -0500] "GET /portaldeninos/wp-content/themes/betheme/assets/jplayer/css/jplayer.blue.monday.css?ver=20.9.6 HTTP/1.1" 200 9834
181.59.2.78 - - [16/Dec/2022:07:47:13 -0500] "GET /portaldeninos/wp-content/themes/betheme/assets/ui/jquery.ui.all.css?ver=20.9.6 HTTP/1.1" 200 18765
181.59.2.78 - - [16/Dec/2022:07:47:12 -0500] "GET /portaldeninos/wp-content/themes/betheme/css/layout.css?ver=20.9.6 HTTP/1.1" 200 116639
181.59.2.78 - - [16/Dec/2022:07:47:13 -0500] "GET /portaldeninos/wp-includes/js/wp-emoji-release.min.js?ver=4.9.8 HTTP/1.1" 200 12026
181.59.2.78 - - [16/Dec/2022:07:47:12 -0500] "GET /portaldeninos/ HTTP/1.1" 200 110197
181.59.2.78 - - [16/Dec/2022:07:47:13 -0500] "GET /portaldeninos/wp-content/plugins/popup-maker/assets/css/site.min.css?ver=1.8.14 HTTP/1.1" 200 8260
181.59.2.78 - - [16/Dec/2022:07:47:13 -0500] "GET /portaldeninos/wp-content/themes/betheme/css/responsive.css?ver=20.9.6 HTTP/1.1" 200 55740
181.59.2.78 - - [16/Dec/2022:07:47:13 -0500] "GET /portaldeninos/wp-includes/js/jquery/jquery-migrate.min.js?ver=1.4.1 HTTP/1.1" 200 10056
181.59.2.78 - - [16/Dec/2022:07:47:13 -0500] "GET /portaldeninos/wp-includes/js/jquery/ui/core.min.js?ver=1.11.4 HTTP/1.1" 200 4000
181.59.2.78 - - [16/Dec/2022:07:47:13 -0500] "GET /portaldeninos/wp-content/plugins/google-analytics-for-wordpress/assets/js/frontend-gtag.min.js?ver=8.5.0 HTTP/1.1" 200 11801
181.59.2.78 - - [16/Dec/2022:07:47:13 -0500] "GET /portaldeninos/wp-content/plugins/gallery-videos/JS/modernizr.custom.js?ver=4.9.8 HTTP/1.1" 200 9019
181.59.2.78 - - [16/Dec/2022:07:47:13 -0500] "GET /portaldeninos/wp-includes/js/jquery/jquery.js?ver=1.12.4 HTTP/1.1" 200 97184
181.59.2.78 - - [16/Dec/2022:07:47:13 -0500] "GET /portaldeninos/wp-content/plugins/gallery-videos/JS/Total-Soft-Gallery-Video-Widget.js?ver=4.9.8 HTTP/1.1" 200 80264
181.59.2.78 - - [16/Dec/2022:07:47:14 -0500] "GET /portaldeninos/wp-includes/js/jquery/ui/widget.min.js?ver=1.11.4 HTTP/1.1" 200 6908
181.59.2.78 - - [16/Dec/2022:07:47:14 -0500] "GET /portaldeninos/wp-includes/js/jquery/ui/mouse.min.js?ver=1.11.4 HTTP/1.1" 200 3148
181.59.2.78 - - [16/Dec/2022:07:47:14 -0500] "GET /portaldeninos/wp-includes/js/jquery/ui/sortable.min.js?ver=1.11.4 HTTP/1.1" 200 24899
181.59.2.78 - - [16/Dec/2022:07:47:14 -0500] "GET /portaldeninos/wp-includes/js/jquery/ui/accordion.min.js?ver=1.11.4 HTTP/1.1" 200 8584
181.59.2.78 - - [16/Dec/2022:07:47:14 -0500] "GET /portaldeninos/wp-content/themes/betheme/js/menu.js?ver=20.9.6 HTTP/1.1" 200 2449
181.59.2.78 - - [16/Dec/2022:07:47:14 -0500] "GET /portaldeninos/wp-content/themes/betheme/assets/animations/animations.min.js?ver=20.9.6 HTTP/1.1" 200 1896
181.59.2.78 - - [16/Dec/2022:07:47:14 -0500] "GET /portaldeninos/wp-includes/js/jquery/ui/tabs.min.js?ver=1.11.4 HTTP/1.1" 200 12110
181.59.2.78 - - [16/Dec/2022:07:47:14 -0500] "GET /portaldeninos/wp-content/themes/betheme/fonts/mfn-icons.woff?93978679 HTTP/1.1" 200 80932
181.59.2.78 - - [16/Dec/2022:07:47:14 -0500] "GET /portaldeninos/wp-content/themes/betheme/assets/jplayer/jplayer.min.js?ver=20.9.6 HTTP/1.1" 200 52702
181.59.2.78 - - [16/Dec/2022:07:47:14 -0500] "GET /portaldeninos/wp-content/uploads/2019/08/Logo-Ambientic.png HTTP/1.1" 200 22941
181.59.2.78 - - [16/Dec/2022:07:47:14 -0500] "GET /portaldeninos/wp-content/uploads/2021/06/titulo-cabezote-ni%C3%B1os.png HTTP/1.1" 200 64425
181.59.2.78 - - [16/Dec/2022:07:47:15 -0500] "GET /portaldeninos/wp-includes/js/jquery/ui/position.min.js?ver=1.11.4 HTTP/1.1" 200 6527
181.59.2.78 - - [16/Dec/2022:07:47:14 -0500] "GET /portaldeninos/wp-content/themes/betheme/js/plugins.js?ver=20.9.6 HTTP/1.1" 200 197151
181.59.2.78 - - [16/Dec/2022:07:47:15 -0500] "GET /portaldeninos/wp-includes/js/wp-embed.min.js?ver=4.9.8 HTTP/1.1" 200 1398
181.59.2.78 - - [16/Dec/2022:07:47:14 -0500] "GET /portaldeninos/wp-content/themes/betheme/js/scripts.js?ver=20.9.6 HTTP/1.1" 200 77162
181.59.2.78 - - [16/Dec/2022:07:47:15 -0500] "GET /portaldeninos/wp-content/uploads/2021/06/titulo-miambiente-ni%C3%B1os.png HTTP/1.1" 200 11944
181.59.2.78 - - [16/Dec/2022:07:47:15 -0500] "GET /portaldeninos/wp-content/plugins/popup-maker/assets/js/site.min.js?defer&ver=1.8.14 HTTP/1.1" 200 48457
181.59.2.78 - - [16/Dec/2022:07:47:15 -0500] "GET /portaldeninos/wp-content/uploads/2021/06/titulo-videos-ni%C3%B1os.png HTTP/1.1" 200 10502
181.59.2.78 - - [16/Dec/2022:07:47:15 -0500] "GET /portaldeninos/wp-content/uploads/2021/06/titulo-humedales-ni%C3%B1os.png HTTP/1.1" 200 13361
181.59.2.78 - - [16/Dec/2022:07:47:15 -0500] "GET /portaldeninos/wp-content/uploads/2020/01/Tierra-escenario.jpg HTTP/1.1" 200 181491
181.59.2.78 - - [16/Dec/2022:07:47:15 -0500] "GET /portaldeninos/wp-content/uploads/2018/10/oso.jpg HTTP/1.1" 200 305180
181.59.2.78 - - [16/Dec/2022:07:47:15 -0500] "GET /portaldeninos/wp-content/uploads/2018/11/tigrillo.jpg HTTP/1.1" 200 402961
181.59.2.78 - - [16/Dec/2022:07:47:17 -0500] "GET /portaldeninos/wp-content/uploads/2020/05/fb.jpg HTTP/1.1" 200 9893
181.59.2.78 - - [16/Dec/2022:07:47:18 -0500] "GET /portaldeninos/wp-content/uploads/2020/05/ig.jpg HTTP/1.1" 200 11470
181.59.2.78 - - [16/Dec/2022:07:47:18 -0500] "GET /portaldeninos/wp-content/uploads/2020/06/yt.jpg HTTP/1.1" 200 10577
181.59.2.78 - - [16/Dec/2022:07:47:18 -0500] "GET /portaldeninos/wp-content/uploads/2020/06/tw.jpg HTTP/1.1" 200 11056
181.59.2.78 - - [16/Dec/2022:07:47:18 -0500] "GET /portaldeninos/wp-content/themes/betheme/images/box_shadow.png HTTP/1.1" 200 108
181.59.2.78 - - [16/Dec/2022:07:47:18 -0500] "GET /portaldeninos/wp-content/themes/betheme/images/stripes/stripes_3_b.png HTTP/1.1" 200 974
181.59.2.78 - - [16/Dec/2022:07:47:15 -0500] "GET /portaldeninos/wp-content/uploads/2018/11/caneca.jpg HTTP/1.1" 200 262661
181.59.2.78 - - [16/Dec/2022:07:47:15 -0500] "GET /portaldeninos/wp-content/uploads/2020/01/Frailejon-escenario.jpg HTTP/1.1" 200 357472
181.59.2.78 - - [16/Dec/2022:07:47:18 -0500] "GET /portaldeninos/wp-json/pum/v1/analytics/?event=open&pid=1126&_cache=1671194694677 HTTP/1.1" 204 -
181.59.2.78 - - [16/Dec/2022:07:47:16 -0500] "GET /portaldeninos/wp-content/uploads/2022/08/Infograf%C3%ADa-humedales-actualizada.png HTTP/1.1" 200 588022
181.59.2.78 - - [16/Dec/2022:07:47:18 -0500] "GET /portaldeninos/wp-content/uploads/2019/06/CabezoteAMBIENTIC.mp4 HTTP/1.1" 206 3126458
186.102.28.216 - - [16/Dec/2022:07:47:37 -0500] "GET /kwssiamovil/sm/ldap/au?x=U2FsdGVkX18NFC92y6vL1YhpIuHsMm6ZsmtvXPxsL0a9FCFOfrG0WNst6OZ7PMel&y=U2FsdGVkX18FRtRMPDX7U+NaWX5xXj63ZdApMn4R1ULGmfq+xrbcmSGGMtzB2PFe HTTP/1.1" 200 31
186.102.28.216 - - [16/Dec/2022:07:47:41 -0500] "GET /kwssiamovil/sm/ldap/au?x=U2FsdGVkX18d8O8gvuxKmhPtBoPhg6p6VQk4t/8J2GlmPFx89gN2MAbBdhM2R7Ak&y=U2FsdGVkX19eUOpMOQDXtJvdd9XCWorlmk8B8cmkTXAj6IzweNIdDnRw30kt/1nU HTTP/1.1" 200 31
186.102.28.216 - - [16/Dec/2022:07:47:45 -0500] "GET /kwssiamovil/sm/ldap/au?x=U2FsdGVkX1/yUR/RUjfwybQm3yftYqVbdEPnxZ6rbIIImDOEoiy2zdMCyl/aLAWK&y=U2FsdGVkX19q1mTx7RQFwgsFc7NNEh0AUPj7V1Q73h7La1xfgKeLnVWB+C7jgmM3 HTTP/1.1" 200 31
186.102.28.216 - - [16/Dec/2022:07:47:54 -0500] "GET /kwssiamovil/sm/ldap/au?x=U2FsdGVkX1+VvcnOAMtlKt8+MRujYaYSpquHpVgd/Q/2QBM2ywfwpzIH50fQgI5L&y=U2FsdGVkX19zF3qVn2agVglcrTFrx7F+f5dOPSYBnAlvST3YX6mCLewEsNLl0pGR HTTP/1.1" 200 31
181.59.2.78 - - [16/Dec/2022:07:47:18 -0500] "GET /portaldeninos/wp-content/uploads/2022/01/Conoce-lo-que-hace-la-Secretar%C3%ADa-de-Ambiente.mp4 HTTP/1.1" 206 2930514
181.59.2.78 - - [16/Dec/2022:07:47:16 -0500] "GET /portaldeninos/wp-content/uploads/2022/08/HUmedalConejera03-1.jpg HTTP/1.1" 200 3487092
186.102.28.216 - - [16/Dec/2022:07:48:19 -0500] "GET /kwssiamovil/sm/ldap/au?x=U2FsdGVkX1/+vUj0+pBoGYX/J9gX6/fXsLY80W0+NQfhenNZ1H66JUxSu87FGoO7&y=U2FsdGVkX19VwaEoescrlqFeQCTe0QpIiO23j6KjB73ds6uO54bWIdJe4npCJ1hS HTTP/1.1" 200 31
201.245.192.253 - - [16/Dec/2022:07:49:20 -0500] "POST /kwsrmcab/Wsrmcab  HTTP/1.1" 200 43012
216.245.221.92 - - [16/Dec/2022:07:49:33 -0500] "HEAD / HTTP/1.1" 200 -
186.102.28.216 - - [16/Dec/2022:07:49:42 -0500] "GET /kwssiamovil/sm/ldap/au?x=U2FsdGVkX19gkL7oL+Miy8/etn+S6gTNxvONCmQdRa0DxIlDlAHHwitMOCj7rvrk&y=U2FsdGVkX19nSOTyt68qE0+c9lEz4fQY+lt9MBSQgAyJEkqOhb6zfGC33zOdWRJc HTTP/1.1" 200 31
190.25.16.143 - - [16/Dec/2022:07:49:44 -0500] "OPTIONS /kwssiamovil/sm/setfile/f? HTTP/1.1" 200 13
190.25.16.143 - - [16/Dec/2022:07:49:44 -0500] "POST /kwssiamovil/sm/setfile/f? HTTP/1.1" 200 381
186.102.28.216 - - [16/Dec/2022:07:49:45 -0500] "GET /kwssiamovil/sm/ldap/au?x=U2FsdGVkX1/ofrLOhnpVkcQ7Uw8auvXcsgyOZwFAnffbBqV0o/Wv/c/EhEkUEbVt&y=U2FsdGVkX18iVsIeEZ4rfq6+rPuAcMVz4s4X9uyWBhh+MxBnvjEYp2kRH3YQyQt/ HTTP/1.1" 200 31
190.25.16.143 - - [16/Dec/2022:07:49:55 -0500] "GET /kwssiamovil/sm/acme/a?s=U2FsdGVkX19s1xgEKJcFSAwqpWT1ZqPZt+dNEgfJP1qSl/IDw1EaU8PWk1sA0Wl0YYJ6ctqmFTq47s211TcpkmDZMYDBZ3towOLiOJNwMppOUhBgPjOAnwtjg06saR5yzPGMch/5a2u0/Kos1TzlGCgWz5EoUqxNm83QVL1an6gTqx/8DTsQ3/n74arqn9r+cM9mjwnyNxHTsCeOEWYaybx8iJJ/kd+froelCCT05IJ3BwxV/kOE79yfi+NCxLSiSyZmEv3VtFbd9589qhCI3Q==&u=U2FsdGVkX18FhQ8RZoFRSnnWaRNzU9VYn9eGtwAbVtfgdLA8Qc1EV5Q2NpzJyrG+&y=U2FsdGVkX1+b54pCeff2vIgQ55O1z8MNj9hltFAiSE5y5lGVdwRHvipiioB9Sv7J HTTP/1.1" 200 26
