172.22.2.4 - - [17/Dec/2022:04:51:06 -0500] "GET /BLA/boletinlegal/consulta_actos.php?tipo=autos&no=3133&usuario=&sector=&fecha=2010&resuelve= HTTP/1.1" 200 626
216.245.221.92 - - [17/Dec/2022:04:51:46 -0500] "HEAD / HTTP/1.1" 200 -
40.77.202.167 - - [17/Dec/2022:04:52:20 -0500] "GET /BLA/boletinlegal/js/jquery.scrollShow.js HTTP/1.1" 200 4586
40.77.202.167 - - [17/Dec/2022:04:52:24 -0500] "GET /galeria/galeria/jquery.fancybox.js?v=2.1.5 HTTP/1.1" 200 48706
172.22.2.4 - - [17/Dec/2022:04:50:49 -0500] "GET /BLA/boletinlegal/ HTTP/1.1" 200 62840
66.249.64.13 - - [17/Dec/2022:04:52:36 -0500] "-" 408 -
172.22.2.4 - - [17/Dec/2022:04:53:19 -0500] "GET /BLA/boletinlegal/Circulares/2011/Circular%20No.%207%20del%2023%20de%20Diciembre%20de%202011.pdf HTTP/1.1" 304 -
201.245.192.253 - - [17/Dec/2022:04:53:42 -0500] "POST /kwsrmcab/Wsrmcab  HTTP/1.1" 200 213
172.22.2.4 - - [17/Dec/2022:04:53:14 -0500] "HEAD /BLA/boletinlegal/ HTTP/1.1" 200 -
172.22.2.4 - - [17/Dec/2022:04:54:04 -0500] "GET /BLA/boletinlegal/ HTTP/1.1" 200 57824
34.140.248.32 - - [17/Dec/2022:04:56:04 -0500] "GET / HTTP/1.1" 200 319
216.245.221.92 - - [17/Dec/2022:04:56:46 -0500] "HEAD / HTTP/1.1" 200 -
172.22.2.4 - - [17/Dec/2022:04:57:49 -0500] "GET /BLA/boletinlegal/favicon.ico HTTP/1.1" 404 1038
172.22.2.4 - - [17/Dec/2022:04:58:20 -0500] "GET /BLA/boletinlegal/favicon.ico HTTP/1.1" 404 1038
201.245.192.253 - - [17/Dec/2022:04:58:41 -0500] "POST /kwsrmcab/Wsrmcab  HTTP/1.1" 200 213
207.46.13.120 - - [17/Dec/2022:04:59:59 -0500] "GET /portaldeninos/ HTTP/1.1" 200 110197
207.46.13.120 - - [17/Dec/2022:05:00:09 -0500] "GET /portaldeninos/wp-content/themes/betheme/assets/jplayer/jplayer.min.js?ver=20.9.6 HTTP/1.1" 200 52702
207.46.13.120 - - [17/Dec/2022:05:00:10 -0500] "GET /portaldeninos/wp-content/themes/betheme/js/plugins.js?ver=20.9.6 HTTP/1.1" 200 197151
207.46.13.120 - - [17/Dec/2022:05:00:12 -0500] "GET /portaldeninos/wp-includes/js/jquery/ui/sortable.min.js?ver=1.11.4 HTTP/1.1" 200 24899
207.46.13.120 - - [17/Dec/2022:05:00:13 -0500] "GET /portaldeninos/wp-includes/js/wp-emoji-release.min.js?ver=4.9.8 HTTP/1.1" 200 12026
157.55.39.96 - - [17/Dec/2022:05:00:14 -0500] "GET /portaldeninos/wp-content/plugins/gallery-videos/JS/Total-Soft-Gallery-Video-Widget.js?ver=4.9.8 HTTP/1.1" 200 80264
157.55.39.96 - - [17/Dec/2022:05:00:15 -0500] "GET /portaldeninos/wp-content/themes/betheme/assets/animations/animations.min.css?ver=20.9.6 HTTP/1.1" 200 58508
157.55.39.96 - - [17/Dec/2022:05:00:15 -0500] "GET /portaldeninos/wp-includes/js/jquery/ui/accordion.min.js?ver=1.11.4 HTTP/1.1" 200 8584
157.55.39.96 - - [17/Dec/2022:05:00:15 -0500] "GET /portaldeninos/wp-includes/js/wp-embed.min.js?ver=4.9.8 HTTP/1.1" 200 1398
207.46.13.116 - - [17/Dec/2022:05:00:17 -0500] "GET /portaldeninos/wp-content/themes/betheme/assets/animations/animations.min.js?ver=20.9.6 HTTP/1.1" 200 1896
157.55.39.1 - - [17/Dec/2022:05:00:18 -0500] "GET /portaldeninos/wp-content/plugins/gallery-videos/CSS/totalsoft.css?ver=4.9.8 HTTP/1.1" 200 40622
157.55.39.1 - - [17/Dec/2022:05:00:19 -0500] "GET /portaldeninos/wp-content/themes/betheme/assets/ui/jquery.ui.all.css?ver=20.9.6 HTTP/1.1" 200 18765
157.55.39.1 - - [17/Dec/2022:05:00:19 -0500] "GET /portaldeninos/wp-content/themes/betheme/css/layout.css?ver=20.9.6 HTTP/1.1" 200 116639
157.55.39.1 - - [17/Dec/2022:05:00:20 -0500] "GET /portaldeninos/wp-content/themes/betheme/js/scripts.js?ver=20.9.6 HTTP/1.1" 200 77162
157.55.39.1 - - [17/Dec/2022:05:00:20 -0500] "GET /portaldeninos/wp-content/uploads/useanyfont/uaf.css?ver=1589905315 HTTP/1.1" 200 408
157.55.39.1 - - [17/Dec/2022:05:00:20 -0500] "GET /portaldeninos/wp-includes/js/jquery/jquery.js?ver=1.12.4 HTTP/1.1" 200 97184
157.55.39.212 - - [17/Dec/2022:05:00:25 -0500] "GET /portaldeninos/wp-content/plugins/gallery-videos/CSS/Total-Soft-Gallery-Video-Widget.css?ver=4.9.8 HTTP/1.1" 200 51554
157.55.39.212 - - [17/Dec/2022:05:00:25 -0500] "GET /portaldeninos/wp-content/plugins/gallery-videos/JS/modernizr.custom.js?ver=4.9.8 HTTP/1.1" 200 9019
157.55.39.212 - - [17/Dec/2022:05:00:25 -0500] "GET /portaldeninos/wp-content/plugins/popup-maker/assets/css/site.min.css?ver=1.8.14 HTTP/1.1" 200 8260
157.55.39.212 - - [17/Dec/2022:05:00:26 -0500] "GET /portaldeninos/wp-content/themes/betheme/assets/jplayer/css/jplayer.blue.monday.css?ver=20.9.6 HTTP/1.1" 200 9834
157.55.39.212 - - [17/Dec/2022:05:00:26 -0500] "GET /portaldeninos/wp-content/themes/betheme/css/base.css?ver=20.9.6 HTTP/1.1" 200 57283
157.55.39.212 - - [17/Dec/2022:05:00:26 -0500] "GET /portaldeninos/wp-content/themes/betheme/css/responsive.css?ver=20.9.6 HTTP/1.1" 200 55740
157.55.39.212 - - [17/Dec/2022:05:00:26 -0500] "GET /portaldeninos/wp-includes/js/jquery/jquery-migrate.min.js?ver=1.4.1 HTTP/1.1" 200 10056
157.55.39.212 - - [17/Dec/2022:05:00:27 -0500] "GET /portaldeninos/wp-includes/js/jquery/ui/position.min.js?ver=1.11.4 HTTP/1.1" 200 6527
157.55.39.35 - - [17/Dec/2022:05:00:35 -0500] "GET /portaldeninos/wp-content/plugins/popup-maker/assets/js/site.min.js?defer&ver=1.8.14 HTTP/1.1" 200 48457
157.55.39.35 - - [17/Dec/2022:05:00:36 -0500] "GET /portaldeninos/wp-content/themes/betheme/js/menu.js?ver=20.9.6 HTTP/1.1" 200 2449
172.22.2.4 - - [17/Dec/2022:04:59:04 -0500] "HEAD /BLA/boletinlegal/ HTTP/1.1" 200 -
207.46.13.116 - - [17/Dec/2022:05:00:44 -0500] "GET /portaldeninos/wp-content/themes/betheme/css/shortcodes.css?ver=20.9.6 HTTP/1.1" 200 138889
207.46.13.116 - - [17/Dec/2022:05:00:45 -0500] "GET /portaldeninos/wp-content/themes/betheme/style.css?ver=20.9.6 HTTP/1.1" 200 287
157.55.39.35 - - [17/Dec/2022:05:00:36 -0500] "GET /portaldeninos/wp-content/uploads/2022/01/Conoce-lo-que-hace-la-Secretar%C3%ADa-de-Ambiente.mp4 HTTP/1.1" 200 6599959
157.55.39.35 - - [17/Dec/2022:05:01:06 -0500] "GET /portaldeninos/wp-includes/js/jquery/ui/mouse.min.js?ver=1.11.4 HTTP/1.1" 200 3148
157.55.39.35 - - [17/Dec/2022:05:01:06 -0500] "GET /portaldeninos/wp-includes/js/jquery/ui/tabs.min.js?ver=1.11.4 HTTP/1.1" 200 12110
157.55.39.35 - - [17/Dec/2022:05:01:06 -0500] "GET /portaldeninos/wp-includes/js/jquery/ui/widget.min.js?ver=1.11.4 HTTP/1.1" 200 6908
207.46.13.116 - - [17/Dec/2022:05:00:46 -0500] "GET /portaldeninos/wp-content/uploads/2019/06/CabezoteAMBIENTIC.mp4 HTTP/1.1" 200 10802813
207.46.13.116 - - [17/Dec/2022:05:01:26 -0500] "GET /portaldeninos/wp-includes/js/jquery/ui/core.min.js?ver=1.11.4 HTTP/1.1" 200 4000
162.55.41.96 - - [17/Dec/2022:05:01:28 -0500] "GET / HTTP/1.1" 200 319
172.22.2.4 - - [17/Dec/2022:04:59:54 -0500] "GET /BLA/boletinlegal/ HTTP/1.1" 200 59404
216.245.221.92 - - [17/Dec/2022:05:01:45 -0500] "HEAD / HTTP/1.1" 200 -
207.46.13.198 - - [17/Dec/2022:05:02:46 -0500] "GET /BLA/resoluciones/RESOLUCIONES%202000/2000%202350-2399.tif HTTP/1.1" 200 4845966
201.245.192.253 - - [17/Dec/2022:05:03:40 -0500] "POST /kwsrmcab/Wsrmcab  HTTP/1.1" 200 213
172.22.2.4 - - [17/Dec/2022:05:04:54 -0500] "HEAD /BLA/boletinlegal/ HTTP/1.1" 200 -
216.245.221.92 - - [17/Dec/2022:05:06:46 -0500] "HEAD / HTTP/1.1" 200 -
172.225.153.49 - - [17/Dec/2022:05:06:57 -0500] "GET /BLA/resoluciones/AUTOS%202010/5436.pdf HTTP/1.1" 200 1540563
172.225.250.108 - - [17/Dec/2022:05:06:58 -0500] "GET /apple-touch-icon-120x120-precomposed.png HTTP/1.1" 404 1120
172.225.250.108 - - [17/Dec/2022:05:06:58 -0500] "GET /apple-touch-icon-120x120.png HTTP/1.1" 404 1120
172.225.250.108 - - [17/Dec/2022:05:06:58 -0500] "GET /apple-touch-icon-precomposed.png HTTP/1.1" 404 1120
172.225.250.108 - - [17/Dec/2022:05:06:58 -0500] "GET /apple-touch-icon.png HTTP/1.1" 404 1120
172.225.250.108 - - [17/Dec/2022:05:06:58 -0500] "GET /favicon.ico HTTP/1.1" 200 7782
172.22.2.4 - - [17/Dec/2022:05:05:44 -0500] "GET /BLA/boletinlegal/ HTTP/1.1" 200 59404
173.252.83.22 - - [17/Dec/2022:05:08:35 -0500] "GET /images/cr\xc3\xb3nica-29-nov-1_optimized.jpeg HTTP/1.1" 404 1034
201.245.192.253 - - [17/Dec/2022:05:08:39 -0500] "POST /kwsrmcab/Wsrmcab  HTTP/1.1" 200 213
66.249.64.17 - - [17/Dec/2022:05:09:24 -0500] "-" 408 -
216.245.221.92 - - [17/Dec/2022:05:11:46 -0500] "HEAD / HTTP/1.1" 200 -
172.22.2.4 - - [17/Dec/2022:05:10:44 -0500] "HEAD /BLA/boletinlegal/ HTTP/1.1" 200 -
172.22.2.4 - - [17/Dec/2022:05:11:34 -0500] "GET /BLA/boletinlegal/ HTTP/1.1" 200 57824
201.245.192.253 - - [17/Dec/2022:05:13:38 -0500] "POST /kwsrmcab/Wsrmcab  HTTP/1.1" 200 213
40.77.189.255 - - [17/Dec/2022:05:16:10 -0500] "GET /portaldeninos/wp-content/themes/betheme/fonts/mfn-icons.woff?93978679 HTTP/1.1" 200 80932
40.77.189.255 - - [17/Dec/2022:05:16:11 -0500] "GET /portaldeninos/wp-json/pum/v1/analytics/?event=open&pid=1126&_cache=1671272033586 HTTP/1.1" 204 -
216.245.221.92 - - [17/Dec/2022:05:16:46 -0500] "HEAD / HTTP/1.1" 200 -
172.22.2.4 - - [17/Dec/2022:05:16:34 -0500] "HEAD /BLA/boletinlegal/ HTTP/1.1" 200 -
201.245.192.253 - - [17/Dec/2022:05:18:37 -0500] "POST /kwsrmcab/Wsrmcab  HTTP/1.1" 200 213
172.22.2.4 - - [17/Dec/2022:05:17:24 -0500] "GET /BLA/boletinlegal/ HTTP/1.1" 200 57824
66.249.64.13 - - [17/Dec/2022:05:19:21 -0500] "-" 408 -
88.80.187.198 - - [17/Dec/2022:05:20:01 -0500] "GET / HTTP/1.1" 200 319
201.245.192.253 - - [17/Dec/2022:05:20:52 -0500] "POST /kwsrmcab/Wsrmcab HTTP/1.1" 200 42612
201.245.192.253 - - [17/Dec/2022:05:20:54 -0500] "POST /kwsrmcab/Wsrmcab HTTP/1.1" 200 44096
216.245.221.92 - - [17/Dec/2022:05:21:45 -0500] "HEAD / HTTP/1.1" 200 -
216.244.66.195 - - [17/Dec/2022:05:23:06 -0500] "-" 408 -
201.245.192.253 - - [17/Dec/2022:05:23:36 -0500] "POST /kwsrmcab/Wsrmcab  HTTP/1.1" 200 213
172.22.2.4 - - [17/Dec/2022:05:23:40 -0500] "GET /BLA/boletinlegal/actos.php HTTP/1.1" 200 9566
172.22.2.4 - - [17/Dec/2022:05:22:24 -0500] "HEAD /BLA/boletinlegal/ HTTP/1.1" 200 -
172.22.2.4 - - [17/Dec/2022:05:23:14 -0500] "GET /BLA/boletinlegal/ HTTP/1.1" 200 57824
216.245.221.92 - - [17/Dec/2022:05:26:45 -0500] "HEAD / HTTP/1.1" 200 -
201.245.192.253 - - [17/Dec/2022:05:28:35 -0500] "POST /kwsrmcab/Wsrmcab  HTTP/1.1" 200 213
172.22.2.4 - - [17/Dec/2022:05:28:14 -0500] "HEAD /BLA/boletinlegal/ HTTP/1.1" 200 -
172.22.2.4 - - [17/Dec/2022:05:29:04 -0500] "GET /BLA/boletinlegal/ HTTP/1.1" 200 56079
201.245.192.253 - - [17/Dec/2022:05:30:52 -0500] "POST /kwsrmcab/Wsrmcab HTTP/1.1" 200 42612
201.245.192.253 - - [17/Dec/2022:05:30:55 -0500] "POST /kwsrmcab/Wsrmcab HTTP/1.1" 200 44096
66.249.64.13 - - [17/Dec/2022:05:31:27 -0500] "-" 408 -
216.245.221.92 - - [17/Dec/2022:05:31:45 -0500] "HEAD / HTTP/1.1" 200 -
173.252.107.7 - - [17/Dec/2022:05:32:27 -0500] "GET /bogota-consolida-avances-ambientales-con-el-compromiso-ciudadano-planes-estrategicos-y-acuerdos-con-diversos-sectores.html HTTP/1.1" 206 1348
152.89.196.211 - - [17/Dec/2022:05:32:27 -0500] "GET /?XDEBUG_SESSION_START=phpstorm HTTP/1.1" 200 319
201.245.192.253 - - [17/Dec/2022:05:33:34 -0500] "POST /kwsrmcab/Wsrmcab  HTTP/1.1" 200 213
172.22.2.4 - - [17/Dec/2022:05:34:04 -0500] "HEAD /BLA/boletinlegal/ HTTP/1.1" 200 -
172.22.2.4 - - [17/Dec/2022:05:34:54 -0500] "GET /BLA/boletinlegal/ HTTP/1.1" 200 57824
216.245.221.92 - - [17/Dec/2022:05:36:45 -0500] "HEAD / HTTP/1.1" 200 -
207.46.13.194 - - [17/Dec/2022:05:36:47 -0500] "GET /bla/resoluciones/notificaciones/autos%202020/1433.pdf HTTP/1.1" 304 -
201.245.192.253 - - [17/Dec/2022:05:38:32 -0500] "POST /kwsrmcab/Wsrmcab  HTTP/1.1" 200 213
207.46.13.198 - - [17/Dec/2022:05:38:49 -0500] "GET /galeria/galeria/fotos/Humedal-Santa-Mar%C3%ADa-del-Lago4G.jpg HTTP/1.1" 200 361652
207.46.13.185 - - [17/Dec/2022:05:40:43 -0500] "GET /BLA/resoluciones/RESOLUCIONES%202021/2042.pdf HTTP/1.1" 304 -
201.245.192.253 - - [17/Dec/2022:05:40:52 -0500] "POST /kwsrmcab/Wsrmcab HTTP/1.1" 200 42612
201.245.192.253 - - [17/Dec/2022:05:40:54 -0500] "POST /kwsrmcab/Wsrmcab HTTP/1.1" 200 44096
66.249.64.13 - - [17/Dec/2022:05:41:10 -0500] "-" 408 -
173.252.127.20 - - [17/Dec/2022:05:41:27 -0500] "GET /images/adopci\xc3\xb3n-1_optimized.jpeg HTTP/1.1" 404 1034
172.22.2.4 - - [17/Dec/2022:05:39:54 -0500] "HEAD /BLA/boletinlegal/ HTTP/1.1" 200 -
157.55.39.39 - - [17/Dec/2022:05:41:41 -0500] "GET /BLA/resoluciones/RESOLUCIONES%202001/2001%20900-949.TIF HTTP/1.1" 200 8558138
216.245.221.92 - - [17/Dec/2022:05:41:45 -0500] "HEAD / HTTP/1.1" 200 -
157.55.39.152 - - [17/Dec/2022:05:41:55 -0500] "GET /bla/resoluciones/notificaciones/registros%202017/0993.pdf HTTP/1.1" 304 -
172.22.2.4 - - [17/Dec/2022:05:40:44 -0500] "GET /BLA/boletinlegal/ HTTP/1.1" 200 56825
201.245.192.253 - - [17/Dec/2022:05:43:32 -0500] "POST /kwsrmcab/Wsrmcab  HTTP/1.1" 200 213
64.62.197.161 - - [17/Dec/2022:05:46:45 -0500] "GET /favicon.ico HTTP/1.1" 200 7782
216.245.221.92 - - [17/Dec/2022:05:46:45 -0500] "HEAD / HTTP/1.1" 200 -
172.22.2.4 - - [17/Dec/2022:05:45:44 -0500] "HEAD /BLA/boletinlegal/ HTTP/1.1" 200 -
172.22.2.4 - - [17/Dec/2022:05:46:34 -0500] "GET /BLA/boletinlegal/ HTTP/1.1" 200 59779
201.245.192.253 - - [17/Dec/2022:05:48:31 -0500] "POST /kwsrmcab/Wsrmcab  HTTP/1.1" 200 213
185.119.81.97 - - [17/Dec/2022:05:50:12 -0500] "GET /portaldeninos/wp-login.php HTTP/1.1" 200 2592
185.119.81.97 - - [17/Dec/2022:05:50:13 -0500] "POST /portaldeninos/wp-login.php HTTP/1.1" 200 3650
66.249.64.13 - - [17/Dec/2022:05:51:41 -0500] "-" 408 -
216.245.221.92 - - [17/Dec/2022:05:51:45 -0500] "HEAD / HTTP/1.1" 200 -
172.22.2.4 - - [17/Dec/2022:05:51:34 -0500] "HEAD /BLA/boletinlegal/ HTTP/1.1" 200 -
201.245.192.253 - - [17/Dec/2022:05:53:30 -0500] "POST /kwsrmcab/Wsrmcab  HTTP/1.1" 200 213
172.22.2.4 - - [17/Dec/2022:05:52:24 -0500] "GET /BLA/boletinlegal/ HTTP/1.1" 200 56825
207.46.13.198 - - [17/Dec/2022:05:54:24 -0500] "GET /bla/resoluciones/notificaciones/registros%202017/1208.pdf HTTP/1.1" 304 -
207.46.13.185 - - [17/Dec/2022:05:54:36 -0500] "GET /BLA/resoluciones/RESOLUCIONES%202022/3458.pdf HTTP/1.1" 304 -
199.59.150.181 - - [17/Dec/2022:05:55:47 -0500] "-" 408 -
216.245.221.92 - - [17/Dec/2022:05:56:45 -0500] "HEAD / HTTP/1.1" 200 -
40.77.202.140 - - [17/Dec/2022:05:57:43 -0500] "GET /BLA/boletinlegal/js/jquery.scrollShow.js HTTP/1.1" 200 4586
40.77.202.140 - - [17/Dec/2022:05:57:47 -0500] "GET /galeria/galeria/jquery.fancybox.css?v=2.1.5 HTTP/1.1" 200 4895
40.77.202.140 - - [17/Dec/2022:05:57:47 -0500] "GET /galeria/galeria/jquery.fancybox.js?v=2.1.5 HTTP/1.1" 200 48706
201.245.192.253 - - [17/Dec/2022:05:58:28 -0500] "POST /kwsrmcab/Wsrmcab  HTTP/1.1" 200 213
172.22.2.4 - - [17/Dec/2022:05:57:23 -0500] "HEAD /BLA/boletinlegal/ HTTP/1.1" 200 -
172.22.2.4 - - [17/Dec/2022:05:58:14 -0500] "GET /BLA/boletinlegal/ HTTP/1.1" 200 57824
66.249.64.13 - - [17/Dec/2022:06:01:32 -0500] "-" 408 -
207.46.13.174 - - [17/Dec/2022:06:01:41 -0500] "GET /BLA/resoluciones/RESOLUCIONES%202000/2000%201000-1049.tif HTTP/1.1" 200 3859139
216.245.221.92 - - [17/Dec/2022:06:01:45 -0500] "HEAD / HTTP/1.1" 200 -
201.245.192.253 - - [17/Dec/2022:06:03:27 -0500] "POST /kwsrmcab/Wsrmcab  HTTP/1.1" 200 213
157.55.39.39 - - [17/Dec/2022:06:03:37 -0500] "GET /galeria/galeria/fotos/Soratama3G.jpg HTTP/1.1" 200 159434
172.22.2.4 - - [17/Dec/2022:06:03:13 -0500] "HEAD /BLA/boletinlegal/ HTTP/1.1" 200 -
181.137.162.11 - - [17/Dec/2022:06:05:17 -0500] "GET /appsia/controlador HTTP/1.1" 200 4799
193.47.61.60 - - [17/Dec/2022:06:05:23 -0500] "GET / HTTP/1.1" 200 319
181.137.162.11 - - [17/Dec/2022:06:05:23 -0500] "POST /appsia/controlador HTTP/1.1" 200 5437
181.137.162.11 - - [17/Dec/2022:06:05:26 -0500] "POST /appsia/controlador HTTP/1.1" 200 7789
181.137.162.11 - - [17/Dec/2022:06:05:36 -0500] "POST /appsia/controlador HTTP/1.1" 200 6654
181.137.162.11 - - [17/Dec/2022:06:05:38 -0500] "POST /appsia/controlador HTTP/1.1" 200 11727
172.22.2.4 - - [17/Dec/2022:06:04:04 -0500] "GET /BLA/boletinlegal/ HTTP/1.1" 200 52942
181.137.162.11 - - [17/Dec/2022:06:06:07 -0500] "GET /appsia/controlador HTTP/1.1" 200 5437
185.119.81.104 - - [17/Dec/2022:06:06:12 -0500] "GET /portaldeninos/wp-login.php HTTP/1.1" 200 2592
185.119.81.104 - - [17/Dec/2022:06:06:13 -0500] "POST /portaldeninos/wp-login.php HTTP/1.1" 200 3670
216.245.221.92 - - [17/Dec/2022:06:06:45 -0500] "HEAD / HTTP/1.1" 200 -
157.55.39.1 - - [17/Dec/2022:06:06:53 -0500] "GET /secretaria-de-ambiente-reconoce-15-entidades-distritales-por-su-desempeno-ambiental.html HTTP/1.1" 200 978
201.245.192.253 - - [17/Dec/2022:06:08:26 -0500] "POST /kwsrmcab/Wsrmcab  HTTP/1.1" 200 213
172.22.2.4 - - [17/Dec/2022:06:09:47 -0500] "GET /BLA/boletinlegal/Directivas/2019/Directiva%20No.%200001%20del%2011%20de%20junio%20de%202019.pdf HTTP/1.1" 304 -
66.249.64.13 - - [17/Dec/2022:06:09:50 -0500] "-" 408 -
172.22.2.4 - - [17/Dec/2022:06:09:03 -0500] "HEAD /BLA/boletinlegal/ HTTP/1.1" 200 -
207.46.13.185 - - [17/Dec/2022:06:11:17 -0500] "GET /appsia/controlador HTTP/1.1" 200 4799
172.22.2.4 - - [17/Dec/2022:06:09:54 -0500] "GET /BLA/boletinlegal/ HTTP/1.1" 200 59779
207.46.13.194 - - [17/Dec/2022:06:11:36 -0500] "GET /appsia/scripts/validarIngreso.js HTTP/1.1" 200 851
157.55.39.152 - - [17/Dec/2022:06:11:39 -0500] "GET /appsia/css/estilos.css HTTP/1.1" 200 4804
216.245.221.92 - - [17/Dec/2022:06:11:45 -0500] "HEAD / HTTP/1.1" 200 -
168.119.253.11 - - [17/Dec/2022:06:11:56 -0500] "GET / HTTP/1.1" 200 319
216.244.66.195 - - [17/Dec/2022:06:12:19 -0500] "-" 408 -
157.55.39.39 - - [17/Dec/2022:06:13:01 -0500] "GET /galeria/galeria/fotos/4humedal-Burro4G.jpg HTTP/1.1" 200 98452
152.89.196.211 - - [17/Dec/2022:06:13:08 -0500] "-" 408 -
201.245.192.253 - - [17/Dec/2022:06:13:25 -0500] "POST /kwsrmcab/Wsrmcab  HTTP/1.1" 200 213
157.55.39.212 - - [17/Dec/2022:06:13:50 -0500] "GET /portaldeninos/2021/04/16/secretaria-de-ambiente-apoya-el-reto-planeta-2021-e-invita-a-instituciones-educativas-a-unirse/ HTTP/1.1" 200 104577
207.46.13.120 - - [17/Dec/2022:06:14:07 -0500] "GET /portaldeninos/wp-content/themes/betheme/fonts/mfn-icons.ttf?93978679 HTTP/1.1" 200 124684
157.55.39.212 - - [17/Dec/2022:06:14:11 -0500] "GET /portaldeninos/wp-includes/js/comment-reply.min.js?ver=4.9.8 HTTP/1.1" 200 1078
66.249.64.13 - - [17/Dec/2022:06:15:44 -0500] "-" 408 -
172.22.2.4 - - [17/Dec/2022:06:14:53 -0500] "HEAD /BLA/boletinlegal/ HTTP/1.1" 200 -
216.245.221.92 - - [17/Dec/2022:06:16:45 -0500] "HEAD / HTTP/1.1" 200 -
172.22.2.4 - - [17/Dec/2022:06:17:04 -0500] "GET /BLA/boletinlegal/style.css HTTP/1.1" 200 9406
172.22.2.4 - - [17/Dec/2022:06:17:04 -0500] "GET /BLA/boletinlegal/styles2.css HTTP/1.1" 200 1838
172.22.2.4 - - [17/Dec/2022:06:17:04 -0500] "GET /BLA/boletinlegal/js/jquery.scrollTo-min.js HTTP/1.1" 200 1150
172.22.2.4 - - [17/Dec/2022:06:17:04 -0500] "GET /BLA/boletinlegal/js/jquery.js HTTP/1.1" 200 57254
172.22.2.4 - - [17/Dec/2022:06:17:04 -0500] "GET /BLA/boletinlegal/js/jquery.scrollShow.js HTTP/1.1" 200 4586
172.22.2.4 - - [17/Dec/2022:06:17:04 -0500] "GET /BLA/boletinlegal/images/cabezote%20BLEGAL.jpg HTTP/1.1" 200 118164
172.22.2.4 - - [17/Dec/2022:06:17:04 -0500] "GET /BLA/boletinlegal/images/subscribe-icon-big.png HTTP/1.1" 200 47702
172.22.2.4 - - [17/Dec/2022:06:17:04 -0500] "GET /BLA/boletinlegal/images/historia.png HTTP/1.1" 200 52775
172.22.2.4 - - [17/Dec/2022:06:17:04 -0500] "GET /BLA/boletinlegal/images/menu_bg.jpg HTTP/1.1" 200 620
172.22.2.4 - - [17/Dec/2022:06:17:04 -0500] "GET /BLA/boletinlegal/images/text.jpg HTTP/1.1" 200 568
172.22.2.4 - - [17/Dec/2022:06:17:04 -0500] "GET /BLA/boletinlegal/images/body_bg.jpg HTTP/1.1" 200 1601
172.22.2.4 - - [17/Dec/2022:06:17:04 -0500] "GET /BLA/boletinlegal/images/hover.jpg HTTP/1.1" 200 640
172.22.2.4 - - [17/Dec/2022:06:17:04 -0500] "GET /BLA/boletinlegal/images/menu_lft.gif HTTP/1.1" 200 1713
172.22.2.4 - - [17/Dec/2022:06:17:04 -0500] "GET /BLA/boletinlegal/images/menu_rght.gif HTTP/1.1" 200 1627
172.22.2.4 - - [17/Dec/2022:06:17:04 -0500] "GET /BLA/boletinlegal/images/bg_top.jpg HTTP/1.1" 200 522
172.22.2.4 - - [17/Dec/2022:06:17:04 -0500] "GET /BLA/boletinlegal/images/launch.jpg HTTP/1.1" 200 14577
172.22.2.4 - - [17/Dec/2022:06:17:04 -0500] "GET /BLA/boletinlegal/images/registro-usuarios.png HTTP/1.1" 200 8106
172.22.2.4 - - [17/Dec/2022:06:17:04 -0500] "GET /BLA/boletinlegal/images/arr_l.jpg HTTP/1.1" 200 1979
172.22.2.4 - - [17/Dec/2022:06:17:04 -0500] "GET /BLA/boletinlegal/images/screen_1.png HTTP/1.1" 200 202547
172.22.2.4 - - [17/Dec/2022:06:15:44 -0500] "GET /BLA/boletinlegal/ HTTP/1.1" 200 56474
172.22.2.4 - - [17/Dec/2022:06:17:04 -0500] "GET /BLA/boletinlegal/ HTTP/1.1" 200 24523
201.245.192.253 - - [17/Dec/2022:06:18:23 -0500] "POST /kwsrmcab/Wsrmcab  HTTP/1.1" 200 213
172.22.2.4 - - [17/Dec/2022:06:20:15 -0500] "GET /BLA/boletinlegal/favicon.ico HTTP/1.1" 404 1018
172.22.2.4 - - [17/Dec/2022:06:19:28 -0500] "GET /BLA/boletinlegal/ HTTP/1.1" 200 36811
172.22.2.4 - - [17/Dec/2022:06:20:36 -0500] "GET /BLA/boletinlegal/js/jquery.js HTTP/1.1" 200 57254
172.22.2.4 - - [17/Dec/2022:06:19:49 -0500] "GET /BLA/boletinlegal/ HTTP/1.1" 200 36811
201.245.192.253 - - [17/Dec/2022:06:20:51 -0500] "POST /kwsrmcab/Wsrmcab HTTP/1.1" 200 42801
201.245.192.253 - - [17/Dec/2022:06:20:54 -0500] "POST /kwsrmcab/Wsrmcab HTTP/1.1" 200 43778
172.22.2.4 - - [17/Dec/2022:06:20:57 -0500] "GET /BLA/boletinlegal/js/jquery.scrollShow.js HTTP/1.1" 200 4586
185.119.81.104 - - [17/Dec/2022:06:21:32 -0500] "GET /portaldeninos/wp-login.php HTTP/1.1" 200 2592
185.119.81.104 - - [17/Dec/2022:06:21:33 -0500] "POST /portaldeninos/wp-login.php HTTP/1.1" 200 3605
216.245.221.92 - - [17/Dec/2022:06:21:45 -0500] "HEAD / HTTP/1.1" 200 -
172.22.2.4 - - [17/Dec/2022:06:20:43 -0500] "HEAD /BLA/boletinlegal/ HTTP/1.1" 200 -
207.46.13.174 - - [17/Dec/2022:06:22:34 -0500] "GET /BLA/resoluciones/RESOLUCIONES%202021/3171.pdf HTTP/1.1" 304 -
172.22.2.4 - - [17/Dec/2022:06:21:34 -0500] "GET /BLA/boletinlegal/ HTTP/1.1" 200 56474
66.249.64.13 - - [17/Dec/2022:06:23:16 -0500] "-" 408 -
201.245.192.253 - - [17/Dec/2022:06:23:22 -0500] "POST /kwsrmcab/Wsrmcab  HTTP/1.1" 200 213
157.55.39.152 - - [17/Dec/2022:06:23:56 -0500] "GET /php/CarreraAdministrativa/RESOLUCION_2590_DEL_2010_CNSC.pdf HTTP/1.1" 404 1018
207.46.13.194 - - [17/Dec/2022:06:24:21 -0500] "GET /BLA/resoluciones/RESOLUCIONES%202020/0098.pdf HTTP/1.1" 304 -
157.55.39.152 - - [17/Dec/2022:06:26:37 -0500] "GET /BLA/resoluciones/AUTOS%202022/2871.pdf HTTP/1.1" 200 437804
216.245.221.92 - - [17/Dec/2022:06:26:45 -0500] "HEAD / HTTP/1.1" 200 -
69.171.251.10 - - [17/Dec/2022:06:27:06 -0500] "GET /images/cr\xc3\xb3nica-29-nov-1_optimized.jpeg HTTP/1.1" 404 1034
173.252.107.21 - - [17/Dec/2022:06:28:08 -0500] "GET /images/Acuerdos%2001%20(1)%20(1).jpeg HTTP/1.1" 200 32884
172.22.2.4 - - [17/Dec/2022:06:26:33 -0500] "HEAD /BLA/boletinlegal/ HTTP/1.1" 200 -
201.245.192.253 - - [17/Dec/2022:06:28:20 -0500] "POST /kwsrmcab/Wsrmcab  HTTP/1.1" 200 213
172.22.2.4 - - [17/Dec/2022:06:27:24 -0500] "GET /BLA/boletinlegal/ HTTP/1.1" 200 57824
40.77.188.165 - - [17/Dec/2022:06:30:04 -0500] "GET /portaldeninos/wp-content/themes/betheme/fonts/mfn-icons.woff?93978679 HTTP/1.1" 200 80932
45.9.110.186 - - [17/Dec/2022:06:30:05 -0500] "-" 408 -
201.245.192.253 - - [17/Dec/2022:06:30:52 -0500] "POST /kwsrmcab/Wsrmcab HTTP/1.1" 200 42801
201.245.192.253 - - [17/Dec/2022:06:30:54 -0500] "POST /kwsrmcab/Wsrmcab HTTP/1.1" 200 43778
66.249.64.13 - - [17/Dec/2022:06:31:11 -0500] "-" 408 -
216.245.221.92 - - [17/Dec/2022:06:31:45 -0500] "HEAD / HTTP/1.1" 200 -
201.245.192.253 - - [17/Dec/2022:06:33:19 -0500] "POST /kwsrmcab/Wsrmcab  HTTP/1.1" 200 213
172.22.2.4 - - [17/Dec/2022:06:32:23 -0500] "HEAD /BLA/boletinlegal/ HTTP/1.1" 200 -
66.249.73.84 - - [17/Dec/2022:06:34:49 -0500] "-" 408 -
172.22.2.4 - - [17/Dec/2022:06:33:14 -0500] "GET /BLA/boletinlegal/ HTTP/1.1" 200 56474
216.245.221.92 - - [17/Dec/2022:06:36:45 -0500] "HEAD / HTTP/1.1" 200 -
66.249.64.13 - - [17/Dec/2022:06:36:53 -0500] "-" 408 -
201.245.192.253 - - [17/Dec/2022:06:38:18 -0500] "POST /kwsrmcab/Wsrmcab  HTTP/1.1" 200 213
172.22.2.4 - - [17/Dec/2022:06:38:13 -0500] "HEAD /BLA/boletinlegal/ HTTP/1.1" 200 -
172.22.2.4 - - [17/Dec/2022:06:39:04 -0500] "GET /BLA/boletinlegal/ HTTP/1.1" 200 57824
207.46.13.174 - - [17/Dec/2022:06:40:45 -0500] "GET /bla/resoluciones/resoluciones%202020/2536.pdf HTTP/1.1" 200 339726
201.245.192.253 - - [17/Dec/2022:06:40:51 -0500] "POST /kwsrmcab/Wsrmcab HTTP/1.1" 200 42801
201.245.192.253 - - [17/Dec/2022:06:40:54 -0500] "POST /kwsrmcab/Wsrmcab HTTP/1.1" 200 43778
216.245.221.92 - - [17/Dec/2022:06:41:45 -0500] "HEAD / HTTP/1.1" 200 -
201.245.192.253 - - [17/Dec/2022:06:43:16 -0500] "POST /kwsrmcab/Wsrmcab  HTTP/1.1" 200 213
66.249.64.13 - - [17/Dec/2022:06:44:27 -0500] "-" 408 -
172.22.2.4 - - [17/Dec/2022:06:44:30 -0500] "GET /BLA/boletinlegal/actos.php HTTP/1.1" 200 9566
172.22.2.4 - - [17/Dec/2022:06:44:30 -0500] "GET /BLA/boletinlegal/js/ajax_actos.js HTTP/1.1" 200 1322
172.22.2.4 - - [17/Dec/2022:06:44:30 -0500] "GET /BLA/boletinlegal/images/historia.png HTTP/1.1" 200 52775
172.22.2.4 - - [17/Dec/2022:06:44:30 -0500] "GET /BLA/boletinlegal/js/jquery1.js HTTP/1.1" 200 29846
172.22.2.4 - - [17/Dec/2022:06:44:30 -0500] "GET /BLA/boletinlegal/images/registro-usuarios.png HTTP/1.1" 200 8106
172.22.2.4 - - [17/Dec/2022:06:44:30 -0500] "GET /BLA/boletinlegal/images/green-yellow-blue-pink-th.png HTTP/1.1" 200 7394
172.22.2.4 - - [17/Dec/2022:06:44:30 -0500] "GET /BLA/boletinlegal/images/footer_bg.jpg HTTP/1.1" 200 586
172.22.2.4 - - [17/Dec/2022:06:44:31 -0500] "GET /BLA/boletinlegal/img/select-right.png HTTP/1.1" 200 44019
172.22.2.4 - - [17/Dec/2022:06:44:31 -0500] "GET /BLA/boletinlegal/img/select-left.png HTTP/1.1" 200 263
172.22.2.4 - - [17/Dec/2022:06:44:31 -0500] "GET /BLA/boletinlegal/img/button.png HTTP/1.1" 200 43241
172.22.2.4 - - [17/Dec/2022:06:44:31 -0500] "GET /BLA/boletinlegal/img/button-left.png HTTP/1.1" 200 57071
200.91.245.98 - - [17/Dec/2022:06:44:32 -0500] "GET /BLA/resoluciones/ HTTP/1.1" 200 13093
200.91.245.98 - - [17/Dec/2022:06:44:32 -0500] "GET /BLA/resoluciones/dlf/styles.css HTTP/1.1" 200 3049
200.91.245.98 - - [17/Dec/2022:06:44:32 -0500] "GET /BLA/resoluciones/dlf/folder.png HTTP/1.1" 200 410
200.91.245.98 - - [17/Dec/2022:06:44:32 -0500] "GET /BLA/resoluciones/dlf/bg.gif HTTP/1.1" 200 54
200.91.245.98 - - [17/Dec/2022:06:44:41 -0500] "GET /BLA/resoluciones/dlf/dirup.png HTTP/1.1" 200 644
200.91.245.98 - - [17/Dec/2022:06:44:41 -0500] "GET /BLA/resoluciones/dlf/unknown.png HTTP/1.1" 200 266
200.91.245.98 - - [17/Dec/2022:06:44:41 -0500] "GET /BLA/resoluciones/index.php?dir=AUTOS+2015%2F HTTP/1.1" 200 578300
200.91.245.98 - - [17/Dec/2022:06:45:01 -0500] "GET /BLA/resoluciones/AUTOS%202015/0792.pdf HTTP/1.1" 200 646535
172.22.2.4 - - [17/Dec/2022:06:45:35 -0500] "GET /BLA/boletinlegal/norma_menu.php HTTP/1.1" 200 6318
191.156.158.13 - - [17/Dec/2022:06:45:40 -0500] "GET /si-tienes-ropa-y-calzado-que-ya-no-usas-aca-te-presentamos-seis-puntos-a-donde-los-puedes-llevar.html HTTP/1.1" 200 872
172.22.2.4 - - [17/Dec/2022:06:44:03 -0500] "HEAD /BLA/boletinlegal/ HTTP/1.1" 200 -
172.22.2.4 - - [17/Dec/2022:06:45:50 -0500] "GET /BLA/boletinlegal/js/lib.js HTTP/1.1" 200 6474
172.22.2.4 - - [17/Dec/2022:06:45:53 -0500] "GET /BLA/boletinlegal/styles2.css HTTP/1.1" 200 1838
172.22.2.4 - - [17/Dec/2022:06:45:55 -0500] "GET /BLA/boletinlegal/js/jquery1.js HTTP/1.1" 200 29846
172.22.2.4 - - [17/Dec/2022:06:45:55 -0500] "GET /BLA/boletinlegal/js/popup.js HTTP/1.1" 200 1270
172.22.2.4 - - [17/Dec/2022:06:45:55 -0500] "GET /BLA/boletinlegal/swfobject.js HTTP/1.1" 200 9763
172.22.2.4 - - [17/Dec/2022:06:45:59 -0500] "GET /BLA/boletinlegal/js/ajax.js HTTP/1.1" 200 772
172.22.2.4 - - [17/Dec/2022:06:44:54 -0500] "GET /BLA/boletinlegal/ HTTP/1.1" 200 59779
200.69.84.132 - - [17/Dec/2022:06:46:38 -0500] "GET /sipse/faces/faces/faces/faces/faces/autenticacion.xhtml HTTP/1.1" 200 12505
200.69.84.132 - - [17/Dec/2022:06:46:38 -0500] "GET /sipse/js/disable_browser_buttons.js HTTP/1.1" 200 3230
200.69.84.132 - - [17/Dec/2022:06:46:39 -0500] "GET /sipse/js/funciones.js HTTP/1.1" 200 12592
200.69.84.132 - - [17/Dec/2022:06:46:39 -0500] "GET /sipse/css/custom_css_sg.css HTTP/1.1" 200 9694
200.69.84.132 - - [17/Dec/2022:06:46:39 -0500] "GET /sipse/css/custom_css_sg_prime_login.css HTTP/1.1" 200 443
200.69.84.132 - - [17/Dec/2022:06:46:39 -0500] "GET /sipse/faces/javax.faces.resource/layout/layout.css;jsessionid=KxWaFGtHu-N8ZdBEAVndA6Uh.undefined?ln=primefaces&v=4.0 HTTP/1.1" 200 542
200.69.84.132 - - [17/Dec/2022:06:46:39 -0500] "GET /sipse/faces/javax.faces.resource/primefaces.css;jsessionid=KxWaFGtHu-N8ZdBEAVndA6Uh.undefined?ln=primefaces&v=4.0 HTTP/1.1" 200 53295
200.69.84.132 - - [17/Dec/2022:06:46:39 -0500] "GET /sipse/faces/javax.faces.resource/theme.css?ln=primefaces-sipse HTTP/1.1" 200 50058
200.69.84.132 - - [17/Dec/2022:06:46:39 -0500] "GET /sipse/faces/javax.faces.resource/jquery/jquery.js;jsessionid=KxWaFGtHu-N8ZdBEAVndA6Uh.undefined?ln=primefaces&v=4.0 HTTP/1.1" 200 105384
200.69.84.132 - - [17/Dec/2022:06:46:39 -0500] "GET /sipse/faces/javax.faces.resource/primefaces.js;jsessionid=KxWaFGtHu-N8ZdBEAVndA6Uh.undefined?ln=primefaces&v=4.0 HTTP/1.1" 200 276924
200.69.84.132 - - [17/Dec/2022:06:46:39 -0500] "GET /sipse/faces/javax.faces.resource/layout/layout.js;jsessionid=KxWaFGtHu-N8ZdBEAVndA6Uh.undefined?ln=primefaces&v=4.0 HTTP/1.1" 200 87560
200.69.84.132 - - [17/Dec/2022:06:46:39 -0500] "GET /sipse/faces/javax.faces.resource/jquery/jquery-plugins.js;jsessionid=KxWaFGtHu-N8ZdBEAVndA6Uh.undefined?ln=primefaces&v=4.0 HTTP/1.1" 200 220526
200.69.84.132 - - [17/Dec/2022:06:46:42 -0500] "GET /sipse/faces/javax.faces.resource/images/ui-icons_898989_256x240.png?ln=primefaces-aristo HTTP/1.1" 200 5355
200.69.84.132 - - [17/Dec/2022:06:46:42 -0500] "GET /sipse/css/imagen/loginimg.png HTTP/1.1" 200 71635
200.69.84.132 - - [17/Dec/2022:06:46:42 -0500] "GET /sipse/css/imagen/logoSDG.png HTTP/1.1" 200 53064
200.69.84.132 - - [17/Dec/2022:06:46:42 -0500] "GET /sipse/faces/faces/faces/faces/faces/index.xhtml HTTP/1.1" 200 677
200.69.84.132 - - [17/Dec/2022:06:46:42 -0500] "GET /sipse/faces/javax.faces.resource/theme.css?ln=primefaces-sipse HTTP/1.1" 304 -
200.69.84.132 - - [17/Dec/2022:06:46:43 -0500] "GET /sipse/faces/faces/faces/faces/faces/faces/autenticacion.xhtml HTTP/1.1" 200 12183
200.69.84.132 - - [17/Dec/2022:06:46:43 -0500] "GET /sipse/faces/javax.faces.resource/layout/layout.css?ln=primefaces&v=4.0 HTTP/1.1" 200 542
200.69.84.132 - - [17/Dec/2022:06:46:43 -0500] "GET /sipse/faces/javax.faces.resource/theme.css?ln=primefaces-sipse HTTP/1.1" 304 -
200.69.84.132 - - [17/Dec/2022:06:46:43 -0500] "GET /sipse/faces/javax.faces.resource/primefaces.css?ln=primefaces&v=4.0 HTTP/1.1" 200 53295
200.69.84.132 - - [17/Dec/2022:06:46:43 -0500] "GET /sipse/faces/javax.faces.resource/layout/layout.js?ln=primefaces&v=4.0 HTTP/1.1" 200 87560
216.245.221.92 - - [17/Dec/2022:06:46:45 -0500] "HEAD / HTTP/1.1" 200 -
200.69.84.132 - - [17/Dec/2022:06:46:43 -0500] "GET /sipse/faces/javax.faces.resource/jquery/jquery.js?ln=primefaces&v=4.0 HTTP/1.1" 200 105384
200.69.84.132 - - [17/Dec/2022:06:46:43 -0500] "GET /sipse/faces/javax.faces.resource/jquery/jquery-plugins.js?ln=primefaces&v=4.0 HTTP/1.1" 200 220526
200.69.84.132 - - [17/Dec/2022:06:46:43 -0500] "GET /sipse/faces/javax.faces.resource/primefaces.js?ln=primefaces&v=4.0 HTTP/1.1" 200 276924
201.245.192.253 - - [17/Dec/2022:06:48:16 -0500] "POST /kwsrmcab/Wsrmcab  HTTP/1.1" 200 213
168.119.49.52 - - [17/Dec/2022:06:49:47 -0500] "GET / HTTP/1.1" 200 319
172.22.2.4 - - [17/Dec/2022:06:49:53 -0500] "HEAD /BLA/boletinlegal/ HTTP/1.1" 200 -
216.245.221.92 - - [17/Dec/2022:06:51:45 -0500] "HEAD / HTTP/1.1" 200 -
66.249.64.13 - - [17/Dec/2022:06:52:02 -0500] "-" 408 -
172.22.2.4 - - [17/Dec/2022:06:50:44 -0500] "GET /BLA/boletinlegal/ HTTP/1.1" 200 56825
201.245.192.253 - - [17/Dec/2022:06:53:14 -0500] "POST /kwsrmcab/Wsrmcab  HTTP/1.1" 200 213
185.119.81.104 - - [17/Dec/2022:06:56:30 -0500] "GET /portaldeninos/wp-login.php HTTP/1.1" 200 2592
185.119.81.104 - - [17/Dec/2022:06:56:31 -0500] "POST /portaldeninos/wp-login.php HTTP/1.1" 200 3605
216.245.221.92 - - [17/Dec/2022:06:56:45 -0500] "HEAD / HTTP/1.1" 200 -
172.22.2.4 - - [17/Dec/2022:06:55:43 -0500] "HEAD /BLA/boletinlegal/ HTTP/1.1" 200 -
172.22.2.4 - - [17/Dec/2022:06:57:48 -0500] "GET /BLA/boletinlegal/Electron/download/windows/%5CProgram%20Files%5C3CX%20Phone%20System%5CData%5CDB%5Cbase%5C16384%5C16393 HTTP/1.1" 404 1018
152.89.196.211 - - [17/Dec/2022:06:57:54 -0500] "GET /actuator/gateway/routes HTTP/1.1" 404 1018
172.22.2.4 - - [17/Dec/2022:06:58:08 -0500] "GET /BLA/boletinlegal/actos.php HTTP/1.1" 200 9566
172.22.2.4 - - [17/Dec/2022:06:56:34 -0500] "GET /BLA/boletinlegal/ HTTP/1.1" 200 57824
201.245.192.253 - - [17/Dec/2022:06:58:13 -0500] "POST /kwsrmcab/Wsrmcab  HTTP/1.1" 200 213
216.244.66.195 - - [17/Dec/2022:07:00:52 -0500] "-" 408 -
216.245.221.92 - - [17/Dec/2022:07:01:45 -0500] "HEAD / HTTP/1.1" 200 -
172.22.2.4 - - [17/Dec/2022:07:01:33 -0500] "HEAD /BLA/boletinlegal/ HTTP/1.1" 200 -
201.245.192.253 - - [17/Dec/2022:07:03:13 -0500] "POST /kwsrmcab/Wsrmcab  HTTP/1.1" 200 213
157.90.244.54 - - [17/Dec/2022:07:03:18 -0500] "GET / HTTP/1.1" 200 319
172.22.2.4 - - [17/Dec/2022:07:02:24 -0500] "GET /BLA/boletinlegal/ HTTP/1.1" 200 54452
172.22.2.4 - - [17/Dec/2022:07:05:42 -0500] "GET /BLA/boletinlegal/ HTTP/1.1" 200 24523
216.245.221.92 - - [17/Dec/2022:07:06:45 -0500] "HEAD / HTTP/1.1" 200 -
207.46.13.185 - - [17/Dec/2022:07:07:37 -0500] "GET /bla/resoluciones/resoluciones%202021/0965.pdf HTTP/1.1" 200 1552699
185.119.81.97 - - [17/Dec/2022:07:08:09 -0500] "GET /portaldeninos/wp-login.php HTTP/1.1" 200 2592
185.119.81.97 - - [17/Dec/2022:07:08:10 -0500] "POST /portaldeninos/wp-login.php HTTP/1.1" 200 3670
201.245.192.253 - - [17/Dec/2022:07:08:11 -0500] "POST /kwsrmcab/Wsrmcab  HTTP/1.1" 200 213
157.55.39.39 - - [17/Dec/2022:07:08:41 -0500] "GET /galeria/galeria/fotos/GuaymaralTorca3G.jpg HTTP/1.1" 200 330310
172.22.2.4 - - [17/Dec/2022:07:07:23 -0500] "HEAD /BLA/boletinlegal/ HTTP/1.1" 200 -
172.22.2.4 - - [17/Dec/2022:07:08:14 -0500] "GET /BLA/boletinlegal/ HTTP/1.1" 200 56474
216.245.221.92 - - [17/Dec/2022:07:11:45 -0500] "HEAD / HTTP/1.1" 200 -
207.46.13.194 - - [17/Dec/2022:07:12:34 -0500] "GET /BLA/resoluciones/AUTOS%202022/5590.pdf HTTP/1.1" 200 407130
201.245.192.253 - - [17/Dec/2022:07:13:10 -0500] "POST /kwsrmcab/Wsrmcab  HTTP/1.1" 200 213
173.252.87.120 - - [17/Dec/2022:07:13:27 -0500] "GET /images/adopci\xc3\xb3n-1_optimized.jpeg HTTP/1.1" 404 1034
172.22.2.4 - - [17/Dec/2022:07:13:13 -0500] "HEAD /BLA/boletinlegal/ HTTP/1.1" 200 -
172.22.2.4 - - [17/Dec/2022:07:14:03 -0500] "GET /BLA/boletinlegal/ HTTP/1.1" 200 57192
217.66.196.169 - - [17/Dec/2022:07:15:50 -0500] "GET / HTTP/1.1" 200 319
216.245.221.92 - - [17/Dec/2022:07:16:45 -0500] "HEAD / HTTP/1.1" 200 -
69.171.249.5 - - [17/Dec/2022:07:17:55 -0500] "GET /images/adopci\xc3\xb3n-1_optimized.jpeg HTTP/1.1" 404 1034
201.245.192.253 - - [17/Dec/2022:07:18:09 -0500] "POST /kwsrmcab/Wsrmcab  HTTP/1.1" 200 213
186.102.24.79 - - [17/Dec/2022:07:20:03 -0500] "GET /kwssiamovil/sm/ldap/au?x=U2FsdGVkX197CoJbi8PobgH5xR0WX4MPgQPhCFFb5tqv/eW9tZDifckl1qakDTCg&y=U2FsdGVkX19hoNMsqPyHy0Sa3lq8HOiJ+1U8A3LgIbtua2GLhIoPHvr88IsYii41 HTTP/1.1" 200 30
186.102.24.79 - - [17/Dec/2022:07:20:04 -0500] "GET /kwssiamovil/sm/acme/s?s=U2FsdGVkX18Y84SJpAvj5h97+bAahyEImmTcokM6BJdyupiyG7FZ/iQsCoTvVtuTgu5uvi9tFF5w0uIaq+uvp+bCZ0mlRcPWfoDtQFeMWsw=&u=U2FsdGVkX195ZSiRLPToeSXp806GLmiL0LYJH0oO3cIW+WOeh+FnakGDjrwZnoU3&y=U2FsdGVkX19hoNMsqPyHy0Sa3lq8HOiJ+1U8A3LgIbtua2GLhIoPHvr88IsYii41 HTTP/1.1" 200 97
186.102.24.79 - - [17/Dec/2022:07:20:04 -0500] "GET /kwssiamovil/sm/acme/s?s=U2FsdGVkX19bQeBqSevnwZ7dI6JjxLjmctw6PUDIlNmJb3ghP6WEIiP8VK5ZWk/UWZg6ROR103v/ZYb9Spuau1MD13w1lvv4B/KTQE3FRVWVoSNTwbWGEMeTnUa+Z8EJBrNA8fT3CJNHvPadKaLXgrHg9x/chHH/alOXDZUcM35U2ImgAVTqFF8S+K6icQMC3XdT8nvspjg2rEms90TyloYuy+4pZxz+uMBExcY1CNfKhMLQeIAePw9/D+jgG+NaAQiKcu8S61bSkXo0a6hdn4YSczsCtEU8ygVnxJx/LsJINdsTMsvVS/s7VODUmJ6ufPTVozNhdXjxS14LNwDqDUFDZ7Fwfx3jPXGzpRBGb/hULhI4BAgmuztJZLAKoPM3dX73Mn7GCL0f0Lg7LU9B89+IqdqOczxDb0PJLJE7R3CXcyIsdYVWnlBhTYCASYl6XQlgYLwbetvmmoe20vzam1DwuE6LIc7BVEKUZ06lb3e0NIgH8MjdWFq9RUKPWJEAO+CaF5UBR6dqdrg2a5948dwSy7JrQbSxnLON3WPDLxHweG4xdcr1F8qbQDPm8bHlcc+OzvrwGyKy15EVziG0mCLsxySEUMAVqTx+hGIFhClxKe3UwhwBtmH5D2QETPQDngR4GnopxyuaBKCypWNSGcA8gvdOLa5g9fu829fLM6+Go8g8T8FFWYddzx7tuN9IwjqCxJWIl0UCfIUlm1axKkELH6wNPSZeL8OPte+wIrjdjdsrKsjO47TWMJUu/qf80L+7dfxLsdOC/Mw3DWurCo7GGtWZmoEfukkZ2vl5bvYbIBMLCog8C9K8OIjOkTJvYXL/Ul6VIvXZarLDgSyZLUoUoLDoyLtS4WB7I8i7EBJK8Cy/hkCo4Zx+MisQYZ2BtXph8b9HhZUg70ZhjAzaO/uG8rsPfX5jmjZQ60vThY0kSVbI6iBZy2UXlm/ZLrtSa3ZtCm5maZDLMe1z0s2Vz0qwcHi7/46Wu1fgxK0DwFrhgrOv/KhyCzaFiQPBwzMIzRrctCHSS0sltnSGZOPyLVWrXNzN23ohlwKaqTm7ShPvw84PwxRA2+vabzI39i2M0S51HLJPXHQwHMi0hnOIw/pnKBoDUYXb8CaoCtnmx+4C2bveCZGOaCJ7uxNb2kFDRSiAevNPmKXfKvdlPxrYXsZgo/Xd3hKRuO7qesdJWBjybClWEJr9g2mvzbFRO6JrZJ030aNhE8TaZFi7X0KnbWerPbUQtOlGmP7A3Z1xr0YeD4EqhtuYwNjwFYeyYcjX7Ap9Z9Z5vBa7nKhmn+fREZGJQegAKrzhQU33kvYj88cKRAny2gzr1QWSAW+eSW54qn8f4djy/wukz7n+pXmOKKQv9eNK+9Co4ohk52+pypKJqpiLBsk1ND59YdpPpZdOWyOspG4scgwMjWIN+Ky73/7tL9csK1HOwEwsE5adszs=&u=U2FsdGVkX195ZSiRLPToeSXp806GLmiL0LYJH0oO3cIW+WOeh+FnakGDjrwZnoU3&y=U2FsdGVkX19hoNMsqPyHy0Sa3lq8HOiJ+1U8A3LgIbtua2GLhIoPHvr88IsYii41 HTTP/1.1" 200 2522
186.102.24.79 - - [17/Dec/2022:07:20:04 -0500] "GET /kwssiamovil/sm/acme/s?s=U2FsdGVkX193KJwchvt0JhANJQ8+FrPsgmIZCFto6Ymn/CdhPhWWnvnvlf+SVYJxXlgCkg+uG5Ooo2f6gjqNthsxKtsQ6EbyVijGjQDv1NpOGzBUm71FNiIMPQtnrMYn5f4gTQm7F4UgVOJ7GVIsx6KdLhGwX6HdLSPuT3KHzHsM9N53/0GqWUJrpkz7h/p/zHqWp5jU51eWTekuFnYrZTeHDsmQlsQPlgeLCVaG/AEz2Rov73c0+GKRO5qsk0juj/QWvjmQblNjo1Sy4xYIb8y+rwNS+2COmSfnV6xRQOIotn/7WDqyxLrroliolIFg2/pDES2vuz59FfMGtTphHqnUDJC/NN7dABV4O0En+38=&u=U2FsdGVkX195ZSiRLPToeSXp806GLmiL0LYJH0oO3cIW+WOeh+FnakGDjrwZnoU3&y=U2FsdGVkX19hoNMsqPyHy0Sa3lq8HOiJ+1U8A3LgIbtua2GLhIoPHvr88IsYii41 HTTP/1.1" 200 196
186.102.24.79 - - [17/Dec/2022:07:20:04 -0500] "GET /kwssiamovil/sm/cjson/pre?f=1&x=U2FsdGVkX197CoJbi8PobgH5xR0WX4MPgQPhCFFb5tqv/eW9tZDifckl1qakDTCg HTTP/1.1" 200 31032
173.252.127.9 - - [17/Dec/2022:07:20:28 -0500] "GET /images/Acuerdos%2001%20(1)%20(1).jpeg HTTP/1.1" 200 32884
172.22.2.4 - - [17/Dec/2022:07:20:30 -0500] "GET /BLA/boletinlegal/actos.php HTTP/1.1" 200 9566
172.22.2.4 - - [17/Dec/2022:07:19:03 -0500] "HEAD /BLA/boletinlegal/ HTTP/1.1" 200 -
201.245.192.253 - - [17/Dec/2022:07:20:51 -0500] "POST /kwsrmcab/Wsrmcab HTTP/1.1" 200 44122
201.245.192.253 - - [17/Dec/2022:07:20:54 -0500] "POST /kwsrmcab/Wsrmcab HTTP/1.1" 200 43803
172.22.2.4 - - [17/Dec/2022:07:19:53 -0500] "GET /BLA/boletinlegal/ HTTP/1.1" 200 52079
216.245.221.92 - - [17/Dec/2022:07:21:45 -0500] "HEAD / HTTP/1.1" 200 -
173.252.107.4 - - [17/Dec/2022:07:22:36 -0500] "GET /si-eres-mujer-y-te-gusta-el-cuidado-de-los-humedales-este-proceso-de-formacion-es-para-ti.html HTTP/1.1" 206 1025
157.55.39.39 - - [17/Dec/2022:07:22:57 -0500] "GET /bla/resoluciones/resoluciones%202021/0239.pdf HTTP/1.1" 200 378471
201.245.192.253 - - [17/Dec/2022:07:23:08 -0500] "POST /kwsrmcab/Wsrmcab  HTTP/1.1" 200 213
160.36.59.217 - - [17/Dec/2022:07:23:22 -0500] "GET /BLA/boletinlegal/js/jquery.scrollShow.js HTTP/1.1" 200 4586
160.36.59.217 - - [17/Dec/2022:07:23:22 -0500] "GET /galeria/galeria/jquery.fancybox.js?v=2.1.5 HTTP/1.1" 200 48706
95.217.144.250 - - [17/Dec/2022:07:26:10 -0500] "-" 408 -
95.217.144.250 - - [17/Dec/2022:07:26:30 -0500] "-" 408 -
95.217.144.250 - - [17/Dec/2022:07:26:31 -0500] "-" 408 -
172.22.2.4 - - [17/Dec/2022:07:24:53 -0500] "HEAD /BLA/boletinlegal/ HTTP/1.1" 200 -
95.217.144.250 - - [17/Dec/2022:07:26:40 -0500] "-" 408 -
95.217.144.250 - - [17/Dec/2022:07:26:44 -0500] "-" 408 -
95.217.144.250 - - [17/Dec/2022:07:26:44 -0500] "-" 408 -
216.245.221.92 - - [17/Dec/2022:07:26:45 -0500] "HEAD / HTTP/1.1" 200 -
95.217.144.250 - - [17/Dec/2022:07:26:52 -0500] "-" 408 -
95.217.144.240 - - [17/Dec/2022:07:26:52 -0500] "-" 408 -
95.217.144.240 - - [17/Dec/2022:07:26:59 -0500] "-" 408 -
95.217.144.245 - - [17/Dec/2022:07:27:04 -0500] "-" 408 -
95.217.144.245 - - [17/Dec/2022:07:27:05 -0500] "-" 408 -
95.217.144.245 - - [17/Dec/2022:07:27:05 -0500] "-" 408 -
95.217.144.250 - - [17/Dec/2022:07:27:11 -0500] "-" 408 -
207.46.13.194 - - [17/Dec/2022:07:27:15 -0500] "GET /bla/resoluciones/resoluciones%202021/0878.pdf HTTP/1.1" 200 1318449
95.217.144.245 - - [17/Dec/2022:07:27:15 -0500] "-" 408 -
95.217.144.248 - - [17/Dec/2022:07:27:21 -0500] "-" 408 -
95.217.144.248 - - [17/Dec/2022:07:27:21 -0500] "-" 408 -
95.217.144.248 - - [17/Dec/2022:07:27:21 -0500] "-" 408 -
95.217.144.245 - - [17/Dec/2022:07:27:21 -0500] "-" 408 -
95.217.144.245 - - [17/Dec/2022:07:27:22 -0500] "-" 408 -
172.22.2.4 - - [17/Dec/2022:07:25:44 -0500] "GET /BLA/boletinlegal/ HTTP/1.1" 200 57824
201.245.192.253 - - [17/Dec/2022:07:28:07 -0500] "POST /kwsrmcab/Wsrmcab  HTTP/1.1" 200 213
201.245.192.253 - - [17/Dec/2022:07:30:52 -0500] "POST /kwsrmcab/Wsrmcab HTTP/1.1" 200 44122
201.245.192.253 - - [17/Dec/2022:07:30:54 -0500] "POST /kwsrmcab/Wsrmcab HTTP/1.1" 200 43803
173.252.79.20 - - [17/Dec/2022:07:31:42 -0500] "GET /images/adopci\xc3\xb3n-1_optimized.jpeg HTTP/1.1" 404 1034
216.245.221.92 - - [17/Dec/2022:07:31:45 -0500] "HEAD / HTTP/1.1" 200 -
172.22.2.4 - - [17/Dec/2022:07:30:43 -0500] "HEAD /BLA/boletinlegal/ HTTP/1.1" 200 -
201.245.192.253 - - [17/Dec/2022:07:33:06 -0500] "POST /kwsrmcab/Wsrmcab  HTTP/1.1" 200 213
172.22.2.4 - - [17/Dec/2022:07:31:33 -0500] "GET /BLA/boletinlegal/ HTTP/1.1" 200 57192
207.46.13.174 - - [17/Dec/2022:07:35:50 -0500] "GET /BLA/resoluciones/RESOLUCIONES%202000/2000%201050-1099.tif HTTP/1.1" 200 4573468
173.252.87.1 - - [17/Dec/2022:07:36:23 -0500] "GET /images/adopci\xc3\xb3n-1_optimized.jpeg HTTP/1.1" 404 1034
216.245.221.92 - - [17/Dec/2022:07:36:45 -0500] "HEAD / HTTP/1.1" 200 -
200.69.84.132 - - [17/Dec/2022:07:37:23 -0500] "GET /sipse/css/custom_css_sg.css HTTP/1.1" 200 9694
200.69.84.132 - - [17/Dec/2022:07:37:23 -0500] "GET /sipse/css/custom_css_sg_prime.css HTTP/1.1" 200 5201
200.69.84.132 - - [17/Dec/2022:07:37:23 -0500] "GET /sipse/faces/javax.faces.resource/theme.css?ln=primefaces-sipse HTTP/1.1" 200 17631
200.69.84.132 - - [17/Dec/2022:07:37:23 -0500] "GET /sipse/faces/javax.faces.resource/layout/layout.css?ln=primefaces&v=4.0 HTTP/1.1" 200 542
200.69.84.132 - - [17/Dec/2022:07:37:23 -0500] "GET /sipse/faces/javax.faces.resource/primefaces.css?ln=primefaces&v=4.0 HTTP/1.1" 200 17631
200.69.84.132 - - [17/Dec/2022:07:37:24 -0500] "GET /sipse/imagenes/cargando.gif HTTP/1.1" 302 -
200.69.84.132 - - [17/Dec/2022:07:37:24 -0500] "GET /favicon.ico HTTP/1.1" 200 7782
200.69.84.132 - - [17/Dec/2022:07:37:24 -0500] "GET /sipse/faces/faces/autenticacion.xhtml HTTP/1.1" 200 12183
200.69.84.132 - - [17/Dec/2022:07:37:24 -0500] "GET /sipse/css/imagen/contrasena.png HTTP/1.1" 404 383
200.69.84.132 - - [17/Dec/2022:07:37:24 -0500] "GET /sipse/css/imagen/logoSDG.png HTTP/1.1" 200 53064
200.69.84.132 - - [17/Dec/2022:07:37:24 -0500] "GET /sipse/css/custom_css_sg.css HTTP/1.1" 304 -
200.69.84.132 - - [17/Dec/2022:07:37:24 -0500] "GET /sipse/js/funciones.js HTTP/1.1" 304 -
200.69.84.132 - - [17/Dec/2022:07:37:24 -0500] "GET /sipse/js/disable_browser_buttons.js HTTP/1.1" 304 -
200.69.84.132 - - [17/Dec/2022:07:37:24 -0500] "GET /sipse/faces/javax.faces.resource/theme.css?ln=primefaces-sipse HTTP/1.1" 304 -
200.69.84.132 - - [17/Dec/2022:07:37:24 -0500] "GET /sipse/css/custom_css_sg_prime_login.css HTTP/1.1" 200 443
200.69.84.132 - - [17/Dec/2022:07:37:24 -0500] "GET /sipse/faces/javax.faces.resource/primefaces.css?ln=primefaces&v=4.0 HTTP/1.1" 304 -
200.69.84.132 - - [17/Dec/2022:07:37:24 -0500] "GET /sipse/faces/javax.faces.resource/jquery/jquery.js?ln=primefaces&v=4.0 HTTP/1.1" 304 -
200.69.84.132 - - [17/Dec/2022:07:37:24 -0500] "GET /sipse/faces/javax.faces.resource/images/ui-icons_898989_256x240.png?ln=primefaces-aristo HTTP/1.1" 200 5355
200.69.84.132 - - [17/Dec/2022:07:37:24 -0500] "GET /sipse/faces/javax.faces.resource/layout/layout.css?ln=primefaces&v=4.0 HTTP/1.1" 304 -
200.69.84.132 - - [17/Dec/2022:07:37:24 -0500] "GET /sipse/faces/javax.faces.resource/jquery/jquery-plugins.js?ln=primefaces&v=4.0 HTTP/1.1" 304 -
200.69.84.132 - - [17/Dec/2022:07:37:24 -0500] "GET /sipse/faces/javax.faces.resource/layout/layout.js?ln=primefaces&v=4.0 HTTP/1.1" 304 -
200.69.84.132 - - [17/Dec/2022:07:37:24 -0500] "GET /sipse/faces/javax.faces.resource/primefaces.js?ln=primefaces&v=4.0 HTTP/1.1" 304 -
200.69.84.132 - - [17/Dec/2022:07:37:24 -0500] "GET /sipse/faces/autenticacion.xhtml HTTP/1.1" 200 12183
200.69.84.132 - - [17/Dec/2022:07:37:24 -0500] "GET /sipse/faces/javax.faces.resource/images/ui-icons_898989_256x240.png?ln=primefaces-aristo HTTP/1.1" 304 -
200.69.84.132 - - [17/Dec/2022:07:37:24 -0500] "GET /sipse/css/imagen/loginimg.png HTTP/1.1" 200 71635
201.245.192.253 - - [17/Dec/2022:07:38:05 -0500] "POST /kwsrmcab/Wsrmcab  HTTP/1.1" 200 213
172.22.2.4 - - [17/Dec/2022:07:36:33 -0500] "HEAD /BLA/boletinlegal/ HTTP/1.1" 200 -
172.22.2.4 - - [17/Dec/2022:07:37:23 -0500] "GET /BLA/boletinlegal/ HTTP/1.1" 200 54816
207.46.13.198 - - [17/Dec/2022:07:39:40 -0500] "GET /BLA/resoluciones/RESOLUCIONES%202000/2000%202050-2099.tif HTTP/1.1" 200 4179547
201.245.192.253 - - [17/Dec/2022:07:40:51 -0500] "POST /kwsrmcab/Wsrmcab HTTP/1.1" 200 44122
201.245.192.253 - - [17/Dec/2022:07:40:54 -0500] "POST /kwsrmcab/Wsrmcab HTTP/1.1" 200 43803
216.245.221.92 - - [17/Dec/2022:07:41:45 -0500] "HEAD / HTTP/1.1" 200 -
114.119.136.85 - - [17/Dec/2022:07:42:34 -0500] "-" 408 -
172.22.2.4 - - [17/Dec/2022:07:42:56 -0500] "GET /BLA/boletinlegal/robots.txt HTTP/1.1" 404 1038
172.22.2.4 - - [17/Dec/2022:07:43:02 -0500] "GET /BLA/boletinlegal/actos.php HTTP/1.1" 200 9566
201.245.192.253 - - [17/Dec/2022:07:43:04 -0500] "POST /kwsrmcab/Wsrmcab  HTTP/1.1" 200 213
172.22.2.4 - - [17/Dec/2022:07:42:23 -0500] "HEAD /BLA/boletinlegal/ HTTP/1.1" 200 -
172.22.2.4 - - [17/Dec/2022:07:44:53 -0500] "GET /BLA/boletinlegal/actos.php HTTP/1.1" 200 9566
172.22.2.4 - - [17/Dec/2022:07:43:13 -0500] "GET /BLA/boletinlegal/ HTTP/1.1" 200 57824
216.245.221.92 - - [17/Dec/2022:07:46:45 -0500] "HEAD / HTTP/1.1" 200 -
207.46.13.194 - - [17/Dec/2022:07:46:55 -0500] "GET /bla/resoluciones/resoluciones%202012/0637.pdf HTTP/1.1" 304 -
172.22.2.4 - - [17/Dec/2022:07:47:53 -0500] "GET /BLA/boletinlegal/Circulares/2020/Circular%2000010%20del%2027%20de%20julio%20de%202020.pdf HTTP/1.1" 304 -
201.245.192.253 - - [17/Dec/2022:07:48:03 -0500] "POST /kwsrmcab/Wsrmcab  HTTP/1.1" 200 213
201.245.247.237 - - [17/Dec/2022:07:49:52 -0500] "GET /BLA/resoluciones/Notificaciones/AUTOS%202021/1952.pdf HTTP/1.1" 200 377608
201.245.247.237 - - [17/Dec/2022:07:49:53 -0500] "GET /favicon.ico HTTP/1.1" 200 7782
172.22.2.4 - - [17/Dec/2022:07:48:13 -0500] "HEAD /BLA/boletinlegal/ HTTP/1.1" 200 -
173.252.107.117 - - [17/Dec/2022:07:50:19 -0500] "GET /images/adopci\xc3\xb3n-1_optimized.jpeg HTTP/1.1" 404 1034
216.244.66.195 - - [17/Dec/2022:07:50:31 -0500] "-" 408 -
172.22.2.4 - - [17/Dec/2022:07:49:04 -0500] "GET /BLA/boletinlegal/ HTTP/1.1" 200 57824
216.245.221.92 - - [17/Dec/2022:07:51:45 -0500] "HEAD / HTTP/1.1" 200 -
172.22.2.4 - - [17/Dec/2022:07:52:35 -0500] "GET /BLA/boletinlegal/style.css HTTP/1.1" 200 9406
172.22.2.4 - - [17/Dec/2022:07:52:35 -0500] "GET /BLA/boletinlegal/styles2.css HTTP/1.1" 200 1838
172.22.2.4 - - [17/Dec/2022:07:52:35 -0500] "GET /BLA/boletinlegal/js/jquery.scrollTo-min.js HTTP/1.1" 200 1150
172.22.2.4 - - [17/Dec/2022:07:52:35 -0500] "GET /BLA/boletinlegal/js/jquery.js HTTP/1.1" 200 57254
172.22.2.4 - - [17/Dec/2022:07:52:35 -0500] "GET /BLA/boletinlegal/js/jquery.scrollShow.js HTTP/1.1" 200 4586
172.22.2.4 - - [17/Dec/2022:07:52:35 -0500] "GET /BLA/boletinlegal/images/cabezote%20BLEGAL.jpg HTTP/1.1" 200 118164
172.22.2.4 - - [17/Dec/2022:07:52:35 -0500] "GET /BLA/boletinlegal/images/subscribe-icon-big.png HTTP/1.1" 200 47702
172.22.2.4 - - [17/Dec/2022:07:52:35 -0500] "GET /BLA/boletinlegal/images/historia.png HTTP/1.1" 200 52775
172.22.2.4 - - [17/Dec/2022:07:52:35 -0500] "GET /BLA/boletinlegal/images/registro-usuarios.png HTTP/1.1" 200 8106
172.22.2.4 - - [17/Dec/2022:07:52:35 -0500] "GET /BLA/boletinlegal/images/arr_l.jpg HTTP/1.1" 200 1979
172.22.2.4 - - [17/Dec/2022:07:52:35 -0500] "GET /BLA/boletinlegal/images/body_bg.jpg HTTP/1.1" 200 1601
172.22.2.4 - - [17/Dec/2022:07:52:35 -0500] "GET /BLA/boletinlegal/images/menu_lft.gif HTTP/1.1" 200 1713
172.22.2.4 - - [17/Dec/2022:07:52:35 -0500] "GET /BLA/boletinlegal/images/menu_rght.gif HTTP/1.1" 200 1627
172.22.2.4 - - [17/Dec/2022:07:52:35 -0500] "GET /BLA/boletinlegal/images/bg_top.jpg HTTP/1.1" 200 522
172.22.2.4 - - [17/Dec/2022:07:52:35 -0500] "GET /BLA/boletinlegal/images/menu_bg.jpg HTTP/1.1" 200 620
172.22.2.4 - - [17/Dec/2022:07:52:35 -0500] "GET /BLA/boletinlegal/images/text.jpg HTTP/1.1" 200 568
172.22.2.4 - - [17/Dec/2022:07:52:36 -0500] "GET /BLA/boletinlegal/images/hover.jpg HTTP/1.1" 200 640
172.22.2.4 - - [17/Dec/2022:07:52:36 -0500] "GET /BLA/boletinlegal/images/screen_1.png HTTP/1.1" 200 202547
172.22.2.4 - - [17/Dec/2022:07:52:36 -0500] "GET /BLA/boletinlegal/images/launch.jpg HTTP/1.1" 200 14577
172.22.2.4 - - [17/Dec/2022:07:52:42 -0500] "GET /BLA/boletinlegal/images/screen_2.png HTTP/1.1" 200 362502
172.22.2.4 - - [17/Dec/2022:07:52:42 -0500] "GET /BLA/boletinlegal/images/screen_3.png HTTP/1.1" 200 210620
172.22.2.4 - - [17/Dec/2022:07:52:42 -0500] "GET /BLA/boletinlegal/images/screen_5.png HTTP/1.1" 200 368876
172.22.2.4 - - [17/Dec/2022:07:52:42 -0500] "GET /BLA/boletinlegal/images/arr_r.jpg HTTP/1.1" 200 1998
172.22.2.4 - - [17/Dec/2022:07:52:42 -0500] "GET /BLA/boletinlegal/images/footer_bg.jpg HTTP/1.1" 200 586
201.245.192.253 - - [17/Dec/2022:07:53:02 -0500] "POST /kwsrmcab/Wsrmcab  HTTP/1.1" 200 213
172.22.2.4 - - [17/Dec/2022:07:52:35 -0500] "GET /BLA/boletinlegal/ HTTP/1.1" 200 32715
172.22.2.4 - - [17/Dec/2022:07:54:03 -0500] "HEAD /BLA/boletinlegal/ HTTP/1.1" 200 -
172.22.2.4 - - [17/Dec/2022:07:54:54 -0500] "GET /BLA/boletinlegal/ HTTP/1.1" 200 59779
216.245.221.92 - - [17/Dec/2022:07:56:45 -0500] "HEAD / HTTP/1.1" 200 -
