186.155.19.149 - - [17/Dec/2022:13:35:05 -0500] "POST /sipse/faces/presentacion/financiero/solicitudProceso/listarSolicitudProceso.xhtml HTTP/1.1" 200 27015
186.155.19.149 - - [17/Dec/2022:13:35:05 -0500] "POST /sipse/faces/presentacion/financiero/solicitudProceso/listarSolicitudProceso.xhtml HTTP/1.1" 200 27015
186.155.19.149 - - [17/Dec/2022:13:35:06 -0500] "POST /sipse/faces/presentacion/financiero/solicitudProceso/listarSolicitudProceso.xhtml HTTP/1.1" 200 27015
186.155.19.149 - - [17/Dec/2022:13:35:06 -0500] "POST /sipse/faces/presentacion/financiero/solicitudProceso/listarSolicitudProceso.xhtml HTTP/1.1" 200 27015
186.155.19.149 - - [17/Dec/2022:13:35:06 -0500] "POST /sipse/faces/presentacion/financiero/solicitudProceso/listarSolicitudProceso.xhtml HTTP/1.1" 200 27015
186.155.19.149 - - [17/Dec/2022:13:35:06 -0500] "POST /sipse/faces/presentacion/financiero/solicitudProceso/listarSolicitudProceso.xhtml HTTP/1.1" 200 27015
186.155.19.149 - - [17/Dec/2022:13:35:06 -0500] "POST /sipse/faces/presentacion/financiero/solicitudProceso/listarSolicitudProceso.xhtml HTTP/1.1" 200 27015
186.155.19.149 - - [17/Dec/2022:13:35:06 -0500] "POST /sipse/faces/presentacion/financiero/solicitudProceso/listarSolicitudProceso.xhtml HTTP/1.1" 200 27015
186.155.19.149 - - [17/Dec/2022:13:35:07 -0500] "POST /sipse/faces/presentacion/financiero/solicitudProceso/listarSolicitudProceso.xhtml HTTP/1.1" 200 27015
186.155.19.149 - - [17/Dec/2022:13:35:07 -0500] "POST /sipse/faces/presentacion/financiero/solicitudProceso/listarSolicitudProceso.xhtml HTTP/1.1" 200 27015
186.155.19.149 - - [17/Dec/2022:13:35:07 -0500] "POST /sipse/faces/presentacion/financiero/solicitudProceso/listarSolicitudProceso.xhtml HTTP/1.1" 200 27015
186.155.19.149 - - [17/Dec/2022:13:35:07 -0500] "POST /sipse/faces/presentacion/financiero/solicitudProceso/listarSolicitudProceso.xhtml HTTP/1.1" 200 1372
186.155.19.149 - - [17/Dec/2022:13:35:07 -0500] "POST /sipse/faces/presentacion/financiero/solicitudProceso/listarSolicitudProceso.xhtml HTTP/1.1" 200 1376
186.155.19.149 - - [17/Dec/2022:13:35:07 -0500] "POST /sipse/faces/presentacion/financiero/solicitudProceso/listarSolicitudProceso.xhtml HTTP/1.1" 200 1376
186.155.19.149 - - [17/Dec/2022:13:35:07 -0500] "POST /sipse/faces/presentacion/financiero/solicitudProceso/listarSolicitudProceso.xhtml HTTP/1.1" 200 1376
186.155.19.149 - - [17/Dec/2022:13:35:07 -0500] "POST /sipse/faces/presentacion/financiero/solicitudProceso/listarSolicitudProceso.xhtml HTTP/1.1" 200 1376
186.155.19.149 - - [17/Dec/2022:13:35:08 -0500] "POST /sipse/faces/presentacion/financiero/solicitudProceso/listarSolicitudProceso.xhtml HTTP/1.1" 200 1376
186.155.19.149 - - [17/Dec/2022:13:35:08 -0500] "POST /sipse/faces/presentacion/financiero/solicitudProceso/listarSolicitudProceso.xhtml HTTP/1.1" 200 1376
186.155.19.149 - - [17/Dec/2022:13:35:08 -0500] "POST /sipse/faces/presentacion/financiero/solicitudProceso/listarSolicitudProceso.xhtml HTTP/1.1" 200 1376
186.155.19.149 - - [17/Dec/2022:13:35:08 -0500] "POST /sipse/faces/presentacion/financiero/solicitudProceso/listarSolicitudProceso.xhtml HTTP/1.1" 200 1376
186.155.19.149 - - [17/Dec/2022:13:35:08 -0500] "POST /sipse/faces/presentacion/financiero/solicitudProceso/listarSolicitudProceso.xhtml HTTP/1.1" 200 1376
186.155.19.149 - - [17/Dec/2022:13:35:08 -0500] "POST /sipse/faces/presentacion/financiero/solicitudProceso/listarSolicitudProceso.xhtml HTTP/1.1" 200 1376
186.155.19.149 - - [17/Dec/2022:13:35:08 -0500] "POST /sipse/faces/presentacion/financiero/solicitudProceso/listarSolicitudProceso.xhtml HTTP/1.1" 200 1376
186.155.19.149 - - [17/Dec/2022:13:35:08 -0500] "POST /sipse/faces/presentacion/financiero/solicitudProceso/listarSolicitudProceso.xhtml HTTP/1.1" 200 1376
186.155.19.149 - - [17/Dec/2022:13:35:08 -0500] "POST /sipse/faces/presentacion/financiero/solicitudProceso/listarSolicitudProceso.xhtml HTTP/1.1" 200 1376
186.155.19.149 - - [17/Dec/2022:13:35:08 -0500] "POST /sipse/faces/presentacion/financiero/solicitudProceso/listarSolicitudProceso.xhtml HTTP/1.1" 200 1376
186.155.19.149 - - [17/Dec/2022:13:35:08 -0500] "POST /sipse/faces/presentacion/financiero/solicitudProceso/listarSolicitudProceso.xhtml HTTP/1.1" 200 1376
186.155.19.149 - - [17/Dec/2022:13:35:08 -0500] "POST /sipse/faces/presentacion/financiero/solicitudProceso/listarSolicitudProceso.xhtml HTTP/1.1" 200 1372
186.155.19.149 - - [17/Dec/2022:13:35:08 -0500] "POST /sipse/faces/presentacion/financiero/solicitudProceso/listarSolicitudProceso.xhtml HTTP/1.1" 200 1376
186.155.19.149 - - [17/Dec/2022:13:35:09 -0500] "POST /sipse/faces/presentacion/financiero/solicitudProceso/listarSolicitudProceso.xhtml HTTP/1.1" 200 1376
186.155.19.149 - - [17/Dec/2022:13:35:09 -0500] "POST /sipse/faces/presentacion/financiero/solicitudProceso/listarSolicitudProceso.xhtml HTTP/1.1" 200 1376
186.155.19.149 - - [17/Dec/2022:13:35:09 -0500] "POST /sipse/faces/presentacion/financiero/solicitudProceso/listarSolicitudProceso.xhtml HTTP/1.1" 200 1376
186.155.19.149 - - [17/Dec/2022:13:35:09 -0500] "POST /sipse/faces/presentacion/financiero/solicitudProceso/listarSolicitudProceso.xhtml HTTP/1.1" 200 1376
186.155.19.149 - - [17/Dec/2022:13:35:09 -0500] "POST /sipse/faces/presentacion/financiero/solicitudProceso/listarSolicitudProceso.xhtml HTTP/1.1" 200 1376
186.155.19.149 - - [17/Dec/2022:13:35:09 -0500] "POST /sipse/faces/presentacion/financiero/solicitudProceso/listarSolicitudProceso.xhtml HTTP/1.1" 200 1376
69.171.231.5 - - [17/Dec/2022:13:35:31 -0500] "GET /images/adopci\xc3\xb3n-1_optimized.jpeg HTTP/1.1" 404 1034
186.102.22.154 - - [17/Dec/2022:13:36:39 -0500] "GET /kwssiamovil/sm/acme/u?s=U2FsdGVkX1/otJcEjzi8CmjNawDff7hqzJ3QRSNA2Lzf2tgSDcBx+ajWqGMf/oS7z4yMQoBvVtdpzDF0KEgArMDRhDvfjmoDmS/gZSKCvZ6zWJwoNkzjicvEQJhs791SXe3GMMtgP90hs6owJoRVLw==&u=U2FsdGVkX18ZLHnYapa8FK8HUUE8DPj8vYkNOwPet5o=&y=U2FsdGVkX1/sClrCtnKDWSSmZ1+rA/ROEweawdZ/vSw= HTTP/1.1" 200 60
216.245.221.92 - - [17/Dec/2022:13:36:43 -0500] "HEAD / HTTP/1.1" 200 -
201.245.192.253 - - [17/Dec/2022:13:36:51 -0500] "POST /kwsrmcab/Wsrmcab  HTTP/1.1" 200 213
172.22.2.4 - - [17/Dec/2022:13:38:12 -0500] "HEAD /BLA/boletinlegal/ HTTP/1.1" 200 -
172.22.2.4 - - [17/Dec/2022:13:39:03 -0500] "GET /BLA/boletinlegal/ HTTP/1.1" 200 57192
201.245.192.253 - - [17/Dec/2022:13:40:50 -0500] "POST /kwsrmcab/Wsrmcab HTTP/1.1" 200 42646
201.245.192.253 - - [17/Dec/2022:13:40:53 -0500] "POST /kwsrmcab/Wsrmcab HTTP/1.1" 200 44384
216.245.221.92 - - [17/Dec/2022:13:41:43 -0500] "HEAD / HTTP/1.1" 200 -
201.245.192.253 - - [17/Dec/2022:13:41:50 -0500] "POST /kwsrmcab/Wsrmcab  HTTP/1.1" 200 213
186.102.56.17 - - [17/Dec/2022:13:45:41 -0500] "GET /kwssiamovil/sm/ldap/au?x=U2FsdGVkX1/GSzAmuQIsaUxaeQLQr+g97lgywTL5td7RnIbWwmGvHmH4XegoRSFq&y=U2FsdGVkX1/zT4samqMWA/S9gXQvEU1NsEJb43MBAxIiAl5ZV8xMRgW04MWJjrbJ HTTP/1.1" 200 30
186.102.56.17 - - [17/Dec/2022:13:45:41 -0500] "GET /kwssiamovil/sm/acme/s?s=U2FsdGVkX18z89Q1Can8L1K50DlUBzFPPBSgmO20JWKzOOJ+QUVCPmsazW7xvmXBRahSjll5RbNuIwN7CQ2zx+w7Wk8AtcyOC0mSBn3gaak=&u=U2FsdGVkX18n8q6SefuoHdfhMJDZUw7fsl7okwHAVKY=&y=U2FsdGVkX1/zT4samqMWA/S9gXQvEU1NsEJb43MBAxIiAl5ZV8xMRgW04MWJjrbJ HTTP/1.1" 200 97
186.102.56.17 - - [17/Dec/2022:13:45:41 -0500] "GET /kwssiamovil/sm/acme/s?s=U2FsdGVkX1/xnNYzxJ/k7FIBbFGThv9io85BeLD3r++dSWSVRq17HYUPri8OtCdFtfH+SFtDLC6m8u2zj3Q2+7NaHFSQIN0MvaQkwpfGhRTuVAMywDpcF1tNVttlmi32xZ8Md6FUQrvrANStj2WG7nzpgwRsZfWQzNQULYBcN/xwMzcu6o/G7uwybo0K6lPPjgr+5Z023jo9PXWq1nPNakVOcIN84OX+HCOHlFTqUBpMeTVzcjf/G1uclhNsarhmxAK5AER+0OZCMjGuOCeT6PTVRzi9+uY0vlINGNK1P3vikbfAOmut/D6Zv+VpzDn0zj/nNy6XCvFLhaxItAhQhJLOrjkKQ+dYqXc2whXh/Dubw9oi1DvlOwc5Sspag9pjvn9j3CTohVCf2JRCpZVSAPsiBQ1l2JAHlmcDovyuybmTIDY508+kFRdQsDiiBjqHHKPBNGIy3wM6/OL/lwzOEh0quZ8ET9ksEZBjV4Oha2qqUuphgd5tC4+8vxMmyq5YuFii+umRXQTDW985/O+U9TBUKFG4tFItmL/sKXsKg8DOyDRNjLz6h54F9I5J40tnvLGvfLtUFsyJQseKCVMQZwDEWUIiVXWljB/SWkOOF8tj4e+17XRiybkw6QAgNX/2z28BqOdY91XgyYFkpltEWTCIQvPMF/Ezqt/MXgLs7KUOmbGzBIBGg8cJQzoG0OGhGj0WjDwKlNlrgJMmNupdXAS93vinHVKR8wLSm7C5R6JDm8/MOhljGONykV7zPV38JkdCSANbhGjWJvTCllWgSZ1xNE/6JszSxZWfGOyvG5GMvjv57MsqeLAMG0WiAHfTGZd2OG0sCegjxwTS7jkuHDwFZQAaMUKOpbUphndhBpgl9efEVptex2Jyn+XREskEbpx9e/HT5ColAgd+kJZekj279qipvWjFO485+ZomWv+G5TPeV94/N1DVyXnl6RNEOuH4xaDjhgGSXHK/gBTg2oF252KBQGCN17t1CvUZcvOG2mHBymZOqPYYHfVYOr1C+3SWNGkf5BoadJW+olEAIBbpG+XAKy9rpKlJrDi+fW/FEsri614zV6rZVLCryZRFBlJX2jGbFcZdDV1/beQjnZdWTuW/XdEip2iZJjc++oORHBuVoS83/zUvS3hCLlocwXZj0hGyV3emyvfT7gXfr9zzktmLFsN3I73X+5uuKN9ou8oBk7E/e5FDGeiy/bqZMBQw+xgyYaFjEQs32OTlpFPZoGkiv5D6Gq8/4hror6AehhREg+t3Z8UZk7FnjL28mcvEAxGRo/LM7hHgebG9vzqiZOCkk2xeVIkzqk9vBOfGSf8CZ/o++FpzwS3121Vjngv35pf97WTkGVht1H4D773IO+8obIoTU8cXdi61JuI03OXdjl5IM8fS6jNel8yMa7lwIJ49ZVh0i/DzCHoYFhU0yBehpPwN2jlYFgnKCHTX865dfC4Q/M7ScitlZHSUlRylycefrerLVGzfYB+n5ub0ZeH1xogZ9zwSmXMBmRV/uHqIzGLL2BCJhWQpcoh2NNWga439CLrAqv2419Lxrn5GIKqXMJnQ2CBoCH68RFvtW7jxrHzZCGFzBdBOXYCLB658E1wpBP3l3to/K8lAez4oW65RF2gYASlXTXxYP/xekTMu31LjBA8AZMXdJG2P9ZSTVWaoL/PAFXvSVhZYMpDkb6McYXnmYuLZO7OYccL6zIuGdpbCHAS4jF5NEqWOrPgzJO8kDIHmqQpSSdkABlZ+0jKJvcAywfldoHssQ3M=&u=U2FsdGVkX18n8q6SefuoHdfhMJDZUw7fsl7okwHAVKY=&y=U2FsdGVkX1/zT4samqMWA/S9gXQvEU1NsEJb43MBAxIiAl5ZV8xMRgW04MWJjrbJ HTTP/1.1" 200 401
186.102.56.17 - - [17/Dec/2022:13:45:41 -0500] "GET /kwssiamovil/sm/acme/s?s=U2FsdGVkX19iy9/7gS88rgzjAdMR0cCseEPxsfbbVtBb3oniSISDQj00SZ1kas/Uh81nkCxoQ6+w/0KnadcSCpje/PUig/yi6Pef1s5mlN2oAkdAG1yvELMn59+5EOIry1ePbBiPP2DmfpQ8Weirf28R6sgaJtULi21dqqnnKvovZCoZ5PSm5ly1sYi7YoSytTEqwFSWrI23eC89WfKqmrjXBoOFxWs9LzsT7iooyIqVOo+59gunTr50rEcdV1VsxqEh2YpJNaEC1MGDKqmW7ZeX7R/DEyHCA6vGSjQhAIfx76KPZgY/L7LMJGb1KkPCC4w9cLInjhzp+1eS6bo/1AWNaI/4IjQ5Hg6HwUXTp4zE3g6M4ef1BBGWyWl+mUsVezluB8nAcThkYSGA69N0aWv2tJYxnhImkB+eQjbei6aTh/6G+rm+JK6NMQIUIf90usLdRY+TyGM5h9yf78rbYusYHr3DVkIg0rzrsPYEwyNzvylESci9E/VgewRKvA0ncvSkvCVIDUHcDo6thh0dCIgSIeRehQOMypLtjqFACD9SaTcGTnMDhSv5+Wlcb/atG+SJRAKFrIwB2LxhY12Ev0ZEhc/leenke3RW6gfJ87MJu0gJjeAEXUP/2ODvIqrvYukb+8WBABwvAdK0WG7tpNMBQ3EWuSgF39DQD9b/x5HE/Tfw26NEhR5RvngC2lJKO32G5mm7upybKFX5MnqWxsxRIs85sWx+yaZwJTG/JUs1knVVZVIt+n0y9k8NAM+Z&u=U2FsdGVkX18n8q6SefuoHdfhMJDZUw7fsl7okwHAVKY=&y=U2FsdGVkX1/zT4samqMWA/S9gXQvEU1NsEJb43MBAxIiAl5ZV8xMRgW04MWJjrbJ HTTP/1.1" 200 208
186.102.56.17 - - [17/Dec/2022:13:45:42 -0500] "GET /kwssiamovil/sm/cjson/pre?f=1&x=U2FsdGVkX1/GSzAmuQIsaUxaeQLQr+g97lgywTL5td7RnIbWwmGvHmH4XegoRSFq HTTP/1.1" 200 31032
172.22.2.4 - - [17/Dec/2022:13:44:02 -0500] "HEAD /BLA/boletinlegal/ HTTP/1.1" 200 -
172.22.2.4 - - [17/Dec/2022:13:44:53 -0500] "GET /BLA/boletinlegal/ HTTP/1.1" 200 59404
216.245.221.92 - - [17/Dec/2022:13:46:43 -0500] "HEAD / HTTP/1.1" 200 -
201.245.192.253 - - [17/Dec/2022:13:46:48 -0500] "POST /kwsrmcab/Wsrmcab  HTTP/1.1" 200 213
207.46.13.194 - - [17/Dec/2022:13:50:48 -0500] "GET /BLA/resoluciones/RESOLUCIONES%202001/2001%201400-1449.tif HTTP/1.1" 200 8467759
186.84.89.128 - - [17/Dec/2022:13:51:30 -0500] "GET /appsia/controlador HTTP/1.1" 200 4799
186.84.89.128 - - [17/Dec/2022:13:51:30 -0500] "GET /appsia/scripts/validarIngreso.js HTTP/1.1" 200 851
186.84.89.128 - - [17/Dec/2022:13:51:30 -0500] "GET /appsia/css/estilos.css HTTP/1.1" 200 4804
186.84.89.128 - - [17/Dec/2022:13:51:30 -0500] "GET /appsia/images/logo_bogota_p.png HTTP/1.1" 200 14951
186.84.89.128 - - [17/Dec/2022:13:51:30 -0500] "GET /appsia/images/cabezoteHojaVida.png HTTP/1.1" 200 32493
186.84.89.128 - - [17/Dec/2022:13:51:30 -0500] "GET /apple-touch-icon-precomposed.png HTTP/1.1" 404 1018
186.84.89.128 - - [17/Dec/2022:13:51:31 -0500] "GET /apple-touch-icon.png HTTP/1.1" 404 1018
186.84.89.128 - - [17/Dec/2022:13:51:31 -0500] "GET /favicon.ico HTTP/1.1" 200 7782
172.22.2.4 - - [17/Dec/2022:13:49:52 -0500] "HEAD /BLA/boletinlegal/ HTTP/1.1" 200 -
186.84.89.128 - - [17/Dec/2022:13:51:41 -0500] "POST /appsia/controlador HTTP/1.1" 200 5437
216.245.221.92 - - [17/Dec/2022:13:51:43 -0500] "HEAD / HTTP/1.1" 200 -
186.84.89.128 - - [17/Dec/2022:13:51:45 -0500] "POST /appsia/controlador HTTP/1.1" 200 7732
186.84.89.128 - - [17/Dec/2022:13:51:45 -0500] "GET /appsia/images/logo_escudo.png HTTP/1.1" 200 36965
201.245.192.253 - - [17/Dec/2022:13:51:47 -0500] "POST /kwsrmcab/Wsrmcab  HTTP/1.1" 200 213
172.22.2.4 - - [17/Dec/2022:13:50:43 -0500] "GET /BLA/boletinlegal/ HTTP/1.1" 200 59779
172.22.2.4 - - [17/Dec/2022:13:54:28 -0500] "GET /BLA/boletinlegal/consulta_actos.php?tipo=autos&no=4444&usuario=&sector=&fecha=2019&resuelve= HTTP/1.1" 200 1376
216.245.221.92 - - [17/Dec/2022:13:56:43 -0500] "HEAD / HTTP/1.1" 200 -
201.245.192.253 - - [17/Dec/2022:13:56:46 -0500] "POST /kwsrmcab/Wsrmcab  HTTP/1.1" 200 213
172.22.2.4 - - [17/Dec/2022:13:55:42 -0500] "HEAD /BLA/boletinlegal/ HTTP/1.1" 200 -
172.22.2.4 - - [17/Dec/2022:13:56:32 -0500] "GET /BLA/boletinlegal/ HTTP/1.1" 200 50495
43.225.194.156 - - [17/Dec/2022:13:58:37 -0500] "GET / HTTP/1.1" 200 319
216.244.66.195 - - [17/Dec/2022:13:59:39 -0500] "-" 408 -
216.245.221.92 - - [17/Dec/2022:14:01:43 -0500] "HEAD / HTTP/1.1" 200 -
201.245.192.253 - - [17/Dec/2022:14:01:45 -0500] "POST /kwsrmcab/Wsrmcab  HTTP/1.1" 200 213
185.119.81.97 - - [17/Dec/2022:14:02:44 -0500] "GET /portaldeninos/wp-login.php HTTP/1.1" 200 2592
185.119.81.97 - - [17/Dec/2022:14:02:45 -0500] "POST /portaldeninos/wp-login.php HTTP/1.1" 200 3605
172.22.2.4 - - [17/Dec/2022:14:01:32 -0500] "HEAD /BLA/boletinlegal/ HTTP/1.1" 200 -
172.22.2.4 - - [17/Dec/2022:14:02:40 -0500] "GET /BLA/boletinlegal/ HTTP/1.1" 200 32715
172.22.2.4 - - [17/Dec/2022:14:02:23 -0500] "GET /BLA/boletinlegal/ HTTP/1.1" 200 54816
66.220.149.8 - - [17/Dec/2022:14:05:42 -0500] "GET /images/Entrenubes%201%20(1)%20(1).jpeg HTTP/1.1" 200 70096
216.245.221.92 - - [17/Dec/2022:14:06:43 -0500] "HEAD / HTTP/1.1" 200 -
201.245.192.253 - - [17/Dec/2022:14:06:45 -0500] "POST /kwsrmcab/Wsrmcab  HTTP/1.1" 200 213
173.252.111.14 - - [17/Dec/2022:14:08:22 -0500] "GET /images/Entrenubes%201%20(1)%20(1).jpeg HTTP/1.1" 200 70096
173.252.111.19 - - [17/Dec/2022:14:08:35 -0500] "GET /images/Musgo%20SDA%20(1)%20(1).png HTTP/1.1" 200 302122
172.22.2.4 - - [17/Dec/2022:14:07:22 -0500] "HEAD /BLA/boletinlegal/ HTTP/1.1" 200 -
172.22.2.4 - - [17/Dec/2022:14:08:14 -0500] "GET /BLA/boletinlegal/ HTTP/1.1" 200 32715
172.22.2.4 - - [17/Dec/2022:14:08:13 -0500] "GET /BLA/boletinlegal/ HTTP/1.1" 200 51643
216.245.221.92 - - [17/Dec/2022:14:11:43 -0500] "HEAD / HTTP/1.1" 200 -
201.245.192.253 - - [17/Dec/2022:14:11:43 -0500] "POST /kwsrmcab/Wsrmcab  HTTP/1.1" 200 213
157.55.39.152 - - [17/Dec/2022:14:11:51 -0500] "GET /BLA/resoluciones/RESOLUCIONES%202001/2001%20450-499.TIF HTTP/1.1" 200 9011146
185.119.81.104 - - [17/Dec/2022:14:12:36 -0500] "GET /portaldeninos/wp-login.php HTTP/1.1" 200 2592
185.119.81.104 - - [17/Dec/2022:14:12:37 -0500] "POST /portaldeninos/wp-login.php HTTP/1.1" 200 3605
186.102.56.17 - - [17/Dec/2022:14:12:53 -0500] "GET /kwssiamovil/sm/ldap/au?x=U2FsdGVkX1+7kP6kcZRw3r8DlxnhvvxjH1W3mGdlDzroKi54wXBec5WBENLp6cY1&y=U2FsdGVkX1+CXQM4tId6sQ1UqArpX0d8P/eP0zl/7lOxUz3VBTL3wnBM1Dz611yo HTTP/1.1" 200 30
186.102.56.17 - - [17/Dec/2022:14:12:53 -0500] "GET /kwssiamovil/sm/acme/s?s=U2FsdGVkX19Y2nG3Z5cZzCW2SwlQPPEKsofKBGZw5JYkmcZiY+T1iC9Fl/Of3cGnOYL+YTZpaKN7ax6sO4KM95+U+OVTj/3jiQ+TAjx+9I8=&u=U2FsdGVkX19JtpJeRIIOUE3XyEMFLapxIiSTnv0v2Us=&y=U2FsdGVkX1+CXQM4tId6sQ1UqArpX0d8P/eP0zl/7lOxUz3VBTL3wnBM1Dz611yo HTTP/1.1" 200 97
186.102.56.17 - - [17/Dec/2022:14:12:53 -0500] "GET /kwssiamovil/sm/acme/s?s=U2FsdGVkX1+RlsMDHNfPRJSC7oGBrTnv5CF8jcaqoyPOKW5URyWyyUPCBw+XUkQcDv7B02KnnnQ/nGLV64sIcY9sSvTDp2CSZFi06ftZg33QmguGNme7fs+NenF5G3E4/pwe4An4fdNTj9YdRzU1ZSbFG9Dt3MGVSzMsIwt4I4jjzXN+tZo5gblUxohNp30o/DgVXbPDAZHc6b/T4+HjgAqWodSeoS0PFZBRoTMT5lPDowWFAObvDPNcqrYPvAVCSR/IXM2/a8LKysfJxafFsD5hEBXJ/y0Eb14KeN5YuHJBqJgI7Y8HdHPhpf6DWZN6zxWVzaXU/2ZC/H2qz/KQxsMt2qss0G3kF3T8t/b9h7OgqdG4vdHGGv1lwSzSBN5I6vy4RHyQPds/oAmcTDnfeJVyy8Augs8sAJNonVK7E8nuiUf8WASCynKMOwB+OljBzPLFtfFjJYaYFSxuZT2/uWOrbcIErU002gTXkmPTB+9Tb+hOI7l6iE8Mo49qAgvCan5plAGR5iPyMa8d10Fn39tcbL6SEr4tCPJ5TcgSjClyK+mOelFkpj0inKU0KoSI96h5KwDW2Vp5bFArgqjL/fmaParH6imt0HS1ZVtSgba6zWUSMnUO2b03VT61TEALNZcKpEFkocfI5DTSRUVFLpYLLaV4CCsgRloc5KeRb8s8Jpu8vcm2bX/VtO2iBsPi+P4wvdEt0Kumih7qOMOkgBEIyBbElLpdguq8s+ANAMTWkmND9QSt/1cgW3np3fvIM6txGfrQyT0K+jm4P+3twTyifqLvAF+KOH+LbjqkNZLez3mNQCZSL3HyiZPoAWakgLXvszslL+ceLTgxsNPISHuOtP5NrF2mIqSK6LAaeruWkxecfypFUhU2hblJEt/D5LraBpg+QmHx/02fjex2JvOZCs6HJqJFS2wHS9iha4NDvjIqMaHYIv2iYjtZuJ/aIU0zcu1Nykiw517XknLMSeMulFjGWfXADQ/hn3OCLgnFmX59SZM6alAFuK1Fs9z3L1zutJ9rPCaVM7oQDQ1+k9ORD8CFb+jjfaOPIGIQpTurd+flDZZjhw6jNhRt47HjoiKsrx0qsklc81Q85B7FTHjxtSqgndjpBPVU/HhD0v3iAYPw0tGcQErDY3zsnJX83iPSmrSxNuTMLLl3TeIqZtSXGRCoBpy51HneR+LIUmGjgwOKMTpQJemuVXgkdlCQ93fIvhznB56zVBo5y+58wOcUXIdwZCfRQ2uv7eI8oM1WCIdVoREYC7WozsfMUNbqt0PVFh10+netWIjbxiKHEsUTsj6WLoB0zvtmMkwQOBaOvuVsQtDM2h5UGpOc4KnMHaVWKSV/hfiwHW3liReQR6jK06bige1X/HH/YmXFMHLnNKWn10a3nOBTbjCbc33UOtf/f+IuksEEJEyEW6BJsy/L5N/4T8oetBlBaVv0waKb4ETt0aOYBHogpH8A7/gCbN9LiwxsDpEx+eKG4pT3lt6Ffy8n/1xFzOKs9cM3tqFAiuJ8Mn+2AeS2tRAQSGtCNnJm2BJcBpd4Tzpf0XthXFX43GFy9GoixVVOsrh927/2zmLGjGG9/6monTVtu1nisfPBVdGJml0YJouoEPfQvdrlc03obDi7Tw5IN+4CwBaZDRsM1dB1AjHRj+BV+Isa5kplV61RfJFORgEDABVast8bESKeWiLjkIpW85e2ztEmXqHUpKxeeLOOQ5BdoBFC1zRzL2XsgXhLDc68968/vUuZZPU4vLQXQLk0pd8s9ms=&u=U2FsdGVkX19JtpJeRIIOUE3XyEMFLapxIiSTnv0v2Us=&y=U2FsdGVkX1+CXQM4tId6sQ1UqArpX0d8P/eP0zl/7lOxUz3VBTL3wnBM1Dz611yo HTTP/1.1" 200 401
186.102.56.17 - - [17/Dec/2022:14:12:53 -0500] "GET /kwssiamovil/sm/acme/s?s=U2FsdGVkX18lCTU9gJ5ocRE3IBknZPu+tD2Q+CHtlEGRXmsopyMB27Ir2ya14BkoWPEZ/4/SZYDSILbElhnTiFH1Ywe8Higg7i54vKqC44Przl4qLU8OAII65zj07+Eo5afo1vim0c7jb6/R4X0OdYOidrsATS1iElJlm5kvPfgj0cTSBE26qnaga4+FBfzNOEPsyeEd8HxCImOpgy5zeLKGIf+NgpnMbdJI4Bs0pkbQDg1NDn9lxY/g1vvnc02EHdAjHaSbpr7DsLPiEmfapJrv0r7NGhhcyqQC/oNuheGNrSPh3t59KIB8wxGiDAfGBkSsQaC9ikwzVGt/+niChKw0YBEzP8hkE4jEzdsxhfNEhL0K6nnMAkaLrUUoJOuWjX70PoqXr+UNUYBmMJOEPnaDIFZvGHaunhTj3Jyvu9wjxzkXOSq0hCi0Gk5JoJMJ29AfrKr7H+f0ZiG5JYVzI+qFWpYkoC6v2ziynSO+9H873WiN422SgbarSycgdqiJyb+AbI4SUhn5BgWoBqMkDpeqFJcFUfqNvW0bKO+TheMJWWzapeNK05JGsovjR4173DW1pPmAJOpbaFkGIURczXdwLRTrIOwg61v4kwXv+VcH4dRUll851i1o/LAaNS5OSj43QY9irxw6VoKvjteCMSsczmwdttILsOLEH5LghLHdGTwgRlbVQwLwwH2qby5Ykua2WMlrXZYp6s9uJjmcbh16A/g2HM/nVLiR+8RepyLETn2uIOMynXNVNOB7DpYa&u=U2FsdGVkX19JtpJeRIIOUE3XyEMFLapxIiSTnv0v2Us=&y=U2FsdGVkX1+CXQM4tId6sQ1UqArpX0d8P/eP0zl/7lOxUz3VBTL3wnBM1Dz611yo HTTP/1.1" 200 208
186.102.56.17 - - [17/Dec/2022:14:12:54 -0500] "GET /kwssiamovil/sm/cjson/pre?f=1&x=U2FsdGVkX1+7kP6kcZRw3r8DlxnhvvxjH1W3mGdlDzroKi54wXBec5WBENLp6cY1 HTTP/1.1" 200 31032
172.22.2.4 - - [17/Dec/2022:14:13:12 -0500] "HEAD /BLA/boletinlegal/ HTTP/1.1" 200 -
172.22.2.4 - - [17/Dec/2022:14:14:02 -0500] "GET /BLA/boletinlegal/ HTTP/1.1" 200 57824
216.245.221.92 - - [17/Dec/2022:14:16:43 -0500] "HEAD / HTTP/1.1" 200 -
201.245.192.253 - - [17/Dec/2022:14:16:42 -0500] "POST /kwsrmcab/Wsrmcab  HTTP/1.1" 200 213
190.252.130.187 - - [17/Dec/2022:14:17:37 -0500] "POST /sipse/faces/autenticacion.xhtml HTTP/1.1" 200 2187
190.252.130.187 - - [17/Dec/2022:14:17:37 -0500] "GET /sipse/faces/javax.faces.resource/messages/messages.png?ln=primefaces&v=4.0 HTTP/1.1" 200 27209
190.252.130.187 - - [17/Dec/2022:14:17:38 -0500] "POST /sipse/faces/autenticacion.xhtml HTTP/1.1" 200 2187
190.252.130.187 - - [17/Dec/2022:14:17:45 -0500] "POST /sipse/faces/autenticacion.xhtml HTTP/1.1" 200 2228
190.252.130.187 - - [17/Dec/2022:14:17:45 -0500] "POST /sipse/faces/autenticacion.xhtml HTTP/1.1" 200 2232
190.252.130.187 - - [17/Dec/2022:14:17:46 -0500] "POST /sipse/faces/autenticacion.xhtml HTTP/1.1" 200 16310
190.252.130.187 - - [17/Dec/2022:14:17:47 -0500] "GET /sipse/css/custom_css_sg.css HTTP/1.1" 200 9694
190.252.130.187 - - [17/Dec/2022:14:17:47 -0500] "GET /sipse/css/custom_css_sg_prime.css HTTP/1.1" 304 -
190.252.130.187 - - [17/Dec/2022:14:17:47 -0500] "GET /sipse/faces/javax.faces.resource/primefaces.css?ln=primefaces&v=4.0 HTTP/1.1" 304 -
190.252.130.187 - - [17/Dec/2022:14:17:47 -0500] "GET /sipse/js/disable_browser_buttons.js HTTP/1.1" 304 -
190.252.130.187 - - [17/Dec/2022:14:17:47 -0500] "GET /sipse/faces/javax.faces.resource/theme.css?ln=primefaces-sipse HTTP/1.1" 304 -
190.252.130.187 - - [17/Dec/2022:14:17:47 -0500] "GET /sipse/faces/javax.faces.resource/layout/layout.css?ln=primefaces&v=4.0 HTTP/1.1" 304 -
190.252.130.187 - - [17/Dec/2022:14:17:47 -0500] "GET /sipse/js/jquery.min.js HTTP/1.1" 304 -
190.252.130.187 - - [17/Dec/2022:14:17:48 -0500] "GET /sipse/js/funciones.js HTTP/1.1" 304 -
190.252.130.187 - - [17/Dec/2022:14:17:48 -0500] "GET /sipse/faces/javax.faces.resource/jquery/jquery.js?ln=primefaces&v=4.0 HTTP/1.1" 304 -
190.252.130.187 - - [17/Dec/2022:14:17:48 -0500] "GET /sipse/faces/javax.faces.resource/jquery/jquery-plugins.js?ln=primefaces&v=4.0 HTTP/1.1" 304 -
190.252.130.187 - - [17/Dec/2022:14:17:49 -0500] "GET /sipse/faces/javax.faces.resource/primefaces.js?ln=primefaces&v=4.0 HTTP/1.1" 304 -
190.252.130.187 - - [17/Dec/2022:14:17:49 -0500] "GET /sipse/faces/javax.faces.resource/layout/layout.js?ln=primefaces&v=4.0 HTTP/1.1" 304 -
190.252.130.187 - - [17/Dec/2022:14:17:49 -0500] "GET /sipse/imagenes/cargando.gif HTTP/1.1" 200 36959
190.252.130.187 - - [17/Dec/2022:14:17:50 -0500] "GET /sipse/css/imagen/contrasena.png HTTP/1.1" 404 383
190.252.130.187 - - [17/Dec/2022:14:17:49 -0500] "GET /sipse/imagenes/logoAplicacion.jpg HTTP/1.1" 200 155084
190.252.130.187 - - [17/Dec/2022:14:17:52 -0500] "POST /sipse/faces/bienvenido.xhtml HTTP/1.1" 200 2658
190.252.130.187 - - [17/Dec/2022:14:17:52 -0500] "GET /sipse/faces/javax.faces.resource/images/ui-bg_flat_0_2d5972_40x100.png?ln=primefaces-aristo HTTP/1.1" 200 183
190.252.130.187 - - [17/Dec/2022:14:17:53 -0500] "POST /sipse/faces/bienvenido.xhtml HTTP/1.1" 200 65944
190.252.130.187 - - [17/Dec/2022:14:17:54 -0500] "GET /sipse/faces/javax.faces.resource/theme.css?ln=primefaces-sipse HTTP/1.1" 304 -
190.252.130.187 - - [17/Dec/2022:14:17:54 -0500] "GET /sipse/faces/javax.faces.resource/primefaces.css?ln=primefaces&v=4.0 HTTP/1.1" 304 -
190.252.130.187 - - [17/Dec/2022:14:17:54 -0500] "GET /sipse/faces/javax.faces.resource/layout/layout.css?ln=primefaces&v=4.0 HTTP/1.1" 304 -
190.252.130.187 - - [17/Dec/2022:14:17:55 -0500] "GET /sipse/faces/javax.faces.resource/jquery/jquery.js?ln=primefaces&v=4.0 HTTP/1.1" 304 -
190.252.130.187 - - [17/Dec/2022:14:17:55 -0500] "GET /sipse/faces/javax.faces.resource/jquery/jquery-plugins.js?ln=primefaces&v=4.0 HTTP/1.1" 304 -
190.252.130.187 - - [17/Dec/2022:14:17:55 -0500] "GET /sipse/faces/javax.faces.resource/primefaces.js?ln=primefaces&v=4.0 HTTP/1.1" 304 -
190.252.130.187 - - [17/Dec/2022:14:17:55 -0500] "GET /sipse/faces/javax.faces.resource/layout/layout.js?ln=primefaces&v=4.0 HTTP/1.1" 304 -
190.252.130.187 - - [17/Dec/2022:14:17:57 -0500] "POST /sipse/faces/presentacion/financiero/solicitudProceso/listarSolicitudProceso.xhtml HTTP/1.1" 200 1556
190.252.130.187 - - [17/Dec/2022:14:18:05 -0500] "POST /sipse/faces/presentacion/financiero/solicitudProceso/listarSolicitudProceso.xhtml HTTP/1.1" 200 42122
173.252.127.113 - - [17/Dec/2022:14:18:09 -0500] "GET /images/cr\xc3\xb3nica-29-nov-1_optimized.jpeg HTTP/1.1" 404 1034
190.252.130.187 - - [17/Dec/2022:14:18:13 -0500] "POST /sipse/faces/presentacion/financiero/solicitudProceso/listarSolicitudProceso.xhtml HTTP/1.1" 200 14844
190.252.130.187 - - [17/Dec/2022:14:18:22 -0500] "POST /sipse/faces/presentacion/financiero/solicitudProceso/listarSolicitudProceso.xhtml HTTP/1.1" 200 138900
190.252.130.187 - - [17/Dec/2022:14:18:23 -0500] "GET /sipse/faces/javax.faces.resource/theme.css?ln=primefaces-sipse HTTP/1.1" 304 -
190.252.130.187 - - [17/Dec/2022:14:18:23 -0500] "GET /sipse/faces/javax.faces.resource/primefaces.css?ln=primefaces&v=4.0 HTTP/1.1" 304 -
190.252.130.187 - - [17/Dec/2022:14:18:23 -0500] "GET /sipse/faces/javax.faces.resource/layout/layout.css?ln=primefaces&v=4.0 HTTP/1.1" 304 -
190.252.130.187 - - [17/Dec/2022:14:18:25 -0500] "GET /sipse/faces/javax.faces.resource/jquery/jquery.js?ln=primefaces&v=4.0 HTTP/1.1" 304 -
190.252.130.187 - - [17/Dec/2022:14:18:25 -0500] "GET /sipse/faces/javax.faces.resource/jquery/jquery-plugins.js?ln=primefaces&v=4.0 HTTP/1.1" 304 -
190.252.130.187 - - [17/Dec/2022:14:18:25 -0500] "GET /sipse/faces/javax.faces.resource/primefaces.js?ln=primefaces&v=4.0 HTTP/1.1" 304 -
190.252.130.187 - - [17/Dec/2022:14:18:26 -0500] "GET /sipse/faces/javax.faces.resource/layout/layout.js?ln=primefaces&v=4.0 HTTP/1.1" 304 -
190.252.130.187 - - [17/Dec/2022:14:18:38 -0500] "POST /sipse/faces/presentacion/financiero/solicitudProceso/consultarSolicitudProceso.xhtml HTTP/1.1" 200 1243259
190.252.130.187 - - [17/Dec/2022:14:18:50 -0500] "POST /sipse/faces/presentacion/financiero/solicitudProceso/consultarSolicitudProceso.xhtml HTTP/1.1" 200 1243259
172.22.2.4 - - [17/Dec/2022:14:19:02 -0500] "HEAD /BLA/boletinlegal/ HTTP/1.1" 200 -
201.245.192.253 - - [17/Dec/2022:14:20:50 -0500] "POST /kwsrmcab/Wsrmcab HTTP/1.1" 200 43125
201.245.192.253 - - [17/Dec/2022:14:20:53 -0500] "POST /kwsrmcab/Wsrmcab HTTP/1.1" 200 44410
172.22.2.4 - - [17/Dec/2022:14:19:52 -0500] "GET /BLA/boletinlegal/ HTTP/1.1" 200 56825
216.245.221.92 - - [17/Dec/2022:14:21:43 -0500] "HEAD / HTTP/1.1" 200 -
201.245.192.253 - - [17/Dec/2022:14:21:42 -0500] "POST /kwsrmcab/Wsrmcab  HTTP/1.1" 200 213
173.252.107.21 - - [17/Dec/2022:14:22:08 -0500] "GET /images/operativo-fuentes-fijas-14-octubre.jpg HTTP/1.1" 200 58397
172.22.2.4 - - [17/Dec/2022:14:24:43 -0500] "GET /BLA/boletinlegal/robots.txt HTTP/1.1" 404 1038
172.22.2.4 - - [17/Dec/2022:14:24:43 -0500] "GET /BLA/boletinlegal/favicon.ico HTTP/1.1" 404 1038
172.22.2.4 - - [17/Dec/2022:14:25:08 -0500] "GET /BLA/boletinlegal/ HTTP/1.1" 200 32715
172.22.2.4 - - [17/Dec/2022:14:24:52 -0500] "HEAD /BLA/boletinlegal/ HTTP/1.1" 200 -
201.245.192.253 - - [17/Dec/2022:14:26:41 -0500] "POST /kwsrmcab/Wsrmcab  HTTP/1.1" 200 213
216.245.221.92 - - [17/Dec/2022:14:26:43 -0500] "HEAD / HTTP/1.1" 200 -
172.22.2.4 - - [17/Dec/2022:14:25:43 -0500] "GET /BLA/boletinlegal/ HTTP/1.1" 200 54100
172.22.2.4 - - [17/Dec/2022:14:28:31 -0500] "GET /BLA/boletinlegal/normativa.php HTTP/1.1" 200 8333
172.22.2.4 - - [17/Dec/2022:14:28:32 -0500] "GET /BLA/boletinlegal/styles2.css HTTP/1.1" 200 1838
172.22.2.4 - - [17/Dec/2022:14:28:32 -0500] "GET /BLA/boletinlegal/js/ajax_normativa.js HTTP/1.1" 200 1154
172.22.2.4 - - [17/Dec/2022:14:28:32 -0500] "GET /BLA/boletinlegal/niceforms.js HTTP/1.1" 200 22876
172.22.2.4 - - [17/Dec/2022:14:28:32 -0500] "GET /BLA/boletinlegal/niceforms-default.css HTTP/1.1" 200 6694
172.22.2.4 - - [17/Dec/2022:14:28:32 -0500] "GET /BLA/boletinlegal/style.css HTTP/1.1" 200 9406
172.22.2.4 - - [17/Dec/2022:14:28:32 -0500] "GET /BLA/boletinlegal/images/subscribe-icon-big.png HTTP/1.1" 200 47702
172.22.2.4 - - [17/Dec/2022:14:28:32 -0500] "GET /BLA/boletinlegal/images/historia.png HTTP/1.1" 200 52775
172.22.2.4 - - [17/Dec/2022:14:28:32 -0500] "GET /BLA/boletinlegal/images/tel.png HTTP/1.1" 200 14477
172.22.2.4 - - [17/Dec/2022:14:28:32 -0500] "GET /BLA/boletinlegal/images/registro-usuarios.png HTTP/1.1" 200 8106
172.22.2.4 - - [17/Dec/2022:14:28:32 -0500] "GET /BLA/boletinlegal/images/cabezote%20BLEGAL.jpg HTTP/1.1" 200 118164
172.22.2.4 - - [17/Dec/2022:14:28:32 -0500] "GET /BLA/boletinlegal/images/bg_top.jpg HTTP/1.1" 200 522
172.22.2.4 - - [17/Dec/2022:14:28:32 -0500] "GET /BLA/boletinlegal/images/menu_lft.gif HTTP/1.1" 200 1713
172.22.2.4 - - [17/Dec/2022:14:28:32 -0500] "GET /BLA/boletinlegal/images/footer_bg.jpg HTTP/1.1" 200 586
172.22.2.4 - - [17/Dec/2022:14:28:32 -0500] "GET /BLA/boletinlegal/images/body_bg.jpg HTTP/1.1" 200 1601
172.22.2.4 - - [17/Dec/2022:14:28:32 -0500] "GET /BLA/boletinlegal/images/menu_rght.gif HTTP/1.1" 200 1627
172.22.2.4 - - [17/Dec/2022:14:28:32 -0500] "GET /BLA/boletinlegal/images/menu_bg.jpg HTTP/1.1" 200 620
172.22.2.4 - - [17/Dec/2022:14:28:32 -0500] "GET /BLA/boletinlegal/images/icono-email.png HTTP/1.1" 200 5544
172.22.2.4 - - [17/Dec/2022:14:28:32 -0500] "GET /BLA/boletinlegal/images/text.jpg HTTP/1.1" 200 568
172.22.2.4 - - [17/Dec/2022:14:28:32 -0500] "GET /BLA/boletinlegal/images/hover.jpg HTTP/1.1" 200 640
172.22.2.4 - - [17/Dec/2022:14:28:33 -0500] "GET /BLA/boletinlegal/images/footer_bg_l.jpg HTTP/1.1" 200 776
172.22.2.4 - - [17/Dec/2022:14:28:33 -0500] "GET /BLA/boletinlegal/img/button-right.png HTTP/1.1" 200 57878
172.22.2.4 - - [17/Dec/2022:14:28:33 -0500] "GET /BLA/boletinlegal/img/0.png HTTP/1.1" 200 110
172.22.2.4 - - [17/Dec/2022:14:28:33 -0500] "GET /BLA/boletinlegal/img/select-left.png HTTP/1.1" 200 263
172.22.2.4 - - [17/Dec/2022:14:28:33 -0500] "GET /BLA/boletinlegal/img/select-right.png HTTP/1.1" 200 44019
172.22.2.4 - - [17/Dec/2022:14:28:33 -0500] "GET /BLA/boletinlegal/img/button-left.png HTTP/1.1" 200 57071
172.22.2.4 - - [17/Dec/2022:14:28:33 -0500] "GET /BLA/boletinlegal/img/button.png HTTP/1.1" 200 43241
172.22.2.4 - - [17/Dec/2022:14:28:33 -0500] "GET /BLA/boletinlegal/favicon.ico HTTP/1.1" 404 1334
172.22.2.4 - - [17/Dec/2022:14:28:55 -0500] "GET /BLA/boletinlegal/consulta_normativa.php?tipo=&sector=licencia&ano=&resuelve=almacenamiento HTTP/1.1" 200 454
172.22.2.4 - - [17/Dec/2022:14:29:05 -0500] "GET /BLA/boletinlegal/consulta_normativa.php?tipo=&sector=licencia&ano=&resuelve=almacenamiento HTTP/1.1" 200 454
172.22.2.4 - - [17/Dec/2022:14:28:42 -0500] "GET /BLA/boletinlegal/ HTTP/1.1" 200 20427
172.22.2.4 - - [17/Dec/2022:14:29:09 -0500] "GET /BLA/boletinlegal/consulta_normativa.php?tipo=&sector=licencia&ano=&resuelve=sustancia HTTP/1.1" 200 454
172.22.2.4 - - [17/Dec/2022:14:29:11 -0500] "GET /BLA/boletinlegal/consulta_normativa.php?tipo=&sector=licencia&ano=&resuelve=sustancia HTTP/1.1" 200 454
172.22.2.4 - - [17/Dec/2022:14:29:13 -0500] "GET /BLA/boletinlegal/consulta_normativa.php?tipo=&sector=licencia&ano=&resuelve=sustancia HTTP/1.1" 200 454
172.22.2.4 - - [17/Dec/2022:14:29:17 -0500] "GET /BLA/boletinlegal/consulta_normativa.php?tipo=&sector=licencia&ano=&resuelve=sustancia HTTP/1.1" 200 454
172.22.2.4 - - [17/Dec/2022:14:29:18 -0500] "GET /BLA/boletinlegal/consulta_normativa.php?tipo=&sector=licencia&ano=&resuelve=sustancia HTTP/1.1" 200 454
172.22.2.4 - - [17/Dec/2022:14:29:19 -0500] "GET /BLA/boletinlegal/consulta_normativa.php?tipo=&sector=licencia&ano=&resuelve=sustancia HTTP/1.1" 200 454
172.22.2.4 - - [17/Dec/2022:14:29:19 -0500] "GET /BLA/boletinlegal/consulta_normativa.php?tipo=&sector=licencia&ano=&resuelve=sustancia HTTP/1.1" 200 454
172.22.2.4 - - [17/Dec/2022:14:29:27 -0500] "GET /BLA/boletinlegal/consulta_normativa.php?tipo=&sector=licencia&ano=&resuelve=sustancia HTTP/1.1" 200 454
172.22.2.4 - - [17/Dec/2022:14:29:28 -0500] "GET /BLA/boletinlegal/consulta_normativa.php?tipo=&sector=licencia&ano=&resuelve=sustancia HTTP/1.1" 200 454
172.22.2.4 - - [17/Dec/2022:14:29:29 -0500] "GET /BLA/boletinlegal/consulta_normativa.php?tipo=&sector=licencia&ano=&resuelve=sustancia HTTP/1.1" 200 454
172.22.2.4 - - [17/Dec/2022:14:29:29 -0500] "GET /BLA/boletinlegal/consulta_normativa.php?tipo=&sector=licencia&ano=&resuelve=sustancia HTTP/1.1" 200 454
172.22.2.4 - - [17/Dec/2022:14:29:31 -0500] "GET /BLA/boletinlegal/consulta_normativa.php?tipo=&sector=licencia&ano=&resuelve=sustancia HTTP/1.1" 200 454
172.22.2.4 - - [17/Dec/2022:14:29:32 -0500] "GET /BLA/boletinlegal/consulta_normativa.php?tipo=&sector=licencia&ano=&resuelve=sustancia HTTP/1.1" 200 454
172.22.2.4 - - [17/Dec/2022:14:29:34 -0500] "GET /BLA/boletinlegal/consulta_normativa.php?tipo=&sector=licencia&ano=&resuelve=sustancia HTTP/1.1" 200 454
172.22.2.4 - - [17/Dec/2022:14:29:42 -0500] "GET /BLA/boletinlegal/consulta_normativa.php?tipo=&sector=Aire&ano=&resuelve=sustancia HTTP/1.1" 200 454
172.22.2.4 - - [17/Dec/2022:14:29:44 -0500] "GET /BLA/boletinlegal/consulta_normativa.php?tipo=&sector=Aire&ano=&resuelve=sustancia HTTP/1.1" 200 454
172.22.2.4 - - [17/Dec/2022:14:29:44 -0500] "GET /BLA/boletinlegal/consulta_normativa.php?tipo=&sector=Aire&ano=&resuelve=sustancia HTTP/1.1" 200 454
172.22.2.4 - - [17/Dec/2022:14:29:44 -0500] "GET /BLA/boletinlegal/consulta_normativa.php?tipo=&sector=Aire&ano=&resuelve=sustancia HTTP/1.1" 200 454
172.22.2.4 - - [17/Dec/2022:14:29:44 -0500] "GET /BLA/boletinlegal/consulta_normativa.php?tipo=&sector=Aire&ano=&resuelve=sustancia HTTP/1.1" 200 454
172.22.2.4 - - [17/Dec/2022:14:29:51 -0500] "GET /BLA/boletinlegal/conceptos.php HTTP/1.1" 200 7450
172.22.2.4 - - [17/Dec/2022:14:29:51 -0500] "GET /BLA/boletinlegal/js/ajax_conceptos.js HTTP/1.1" 200 1326
172.22.2.4 - - [17/Dec/2022:14:30:27 -0500] "GET /BLA/boletinlegal/consulta_conceptos.php?no=&solicitante=&radicado_entrada=&fecha_concepto=2010&objeto=almacenamiento HTTP/1.1" 200 570
172.22.2.4 - - [17/Dec/2022:14:30:36 -0500] "GET /BLA/boletinlegal/consulta_conceptos.php?no=&solicitante=&radicado_entrada=&fecha_concepto=2011&objeto=almacenamiento HTTP/1.1" 200 1040
172.22.2.4 - - [17/Dec/2022:14:30:36 -0500] "GET /BLA/boletinlegal/images/pdf.gif HTTP/1.1" 200 567
181.252.196.21 - - [17/Dec/2022:14:30:39 -0500] "-" 408 -
172.22.2.4 - - [17/Dec/2022:14:30:48 -0500] "GET /BLA/boletinlegal/consulta_conceptos.php?no=&solicitante=&radicado_entrada=&fecha_concepto=2012&objeto=almacenamiento HTTP/1.1" 200 570
201.245.192.253 - - [17/Dec/2022:14:30:50 -0500] "POST /kwsrmcab/Wsrmcab HTTP/1.1" 200 43125
201.245.192.253 - - [17/Dec/2022:14:30:53 -0500] "POST /kwsrmcab/Wsrmcab HTTP/1.1" 200 44410
172.22.2.4 - - [17/Dec/2022:14:30:55 -0500] "GET /BLA/boletinlegal/consulta_conceptos.php?no=&solicitante=&radicado_entrada=&fecha_concepto=2013&objeto=almacenamiento HTTP/1.1" 200 1124
172.22.2.4 - - [17/Dec/2022:14:31:09 -0500] "GET /BLA/boletinlegal/consulta_conceptos.php?no=&solicitante=&radicado_entrada=&fecha_concepto=2014&objeto=almacenamiento HTTP/1.1" 200 570
172.22.2.4 - - [17/Dec/2022:14:31:15 -0500] "GET /BLA/boletinlegal/consulta_conceptos.php?no=&solicitante=&radicado_entrada=&fecha_concepto=2015&objeto=almacenamiento HTTP/1.1" 200 570
172.22.2.4 - - [17/Dec/2022:14:31:17 -0500] "GET /BLA/boletinlegal/consulta_conceptos.php?no=&solicitante=&radicado_entrada=&fecha_concepto=2015&objeto=almacenamiento HTTP/1.1" 200 570
172.22.2.4 - - [17/Dec/2022:14:31:18 -0500] "GET /BLA/boletinlegal/consulta_conceptos.php?no=&solicitante=&radicado_entrada=&fecha_concepto=2015&objeto=almacenamiento HTTP/1.1" 200 570
172.22.2.4 - - [17/Dec/2022:14:31:18 -0500] "GET /BLA/boletinlegal/consulta_conceptos.php?no=&solicitante=&radicado_entrada=&fecha_concepto=2015&objeto=almacenamiento HTTP/1.1" 200 570
172.22.2.4 - - [17/Dec/2022:14:31:18 -0500] "GET /BLA/boletinlegal/consulta_conceptos.php?no=&solicitante=&radicado_entrada=&fecha_concepto=2015&objeto=almacenamiento HTTP/1.1" 200 570
172.22.2.4 - - [17/Dec/2022:14:31:21 -0500] "GET /BLA/boletinlegal/consulta_conceptos.php?no=&solicitante=&radicado_entrada=&fecha_concepto=2015&objeto=almacenamiento HTTP/1.1" 200 570
172.22.2.4 - - [17/Dec/2022:14:31:25 -0500] "GET /BLA/boletinlegal/consulta_conceptos.php?no=&solicitante=&radicado_entrada=&fecha_concepto=2016&objeto=almacenamiento HTTP/1.1" 200 570
172.22.2.4 - - [17/Dec/2022:14:31:27 -0500] "GET /BLA/boletinlegal/consulta_conceptos.php?no=&solicitante=&radicado_entrada=&fecha_concepto=2016&objeto=almacenamiento HTTP/1.1" 200 570
172.22.2.4 - - [17/Dec/2022:14:31:32 -0500] "GET /BLA/boletinlegal/consulta_conceptos.php?no=&solicitante=&radicado_entrada=&fecha_concepto=2017&objeto=almacenamiento HTTP/1.1" 200 570
172.22.2.4 - - [17/Dec/2022:14:31:37 -0500] "GET /BLA/boletinlegal/consulta_conceptos.php?no=&solicitante=&radicado_entrada=&fecha_concepto=2018&objeto=almacenamiento HTTP/1.1" 200 570
201.245.192.253 - - [17/Dec/2022:14:31:39 -0500] "POST /kwsrmcab/Wsrmcab  HTTP/1.1" 200 213
172.22.2.4 - - [17/Dec/2022:14:31:42 -0500] "GET /BLA/boletinlegal/consulta_conceptos.php?no=&solicitante=&radicado_entrada=&fecha_concepto=2019&objeto=almacenamiento HTTP/1.1" 200 570
172.22.2.4 - - [17/Dec/2022:14:31:43 -0500] "GET /BLA/boletinlegal/consulta_conceptos.php?no=&solicitante=&radicado_entrada=&fecha_concepto=2019&objeto=almacenamiento HTTP/1.1" 200 570
216.245.221.92 - - [17/Dec/2022:14:31:43 -0500] "HEAD / HTTP/1.1" 200 -
172.22.2.4 - - [17/Dec/2022:14:31:47 -0500] "GET /BLA/boletinlegal/consulta_conceptos.php?no=&solicitante=&radicado_entrada=&fecha_concepto=2020&objeto=almacenamiento HTTP/1.1" 200 570
172.22.2.4 - - [17/Dec/2022:14:31:48 -0500] "GET /BLA/boletinlegal/consulta_conceptos.php?no=&solicitante=&radicado_entrada=&fecha_concepto=2020&objeto=almacenamiento HTTP/1.1" 200 570
172.22.2.4 - - [17/Dec/2022:14:31:52 -0500] "GET /BLA/boletinlegal/consulta_conceptos.php?no=&solicitante=&radicado_entrada=&fecha_concepto=2021&objeto=almacenamiento HTTP/1.1" 200 946
172.22.2.4 - - [17/Dec/2022:14:31:53 -0500] "GET /BLA/boletinlegal/consulta_conceptos.php?no=&solicitante=&radicado_entrada=&fecha_concepto=2021&objeto=almacenamiento HTTP/1.1" 200 946
172.22.2.4 - - [17/Dec/2022:14:32:00 -0500] "GET /BLA/boletinlegal/conceptos/2021/72.pdf HTTP/1.1" 200 427095
172.22.2.4 - - [17/Dec/2022:14:30:42 -0500] "HEAD /BLA/boletinlegal/ HTTP/1.1" 200 -
173.252.79.2 - - [17/Dec/2022:14:33:05 -0500] "GET /images/cr\xc3\xb3nica-29-nov-1_optimized.jpeg HTTP/1.1" 404 1034
172.22.2.4 - - [17/Dec/2022:14:31:32 -0500] "GET /BLA/boletinlegal/ HTTP/1.1" 200 55272
66.249.73.127 - - [17/Dec/2022:14:33:46 -0500] "-" 408 -
173.252.107.120 - - [17/Dec/2022:14:33:53 -0500] "GET /images/cr\xc3\xb3nica-29-nov-1_optimized.jpeg HTTP/1.1" 404 1034
201.245.192.253 - - [17/Dec/2022:14:36:38 -0500] "POST /kwsrmcab/Wsrmcab  HTTP/1.1" 200 213
216.245.221.92 - - [17/Dec/2022:14:36:43 -0500] "HEAD / HTTP/1.1" 200 -
172.22.2.4 - - [17/Dec/2022:14:38:03 -0500] "GET /BLA/boletinlegal/robots.txt HTTP/1.1" 404 1140
172.22.2.4 - - [17/Dec/2022:14:36:32 -0500] "HEAD /BLA/boletinlegal/ HTTP/1.1" 200 -
172.22.2.4 - - [17/Dec/2022:14:37:22 -0500] "GET /BLA/boletinlegal/ HTTP/1.1" 200 59779
201.245.192.253 - - [17/Dec/2022:14:39:48 -0500] "GET /appsia/controlador HTTP/1.1" 200 4799
201.245.192.253 - - [17/Dec/2022:14:39:48 -0500] "GET /appsia/css/estilos.css HTTP/1.1" 200 4804
201.245.192.253 - - [17/Dec/2022:14:39:48 -0500] "GET /appsia/scripts/validarIngreso.js HTTP/1.1" 200 851
201.245.192.253 - - [17/Dec/2022:14:39:48 -0500] "GET /appsia/images/logo_bogota_p.png HTTP/1.1" 200 14951
201.245.192.253 - - [17/Dec/2022:14:39:48 -0500] "GET /appsia/images/cabezoteHojaVida.png HTTP/1.1" 200 32493
201.245.192.253 - - [17/Dec/2022:14:39:48 -0500] "GET /favicon.ico HTTP/1.1" 200 7782
201.245.192.253 - - [17/Dec/2022:14:39:51 -0500] "POST /appsia/controlador HTTP/1.1" 200 5437
201.245.192.253 - - [17/Dec/2022:14:39:52 -0500] "POST /appsia/controlador HTTP/1.1" 200 7791
201.245.192.253 - - [17/Dec/2022:14:40:04 -0500] "POST /appsia/controlador HTTP/1.1" 200 6656
201.245.192.253 - - [17/Dec/2022:14:40:05 -0500] "POST /appsia/controlador HTTP/1.1" 200 11696
201.245.192.253 - - [17/Dec/2022:14:40:50 -0500] "POST /kwsrmcab/Wsrmcab HTTP/1.1" 200 43125
201.245.192.253 - - [17/Dec/2022:14:40:53 -0500] "POST /kwsrmcab/Wsrmcab HTTP/1.1" 200 44410
201.245.192.253 - - [17/Dec/2022:14:41:37 -0500] "POST /kwsrmcab/Wsrmcab  HTTP/1.1" 200 213
216.245.221.92 - - [17/Dec/2022:14:41:43 -0500] "HEAD / HTTP/1.1" 200 -
172.22.2.4 - - [17/Dec/2022:14:43:13 -0500] "GET /BLA/boletinlegal/favicon.ico HTTP/1.1" 404 1038
201.245.192.253 - - [17/Dec/2022:14:43:33 -0500] "GET /appsia/controlador HTTP/1.1" 200 5437
201.245.192.253 - - [17/Dec/2022:14:43:35 -0500] "POST /appsia/controlador HTTP/1.1" 200 7791
201.245.192.253 - - [17/Dec/2022:14:43:37 -0500] "POST /appsia/controlador HTTP/1.1" 200 6656
201.245.192.253 - - [17/Dec/2022:14:43:38 -0500] "POST /appsia/controlador HTTP/1.1" 200 11696
172.22.2.4 - - [17/Dec/2022:14:43:41 -0500] "GET /BLA/boletinlegal/consulta_conceptos.php?no=&solicitante=&radicado_entrada=&fecha_concepto=2022&objeto=almacenamiento HTTP/1.1" 200 570
201.245.192.253 - - [17/Dec/2022:14:43:44 -0500] "POST /appsia/controlador HTTP/1.1" 200 7791
186.102.56.17 - - [17/Dec/2022:14:43:46 -0500] "GET /kwssiamovil/sm/ldap/au?x=U2FsdGVkX18bJhp52ibJo9NPB+Q1yIgEcH4kr+1Lec5twmsijQiwjfCva5kGFP1v&y=U2FsdGVkX1/yNwKC+BJ52EMptwxclRNZc3afw/H+3p56lK8LczoYr7s1SjumOyEs HTTP/1.1" 200 30
186.102.56.17 - - [17/Dec/2022:14:43:46 -0500] "GET /kwssiamovil/sm/acme/s?s=U2FsdGVkX1/M4Dy5k30QErLLt4qRUv+1IudGsm/1PRc8nG6OtqYZq87/M+SHBZmTk0Mqt66EDx0sCds4L3HEQ3XlMdaqPgqxNJI92gwwSgA=&u=U2FsdGVkX1+pQ2A/ZEwO3VrX/44yWxUvPA4X//WOt9Y=&y=U2FsdGVkX1/yNwKC+BJ52EMptwxclRNZc3afw/H+3p56lK8LczoYr7s1SjumOyEs HTTP/1.1" 200 97
186.102.56.17 - - [17/Dec/2022:14:43:46 -0500] "GET /kwssiamovil/sm/acme/s?s=U2FsdGVkX1/Jgs3tMwyuJOEaQlwG5Rdg7r+f2eUw3PsZxu8v4dNTg0l6clGAeN0UQOzYjoJT7paAnUXsGP8VleQnQ6HeICJzztvSZo6nOmyAg1HfB3ueh3d7hrVEFwMZZkVFLCCf5Uy9YkT7OBXeuTHmrfSgiVnwbnCFF/RQcWodSJ8uD7n0EHhgkZQEbva7aVQ452HDhrZ3aOkWHC/Zr2uREI/kDLLciG37VjRixQrmIWbWuTeiww30oaPl+hVqsxZpyWXhBzcfWH/nSvE9evveBdHByicKLe6MdKswryR+WtZvCv31KItIm1wVw2Rw69vVFxqD5nE3pv0eV37SoenPeCoa+EbQGq27++1W+HRG4BYTPJOarZR90uXQqZWiRL3rkxhyZEKURuyo84YULF71x7zWYdmPGj4Cj90C11r2qnuCCEAynlo5I0GFMMyhOVbfXSXI6Ne6UElqocGztbJ9qKBHo4BE8xgvPaNHySv8CGoCpnn+wC8YR9tVgN/dUXmNnFZMXewPj/FAwOl1cLlkXSb/qQmCl+LzPbY0Yrt3YPMGFZCgJufJPiEbNEfI42rJThw/s23ybmyxCGydyn1pqmYLP2ujr6zkwobyVZZ6+48ltrG/EWlJbXfTw32HgRA7ZEjzDZ27kBGTgVn3OvLGkr5RZzlz2M2ombYtf4SDp521Mi/xn1pnXgjPjUQKae2vg+TA6QPBYWyPuK9b895+UOMyBbE5p5kTSOmRAHfNMqgmZPGysHvgNJM3XH2UJ1is6vqZP9d/dmvr0uzp1h8Ood20wO8CK62Nbm9KIILNKfN4uIsKz31hFanYUMvBbd9yGcLBS8imNhxcQYUuxa2wOFQYGImh3Z1CDomr17l45yTg5UyN/RaQYXiuRBsM8y/ZqigOi0KaEpOpoRNvX9tsLRY0S22UAFh/kVUCyyeQb2c2jCTjDCWMCRTYDQQwnD0eVCq719AoicacOJAJLYrv8qpySPPShhFuDEBq1/2D5N3D67cGyNqbHvHFcK4DFXRtB2iWvQ8mCFBgr/8aTW5VeeixcZqNBQM0FUBFQ+PU/M65QoGVkYOp0lXEAvIBoLuNq8u8fazAUjJbHZKbaC6I5kVDU2Mv1gRAjiIbIrGhGZb/aX+0B75bbuPRvWfX/Z7PAQ3FvsoSWhjWx3fY63nXrgCRT8mCKSdQ79UvtF6X6I3x2FtHv6za4HKUvtXqpaWfhpGDY/NT7btvY5KhmbEl2lkIYl3BgV2pMWZ2it7KduV8wXNbTkfv3eqCCZ5s8wv/P0WuOTVVIXAMR8sJD1SfZ1pMaVYrhOUI5rEwTAqi5wgK9/n1kGwVCewWiOpMzKP0T3lOLbxqQMcxvaMYgPVUh5bpTKL7ehA1eeINWRkNIEVDZaRFqnwLxORWyqyQU49HNu5g1p+R5ei/O2SAfOlan4mjhatZxAZ4QMTuuJajD4h7J+9q8FWU8cCabwuevDGZhJB4udFvKZHPajAWfS/N+ckBqUUIBHblm5EuhWblYPL7QNzk9pdY/dxPk70G1CzVztt6nOUgPSFQgP7V78jrqz9KG3kY3tSifIWo0HvWtsx1WI8GfzeaGzPSUoEBifgKPTWXKYEzXgEfjgvPPclR6b7lXve+9QKxZfCrU/13IfVMj456sjeMIUsLoOc4NNiAwgAJQExqMX3SOlffz8/6CGO1HilVgv5VycR5vbgGdjuMQDcqucSOP3sk9ygvk/B8tOb725QugeRGJ2yJOlTox98PRGEglkDTkdAS3xc=&u=U2FsdGVkX1+pQ2A/ZEwO3VrX/44yWxUvPA4X//WOt9Y=&y=U2FsdGVkX1/yNwKC+BJ52EMptwxclRNZc3afw/H+3p56lK8LczoYr7s1SjumOyEs HTTP/1.1" 200 401
186.102.56.17 - - [17/Dec/2022:14:43:46 -0500] "GET /kwssiamovil/sm/acme/s?s=U2FsdGVkX1/4k6UcIn7UBCyHiRQkePOdjec7yrWK/B+ICsj9dOrd3KrpZi4SvXtcIoIP63p0KY5MN2l59MOrH3Gny/DayPpOhV6CXWKn6cRaqavSs28D4IKNTq7Enx7Y2xf2Xl2vSyTgpQN6MKyp3frX9M6JRPsQYz58cUuZUwTW06DEbvROEGFX3uSM4MxqMxuIkPiBGWHh1y0Td7s7WbDmR9Y4MOpxquWhsTVMIqdDFzAR8I+uMKqABGdgV9EoQeByvb6R2h9QW9IvskWoiq09zQnVWAtyDijIcc5kHfa/8TWXlpjcFfNnt256HnUEHSr5cdZd0/DOhiKGUi6jtOC5O/v9OwcFVkz3Ddjp9/9RDJ5xL2o+9IBbsXww9UvlOPRf2+JGGUmC1+pZYD2MVQxEkGZIV9dwn7cKkfPN1B2mjrpvFijBrusjgqSqGcNz79SL3EyDnhpGM4uVqFeMwR18pYb8/Wvs/q0d2LgB3h0K03Jj78orkpMAwIgAiuTaFXVcIMtPR7vY4cH1//X8AulTeJuCGdB8ythRTzZseg7aa9JyUt1CeNh2XXKZg9SeK0KxQoFGs8UmAS+poNnwwdkEU3o6B/a/h3EDG45DM035HemUvOLdHXB8WGDHgFyHgmEY0kNnjAbpVpcbNw7fb0CWkX8G9QbSG4PAzbW3wySZC/8NLxoKwK7TvglABbkCTZPJ3SwHAwVEV0uPvzAcdlXCGRmTwSNDF2yBiKlop6/U+AhkUcXTjfcYUYZw9Gxm&u=U2FsdGVkX1+pQ2A/ZEwO3VrX/44yWxUvPA4X//WOt9Y=&y=U2FsdGVkX1/yNwKC+BJ52EMptwxclRNZc3afw/H+3p56lK8LczoYr7s1SjumOyEs HTTP/1.1" 200 208
186.102.56.17 - - [17/Dec/2022:14:43:47 -0500] "GET /kwssiamovil/sm/cjson/pre?f=1&x=U2FsdGVkX18bJhp52ibJo9NPB+Q1yIgEcH4kr+1Lec5twmsijQiwjfCva5kGFP1v HTTP/1.1" 200 31032
201.245.192.253 - - [17/Dec/2022:14:43:47 -0500] "POST /appsia/controlador HTTP/1.1" 200 6656
201.245.192.253 - - [17/Dec/2022:14:43:48 -0500] "POST /appsia/controlador HTTP/1.1" 200 10953
172.22.2.4 - - [17/Dec/2022:14:43:54 -0500] "GET /BLA/boletinlegal/consulta_conceptos.php?no=&solicitante=&radicado_entrada=&fecha_concepto=2022&objeto=%22sustancias%20peligrosas%22 HTTP/1.1" 200 570
172.22.2.4 - - [17/Dec/2022:14:43:55 -0500] "GET /BLA/boletinlegal/consulta_conceptos.php?no=&solicitante=&radicado_entrada=&fecha_concepto=2022&objeto=%22sustancias%20peligrosas%22 HTTP/1.1" 200 570
172.22.2.4 - - [17/Dec/2022:14:43:59 -0500] "GET /BLA/boletinlegal/consulta_conceptos.php?no=&solicitante=&radicado_entrada=&fecha_concepto=2021&objeto=%22sustancias%20peligrosas%22 HTTP/1.1" 200 570
172.22.2.4 - - [17/Dec/2022:14:44:00 -0500] "GET /BLA/boletinlegal/consulta_conceptos.php?no=&solicitante=&radicado_entrada=&fecha_concepto=2021&objeto=%22sustancias%20peligrosas%22 HTTP/1.1" 200 570
172.22.2.4 - - [17/Dec/2022:14:42:22 -0500] "HEAD /BLA/boletinlegal/ HTTP/1.1" 200 -
172.22.2.4 - - [17/Dec/2022:14:44:04 -0500] "GET /BLA/boletinlegal/consulta_conceptos.php?no=&solicitante=&radicado_entrada=&fecha_concepto=2020&objeto=%22sustancias%20peligrosas%22 HTTP/1.1" 200 570
172.22.2.4 - - [17/Dec/2022:14:44:05 -0500] "GET /BLA/boletinlegal/consulta_conceptos.php?no=&solicitante=&radicado_entrada=&fecha_concepto=2020&objeto=%22sustancias%20peligrosas%22 HTTP/1.1" 200 570
172.22.2.4 - - [17/Dec/2022:14:44:08 -0500] "GET /BLA/boletinlegal/consulta_conceptos.php?no=&solicitante=&radicado_entrada=&fecha_concepto=2019&objeto=%22sustancias%20peligrosas%22 HTTP/1.1" 200 570
172.22.2.4 - - [17/Dec/2022:14:44:08 -0500] "GET /BLA/boletinlegal/consulta_conceptos.php?no=&solicitante=&radicado_entrada=&fecha_concepto=2019&objeto=%22sustancias%20peligrosas%22 HTTP/1.1" 200 570
172.22.2.4 - - [17/Dec/2022:14:44:12 -0500] "GET /BLA/boletinlegal/consulta_conceptos.php?no=&solicitante=&radicado_entrada=&fecha_concepto=2018&objeto=%22sustancias%20peligrosas%22 HTTP/1.1" 200 570
172.22.2.4 - - [17/Dec/2022:14:44:12 -0500] "GET /BLA/boletinlegal/consulta_conceptos.php?no=&solicitante=&radicado_entrada=&fecha_concepto=2018&objeto=%22sustancias%20peligrosas%22 HTTP/1.1" 200 570
172.22.2.4 - - [17/Dec/2022:14:44:12 -0500] "GET /BLA/boletinlegal/consulta_conceptos.php?no=&solicitante=&radicado_entrada=&fecha_concepto=2018&objeto=%22sustancias%20peligrosas%22 HTTP/1.1" 200 570
172.22.2.4 - - [17/Dec/2022:14:44:15 -0500] "GET /BLA/boletinlegal/consulta_conceptos.php?no=&solicitante=&radicado_entrada=&fecha_concepto=2017&objeto=%22sustancias%20peligrosas%22 HTTP/1.1" 200 570
172.22.2.4 - - [17/Dec/2022:14:44:15 -0500] "GET /BLA/boletinlegal/consulta_conceptos.php?no=&solicitante=&radicado_entrada=&fecha_concepto=2017&objeto=%22sustancias%20peligrosas%22 HTTP/1.1" 200 570
172.22.2.4 - - [17/Dec/2022:14:44:19 -0500] "GET /BLA/boletinlegal/consulta_conceptos.php?no=&solicitante=&radicado_entrada=&fecha_concepto=2016&objeto=%22sustancias%20peligrosas%22 HTTP/1.1" 200 570
172.22.2.4 - - [17/Dec/2022:14:44:19 -0500] "GET /BLA/boletinlegal/consulta_conceptos.php?no=&solicitante=&radicado_entrada=&fecha_concepto=2016&objeto=%22sustancias%20peligrosas%22 HTTP/1.1" 200 570
172.22.2.4 - - [17/Dec/2022:14:44:19 -0500] "GET /BLA/boletinlegal/consulta_conceptos.php?no=&solicitante=&radicado_entrada=&fecha_concepto=2016&objeto=%22sustancias%20peligrosas%22 HTTP/1.1" 200 570
172.22.2.4 - - [17/Dec/2022:14:44:23 -0500] "GET /BLA/boletinlegal/consulta_conceptos.php?no=&solicitante=&radicado_entrada=&fecha_concepto=2015&objeto=%22sustancias%20peligrosas%22 HTTP/1.1" 200 570
172.22.2.4 - - [17/Dec/2022:14:44:23 -0500] "GET /BLA/boletinlegal/consulta_conceptos.php?no=&solicitante=&radicado_entrada=&fecha_concepto=2015&objeto=%22sustancias%20peligrosas%22 HTTP/1.1" 200 570
172.22.2.4 - - [17/Dec/2022:14:44:28 -0500] "GET /BLA/boletinlegal/consulta_conceptos.php?no=&solicitante=&radicado_entrada=&fecha_concepto=2014&objeto=%22sustancias%20peligrosas%22 HTTP/1.1" 200 570
172.22.2.4 - - [17/Dec/2022:14:44:28 -0500] "GET /BLA/boletinlegal/consulta_conceptos.php?no=&solicitante=&radicado_entrada=&fecha_concepto=2014&objeto=%22sustancias%20peligrosas%22 HTTP/1.1" 200 570
172.22.2.4 - - [17/Dec/2022:14:44:28 -0500] "GET /BLA/boletinlegal/consulta_conceptos.php?no=&solicitante=&radicado_entrada=&fecha_concepto=2014&objeto=%22sustancias%20peligrosas%22 HTTP/1.1" 200 570
172.22.2.4 - - [17/Dec/2022:14:44:32 -0500] "GET /BLA/boletinlegal/consulta_conceptos.php?no=&solicitante=&radicado_entrada=&fecha_concepto=2013&objeto=%22sustancias%20peligrosas%22 HTTP/1.1" 200 570
172.22.2.4 - - [17/Dec/2022:14:44:35 -0500] "GET /BLA/boletinlegal/consulta_conceptos.php?no=&solicitante=&radicado_entrada=&fecha_concepto=2012&objeto=%22sustancias%20peligrosas%22 HTTP/1.1" 200 570
172.22.2.4 - - [17/Dec/2022:14:44:40 -0500] "GET /BLA/boletinlegal/consulta_conceptos.php?no=&solicitante=&radicado_entrada=&fecha_concepto=2011&objeto=%22sustancias%20peligrosas%22 HTTP/1.1" 200 570
172.22.2.4 - - [17/Dec/2022:14:44:44 -0500] "GET /BLA/boletinlegal/consulta_conceptos.php?no=&solicitante=&radicado_entrada=&fecha_concepto=2010&objeto=%22sustancias%20peligrosas%22 HTTP/1.1" 200 570
172.22.2.4 - - [17/Dec/2022:14:44:51 -0500] "GET /BLA/boletinlegal/consulta_conceptos.php?no=&solicitante=&radicado_entrada=&fecha_concepto=2010&objeto=%22sustancia%20peligrosa%22 HTTP/1.1" 200 570
172.22.2.4 - - [17/Dec/2022:14:44:52 -0500] "GET /BLA/boletinlegal/consulta_conceptos.php?no=&solicitante=&radicado_entrada=&fecha_concepto=2010&objeto=%22sustancia%20peligrosa%22 HTTP/1.1" 200 570
172.22.2.4 - - [17/Dec/2022:14:43:12 -0500] "GET /BLA/boletinlegal/ HTTP/1.1" 200 55680
172.22.2.4 - - [17/Dec/2022:14:44:53 -0500] "GET /BLA/boletinlegal/consulta_conceptos.php?no=&solicitante=&radicado_entrada=&fecha_concepto=2010&objeto=%22sustancia%20peligrosa%22 HTTP/1.1" 200 570
172.22.2.4 - - [17/Dec/2022:14:44:53 -0500] "GET /BLA/boletinlegal/consulta_conceptos.php?no=&solicitante=&radicado_entrada=&fecha_concepto=2010&objeto=%22sustancia%20peligrosa%22 HTTP/1.1" 200 570
172.22.2.4 - - [17/Dec/2022:14:44:58 -0500] "GET /BLA/boletinlegal/consulta_conceptos.php?no=&solicitante=&radicado_entrada=&fecha_concepto=2011&objeto=%22sustancia%20peligrosa%22 HTTP/1.1" 200 570
