173.252.127.17 - - [18/Dec/2022:20:12:02 -0500] "GET /images/cr\xc3\xb3nica-29-nov-1_optimized.jpeg HTTP/1.1" 404 1034
172.22.2.4 - - [18/Dec/2022:20:10:38 -0500] "GET /BLA/boletinlegal/ HTTP/1.1" 200 56825
157.55.39.172 - - [18/Dec/2022:20:14:53 -0500] "GET /BLA/resoluciones/RESOLUCIONES%202021/5262.pdf HTTP/1.1" 304 -
201.245.192.253 - - [18/Dec/2022:20:15:29 -0500] "POST /kwsrmcab/Wsrmcab  HTTP/1.1" 200 213
216.245.221.92 - - [18/Dec/2022:20:16:39 -0500] "HEAD / HTTP/1.1" 200 -
172.22.2.4 - - [18/Dec/2022:20:15:38 -0500] "HEAD /BLA/boletinlegal/ HTTP/1.1" 200 -
172.22.2.4 - - [18/Dec/2022:20:18:07 -0500] "GET /BLA/boletinlegal/conceptos/2017/147.pdf HTTP/1.1" 200 349181
172.22.2.4 - - [18/Dec/2022:20:16:28 -0500] "GET /BLA/boletinlegal/ HTTP/1.1" 200 59779
185.119.81.97 - - [18/Dec/2022:20:20:10 -0500] "GET /portaldeninos/wp-login.php HTTP/1.1" 200 2592
185.119.81.97 - - [18/Dec/2022:20:20:11 -0500] "POST /portaldeninos/wp-login.php HTTP/1.1" 200 3605
201.245.192.253 - - [18/Dec/2022:20:20:29 -0500] "POST /kwsrmcab/Wsrmcab  HTTP/1.1" 200 213
201.245.192.253 - - [18/Dec/2022:20:20:44 -0500] "POST /kwsrmcab/Wsrmcab HTTP/1.1" 200 44052
201.245.192.253 - - [18/Dec/2022:20:20:47 -0500] "POST /kwsrmcab/Wsrmcab HTTP/1.1" 200 44066
216.245.221.92 - - [18/Dec/2022:20:21:39 -0500] "HEAD / HTTP/1.1" 200 -
114.119.153.154 - - [18/Dec/2022:20:21:55 -0500] "GET /BLA/resoluciones/RESOLUCIONES%202019/0641.pdf HTTP/1.1" 200 353018
172.22.2.4 - - [18/Dec/2022:20:21:28 -0500] "HEAD /BLA/boletinlegal/ HTTP/1.1" 200 -
186.84.20.209 - - [18/Dec/2022:20:23:28 -0500] "GET /BLA/resoluciones/index.php?dir=RESOLUCIONES+2018%2F HTTP/1.1" 200 273306
186.84.20.209 - - [18/Dec/2022:20:23:31 -0500] "GET /BLA/resoluciones/index.php?dir=RESOLUCIONES+2019%2F HTTP/1.1" 200 249324
168.119.61.24 - - [18/Dec/2022:20:23:33 -0500] "GET / HTTP/1.1" 200 319
172.22.2.4 - - [18/Dec/2022:20:22:18 -0500] "GET /BLA/boletinlegal/ HTTP/1.1" 200 56079
201.245.192.253 - - [18/Dec/2022:20:25:28 -0500] "POST /kwsrmcab/Wsrmcab  HTTP/1.1" 200 213
45.9.110.186 - - [18/Dec/2022:20:25:41 -0500] "-" 408 -
191.95.165.176 - - [18/Dec/2022:20:26:33 -0500] "GET /galeria/galeria/jquery.fancybox.css?v=2.1.5 HTTP/1.1" 200 4895
191.95.165.176 - - [18/Dec/2022:20:26:33 -0500] "GET /BLA/boletinlegal/js/jquery.scrollShow.js HTTP/1.1" 200 4586
191.95.165.176 - - [18/Dec/2022:20:26:33 -0500] "GET /galeria/galeria/jquery.fancybox.js?v=2.1.5 HTTP/1.1" 200 48706
216.245.221.92 - - [18/Dec/2022:20:26:39 -0500] "HEAD / HTTP/1.1" 200 -
13.66.139.11 - - [18/Dec/2022:20:27:25 -0500] "-" 408 -
172.22.2.4 - - [18/Dec/2022:20:27:18 -0500] "HEAD /BLA/boletinlegal/ HTTP/1.1" 200 -
45.238.182.56 - - [18/Dec/2022:20:29:39 -0500] "GET /galeria/galeria/jquery.fancybox.css?v=2.1.5 HTTP/1.1" 200 4895
172.22.2.4 - - [18/Dec/2022:20:28:08 -0500] "GET /BLA/boletinlegal/ HTTP/1.1" 200 59404
201.245.192.253 - - [18/Dec/2022:20:30:27 -0500] "POST /kwsrmcab/Wsrmcab  HTTP/1.1" 200 213
201.245.192.253 - - [18/Dec/2022:20:30:44 -0500] "POST /kwsrmcab/Wsrmcab HTTP/1.1" 200 44052
201.245.192.253 - - [18/Dec/2022:20:30:47 -0500] "POST /kwsrmcab/Wsrmcab HTTP/1.1" 200 44066
207.46.13.198 - - [18/Dec/2022:20:30:54 -0500] "GET /Publicaciones/2022EE134402.pdf HTTP/1.1" 404 228
69.171.251.22 - - [18/Dec/2022:20:31:28 -0500] "GET /images/secretaria-participantes.14-octubre.jpg HTTP/1.1" 200 102021
216.245.221.92 - - [18/Dec/2022:20:31:39 -0500] "HEAD / HTTP/1.1" 200 -
114.119.140.153 - - [18/Dec/2022:20:33:55 -0500] "GET /BLA/resoluciones/RESOLUCIONES%202019/0283.pdf HTTP/1.1" 200 257086
207.46.13.174 - - [18/Dec/2022:20:34:41 -0500] "GET /BLA/resoluciones/AUTOS%202021/2937.pdf HTTP/1.1" 200 319328
172.22.2.4 - - [18/Dec/2022:20:33:08 -0500] "HEAD /BLA/boletinlegal/ HTTP/1.1" 200 -
172.22.2.4 - - [18/Dec/2022:20:33:45 -0500] "GET /BLA/boletinlegal/ HTTP/1.1" 200 48283
201.245.192.253 - - [18/Dec/2022:20:35:24 -0500] "POST /kwsrmcab/Wsrmcab  HTTP/1.1" 200 213
172.22.2.4 - - [18/Dec/2022:20:33:58 -0500] "GET /BLA/boletinlegal/ HTTP/1.1" 200 47188
66.220.149.17 - - [18/Dec/2022:20:36:07 -0500] "GET /images/adopci\xc3\xb3n-1_optimized.jpeg HTTP/1.1" 404 1034
172.22.2.4 - - [18/Dec/2022:20:34:43 -0500] "GET /BLA/boletinlegal/ HTTP/1.1" 200 54452
216.245.221.92 - - [18/Dec/2022:20:36:39 -0500] "HEAD / HTTP/1.1" 200 -
172.22.2.4 - - [18/Dec/2022:20:38:33 -0500] "GET /BLA/boletinlegal/Circulares/2019/.pdf HTTP/1.1" 404 1218
95.217.144.248 - - [18/Dec/2022:20:39:56 -0500] "-" 408 -
95.217.144.250 - - [18/Dec/2022:20:40:01 -0500] "-" 408 -
95.217.144.250 - - [18/Dec/2022:20:40:02 -0500] "-" 408 -
95.217.144.245 - - [18/Dec/2022:20:40:14 -0500] "-" 408 -
95.217.144.245 - - [18/Dec/2022:20:40:14 -0500] "-" 408 -
201.245.192.253 - - [18/Dec/2022:20:40:22 -0500] "POST /kwsrmcab/Wsrmcab  HTTP/1.1" 200 213
172.22.2.4 - - [18/Dec/2022:20:38:58 -0500] "HEAD /BLA/boletinlegal/ HTTP/1.1" 200 -
201.245.192.253 - - [18/Dec/2022:20:40:43 -0500] "POST /kwsrmcab/Wsrmcab HTTP/1.1" 200 44052
201.245.192.253 - - [18/Dec/2022:20:40:46 -0500] "POST /kwsrmcab/Wsrmcab HTTP/1.1" 200 44066
172.22.2.4 - - [18/Dec/2022:20:39:48 -0500] "GET /BLA/boletinlegal/ HTTP/1.1" 200 59779
216.245.221.92 - - [18/Dec/2022:20:41:39 -0500] "HEAD / HTTP/1.1" 200 -
185.119.81.106 - - [18/Dec/2022:20:44:30 -0500] "GET /portaldeninos/wp-login.php HTTP/1.1" 200 2592
185.119.81.106 - - [18/Dec/2022:20:44:31 -0500] "POST /portaldeninos/wp-login.php HTTP/1.1" 200 3650
114.119.148.191 - - [18/Dec/2022:20:44:53 -0500] "GET /BLA/resoluciones/RESOLUCIONES%202018/3074.pdf HTTP/1.1" 200 1467254
201.245.192.253 - - [18/Dec/2022:20:45:22 -0500] "POST /kwsrmcab/Wsrmcab  HTTP/1.1" 200 213
172.22.2.4 - - [18/Dec/2022:20:44:48 -0500] "HEAD /BLA/boletinlegal/ HTTP/1.1" 200 -
216.245.221.92 - - [18/Dec/2022:20:46:39 -0500] "HEAD / HTTP/1.1" 200 -
186.84.21.207 - - [18/Dec/2022:20:47:05 -0500] "GET /appsia/controlador HTTP/1.1" 200 4799
186.84.21.207 - - [18/Dec/2022:20:47:06 -0500] "GET /appsia/css/estilos.css HTTP/1.1" 200 4804
186.84.21.207 - - [18/Dec/2022:20:47:06 -0500] "GET /appsia/scripts/validarIngreso.js HTTP/1.1" 200 851
186.84.21.207 - - [18/Dec/2022:20:47:06 -0500] "GET /appsia/images/logo_bogota_p.png HTTP/1.1" 200 14951
186.84.21.207 - - [18/Dec/2022:20:47:06 -0500] "GET /appsia/images/cabezoteHojaVida.png HTTP/1.1" 200 32493
186.84.21.207 - - [18/Dec/2022:20:47:06 -0500] "GET /favicon.ico HTTP/1.1" 200 7782
186.84.21.207 - - [18/Dec/2022:20:47:15 -0500] "POST /appsia/controlador HTTP/1.1" 200 5437
186.84.21.207 - - [18/Dec/2022:20:47:17 -0500] "POST /appsia/controlador HTTP/1.1" 200 10782
186.84.21.207 - - [18/Dec/2022:20:47:17 -0500] "GET /appsia/images/logo_escudo.png HTTP/1.1" 200 36965
172.22.2.4 - - [18/Dec/2022:20:45:38 -0500] "GET /BLA/boletinlegal/ HTTP/1.1" 200 57192
157.55.39.152 - - [18/Dec/2022:20:47:16 -0500] "GET /requerimientos/consulta.php HTTP/1.1" 200 1363915
31.13.127.2 - - [18/Dec/2022:20:47:25 -0500] "GET /images/cr\xc3\xb3nica-29-nov-1_optimized.jpeg HTTP/1.1" 404 1034
186.84.21.207 - - [18/Dec/2022:20:48:06 -0500] "GET /appsia/controlador HTTP/1.1" 200 5437
173.252.111.16 - - [18/Dec/2022:20:50:10 -0500] "GET /images/adopci\xc3\xb3n-1_optimized.jpeg HTTP/1.1" 404 1034
201.245.192.253 - - [18/Dec/2022:20:50:22 -0500] "POST /kwsrmcab/Wsrmcab  HTTP/1.1" 200 213
216.245.221.92 - - [18/Dec/2022:20:51:39 -0500] "HEAD / HTTP/1.1" 200 -
172.22.2.4 - - [18/Dec/2022:20:50:38 -0500] "HEAD /BLA/boletinlegal/ HTTP/1.1" 200 -
173.252.79.4 - - [18/Dec/2022:20:52:21 -0500] "GET /images/cr\xc3\xb3nica-29-nov-1_optimized.jpeg HTTP/1.1" 404 1034
114.119.155.54 - - [18/Dec/2022:20:53:04 -0500] "GET /BLA/resoluciones/RESOLUCIONES%202018/2417.pdf HTTP/1.1" 200 373720
172.22.2.4 - - [18/Dec/2022:20:51:28 -0500] "GET /BLA/boletinlegal/ HTTP/1.1" 200 59404
185.119.81.104 - - [18/Dec/2022:20:54:43 -0500] "GET /portaldeninos/wp-login.php HTTP/1.1" 200 2592
185.119.81.104 - - [18/Dec/2022:20:54:45 -0500] "POST /portaldeninos/wp-login.php HTTP/1.1" 200 3650
201.245.192.253 - - [18/Dec/2022:20:55:20 -0500] "POST /kwsrmcab/Wsrmcab  HTTP/1.1" 200 213
216.245.221.92 - - [18/Dec/2022:20:56:39 -0500] "HEAD / HTTP/1.1" 200 -
84.17.49.19 - - [18/Dec/2022:20:56:43 -0500] "GET / HTTP/1.1" 200 319
207.46.13.198 - - [18/Dec/2022:20:56:49 -0500] "GET /BLA/resoluciones/AUTOS%202011/0171.pdf HTTP/1.1" 200 162005
172.22.2.4 - - [18/Dec/2022:20:56:28 -0500] "HEAD /BLA/boletinlegal/ HTTP/1.1" 200 -
172.22.2.4 - - [18/Dec/2022:20:57:18 -0500] "GET /BLA/boletinlegal/ HTTP/1.1" 200 58612
114.119.140.29 - - [18/Dec/2022:21:00:07 -0500] "GET /BLA/resoluciones/RESOLUCIONES%202018/2379.pdf HTTP/1.1" 200 507483
201.245.192.253 - - [18/Dec/2022:21:00:19 -0500] "POST /kwsrmcab/Wsrmcab  HTTP/1.1" 200 213
216.245.221.92 - - [18/Dec/2022:21:01:40 -0500] "HEAD / HTTP/1.1" 200 -
157.55.39.165 - - [18/Dec/2022:21:01:57 -0500] "GET /portaldeninos/parque-mirador-de-los-nevados/ HTTP/1.1" 200 89855
172.22.2.4 - - [18/Dec/2022:21:02:56 -0500] "GET /BLA/boletinlegal/Circulares/2011/Circular%20No.%203%20del%2023%20de%20Junio%20de%202011.pdf HTTP/1.1" 304 -
40.77.188.24 - - [18/Dec/2022:21:03:13 -0500] "GET /requerimientos/css/dataTables.bootstrap.css HTTP/1.1" 200 7721
40.77.188.24 - - [18/Dec/2022:21:03:13 -0500] "GET /requerimientos/css/bootstrap.min.css HTTP/1.1" 200 113506
172.22.2.4 - - [18/Dec/2022:21:02:18 -0500] "HEAD /BLA/boletinlegal/ HTTP/1.1" 200 -
172.22.2.4 - - [18/Dec/2022:21:03:08 -0500] "GET /BLA/boletinlegal/ HTTP/1.1" 200 59404
201.245.192.253 - - [18/Dec/2022:21:05:18 -0500] "POST /kwsrmcab/Wsrmcab  HTTP/1.1" 200 213
201.245.248.215 - - [18/Dec/2022:21:05:31 -0500] "GET /BLA/resoluciones/index.php?dir=AUTOS+2015%2F HTTP/1.1" 200 578300
207.46.13.198 - - [18/Dec/2022:21:06:08 -0500] "GET /portalsiaccapacitaciones/Listas%20de%20Asistencia%202017 HTTP/1.1" 301 287
114.119.130.202 - - [18/Dec/2022:21:06:19 -0500] "GET /BLA/resoluciones/RESOLUCIONES%202018/2056.pdf HTTP/1.1" 200 256191
216.245.221.92 - - [18/Dec/2022:21:06:39 -0500] "HEAD / HTTP/1.1" 200 -
173.252.127.12 - - [18/Dec/2022:21:08:18 -0500] "GET /images/Entrenubes%201%20(1)%20(1).jpeg HTTP/1.1" 200 70096
173.252.127.11 - - [18/Dec/2022:21:08:41 -0500] "GET /images/Musgo%20SDA%20(1)%20(1).png HTTP/1.1" 200 302122
172.22.2.4 - - [18/Dec/2022:21:08:08 -0500] "HEAD /BLA/boletinlegal/ HTTP/1.1" 200 -
201.245.192.253 - - [18/Dec/2022:21:10:17 -0500] "POST /kwsrmcab/Wsrmcab  HTTP/1.1" 200 213
172.22.2.4 - - [18/Dec/2022:21:08:58 -0500] "GET /BLA/boletinlegal/ HTTP/1.1" 200 56474
216.245.221.92 - - [18/Dec/2022:21:11:39 -0500] "HEAD / HTTP/1.1" 200 -
181.53.13.142 - - [18/Dec/2022:21:12:22 -0500] "GET /kwssiamovil/sm/ldap/au?x=U2FsdGVkX1+HjBBUShLvmj2gLUi9+KdFJg5UKwk0dErF1GHp7WFyw3auL3FovODL&y=U2FsdGVkX19jFXBJJTkZfDfgJHQnk75Isek1xFMvGCNiBxsNi9vWtDvjnWAt87fE HTTP/1.1" 200 30
181.53.13.142 - - [18/Dec/2022:21:12:22 -0500] "GET /kwssiamovil/sm/acme/s?s=U2FsdGVkX18Yebi13tYSxg+fvjTekEzGB78nDntR47g+h7vTawRkwKxRBXRThKa3l1/nNYCgGCm+jdJ6Y1BfmRIXcntuvixW3Q5HpVDbMak=&u=U2FsdGVkX18rCgPdNUVINGn4ty8YPNkCLuCYoSryHwMvF2xjiYjSirU9xzsAacbg&y=U2FsdGVkX19jFXBJJTkZfDfgJHQnk75Isek1xFMvGCNiBxsNi9vWtDvjnWAt87fE HTTP/1.1" 200 97
181.53.13.142 - - [18/Dec/2022:21:12:22 -0500] "GET /kwssiamovil/sm/acme/s?s=U2FsdGVkX193tL5sYVSLnBYsl4hnQYLUYR9dgEs1NCtapP5yyAg8irtu2tNq16n+DP90seoSYU/coqVdVrsOJ1054BO+bS9/kpx/IX3h21RcgnAL1qQ3SmlPy1u00aynUTsmjSbYatcbs5Gb8Cnn0BHaV5+xlPyVW7qV2YA06vamiVMv88st+557S+9Lt16kHRAPAOPSE0+Ihf5Iynd7PIZ5jEVDF1ywekyn/QXhpR+FHWsX+PNvMsn/+03eXYNMluzct36o54f5Ol4/DTIgiELou2Kww66930B2nin1qaB4eyr/HbjyV4I2KEYIfwhzj18y96FP0nmKAhUz6f5r4Rpqn/HQ9LcM2zPv6OFR+qN2U+8enoOKqCZIviikYUA+6iA1za8ZCHzXl8z6hc1eTs2haPrpUw8tdmO1Tuo18iMNGUCUpw60KTDvaNMUWEQ2k0J58BpVBRFJNLjxXinnOfxzvyxzzINhlIlJjsnY1Kt8lwNGvi05q0AKgLV8/wzRC7YJLS1T/nvBBOocEkV44P5rg1pRk5CE+60FXqCmdr99YEYad18EQJ2w2JFWGumi2ndLmrdJnH7qB+QZ9ydLsbWuxXMKJlAL3bJlShUHZWpJ8gmtRYycAJyHtgwuCZsP5GH8AH1tVUhYfEG/4RBGR5LavePgaAOwrVPqfWlqKZunyxQVDFruJZcAC/tjAvNXrJkeoquVJ184rpyiAWJCbgh6Syu5qFD63k46gMQEgTCIVBqHuGdmwrNnEAycNyM/iqmnhVhYHD2XtG1atwIkqwL5OCK6PQFRyiagq2dwfZKU/6/Lxi5oFB/giQeeIPk7P0gd+wgKD30vvKYq9orU+37NpJNyC3r4pWGc21NlHiYsNmanG732zpPvoznf415rOauNVNU2tFI8gAJU6KQz+pbBYMKw7qqdVMVsB3U3xlR/L7HTOeST64aOfhL9VWlF8DBXA36i288Ouaf8WI/3WbBMepCYOUqqFoYu6YGiT1a5Lb1juGKxIEP6MRsrb8FMDU3WKq7JCquSftyWAbyaEfDeYkBFtaMEoGUBmKzUTtGvp8sJIoGMvEjP6HIpLGBGhATnocWIexSgL1FjFVv/rNxljUoPG0wIZR0i4ZVvcggmYomAzwvPrwb2oJm8Keg1G6KM9mg7UxJnECkI/68kAvv5tDY2JYL1rSyeYD1k4DBYQ6VnmiQoLkKAV9gv3NVD0j4HV7m2Nr310aPtewBgAP5ZX0QBwUChIH9mw0VbIzKuVwBcf4aNMeiVZ6kO4+AczFS0f3GINGOwcmpgB0+Z6aF4gWhiy4eRDG3N90eyZQpVacJxa7BG1L80yYK+B7ucjnvS58W3xlmw/PQTXgAT1lu49ivWdvcPsRXv9mfW7snOcfolV+EO2PFcJAE7GpilARKFuEm2mawMi3HkPbvfAnXrnOtucfYeHOOB6MjrtxA=&u=U2FsdGVkX18rCgPdNUVINGn4ty8YPNkCLuCYoSryHwMvF2xjiYjSirU9xzsAacbg&y=U2FsdGVkX19jFXBJJTkZfDfgJHQnk75Isek1xFMvGCNiBxsNi9vWtDvjnWAt87fE HTTP/1.1" 200 852
181.53.13.142 - - [18/Dec/2022:21:12:23 -0500] "GET /kwssiamovil/sm/acme/s?s=U2FsdGVkX1+/J68PFcUTQQK0TxH1BEOasomczTxy0nbzbw4Ioo0nBAhNCeXkFW8vLg7RMQ397kYWqYrlbIEK/lhwEOfmL5QQc/j2dGqWZDnB6lqZsy0jfrYwyw4ADpWJP316TPP4Mumqfp+k5g+yLeKfHToRLdjjE4LVS3wucQPVRH33BQdgYmgfeugsaB7Ers9RP6lH5MiQChu+mpttuq86nEhRsB5lftnLimmpv0I+s5qT3EX6Jgf5d2xr5E2fPjgIo7wAjIxiqr4rSDgplEsuT7lSxciAREIQdB9cNE46bVVK8M73/jz+mxRdL/aZCDlDNZ9NqXLb4+sGv/76zRrxGTWh55PA2MGRz4ppUfs=&u=U2FsdGVkX18rCgPdNUVINGn4ty8YPNkCLuCYoSryHwMvF2xjiYjSirU9xzsAacbg&y=U2FsdGVkX19jFXBJJTkZfDfgJHQnk75Isek1xFMvGCNiBxsNi9vWtDvjnWAt87fE HTTP/1.1" 200 196
181.53.13.142 - - [18/Dec/2022:21:12:23 -0500] "GET /kwssiamovil/sm/cjson/pre?f=1&x=U2FsdGVkX1+HjBBUShLvmj2gLUi9+KdFJg5UKwk0dErF1GHp7WFyw3auL3FovODL HTTP/1.1" 200 31032
114.119.128.85 - - [18/Dec/2022:21:12:44 -0500] "GET /BLA/resoluciones/RESOLUCIONES%202018/1944.pdf HTTP/1.1" 200 3053642
217.138.216.230 - - [18/Dec/2022:21:13:53 -0500] "GET /portaldeninos/ HTTP/1.0" 200 110197
217.138.216.230 - - [18/Dec/2022:21:13:56 -0500] "GET /portaldeninos/contactanos/ HTTP/1.0" 200 88135
92.118.39.29 - - [18/Dec/2022:21:14:55 -0500] "GET / HTTP/1.1" 200 319
201.245.192.253 - - [18/Dec/2022:21:15:16 -0500] "POST /kwsrmcab/Wsrmcab  HTTP/1.1" 200 213
172.22.2.4 - - [18/Dec/2022:21:13:58 -0500] "HEAD /BLA/boletinlegal/ HTTP/1.1" 200 -
172.22.2.4 - - [18/Dec/2022:21:14:48 -0500] "GET /BLA/boletinlegal/ HTTP/1.1" 200 59779
216.245.221.92 - - [18/Dec/2022:21:16:39 -0500] "HEAD / HTTP/1.1" 200 -
173.252.79.19 - - [18/Dec/2022:21:17:35 -0500] "GET /images/adopci\xc3\xb3n-1_optimized.jpeg HTTP/1.1" 404 1034
168.119.253.61 - - [18/Dec/2022:21:19:18 -0500] "GET / HTTP/1.1" 200 319
201.245.192.253 - - [18/Dec/2022:21:20:15 -0500] "POST /kwsrmcab/Wsrmcab  HTTP/1.1" 200 213
201.245.192.253 - - [18/Dec/2022:21:20:43 -0500] "POST /kwsrmcab/Wsrmcab HTTP/1.1" 200 43910
201.245.192.253 - - [18/Dec/2022:21:20:46 -0500] "POST /kwsrmcab/Wsrmcab HTTP/1.1" 200 44072
172.22.2.4 - - [18/Dec/2022:21:19:48 -0500] "HEAD /BLA/boletinlegal/ HTTP/1.1" 200 -
216.245.221.92 - - [18/Dec/2022:21:21:39 -0500] "HEAD / HTTP/1.1" 200 -
172.22.2.4 - - [18/Dec/2022:21:20:38 -0500] "GET /BLA/boletinlegal/ HTTP/1.1" 200 56079
173.252.79.2 - - [18/Dec/2022:21:22:59 -0500] "GET /images/cr\xc3\xb3nica-29-nov-1_optimized.jpeg HTTP/1.1" 404 1034
114.119.136.208 - - [18/Dec/2022:21:23:36 -0500] "GET /BLA/resoluciones/RESOLUCIONES%202018/1785.pdf HTTP/1.1" 200 4659554
172.22.2.4 - - [18/Dec/2022:21:23:47 -0500] "GET /BLA/boletinlegal/styles2.css HTTP/1.1" 200 1838
172.22.2.4 - - [18/Dec/2022:21:23:47 -0500] "GET /BLA/boletinlegal/js/jquery.scrollTo-min.js HTTP/1.1" 200 1150
172.22.2.4 - - [18/Dec/2022:21:23:47 -0500] "GET /BLA/boletinlegal/style.css HTTP/1.1" 200 9406
172.22.2.4 - - [18/Dec/2022:21:23:47 -0500] "GET /BLA/boletinlegal/js/jquery.scrollShow.js HTTP/1.1" 200 4586
172.22.2.4 - - [18/Dec/2022:21:23:47 -0500] "GET /BLA/boletinlegal/js/jquery.js HTTP/1.1" 200 57254
172.22.2.4 - - [18/Dec/2022:21:23:47 -0500] "GET /BLA/boletinlegal/images/cabezote%20BLEGAL.jpg HTTP/1.1" 200 118164
172.22.2.4 - - [18/Dec/2022:21:23:48 -0500] "GET /BLA/boletinlegal/images/subscribe-icon-big.png HTTP/1.1" 200 47702
172.22.2.4 - - [18/Dec/2022:21:23:48 -0500] "GET /BLA/boletinlegal/images/registro-usuarios.png HTTP/1.1" 200 8106
172.22.2.4 - - [18/Dec/2022:21:23:48 -0500] "GET /BLA/boletinlegal/images/historia.png HTTP/1.1" 200 52775
172.22.2.4 - - [18/Dec/2022:21:23:48 -0500] "GET /BLA/boletinlegal/images/arr_l.jpg HTTP/1.1" 200 1979
172.22.2.4 - - [18/Dec/2022:21:23:48 -0500] "GET /BLA/boletinlegal/images/launch.jpg HTTP/1.1" 200 14577
172.22.2.4 - - [18/Dec/2022:21:23:48 -0500] "GET /BLA/boletinlegal/images/screen_1.png HTTP/1.1" 200 202547
172.22.2.4 - - [18/Dec/2022:21:23:48 -0500] "GET /BLA/boletinlegal/images/body_bg.jpg HTTP/1.1" 200 1601
172.22.2.4 - - [18/Dec/2022:21:23:48 -0500] "GET /BLA/boletinlegal/images/menu_lft.gif HTTP/1.1" 200 1713
172.22.2.4 - - [18/Dec/2022:21:23:48 -0500] "GET /BLA/boletinlegal/images/menu_rght.gif HTTP/1.1" 200 1627
172.22.2.4 - - [18/Dec/2022:21:23:48 -0500] "GET /BLA/boletinlegal/images/menu_bg.jpg HTTP/1.1" 200 620
172.22.2.4 - - [18/Dec/2022:21:23:48 -0500] "GET /BLA/boletinlegal/images/bg_top.jpg HTTP/1.1" 200 522
172.22.2.4 - - [18/Dec/2022:21:23:48 -0500] "GET /BLA/boletinlegal/images/hover.jpg HTTP/1.1" 200 640
172.22.2.4 - - [18/Dec/2022:21:23:48 -0500] "GET /BLA/boletinlegal/images/text.jpg HTTP/1.1" 200 568
172.22.2.4 - - [18/Dec/2022:21:23:54 -0500] "GET /BLA/boletinlegal/images/screen_2.png HTTP/1.1" 200 362502
172.22.2.4 - - [18/Dec/2022:21:23:54 -0500] "GET /BLA/boletinlegal/images/screen_3.png HTTP/1.1" 200 210620
172.22.2.4 - - [18/Dec/2022:21:23:55 -0500] "GET /BLA/boletinlegal/images/screen_5.png HTTP/1.1" 200 368876
172.22.2.4 - - [18/Dec/2022:21:23:55 -0500] "GET /BLA/boletinlegal/images/arr_r.jpg HTTP/1.1" 200 1998
172.22.2.4 - - [18/Dec/2022:21:23:55 -0500] "GET /BLA/boletinlegal/images/footer_bg.jpg HTTP/1.1" 200 586
95.217.144.250 - - [18/Dec/2022:21:23:58 -0500] "-" 408 -
95.217.144.248 - - [18/Dec/2022:21:24:09 -0500] "-" 408 -
95.217.144.248 - - [18/Dec/2022:21:24:11 -0500] "-" 408 -
95.217.144.248 - - [18/Dec/2022:21:24:14 -0500] "-" 408 -
95.217.144.248 - - [18/Dec/2022:21:24:14 -0500] "-" 408 -
172.22.2.4 - - [18/Dec/2022:21:23:47 -0500] "GET /BLA/boletinlegal/ HTTP/1.1" 200 32715
201.245.192.253 - - [18/Dec/2022:21:25:14 -0500] "POST /kwsrmcab/Wsrmcab  HTTP/1.1" 200 213
194.55.186.124 - - [18/Dec/2022:21:26:03 -0500] "POST /boaform/admin/formLogin HTTP/1.1" 404 1186
173.252.95.7 - - [18/Dec/2022:21:26:27 -0500] "GET /images/cr\xc3\xb3nica-29-nov-1_optimized.jpeg HTTP/1.1" 404 1034
216.245.221.92 - - [18/Dec/2022:21:26:39 -0500] "HEAD / HTTP/1.1" 200 -
181.53.13.142 - - [18/Dec/2022:21:26:54 -0500] "GET /kwssiamovil/sm/acme/a?s=U2FsdGVkX18BthMiLm8S1g807/GGYq1Peet+/oCDA3gvXFmW6DUdJTRXts8Joe9K9BCuc/5VPzjkf2Rgq9+ChAZx7GIThnbw7D22CZewv60Cesl/GVBqx96Q/dxOCCYT3kGHM52jtYzFTMxbzoRIoCFCqLXMbdZC2kvnB0V9Vi3FSpnZM5Igmw42n5EGHa6mChDKrvEkgGEkuZ02FhulU73eIERop2B9hMRkR8OQ2DODyy5Srt34mdy5Dwo1JJ0gI9ESJwnS56SwyxwRF4f0uJb+iiAJ4XlSI5JeIeMm7x4=&u=U2FsdGVkX18rCgPdNUVINGn4ty8YPNkCLuCYoSryHwMvF2xjiYjSirU9xzsAacbg&y=U2FsdGVkX19jFXBJJTkZfDfgJHQnk75Isek1xFMvGCNiBxsNi9vWtDvjnWAt87fE HTTP/1.1" 200 26
181.53.13.142 - - [18/Dec/2022:21:26:55 -0500] "GET /kwssiamovil/sm/acme/a?s=U2FsdGVkX1+9lmD4kmLYjaHhrnuwDHpzlb1ohusg/GOIKc/1TvPFAgsQxGNqClnFs10/uzoBdKcojHdPNC9MuCCzuwdxqutFuQydkdEmX88MujJ0o7A1RV9GSq+0MnXC1hM2wO+MG+bI39tANptvqz04fOcBNtpQNa2O5w6/CzGNk4PBEe6mRwiEl+9u1hg1tWOeKB7rihVf2E9/c9vcCB4qC8XTU+V8gCynafCTS7awy2rjX2/fjvv9yB6NTAUEefU6I4T2WefcTrwgrOYN3dad38zEJZN7FmwvuDZmhJboCVNHTiSh9MlzPIHdWMSuSGzTDjaNJdXAo4366GP+slKrLzsW9tFZqH0tnBWHBL0Ixc5H+7hWRnr0KBSekOaQqpUfgwgMVCFncJr7/JlIG+aGN33gLZ7ZZdIfm0nTDWfKzdGNz34NiVFMhfK9A8KKq1WNqpLYFeDAdYsFYh+TqkDZxLsZ+iL9fw6koMhwa2NcqKjCDzFbo/ueXpZsnvueZxCDMUJJZ7H2S9ZWXTD+1OcO+E/nGwAHanHrl1bE4xG8abXQTNFGP3Q85pDIoQbpYon7E0ojWYbfhAngwGtAAhzrRpWIye5oquczpVL2Q9mZk61hKibjNCF8z7PkS6IrccpujHdkn7h9HKoAOUF6zRnKcHEciIZBOATBGFU2gzRXmBNrFtAEiuLjLN4QsCN2SXZLSwBH0iCU+MZwsS7c6QnYh2ovfGHcyRTT/Fra/3vQSa/3T95elOBRq+tzeW3FTA0tmh1UU/RqhI4TtDQrgFfv6sT/FotQPG9ynDZGUG6JcRbR2jku7xKHG0ZIzNUolYEoy6J99MC595AMV7kWx2bBNGvcMj6eL1SwKCu6N4jvgSpheGNkknSc6Mn0N1+WDbwq9YOXKZoYH0mmuKEO9bF+H9Uu74NEsE8AIF3V6Ulmrp2hLSx2z38MEz6JFHrOZUJzQ5cN12++Rfaf7ihZO40yer/Ol90HXa0/fLDCvvDvfxGTqAAletjBRP9VWze5QEWvTvDTRjc5eHOX29lvsQ3rUQcWpntLdHh7fbyEfC9u214SqHHmHSncn0+Nhoq3WSg9dF3elNUY4g9u3z5NuhnrQP+LQS69Qq7eYbyIpwbN+oAMKqVqAHuP1uVJumWiv5nSzgdd2XZ8DDkVfmw/uk2iuOAFjazHu5otmESC6K1ICx4swqG4XNNeBpjbwwn/TIfV5F4mxJUhMmEABPyFzULbngIDXNkPmcczokzRgD93k9UjNPAgVn5Mvbmq1o8q5N15916E0IQDbbuaalrvX4WUIxxF/wwsF/MqR8SAKutd2UHxiJnbSbD9RJKRJH23hbEPIrb7f1Xqi1bFF36AgtUoFlg9NvvEOtXQW0ktMqHBbkebm7MbLc0auy0HpvFdJ3B0yPWDP2Ly5+GkEqRUJcx3e8a96eb7u5dt5+dgN/2SD2bsr5/s/yWSBeVpwqz0Qx4bzp4mJZTBRW/aObcXS4zN4GQxRCSHuZmuYBsAIwdZ+Zn+F/VAyghPHOOTq4lOeTPjN1a/fqzloUgshw7zhkZ5muGl6UM6CYfcwdzC0g1U4v8R09aKMVFTf9Ar8JK/UGMSnrituPehWmAgpYRxzmuJaMzLNSNNloLR1Q3MSjd5Bausrf6E7dJ/AaEJBWDfT4JNojb/2tqRTmWJ4PT5Y/6cLFQbk68Zb7+4gWYHNAYK3EFVilmaX7vn2ee8YR/6/FftkN8bJAilxStXy7u0NuJX7N2XpKfFUmgw9Z0Y7gl2TM6LnGPCn7SqJ2hMaRGMN+rDzYEbFrEDtLK+9+flLEfObLIPkZ2+eyrwpPClnDK5rZlYMf9EON35mvBzN0NQtkR2lwa9bjQoV15DAJYJAto5wVV3g7gsr53PcGwLReZLaG/KpJB4PXx0onj6Vfr3boAACDsuB0Eu0eAp4aHwP4H5s8m2O2fE6gD5C7GcycO/65UBYSKgiHDocfXHV4gDCGtgg3J0yHOYeSEg/r4sX8DoQQKHUTglxhgn0XTb34t+L2uUGR6SCFxJy1q7cp5v2hGghy6M9AgD94jPlNXNQL5wPvwxJiy0A5awxQTlLTU8T5LUcB8WvZ7nD996s7LamjBOwz3uQP2DwTA1wB4g09BUKVwFrpI3FkY/rO+wAk5xUZCUn1Ly9ivuIby880Nu3s8enT01vVEBQ6eEAvVDj+Lm+CHUrh4IQkvdp51gkvHFvIy4QkKlSpXI87lHFhycalBKgt3M1LOwKMGVcIar0j9dPbiGK42xtK5NcjoAz7XfcXOe5JLRfSEVX/6/pJVreXkLVpHk8Ty0MxreNejgbzBB7N8/Y9bkkRjLLXMK0dy2/KKQ4p3NgchwZJh7AD4cIeg00ZxUDzdFoxQ28QW3tPnW4pzZkXj9lqzdJ208giRt9ULtZ/fxwP5PRUiCEQ822oeCFbo6wbEJmHQJN8vL/WTlZGruzUYSMyI8Bf3gUaRoEEs2ovjPlPvU2UZdKWwPsAqxMxcFKKdix52gK7pE2sDSb64X1buzdNi9BXasTSdW0/p7ZUdDqEr8y7r0f7mkpAzyP78b3E0jp+5+kJQsZTBn0toUSNNNrDXUgZulo8LXO1wXs2pesGdqB7YLUH4Hv0RCwLAGvhrSCBWHBX2d2GwTGMJrVT89LbI9wZAT4EKMD2W9/56dBs/DRwS2+JJ5&u=U2FsdGVkX18rCgPdNUVINGn4ty8YPNkCLuCYoSryHwMvF2xjiYjSirU9xzsAacbg&y=U2FsdGVkX19jFXBJJTkZfDfgJHQnk75Isek1xFMvGCNiBxsNi9vWtDvjnWAt87fE HTTP/1.1" 200 26
181.53.13.142 - - [18/Dec/2022:21:26:55 -0500] "GET /kwssiamovil/sm/acme/a?s=U2FsdGVkX1/eLqzjaI5EFmpwji8OegzvghkjWuCERUbzJAXEuMdDjY1Az6MExrkGlaPCPOTnLVhHnaV8wnv1puKFhc08MWJC7OsEUBHxw16YAQt46CICOsli0lbahiOG55qp6hA97WHSu7xe6feYGjRv83s/Do7rfXHBmlWeX1s=&u=U2FsdGVkX18rCgPdNUVINGn4ty8YPNkCLuCYoSryHwMvF2xjiYjSirU9xzsAacbg&y=U2FsdGVkX19jFXBJJTkZfDfgJHQnk75Isek1xFMvGCNiBxsNi9vWtDvjnWAt87fE HTTP/1.1" 200 26
181.53.13.142 - - [18/Dec/2022:21:26:55 -0500] "GET /kwssiamovil/sm/acme/a?s=U2FsdGVkX1/aM2vluee3ouXY44cmahG8iKjz0vhOitrWlzpAClIHPwyyTROxhVyG7TV7g5VoWT8MYhCLHXbTyQkhgO8nV49WNdV6UKAKewxqvb1km3NwfSIqZ+Zp8vdSyjW9CkNt+o5gPyr8mjLj0Tf1RQreeu3ZjVJD9BIFpqk=&u=U2FsdGVkX18rCgPdNUVINGn4ty8YPNkCLuCYoSryHwMvF2xjiYjSirU9xzsAacbg&y=U2FsdGVkX19jFXBJJTkZfDfgJHQnk75Isek1xFMvGCNiBxsNi9vWtDvjnWAt87fE HTTP/1.1" 200 26
181.53.13.142 - - [18/Dec/2022:21:26:55 -0500] "GET /kwssiamovil/sm/acme/a?s=U2FsdGVkX18VX093V/8zJzJtmuxL0Kk+c48hCQ0//FQPRy278y6Tw2YZmbR7Mzvfxc4q4DPN7EcbfHOpTKzMPCM4RNjwOnV1BENW4GME7eKI03TkxhrV/tvCgG7e/wsIN0LlaTOPd/ZxFPAkf3hcpXJMMdOGZCEH0GZf5YjqiEw=&u=U2FsdGVkX18rCgPdNUVINGn4ty8YPNkCLuCYoSryHwMvF2xjiYjSirU9xzsAacbg&y=U2FsdGVkX19jFXBJJTkZfDfgJHQnk75Isek1xFMvGCNiBxsNi9vWtDvjnWAt87fE HTTP/1.1" 200 26
181.53.13.142 - - [18/Dec/2022:21:26:56 -0500] "GET /kwssiamovil/sm/acme/a?s=U2FsdGVkX1965g7+SkOrC1lokOosBsMdEqKfECy0rTUlLLTUSG9xNmHTdF4yDGLpcfSittn2nf2+7rLmtqVSX8twtckaSHJLdXNgcHeIdVHm1n9HuQtxz3D9JjSOz5hLV/eviQqwvZGQEyBl1FsT2XGTX3oMibHWPnSGmDukLGnPKijkDFhpolFCQSDTMalqoYVaOOyl8RANXv0NlJRi+w==&u=U2FsdGVkX18rCgPdNUVINGn4ty8YPNkCLuCYoSryHwMvF2xjiYjSirU9xzsAacbg&y=U2FsdGVkX19jFXBJJTkZfDfgJHQnk75Isek1xFMvGCNiBxsNi9vWtDvjnWAt87fE HTTP/1.1" 200 26
172.22.2.4 - - [18/Dec/2022:21:25:38 -0500] "HEAD /BLA/boletinlegal/ HTTP/1.1" 200 -
172.22.2.4 - - [18/Dec/2022:21:26:28 -0500] "GET /BLA/boletinlegal/ HTTP/1.1" 200 59404
114.119.148.242 - - [18/Dec/2022:21:28:49 -0500] "GET /BLA/resoluciones/RESOLUCIONES%202018/1498.pdf HTTP/1.1" 200 258997
201.245.192.253 - - [18/Dec/2022:21:30:13 -0500] "POST /kwsrmcab/Wsrmcab  HTTP/1.1" 200 213
185.119.81.106 - - [18/Dec/2022:21:30:43 -0500] "GET /portaldeninos/wp-login.php HTTP/1.1" 200 2592
185.119.81.106 - - [18/Dec/2022:21:30:45 -0500] "POST /portaldeninos/wp-login.php HTTP/1.1" 200 3605
201.245.192.253 - - [18/Dec/2022:21:30:43 -0500] "POST /kwsrmcab/Wsrmcab HTTP/1.1" 200 43910
201.245.192.253 - - [18/Dec/2022:21:30:46 -0500] "POST /kwsrmcab/Wsrmcab HTTP/1.1" 200 44072
201.244.197.70 - - [18/Dec/2022:21:31:18 -0500] "GET /BLA/resoluciones/AUTOS%202019/1739.pdf HTTP/1.1" 200 248304
216.245.221.92 - - [18/Dec/2022:21:31:39 -0500] "HEAD / HTTP/1.1" 200 -
114.119.160.138 - - [18/Dec/2022:21:31:47 -0500] "GET /BLA/resoluciones/RESOLUCIONES%202018/1323.pdf HTTP/1.1" 200 1738579
185.119.81.104 - - [18/Dec/2022:21:32:09 -0500] "GET /portaldeninos/wp-login.php HTTP/1.1" 200 2592
185.119.81.104 - - [18/Dec/2022:21:32:09 -0500] "POST /portaldeninos/wp-login.php HTTP/1.1" 200 3670
172.22.2.4 - - [18/Dec/2022:21:31:28 -0500] "HEAD /BLA/boletinlegal/ HTTP/1.1" 200 -
172.22.2.4 - - [18/Dec/2022:21:32:18 -0500] "GET /BLA/boletinlegal/ HTTP/1.1" 200 57192
201.245.192.253 - - [18/Dec/2022:21:35:12 -0500] "POST /kwsrmcab/Wsrmcab  HTTP/1.1" 200 213
66.249.66.139 - - [18/Dec/2022:21:35:46 -0500] "-" 408 -
114.119.147.229 - - [18/Dec/2022:21:36:07 -0500] "GET /BLA/resoluciones/RESOLUCIONES%202018/1261.pdf HTTP/1.1" 200 246684
172.22.2.4 - - [18/Dec/2022:21:34:54 -0500] "GET /BLA/boletinlegal/ HTTP/1.1" 200 60741
216.245.221.92 - - [18/Dec/2022:21:36:39 -0500] "HEAD / HTTP/1.1" 200 -
185.119.81.98 - - [18/Dec/2022:21:37:23 -0500] "GET /portaldeninos/wp-login.php HTTP/1.1" 200 2592
185.119.81.98 - - [18/Dec/2022:21:37:24 -0500] "POST /portaldeninos/wp-login.php HTTP/1.1" 200 3605
173.252.83.118 - - [18/Dec/2022:21:37:38 -0500] "GET /images/adopci\xc3\xb3n-1_optimized.jpeg HTTP/1.1" 404 1034
186.84.20.242 - - [18/Dec/2022:21:37:50 -0500] "GET /sipse/faces/faces/autenticacion.xhtml HTTP/1.1" 200 12505
186.84.20.242 - - [18/Dec/2022:21:37:51 -0500] "GET /sipse/css/custom_css_sg.css HTTP/1.1" 200 9694
186.84.20.242 - - [18/Dec/2022:21:37:51 -0500] "GET /sipse/css/custom_css_sg_prime_login.css HTTP/1.1" 200 443
186.84.20.242 - - [18/Dec/2022:21:37:51 -0500] "GET /sipse/faces/javax.faces.resource/layout/layout.css;jsessionid=Z-7qQoHs3jyPwpq06n8DEawY.undefined?ln=primefaces&v=4.0 HTTP/1.1" 200 542
186.84.20.242 - - [18/Dec/2022:21:37:51 -0500] "GET /sipse/faces/javax.faces.resource/jquery/jquery.js;jsessionid=Z-7qQoHs3jyPwpq06n8DEawY.undefined?ln=primefaces&v=4.0 HTTP/1.1" 200 105384
186.84.20.242 - - [18/Dec/2022:21:37:51 -0500] "GET /sipse/faces/javax.faces.resource/layout/layout.js;jsessionid=Z-7qQoHs3jyPwpq06n8DEawY.undefined?ln=primefaces&v=4.0 HTTP/1.1" 200 87560
186.84.20.242 - - [18/Dec/2022:21:37:51 -0500] "GET /sipse/faces/javax.faces.resource/jquery/jquery-plugins.js;jsessionid=Z-7qQoHs3jyPwpq06n8DEawY.undefined?ln=primefaces&v=4.0 HTTP/1.1" 200 220526
186.84.20.242 - - [18/Dec/2022:21:37:51 -0500] "GET /sipse/js/disable_browser_buttons.js HTTP/1.1" 304 -
186.84.20.242 - - [18/Dec/2022:21:37:51 -0500] "GET /sipse/faces/javax.faces.resource/theme.css?ln=primefaces-sipse HTTP/1.1" 200 50058
186.84.20.242 - - [18/Dec/2022:21:37:51 -0500] "GET /sipse/faces/javax.faces.resource/primefaces.css;jsessionid=Z-7qQoHs3jyPwpq06n8DEawY.undefined?ln=primefaces&v=4.0 HTTP/1.1" 200 53295
186.84.20.242 - - [18/Dec/2022:21:37:51 -0500] "GET /sipse/js/funciones.js HTTP/1.1" 304 -
186.84.20.242 - - [18/Dec/2022:21:37:51 -0500] "GET /sipse/faces/javax.faces.resource/primefaces.js;jsessionid=Z-7qQoHs3jyPwpq06n8DEawY.undefined?ln=primefaces&v=4.0 HTTP/1.1" 200 276924
186.84.20.242 - - [18/Dec/2022:21:37:51 -0500] "GET /sipse/faces/javax.faces.resource/images/ui-icons_898989_256x240.png?ln=primefaces-aristo HTTP/1.1" 200 5355
186.84.20.242 - - [18/Dec/2022:21:37:51 -0500] "GET /sipse/css/imagen/logoSDG.png HTTP/1.1" 200 53064
186.84.20.242 - - [18/Dec/2022:21:37:51 -0500] "GET /sipse/css/imagen/loginimg.png HTTP/1.1" 200 71635
186.84.20.242 - - [18/Dec/2022:21:37:51 -0500] "GET /favicon.ico HTTP/1.1" 200 7782
186.84.20.242 - - [18/Dec/2022:21:37:51 -0500] "GET /sipse/faces/faces/index.xhtml HTTP/1.1" 200 677
186.84.20.242 - - [18/Dec/2022:21:37:51 -0500] "GET /sipse/faces/javax.faces.resource/theme.css?ln=primefaces-sipse HTTP/1.1" 304 -
186.84.20.242 - - [18/Dec/2022:21:37:51 -0500] "GET /sipse/faces/faces/faces/autenticacion.xhtml HTTP/1.1" 200 12183
186.84.20.242 - - [18/Dec/2022:21:37:52 -0500] "GET /sipse/faces/javax.faces.resource/theme.css?ln=primefaces-sipse HTTP/1.1" 304 -
186.84.20.242 - - [18/Dec/2022:21:37:52 -0500] "GET /sipse/faces/javax.faces.resource/layout/layout.css?ln=primefaces&v=4.0 HTTP/1.1" 200 542
186.84.20.242 - - [18/Dec/2022:21:37:52 -0500] "GET /sipse/faces/javax.faces.resource/primefaces.css?ln=primefaces&v=4.0 HTTP/1.1" 200 53295
186.84.20.242 - - [18/Dec/2022:21:37:52 -0500] "GET /sipse/faces/javax.faces.resource/jquery/jquery.js?ln=primefaces&v=4.0 HTTP/1.1" 304 -
186.84.20.242 - - [18/Dec/2022:21:37:52 -0500] "GET /sipse/faces/javax.faces.resource/jquery/jquery-plugins.js?ln=primefaces&v=4.0 HTTP/1.1" 304 -
186.84.20.242 - - [18/Dec/2022:21:37:52 -0500] "GET /sipse/faces/javax.faces.resource/primefaces.js?ln=primefaces&v=4.0 HTTP/1.1" 304 -
186.84.20.242 - - [18/Dec/2022:21:37:52 -0500] "GET /sipse/faces/javax.faces.resource/layout/layout.js?ln=primefaces&v=4.0 HTTP/1.1" 304 -
186.84.20.242 - - [18/Dec/2022:21:37:54 -0500] "POST /sipse/faces/autenticacion.xhtml HTTP/1.1" 200 2225
186.84.20.242 - - [18/Dec/2022:21:37:54 -0500] "GET /sipse/faces/javax.faces.resource/messages/messages.png?ln=primefaces&v=4.0 HTTP/1.1" 200 27209
186.84.20.242 - - [18/Dec/2022:21:37:55 -0500] "GET /sipse/faces/javax.faces.resource/images/ui-icons_898989_256x240.png?ln=primefaces-aristo HTTP/1.1" 200 5355
186.84.20.242 - - [18/Dec/2022:21:37:56 -0500] "POST /sipse/faces/autenticacion.xhtml HTTP/1.1" 200 16300
186.84.20.242 - - [18/Dec/2022:21:37:56 -0500] "GET /sipse/css/custom_css_sg_prime.css HTTP/1.1" 200 5201
186.84.20.242 - - [18/Dec/2022:21:37:56 -0500] "GET /sipse/js/jquery.min.js HTTP/1.1" 200 85582
186.84.20.242 - - [18/Dec/2022:21:37:56 -0500] "GET /sipse/faces/javax.faces.resource/jquery/jquery.js?ln=primefaces&v=4.0 HTTP/1.1" 304 -
186.84.20.242 - - [18/Dec/2022:21:37:56 -0500] "GET /sipse/faces/javax.faces.resource/jquery/jquery-plugins.js?ln=primefaces&v=4.0 HTTP/1.1" 304 -
186.84.20.242 - - [18/Dec/2022:21:37:56 -0500] "GET /sipse/faces/javax.faces.resource/primefaces.js?ln=primefaces&v=4.0 HTTP/1.1" 304 -
186.84.20.242 - - [18/Dec/2022:21:37:56 -0500] "GET /sipse/faces/javax.faces.resource/layout/layout.js?ln=primefaces&v=4.0 HTTP/1.1" 304 -
186.84.20.242 - - [18/Dec/2022:21:37:56 -0500] "GET /sipse/css/imagen/contrasena.png HTTP/1.1" 404 383
186.84.20.242 - - [18/Dec/2022:21:37:56 -0500] "GET /sipse/imagenes/cargando.gif HTTP/1.1" 200 36959
186.84.20.242 - - [18/Dec/2022:21:37:56 -0500] "GET /sipse/imagenes/logoAplicacion.jpg HTTP/1.1" 200 155084
186.84.20.242 - - [18/Dec/2022:21:37:58 -0500] "GET /sipse/faces/javax.faces.resource/images/ui-bg_flat_0_2d5972_40x100.png?ln=primefaces-aristo HTTP/1.1" 200 183
186.84.20.242 - - [18/Dec/2022:21:37:58 -0500] "POST /sipse/faces/bienvenido.xhtml HTTP/1.1" 200 2060
186.84.20.242 - - [18/Dec/2022:21:37:59 -0500] "POST /sipse/faces/bienvenido.xhtml HTTP/1.1" 200 63001
186.84.20.242 - - [18/Dec/2022:21:37:59 -0500] "GET /sipse/faces/javax.faces.resource/jquery/jquery.js?ln=primefaces&v=4.0 HTTP/1.1" 304 -
186.84.20.242 - - [18/Dec/2022:21:37:59 -0500] "GET /sipse/faces/javax.faces.resource/jquery/jquery-plugins.js?ln=primefaces&v=4.0 HTTP/1.1" 304 -
186.84.20.242 - - [18/Dec/2022:21:38:00 -0500] "GET /sipse/faces/javax.faces.resource/primefaces.js?ln=primefaces&v=4.0 HTTP/1.1" 304 -
186.84.20.242 - - [18/Dec/2022:21:38:00 -0500] "GET /sipse/faces/javax.faces.resource/layout/layout.js?ln=primefaces&v=4.0 HTTP/1.1" 304 -
186.84.20.242 - - [18/Dec/2022:21:38:00 -0500] "POST /sipse/faces/presentacion/financiero/solicitudProceso/listarSolicitudProceso.xhtml HTTP/1.1" 200 1556
186.84.20.242 - - [18/Dec/2022:21:38:04 -0500] "POST /sipse/faces/presentacion/financiero/solicitudProceso/listarSolicitudProceso.xhtml HTTP/1.1" 200 13888
172.22.2.4 - - [18/Dec/2022:21:38:45 -0500] "GET /BLA/boletinlegal/Circulares/2019/.pdf HTTP/1.1" 404 1218
172.22.2.4 - - [18/Dec/2022:21:38:55 -0500] "GET /BLA/boletinlegal/Circulares/2012/Circular%20No.%2010%20del%2026%20de%20Enero%20de%202012.pdf HTTP/1.1" 404 1218
172.22.2.4 - - [18/Dec/2022:21:37:18 -0500] "HEAD /BLA/boletinlegal/ HTTP/1.1" 200 -
186.84.20.242 - - [18/Dec/2022:21:39:07 -0500] "POST /sipse/faces/presentacion/financiero/solicitudProceso/listarSolicitudProceso.xhtml HTTP/1.1" 200 107782
186.84.20.242 - - [18/Dec/2022:21:39:08 -0500] "GET /sipse/faces/javax.faces.resource/jquery/jquery.js?ln=primefaces&v=4.0 HTTP/1.1" 304 -
186.84.20.242 - - [18/Dec/2022:21:39:08 -0500] "GET /sipse/faces/javax.faces.resource/jquery/jquery-plugins.js?ln=primefaces&v=4.0 HTTP/1.1" 304 -
186.84.20.242 - - [18/Dec/2022:21:39:08 -0500] "GET /sipse/js/jquery.min.js HTTP/1.1" 200 85582
186.84.20.242 - - [18/Dec/2022:21:39:08 -0500] "GET /sipse/faces/javax.faces.resource/primefaces.js?ln=primefaces&v=4.0 HTTP/1.1" 304 -
186.84.20.242 - - [18/Dec/2022:21:39:08 -0500] "GET /sipse/faces/javax.faces.resource/layout/layout.js?ln=primefaces&v=4.0 HTTP/1.1" 304 -
172.22.2.4 - - [18/Dec/2022:21:38:08 -0500] "GET /BLA/boletinlegal/ HTTP/1.1" 200 50855
172.22.2.4 - - [18/Dec/2022:21:39:49 -0500] "GET /BLA/boletinlegal/Circulares/2018/CIRCULAR%20COJUNTA%20042%20DE%202018.pdf HTTP/1.1" 304 -
172.22.2.4 - - [18/Dec/2022:21:39:52 -0500] "GET /BLA/boletinlegal/robots.txt HTTP/1.1" 404 1140
172.22.2.4 - - [18/Dec/2022:21:39:06 -0500] "GET /BLA/boletinlegal/ HTTP/1.1" 200 36811
201.245.192.253 - - [18/Dec/2022:21:40:11 -0500] "POST /kwsrmcab/Wsrmcab  HTTP/1.1" 200 213
114.119.143.133 - - [18/Dec/2022:21:40:20 -0500] "GET /BLA/resoluciones/RESOLUCIONES%202018/0279.pdf HTTP/1.1" 200 370853
201.245.192.253 - - [18/Dec/2022:21:40:44 -0500] "POST /kwsrmcab/Wsrmcab HTTP/1.1" 200 43910
201.245.192.253 - - [18/Dec/2022:21:40:47 -0500] "POST /kwsrmcab/Wsrmcab HTTP/1.1" 200 44072
216.245.221.92 - - [18/Dec/2022:21:41:39 -0500] "HEAD / HTTP/1.1" 200 -
191.111.29.176 - - [18/Dec/2022:21:42:28 -0500] "GET /appsia/controlador HTTP/1.1" 200 4799
191.111.29.176 - - [18/Dec/2022:21:42:29 -0500] "GET /appsia/css/estilos.css HTTP/1.1" 200 4804
191.111.29.176 - - [18/Dec/2022:21:42:29 -0500] "GET /appsia/scripts/validarIngreso.js HTTP/1.1" 200 851
191.111.29.176 - - [18/Dec/2022:21:42:30 -0500] "GET /appsia/images/logo_bogota_p.png HTTP/1.1" 200 14951
191.111.29.176 - - [18/Dec/2022:21:42:30 -0500] "GET /appsia/images/cabezoteHojaVida.png HTTP/1.1" 200 32493
191.111.29.176 - - [18/Dec/2022:21:42:30 -0500] "GET /favicon.ico HTTP/1.1" 200 7782
191.111.29.176 - - [18/Dec/2022:21:43:36 -0500] "GET /appsia/controlador HTTP/1.1" 200 4799
191.111.29.176 - - [18/Dec/2022:21:43:37 -0500] "GET /appsia/css/estilos.css HTTP/1.1" 200 4804
191.111.29.176 - - [18/Dec/2022:21:43:37 -0500] "GET /appsia/scripts/validarIngreso.js HTTP/1.1" 200 851
191.111.29.176 - - [18/Dec/2022:21:43:37 -0500] "GET /appsia/images/logo_bogota_p.png HTTP/1.1" 200 14951
191.111.29.176 - - [18/Dec/2022:21:43:37 -0500] "GET /appsia/images/cabezoteHojaVida.png HTTP/1.1" 200 32493
191.111.29.176 - - [18/Dec/2022:21:43:38 -0500] "GET /favicon.ico HTTP/1.1" 200 7782
191.111.29.176 - - [18/Dec/2022:21:44:03 -0500] "POST /appsia/controlador HTTP/1.1" 200 5437
114.119.138.37 - - [18/Dec/2022:21:44:06 -0500] "-" 408 -
191.111.29.176 - - [18/Dec/2022:21:44:14 -0500] "POST /appsia/controlador HTTP/1.1" 200 3238
191.111.29.176 - - [18/Dec/2022:21:44:14 -0500] "GET /appsia/jscripts/validarSolicitud.js HTTP/1.1" 404 68
191.111.29.176 - - [18/Dec/2022:21:44:19 -0500] "POST /appsia/controlador HTTP/1.1" 200 5437
191.111.29.176 - - [18/Dec/2022:21:44:20 -0500] "POST /appsia/controlador HTTP/1.1" 200 7734
191.111.29.176 - - [18/Dec/2022:21:44:20 -0500] "GET /appsia/images/logo_escudo.png HTTP/1.1" 200 36965
172.22.2.4 - - [18/Dec/2022:21:43:08 -0500] "HEAD /BLA/boletinlegal/ HTTP/1.1" 200 -
201.245.192.253 - - [18/Dec/2022:21:45:10 -0500] "POST /kwsrmcab/Wsrmcab  HTTP/1.1" 200 213
172.22.2.4 - - [18/Dec/2022:21:43:58 -0500] "GET /BLA/boletinlegal/ HTTP/1.1" 200 57824
191.111.29.176 - - [18/Dec/2022:21:45:48 -0500] "POST /appsia/controlador HTTP/1.1" 200 5437
114.119.135.195 - - [18/Dec/2022:21:46:29 -0500] "GET /BLA/resoluciones/RESOLUCIONES%202018/0117.pdf HTTP/1.1" 200 301982
216.245.221.92 - - [18/Dec/2022:21:46:39 -0500] "HEAD / HTTP/1.1" 200 -
186.84.20.242 - - [18/Dec/2022:21:46:32 -0500] "POST /sipse/faces/presentacion/financiero/solicitudProceso/consultarSolicitudProceso.xhtml HTTP/1.1" 200 5471
200.69.84.132 - - [18/Dec/2022:21:46:49 -0500] "GET /sipse/faces/javax.faces.resource/theme.css?ln=primefaces-sipse HTTP/1.1" 304 -
200.69.84.132 - - [18/Dec/2022:21:46:49 -0500] "GET /sipse/faces/faces/faces/faces/faces/faces/faces/autenticacion.xhtml HTTP/1.1" 200 12183
200.69.84.132 - - [18/Dec/2022:21:46:49 -0500] "GET /sipse/css/custom_css_sg.css HTTP/1.1" 304 -
200.69.84.132 - - [18/Dec/2022:21:46:49 -0500] "GET /sipse/css/custom_css_sg_prime_login.css HTTP/1.1" 304 -
200.69.84.132 - - [18/Dec/2022:21:46:49 -0500] "GET /sipse/faces/javax.faces.resource/primefaces.css?ln=primefaces&v=4.0 HTTP/1.1" 304 -
200.69.84.132 - - [18/Dec/2022:21:46:49 -0500] "GET /sipse/js/disable_browser_buttons.js HTTP/1.1" 304 -
200.69.84.132 - - [18/Dec/2022:21:46:49 -0500] "GET /sipse/faces/javax.faces.resource/layout/layout.css?ln=primefaces&v=4.0 HTTP/1.1" 304 -
200.69.84.132 - - [18/Dec/2022:21:46:49 -0500] "GET /sipse/faces/javax.faces.resource/theme.css?ln=primefaces-sipse HTTP/1.1" 304 -
200.69.84.132 - - [18/Dec/2022:21:46:49 -0500] "GET /sipse/js/funciones.js HTTP/1.1" 304 -
200.69.84.132 - - [18/Dec/2022:21:46:49 -0500] "GET /sipse/faces/javax.faces.resource/jquery/jquery.js?ln=primefaces&v=4.0 HTTP/1.1" 304 -
200.69.84.132 - - [18/Dec/2022:21:46:49 -0500] "GET /sipse/faces/javax.faces.resource/jquery/jquery-plugins.js?ln=primefaces&v=4.0 HTTP/1.1" 304 -
200.69.84.132 - - [18/Dec/2022:21:46:49 -0500] "GET /sipse/faces/javax.faces.resource/primefaces.js?ln=primefaces&v=4.0 HTTP/1.1" 304 -
200.69.84.132 - - [18/Dec/2022:21:46:49 -0500] "GET /sipse/faces/javax.faces.resource/layout/layout.js?ln=primefaces&v=4.0 HTTP/1.1" 304 -
200.69.84.132 - - [18/Dec/2022:21:46:50 -0500] "GET /sipse/css/imagen/loginimg.png HTTP/1.1" 304 -
200.69.84.132 - - [18/Dec/2022:21:46:50 -0500] "GET /sipse/css/imagen/logoSDG.png HTTP/1.1" 304 -
200.69.84.132 - - [18/Dec/2022:21:46:50 -0500] "GET /sipse/faces/javax.faces.resource/images/ui-icons_898989_256x240.png?ln=primefaces-aristo HTTP/1.1" 304 -
191.111.29.176 - - [18/Dec/2022:21:47:36 -0500] "POST /appsia/controlador HTTP/1.1" 200 4799
186.84.20.242 - - [18/Dec/2022:21:47:16 -0500] "POST /sipse/faces/presentacion/financiero/solicitudProceso/consultarSolicitudProceso.xhtml HTTP/1.1" 200 158193
186.84.20.242 - - [18/Dec/2022:21:48:05 -0500] "POST /sipse/faces/presentacion/financiero/solicitudProceso/consultarSolicitudProceso.xhtml HTTP/1.1" 200 5467
157.55.39.212 - - [18/Dec/2022:21:48:13 -0500] "GET / HTTP/1.1" 200 319
200.69.84.132 - - [18/Dec/2022:21:48:23 -0500] "GET /sipse/faces/faces/faces/faces/index.xhtml HTTP/1.1" 200 677
200.69.84.132 - - [18/Dec/2022:21:48:23 -0500] "GET /sipse/faces/javax.faces.resource/theme.css?ln=primefaces-sipse HTTP/1.1" 304 -
200.69.84.132 - - [18/Dec/2022:21:48:23 -0500] "GET /sipse/faces/faces/faces/faces/faces/autenticacion.xhtml HTTP/1.1" 200 12183
200.69.84.132 - - [18/Dec/2022:21:48:24 -0500] "GET /sipse/faces/javax.faces.resource/theme.css?ln=primefaces-sipse HTTP/1.1" 304 -
200.69.84.132 - - [18/Dec/2022:21:48:24 -0500] "GET /sipse/faces/javax.faces.resource/primefaces.css?ln=primefaces&v=4.0 HTTP/1.1" 304 -
200.69.84.132 - - [18/Dec/2022:21:48:24 -0500] "GET /sipse/faces/javax.faces.resource/layout/layout.css?ln=primefaces&v=4.0 HTTP/1.1" 304 -
200.69.84.132 - - [18/Dec/2022:21:48:24 -0500] "GET /sipse/faces/javax.faces.resource/jquery/jquery.js?ln=primefaces&v=4.0 HTTP/1.1" 304 -
200.69.84.132 - - [18/Dec/2022:21:48:24 -0500] "GET /sipse/faces/javax.faces.resource/jquery/jquery-plugins.js?ln=primefaces&v=4.0 HTTP/1.1" 304 -
200.69.84.132 - - [18/Dec/2022:21:48:24 -0500] "GET /sipse/faces/javax.faces.resource/primefaces.js?ln=primefaces&v=4.0 HTTP/1.1" 304 -
200.69.84.132 - - [18/Dec/2022:21:48:24 -0500] "GET /sipse/faces/javax.faces.resource/layout/layout.js?ln=primefaces&v=4.0 HTTP/1.1" 304 -
200.69.84.132 - - [18/Dec/2022:21:48:24 -0500] "GET /sipse/faces/javax.faces.resource/images/ui-icons_898989_256x240.png?ln=primefaces-aristo HTTP/1.1" 304 -
200.69.84.132 - - [18/Dec/2022:21:48:26 -0500] "GET /sipse/faces/javax.faces.resource/theme.css?ln=primefaces-sipse HTTP/1.1" 304 -
200.69.84.132 - - [18/Dec/2022:21:48:26 -0500] "GET /sipse/faces/faces/faces/faces/faces/faces/autenticacion.xhtml HTTP/1.1" 200 12183
200.69.84.132 - - [18/Dec/2022:21:48:27 -0500] "GET /sipse/faces/javax.faces.resource/theme.css?ln=primefaces-sipse HTTP/1.1" 304 -
200.69.84.132 - - [18/Dec/2022:21:48:27 -0500] "GET /sipse/faces/javax.faces.resource/layout/layout.css?ln=primefaces&v=4.0 HTTP/1.1" 304 -
200.69.84.132 - - [18/Dec/2022:21:48:27 -0500] "GET /sipse/faces/javax.faces.resource/primefaces.css?ln=primefaces&v=4.0 HTTP/1.1" 304 -
200.69.84.132 - - [18/Dec/2022:21:48:27 -0500] "GET /sipse/faces/javax.faces.resource/jquery/jquery.js?ln=primefaces&v=4.0 HTTP/1.1" 304 -
200.69.84.132 - - [18/Dec/2022:21:48:27 -0500] "GET /sipse/faces/javax.faces.resource/jquery/jquery-plugins.js?ln=primefaces&v=4.0 HTTP/1.1" 304 -
200.69.84.132 - - [18/Dec/2022:21:48:27 -0500] "GET /sipse/faces/javax.faces.resource/primefaces.js?ln=primefaces&v=4.0 HTTP/1.1" 304 -
200.69.84.132 - - [18/Dec/2022:21:48:27 -0500] "GET /sipse/faces/javax.faces.resource/layout/layout.js?ln=primefaces&v=4.0 HTTP/1.1" 304 -
200.69.84.132 - - [18/Dec/2022:21:48:27 -0500] "GET /sipse/faces/javax.faces.resource/images/ui-icons_898989_256x240.png?ln=primefaces-aristo HTTP/1.1" 304 -
201.245.192.253 - - [18/Dec/2022:21:50:09 -0500] "POST /kwsrmcab/Wsrmcab  HTTP/1.1" 200 213
172.22.2.4 - - [18/Dec/2022:21:48:58 -0500] "HEAD /BLA/boletinlegal/ HTTP/1.1" 200 -
162.142.125.213 - - [18/Dec/2022:21:50:38 -0500] "GET / HTTP/1.1" 200 319
162.142.125.213 - - [18/Dec/2022:21:50:38 -0500] "GET / HTTP/1.1" 200 319
162.142.125.213 - - [18/Dec/2022:21:50:39 -0500] "PRI * HTTP/2.0" 400 946
162.142.125.213 - - [18/Dec/2022:21:50:39 -0500] "GET /favicon.ico HTTP/1.1" 200 7782
172.22.2.4 - - [18/Dec/2022:21:49:48 -0500] "GET /BLA/boletinlegal/ HTTP/1.1" 200 55272
216.245.221.92 - - [18/Dec/2022:21:51:38 -0500] "HEAD / HTTP/1.1" 200 -
114.119.133.190 - - [18/Dec/2022:21:52:03 -0500] "GET /BLA/resoluciones/RESOLUCIONES%202018/0076.pdf HTTP/1.1" 200 382043
186.84.90.209 - - [18/Dec/2022:21:53:13 -0500] "GET /appsia/controlador HTTP/1.1" 200 4799
186.84.90.209 - - [18/Dec/2022:21:53:13 -0500] "GET /appsia/css/estilos.css HTTP/1.1" 200 4804
186.84.90.209 - - [18/Dec/2022:21:53:13 -0500] "GET /appsia/scripts/validarIngreso.js HTTP/1.1" 200 851
186.84.90.209 - - [18/Dec/2022:21:53:13 -0500] "GET /appsia/images/cabezoteHojaVida.png HTTP/1.1" 200 32493
186.84.90.209 - - [18/Dec/2022:21:53:13 -0500] "GET /appsia/images/logo_bogota_p.png HTTP/1.1" 200 14951
186.84.90.209 - - [18/Dec/2022:21:53:13 -0500] "GET /favicon.ico HTTP/1.1" 200 7782
186.84.90.209 - - [18/Dec/2022:21:53:24 -0500] "POST /appsia/controlador HTTP/1.1" 200 3600
186.84.90.209 - - [18/Dec/2022:21:53:25 -0500] "GET /appsia/jscripts/validarSolicitud.js HTTP/1.1" 404 68
186.84.90.209 - - [18/Dec/2022:21:53:33 -0500] "POST /appsia/controlador HTTP/1.1" 200 4799
186.84.90.209 - - [18/Dec/2022:21:53:51 -0500] "POST /appsia/controlador HTTP/1.1" 200 5437
186.84.90.209 - - [18/Dec/2022:21:53:56 -0500] "POST /appsia/controlador HTTP/1.1" 200 7733
186.84.90.209 - - [18/Dec/2022:21:53:56 -0500] "GET /appsia/images/logo_escudo.png HTTP/1.1" 200 36965
201.245.192.253 - - [18/Dec/2022:21:55:08 -0500] "POST /kwsrmcab/Wsrmcab  HTTP/1.1" 200 213
157.55.39.172 - - [18/Dec/2022:21:55:55 -0500] "GET /bla/resoluciones/resoluciones%202012/0653.pdf HTTP/1.1" 304 -
157.55.39.172 - - [18/Dec/2022:21:56:21 -0500] "GET /bla/resoluciones/resoluciones%202022/0024.pdf HTTP/1.1" 304 -
172.22.2.4 - - [18/Dec/2022:21:54:48 -0500] "HEAD /BLA/boletinlegal/ HTTP/1.1" 200 -
216.245.221.92 - - [18/Dec/2022:21:56:39 -0500] "HEAD / HTTP/1.1" 200 -
172.22.2.4 - - [18/Dec/2022:21:55:38 -0500] "GET /BLA/boletinlegal/ HTTP/1.1" 200 52942
185.66.139.36 - - [18/Dec/2022:21:57:19 -0500] "GET /todo-un-exito-la-primera-jornada-de-adopcion-en-la-santamaria-15-perros-y-gatos-encontraron-un-nuevo-hogar-en-bogota.html HTTP/1.1" 200 994
186.84.20.242 - - [18/Dec/2022:21:57:26 -0500] "POST /sipse/faces/presentacion/financiero/solicitudProceso/consultarSolicitudProceso.xhtml HTTP/1.1" 200 63443
186.84.20.242 - - [18/Dec/2022:21:57:28 -0500] "GET /sipse/faces/javax.faces.resource/jquery/jquery.js?ln=primefaces&v=4.0 HTTP/1.1" 304 -
186.84.20.242 - - [18/Dec/2022:21:57:28 -0500] "GET /sipse/faces/javax.faces.resource/jquery/jquery-plugins.js?ln=primefaces&v=4.0 HTTP/1.1" 304 -
186.84.20.242 - - [18/Dec/2022:21:57:28 -0500] "GET /sipse/faces/javax.faces.resource/primefaces.js?ln=primefaces&v=4.0 HTTP/1.1" 304 -
186.84.20.242 - - [18/Dec/2022:21:57:28 -0500] "GET /sipse/faces/javax.faces.resource/layout/layout.js?ln=primefaces&v=4.0 HTTP/1.1" 304 -
186.84.20.242 - - [18/Dec/2022:21:57:28 -0500] "POST /sipse/faces/presentacion/financiero/solicitudProceso/listarSolicitudProceso.xhtml HTTP/1.1" 200 1556
186.84.20.242 - - [18/Dec/2022:21:57:34 -0500] "POST /sipse/faces/presentacion/financiero/solicitudProceso/listarSolicitudProceso.xhtml HTTP/1.1" 200 10887
186.84.20.242 - - [18/Dec/2022:21:57:43 -0500] "POST /sipse/faces/presentacion/financiero/solicitudProceso/listarSolicitudProceso.xhtml HTTP/1.1" 200 106918
186.84.20.242 - - [18/Dec/2022:21:57:44 -0500] "GET /sipse/faces/javax.faces.resource/jquery/jquery.js?ln=primefaces&v=4.0 HTTP/1.1" 304 -
186.84.20.242 - - [18/Dec/2022:21:57:44 -0500] "GET /sipse/faces/javax.faces.resource/jquery/jquery-plugins.js?ln=primefaces&v=4.0 HTTP/1.1" 304 -
186.84.20.242 - - [18/Dec/2022:21:57:44 -0500] "GET /sipse/faces/javax.faces.resource/primefaces.js?ln=primefaces&v=4.0 HTTP/1.1" 304 -
186.84.20.242 - - [18/Dec/2022:21:57:44 -0500] "GET /sipse/faces/javax.faces.resource/layout/layout.js?ln=primefaces&v=4.0 HTTP/1.1" 304 -
172.22.2.4 - - [18/Dec/2022:21:56:04 -0500] "GET /BLA/boletinlegal/ HTTP/1.1" 200 54100
114.119.143.110 - - [18/Dec/2022:21:58:01 -0500] "GET /BLA/resoluciones/RESOLUCIONES%202018/0061.pdf HTTP/1.1" 200 373497
186.84.20.242 - - [18/Dec/2022:21:58:11 -0500] "POST /sipse/faces/presentacion/financiero/solicitudProceso/consultarSolicitudProceso.xhtml HTTP/1.1" 200 158237
157.55.39.152 - - [18/Dec/2022:21:59:14 -0500] "GET /bla/resoluciones/resoluciones%202012/1284.pdf HTTP/1.1" 304 -
51.159.64.143 - - [18/Dec/2022:21:59:27 -0500] "POST /boaform/admin/formLogin HTTP/1.1" 404 1186
172.22.2.4 - - [18/Dec/2022:21:59:37 -0500] "GET /BLA/boletinlegal/conceptos/2017/142.pdf HTTP/1.1" 200 306145
172.22.2.4 - - [18/Dec/2022:21:59:49 -0500] "GET /BLA/boletinlegal/conceptos/2017/138.pdf HTTP/1.1" 200 356087
172.22.2.4 - - [18/Dec/2022:21:59:59 -0500] "GET /BLA/boletinlegal/conceptos/2017/128.pdf HTTP/1.1" 200 431080
201.245.192.253 - - [18/Dec/2022:22:00:06 -0500] "POST /kwsrmcab/Wsrmcab  HTTP/1.1" 200 213
172.22.2.4 - - [18/Dec/2022:22:00:09 -0500] "GET /BLA/boletinlegal/conceptos/2017/120.pdf HTTP/1.1" 404 1334
172.22.2.4 - - [18/Dec/2022:22:00:22 -0500] "GET /BLA/boletinlegal/conceptos/2017/109.pdf HTTP/1.1" 200 387449
185.119.81.106 - - [18/Dec/2022:22:00:34 -0500] "GET /portaldeninos/wp-login.php HTTP/1.1" 200 2592
185.119.81.106 - - [18/Dec/2022:22:00:35 -0500] "POST /portaldeninos/wp-login.php HTTP/1.1" 200 3670
172.22.2.4 - - [18/Dec/2022:22:00:23 -0500] "GET /BLA/boletinlegal/ HTTP/1.1" 200 40907
216.245.221.92 - - [18/Dec/2022:22:01:38 -0500] "HEAD / HTTP/1.1" 200 -
172.22.2.4 - - [18/Dec/2022:22:01:50 -0500] "GET /BLA/boletinlegal/conceptos/2017/102.pdf HTTP/1.1" 200 328514
172.22.2.4 - - [18/Dec/2022:22:02:10 -0500] "GET /BLA/boletinlegal/conceptos/2017/80.pdf HTTP/1.1" 200 379463
186.84.20.242 - - [18/Dec/2022:22:02:10 -0500] "POST /sipse/faces/presentacion/financiero/solicitudProceso/consultarSolicitudProceso.xhtml HTTP/1.1" 200 152641
186.84.20.242 - - [18/Dec/2022:22:02:11 -0500] "GET /sipse/faces/javax.faces.resource/jquery/jquery.js?ln=primefaces&v=4.0 HTTP/1.1" 304 -
186.84.20.242 - - [18/Dec/2022:22:02:11 -0500] "GET /sipse/faces/javax.faces.resource/primefaces.css?ln=primefaces&v=4.0 HTTP/1.1" 304 -
186.84.20.242 - - [18/Dec/2022:22:02:11 -0500] "GET /sipse/faces/javax.faces.resource/layout/layout.js?ln=primefaces&v=4.0 HTTP/1.1" 304 -
186.84.20.242 - - [18/Dec/2022:22:02:11 -0500] "GET /sipse/faces/javax.faces.resource/primefaces.js?ln=primefaces&v=4.0 HTTP/1.1" 304 -
186.84.20.242 - - [18/Dec/2022:22:02:11 -0500] "GET /sipse/faces/javax.faces.resource/layout/layout.css?ln=primefaces&v=4.0 HTTP/1.1" 304 -
186.84.20.242 - - [18/Dec/2022:22:02:11 -0500] "GET /sipse/faces/javax.faces.resource/theme.css?ln=primefaces-sipse HTTP/1.1" 304 -
186.84.20.242 - - [18/Dec/2022:22:02:11 -0500] "GET /sipse/faces/javax.faces.resource/jquery/jquery-plugins.js?ln=primefaces&v=4.0 HTTP/1.1" 304 -
186.84.20.242 - - [18/Dec/2022:22:02:11 -0500] "GET /sipse/faces/javax.faces.resource/images/ui-icons_898989_256x240.png?ln=primefaces-aristo HTTP/1.1" 200 5355
186.84.20.242 - - [18/Dec/2022:22:02:11 -0500] "GET /favicon.ico HTTP/1.1" 200 7782
186.84.20.242 - - [18/Dec/2022:22:02:16 -0500] "GET /sipse/faces/javax.faces.resource/images/ui-bg_flat_0_2d5972_40x100.png?ln=primefaces-aristo HTTP/1.1" 304 -
