181.237.5.254 - - [18/Dec/2022:18:34:24 -0500] "GET /favicon.ico HTTP/1.1" 200 7782
181.237.5.254 - - [18/Dec/2022:18:34:38 -0500] "POST /appsia/controlador HTTP/1.1" 200 5437
181.237.5.254 - - [18/Dec/2022:18:34:40 -0500] "POST /appsia/controlador HTTP/1.1" 200 8604
181.237.5.254 - - [18/Dec/2022:18:34:40 -0500] "GET /appsia/images/logo_escudo.png HTTP/1.1" 200 36965
181.48.255.197 - - [18/Dec/2022:18:34:40 -0500] "GET /appsia/controlador HTTP/1.1" 200 4799
181.48.255.197 - - [18/Dec/2022:18:34:41 -0500] "GET /appsia/scripts/validarIngreso.js HTTP/1.1" 200 851
181.48.255.197 - - [18/Dec/2022:18:34:41 -0500] "GET /appsia/css/estilos.css HTTP/1.1" 200 4804
181.48.255.197 - - [18/Dec/2022:18:34:41 -0500] "GET /appsia/images/cabezoteHojaVida.png HTTP/1.1" 200 32493
181.48.255.197 - - [18/Dec/2022:18:34:45 -0500] "GET /appsia/images/logo_bogota_p.png HTTP/1.1" 200 14951
162.55.173.23 - - [18/Dec/2022:18:35:12 -0500] "GET / HTTP/1.1" 200 319
190.60.254.220 - - [18/Dec/2022:18:35:40 -0500] "GET /sipse/faces/javax.faces.resource/theme.css?ln=primefaces-sipse HTTP/1.1" 304 -
190.60.254.220 - - [18/Dec/2022:18:35:40 -0500] "POST /sipse/faces/presentacion/financiero/solicitudProceso/consultarSolicitudProceso.xhtml HTTP/1.1" 200 31528
190.60.254.220 - - [18/Dec/2022:18:35:40 -0500] "GET /sipse/faces/javax.faces.resource/primefaces.css?ln=primefaces&v=4.0 HTTP/1.1" 304 -
190.60.254.220 - - [18/Dec/2022:18:35:40 -0500] "GET /sipse/faces/javax.faces.resource/jquery/jquery.js?ln=primefaces&v=4.0 HTTP/1.1" 304 -
190.60.254.220 - - [18/Dec/2022:18:35:40 -0500] "GET /sipse/faces/javax.faces.resource/layout/layout.css?ln=primefaces&v=4.0 HTTP/1.1" 304 -
190.60.254.220 - - [18/Dec/2022:18:35:41 -0500] "GET /sipse/faces/javax.faces.resource/jquery/jquery-plugins.js?ln=primefaces&v=4.0 HTTP/1.1" 304 -
190.60.254.220 - - [18/Dec/2022:18:35:41 -0500] "GET /sipse/faces/javax.faces.resource/primefaces.js?ln=primefaces&v=4.0 HTTP/1.1" 304 -
190.60.254.220 - - [18/Dec/2022:18:35:41 -0500] "GET /sipse/faces/javax.faces.resource/layout/layout.js?ln=primefaces&v=4.0 HTTP/1.1" 304 -
190.60.254.220 - - [18/Dec/2022:18:35:41 -0500] "GET /sipse/css/imagen/contrasena.png HTTP/1.1" 404 383
190.60.254.220 - - [18/Dec/2022:18:35:41 -0500] "GET /sipse/faces/javax.faces.resource/images/ui-icons_898989_256x240.png?ln=primefaces-aristo HTTP/1.1" 304 -
66.249.65.213 - - [18/Dec/2022:18:35:44 -0500] "-" 408 -
66.249.66.87 - - [18/Dec/2022:18:35:46 -0500] "-" 408 -
201.245.192.253 - - [18/Dec/2022:18:35:50 -0500] "POST /kwsrmcab/Wsrmcab  HTTP/1.1" 200 213
207.46.13.198 - - [18/Dec/2022:18:35:57 -0500] "GET /sipse/faces/autenticacion.xhtml HTTP/1.1" 200 12505
157.55.39.39 - - [18/Dec/2022:18:36:00 -0500] "GET /sipse/faces/presentacion/sistema/anexos/cargarAnexoSolicitudProceso.xhtml HTTP/1.1" 302 -
157.55.39.39 - - [18/Dec/2022:18:36:01 -0500] "GET /sipse/faces/autenticacion.xhtml HTTP/1.1" 200 12183
190.60.254.220 - - [18/Dec/2022:18:36:08 -0500] "GET /sipse/faces/javax.faces.resource/images/ui-bg_flat_0_2d5972_40x100.png?ln=primefaces-aristo HTTP/1.1" 304 -
190.60.254.220 - - [18/Dec/2022:18:36:08 -0500] "POST /sipse/faces/presentacion/financiero/solicitudProceso/consultarHistorialSolProceso.xhtml HTTP/1.1" 200 43861
190.60.254.220 - - [18/Dec/2022:18:36:08 -0500] "GET /sipse/faces/javax.faces.resource/theme.css?ln=primefaces-sipse HTTP/1.1" 304 -
190.60.254.220 - - [18/Dec/2022:18:36:08 -0500] "GET /sipse/faces/javax.faces.resource/primefaces.css?ln=primefaces&v=4.0 HTTP/1.1" 304 -
190.60.254.220 - - [18/Dec/2022:18:36:08 -0500] "GET /sipse/faces/javax.faces.resource/jquery/jquery.js?ln=primefaces&v=4.0 HTTP/1.1" 304 -
190.60.254.220 - - [18/Dec/2022:18:36:08 -0500] "GET /sipse/faces/javax.faces.resource/layout/layout.css?ln=primefaces&v=4.0 HTTP/1.1" 304 -
190.60.254.220 - - [18/Dec/2022:18:36:08 -0500] "GET /sipse/faces/javax.faces.resource/jquery/jquery-plugins.js?ln=primefaces&v=4.0 HTTP/1.1" 304 -
190.60.254.220 - - [18/Dec/2022:18:36:09 -0500] "GET /sipse/faces/javax.faces.resource/primefaces.js?ln=primefaces&v=4.0 HTTP/1.1" 304 -
190.60.254.220 - - [18/Dec/2022:18:36:09 -0500] "GET /sipse/faces/javax.faces.resource/layout/layout.js?ln=primefaces&v=4.0 HTTP/1.1" 304 -
190.60.254.220 - - [18/Dec/2022:18:36:15 -0500] "POST /sipse/faces/presentacion/financiero/solicitudProceso/consultar.xhtml HTTP/1.1" 200 23081
172.22.2.4 - - [18/Dec/2022:18:34:39 -0500] "GET /BLA/boletinlegal/ HTTP/1.1" 200 62840
216.245.221.92 - - [18/Dec/2022:18:36:39 -0500] "HEAD / HTTP/1.1" 200 -
157.55.39.96 - - [18/Dec/2022:18:36:49 -0500] "GET /plan-de-accion-climatica-pac-de-bogota-aporta-en-cerca-del-90-al-cumplimiento-de-las-acciones-del-acuerdo-de-emergencia-climatica.html HTTP/1.1" 200 1069
172.22.2.4 - - [18/Dec/2022:18:36:28 -0500] "HEAD /BLA/boletinlegal/ HTTP/1.1" 200 -
172.22.2.4 - - [18/Dec/2022:18:38:28 -0500] "GET /BLA/boletinlegal/Circulares/2019/.pdf HTTP/1.1" 404 1218
172.22.2.4 - - [18/Dec/2022:18:38:37 -0500] "GET /BLA/boletinlegal/Circulares/2012/Circular%20No.%2010%20del%2026%20de%20Enero%20de%202012.pdf HTTP/1.1" 404 1218
172.22.2.4 - - [18/Dec/2022:18:37:18 -0500] "GET /BLA/boletinlegal/ HTTP/1.1" 200 57824
173.252.111.13 - - [18/Dec/2022:18:39:51 -0500] "GET /images/tarantulas-incatuacion-dorado-1-diciembre.jpg HTTP/1.1" 200 31749
201.245.192.253 - - [18/Dec/2022:18:40:44 -0500] "POST /kwsrmcab/Wsrmcab HTTP/1.1" 200 44250
201.245.192.253 - - [18/Dec/2022:18:40:47 -0500] "POST /kwsrmcab/Wsrmcab HTTP/1.1" 200 44118
201.245.192.253 - - [18/Dec/2022:18:40:49 -0500] "POST /kwsrmcab/Wsrmcab  HTTP/1.1" 200 213
173.252.107.6 - - [18/Dec/2022:18:41:13 -0500] "GET /tarantulas-cucarachas-y-un-escorpion-fueron-incautadas-en-el-aeropuerto-el-dorado-su-destino-era-alemania.html HTTP/1.1" 206 931
173.252.107.22 - - [18/Dec/2022:18:41:13 -0500] "GET /indicadores-de-fauna-silvestre-en-el-observatorio-ambiental-de-bogota.html HTTP/1.1" 206 949
173.252.107.20 - - [18/Dec/2022:18:41:14 -0500] "GET /se-amplia-convocatoria-de-sembradoras-por-la-reactivaccion-para-que-20-organizaciones-ambientales-contraten-a-mas-de-mil-mujeres.html HTTP/1.1" 206 1100
173.252.95.17 - - [18/Dec/2022:18:41:36 -0500] "GET /images/cr\xc3\xb3nica-29-nov-1_optimized.jpeg HTTP/1.1" 404 1034
216.245.221.92 - - [18/Dec/2022:18:41:39 -0500] "HEAD / HTTP/1.1" 200 -
185.119.81.104 - - [18/Dec/2022:18:42:58 -0500] "GET /portaldeninos/wp-login.php HTTP/1.1" 200 2592
185.119.81.104 - - [18/Dec/2022:18:42:58 -0500] "POST /portaldeninos/wp-login.php HTTP/1.1" 200 3605
172.22.2.4 - - [18/Dec/2022:18:42:18 -0500] "HEAD /BLA/boletinlegal/ HTTP/1.1" 200 -
172.22.2.4 - - [18/Dec/2022:18:43:08 -0500] "GET /BLA/boletinlegal/ HTTP/1.1" 200 59779
45.9.110.186 - - [18/Dec/2022:18:45:38 -0500] "GET / HTTP/1.1" 200 319
45.9.110.186 - - [18/Dec/2022:18:45:39 -0500] "GET / HTTP/1.1" 200 319
45.9.110.186 - - [18/Dec/2022:18:45:39 -0500] "GET /favicon.ico HTTP/1.1" 200 7782
201.245.192.253 - - [18/Dec/2022:18:45:48 -0500] "POST /kwsrmcab/Wsrmcab  HTTP/1.1" 200 213
216.245.221.92 - - [18/Dec/2022:18:46:39 -0500] "HEAD / HTTP/1.1" 200 -
13.66.139.19 - - [18/Dec/2022:18:47:39 -0500] "GET /BLA/resoluciones/RESOLUCIONES%202020/1338.pdf HTTP/1.1" 200 343006
172.22.2.4 - - [18/Dec/2022:18:49:09 -0500] "GET /BLA/boletinlegal/conceptos.php HTTP/1.1" 200 7450
172.22.2.4 - - [18/Dec/2022:18:49:09 -0500] "GET /BLA/boletinlegal/styles2.css HTTP/1.1" 200 1838
172.22.2.4 - - [18/Dec/2022:18:49:09 -0500] "GET /BLA/boletinlegal/js/ajax_conceptos.js HTTP/1.1" 200 1326
172.22.2.4 - - [18/Dec/2022:18:49:09 -0500] "GET /BLA/boletinlegal/niceforms-default.css HTTP/1.1" 200 6694
172.22.2.4 - - [18/Dec/2022:18:49:09 -0500] "GET /BLA/boletinlegal/style.css HTTP/1.1" 200 9406
172.22.2.4 - - [18/Dec/2022:18:49:09 -0500] "GET /BLA/boletinlegal/niceforms.js HTTP/1.1" 200 22876
172.22.2.4 - - [18/Dec/2022:18:49:09 -0500] "GET /BLA/boletinlegal/images/cabezote%20BLEGAL.jpg HTTP/1.1" 200 118164
172.22.2.4 - - [18/Dec/2022:18:49:09 -0500] "GET /BLA/boletinlegal/images/subscribe-icon-big.png HTTP/1.1" 200 47702
172.22.2.4 - - [18/Dec/2022:18:49:09 -0500] "GET /BLA/boletinlegal/images/historia.png HTTP/1.1" 200 52775
172.22.2.4 - - [18/Dec/2022:18:49:09 -0500] "GET /BLA/boletinlegal/images/tel.png HTTP/1.1" 200 14477
172.22.2.4 - - [18/Dec/2022:18:49:09 -0500] "GET /BLA/boletinlegal/images/registro-usuarios.png HTTP/1.1" 200 8106
172.22.2.4 - - [18/Dec/2022:18:49:09 -0500] "GET /BLA/boletinlegal/images/icono-email.png HTTP/1.1" 200 5544
172.22.2.4 - - [18/Dec/2022:18:49:09 -0500] "GET /BLA/boletinlegal/images/body_bg.jpg HTTP/1.1" 200 1601
172.22.2.4 - - [18/Dec/2022:18:49:09 -0500] "GET /BLA/boletinlegal/images/menu_lft.gif HTTP/1.1" 200 1713
172.22.2.4 - - [18/Dec/2022:18:49:09 -0500] "GET /BLA/boletinlegal/images/menu_rght.gif HTTP/1.1" 200 1627
172.22.2.4 - - [18/Dec/2022:18:49:09 -0500] "GET /BLA/boletinlegal/images/menu_bg.jpg HTTP/1.1" 200 620
172.22.2.4 - - [18/Dec/2022:18:49:09 -0500] "GET /BLA/boletinlegal/images/bg_top.jpg HTTP/1.1" 200 522
172.22.2.4 - - [18/Dec/2022:18:49:09 -0500] "GET /BLA/boletinlegal/images/hover.jpg HTTP/1.1" 200 640
172.22.2.4 - - [18/Dec/2022:18:49:10 -0500] "GET /BLA/boletinlegal/images/text.jpg HTTP/1.1" 200 568
172.22.2.4 - - [18/Dec/2022:18:49:10 -0500] "GET /BLA/boletinlegal/images/footer_bg.jpg HTTP/1.1" 200 586
172.22.2.4 - - [18/Dec/2022:18:49:10 -0500] "GET /BLA/boletinlegal/images/footer_bg_l.jpg HTTP/1.1" 200 776
172.22.2.4 - - [18/Dec/2022:18:49:10 -0500] "GET /BLA/boletinlegal/img/0.png HTTP/1.1" 200 110
172.22.2.4 - - [18/Dec/2022:18:49:10 -0500] "GET /BLA/boletinlegal/img/select-left.png HTTP/1.1" 200 263
172.22.2.4 - - [18/Dec/2022:18:49:10 -0500] "GET /BLA/boletinlegal/img/select-right.png HTTP/1.1" 200 44019
172.22.2.4 - - [18/Dec/2022:18:49:10 -0500] "GET /BLA/boletinlegal/img/button-left.png HTTP/1.1" 200 57071
172.22.2.4 - - [18/Dec/2022:18:49:10 -0500] "GET /BLA/boletinlegal/img/button-right.png HTTP/1.1" 200 57878
172.22.2.4 - - [18/Dec/2022:18:49:10 -0500] "GET /BLA/boletinlegal/img/button.png HTTP/1.1" 200 43241
172.22.2.4 - - [18/Dec/2022:18:49:10 -0500] "GET /BLA/boletinlegal/favicon.ico HTTP/1.1" 404 1334
172.22.2.4 - - [18/Dec/2022:18:49:14 -0500] "GET /BLA/boletinlegal/conceptos.php HTTP/1.1" 200 7450
172.22.2.4 - - [18/Dec/2022:18:49:20 -0500] "GET /BLA/boletinlegal/consulta_conceptos.php?no=&solicitante=&radicado_entrada=&fecha_concepto=2022&objeto= HTTP/1.1" 200 31855
172.22.2.4 - - [18/Dec/2022:18:49:20 -0500] "GET /BLA/boletinlegal/images/pdf.gif HTTP/1.1" 200 567
172.22.2.4 - - [18/Dec/2022:18:49:20 -0500] "GET /BLA/boletinlegal/images/background.gif HTTP/1.1" 200 -
172.22.2.4 - - [18/Dec/2022:18:49:30 -0500] "GET /BLA/boletinlegal/conceptos/2022/63.pdf HTTP/1.1" 200 394602
172.22.2.4 - - [18/Dec/2022:18:48:08 -0500] "HEAD /BLA/boletinlegal/ HTTP/1.1" 200 -
185.119.81.97 - - [18/Dec/2022:18:49:54 -0500] "GET /portaldeninos/wp-login.php HTTP/1.1" 200 2592
185.119.81.97 - - [18/Dec/2022:18:49:55 -0500] "POST /portaldeninos/wp-login.php HTTP/1.1" 200 3670
157.55.39.172 - - [18/Dec/2022:18:50:25 -0500] "GET /BLA/resoluciones/RESOLUCIONES%202021/2890.pdf HTTP/1.1" 304 -
172.22.2.4 - - [18/Dec/2022:18:48:58 -0500] "GET /BLA/boletinlegal/ HTTP/1.1" 200 56474
201.245.192.253 - - [18/Dec/2022:18:50:46 -0500] "POST /kwsrmcab/Wsrmcab  HTTP/1.1" 200 213
216.245.221.92 - - [18/Dec/2022:18:51:39 -0500] "HEAD / HTTP/1.1" 200 -
168.119.253.61 - - [18/Dec/2022:18:52:14 -0500] "GET / HTTP/1.1" 200 319
172.22.2.4 - - [18/Dec/2022:18:53:58 -0500] "HEAD /BLA/boletinlegal/ HTTP/1.1" 200 -
190.27.128.131 - - [18/Dec/2022:18:55:45 -0500] "GET /BLA/resoluciones/ HTTP/1.1" 200 13093
201.245.192.253 - - [18/Dec/2022:18:55:46 -0500] "POST /kwsrmcab/Wsrmcab  HTTP/1.1" 200 213
190.27.128.131 - - [18/Dec/2022:18:55:49 -0500] "GET /BLA/resoluciones/dlf/unknown.png HTTP/1.1" 200 266
190.27.128.131 - - [18/Dec/2022:18:55:49 -0500] "GET /BLA/resoluciones/index.php?dir=RESOLUCIONES+2016%2F HTTP/1.1" 200 170966
190.27.128.131 - - [18/Dec/2022:18:56:03 -0500] "GET /BLA/resoluciones/index.php?dir=RESOLUCIONES+2017%2F HTTP/1.1" 200 285126
190.27.128.131 - - [18/Dec/2022:18:56:23 -0500] "GET /BLA/resoluciones/index.php?dir=RESOLUCIONES+2018%2F HTTP/1.1" 200 273306
172.22.2.4 - - [18/Dec/2022:18:54:48 -0500] "GET /BLA/boletinlegal/ HTTP/1.1" 200 59779
190.27.128.131 - - [18/Dec/2022:18:56:35 -0500] "GET /BLA/resoluciones/RESOLUCIONES%202018/1782.pdf HTTP/1.1" 200 4938582
190.27.128.131 - - [18/Dec/2022:18:56:36 -0500] "GET /BLA/resoluciones/RESOLUCIONES%202018/1782.pdf HTTP/1.1" 200 4938582
190.27.128.131 - - [18/Dec/2022:18:56:36 -0500] "GET /BLA/resoluciones/RESOLUCIONES%202018/1782.pdf HTTP/1.1" 206 1025
216.245.221.92 - - [18/Dec/2022:18:56:39 -0500] "HEAD / HTTP/1.1" 200 -
190.27.128.131 - - [18/Dec/2022:18:56:46 -0500] "GET /BLA/resoluciones/index.php?dir=RESOLUCIONES+2019%2F HTTP/1.1" 200 249324
190.27.128.131 - - [18/Dec/2022:18:57:01 -0500] "GET /BLA/resoluciones/index.php?dir=RESOLUCIONES+2009%2F HTTP/1.1" 200 1694101
172.22.2.4 - - [18/Dec/2022:18:57:34 -0500] "GET /BLA/boletinlegal/robots.txt HTTP/1.1" 404 1038
190.27.128.131 - - [18/Dec/2022:18:58:19 -0500] "GET /BLA/resoluciones/RESOLUCIONES%202009/1782.pdf HTTP/1.1" 200 231458
190.27.128.131 - - [18/Dec/2022:18:58:19 -0500] "GET /BLA/resoluciones/RESOLUCIONES%202009/1782.pdf HTTP/1.1" 200 231458
190.27.128.131 - - [18/Dec/2022:18:58:19 -0500] "GET /BLA/resoluciones/RESOLUCIONES%202009/1782.pdf HTTP/1.1" 206 1025
172.22.2.4 - - [18/Dec/2022:18:58:57 -0500] "GET /BLA/boletinlegal/conceptos/2022/59.pdf HTTP/1.1" 200 384869
190.27.128.131 - - [18/Dec/2022:18:59:14 -0500] "GET /BLA/resoluciones/index.php?dir=RESOLUCIONES+2010%2F HTTP/1.1" 200 1307967
190.27.128.131 - - [18/Dec/2022:18:59:43 -0500] "GET /BLA/resoluciones/RESOLUCIONES%202010/1782.pdf HTTP/1.1" 200 555706
190.27.128.131 - - [18/Dec/2022:18:59:43 -0500] "GET /BLA/resoluciones/RESOLUCIONES%202010/1782.pdf HTTP/1.1" 200 555706
190.27.128.131 - - [18/Dec/2022:18:59:43 -0500] "GET /BLA/resoluciones/RESOLUCIONES%202010/1782.pdf HTTP/1.1" 206 1025
173.252.107.3 - - [18/Dec/2022:19:00:31 -0500] "GET /images/Reciclaton%20Nov%202022%20(1)%20(1).jpeg HTTP/1.1" 200 53811
173.252.107.17 - - [18/Dec/2022:19:00:31 -0500] "GET /images/Musgo%20SDA%20(1)%20(1).png HTTP/1.1" 200 302122
173.252.107.3 - - [18/Dec/2022:19:00:32 -0500] "GET /images/Entrenubes%201%20(1)%20(1).jpeg HTTP/1.1" 200 70096
173.252.107.15 - - [18/Dec/2022:19:00:34 -0500] "GET /images/Acuerdos%2001%20(1)%20(1).jpeg HTTP/1.1" 200 32884
201.245.192.253 - - [18/Dec/2022:19:00:44 -0500] "POST /kwsrmcab/Wsrmcab  HTTP/1.1" 200 213
172.22.2.4 - - [18/Dec/2022:18:59:48 -0500] "HEAD /BLA/boletinlegal/ HTTP/1.1" 200 -
216.245.221.92 - - [18/Dec/2022:19:01:39 -0500] "HEAD / HTTP/1.1" 200 -
172.22.2.4 - - [18/Dec/2022:19:00:38 -0500] "GET /BLA/boletinlegal/ HTTP/1.1" 200 57824
172.22.2.4 - - [18/Dec/2022:19:03:17 -0500] "GET /BLA/boletinlegal/conceptos/2022/56.pdf HTTP/1.1" 200 400427
172.22.2.4 - - [18/Dec/2022:19:03:38 -0500] "GET /BLA/boletinlegal/consulta_conceptos.php?no=&solicitante=&radicado_entrada=&fecha_concepto=2017&objeto= HTTP/1.1" 200 80332
172.22.2.4 - - [18/Dec/2022:19:03:53 -0500] "GET /BLA/boletinlegal/conceptos/2017/146.pdf HTTP/1.1" 200 364359
207.46.13.198 - - [18/Dec/2022:19:03:58 -0500] "GET /bla/resoluciones/notificaciones/registros%202018/1885.pdf HTTP/1.1" 304 -
173.252.87.118 - - [18/Dec/2022:19:05:17 -0500] "GET /images/mujeres-reverdecen-humedales-2-febrero.jpg HTTP/1.1" 200 47327
190.27.128.131 - - [18/Dec/2022:19:05:40 -0500] "GET /BLA/resoluciones/ HTTP/1.1" 200 13093
201.245.192.253 - - [18/Dec/2022:19:05:43 -0500] "POST /kwsrmcab/Wsrmcab  HTTP/1.1" 200 213
190.27.128.131 - - [18/Dec/2022:19:05:55 -0500] "GET /BLA/resoluciones/index.php?dir=RESOLUCIONES+2021%2F HTTP/1.1" 200 435222
190.27.128.131 - - [18/Dec/2022:19:06:10 -0500] "GET /BLA/resoluciones/RESOLUCIONES%202021/2830.pdf HTTP/1.1" 200 328753
190.27.128.131 - - [18/Dec/2022:19:06:11 -0500] "GET /BLA/resoluciones/RESOLUCIONES%202021/2830.pdf HTTP/1.1" 200 328753
190.27.128.131 - - [18/Dec/2022:19:06:11 -0500] "GET /BLA/resoluciones/RESOLUCIONES%202021/2830.pdf HTTP/1.1" 206 1025
190.27.128.131 - - [18/Dec/2022:19:06:14 -0500] "GET /BLA/resoluciones/RESOLUCIONES%202021/2830.pdf HTTP/1.1" 206 3072
35.207.200.137 - - [18/Dec/2022:19:06:15 -0500] "-" 408 -
190.27.128.131 - - [18/Dec/2022:19:06:23 -0500] "GET /BLA/resoluciones/index.php?dir=RESOLUCIONES+2021%2F HTTP/1.1" 200 435222
190.27.128.131 - - [18/Dec/2022:19:06:35 -0500] "GET /BLA/resoluciones/index.php?dir=RESOLUCIONES+2020%2F HTTP/1.1" 200 167184
216.245.221.92 - - [18/Dec/2022:19:06:39 -0500] "HEAD / HTTP/1.1" 200 -
190.27.128.131 - - [18/Dec/2022:19:06:50 -0500] "GET /BLA/resoluciones/index.php?dir=RESOLUCIONES+2018%2F HTTP/1.1" 200 273306
190.27.128.131 - - [18/Dec/2022:19:07:12 -0500] "GET /BLA/resoluciones/index.php?dir=RESOLUCIONES+2018%2F HTTP/1.1" 200 273306
172.22.2.4 - - [18/Dec/2022:19:05:38 -0500] "HEAD /BLA/boletinlegal/ HTTP/1.1" 200 -
190.27.128.131 - - [18/Dec/2022:19:07:27 -0500] "GET /BLA/resoluciones/index.php?dir=RESOLUCIONES+2017%2F HTTP/1.1" 200 285126
172.22.2.4 - - [18/Dec/2022:19:06:28 -0500] "GET /BLA/boletinlegal/ HTTP/1.1" 200 58612
201.245.192.253 - - [18/Dec/2022:19:10:42 -0500] "POST /kwsrmcab/Wsrmcab  HTTP/1.1" 200 213
190.27.128.131 - - [18/Dec/2022:19:11:29 -0500] "GET /BLA/resoluciones/ HTTP/1.1" 200 13093
190.27.128.131 - - [18/Dec/2022:19:11:35 -0500] "GET /BLA/resoluciones/index.php?dir=2018%2F HTTP/1.1" 200 1608
216.245.221.92 - - [18/Dec/2022:19:11:39 -0500] "HEAD / HTTP/1.1" 200 -
114.119.156.190 - - [18/Dec/2022:19:13:02 -0500] "GET /BLA/resoluciones/RESOLUCIONES%202019/1929.pdf HTTP/1.1" 200 389009
172.22.2.4 - - [18/Dec/2022:19:11:28 -0500] "HEAD /BLA/boletinlegal/ HTTP/1.1" 200 -
64.62.197.120 - - [18/Dec/2022:19:13:28 -0500] "GET /favicon.ico HTTP/1.1" 200 7782
172.22.2.4 - - [18/Dec/2022:19:12:18 -0500] "GET /BLA/boletinlegal/ HTTP/1.1" 200 54452
201.245.192.253 - - [18/Dec/2022:19:15:41 -0500] "POST /kwsrmcab/Wsrmcab  HTTP/1.1" 200 213
95.217.144.240 - - [18/Dec/2022:19:16:20 -0500] "-" 408 -
216.245.221.92 - - [18/Dec/2022:19:16:39 -0500] "HEAD / HTTP/1.1" 200 -
172.22.2.4 - - [18/Dec/2022:19:17:18 -0500] "HEAD /BLA/boletinlegal/ HTTP/1.1" 200 -
172.22.2.4 - - [18/Dec/2022:19:18:08 -0500] "GET /BLA/boletinlegal/ HTTP/1.1" 200 59404
173.252.107.5 - - [18/Dec/2022:19:19:56 -0500] "GET /images/Senderos1.jpeg HTTP/1.1" 200 172777
201.245.192.253 - - [18/Dec/2022:19:20:40 -0500] "POST /kwsrmcab/Wsrmcab  HTTP/1.1" 200 213
201.245.192.253 - - [18/Dec/2022:19:20:44 -0500] "POST /kwsrmcab/Wsrmcab HTTP/1.1" 200 44221
201.245.192.253 - - [18/Dec/2022:19:20:47 -0500] "POST /kwsrmcab/Wsrmcab HTTP/1.1" 200 44071
172.22.2.4 - - [18/Dec/2022:19:20:58 -0500] "GET /BLA/boletinlegal/Circulares/2015/Circular%20No.%201%20del%2010%20de%20Febrero%20de%202015.pdf HTTP/1.1" 304 -
172.22.2.4 - - [18/Dec/2022:19:21:02 -0500] "GET /BLA/boletinlegal/conceptos/2020/46.pdf HTTP/1.1" 304 -
216.245.221.92 - - [18/Dec/2022:19:21:39 -0500] "HEAD / HTTP/1.1" 200 -
172.22.2.4 - - [18/Dec/2022:19:23:08 -0500] "HEAD /BLA/boletinlegal/ HTTP/1.1" 200 -
172.22.2.4 - - [18/Dec/2022:19:23:58 -0500] "GET /BLA/boletinlegal/ HTTP/1.1" 200 57824
201.245.192.253 - - [18/Dec/2022:19:25:39 -0500] "POST /kwsrmcab/Wsrmcab  HTTP/1.1" 200 213
207.46.13.198 - - [18/Dec/2022:19:26:11 -0500] "GET /BLA/resoluciones/RESOLUCIONES%202007/RES%202007%202901%20AL%203000/RESOLUCION%202906%20DE%202007.pdf HTTP/1.1" 304 -
216.245.221.92 - - [18/Dec/2022:19:26:39 -0500] "HEAD / HTTP/1.1" 200 -
172.22.2.4 - - [18/Dec/2022:19:27:00 -0500] "GET /BLA/boletinlegal/ HTTP/1.1" 200 62840
172.22.2.4 - - [18/Dec/2022:19:28:58 -0500] "HEAD /BLA/boletinlegal/ HTTP/1.1" 200 -
201.245.192.253 - - [18/Dec/2022:19:30:38 -0500] "POST /kwsrmcab/Wsrmcab  HTTP/1.1" 200 213
201.245.192.253 - - [18/Dec/2022:19:30:44 -0500] "POST /kwsrmcab/Wsrmcab HTTP/1.1" 200 44221
201.245.192.253 - - [18/Dec/2022:19:30:47 -0500] "POST /kwsrmcab/Wsrmcab HTTP/1.1" 200 44071
172.22.2.4 - - [18/Dec/2022:19:29:48 -0500] "GET /BLA/boletinlegal/ HTTP/1.1" 200 57824
216.245.221.92 - - [18/Dec/2022:19:31:39 -0500] "HEAD / HTTP/1.1" 200 -
173.252.79.3 - - [18/Dec/2022:19:32:00 -0500] "GET /images/cr\xc3\xb3nica-29-nov-1_optimized.jpeg HTTP/1.1" 404 1034
173.252.107.23 - - [18/Dec/2022:19:32:47 -0500] "GET /images/cr\xc3\xb3nica-29-nov-1_optimized.jpeg HTTP/1.1" 404 1034
185.119.81.97 - - [18/Dec/2022:19:34:48 -0500] "GET /portaldeninos/wp-login.php HTTP/1.1" 200 2592
185.119.81.97 - - [18/Dec/2022:19:34:49 -0500] "POST /portaldeninos/wp-login.php HTTP/1.1" 200 3670
201.245.248.215 - - [18/Dec/2022:19:34:51 -0500] "GET /BLA/resoluciones/index.php?dir= HTTP/1.1" 200 13093
201.245.248.215 - - [18/Dec/2022:19:34:59 -0500] "GET /BLA/resoluciones/index.php?dir=AUTOS+2018%2F HTTP/1.1" 200 445892
201.245.192.253 - - [18/Dec/2022:19:35:37 -0500] "POST /kwsrmcab/Wsrmcab  HTTP/1.1" 200 213
172.22.2.4 - - [18/Dec/2022:19:34:48 -0500] "HEAD /BLA/boletinlegal/ HTTP/1.1" 200 -
172.22.2.4 - - [18/Dec/2022:19:34:52 -0500] "GET /BLA/boletinlegal/ HTTP/1.1" 200 43662
216.245.221.92 - - [18/Dec/2022:19:36:39 -0500] "HEAD / HTTP/1.1" 200 -
186.84.21.181 - - [18/Dec/2022:19:36:57 -0500] "GET /appsia/controlador HTTP/1.1" 200 4799
186.84.21.181 - - [18/Dec/2022:19:36:58 -0500] "GET /appsia/css/estilos.css HTTP/1.1" 200 4804
186.84.21.181 - - [18/Dec/2022:19:36:58 -0500] "GET /appsia/scripts/validarIngreso.js HTTP/1.1" 200 851
186.84.21.181 - - [18/Dec/2022:19:36:58 -0500] "GET /appsia/images/logo_bogota_p.png HTTP/1.1" 200 14951
186.84.21.181 - - [18/Dec/2022:19:36:58 -0500] "GET /appsia/images/cabezoteHojaVida.png HTTP/1.1" 200 32493
186.84.21.181 - - [18/Dec/2022:19:36:58 -0500] "GET /favicon.ico HTTP/1.1" 200 7782
186.84.21.181 - - [18/Dec/2022:19:37:02 -0500] "POST /appsia/controlador HTTP/1.1" 200 3600
186.84.21.181 - - [18/Dec/2022:19:37:02 -0500] "GET /appsia/jscripts/validarSolicitud.js HTTP/1.1" 404 68
186.84.21.181 - - [18/Dec/2022:19:37:08 -0500] "POST /appsia/controlador HTTP/1.1" 200 4799
172.22.2.4 - - [18/Dec/2022:19:37:08 -0500] "GET /BLA/boletinlegal/jurisprudencia/analisis/AnalisisT-606-15.docx HTTP/1.1" 200 26698
172.22.2.4 - - [18/Dec/2022:19:37:10 -0500] "GET /BLA/boletinlegal/apple-touch-icon-120x120-precomposed.png HTTP/1.1" 404 1140
172.22.2.4 - - [18/Dec/2022:19:37:10 -0500] "GET /BLA/boletinlegal/apple-touch-icon-120x120.png HTTP/1.1" 404 1140
172.22.2.4 - - [18/Dec/2022:19:37:10 -0500] "GET /BLA/boletinlegal/apple-touch-icon-precomposed.png HTTP/1.1" 404 1140
172.22.2.4 - - [18/Dec/2022:19:37:10 -0500] "GET /BLA/boletinlegal/apple-touch-icon.png HTTP/1.1" 404 1140
172.22.2.4 - - [18/Dec/2022:19:37:10 -0500] "GET /BLA/boletinlegal/favicon.ico HTTP/1.1" 404 1140
172.22.2.4 - - [18/Dec/2022:19:37:11 -0500] "GET /BLA/boletinlegal/apple-touch-icon-120x120-precomposed.png HTTP/1.1" 404 1140
172.22.2.4 - - [18/Dec/2022:19:37:11 -0500] "GET /BLA/boletinlegal/apple-touch-icon-120x120.png HTTP/1.1" 404 1140
172.22.2.4 - - [18/Dec/2022:19:37:11 -0500] "GET /BLA/boletinlegal/apple-touch-icon-precomposed.png HTTP/1.1" 404 1140
172.22.2.4 - - [18/Dec/2022:19:37:11 -0500] "GET /BLA/boletinlegal/apple-touch-icon.png HTTP/1.1" 404 1140
172.22.2.4 - - [18/Dec/2022:19:37:11 -0500] "GET /BLA/boletinlegal/favicon.ico HTTP/1.1" 404 1140
172.22.2.4 - - [18/Dec/2022:19:35:38 -0500] "GET /BLA/boletinlegal/ HTTP/1.1" 200 42583
186.84.21.181 - - [18/Dec/2022:19:37:19 -0500] "POST /appsia/controlador HTTP/1.1" 200 5437
186.84.21.181 - - [18/Dec/2022:19:37:27 -0500] "POST /appsia/controlador HTTP/1.1" 200 7732
186.84.21.181 - - [18/Dec/2022:19:37:27 -0500] "GET /appsia/images/logo_escudo.png HTTP/1.1" 200 36965
186.84.21.181 - - [18/Dec/2022:19:38:32 -0500] "POST /appsia/controlador HTTP/1.1" 200 5437
186.84.21.181 - - [18/Dec/2022:19:38:33 -0500] "POST /appsia/controlador HTTP/1.1" 200 3238
186.84.21.181 - - [18/Dec/2022:19:38:33 -0500] "GET /appsia/jscripts/validarSolicitud.js HTTP/1.1" 404 68
186.84.21.181 - - [18/Dec/2022:19:38:36 -0500] "POST /appsia/controlador HTTP/1.1" 200 5437
172.22.2.4 - - [18/Dec/2022:19:38:39 -0500] "GET /BLA/boletinlegal/Circulares/2019/.pdf HTTP/1.1" 404 1218
201.245.192.253 - - [18/Dec/2022:19:40:36 -0500] "POST /kwsrmcab/Wsrmcab  HTTP/1.1" 200 213
201.245.192.253 - - [18/Dec/2022:19:40:44 -0500] "POST /kwsrmcab/Wsrmcab HTTP/1.1" 200 44221
201.245.192.253 - - [18/Dec/2022:19:40:46 -0500] "POST /kwsrmcab/Wsrmcab HTTP/1.1" 200 44071
216.245.221.92 - - [18/Dec/2022:19:41:39 -0500] "HEAD / HTTP/1.1" 200 -
172.22.2.4 - - [18/Dec/2022:19:40:38 -0500] "HEAD /BLA/boletinlegal/ HTTP/1.1" 200 -
114.119.145.93 - - [18/Dec/2022:19:42:19 -0500] "GET /BLA/resoluciones/RESOLUCIONES%202019/1693.pdf HTTP/1.1" 200 284739
185.119.81.98 - - [18/Dec/2022:19:42:38 -0500] "GET /portaldeninos/wp-login.php HTTP/1.1" 200 2592
185.119.81.98 - - [18/Dec/2022:19:42:39 -0500] "POST /portaldeninos/wp-login.php HTTP/1.1" 200 3605
172.22.2.4 - - [18/Dec/2022:19:41:28 -0500] "GET /BLA/boletinlegal/ HTTP/1.1" 200 59404
191.95.49.93 - - [18/Dec/2022:19:43:20 -0500] "GET /kwssiamovil/sm/ldap/au?x=U2FsdGVkX1/8YELzTLvdBQCPs/o5cjPRZ2vxOAN+eOFj6b2JMNp/eID+DkrA6WsQ&y=U2FsdGVkX18EVtjICr9r1eDwl9wHEQguwyhBW7yCIBYcHEIaKcAfq4MdZlRdXjVP HTTP/1.1" 200 30
191.95.49.93 - - [18/Dec/2022:19:43:20 -0500] "GET /kwssiamovil/sm/acme/s?s=U2FsdGVkX18ro8Tj8rwg6JxKJC74dolQtjoSJpoWzsNmRMJrYCqIXiDCw237GgDTAgT0K34J47bW+5M+QkWQlF3yF19jixRWKpYA6NG1e+o=&u=U2FsdGVkX1/Or7lVSBGuhjCRW0PGtLrRe6A+K/fnQO+FoIUw8URojSspAa7fTIY6&y=U2FsdGVkX18EVtjICr9r1eDwl9wHEQguwyhBW7yCIBYcHEIaKcAfq4MdZlRdXjVP HTTP/1.1" 200 97
191.95.49.93 - - [18/Dec/2022:19:43:21 -0500] "GET /kwssiamovil/sm/acme/s?s=U2FsdGVkX18iODwSIiWvLk7wHxQiGV+jLqzGZnSnQthiZAtBT1/ULrC/tMdlDK3V3IIT6t3J2vKgEraVqcFI+2XnlxzdozF0l9HojD1yZTKQwtxsjrxXEd2HR4cCklFym91l1K83Aw7tYBuI2r9aFPYti79rY3LX4EKgFDA1DK95SnOx47J8KgBox51Kzi5+cNjb1K7CCPNzo5a+omG2JBJY3s87VCmBWeSVV/BUj9rtlzYIJeCwAaZw6bcbiBNzqJ5Paef4A/4hhzU5C1oTxbTmwUa/3fGEPuIVz7pEMbRs3kXEvOmaJJOJYnxRiju8IfKIFj33t5KcfQxpMG7y5fBd/lLVoo31BUAcXPfBu25nVjd/UcFxZQMqmRiiyC1UXjlT1xODXcS+2b0dcPbPLEy8sgJTnRxSIBfqLSb+bO4cLPJblm3Mov2i3SHu74Ey06CZXp0X+xadr69rknbIOGtxmyScOpM8+6olCUiy+7ZcN5GB+EsYEtu+qWkOS7FFVPTuXFoSzT40HrVcDa0n7y9CBLOSlqQVrPGgh51HmeZLrrNpzMo4zAJ0Pmpwz7gMG62GufIcuMQL4CHBZkiuoiALzFvskXfagPwU0JimMjz27s2SDTAahX99klO1oj0IWlLJXljO66s8Jbykd1ZbuqlNGW4CU0AMhVzptftcUmn/79hBaWNt6dTZiO7gIWg5V6t9ur+GJ8v47oIPHSSFz/6N0nD4YnUbqmKXbnWcu8rpjIXshpiNTQ2fj/bfuiFsIvQuGwMIj0GMUMZX7WO48QdL3cWFiA6IwQhaXZPH/JGI4E06U1280ME5+nfXABlxavqH3SMr7+AO1f4aZQXUmi579XYok2RDSKrvWM8xbJEVZdYYrzw4rXHzvo9yCAGzKEfcb5JiRh1DzODDmv1bN7KK3jff7KPikYwDf1zMLtOhLbdIVoBROjjt0FsHhCRPRJS89KEmBgwYe38O+ROAEWG07XQ1Arrq75QoVQWmsOtds2sD+8ebP+gKPgMQpNUh7TscCWqEP64qmK4Bd3OBALMmZzJv9H1ZXU1fD2jEen9cvR0npTAw5oF3I0G1K8wPcBoaW/FgRQdhlsPQoMONA0NlFW7MZo7oPI1TX4oPXAW8s1Pt6/ouTyebnX9PCnNZkTEoMsRanaAE41Zd49AqSaP3NWMIO35pyGS7eaCyHxWAHzYv6sFL5Y+rShbjiNfUc15bTFRifE65X/kCdFY0iSCrhHU/WQdAeoALTSU8t72FrUN0jK/s5+4WTdq5656ly362XK0indPNq87d/vt5zRxJJ9v21yKTMI/i00EHPlXFKxYyHCbuwO0YGMvDNm9M3Be+Q6RQSPOHkmE3oz8jAfcmGb2ve7Fp2oQbXigyx2+QvaJ1h2aPJDmnBztgJI12a4ydsRHFB1CSALBhJU7O4xv60zk0giVv3U802sLp6mE=&u=U2FsdGVkX1/Or7lVSBGuhjCRW0PGtLrRe6A+K/fnQO+FoIUw8URojSspAa7fTIY6&y=U2FsdGVkX18EVtjICr9r1eDwl9wHEQguwyhBW7yCIBYcHEIaKcAfq4MdZlRdXjVP HTTP/1.1" 200 3072
191.95.49.93 - - [18/Dec/2022:19:43:21 -0500] "GET /kwssiamovil/sm/acme/s?s=U2FsdGVkX18XK5FzpqhONja/HCcHos4Q9HN/CRxoyws0jZK/HCf9dGsHMXvFbWbaiy8KnAj85s9aEYfKj0RXvFTNto8l+BiQJTgYoMz1ixD2qvUj6g9GkQP9EI0z7lRJUh/pVeiQI9ORTuiTgdJGYAKuPzhRGyLkIC6Jp+p8huhu6ee9fr8EJEAcmXzAIySwD6krnUancJkanlBC4owM7bryLClGohE6s4RK7f844YWFEVWPDjqXGki7cjx0XMjHSVw9re6K03UzQap7BA7KM7AqMpO79OOLw/e7zxjk0zbTbrNIkPpyZLU/ptKOhXyzN/okBwwv/Sfvh1opQGWYg446c2p/s8T3SVmBEpi8qus=&u=U2FsdGVkX1/Or7lVSBGuhjCRW0PGtLrRe6A+K/fnQO+FoIUw8URojSspAa7fTIY6&y=U2FsdGVkX18EVtjICr9r1eDwl9wHEQguwyhBW7yCIBYcHEIaKcAfq4MdZlRdXjVP HTTP/1.1" 200 196
191.95.49.93 - - [18/Dec/2022:19:43:22 -0500] "GET /kwssiamovil/sm/cjson/pre?f=1&x=U2FsdGVkX1/8YELzTLvdBQCPs/o5cjPRZ2vxOAN+eOFj6b2JMNp/eID+DkrA6WsQ HTTP/1.1" 200 31032
54.39.177.173 - - [18/Dec/2022:19:43:42 -0500] "-" 408 -
198.74.59.35 - - [18/Dec/2022:19:45:03 -0500] "GET /galeria/galeria/jquery.fancybox.css?v=2.1.5 HTTP/1.1" 200 4895
198.74.59.35 - - [18/Dec/2022:19:45:03 -0500] "GET /BLA/boletinlegal/js/jquery.scrollShow.js HTTP/1.1" 200 4586
198.74.59.35 - - [18/Dec/2022:19:45:03 -0500] "GET /galeria/galeria/jquery.fancybox.js?v=2.1.5 HTTP/1.1" 200 48706
207.46.13.116 - - [18/Dec/2022:19:45:20 -0500] "GET /programate-para-las-caminatas-ecologicas-de-diciembre.html HTTP/1.1" 200 807
201.245.192.253 - - [18/Dec/2022:19:45:36 -0500] "POST /kwsrmcab/Wsrmcab  HTTP/1.1" 200 213
216.245.221.92 - - [18/Dec/2022:19:46:39 -0500] "HEAD / HTTP/1.1" 200 -
157.55.39.212 - - [18/Dec/2022:19:47:21 -0500] "GET /portaldeninos/wp-content/uploads/2021/07/residuos-pagina-ni%C3%B1os-104x300.jpg HTTP/1.1" 200 12233
172.22.2.4 - - [18/Dec/2022:19:46:12 -0500] "GET /BLA/boletinlegal/index.php HTTP/1.1" 200 52453
172.22.2.4 - - [18/Dec/2022:19:46:28 -0500] "HEAD /BLA/boletinlegal/ HTTP/1.1" 200 -
172.22.2.4 - - [18/Dec/2022:19:47:18 -0500] "GET /BLA/boletinlegal/ HTTP/1.1" 200 54100
172.22.2.4 - - [18/Dec/2022:19:49:19 -0500] "GET /BLA/boletinlegal/doctrina.php HTTP/1.1" 200 5604
172.22.2.4 - - [18/Dec/2022:19:49:30 -0500] "GET /BLA/boletinlegal/js/lib.js HTTP/1.1" 200 6474
172.22.2.4 - - [18/Dec/2022:19:49:35 -0500] "GET /BLA/boletinlegal/js/ajax_doctrina.js HTTP/1.1" 200 772
172.22.2.4 - - [18/Dec/2022:19:49:35 -0500] "GET /BLA/boletinlegal/js/jquery1.js HTTP/1.1" 200 29846
172.22.2.4 - - [18/Dec/2022:19:49:44 -0500] "GET /BLA/boletinlegal/js/popup.js HTTP/1.1" 200 1270
201.245.192.253 - - [18/Dec/2022:19:50:34 -0500] "POST /kwsrmcab/Wsrmcab  HTTP/1.1" 200 213
216.245.221.92 - - [18/Dec/2022:19:51:39 -0500] "HEAD / HTTP/1.1" 200 -
172.22.2.4 - - [18/Dec/2022:19:53:11 -0500] "GET /BLA/boletinlegal/style.css HTTP/1.1" 200 9406
172.22.2.4 - - [18/Dec/2022:19:53:11 -0500] "GET /BLA/boletinlegal/styles2.css HTTP/1.1" 200 1838
172.22.2.4 - - [18/Dec/2022:19:53:11 -0500] "GET /BLA/boletinlegal/js/jquery.js HTTP/1.1" 200 57254
172.22.2.4 - - [18/Dec/2022:19:53:11 -0500] "GET /BLA/boletinlegal/js/jquery.scrollTo-min.js HTTP/1.1" 200 1150
172.22.2.4 - - [18/Dec/2022:19:53:11 -0500] "GET /BLA/boletinlegal/js/jquery.scrollShow.js HTTP/1.1" 200 4586
172.22.2.4 - - [18/Dec/2022:19:53:12 -0500] "GET /BLA/boletinlegal/images/historia.png HTTP/1.1" 200 52775
172.22.2.4 - - [18/Dec/2022:19:53:12 -0500] "GET /BLA/boletinlegal/images/text.jpg HTTP/1.1" 200 568
172.22.2.4 - - [18/Dec/2022:19:53:12 -0500] "GET /BLA/boletinlegal/images/cabezote%20BLEGAL.jpg HTTP/1.1" 200 118164
172.22.2.4 - - [18/Dec/2022:19:53:12 -0500] "GET /BLA/boletinlegal/images/arr_l.jpg HTTP/1.1" 200 1979
172.22.2.4 - - [18/Dec/2022:19:53:12 -0500] "GET /BLA/boletinlegal/images/registro-usuarios.png HTTP/1.1" 200 8106
172.22.2.4 - - [18/Dec/2022:19:53:12 -0500] "GET /BLA/boletinlegal/images/subscribe-icon-big.png HTTP/1.1" 200 47702
172.22.2.4 - - [18/Dec/2022:19:53:12 -0500] "GET /BLA/boletinlegal/images/body_bg.jpg HTTP/1.1" 200 1601
172.22.2.4 - - [18/Dec/2022:19:53:12 -0500] "GET /BLA/boletinlegal/images/menu_lft.gif HTTP/1.1" 200 1713
172.22.2.4 - - [18/Dec/2022:19:53:12 -0500] "GET /BLA/boletinlegal/images/bg_top.jpg HTTP/1.1" 200 522
172.22.2.4 - - [18/Dec/2022:19:53:12 -0500] "GET /BLA/boletinlegal/images/menu_bg.jpg HTTP/1.1" 200 620
172.22.2.4 - - [18/Dec/2022:19:53:12 -0500] "GET /BLA/boletinlegal/images/hover.jpg HTTP/1.1" 200 640
172.22.2.4 - - [18/Dec/2022:19:53:12 -0500] "GET /BLA/boletinlegal/images/menu_rght.gif HTTP/1.1" 200 1627
172.22.2.4 - - [18/Dec/2022:19:53:12 -0500] "GET /BLA/boletinlegal/images/screen_1.png HTTP/1.1" 200 202547
172.22.2.4 - - [18/Dec/2022:19:53:12 -0500] "GET /BLA/boletinlegal/images/launch.jpg HTTP/1.1" 200 14577
172.22.2.4 - - [18/Dec/2022:19:53:14 -0500] "GET /BLA/boletinlegal/actos.php HTTP/1.1" 200 9566
172.22.2.4 - - [18/Dec/2022:19:53:14 -0500] "GET /BLA/boletinlegal/js/ajax_actos.js HTTP/1.1" 200 1322
172.22.2.4 - - [18/Dec/2022:19:53:14 -0500] "GET /BLA/boletinlegal/niceforms-default.css HTTP/1.1" 200 6694
172.22.2.4 - - [18/Dec/2022:19:53:14 -0500] "GET /BLA/boletinlegal/niceforms.js HTTP/1.1" 200 22876
172.22.2.4 - - [18/Dec/2022:19:53:14 -0500] "GET /BLA/boletinlegal/js/lib.js HTTP/1.1" 200 6474
172.22.2.4 - - [18/Dec/2022:19:53:14 -0500] "GET /BLA/boletinlegal/js/popup.js HTTP/1.1" 200 1270
172.22.2.4 - - [18/Dec/2022:19:53:14 -0500] "GET /BLA/boletinlegal/js/jquery1.js HTTP/1.1" 200 29846
172.22.2.4 - - [18/Dec/2022:19:53:14 -0500] "GET /BLA/boletinlegal/images/green-yellow-blue-pink-th.png HTTP/1.1" 200 7394
172.22.2.4 - - [18/Dec/2022:19:53:14 -0500] "GET /BLA/boletinlegal/images/tel.png HTTP/1.1" 200 14477
172.22.2.4 - - [18/Dec/2022:19:53:14 -0500] "GET /BLA/boletinlegal/images/icono-email.png HTTP/1.1" 200 5544
172.22.2.4 - - [18/Dec/2022:19:53:14 -0500] "GET /BLA/boletinlegal/images/footer_bg.jpg HTTP/1.1" 200 586
172.22.2.4 - - [18/Dec/2022:19:53:15 -0500] "GET /BLA/boletinlegal/images/footer_bg_l.jpg HTTP/1.1" 200 776
172.22.2.4 - - [18/Dec/2022:19:53:15 -0500] "GET /BLA/boletinlegal/img/select-left.png HTTP/1.1" 200 263
172.22.2.4 - - [18/Dec/2022:19:53:15 -0500] "GET /BLA/boletinlegal/img/select-right.png HTTP/1.1" 200 44019
172.22.2.4 - - [18/Dec/2022:19:53:15 -0500] "GET /BLA/boletinlegal/img/button-left.png HTTP/1.1" 200 57071
172.22.2.4 - - [18/Dec/2022:19:53:15 -0500] "GET /BLA/boletinlegal/img/0.png HTTP/1.1" 200 110
172.22.2.4 - - [18/Dec/2022:19:53:15 -0500] "GET /BLA/boletinlegal/img/button-right.png HTTP/1.1" 200 57878
172.22.2.4 - - [18/Dec/2022:19:53:15 -0500] "GET /BLA/boletinlegal/img/button.png HTTP/1.1" 200 43241
172.22.2.4 - - [18/Dec/2022:19:53:15 -0500] "GET /BLA/boletinlegal/favicon.ico HTTP/1.1" 404 1326
186.29.122.88 - - [18/Dec/2022:19:53:17 -0500] "GET /BLA/resoluciones/dlf/styles.css HTTP/1.1" 200 3049
186.29.122.88 - - [18/Dec/2022:19:53:17 -0500] "GET /BLA/resoluciones/ HTTP/1.1" 200 13093
186.29.122.88 - - [18/Dec/2022:19:53:17 -0500] "GET /BLA/resoluciones/dlf/folder.png HTTP/1.1" 200 410
186.29.122.88 - - [18/Dec/2022:19:53:17 -0500] "GET /BLA/resoluciones/dlf/bg.gif HTTP/1.1" 200 54
186.29.122.88 - - [18/Dec/2022:19:53:17 -0500] "GET /favicon.ico HTTP/1.1" 200 7782
186.29.122.88 - - [18/Dec/2022:19:53:31 -0500] "GET /BLA/resoluciones/dlf/dirup.png HTTP/1.1" 200 644
186.29.122.88 - - [18/Dec/2022:19:53:31 -0500] "GET /BLA/resoluciones/dlf/pdf.gif HTTP/1.1" 200 272
186.29.122.88 - - [18/Dec/2022:19:53:31 -0500] "GET /BLA/resoluciones/dlf/unknown.png HTTP/1.1" 200 266
186.29.122.88 - - [18/Dec/2022:19:53:31 -0500] "GET /BLA/resoluciones/index.php?dir=RESOLUCIONES+2015%2F HTTP/1.1" 200 130562
172.22.2.4 - - [18/Dec/2022:19:52:18 -0500] "HEAD /BLA/boletinlegal/ HTTP/1.1" 200 -
172.22.2.4 - - [18/Dec/2022:19:53:11 -0500] "GET /BLA/boletinlegal/ HTTP/1.1" 200 24523
207.46.13.194 - - [18/Dec/2022:19:54:35 -0500] "GET /appsia/scripts/validarIngreso.js HTTP/1.1" 200 851
157.55.39.152 - - [18/Dec/2022:19:54:42 -0500] "GET /appsia/css/estilos.css HTTP/1.1" 200 4804
172.22.2.4 - - [18/Dec/2022:19:53:08 -0500] "GET /BLA/boletinlegal/ HTTP/1.1" 200 51643
185.119.81.104 - - [18/Dec/2022:19:55:30 -0500] "GET /portaldeninos/wp-login.php HTTP/1.1" 200 2592
185.119.81.104 - - [18/Dec/2022:19:55:31 -0500] "POST /portaldeninos/wp-login.php HTTP/1.1" 200 3605
201.245.192.253 - - [18/Dec/2022:19:55:33 -0500] "POST /kwsrmcab/Wsrmcab  HTTP/1.1" 200 213
216.245.221.92 - - [18/Dec/2022:19:56:39 -0500] "HEAD / HTTP/1.1" 200 -
191.108.45.221 - - [18/Dec/2022:19:57:21 -0500] "GET /appsia/controlador HTTP/1.1" 200 4799
191.108.45.221 - - [18/Dec/2022:19:57:21 -0500] "GET /appsia/css/estilos.css HTTP/1.1" 200 4804
191.108.45.221 - - [18/Dec/2022:19:57:21 -0500] "GET /appsia/scripts/validarIngreso.js HTTP/1.1" 200 851
191.108.45.221 - - [18/Dec/2022:19:57:21 -0500] "GET /appsia/images/logo_bogota_p.png HTTP/1.1" 200 14951
191.108.45.221 - - [18/Dec/2022:19:57:21 -0500] "GET /appsia/images/cabezoteHojaVida.png HTTP/1.1" 200 32493
191.108.45.221 - - [18/Dec/2022:19:57:22 -0500] "GET /favicon.ico HTTP/1.1" 200 7782
191.108.45.221 - - [18/Dec/2022:19:57:37 -0500] "POST /appsia/controlador HTTP/1.1" 200 5437
191.108.45.221 - - [18/Dec/2022:19:57:45 -0500] "POST /appsia/controlador HTTP/1.1" 200 7733
191.108.45.221 - - [18/Dec/2022:19:57:45 -0500] "GET /appsia/images/logo_escudo.png HTTP/1.1" 200 36965
157.55.39.172 - - [18/Dec/2022:19:58:42 -0500] "GET /bla/resoluciones/notificaciones/autos%202018/01309.pdf HTTP/1.1" 304 -
172.22.2.4 - - [18/Dec/2022:19:59:39 -0500] "POST /BLA/boletinlegal/phpinfo HTTP/1.1" 404 1018
172.22.2.4 - - [18/Dec/2022:19:58:08 -0500] "HEAD /BLA/boletinlegal/ HTTP/1.1" 200 -
201.245.192.253 - - [18/Dec/2022:20:00:32 -0500] "POST /kwsrmcab/Wsrmcab  HTTP/1.1" 200 213
172.22.2.4 - - [18/Dec/2022:19:58:58 -0500] "GET /BLA/boletinlegal/ HTTP/1.1" 200 56825
216.245.221.92 - - [18/Dec/2022:20:01:39 -0500] "HEAD / HTTP/1.1" 200 -
157.55.39.172 - - [18/Dec/2022:20:05:12 -0500] "GET /sia/ HTTP/1.1" 200 2661
191.156.56.9 - - [18/Dec/2022:20:05:13 -0500] "GET /sipse/faces/index.xhtml HTTP/1.1" 200 677
191.156.56.9 - - [18/Dec/2022:20:05:13 -0500] "GET /sipse/faces/javax.faces.resource/theme.css?ln=primefaces-sipse HTTP/1.1" 304 -
191.156.56.9 - - [18/Dec/2022:20:05:13 -0500] "GET /sipse/faces/faces/autenticacion.xhtml HTTP/1.1" 200 12183
191.156.56.9 - - [18/Dec/2022:20:05:14 -0500] "GET /sipse/css/custom_css_sg.css HTTP/1.1" 304 -
191.156.54.212 - - [18/Dec/2022:20:05:14 -0500] "GET /sipse/css/custom_css_sg_prime_login.css HTTP/1.1" 304 -
191.156.50.92 - - [18/Dec/2022:20:05:14 -0500] "GET /sipse/faces/javax.faces.resource/theme.css?ln=primefaces-sipse HTTP/1.1" 304 -
191.156.51.128 - - [18/Dec/2022:20:05:14 -0500] "GET /sipse/faces/javax.faces.resource/primefaces.css?ln=primefaces&v=4.0 HTTP/1.1" 304 -
191.156.54.212 - - [18/Dec/2022:20:05:14 -0500] "GET /sipse/faces/javax.faces.resource/layout/layout.css?ln=primefaces&v=4.0 HTTP/1.1" 304 -
191.156.61.168 - - [18/Dec/2022:20:05:14 -0500] "GET /sipse/js/disable_browser_buttons.js HTTP/1.1" 304 -
191.156.54.212 - - [18/Dec/2022:20:05:14 -0500] "GET /sipse/js/funciones.js HTTP/1.1" 304 -
191.156.56.9 - - [18/Dec/2022:20:05:14 -0500] "GET /sipse/faces/javax.faces.resource/jquery/jquery.js?ln=primefaces&v=4.0 HTTP/1.1" 304 -
191.156.54.212 - - [18/Dec/2022:20:05:14 -0500] "GET /sipse/faces/javax.faces.resource/layout/layout.js?ln=primefaces&v=4.0 HTTP/1.1" 304 -
191.156.50.92 - - [18/Dec/2022:20:05:14 -0500] "GET /sipse/faces/javax.faces.resource/jquery/jquery-plugins.js?ln=primefaces&v=4.0 HTTP/1.1" 304 -
191.156.51.128 - - [18/Dec/2022:20:05:14 -0500] "GET /sipse/faces/javax.faces.resource/primefaces.js?ln=primefaces&v=4.0 HTTP/1.1" 304 -
191.156.51.128 - - [18/Dec/2022:20:05:14 -0500] "GET /sipse/css/imagen/logoSDG.png HTTP/1.1" 304 -
191.156.50.92 - - [18/Dec/2022:20:05:14 -0500] "GET /sipse/css/imagen/loginimg.png HTTP/1.1" 304 -
191.156.54.212 - - [18/Dec/2022:20:05:14 -0500] "GET /sipse/faces/javax.faces.resource/images/ui-icons_898989_256x240.png?ln=primefaces-aristo HTTP/1.1" 304 -
191.156.50.92 - - [18/Dec/2022:20:05:17 -0500] "POST /sipse/faces/autenticacion.xhtml HTTP/1.1" 200 2228
191.156.50.92 - - [18/Dec/2022:20:05:17 -0500] "GET /sipse/faces/javax.faces.resource/messages/messages.png?ln=primefaces&v=4.0 HTTP/1.1" 304 -
191.156.50.92 - - [18/Dec/2022:20:05:18 -0500] "POST /sipse/faces/autenticacion.xhtml HTTP/1.1" 200 2228
191.156.50.92 - - [18/Dec/2022:20:05:19 -0500] "POST /sipse/faces/autenticacion.xhtml HTTP/1.1" 200 16310
191.156.51.128 - - [18/Dec/2022:20:05:19 -0500] "GET /sipse/faces/javax.faces.resource/theme.css?ln=primefaces-sipse HTTP/1.1" 304 -
191.156.50.92 - - [18/Dec/2022:20:05:19 -0500] "GET /sipse/css/custom_css_sg_prime.css HTTP/1.1" 304 -
191.156.56.9 - - [18/Dec/2022:20:05:19 -0500] "GET /sipse/faces/javax.faces.resource/layout/layout.css?ln=primefaces&v=4.0 HTTP/1.1" 304 -
191.156.54.212 - - [18/Dec/2022:20:05:19 -0500] "GET /sipse/faces/javax.faces.resource/primefaces.css?ln=primefaces&v=4.0 HTTP/1.1" 304 -
191.156.54.212 - - [18/Dec/2022:20:05:19 -0500] "GET /sipse/js/jquery.min.js HTTP/1.1" 304 -
191.156.54.212 - - [18/Dec/2022:20:05:19 -0500] "GET /sipse/faces/javax.faces.resource/jquery/jquery.js?ln=primefaces&v=4.0 HTTP/1.1" 304 -
191.156.54.212 - - [18/Dec/2022:20:05:19 -0500] "GET /sipse/faces/javax.faces.resource/jquery/jquery-plugins.js?ln=primefaces&v=4.0 HTTP/1.1" 304 -
191.156.54.212 - - [18/Dec/2022:20:05:20 -0500] "GET /sipse/faces/javax.faces.resource/primefaces.js?ln=primefaces&v=4.0 HTTP/1.1" 304 -
191.156.54.212 - - [18/Dec/2022:20:05:20 -0500] "GET /sipse/faces/javax.faces.resource/layout/layout.js?ln=primefaces&v=4.0 HTTP/1.1" 304 -
191.156.50.92 - - [18/Dec/2022:20:05:20 -0500] "GET /sipse/imagenes/logoAplicacion.jpg HTTP/1.1" 304 -
191.156.56.9 - - [18/Dec/2022:20:05:20 -0500] "GET /sipse/imagenes/cargando.gif HTTP/1.1" 304 -
191.156.54.212 - - [18/Dec/2022:20:05:20 -0500] "GET /sipse/css/imagen/contrasena.png HTTP/1.1" 404 383
191.156.54.212 - - [18/Dec/2022:20:05:22 -0500] "GET /sipse/faces/javax.faces.resource/images/ui-bg_flat_0_2d5972_40x100.png?ln=primefaces-aristo HTTP/1.1" 304 -
191.156.56.9 - - [18/Dec/2022:20:05:22 -0500] "POST /sipse/faces/bienvenido.xhtml HTTP/1.1" 200 2658
157.55.39.152 - - [18/Dec/2022:20:05:22 -0500] "GET /css/bordes.css HTTP/1.1" 404 1018
191.156.56.9 - - [18/Dec/2022:20:05:23 -0500] "POST /sipse/faces/bienvenido.xhtml HTTP/1.1" 200 65854
191.156.50.92 - - [18/Dec/2022:20:05:24 -0500] "GET /sipse/faces/javax.faces.resource/layout/layout.css?ln=primefaces&v=4.0 HTTP/1.1" 304 -
191.156.54.212 - - [18/Dec/2022:20:05:24 -0500] "GET /sipse/faces/javax.faces.resource/primefaces.css?ln=primefaces&v=4.0 HTTP/1.1" 304 -
191.156.56.9 - - [18/Dec/2022:20:05:24 -0500] "GET /sipse/faces/javax.faces.resource/theme.css?ln=primefaces-sipse HTTP/1.1" 304 -
191.156.50.92 - - [18/Dec/2022:20:05:24 -0500] "GET /sipse/faces/javax.faces.resource/jquery/jquery.js?ln=primefaces&v=4.0 HTTP/1.1" 304 -
191.156.50.92 - - [18/Dec/2022:20:05:24 -0500] "GET /sipse/faces/javax.faces.resource/jquery/jquery-plugins.js?ln=primefaces&v=4.0 HTTP/1.1" 304 -
191.156.50.92 - - [18/Dec/2022:20:05:25 -0500] "GET /sipse/faces/javax.faces.resource/primefaces.js?ln=primefaces&v=4.0 HTTP/1.1" 304 -
191.156.50.92 - - [18/Dec/2022:20:05:25 -0500] "GET /sipse/faces/javax.faces.resource/layout/layout.js?ln=primefaces&v=4.0 HTTP/1.1" 304 -
191.156.50.92 - - [18/Dec/2022:20:05:25 -0500] "POST /sipse/faces/presentacion/financiero/solicitudProceso/listarSolicitudProceso.xhtml HTTP/1.1" 200 1556
207.46.13.198 - - [18/Dec/2022:20:05:28 -0500] "GET /css/date_blue.css HTTP/1.1" 404 1018
207.46.13.198 - - [18/Dec/2022:20:05:28 -0500] "GET /css/textos.css HTTP/1.1" 404 1018
191.156.50.92 - - [18/Dec/2022:20:05:31 -0500] "POST /sipse/faces/presentacion/financiero/solicitudProceso/listarSolicitudProceso.xhtml HTTP/1.1" 200 14879
207.46.13.174 - - [18/Dec/2022:20:05:32 -0500] "GET /css/fondos.css HTTP/1.1" 404 1018
201.245.192.253 - - [18/Dec/2022:20:05:31 -0500] "POST /kwsrmcab/Wsrmcab  HTTP/1.1" 200 213
114.119.128.19 - - [18/Dec/2022:20:05:37 -0500] "GET /BLA/resoluciones/RESOLUCIONES%202019/1654.pdf HTTP/1.1" 200 283322
172.22.2.4 - - [18/Dec/2022:20:03:58 -0500] "HEAD /BLA/boletinlegal/ HTTP/1.1" 200 -
191.156.50.92 - - [18/Dec/2022:20:05:38 -0500] "POST /sipse/faces/presentacion/financiero/solicitudProceso/listarSolicitudProceso.xhtml HTTP/1.1" 200 42175
191.156.50.92 - - [18/Dec/2022:20:05:40 -0500] "POST /sipse/faces/presentacion/financiero/solicitudProceso/listarSolicitudProceso.xhtml HTTP/1.1" 200 29731
191.156.50.92 - - [18/Dec/2022:20:05:52 -0500] "POST /sipse/faces/presentacion/financiero/solicitudProceso/listarSolicitudProceso.xhtml HTTP/1.1" 200 42086
191.156.50.92 - - [18/Dec/2022:20:05:54 -0500] "POST /sipse/faces/presentacion/financiero/solicitudProceso/listarSolicitudProceso.xhtml HTTP/1.1" 200 32910
172.22.2.4 - - [18/Dec/2022:20:04:48 -0500] "GET /BLA/boletinlegal/ HTTP/1.1" 200 57824
157.55.39.172 - - [18/Dec/2022:20:06:33 -0500] "GET /BLA/resoluciones/RESOLUCIONES%202021/3731.pdf HTTP/1.1" 304 -
216.245.221.92 - - [18/Dec/2022:20:06:39 -0500] "HEAD / HTTP/1.1" 200 -
185.119.81.106 - - [18/Dec/2022:20:06:46 -0500] "GET /portaldeninos/wp-login.php HTTP/1.1" 200 2592
185.119.81.106 - - [18/Dec/2022:20:06:47 -0500] "POST /portaldeninos/wp-login.php HTTP/1.1" 200 3605
157.55.39.172 - - [18/Dec/2022:20:08:22 -0500] "GET /bla/resoluciones/notificaciones/autos%202020/1473.pdf HTTP/1.1" 304 -
191.156.56.9 - - [18/Dec/2022:20:10:04 -0500] "GET /sipse/faces/index.xhtml HTTP/1.1" 200 677
191.156.56.9 - - [18/Dec/2022:20:10:04 -0500] "GET /sipse/faces/javax.faces.resource/theme.css?ln=primefaces-sipse HTTP/1.1" 304 -
191.156.56.9 - - [18/Dec/2022:20:10:04 -0500] "GET /sipse/faces/faces/autenticacion.xhtml HTTP/1.1" 200 12183
191.156.63.193 - - [18/Dec/2022:20:10:04 -0500] "GET /sipse/faces/javax.faces.resource/theme.css?ln=primefaces-sipse HTTP/1.1" 304 -
191.156.63.193 - - [18/Dec/2022:20:10:04 -0500] "GET /sipse/faces/javax.faces.resource/primefaces.css?ln=primefaces&v=4.0 HTTP/1.1" 304 -
191.156.60.130 - - [18/Dec/2022:20:10:04 -0500] "GET /sipse/faces/javax.faces.resource/layout/layout.css?ln=primefaces&v=4.0 HTTP/1.1" 304 -
191.156.55.46 - - [18/Dec/2022:20:10:04 -0500] "GET /sipse/faces/javax.faces.resource/jquery/jquery-plugins.js?ln=primefaces&v=4.0 HTTP/1.1" 304 -
191.156.63.193 - - [18/Dec/2022:20:10:04 -0500] "GET /sipse/faces/javax.faces.resource/jquery/jquery.js?ln=primefaces&v=4.0 HTTP/1.1" 304 -
191.156.56.9 - - [18/Dec/2022:20:10:04 -0500] "GET /sipse/faces/javax.faces.resource/primefaces.js?ln=primefaces&v=4.0 HTTP/1.1" 304 -
191.156.63.193 - - [18/Dec/2022:20:10:04 -0500] "GET /sipse/faces/javax.faces.resource/layout/layout.js?ln=primefaces&v=4.0 HTTP/1.1" 304 -
191.156.63.193 - - [18/Dec/2022:20:10:04 -0500] "GET /sipse/faces/javax.faces.resource/images/ui-icons_898989_256x240.png?ln=primefaces-aristo HTTP/1.1" 304 -
191.156.63.193 - - [18/Dec/2022:20:10:08 -0500] "POST /sipse/faces/autenticacion.xhtml HTTP/1.1" 200 2228
191.156.63.193 - - [18/Dec/2022:20:10:09 -0500] "GET /sipse/faces/javax.faces.resource/messages/messages.png?ln=primefaces&v=4.0 HTTP/1.1" 304 -
191.156.63.193 - - [18/Dec/2022:20:10:09 -0500] "POST /sipse/faces/autenticacion.xhtml HTTP/1.1" 200 2228
191.156.63.193 - - [18/Dec/2022:20:10:11 -0500] "POST /sipse/faces/autenticacion.xhtml HTTP/1.1" 200 16310
191.156.63.193 - - [18/Dec/2022:20:10:11 -0500] "GET /sipse/faces/javax.faces.resource/theme.css?ln=primefaces-sipse HTTP/1.1" 304 -
191.156.56.9 - - [18/Dec/2022:20:10:11 -0500] "GET /sipse/faces/javax.faces.resource/primefaces.css?ln=primefaces&v=4.0 HTTP/1.1" 304 -
191.156.63.193 - - [18/Dec/2022:20:10:11 -0500] "GET /sipse/faces/javax.faces.resource/layout/layout.css?ln=primefaces&v=4.0 HTTP/1.1" 304 -
191.156.63.193 - - [18/Dec/2022:20:10:11 -0500] "GET /sipse/faces/javax.faces.resource/jquery/jquery.js?ln=primefaces&v=4.0 HTTP/1.1" 304 -
191.156.63.193 - - [18/Dec/2022:20:10:12 -0500] "GET /sipse/faces/javax.faces.resource/jquery/jquery-plugins.js?ln=primefaces&v=4.0 HTTP/1.1" 304 -
191.156.63.193 - - [18/Dec/2022:20:10:12 -0500] "GET /sipse/faces/javax.faces.resource/primefaces.js?ln=primefaces&v=4.0 HTTP/1.1" 304 -
191.156.63.193 - - [18/Dec/2022:20:10:12 -0500] "GET /sipse/faces/javax.faces.resource/layout/layout.js?ln=primefaces&v=4.0 HTTP/1.1" 304 -
191.156.63.193 - - [18/Dec/2022:20:10:12 -0500] "GET /sipse/css/imagen/contrasena.png HTTP/1.1" 404 383
191.156.63.193 - - [18/Dec/2022:20:10:14 -0500] "GET /sipse/faces/javax.faces.resource/images/ui-bg_flat_0_2d5972_40x100.png?ln=primefaces-aristo HTTP/1.1" 304 -
191.156.63.193 - - [18/Dec/2022:20:10:14 -0500] "POST /sipse/faces/bienvenido.xhtml HTTP/1.1" 200 2658
191.156.63.193 - - [18/Dec/2022:20:10:15 -0500] "POST /sipse/faces/bienvenido.xhtml HTTP/1.1" 200 65854
191.156.63.193 - - [18/Dec/2022:20:10:16 -0500] "GET /sipse/faces/javax.faces.resource/theme.css?ln=primefaces-sipse HTTP/1.1" 304 -
191.156.63.193 - - [18/Dec/2022:20:10:16 -0500] "GET /sipse/faces/javax.faces.resource/primefaces.css?ln=primefaces&v=4.0 HTTP/1.1" 304 -
191.156.56.9 - - [18/Dec/2022:20:10:16 -0500] "GET /sipse/faces/javax.faces.resource/layout/layout.css?ln=primefaces&v=4.0 HTTP/1.1" 304 -
191.156.55.46 - - [18/Dec/2022:20:10:16 -0500] "GET /sipse/faces/javax.faces.resource/jquery/jquery.js?ln=primefaces&v=4.0 HTTP/1.1" 304 -
191.156.55.46 - - [18/Dec/2022:20:10:16 -0500] "GET /sipse/faces/javax.faces.resource/jquery/jquery-plugins.js?ln=primefaces&v=4.0 HTTP/1.1" 304 -
191.156.55.46 - - [18/Dec/2022:20:10:16 -0500] "GET /sipse/faces/javax.faces.resource/primefaces.js?ln=primefaces&v=4.0 HTTP/1.1" 304 -
191.156.55.46 - - [18/Dec/2022:20:10:16 -0500] "GET /sipse/faces/javax.faces.resource/layout/layout.js?ln=primefaces&v=4.0 HTTP/1.1" 304 -
191.156.55.46 - - [18/Dec/2022:20:10:17 -0500] "POST /sipse/faces/presentacion/financiero/solicitudProceso/listarSolicitudProceso.xhtml HTTP/1.1" 200 1556
191.156.55.46 - - [18/Dec/2022:20:10:20 -0500] "POST /sipse/faces/presentacion/financiero/solicitudProceso/listarSolicitudProceso.xhtml HTTP/1.1" 200 42032
191.156.55.46 - - [18/Dec/2022:20:10:21 -0500] "POST /sipse/faces/presentacion/financiero/solicitudProceso/listarSolicitudProceso.xhtml HTTP/1.1" 200 42340
191.156.55.46 - - [18/Dec/2022:20:10:21 -0500] "POST /sipse/faces/presentacion/financiero/solicitudProceso/listarSolicitudProceso.xhtml HTTP/1.1" 200 14798
191.156.55.46 - - [18/Dec/2022:20:10:22 -0500] "POST /sipse/faces/presentacion/financiero/solicitudProceso/listarSolicitudProceso.xhtml HTTP/1.1" 200 14794
201.245.192.253 - - [18/Dec/2022:20:10:30 -0500] "POST /kwsrmcab/Wsrmcab  HTTP/1.1" 200 213
172.22.2.4 - - [18/Dec/2022:20:09:48 -0500] "HEAD /BLA/boletinlegal/ HTTP/1.1" 200 -
216.245.221.92 - - [18/Dec/2022:20:11:39 -0500] "HEAD / HTTP/1.1" 200 -
