186.102.36.207 - - [20/Dec/2022:08:34:52 -0500] "GET /kwssiamovil/sm/acme/s?s=U2FsdGVkX19+79LgJRgr6aN3JjgA5m5Np8ny/4vGSm08H+VHTathGfE8M7BSfHq5mx8jTLzdnREn1oJ2fSjvRse61KKkI1AVLf3NOp0So8BBPSWT/3rOnMpEDqikt92K6I+c2WdPhQhxyAFSwNjdWDFm5Q61nyjnn8CnThmd1pmZjgXUtwGfgovZQuMZZv/BeoyP8IbSR7ScAI7HVEyy3gVLMmdNDI1BCD6Y12eFN3ZegYUwPDVRdilGqDWFlpx5bZ/uu33Pk1kIXGMRqmcBo0LA8ToKjNPJ7NtNCIQmP3kdBnIr1QsL+7yh6tp7qbbfoZzv0S+3VAHS2pwKizJaVbzSs7cMxvo4Q9Fl3y1+4YL3Oo7u4z38OmjKOA3Gc6ho1caL0csxvCusF1Ih9ZqUsuJrqNfzREM984B9ZHqhhvTCb8uWeAqzLz9KwXB1zBg911wywwR1wHTK7VHJLZJ69JpxLb50ADUH7tiWoy0J/QqKXfNGOYShIA1vHIH4HV1UWkBY70exghlFVh6LbHOzW+uD3fGqxbbji69bpMTj1c5gbDHJGFdnX0DFuS3wZeKH7x4IoYm6TrM7c9iHKA87UdTTv3e32k7XygJzXJOcI2SE8+R42U46QYEV7bodn8pWDsZTsv1vtV/qubu7kHgU0OMgCFKAoLb4Jz8m3FndeZMEXZgGqsjjLxtFse7XhJp23zHjzGxO5Ret29XAAItqUL9Rj6XCHPl36R6AeU/BLVhnZYvE9l1Dyg6W8f5F8CCeloVbznyQjuFNIC3o43zGgLeeg8IIKhxI5LDmhsbZeeZnz4Yh3vCtBm5/QyuOTB2pFgynZfTSz/MxH3QTqIMUV5GlkXEPqJqNDxPO2trv0sCub4ChteSdy1a7Hk2AIgOwYqLIPDbzA+Vpbgrmn9IG0V9GTybs7ZDVD73tnDCpC3ICUPIUv9X2cEcTVvOHFRj0TcZdB9Do2Lud+QL2JjghmPTK+PACn448SdmSq2rO2Uq2z9LQHAp+yC+WgdMlHF6nKlcnRBg8nkt/auHahjUsLIyYeCICqvR01AdrfBIU3bGxvxwOAGIG0KRTjpS8gmKrORbnntW06wR3xMCFfo8VqJh1WxBPrH4wpgqq7pchojN6Pk6c5dXYTfxtU5x6lNRU0EAaY/N5NQ+JkA+IBTEzQvGyiWSHoLDp0Et7CjwNOcKUIyrQ1q3B+hyun5Xh3jLQN1kCLh8BC1nRcMBkIZB7ebFQfXV8Or4C7VVltBqNkSOWopf40z1UM/4LAl2urYU+vaSrm+jun74VI7Sc5Q9+TqsFkk2nvtVnjrSfmg58ZLVX0aHqE2z0LFEK7LVSwuvw7aN+s2dNQKBkbD23DNsFo+BbxYCcrwk3U0wxba8pRunePegJllJotQlyrRxvqytu4zXE1vXeIPBaahajZmJUtv3OmdParHjS2l623iWfhD8=&u=U2FsdGVkX18js5alR86nOT2ObqkLD+e0LZzqPumcVjxeM5Ji4ll7bj1ACDjxSHQy&y=U2FsdGVkX1/vrJFyuTSc6FgoZiZfOYl48jlQwb6qA8UztIoHBQFyHRWLYcQL6SE1 HTTP/1.1" 200 1945
186.102.36.207 - - [20/Dec/2022:08:34:52 -0500] "GET /kwssiamovil/sm/acme/s?s=U2FsdGVkX18tTrTiIhAFLzeGzs+v+b712x3dKti4tul4vtz3se4VPtC0a4ijAZTQIqOR6mX2M8jjHRyfMQc9ZospT91QiO0XtwMxdaekC6kkYr47DpwBO8kyOH38MBg7b1hsjCvB2MMliyEqppgtRi4IO84mhsRGZGf6NRVSKAUKiqR+57SalcM+BOBGVS7kgZr02JHJjFYDFGV357bxFFeUsqL+euTjLffL/162BxiJ5to1LbUYUt7W0o93WyRIr7HaR4u4wr9yuNLKkbV5cNBQ0rIdxkm0ysKRm08N0RtuHeQyfvMxPpTBxGdFvEDO31pkfHO/C7aEUzRQT2KCN0aLgil+BMlWDw0mD7orWrs=&u=U2FsdGVkX18js5alR86nOT2ObqkLD+e0LZzqPumcVjxeM5Ji4ll7bj1ACDjxSHQy&y=U2FsdGVkX1/vrJFyuTSc6FgoZiZfOYl48jlQwb6qA8UztIoHBQFyHRWLYcQL6SE1 HTTP/1.1" 200 327
186.102.36.207 - - [20/Dec/2022:08:34:52 -0500] "GET /kwssiamovil/sm/cjson/pre?f=9&x=U2FsdGVkX1//FOz1eKDNe0jnMg94L8yMAHvYC9wKFoufYIK6OpZFpjqjTXZC4zflG81ktNpF4RHNBYmBMmg9gQ== HTTP/1.1" 200 25142
186.102.36.207 - - [20/Dec/2022:08:34:52 -0500] "GET /kwssiamovil/sm/cjson/pre?f=18&x=U2FsdGVkX1//FOz1eKDNe0jnMg94L8yMAHvYC9wKFoufYIK6OpZFpjqjTXZC4zflG81ktNpF4RHNBYmBMmg9gQ== HTTP/1.1" 200 32849
114.119.135.224 - - [20/Dec/2022:08:35:20 -0500] "GET /siipev/Diseno%20de%20Elementos%20de%20Mobiliario%20Urbano/Diseno%20pertenecientes%20al%20mobiliario%20urbano%20M10-M160/PARTE%20A/Dise%C3%B1o%20de%20Elementos%20M-120.pdf HTTP/1.1" 200 846128
85.209.135.21 - - [20/Dec/2022:08:35:26 -0500] "GET / HTTP/1.1" 200 319
186.102.36.207 - - [20/Dec/2022:08:35:31 -0500] "GET /kwssiamovil/sm/acme/s?s=U2FsdGVkX18QasLbYRJeu+V/vxJ5EvcKpefzNguKTDe8yEf6Pc9n0/JyCk+rIVg4YRfqpiewUYR7aOJs5hWlgBZeGykX3H/DSkgpXK4d4ikBXUlr0mvHf52Ka6gKkXiVpMwVtzdUnsIW6+DD+vMhCJ8uw1SovK37J77wFHB9KEpW63mY7jMluGWtVNt9DMbHHk0dUWFDrFh/WJJzmlPQMj4rX+vrcTXjGzG6XAFpYD59I2+uqiYYqcTBRjheyVuF0w8gXUNXmIxBL69iWLf0ZCN+t9s+AkNMU0YF0/1XpDiS/BwjGhJG/v5Ea6uORELFWHC7iue2MtD9Ydrb2zsTmsJkjVrrNfHLjLYmXC0N2/GciN3tYTRkAAfjFJPXpIOR&u=U2FsdGVkX18js5alR86nOT2ObqkLD+e0LZzqPumcVjxeM5Ji4ll7bj1ACDjxSHQy&y=U2FsdGVkX1/vrJFyuTSc6FgoZiZfOYl48jlQwb6qA8UztIoHBQFyHRWLYcQL6SE1 HTTP/1.1" 200 91
186.102.36.207 - - [20/Dec/2022:08:35:31 -0500] "GET /kwssiamovil/sm/acme/s?s=U2FsdGVkX1/2IsoB76HjGklLs88wifRVA3k7XIBvSBy0Z4QSC1UjesCADSaUn+Osn15sciLuQ1JN/mFZTsQyaEfdsZnv2nlgyKKwD7XHtN0L8ewBFaP9diMQMeUwoh7vuf+0ntez/RRN4gkBt+f6Yb45wIxkVdPpSe4V2n7uijj+TdeI4N6L1Wv/hj6Jso6lO4Msk6zMbM35I0ILr8sdLqgCU97NUag4sreqBCvsok73oHE09BVJRLALf6f3kkzptatiOzIx725pT10MIm+r9J+JEeuY7Fe5hxCP0thY6TPCQNLAQlFBJ6GgqZohCIXbF7CcGIoAXpYNAlGFTOleNZsxdqz0hvyXAaglxkCAlmXibm4uEHf50Mu0vRUX+Lq7H+i8xehxHTy8BA50leqmAOcdlooSTvnlQ+OFdW1AiECS/B1gMg/Ea7V739QjTDAYbCgAD+NCXnlSpfBOWGqlYA==&u=U2FsdGVkX18js5alR86nOT2ObqkLD+e0LZzqPumcVjxeM5Ji4ll7bj1ACDjxSHQy&y=U2FsdGVkX1/vrJFyuTSc6FgoZiZfOYl48jlQwb6qA8UztIoHBQFyHRWLYcQL6SE1 HTTP/1.1" 200 91
186.102.36.207 - - [20/Dec/2022:08:35:32 -0500] "OPTIONS /kwssiamovil/sm/setfile/f? HTTP/1.1" 200 13
172.22.2.4 - - [20/Dec/2022:08:35:35 -0500] "GET /BLA/boletinlegal/Circulares/2017/Circular%20No.%20011%20del%2005%20de%20julio%20de%202017.pdf HTTP/1.1" 304 -
192.5.86.235 - - [20/Dec/2022:08:35:35 -0500] "GET /galeria/galeria/jquery.fancybox.js?v=2.1.5 HTTP/1.1" 200 48706
192.5.86.235 - - [20/Dec/2022:08:35:35 -0500] "GET /BLA/boletinlegal/js/jquery.scrollShow.js HTTP/1.1" 200 4586
186.102.36.207 - - [20/Dec/2022:08:35:32 -0500] "POST /kwssiamovil/sm/setfile/f? HTTP/1.1" 204 -
216.245.221.92 - - [20/Dec/2022:08:35:57 -0500] "HEAD / HTTP/1.1" 200 -
190.27.94.119 - - [20/Dec/2022:08:36:27 -0500] "GET /BLA/resoluciones/RESOLUCIONES%202011/6971.pdf HTTP/1.1" 200 637749
190.27.94.119 - - [20/Dec/2022:08:36:27 -0500] "GET /favicon.ico HTTP/1.1" 200 7782
34.86.177.154 - - [20/Dec/2022:08:37:01 -0500] "-" 408 -
114.119.151.1 - - [20/Dec/2022:08:37:10 -0500] "GET /BLA/resoluciones/RESOLUCIONES%202018/1370.pdf HTTP/1.1" 200 551122
201.245.192.253 - - [20/Dec/2022:08:37:44 -0500] "POST /kwsrmcab/Wsrmcab  HTTP/1.1" 200 213
172.22.2.4 - - [20/Dec/2022:08:36:30 -0500] "HEAD /BLA/boletinlegal/ HTTP/1.1" 200 -
186.84.90.159 - - [20/Dec/2022:08:38:20 -0500] "GET /appsia/controlador HTTP/1.1" 200 4799
186.84.90.159 - - [20/Dec/2022:08:38:20 -0500] "GET /appsia/scripts/validarIngreso.js HTTP/1.1" 200 851
186.84.90.159 - - [20/Dec/2022:08:38:20 -0500] "GET /appsia/css/estilos.css HTTP/1.1" 200 4804
186.84.90.159 - - [20/Dec/2022:08:38:20 -0500] "GET /appsia/images/logo_bogota_p.png HTTP/1.1" 200 14951
186.84.90.159 - - [20/Dec/2022:08:38:20 -0500] "GET /appsia/images/cabezoteHojaVida.png HTTP/1.1" 200 32493
186.84.90.159 - - [20/Dec/2022:08:38:20 -0500] "GET /favicon.ico HTTP/1.1" 200 7782
172.22.2.1 - - [20/Dec/2022:08:38:20 -0500] "GET /reportes_sipse/sdg/ServletViabilidad?reporte=memo_viabilidad&solicitud=19922 HTTP/1.1" 200 1538
186.84.90.159 - - [20/Dec/2022:08:38:29 -0500] "POST /appsia/controlador HTTP/1.1" 200 5437
95.108.213.46 - - [20/Dec/2022:08:38:31 -0500] "-" 408 -
172.22.2.1 - - [20/Dec/2022:08:38:31 -0500] "GET /reportes_sipse/sdg/ServletViabilidad?reporte=memo_viabilidad&solicitud=19485 HTTP/1.1" 200 1538
186.84.90.159 - - [20/Dec/2022:08:38:33 -0500] "POST /appsia/controlador HTTP/1.1" 200 7726
186.84.90.159 - - [20/Dec/2022:08:38:33 -0500] "GET /appsia/images/logo_escudo.png HTTP/1.1" 200 36965
114.119.149.71 - - [20/Dec/2022:08:38:34 -0500] "GET /BLA/resoluciones/RESOLUCIONES%202018/0881.pdf HTTP/1.1" 200 300326
172.22.2.1 - - [20/Dec/2022:08:38:42 -0500] "GET /reportes_sipse/sdg/ServletViabilidad?reporte=memo_viabilidad&solicitud=19911 HTTP/1.1" 200 1538
172.22.2.1 - - [20/Dec/2022:08:38:52 -0500] "GET /reportes_sipse/sdg/ServletViabilidad?reporte=memo_viabilidad&solicitud=19889 HTTP/1.1" 200 1538
172.22.2.4 - - [20/Dec/2022:08:37:21 -0500] "GET /BLA/boletinlegal/ HTTP/1.1" 200 51643
172.22.2.1 - - [20/Dec/2022:08:39:02 -0500] "GET /reportes_sipse/sdg/ServletViabilidad?reporte=memo_viabilidad&solicitud=19974 HTTP/1.1" 200 1538
172.22.2.1 - - [20/Dec/2022:08:39:12 -0500] "GET /reportes_sipse/sdg/ServletViabilidad?reporte=memo_viabilidad&solicitud=19888 HTTP/1.1" 200 1538
172.22.2.1 - - [20/Dec/2022:08:39:23 -0500] "GET /reportes_sipse/sdg/ServletViabilidad?reporte=memo_viabilidad&solicitud=19856 HTTP/1.1" 200 1538
114.119.150.37 - - [20/Dec/2022:08:39:26 -0500] "GET /BLA/resoluciones/RESOLUCIONES%202015/0383.pdf HTTP/1.1" 200 1049923
172.22.2.1 - - [20/Dec/2022:08:39:32 -0500] "GET /reportes_sipse/sdg/ServletViabilidad?reporte=memo_viabilidad&solicitud=19972 HTTP/1.1" 200 1538
172.22.2.1 - - [20/Dec/2022:08:40:04 -0500] "GET /reportes_sipse/sdg/ServletViabilidad?reporte=memo_viabilidad&solicitud=19970 HTTP/1.1" 200 1538
66.249.64.13 - - [20/Dec/2022:08:40:08 -0500] "GET /favicon.ico HTTP/1.1" 200 7782
172.22.2.1 - - [20/Dec/2022:08:40:15 -0500] "GET /reportes_sipse/sdg/ServletViabilidad?reporte=memo_viabilidad&solicitud=19915 HTTP/1.1" 200 1538
161.18.216.234 - - [20/Dec/2022:08:40:20 -0500] "GET /sipse/faces/faces/index.xhtml HTTP/1.1" 200 677
161.18.216.234 - - [20/Dec/2022:08:40:21 -0500] "GET /sipse/faces/javax.faces.resource/theme.css?ln=primefaces-sipse HTTP/1.1" 304 -
161.18.216.234 - - [20/Dec/2022:08:40:22 -0500] "GET /sipse/faces/faces/faces/autenticacion.xhtml HTTP/1.1" 200 12182
161.18.216.234 - - [20/Dec/2022:08:40:22 -0500] "GET /sipse/js/disable_browser_buttons.js HTTP/1.1" 304 -
161.18.216.234 - - [20/Dec/2022:08:40:22 -0500] "GET /sipse/js/funciones.js HTTP/1.1" 304 -
161.18.216.234 - - [20/Dec/2022:08:40:22 -0500] "GET /sipse/css/custom_css_sg.css HTTP/1.1" 304 -
161.18.216.234 - - [20/Dec/2022:08:40:22 -0500] "GET /sipse/faces/javax.faces.resource/primefaces.css?ln=primefaces&v=4.0 HTTP/1.1" 304 -
161.18.216.234 - - [20/Dec/2022:08:40:22 -0500] "GET /sipse/faces/javax.faces.resource/theme.css?ln=primefaces-sipse HTTP/1.1" 304 -
161.18.216.234 - - [20/Dec/2022:08:40:22 -0500] "GET /sipse/css/custom_css_sg_prime_login.css HTTP/1.1" 304 -
161.18.216.234 - - [20/Dec/2022:08:40:22 -0500] "GET /sipse/faces/javax.faces.resource/layout/layout.css?ln=primefaces&v=4.0 HTTP/1.1" 304 -
161.18.216.234 - - [20/Dec/2022:08:40:22 -0500] "GET /sipse/faces/javax.faces.resource/primefaces.js?ln=primefaces&v=4.0 HTTP/1.1" 304 -
161.18.216.234 - - [20/Dec/2022:08:40:22 -0500] "GET /sipse/faces/javax.faces.resource/jquery/jquery.js?ln=primefaces&v=4.0 HTTP/1.1" 304 -
161.18.216.234 - - [20/Dec/2022:08:40:22 -0500] "GET /sipse/faces/javax.faces.resource/jquery/jquery-plugins.js?ln=primefaces&v=4.0 HTTP/1.1" 304 -
161.18.216.234 - - [20/Dec/2022:08:40:22 -0500] "GET /sipse/faces/javax.faces.resource/layout/layout.js?ln=primefaces&v=4.0 HTTP/1.1" 304 -
161.18.216.234 - - [20/Dec/2022:08:40:22 -0500] "GET /sipse/css/imagen/logoSDG.png HTTP/1.1" 304 -
161.18.216.234 - - [20/Dec/2022:08:40:22 -0500] "GET /sipse/css/imagen/loginimg.png HTTP/1.1" 304 -
161.18.216.234 - - [20/Dec/2022:08:40:22 -0500] "GET /sipse/faces/javax.faces.resource/images/ui-icons_898989_256x240.png?ln=primefaces-aristo HTTP/1.1" 304 -
172.22.2.1 - - [20/Dec/2022:08:40:24 -0500] "GET /reportes_sipse/sdg/ServletViabilidad?reporte=memo_viabilidad&solicitud=19873 HTTP/1.1" 200 1538
161.18.216.234 - - [20/Dec/2022:08:40:26 -0500] "POST /sipse/faces/autenticacion.xhtml HTTP/1.1" 200 2228
161.18.216.234 - - [20/Dec/2022:08:40:26 -0500] "GET /sipse/faces/javax.faces.resource/messages/messages.png?ln=primefaces&v=4.0 HTTP/1.1" 304 -
161.18.216.234 - - [20/Dec/2022:08:40:27 -0500] "POST /sipse/faces/autenticacion.xhtml HTTP/1.1" 200 16293
161.18.216.234 - - [20/Dec/2022:08:40:27 -0500] "GET /sipse/css/custom_css_sg_prime.css HTTP/1.1" 304 -
161.18.216.234 - - [20/Dec/2022:08:40:27 -0500] "GET /sipse/faces/javax.faces.resource/layout/layout.css?ln=primefaces&v=4.0 HTTP/1.1" 304 -
161.18.216.234 - - [20/Dec/2022:08:40:27 -0500] "GET /sipse/faces/javax.faces.resource/theme.css?ln=primefaces-sipse HTTP/1.1" 304 -
161.18.216.234 - - [20/Dec/2022:08:40:27 -0500] "GET /sipse/faces/javax.faces.resource/primefaces.css?ln=primefaces&v=4.0 HTTP/1.1" 304 -
161.18.216.234 - - [20/Dec/2022:08:40:27 -0500] "GET /sipse/js/jquery.min.js HTTP/1.1" 304 -
161.18.216.234 - - [20/Dec/2022:08:40:27 -0500] "GET /sipse/faces/javax.faces.resource/jquery/jquery.js?ln=primefaces&v=4.0 HTTP/1.1" 304 -
161.18.216.234 - - [20/Dec/2022:08:40:27 -0500] "GET /sipse/faces/javax.faces.resource/jquery/jquery-plugins.js?ln=primefaces&v=4.0 HTTP/1.1" 304 -
161.18.216.234 - - [20/Dec/2022:08:40:27 -0500] "GET /sipse/faces/javax.faces.resource/primefaces.js?ln=primefaces&v=4.0 HTTP/1.1" 304 -
161.18.216.234 - - [20/Dec/2022:08:40:28 -0500] "GET /sipse/faces/javax.faces.resource/layout/layout.js?ln=primefaces&v=4.0 HTTP/1.1" 304 -
161.18.216.234 - - [20/Dec/2022:08:40:28 -0500] "GET /sipse/css/imagen/contrasena.png HTTP/1.1" 404 383
161.18.216.234 - - [20/Dec/2022:08:40:28 -0500] "GET /sipse/imagenes/cargando.gif HTTP/1.1" 304 -
161.18.216.234 - - [20/Dec/2022:08:40:28 -0500] "GET /sipse/imagenes/logoAplicacion.jpg HTTP/1.1" 304 -
161.18.216.234 - - [20/Dec/2022:08:40:29 -0500] "GET /sipse/faces/javax.faces.resource/images/ui-bg_flat_0_2d5972_40x100.png?ln=primefaces-aristo HTTP/1.1" 304 -
161.18.216.234 - - [20/Dec/2022:08:40:29 -0500] "POST /sipse/faces/bienvenido.xhtml HTTP/1.1" 200 2658
161.18.216.234 - - [20/Dec/2022:08:40:30 -0500] "POST /sipse/faces/bienvenido.xhtml HTTP/1.1" 200 31064
161.18.216.234 - - [20/Dec/2022:08:40:31 -0500] "GET /sipse/faces/javax.faces.resource/theme.css?ln=primefaces-sipse HTTP/1.1" 304 -
161.18.216.234 - - [20/Dec/2022:08:40:31 -0500] "GET /sipse/faces/javax.faces.resource/layout/layout.css?ln=primefaces&v=4.0 HTTP/1.1" 304 -
161.18.216.234 - - [20/Dec/2022:08:40:31 -0500] "GET /sipse/faces/javax.faces.resource/primefaces.css?ln=primefaces&v=4.0 HTTP/1.1" 304 -
161.18.216.234 - - [20/Dec/2022:08:40:31 -0500] "GET /sipse/faces/javax.faces.resource/jquery/jquery.js?ln=primefaces&v=4.0 HTTP/1.1" 304 -
161.18.216.234 - - [20/Dec/2022:08:40:31 -0500] "GET /sipse/faces/javax.faces.resource/jquery/jquery-plugins.js?ln=primefaces&v=4.0 HTTP/1.1" 304 -
161.18.216.234 - - [20/Dec/2022:08:40:31 -0500] "GET /sipse/faces/javax.faces.resource/primefaces.js?ln=primefaces&v=4.0 HTTP/1.1" 304 -
161.18.216.234 - - [20/Dec/2022:08:40:31 -0500] "GET /sipse/faces/javax.faces.resource/layout/layout.js?ln=primefaces&v=4.0 HTTP/1.1" 304 -
172.22.2.1 - - [20/Dec/2022:08:40:33 -0500] "GET /reportes_sipse/sdg/ServletViabilidad?reporte=memo_viabilidad&solicitud=19870 HTTP/1.1" 200 1538
201.245.192.253 - - [20/Dec/2022:08:40:37 -0500] "POST /kwsrmcab/Wsrmcab HTTP/1.1" 200 41140
201.245.192.253 - - [20/Dec/2022:08:40:39 -0500] "POST /kwsrmcab/Wsrmcab HTTP/1.1" 200 40316
172.22.2.1 - - [20/Dec/2022:08:40:42 -0500] "GET /reportes_sipse/sdg/ServletViabilidad?reporte=memo_viabilidad&solicitud=19973 HTTP/1.1" 200 1538
172.22.2.1 - - [20/Dec/2022:08:40:52 -0500] "GET /reportes_sipse/sdg/ServletViabilidad?reporte=memo_viabilidad&solicitud=19927 HTTP/1.1" 200 1538
114.119.147.229 - - [20/Dec/2022:08:40:53 -0500] "GET /BLA/resoluciones/RESOLUCIONES%202011/2799.pdf HTTP/1.1" 200 688833
216.245.221.92 - - [20/Dec/2022:08:40:57 -0500] "HEAD / HTTP/1.1" 200 -
172.22.2.1 - - [20/Dec/2022:08:41:42 -0500] "GET /reportes_sipse/sdg/ServletViabilidad?reporte=memo_viabilidad&solicitud=19885 HTTP/1.1" 200 1538
172.22.2.4 - - [20/Dec/2022:08:40:42 -0500] "GET /BLA/boletinlegal/index.php?s=/Index/\\think\\app/invokefunction&function=call_user_func_array&vars[0]=md5&vars[1][]=HelloThinkPHP21 HTTP/1.1" 200 36811
172.22.2.1 - - [20/Dec/2022:08:41:52 -0500] "GET /reportes_sipse/sdg/ServletViabilidad?reporte=memo_viabilidad&solicitud=19884 HTTP/1.1" 200 1538
191.95.49.172 - - [20/Dec/2022:08:41:55 -0500] "GET /dale-una-nueva-oportunidad-a-tu-ropa-usada-se-trasladan-dos-puntos-para-llevarla.html HTTP/1.1" 200 913
161.18.216.234 - - [20/Dec/2022:08:41:56 -0500] "POST /sipse/faces/presentacion/financiero/solicitudProceso/solicitudProcesoOtrosPagos.xhtml HTTP/1.1" 200 2629
161.18.216.234 - - [20/Dec/2022:08:41:59 -0500] "POST /sipse/faces/presentacion/financiero/solicitudProceso/solicitudProcesoOtrosPagos.xhtml HTTP/1.1" 200 40792
161.18.216.234 - - [20/Dec/2022:08:42:00 -0500] "GET /sipse/faces/javax.faces.resource/theme.css?ln=primefaces-sipse HTTP/1.1" 304 -
161.18.216.234 - - [20/Dec/2022:08:42:00 -0500] "GET /sipse/faces/javax.faces.resource/jquery/jquery.js?ln=primefaces&v=4.0 HTTP/1.1" 304 -
161.18.216.234 - - [20/Dec/2022:08:42:00 -0500] "GET /sipse/faces/javax.faces.resource/primefaces.css?ln=primefaces&v=4.0 HTTP/1.1" 304 -
161.18.216.234 - - [20/Dec/2022:08:42:00 -0500] "GET /sipse/faces/javax.faces.resource/layout/layout.css?ln=primefaces&v=4.0 HTTP/1.1" 304 -
161.18.216.234 - - [20/Dec/2022:08:42:00 -0500] "GET /sipse/faces/javax.faces.resource/jquery/jquery-plugins.js?ln=primefaces&v=4.0 HTTP/1.1" 304 -
161.18.216.234 - - [20/Dec/2022:08:42:00 -0500] "GET /sipse/faces/javax.faces.resource/primefaces.js?ln=primefaces&v=4.0 HTTP/1.1" 304 -
161.18.216.234 - - [20/Dec/2022:08:42:00 -0500] "GET /sipse/faces/javax.faces.resource/layout/layout.js?ln=primefaces&v=4.0 HTTP/1.1" 304 -
161.18.216.234 - - [20/Dec/2022:08:42:00 -0500] "POST /sipse/faces/presentacion/financiero/solicitudProceso/consultar.xhtml HTTP/1.1" 200 34153
172.22.2.1 - - [20/Dec/2022:08:42:01 -0500] "GET /reportes_sipse/sdg/ServletViabilidad?reporte=memo_viabilidad&solicitud=19875 HTTP/1.1" 200 1538
161.18.216.234 - - [20/Dec/2022:08:42:05 -0500] "POST /sipse/faces/presentacion/financiero/solicitudProceso/consultar.xhtml HTTP/1.1" 200 12705
172.22.2.1 - - [20/Dec/2022:08:42:09 -0500] "GET /reportes_sipse/sdg/ServletViabilidad?reporte=memo_viabilidad&solicitud=19887 HTTP/1.1" 200 1538
161.18.216.234 - - [20/Dec/2022:08:42:10 -0500] "POST /sipse/faces/presentacion/financiero/solicitudProceso/consultar.xhtml HTTP/1.1" 200 114338
161.18.216.234 - - [20/Dec/2022:08:42:11 -0500] "GET /sipse/faces/javax.faces.resource/primefaces.css?ln=primefaces&v=4.0 HTTP/1.1" 304 -
161.18.216.234 - - [20/Dec/2022:08:42:11 -0500] "GET /sipse/faces/javax.faces.resource/theme.css?ln=primefaces-sipse HTTP/1.1" 304 -
161.18.216.234 - - [20/Dec/2022:08:42:11 -0500] "GET /sipse/faces/javax.faces.resource/layout/layout.css?ln=primefaces&v=4.0 HTTP/1.1" 304 -
161.18.216.234 - - [20/Dec/2022:08:42:11 -0500] "GET /sipse/faces/javax.faces.resource/jquery/jquery.js?ln=primefaces&v=4.0 HTTP/1.1" 304 -
161.18.216.234 - - [20/Dec/2022:08:42:11 -0500] "GET /sipse/faces/javax.faces.resource/jquery/jquery-plugins.js?ln=primefaces&v=4.0 HTTP/1.1" 304 -
161.18.216.234 - - [20/Dec/2022:08:42:11 -0500] "GET /sipse/faces/javax.faces.resource/primefaces.js?ln=primefaces&v=4.0 HTTP/1.1" 304 -
161.18.216.234 - - [20/Dec/2022:08:42:11 -0500] "GET /sipse/faces/javax.faces.resource/layout/layout.js?ln=primefaces&v=4.0 HTTP/1.1" 304 -
161.18.216.234 - - [20/Dec/2022:08:42:11 -0500] "GET /sipse/faces/javax.faces.resource/dynamiccontent.properties?ln=primefaces&pfdrid=XjOR5%2F%2FfPAZAuY9TpWQeCiM0BhlXxYRBGKi%2FQcXXfeA%3D&pfdrid_c=false HTTP/1.1" 500 383
180.163.220.68 - - [20/Dec/2022:08:42:20 -0500] "GET / HTTP/1.1" 200 319
161.18.216.234 - - [20/Dec/2022:08:42:19 -0500] "POST /sipse/faces/presentacion/financiero/solicitudProceso/consultarSolicitudProceso.xhtml HTTP/1.1" 200 161670
172.22.2.1 - - [20/Dec/2022:08:42:22 -0500] "GET /reportes_sipse/sdg/ServletViabilidad?reporte=memo_viabilidad&solicitud=19890 HTTP/1.1" 200 1538
114.119.159.8 - - [20/Dec/2022:08:42:32 -0500] "GET /BLA/resoluciones/RESOLUCIONES%202010/7878.pdf HTTP/1.1" 200 340725
172.22.2.1 - - [20/Dec/2022:08:42:34 -0500] "GET /reportes_sipse/sdg/ServletViabilidad?reporte=memo_viabilidad&solicitud=19937 HTTP/1.1" 200 1538
185.222.58.59 - - [20/Dec/2022:08:42:36 -0500] "POST /BLA/boletinlegal/admin/index.php HTTP/1.1" 200 2324
172.22.2.1 - - [20/Dec/2022:08:42:43 -0500] "GET /reportes_sipse/sdg/ServletViabilidad?reporte=memo_viabilidad&solicitud=19954 HTTP/1.1" 200 1538
201.245.192.253 - - [20/Dec/2022:08:42:42 -0500] "POST /kwsrmcab/Wsrmcab  HTTP/1.1" 200 213
172.22.2.1 - - [20/Dec/2022:08:42:52 -0500] "GET /reportes_sipse/sdg/ServletViabilidad?reporte=memo_viabilidad&solicitud=19935 HTTP/1.1" 200 1538
45.9.110.186 - - [20/Dec/2022:08:43:02 -0500] "GET / HTTP/1.1" 200 319
45.9.110.186 - - [20/Dec/2022:08:43:02 -0500] "GET / HTTP/1.1" 200 319
172.22.2.1 - - [20/Dec/2022:08:43:02 -0500] "GET /reportes_sipse/sdg/ServletViabilidad?reporte=memo_viabilidad&solicitud=19971 HTTP/1.1" 200 1538
45.9.110.186 - - [20/Dec/2022:08:43:03 -0500] "GET /favicon.ico HTTP/1.1" 200 7782
172.22.2.1 - - [20/Dec/2022:08:43:11 -0500] "GET /reportes_sipse/sdg/ServletViabilidad?reporte=memo_viabilidad&solicitud=19886 HTTP/1.1" 200 1538
186.84.20.242 - - [20/Dec/2022:08:43:18 -0500] "GET /sipse/faces/faces/autenticacion.xhtml HTTP/1.1" 200 12504
186.84.20.242 - - [20/Dec/2022:08:43:18 -0500] "GET /sipse/js/disable_browser_buttons.js HTTP/1.1" 304 -
186.84.20.242 - - [20/Dec/2022:08:43:18 -0500] "GET /sipse/faces/javax.faces.resource/layout/layout.css;jsessionid=dzTJcuHCm+tryMnxLlqJztVm.undefined?ln=primefaces&v=4.0 HTTP/1.1" 200 542
186.84.20.242 - - [20/Dec/2022:08:43:18 -0500] "GET /sipse/js/funciones.js HTTP/1.1" 304 -
186.84.20.242 - - [20/Dec/2022:08:43:18 -0500] "GET /sipse/css/custom_css_sg.css HTTP/1.1" 304 -
186.84.20.242 - - [20/Dec/2022:08:43:18 -0500] "GET /sipse/css/custom_css_sg_prime_login.css HTTP/1.1" 304 -
186.84.20.242 - - [20/Dec/2022:08:43:18 -0500] "GET /sipse/faces/javax.faces.resource/theme.css?ln=primefaces-sipse HTTP/1.1" 304 -
186.84.20.242 - - [20/Dec/2022:08:43:18 -0500] "GET /sipse/faces/javax.faces.resource/layout/layout.js;jsessionid=dzTJcuHCm+tryMnxLlqJztVm.undefined?ln=primefaces&v=4.0 HTTP/1.1" 200 87560
186.84.20.242 - - [20/Dec/2022:08:43:18 -0500] "GET /sipse/faces/javax.faces.resource/primefaces.css;jsessionid=dzTJcuHCm+tryMnxLlqJztVm.undefined?ln=primefaces&v=4.0 HTTP/1.1" 200 53295
186.84.20.242 - - [20/Dec/2022:08:43:18 -0500] "GET /sipse/faces/javax.faces.resource/jquery/jquery.js;jsessionid=dzTJcuHCm+tryMnxLlqJztVm.undefined?ln=primefaces&v=4.0 HTTP/1.1" 200 105384
186.84.20.242 - - [20/Dec/2022:08:43:18 -0500] "GET /sipse/faces/javax.faces.resource/jquery/jquery-plugins.js;jsessionid=dzTJcuHCm+tryMnxLlqJztVm.undefined?ln=primefaces&v=4.0 HTTP/1.1" 200 220526
186.84.20.242 - - [20/Dec/2022:08:43:18 -0500] "GET /sipse/faces/javax.faces.resource/primefaces.js;jsessionid=dzTJcuHCm+tryMnxLlqJztVm.undefined?ln=primefaces&v=4.0 HTTP/1.1" 200 276924
186.84.20.242 - - [20/Dec/2022:08:43:18 -0500] "GET /sipse/faces/javax.faces.resource/images/ui-icons_898989_256x240.png?ln=primefaces-aristo HTTP/1.1" 200 5355
186.84.20.242 - - [20/Dec/2022:08:43:18 -0500] "GET /sipse/css/imagen/logoSDG.png HTTP/1.1" 200 53064
186.84.20.242 - - [20/Dec/2022:08:43:18 -0500] "GET /sipse/css/imagen/loginimg.png HTTP/1.1" 200 71635
186.84.20.242 - - [20/Dec/2022:08:43:18 -0500] "GET /sipse/faces/faces/index.xhtml HTTP/1.1" 200 677
186.84.20.242 - - [20/Dec/2022:08:43:18 -0500] "GET /sipse/faces/javax.faces.resource/theme.css?ln=primefaces-sipse HTTP/1.1" 304 -
186.84.20.242 - - [20/Dec/2022:08:43:18 -0500] "GET /sipse/faces/faces/faces/autenticacion.xhtml HTTP/1.1" 200 12182
186.84.20.242 - - [20/Dec/2022:08:43:19 -0500] "GET /sipse/faces/javax.faces.resource/theme.css?ln=primefaces-sipse HTTP/1.1" 304 -
186.84.20.242 - - [20/Dec/2022:08:43:19 -0500] "GET /sipse/faces/javax.faces.resource/layout/layout.css?ln=primefaces&v=4.0 HTTP/1.1" 304 -
186.84.20.242 - - [20/Dec/2022:08:43:19 -0500] "GET /sipse/faces/javax.faces.resource/jquery/jquery.js?ln=primefaces&v=4.0 HTTP/1.1" 304 -
186.84.20.242 - - [20/Dec/2022:08:43:19 -0500] "GET /sipse/faces/javax.faces.resource/primefaces.js?ln=primefaces&v=4.0 HTTP/1.1" 304 -
186.84.20.242 - - [20/Dec/2022:08:43:19 -0500] "GET /sipse/faces/javax.faces.resource/primefaces.css?ln=primefaces&v=4.0 HTTP/1.1" 304 -
186.84.20.242 - - [20/Dec/2022:08:43:19 -0500] "GET /sipse/faces/javax.faces.resource/jquery/jquery-plugins.js?ln=primefaces&v=4.0 HTTP/1.1" 304 -
186.84.20.242 - - [20/Dec/2022:08:43:19 -0500] "GET /sipse/faces/javax.faces.resource/layout/layout.js?ln=primefaces&v=4.0 HTTP/1.1" 304 -
186.84.20.242 - - [20/Dec/2022:08:43:19 -0500] "GET /sipse/faces/javax.faces.resource/images/ui-icons_898989_256x240.png?ln=primefaces-aristo HTTP/1.1" 304 -
186.84.20.242 - - [20/Dec/2022:08:43:22 -0500] "POST /sipse/faces/autenticacion.xhtml HTTP/1.1" 200 2225
186.84.20.242 - - [20/Dec/2022:08:43:22 -0500] "GET /sipse/faces/javax.faces.resource/messages/messages.png?ln=primefaces&v=4.0 HTTP/1.1" 200 27209
172.22.2.1 - - [20/Dec/2022:08:43:22 -0500] "GET /reportes_sipse/sdg/ServletViabilidad?reporte=memo_viabilidad&solicitud=19891 HTTP/1.1" 200 1538
186.84.20.242 - - [20/Dec/2022:08:43:24 -0500] "POST /sipse/faces/autenticacion.xhtml HTTP/1.1" 200 16299
186.84.20.242 - - [20/Dec/2022:08:43:24 -0500] "GET /sipse/css/custom_css_sg_prime.css HTTP/1.1" 200 5201
186.84.20.242 - - [20/Dec/2022:08:43:24 -0500] "GET /sipse/js/jquery.min.js HTTP/1.1" 304 -
186.84.20.242 - - [20/Dec/2022:08:43:24 -0500] "GET /sipse/faces/javax.faces.resource/jquery/jquery.js?ln=primefaces&v=4.0 HTTP/1.1" 304 -
186.84.20.242 - - [20/Dec/2022:08:43:24 -0500] "GET /sipse/faces/javax.faces.resource/jquery/jquery-plugins.js?ln=primefaces&v=4.0 HTTP/1.1" 304 -
186.84.20.242 - - [20/Dec/2022:08:43:24 -0500] "GET /sipse/faces/javax.faces.resource/primefaces.js?ln=primefaces&v=4.0 HTTP/1.1" 304 -
186.84.20.242 - - [20/Dec/2022:08:43:24 -0500] "GET /sipse/faces/javax.faces.resource/layout/layout.js?ln=primefaces&v=4.0 HTTP/1.1" 304 -
186.84.20.242 - - [20/Dec/2022:08:43:24 -0500] "GET /sipse/imagenes/logoAplicacion.jpg HTTP/1.1" 304 -
186.84.20.242 - - [20/Dec/2022:08:43:24 -0500] "GET /sipse/imagenes/cargando.gif HTTP/1.1" 304 -
186.84.20.242 - - [20/Dec/2022:08:43:24 -0500] "GET /sipse/css/imagen/contrasena.png HTTP/1.1" 404 383
186.84.20.242 - - [20/Dec/2022:08:43:26 -0500] "GET /sipse/faces/javax.faces.resource/images/ui-bg_flat_0_2d5972_40x100.png?ln=primefaces-aristo HTTP/1.1" 304 -
186.84.20.242 - - [20/Dec/2022:08:43:26 -0500] "POST /sipse/faces/bienvenido.xhtml HTTP/1.1" 200 2060
186.84.20.242 - - [20/Dec/2022:08:43:27 -0500] "POST /sipse/faces/bienvenido.xhtml HTTP/1.1" 200 62460
186.84.20.242 - - [20/Dec/2022:08:43:28 -0500] "GET /sipse/faces/javax.faces.resource/jquery/jquery.js?ln=primefaces&v=4.0 HTTP/1.1" 304 -
186.84.20.242 - - [20/Dec/2022:08:43:28 -0500] "GET /sipse/faces/javax.faces.resource/jquery/jquery-plugins.js?ln=primefaces&v=4.0 HTTP/1.1" 304 -
186.84.20.242 - - [20/Dec/2022:08:43:28 -0500] "GET /sipse/faces/javax.faces.resource/primefaces.js?ln=primefaces&v=4.0 HTTP/1.1" 304 -
186.84.20.242 - - [20/Dec/2022:08:43:28 -0500] "GET /sipse/faces/javax.faces.resource/layout/layout.js?ln=primefaces&v=4.0 HTTP/1.1" 304 -
186.84.20.242 - - [20/Dec/2022:08:43:28 -0500] "POST /sipse/faces/presentacion/financiero/solicitudProceso/listarSolicitudProceso.xhtml HTTP/1.1" 200 1556
172.22.2.1 - - [20/Dec/2022:08:43:30 -0500] "GET /reportes_sipse/sdg/ServletViabilidad?reporte=memo_viabilidad&solicitud=19984 HTTP/1.1" 200 1538
186.84.20.242 - - [20/Dec/2022:08:43:32 -0500] "POST /sipse/faces/presentacion/financiero/solicitudProceso/listarSolicitudProceso.xhtml HTTP/1.1" 200 20013
186.84.20.242 - - [20/Dec/2022:08:43:35 -0500] "POST /sipse/faces/presentacion/financiero/solicitudProceso/listarSolicitudProceso.xhtml HTTP/1.1" 200 31391
186.84.20.242 - - [20/Dec/2022:08:43:53 -0500] "POST /sipse/faces/presentacion/financiero/solicitudProceso/listarSolicitudProceso.xhtml HTTP/1.1" 200 107453
186.84.20.242 - - [20/Dec/2022:08:43:54 -0500] "GET /sipse/faces/javax.faces.resource/jquery/jquery.js?ln=primefaces&v=4.0 HTTP/1.1" 304 -
186.84.20.242 - - [20/Dec/2022:08:43:54 -0500] "GET /sipse/faces/javax.faces.resource/jquery/jquery-plugins.js?ln=primefaces&v=4.0 HTTP/1.1" 304 -
186.84.20.242 - - [20/Dec/2022:08:43:54 -0500] "GET /sipse/faces/javax.faces.resource/primefaces.js?ln=primefaces&v=4.0 HTTP/1.1" 304 -
186.84.20.242 - - [20/Dec/2022:08:43:54 -0500] "GET /sipse/faces/javax.faces.resource/layout/layout.js?ln=primefaces&v=4.0 HTTP/1.1" 304 -
186.84.20.242 - - [20/Dec/2022:08:43:54 -0500] "GET /sipse/faces/javax.faces.resource/dynamiccontent.properties?ln=primefaces&pfdrid=XjOR5%2F%2FfPAZAuY9TpWQeCiM0BhlXxYRBGKi%2FQcXXfeA%3D&pfdrid_c=false HTTP/1.1" 500 383
172.22.2.4 - - [20/Dec/2022:08:42:21 -0500] "HEAD /BLA/boletinlegal/ HTTP/1.1" 200 -
186.84.20.242 - - [20/Dec/2022:08:44:17 -0500] "POST /sipse/faces/presentacion/financiero/solicitudProceso/consultarSolicitudProceso.xhtml HTTP/1.1" 200 62961
186.84.20.242 - - [20/Dec/2022:08:44:20 -0500] "GET /sipse/faces/javax.faces.resource/jquery/jquery.js?ln=primefaces&v=4.0 HTTP/1.1" 304 -
186.84.20.242 - - [20/Dec/2022:08:44:20 -0500] "GET /sipse/faces/javax.faces.resource/jquery/jquery-plugins.js?ln=primefaces&v=4.0 HTTP/1.1" 304 -
186.84.20.242 - - [20/Dec/2022:08:44:20 -0500] "GET /sipse/faces/javax.faces.resource/primefaces.js?ln=primefaces&v=4.0 HTTP/1.1" 304 -
186.84.20.242 - - [20/Dec/2022:08:44:20 -0500] "GET /sipse/faces/javax.faces.resource/layout/layout.js?ln=primefaces&v=4.0 HTTP/1.1" 304 -
186.84.20.242 - - [20/Dec/2022:08:44:20 -0500] "POST /sipse/faces/presentacion/financiero/solicitudProceso/listarSolicitudProceso.xhtml HTTP/1.1" 200 1556
186.84.20.242 - - [20/Dec/2022:08:44:41 -0500] "POST /sipse/faces/presentacion/financiero/solicitudProceso/listarSolicitudProceso.xhtml HTTP/1.1" 200 16966
172.22.2.4 - - [20/Dec/2022:08:43:11 -0500] "GET /BLA/boletinlegal/ HTTP/1.1" 200 52942
114.119.133.247 - - [20/Dec/2022:08:45:23 -0500] "GET /BLA/resoluciones/RESOLUCIONES%202010/4728.pdf HTTP/1.1" 200 400332
190.2.212.27 - - [20/Dec/2022:08:45:44 -0500] "GET /kwssiamovil/sm/ldap/au?x=U2FsdGVkX190GPvncUwrQ/vMbIXCWS95Lp1+ei7zhESGRl59vCVa0MRrRTzlUhn2&y=U2FsdGVkX1/+PSPU6IEGLWSEh91WqdPj2VnOBJCZ/G8B1Qb6eX8cPrbfFXUSJ6Pw HTTP/1.1" 200 30
190.2.212.27 - - [20/Dec/2022:08:45:44 -0500] "GET /kwssiamovil/sm/acme/s?s=U2FsdGVkX18IexBkkd5sqijtelKK7Kru7yfJjbS9XyI+oZqrZ/MDsmMvMPi1DrBzbNQuWL4GffuP3MAPfSdWjExn6rNxL3qOVYLaMuC6YCQ=&u=U2FsdGVkX18uLrmIOtj4J+z+ING6ZJKNzqESYQyo7OWNTVPDio/Sqyu7oAIgYsAe&y=U2FsdGVkX1/+PSPU6IEGLWSEh91WqdPj2VnOBJCZ/G8B1Qb6eX8cPrbfFXUSJ6Pw HTTP/1.1" 200 97
190.2.212.27 - - [20/Dec/2022:08:45:44 -0500] "GET /kwssiamovil/sm/acme/s?s=U2FsdGVkX1+uvpH0CTtZoSa3vQ19wur5LpZRrNA4JhLjPejESYg7x/oURJ05SwJgNRiRweRM46vBg59hEpxlVkaWUDKjvmcr3T3DF35DfubcvxeSvfPd2rftjfoi8JzGa7F1hbaGOp8gAk4F93kRx14YA6cDQIY2KaD7ZVQQXuVABt1A3BB1j7Q16rQ/qVskANgmGMP3brvBb1Mu3C4VWaEFv2hjpwjlNSoJj8HJSXvzeNGeLBaNtWMK0qg0aND3WvY6vNPSpY3e/YuOKowx6li2dM2Jogc6ouv62gtsjDDxKaBUExe0YyehJbXDo+DfirWCwTY3+vEPDyzcTLCTR6+61Ed++cpAIdg4HLf1qKtrTGl2b0e58By6G7uvp+uLP76LfSaVJqJ0IxmjgOWJk54zHmae4g3a9bUZDK6EOIY7ko7QQgarVzvoM+YlmZOWUWM5n4eck7WwINYuUVn3XU+b8ido/8UcomJzbHNJN2i/+Dc9gcHgQMnfJ2lDr9RQ5bN5BeR6MvkA/2DR/hb4e7Ef9/9I1TCbF3HZuGkfKVwvRVW1upH5ZCCGf828Dkn1X4g2ORR+RdpNzanQLTDiTSpBEAAQ3MwlJKFHnCzZW4Z2CcZumffVycrGnICiq/C4aXZpZ4wYj7DI1U17MhJkwpWJ/c163Uwy6GdTDvlazXWZTp71nYCnzsH+jvYwSn0P0aGN/AzqZ3tmMhzbsytcDF1eeTGuzEi5OJN3FquWi8PtQDcZLMjM1utCojvzh+v8yl6yMBwPAlcvl8agB2awq7/aTvVxvgWyNzn5laOnVS+TVhdmlAMlGCCjSdBRxeLWDMTYwwHPJU/4ZasZmvBkG+K80FvuyvGzQ8TUWmW5G9JDws7AvJ3yDdGqLTK780yhDtJ2UMstvbQrDqXHjU0b43cnQ5VMICPerGjqgz97iXFkepBZ/rb2cdxViVWhSrf6k/G7yvBDdf0est+ifFUW/gOOH1VbRXPjxTO8gTzOmCLbuJ9HoulNr5vTcjZUmP+0Jp0DScYexGTvtW01eTGBz8Y3tsMTWmIFP+xaoljzKfYVa70E9qnJMfiDXhMseVN2tfhZ3sj3sbgHZPYUGlvAs3KIvs8ygAvSZKQkxUazeP998fwQvv41GNivEmfXYDALKAybMd3o0YohY+8C3l90am8tstwniH07Zj1x6rH1LKsvGJXYXRU1novkvStmYS/7JXg4CKSjoacxiKS1t9xEzkPndct9sOKFIN24yoQXvRTMHFuzlEKXpXczc1Id2UKv3CCdzKvIPHH+VhuIT0YFPlhSMXYQyivb/qawJRgJ9Gftg7QiVBd2XjY9PZADDOUNWJPsxWUhKz5zVaR207Cqkm/PdWRp5yoKDwmHSrLfLJ3ITurnTuwF2a6APEVdbw8xvveJoLRobsfP/vZgcIkLHg/drJlfioiECrxuSmR0FsY=&u=U2FsdGVkX18uLrmIOtj4J+z+ING6ZJKNzqESYQyo7OWNTVPDio/Sqyu7oAIgYsAe&y=U2FsdGVkX1/+PSPU6IEGLWSEh91WqdPj2VnOBJCZ/G8B1Qb6eX8cPrbfFXUSJ6Pw HTTP/1.1" 200 929
190.2.212.27 - - [20/Dec/2022:08:45:45 -0500] "GET /kwssiamovil/sm/acme/s?s=U2FsdGVkX18Y4P36SbbDu+ct15gg3LC3SnfckRhVo3hHA82nOqqjBh52HREpjzR7SmXM7YqR52XSVPkGacVDSAmqt2TUw389hWMoWEd6LVul16+J68D2mKFaqKL4ins/l9pa3Wa7P26ACTIbI1PE/aiTEeYoRe2MgJ1jVNEfuajtkjHp4LJ0wl7PVDpE+GrTg6k+tMio2jNxtZCIze9rAIdwK5ObvhLyMZLnpWipC63vWZkUVF7vWA5K5JvD5PQhIrtgS/Ff+fVosSK8KcMea+SjubU0TSK8hU6GLsCJBHTmkOwcCbJoa8CZ2FrHeyzkhm3ByaQIiexMqk+Z/cSmdNe0VLgniHyEya3CSN/7pW0=&u=U2FsdGVkX18uLrmIOtj4J+z+ING6ZJKNzqESYQyo7OWNTVPDio/Sqyu7oAIgYsAe&y=U2FsdGVkX1/+PSPU6IEGLWSEh91WqdPj2VnOBJCZ/G8B1Qb6eX8cPrbfFXUSJ6Pw HTTP/1.1" 200 196
190.2.212.27 - - [20/Dec/2022:08:45:45 -0500] "GET /kwssiamovil/sm/cjson/pre?f=1&x=U2FsdGVkX190GPvncUwrQ/vMbIXCWS95Lp1+ei7zhESGRl59vCVa0MRrRTzlUhn2 HTTP/1.1" 200 31032
181.53.13.142 - - [20/Dec/2022:08:45:52 -0500] "GET /kwssiamovil/sm/acme/a?s=U2FsdGVkX196E/AQN78at6T/VtZtTsuE1c80mYzNzRJleWHrFhD4SUi7BvZsLyO3KSTfsADAwTLJ3n4hbic97OikcU0iHp8PwPsGAMja9WQQ5TXK+y7aM+3dSikXsslYbCJfdZbyQnJ+ENSGP2je1ItGwl5fwMTkc+Eoi159qhnrDZ2eVKxPd4fnFauKXby4pJnBfsQFCs2PueB3wtF5hYSlVfcKp0L5uIaLKMz23lu9/rGvZzDJeN3MICe4KrOQlU9QHhD6kW5RloNLwgLuOIlwhHdiNTXTuBKw/h6jB/Q=&u=U2FsdGVkX18KEw5EQAN/eh7DmRqJY9XNdXwJRm5nos/9R4gsXEmlS6HwBySqmC9T&y=U2FsdGVkX1+wnP5GEegwgOgxvjLRm64ub2fAaqFvhhrNaWuz5k92o3/2e7SE15rp HTTP/1.1" 200 26
181.53.13.142 - - [20/Dec/2022:08:45:52 -0500] "GET /kwssiamovil/sm/acme/a?s=U2FsdGVkX19AxdQOfSzyelMDldat7zDrhvLm6r+TufKXKGidixz3nEkmBty5L/0sGpQ93AxtDEmuzETDBYOycSODubBT0HOYRYOP+wkkeg7yT6EIXI30ab1EZ5RZJaahTHrzxVV+knzLr8M9iHhuAWSTnmsMF1tqpUjhniamJXRh8rUCa7Wct1H4YOqv150ekoA31JXDm0ZV02DfH3pAB+rb4ogdU9Zvf2lergOfnJX8uO29MhZGxiEmsAkMxQ1u4Li7uw+qyT9N+c3VrW5us/StUgajjI1OPZWCPmrAJqPU30Nz9laipn65TUolb7GiOgaisAraMMwqDJTKBRfXKzPsou0WKT9/SiOQwoaziQYjuZ1xWmkyVuw3cEoHVKx73ByQCjdzEjeeX7wZR+qieevOdUhAB8vxfWq4EtvjYVEwlJa0Ekl2Skw2DwdUCrttJ3HZvE3sdRVljyxpQXK+x2yrcz1fGA4PkqMSxu9AIDkhOUn2nIMFbZCzy7VxdlwI2LWu9PDjw6nIM3/iYxTgcFug7ep7keIhicgd5aSRUorBOgiE4PfMVbLahyDOxZANgCkBwYkyFMIhuxQATONrfFg/qNAT4D4hAfR6LAPZgr0WyOFvmqw9AQluC026/lMEt3vjnPXKPOefv/tZlYH3vPxHnBS9NowVFb+V0OYMi/EY9TzJ1aOfuzMMvmUqQ9Ugr2kpiPpi5LwWB7Dn9oPvp/6TlasosAmQjfcR581nw68gcg4WKwhJx0+DkGkSeroNiTuiHQufOdRV8cldZTmEMh1eBzWrRIa31JSM4+y7CxwQ6DARVPquDKKm7ZGFCeKlDFbsogh3sa8MV9CmHe0A7NmNESWyWhwTMpPTx4tM/gNT5n2J+LfQPovtDwOAloMe2v1Y60DK2iAQRb5TTQqaCpQQv4JohG9XjS2anAxs6DQywmLk6xuGLaSSOjE2zrDDZ77CBMyN9dRJJvivbFZvtihsBz09fI//BX4Rnq7HuU2XA/3AqGfRhWzCnMcdXSdhj6LR+v2GhdIcYxYKxPUxM+JhMMUd0hiNob3TWJm+RLGQ+DdRtvDQZYb7sAoRY75L9LzHAKC7YYoSWk+sxEkViVuKLlpPGDEUsDpQC6/FKfqwoO+e/s56asfZrgKF7Dtvy+UjqyTBjLKRAugAlSiE/pr4eE95NGiRdnT3wlPdtRBDaC2TarLF+MbwWATZxi1eFmxPvvLE62SIZ98I4euvsUkZ1Sm551JTm0uFwXqpnxBsL6TJlJ/w1kIu/ZygBRWe4lv06Cm6Q3p+3+KpyXhjqkMpgFNH1RLprj50grlqp0P/bWE1r+2DFvNknWP2hn3Raco/LAvwScoPc7shcFW4if+6PF8UDX0v5Jb7ww87iJQwikbXJCxfkJF7OH8QEssTKEPOAqVPT/8p9K4pNkDLiR5o7wvqP89Gxo18zEzOX/q0nzPEbttE7hkujGPLACSb7XTsj9xSCuluFOmA3fwWaNVAkE3X7p0PSq9x5whh7dv6khkzFHOAtpVM1jCYvK5DscdEKGGdRMhvbQczFQ2C+DE5iZzbqg/lpoHzMQOrB+ah+/bUvrU7x93SMcviH2rQSn8bFV5OtGA+iSaPhl22Vd6ipSEzLqqLzLQkCWezdz7GcsYbcgorI44w5vhb0XEnZOUBvJvaZsPMD56aoGhxu822xwnWyCUTdAUdZy7HsEhM7K1guL7v5qxcQd43CjakR+u0TC+EMZ/D6g1eT7fDeMaJ4EVO9+X8yGfe2zp1IhmjfjG4POr4ogDLnRoNwTA2irQZu4vbgOLUo/Q82FtTM7CoM9t3lVI04CeCdbUrNnnGhox09ip9/pGF6ZPbvx7CBMs2PezSdol1pf8A8vEYbw==&u=U2FsdGVkX18KEw5EQAN/eh7DmRqJY9XNdXwJRm5nos/9R4gsXEmlS6HwBySqmC9T&y=U2FsdGVkX1+wnP5GEegwgOgxvjLRm64ub2fAaqFvhhrNaWuz5k92o3/2e7SE15rp HTTP/1.1" 200 26
181.53.13.142 - - [20/Dec/2022:08:45:53 -0500] "GET /kwssiamovil/sm/acme/a?s=U2FsdGVkX1/uYM1Hk0+266BsIeEN3QjNScajMLQYVo/RS24O+PBmI0NFqCQzHHfQudI73Zq7kVKEi2z31QlA/mmBvepX3vUxWE9gjpJStmFFl+fD53BZoL7dyJgtNgfY82zzA0iwA9JNpi61h7D7a97jMdz/NUSo3c7bhPzhIas=&u=U2FsdGVkX18KEw5EQAN/eh7DmRqJY9XNdXwJRm5nos/9R4gsXEmlS6HwBySqmC9T&y=U2FsdGVkX1+wnP5GEegwgOgxvjLRm64ub2fAaqFvhhrNaWuz5k92o3/2e7SE15rp HTTP/1.1" 200 26
181.53.13.142 - - [20/Dec/2022:08:45:53 -0500] "GET /kwssiamovil/sm/acme/a?s=U2FsdGVkX18gtyI63xlvGkUtPlbX2LOrdyGdgV4W5foo2Ybhw2tnA2/Sm5ZTOD71ev36Ttq3MwWmjFhExZKr3R1ota5mpaHKaiEGc/2T800jI2tjGLG5MzXqfdrF2tTqdcOIyLR8S2LcAus4OoQNzvcwmMOfH9K0upkYewbRsGo=&u=U2FsdGVkX18KEw5EQAN/eh7DmRqJY9XNdXwJRm5nos/9R4gsXEmlS6HwBySqmC9T&y=U2FsdGVkX1+wnP5GEegwgOgxvjLRm64ub2fAaqFvhhrNaWuz5k92o3/2e7SE15rp HTTP/1.1" 200 26
181.53.13.142 - - [20/Dec/2022:08:45:53 -0500] "GET /kwssiamovil/sm/acme/a?s=U2FsdGVkX1+dn0qPINWhPFygugaDJTDHFVXVsW/2Fxoi6eXNGusyYK/gUk5Ezbb9vzTK+b3tyV4hr5QP9za0TLdZuXqH4haRRSPxDk/bHpc750H0dXp52FYguJ7cZlFALn0UbF9UpIsNdbyyQ76YANqF2qPRvs/m4lWDpvKJKqQ=&u=U2FsdGVkX18KEw5EQAN/eh7DmRqJY9XNdXwJRm5nos/9R4gsXEmlS6HwBySqmC9T&y=U2FsdGVkX1+wnP5GEegwgOgxvjLRm64ub2fAaqFvhhrNaWuz5k92o3/2e7SE15rp HTTP/1.1" 200 26
181.53.13.142 - - [20/Dec/2022:08:45:53 -0500] "GET /kwssiamovil/sm/acme/a?s=U2FsdGVkX1/xK/uKZ8wZJi+wQMlJdlJgwy/SNVr0h80xM3Z46IjccrZ654r1C3u5vKA/cP7KVirdOrWagX3P4F84v1ieXAEcvVgxBMbzaL2+rcu0Ds097yVye4AvxgLYa3C7njqpaaRqJrxnwHVLpHt1VEzz0GK6iXW6UKZqiA2ia53eBSN5s3ihv6ERiKm76kjlauByfYaBjrhXxJ+2qg==&u=U2FsdGVkX18KEw5EQAN/eh7DmRqJY9XNdXwJRm5nos/9R4gsXEmlS6HwBySqmC9T&y=U2FsdGVkX1+wnP5GEegwgOgxvjLRm64ub2fAaqFvhhrNaWuz5k92o3/2e7SE15rp HTTP/1.1" 200 26
216.245.221.92 - - [20/Dec/2022:08:45:57 -0500] "HEAD / HTTP/1.1" 200 -
190.2.212.27 - - [20/Dec/2022:08:46:43 -0500] "GET /kwssiamovil/sm/ldap/au?x=U2FsdGVkX1/YsSW+mWcZY6UpKhLfnKlphKaHdxUSJ5mH3npl06jb/WNrMfZiC50T&y=U2FsdGVkX1+bHVUigEJ4TriQCw1C5ImZL1gJM+SLkat1yiMAUR6LDBrX7k99//KI HTTP/1.1" 200 30
190.2.212.27 - - [20/Dec/2022:08:46:43 -0500] "GET /kwssiamovil/sm/acme/s?s=U2FsdGVkX1857fURXThJnMDjjuAn+F509JR3k9gRGLUw8H7p76scmn050GX6JLDsLbPA42mQmpGjHwCH0Rta1dCjhVydDabgNwwSl1WIW1g=&u=U2FsdGVkX1+B8hqDbLtNalo7h1kmdzSo6ls+0sHgdsjhJKoYjbBye9rbOIc+xVK7&y=U2FsdGVkX1+bHVUigEJ4TriQCw1C5ImZL1gJM+SLkat1yiMAUR6LDBrX7k99//KI HTTP/1.1" 200 97
190.2.212.27 - - [20/Dec/2022:08:46:43 -0500] "GET /kwssiamovil/sm/acme/s?s=U2FsdGVkX187TZVWs/dlqQbDQg75D64OQA69r/ngc7GSdxpK7YmYJaWqUbf7tXDTUB8v7dG4Xk5GqWg65rC+xdcH296Ur58gZJ+GsmRwBjfofhwBEab+4u7YmRxKtIyQIBfsXoy7J80GRIp8QNGiKftxOiONrxyxobV9yWbp5AtO2UrxYQqh8LSmE7eidisuWstDYOO+6Hd75x1Demrm3falKDFpXrU7NzXYm/ZpKiLfH0oIy2O6kqQzr6HFfwov39MtrXKBl2er9yZpfDrXcnL/kobe6L0ogyY6p3uwmNlsbZSdClyCwMQyRe5B0Vtkqj+1Pva/VuUSICMC3CHiL0CEdpf3wT9nD+cO9GHtI95uv5IKTyeiIhWQbiS+3MVrfKJRT23IqriEP3VC1GJkkz5O3SlEoML8PkuczoPPTlEkzVoCsR/qnhHgtQANj2TBHoe2mGgmcfNfnHUYta4US0JiWaec1aF5B7wR1Yg9nGFGhvdnikKz9rDS+g1Os+4AlSaViQfzBXmg3Tn6y69aUhxM/Q7qgvAjsSKNyGXmsogf3/SJUe+LAI6APfrZpqdTwXoFue2KYxfO8DhFefQ73/zr1PYAmIF5gtE6Iqw8Ih8/g85VRvlP5H31JXVgp5ff2/0RLdWXBbpv+/bMSvvEhA69LYIAa5NA9ODq+GT/7xEGMQWzYMcwzVOz4L6WDDYQQQ5+YUaZkKKuFIicN7Q7Za3igt2iaVqTwJYF8WXFvHGAIWmZ8msT9+1vVloL6P+twvgAbUvTbN2D6va5cj4npzYpvf9FWiyelUy7R5rvdlT2pXP8lA3aX/GM3gwaBZv2ptgeBQhXBYy2HC9+IZATKHrwsx/XgLmCjCH8/Nb6tcSFNrc0WySJyxY2fuUjnU/wanWcHrjIDHvkJttHmm8HXon3uIG6yvZnet3a62Mghxdve7w6EHENBuIze45XHwOFW6mZBv4siPv/UV4ZgbBRfxeFwO7k6vW1mptL1Wa2TQGtfmVMGzRy8V47MQdBgnElbgjaAhdPILNgfeAdEOCveq72XggB/xgXV1fFYlviilPjXML0lAv4RoT7AWHNxfQ9R2zFY/djjfZHPHxJ5fid34vpKo0zl33Lrq5DrC/ZAMsLXs9Q3/TNx8EIT86ftw8QqsM8RgLy2fMIIoKggL2jMrgcYcOmHE30zeOFJlXRTbK9KR8Adr/+hf7f6AaSQyJNJzY9F1mhYjW01AlzV3cZz7BhwedxmMXyA+lDPiYH7qFc89VijA9CPOnGXoAjIv+vuFg7nvVgn5G+bHAeURDjcAsfxZ8vsO2SWerFVUXNcrypkSJcMex1F48O1U96h75Tu/zoMfol4Jrth6+J2uuUKZ0DL8p08czXun6UGi5QGQ3usY0TYJx4h/XF7puICSaRuczZapd9Udou7MdL0QpCBm48RKUMW3cNMr9Wt4Lij90=&u=U2FsdGVkX1+B8hqDbLtNalo7h1kmdzSo6ls+0sHgdsjhJKoYjbBye9rbOIc+xVK7&y=U2FsdGVkX1+bHVUigEJ4TriQCw1C5ImZL1gJM+SLkat1yiMAUR6LDBrX7k99//KI HTTP/1.1" 200 929
190.2.212.27 - - [20/Dec/2022:08:46:43 -0500] "GET /kwssiamovil/sm/acme/s?s=U2FsdGVkX19dkkktvt3bfeCLOTeDzkUof6GMLt6Wz+CK7uzbey3653OCN0fJuveI2N+zgnRzbyHkNHJxfy7SJlwkHX/WedTZ9DsuMPiNoSYWVw8wR/pTZY9A9Trc2OMtcDtjFwSDf8RYAt/Dkm1Z/JoLgtVkzjweDdpER/AMr7tCPHLFBb7ykEPZb3YndbyhR3xiGgUwg8KhabW9dfWOBTW/WUM+neOXRj7o8NFYELcd2CVaaph05e73FD5hcpoTTxL5XdOUuN72GeqflAo6lRMBRBlvtTyc+DC/0LUJ6Nzw6Cv7viYowiEBVN7xr8gdp44Bo8zCqjhGvIENCmbNWBC8z+9FuNuCsfkFW1EYc/4=&u=U2FsdGVkX1+B8hqDbLtNalo7h1kmdzSo6ls+0sHgdsjhJKoYjbBye9rbOIc+xVK7&y=U2FsdGVkX1+bHVUigEJ4TriQCw1C5ImZL1gJM+SLkat1yiMAUR6LDBrX7k99//KI HTTP/1.1" 200 196
190.2.212.27 - - [20/Dec/2022:08:46:43 -0500] "GET /kwssiamovil/sm/cjson/pre?f=1&x=U2FsdGVkX1/YsSW+mWcZY6UpKhLfnKlphKaHdxUSJ5mH3npl06jb/WNrMfZiC50T HTTP/1.1" 200 31032
114.119.132.237 - - [20/Dec/2022:08:46:44 -0500] "GET /BLA/resoluciones/RESOLUCIONES%202010/0582.pdf HTTP/1.1" 200 100848
172.22.2.4 - - [20/Dec/2022:08:46:45 -0500] "GET /BLA/boletinlegal/actos.php HTTP/1.1" 200 9566
172.22.2.4 - - [20/Dec/2022:08:46:45 -0500] "GET /BLA/boletinlegal/styles2.css HTTP/1.1" 200 1838
172.22.2.4 - - [20/Dec/2022:08:46:45 -0500] "GET /BLA/boletinlegal/niceforms.js HTTP/1.1" 200 22876
172.22.2.4 - - [20/Dec/2022:08:46:45 -0500] "GET /BLA/boletinlegal/js/ajax_actos.js HTTP/1.1" 200 1322
172.22.2.4 - - [20/Dec/2022:08:46:45 -0500] "GET /BLA/boletinlegal/js/lib.js HTTP/1.1" 200 6474
172.22.2.4 - - [20/Dec/2022:08:46:45 -0500] "GET /BLA/boletinlegal/niceforms-default.css HTTP/1.1" 200 6694
172.22.2.4 - - [20/Dec/2022:08:46:45 -0500] "GET /BLA/boletinlegal/style.css HTTP/1.1" 200 9406
172.22.2.4 - - [20/Dec/2022:08:46:45 -0500] "GET /BLA/boletinlegal/js/popup.js HTTP/1.1" 200 1270
172.22.2.4 - - [20/Dec/2022:08:46:45 -0500] "GET /BLA/boletinlegal/js/jquery1.js HTTP/1.1" 200 29846
172.22.2.4 - - [20/Dec/2022:08:46:45 -0500] "GET /BLA/boletinlegal/images/cabezote%20BLEGAL.jpg HTTP/1.1" 200 118164
172.22.2.4 - - [20/Dec/2022:08:46:45 -0500] "GET /BLA/boletinlegal/images/subscribe-icon-big.png HTTP/1.1" 200 47702
172.22.2.4 - - [20/Dec/2022:08:46:45 -0500] "GET /BLA/boletinlegal/images/historia.png HTTP/1.1" 200 52775
172.22.2.4 - - [20/Dec/2022:08:46:46 -0500] "GET /BLA/boletinlegal/images/body_bg.jpg HTTP/1.1" 200 1601
172.22.2.4 - - [20/Dec/2022:08:46:46 -0500] "GET /BLA/boletinlegal/images/menu_lft.gif HTTP/1.1" 200 1713
172.22.2.4 - - [20/Dec/2022:08:46:46 -0500] "GET /BLA/boletinlegal/images/footer_bg.jpg HTTP/1.1" 200 586
172.22.2.4 - - [20/Dec/2022:08:46:46 -0500] "GET /BLA/boletinlegal/images/bg_top.jpg HTTP/1.1" 200 522
172.22.2.4 - - [20/Dec/2022:08:46:46 -0500] "GET /BLA/boletinlegal/images/menu_rght.gif HTTP/1.1" 200 1627
172.22.2.4 - - [20/Dec/2022:08:46:46 -0500] "GET /BLA/boletinlegal/images/menu_bg.jpg HTTP/1.1" 200 620
172.22.2.4 - - [20/Dec/2022:08:46:46 -0500] "GET /BLA/boletinlegal/images/footer_bg_l.jpg HTTP/1.1" 200 776
172.22.2.4 - - [20/Dec/2022:08:46:46 -0500] "GET /BLA/boletinlegal/images/text.jpg HTTP/1.1" 200 568
172.22.2.4 - - [20/Dec/2022:08:46:46 -0500] "GET /BLA/boletinlegal/images/hover.jpg HTTP/1.1" 200 640
172.22.2.4 - - [20/Dec/2022:08:46:46 -0500] "GET /BLA/boletinlegal/images/green-yellow-blue-pink-th.png HTTP/1.1" 200 7394
172.22.2.4 - - [20/Dec/2022:08:46:46 -0500] "GET /BLA/boletinlegal/images/tel.png HTTP/1.1" 200 14477
172.22.2.4 - - [20/Dec/2022:08:46:46 -0500] "GET /BLA/boletinlegal/images/registro-usuarios.png HTTP/1.1" 200 8106
172.22.2.4 - - [20/Dec/2022:08:46:46 -0500] "GET /BLA/boletinlegal/images/icono-email.png HTTP/1.1" 200 5544
172.22.2.4 - - [20/Dec/2022:08:46:46 -0500] "GET /BLA/boletinlegal/img/0.png HTTP/1.1" 200 110
172.22.2.4 - - [20/Dec/2022:08:46:46 -0500] "GET /BLA/boletinlegal/img/select-right.png HTTP/1.1" 200 44019
172.22.2.4 - - [20/Dec/2022:08:46:46 -0500] "GET /BLA/boletinlegal/img/button.png HTTP/1.1" 200 43241
172.22.2.4 - - [20/Dec/2022:08:46:46 -0500] "GET /BLA/boletinlegal/img/select-left.png HTTP/1.1" 200 263
172.22.2.4 - - [20/Dec/2022:08:46:46 -0500] "GET /BLA/boletinlegal/img/button-left.png HTTP/1.1" 200 57071
172.22.2.4 - - [20/Dec/2022:08:46:46 -0500] "GET /BLA/boletinlegal/img/button-right.png HTTP/1.1" 200 57878
172.22.2.4 - - [20/Dec/2022:08:46:46 -0500] "GET /BLA/boletinlegal/favicon.ico HTTP/1.1" 404 1326
201.245.192.253 - - [20/Dec/2022:08:47:42 -0500] "POST /kwsrmcab/Wsrmcab  HTTP/1.1" 200 213
207.46.13.174 - - [20/Dec/2022:08:47:44 -0500] "GET /bla/resoluciones/notificaciones/autos%202018/0702.pdf HTTP/1.1" 304 -
114.119.155.205 - - [20/Dec/2022:08:47:54 -0500] "GET /BLA/resoluciones/RESOLUCIONES%202010/0320.pdf HTTP/1.1" 200 106848
87.250.224.27 - - [20/Dec/2022:08:48:31 -0500] "-" 408 -
114.119.149.203 - - [20/Dec/2022:08:49:44 -0500] "GET /BLA/resoluciones/RESOLUCIONES%202008/0286.pdf HTTP/1.1" 200 267921
172.22.2.4 - - [20/Dec/2022:08:48:10 -0500] "HEAD /BLA/boletinlegal/ HTTP/1.1" 200 -
172.22.2.4 - - [20/Dec/2022:08:49:01 -0500] "GET /BLA/boletinlegal/ HTTP/1.1" 200 52453
216.245.221.92 - - [20/Dec/2022:08:50:57 -0500] "HEAD / HTTP/1.1" 200 -
201.245.192.253 - - [20/Dec/2022:08:51:20 -0500] "GET /appsia/controlador HTTP/1.1" 200 4799
201.245.192.253 - - [20/Dec/2022:08:52:03 -0500] "POST /appsia/controlador HTTP/1.1" 200 3602
201.245.192.253 - - [20/Dec/2022:08:52:03 -0500] "GET /appsia/jscripts/validarSolicitud.js HTTP/1.1" 404 68
201.245.192.253 - - [20/Dec/2022:08:52:07 -0500] "POST /appsia/controlador HTTP/1.1" 200 4799
114.119.134.89 - - [20/Dec/2022:08:52:27 -0500] "GET /BLA/resoluciones/AUTOS%202013/0450.pdf HTTP/1.1" 200 704567
201.245.192.253 - - [20/Dec/2022:08:52:41 -0500] "POST /kwsrmcab/Wsrmcab  HTTP/1.1" 200 213
114.119.146.88 - - [20/Dec/2022:08:53:03 -0500] "GET /BLA/resoluciones/AUTOS%202017/1494.pdf HTTP/1.1" 200 392704
152.89.196.54 - - [20/Dec/2022:08:53:26 -0500] "\x03" 400 226
152.89.196.54 - - [20/Dec/2022:08:53:26 -0500] "\x03" 400 226
181.155.102.71 - - [20/Dec/2022:08:53:51 -0500] "GET /reportes_sipse/jsp/inicio.jsp HTTP/1.1" 200 2935
181.155.102.71 - - [20/Dec/2022:08:53:51 -0500] "GET /reportes_sipse/css/estilos.css HTTP/1.1" 304 -
181.155.102.71 - - [20/Dec/2022:08:53:51 -0500] "GET /reportes_sipse/imagenes/logoAplicacion.jpg HTTP/1.1" 304 -
181.155.102.71 - - [20/Dec/2022:08:53:51 -0500] "GET /reportes_sipse/imagenes/fondo.jpg HTTP/1.1" 304 -
114.119.150.210 - - [20/Dec/2022:08:53:54 -0500] "GET /BLA/resoluciones/AUTOS%202012/2194.pdf HTTP/1.1" 200 564045
181.155.102.71 - - [20/Dec/2022:08:53:54 -0500] "POST /reportes_sipse/sdg/ServletReporte?adquisiciones_sipse_detallado& HTTP/1.1" 200 6273
181.155.102.71 - - [20/Dec/2022:08:53:55 -0500] "GET /reportes_sipse/js/funciones.js HTTP/1.1" 304 -
181.155.102.71 - - [20/Dec/2022:08:53:55 -0500] "GET /reportes_sipse/js/date-picker.js HTTP/1.1" 304 -
181.155.102.71 - - [20/Dec/2022:08:53:55 -0500] "GET /reportes_sipse/imagenes/calendario.gif HTTP/1.1" 304 -
181.155.102.71 - - [20/Dec/2022:08:53:55 -0500] "GET /reportes_sipse/imagenes/pdf.gif HTTP/1.1" 304 -
181.155.102.71 - - [20/Dec/2022:08:53:55 -0500] "GET /reportes_sipse/imagenes/excel.gif HTTP/1.1" 304 -
181.155.102.71 - - [20/Dec/2022:08:53:58 -0500] "GET /reportes_sipse/imagenes/retrocedeMes.gif HTTP/1.1" 304 -
181.155.102.71 - - [20/Dec/2022:08:53:58 -0500] "GET /reportes_sipse/imagenes/retrocedeAgno.gif HTTP/1.1" 304 -
181.155.102.71 - - [20/Dec/2022:08:53:58 -0500] "GET /reportes_sipse/imagenes/avanzaMes.gif HTTP/1.1" 304 -
181.155.102.71 - - [20/Dec/2022:08:53:58 -0500] "GET /reportes_sipse/imagenes/avanzaAgno.gif HTTP/1.1" 304 -
201.245.192.253 - - [20/Dec/2022:08:54:47 -0500] "POST /appsia/controlador HTTP/1.1" 200 3602
201.245.192.253 - - [20/Dec/2022:08:54:47 -0500] "GET /appsia/jscripts/validarSolicitud.js HTTP/1.1" 404 68
201.245.192.253 - - [20/Dec/2022:08:54:48 -0500] "POST /appsia/controlador HTTP/1.1" 200 4799
201.245.192.253 - - [20/Dec/2022:08:54:56 -0500] "POST /appsia/controlador HTTP/1.1" 200 3602
201.245.192.253 - - [20/Dec/2022:08:54:56 -0500] "GET /appsia/jscripts/validarSolicitud.js HTTP/1.1" 404 68
201.245.192.253 - - [20/Dec/2022:08:54:58 -0500] "POST /appsia/controlador HTTP/1.1" 200 4799
201.245.192.253 - - [20/Dec/2022:08:55:17 -0500] "POST /appsia/controlador HTTP/1.1" 200 3602
201.245.192.253 - - [20/Dec/2022:08:55:17 -0500] "GET /appsia/jscripts/validarSolicitud.js HTTP/1.1" 404 68
114.119.130.202 - - [20/Dec/2022:08:55:18 -0500] "GET /BLA/resoluciones/AUTOS%202012/1925.pdf HTTP/1.1" 200 2217366
201.245.192.253 - - [20/Dec/2022:08:55:19 -0500] "POST /appsia/controlador HTTP/1.1" 200 4799
201.245.192.253 - - [20/Dec/2022:08:55:33 -0500] "GET /appsia/controlador HTTP/1.1" 200 4799
201.245.192.253 - - [20/Dec/2022:08:55:38 -0500] "POST /appsia/controlador HTTP/1.1" 200 5437
201.245.192.253 - - [20/Dec/2022:08:55:39 -0500] "POST /appsia/controlador HTTP/1.1" 200 7732
172.22.2.4 - - [20/Dec/2022:08:54:01 -0500] "HEAD /BLA/boletinlegal/ HTTP/1.1" 200 -
207.46.13.174 - - [20/Dec/2022:08:55:55 -0500] "GET /bla/resoluciones/notificaciones/autos%202018/2684.pdf HTTP/1.1" 304 -
216.245.221.92 - - [20/Dec/2022:08:55:57 -0500] "HEAD / HTTP/1.1" 200 -
114.119.140.172 - - [20/Dec/2022:08:56:08 -0500] "GET /BLA/resoluciones/AUTOS%202012/1851.pdf HTTP/1.1" 200 276905
207.46.13.122 - - [20/Dec/2022:08:56:30 -0500] "GET /portaldeninos/humedal-torca-y-guaymaral-2/ HTTP/1.1" 403 370
172.22.2.4 - - [20/Dec/2022:08:54:51 -0500] "GET /BLA/boletinlegal/ HTTP/1.1" 200 49550
181.155.102.71 - - [20/Dec/2022:08:54:04 -0500] "POST /reportes_sipse/sdg/ServletControlador HTTP/1.1" 200 1196820
201.245.192.253 - - [20/Dec/2022:08:57:40 -0500] "POST /kwsrmcab/Wsrmcab  HTTP/1.1" 200 213
173.252.127.20 - - [20/Dec/2022:08:58:10 -0500] "GET /images/cr\xc3\xb3nica-29-nov-1_optimized.jpeg HTTP/1.1" 404 1034
114.119.129.200 - - [20/Dec/2022:08:58:14 -0500] "GET /BLA/resoluciones/AUTOS%202012/1307.pdf HTTP/1.1" 200 221267
213.180.203.83 - - [20/Dec/2022:08:59:01 -0500] "-" 408 -
114.119.143.123 - - [20/Dec/2022:09:00:15 -0500] "GET /BLA/resoluciones/AUTOS%202012/1111.pdf HTTP/1.1" 200 343998
190.2.212.27 - - [20/Dec/2022:09:00:21 -0500] "GET /kwssiamovil/sm/acme/a?s=U2FsdGVkX1/wrX697r2twrlFMk+zGYnXv/+IUIzP2agQcV/crc/nVko5OmtLBYGuXd3L5crVmC/fCPBdxZOiPbkMQfDxObB9znAV6ic9OENG8D6TQTgMY5hP2dhkRe8+A3L5F4RXtU8Vmip5/4Gh9C1eJpKv21EKPT9hvmC0Ug1NwfY+WWfmehf8+2hwyRGSsLVC6QKrE2g058C8C9qeBSPFIXO0rgZXPN2dbhbD3qk5rQ4Vw8x+yxMl0L8Q2Dx1q+e+p2YlIxhP7j5KsNlLtw==&u=U2FsdGVkX1+B8hqDbLtNalo7h1kmdzSo6ls+0sHgdsjhJKoYjbBye9rbOIc+xVK7&y=U2FsdGVkX1+bHVUigEJ4TriQCw1C5ImZL1gJM+SLkat1yiMAUR6LDBrX7k99//KI HTTP/1.1" 200 26
