186.84.20.242 - - [21/Dec/2022:20:56:18 -0500] "GET /sipse/faces/javax.faces.resource/jquery/jquery.js?ln=primefaces&v=4.0 HTTP/1.1" 304 -
186.84.20.242 - - [21/Dec/2022:20:56:18 -0500] "GET /sipse/faces/javax.faces.resource/jquery/jquery-plugins.js?ln=primefaces&v=4.0 HTTP/1.1" 304 -
186.84.20.242 - - [21/Dec/2022:20:56:18 -0500] "GET /sipse/faces/javax.faces.resource/primefaces.js?ln=primefaces&v=4.0 HTTP/1.1" 304 -
186.84.20.242 - - [21/Dec/2022:20:56:18 -0500] "GET /sipse/faces/javax.faces.resource/layout/layout.js?ln=primefaces&v=4.0 HTTP/1.1" 304 -
186.84.20.242 - - [21/Dec/2022:20:56:18 -0500] "POST /sipse/faces/presentacion/financiero/solicitudProceso/listarSolicitudProceso.xhtml HTTP/1.1" 200 55832
186.84.20.242 - - [21/Dec/2022:20:56:19 -0500] "POST /sipse/faces/presentacion/financiero/solicitudProceso/listarSolicitudProceso.xhtml HTTP/1.1" 200 55832
186.84.20.242 - - [21/Dec/2022:20:56:19 -0500] "POST /sipse/faces/presentacion/financiero/solicitudProceso/listarSolicitudProceso.xhtml HTTP/1.1" 200 1556
186.84.20.242 - - [21/Dec/2022:20:56:19 -0500] "POST /sipse/faces/presentacion/financiero/solicitudProceso/listarSolicitudProceso.xhtml HTTP/1.1" 200 1552
186.84.20.242 - - [21/Dec/2022:20:56:20 -0500] "POST /sipse/faces/presentacion/financiero/solicitudProceso/listarSolicitudProceso.xhtml HTTP/1.1" 200 1560
186.84.20.242 - - [21/Dec/2022:20:56:23 -0500] "POST /sipse/faces/presentacion/financiero/solicitudProceso/listarSolicitudProceso.xhtml HTTP/1.1" 200 31689
186.84.20.242 - - [21/Dec/2022:20:56:27 -0500] "POST /sipse/faces/presentacion/financiero/solicitudProceso/listarSolicitudProceso.xhtml HTTP/1.1" 200 107457
186.84.20.242 - - [21/Dec/2022:20:56:28 -0500] "GET /sipse/faces/javax.faces.resource/jquery/jquery.js?ln=primefaces&v=4.0 HTTP/1.1" 304 -
186.84.20.242 - - [21/Dec/2022:20:56:28 -0500] "GET /sipse/faces/javax.faces.resource/jquery/jquery-plugins.js?ln=primefaces&v=4.0 HTTP/1.1" 304 -
186.84.20.242 - - [21/Dec/2022:20:56:28 -0500] "GET /sipse/faces/javax.faces.resource/primefaces.js?ln=primefaces&v=4.0 HTTP/1.1" 304 -
186.84.20.242 - - [21/Dec/2022:20:56:28 -0500] "GET /sipse/faces/javax.faces.resource/layout/layout.js?ln=primefaces&v=4.0 HTTP/1.1" 304 -
186.84.20.242 - - [21/Dec/2022:20:56:29 -0500] "GET /sipse/faces/javax.faces.resource/dynamiccontent.properties?ln=primefaces&pfdrid=XjOR5%2F%2FfPAZAuY9TpWQeCiM0BhlXxYRBGKi%2FQcXXfeA%3D&pfdrid_c=false HTTP/1.1" 500 383
207.46.13.194 - - [21/Dec/2022:20:57:19 -0500] "GET /BLA/resoluciones/AUTOS%202022/3158.pdf HTTP/1.1" 200 340829
216.245.221.92 - - [21/Dec/2022:20:58:38 -0500] "HEAD / HTTP/1.1" 200 -
186.84.89.220 - - [21/Dec/2022:20:59:11 -0500] "GET /appsia/controlador HTTP/1.1" 200 4799
114.119.135.92 - - [21/Dec/2022:20:59:12 -0500] "-" 408 -
186.84.89.220 - - [21/Dec/2022:20:59:27 -0500] "GET /appsia/images/logo_bogota_p.png HTTP/1.1" 200 14951
186.84.89.220 - - [21/Dec/2022:20:59:27 -0500] "GET /appsia/images/cabezoteHojaVida.png HTTP/1.1" 200 32493
201.245.192.253 - - [21/Dec/2022:20:59:41 -0500] "POST /kwsrmcab/Wsrmcab  HTTP/1.1" 200 44094
191.108.60.185 - - [21/Dec/2022:20:59:58 -0500] "GET /BLA/resoluciones/index.php?dir= HTTP/1.1" 200 13502
172.22.2.4 - - [21/Dec/2022:20:58:22 -0500] "HEAD /BLA/boletinlegal/ HTTP/1.1" 200 -
191.108.60.185 - - [21/Dec/2022:21:00:02 -0500] "GET /BLA/resoluciones/index.php?dir=AUTOS+2017%2F HTTP/1.1" 200 462770
79.110.72.253 - - [21/Dec/2022:21:00:15 -0500] "GET /BLA/resoluciones/RESOLUCIONES%202022/3654.pdf HTTP/1.1" 200 523959
172.22.2.4 - - [21/Dec/2022:20:59:13 -0500] "GET /BLA/boletinlegal/ HTTP/1.1" 200 57192
173.252.83.23 - - [21/Dec/2022:21:03:28 -0500] "GET /images/operativo-fuentes-fijas-14-octubre.jpg HTTP/1.1" 200 58397
216.245.221.92 - - [21/Dec/2022:21:03:38 -0500] "HEAD / HTTP/1.1" 200 -
207.46.13.194 - - [21/Dec/2022:21:04:01 -0500] "GET /BLA/resoluciones/AUTOS%202021/2625.pdf HTTP/1.1" 304 -
201.245.192.253 - - [21/Dec/2022:21:04:40 -0500] "POST /kwsrmcab/Wsrmcab  HTTP/1.1" 200 44094
172.22.2.4 - - [21/Dec/2022:21:05:30 -0500] "GET /BLA/boletinlegal/robots.txt HTTP/1.1" 404 1038
172.22.2.4 - - [21/Dec/2022:21:04:12 -0500] "HEAD /BLA/boletinlegal/ HTTP/1.1" 200 -
172.22.2.4 - - [21/Dec/2022:21:05:02 -0500] "GET /BLA/boletinlegal/ HTTP/1.1" 200 45717
114.119.129.179 - - [21/Dec/2022:21:06:46 -0500] "GET /BLA/resoluciones/RESOLUCIONES%202018/0733.pdf HTTP/1.1" 200 2250097
172.22.2.4 - - [21/Dec/2022:21:05:31 -0500] "GET /BLA/boletinlegal/index.php HTTP/1.1" 200 48801
114.119.131.206 - - [21/Dec/2022:21:08:15 -0500] "GET /BLA/resoluciones/AUTOS%202010/0861.pdf HTTP/1.1" 200 251077
216.245.221.92 - - [21/Dec/2022:21:08:38 -0500] "HEAD / HTTP/1.1" 200 -
186.84.20.121 - - [21/Dec/2022:21:09:08 -0500] "GET /galeria/galeria/jquery.fancybox.css?v=2.1.5 HTTP/1.1" 200 4895
186.84.20.121 - - [21/Dec/2022:21:09:08 -0500] "GET /BLA/boletinlegal/js/jquery.scrollShow.js HTTP/1.1" 200 4586
186.84.20.121 - - [21/Dec/2022:21:09:08 -0500] "GET /galeria/galeria/jquery.fancybox.js?v=2.1.5 HTTP/1.1" 200 48706
186.84.89.190 - - [21/Dec/2022:21:09:35 -0500] "GET /galeria/galeria/jquery.fancybox.css?v=2.1.5 HTTP/1.1" 200 4895
186.84.89.190 - - [21/Dec/2022:21:09:35 -0500] "GET /BLA/boletinlegal/js/jquery.scrollShow.js HTTP/1.1" 200 4586
186.84.89.190 - - [21/Dec/2022:21:09:35 -0500] "GET /galeria/galeria/jquery.fancybox.js?v=2.1.5 HTTP/1.1" 200 48706
186.84.89.190 - - [21/Dec/2022:21:09:35 -0500] "GET /galeria/carrusel/Carrusel/jquery.thumbnailScroller.css HTTP/1.1" 200 2066
186.84.89.190 - - [21/Dec/2022:21:09:36 -0500] "GET /galeria/carrusel/Carrusel/jquery-ui-1.8.13.custom.min.js HTTP/1.1" 200 10800
186.84.89.190 - - [21/Dec/2022:21:09:36 -0500] "GET /galeria/carrusel/Carrusel/jquery.thumbnailScroller.js HTTP/1.1" 200 8157
186.84.89.190 - - [21/Dec/2022:21:09:37 -0500] "GET /galeria/nivo-slider/demo/banner.html HTTP/1.1" 200 5446
186.84.89.190 - - [21/Dec/2022:21:09:39 -0500] "GET /galeria/nivo-slider/themes/default/default.css HTTP/1.1" 200 1569
186.84.89.190 - - [21/Dec/2022:21:09:39 -0500] "GET /galeria/nivo-slider/themes/pascal/pascal.css HTTP/1.1" 200 2258
186.84.89.190 - - [21/Dec/2022:21:09:39 -0500] "GET /galeria/nivo-slider/nivo-slider.css HTTP/1.1" 200 1507
186.84.89.190 - - [21/Dec/2022:21:09:39 -0500] "GET /galeria/nivo-slider/themes/orman/orman.css HTTP/1.1" 200 2152
186.84.89.190 - - [21/Dec/2022:21:09:39 -0500] "GET /galeria/nivo-slider/demo/style.css HTTP/1.1" 200 2222
186.84.89.190 - - [21/Dec/2022:21:09:39 -0500] "GET /galeria/nivo-slider/demo/images/bannertortuga_optimized.jpg HTTP/1.1" 200 39066
201.245.192.253 - - [21/Dec/2022:21:09:38 -0500] "POST /kwsrmcab/Wsrmcab  HTTP/1.1" 200 44094
186.84.89.190 - - [21/Dec/2022:21:09:40 -0500] "GET /galeria/nivo-slider/demo/scripts/jquery-1.7.1.min.js HTTP/1.1" 200 93868
186.84.89.190 - - [21/Dec/2022:21:09:40 -0500] "GET /galeria/nivo-slider/jquery.nivo.slider.pack.js HTTP/1.1" 200 11561
186.84.89.190 - - [21/Dec/2022:21:09:40 -0500] "GET /galeria/nivo-slider/demo/images/bannertrafico_optimized.jpg HTTP/1.1" 200 42578
186.84.89.190 - - [21/Dec/2022:21:09:40 -0500] "GET /galeria/nivo-slider/demo/images/Bannermujeresquereverdecen.jpg HTTP/1.1" 200 46558
186.84.89.190 - - [21/Dec/2022:21:09:40 -0500] "GET /galeria/nivo-slider/demo/images/Bannersedeelectronica.jpg HTTP/1.1" 200 40383
186.84.89.190 - - [21/Dec/2022:21:09:40 -0500] "GET /galeria/nivo-slider/demo/images/bannerrutaesperanza.jpg HTTP/1.1" 200 55560
186.84.89.190 - - [21/Dec/2022:21:09:40 -0500] "GET /galeria/nivo-slider/demo/images/banneraire2021.jpg HTTP/1.1" 200 265101
186.84.89.190 - - [21/Dec/2022:21:09:40 -0500] "GET /galeria/nivo-slider/demo/images/Bannerplasticosseptiembre.jpg HTTP/1.1" 200 45633
186.84.89.190 - - [21/Dec/2022:21:09:40 -0500] "GET /galeria/nivo-slider/demo/images/bannerresiduoshospitalariosagosto.jpg HTTP/1.1" 200 36499
186.84.89.190 - - [21/Dec/2022:21:09:40 -0500] "GET /galeria/nivo-slider/demo/images/banneraccionpopularcrr68.jpg HTTP/1.1" 200 51887
186.84.89.190 - - [21/Dec/2022:21:09:40 -0500] "GET /galeria/nivo-slider/demo/images/banneraccionpopular.jpeg HTTP/1.1" 200 41707
186.84.89.190 - - [21/Dec/2022:21:09:40 -0500] "GET /galeria/nivo-slider/demo/images/bannerclases2021.jpg HTTP/1.1" 200 68230
186.84.89.190 - - [21/Dec/2022:21:09:40 -0500] "GET /galeria/nivo-slider/demo/images/bannercapacitacionesbogota.jpg HTTP/1.1" 200 42416
186.84.89.190 - - [21/Dec/2022:21:09:40 -0500] "GET /galeria/nivo-slider/demo/images/Bannerenvases.jpg HTTP/1.1" 200 37316
186.84.89.190 - - [21/Dec/2022:21:09:40 -0500] "GET /galeria/nivo-slider/demo/images/Bannervirtualescanales.jpg HTTP/1.1" 200 174544
209.141.51.132 - - [21/Dec/2022:21:10:52 -0500] "GET / HTTP/1.1" 200 319
173.252.87.21 - - [21/Dec/2022:21:11:08 -0500] "GET /images/cr\xc3\xb3nica-29-nov-1_optimized.jpeg HTTP/1.1" 404 1034
95.217.144.238 - - [21/Dec/2022:21:11:19 -0500] "-" 408 -
95.217.144.238 - - [21/Dec/2022:21:11:19 -0500] "-" 408 -
95.217.144.238 - - [21/Dec/2022:21:11:19 -0500] "-" 408 -
95.217.144.155 - - [21/Dec/2022:21:11:21 -0500] "-" 408 -
95.217.144.155 - - [21/Dec/2022:21:11:21 -0500] "-" 408 -
95.217.144.238 - - [21/Dec/2022:21:11:25 -0500] "-" 408 -
95.217.144.245 - - [21/Dec/2022:21:11:30 -0500] "-" 408 -
95.217.144.238 - - [21/Dec/2022:21:11:33 -0500] "-" 408 -
95.217.144.245 - - [21/Dec/2022:21:11:39 -0500] "-" 408 -
172.22.2.4 - - [21/Dec/2022:21:10:02 -0500] "HEAD /BLA/boletinlegal/ HTTP/1.1" 200 -
95.217.144.245 - - [21/Dec/2022:21:11:42 -0500] "-" 408 -
95.217.144.237 - - [21/Dec/2022:21:11:45 -0500] "-" 408 -
95.217.144.245 - - [21/Dec/2022:21:11:49 -0500] "-" 408 -
95.217.144.238 - - [21/Dec/2022:21:11:53 -0500] "-" 408 -
95.217.144.240 - - [21/Dec/2022:21:11:53 -0500] "-" 408 -
95.217.144.155 - - [21/Dec/2022:21:11:57 -0500] "-" 408 -
95.217.144.245 - - [21/Dec/2022:21:12:04 -0500] "-" 408 -
95.217.144.245 - - [21/Dec/2022:21:12:04 -0500] "-" 408 -
95.217.144.237 - - [21/Dec/2022:21:12:06 -0500] "-" 408 -
95.217.144.237 - - [21/Dec/2022:21:12:06 -0500] "-" 408 -
95.217.144.237 - - [21/Dec/2022:21:12:07 -0500] "-" 408 -
95.217.144.240 - - [21/Dec/2022:21:12:19 -0500] "-" 408 -
95.217.144.240 - - [21/Dec/2022:21:12:19 -0500] "-" 408 -
95.217.144.240 - - [21/Dec/2022:21:12:24 -0500] "-" 408 -
95.217.144.240 - - [21/Dec/2022:21:12:24 -0500] "-" 408 -
172.22.2.4 - - [21/Dec/2022:21:10:52 -0500] "GET /BLA/boletinlegal/ HTTP/1.1" 200 57192
199.16.157.180 - - [21/Dec/2022:21:12:58 -0500] "GET /images/cr%C3%B3nica-29-nov-1_optimized.jpeg HTTP/1.1" 404 1034
216.245.221.92 - - [21/Dec/2022:21:13:38 -0500] "HEAD / HTTP/1.1" 200 -
201.245.192.253 - - [21/Dec/2022:21:14:37 -0500] "POST /kwsrmcab/Wsrmcab  HTTP/1.1" 200 44094
157.55.39.172 - - [21/Dec/2022:21:15:10 -0500] "GET /bla/resoluciones/resoluciones%202012/0836.pdf HTTP/1.1" 304 -
40.77.167.33 - - [21/Dec/2022:21:16:44 -0500] "GET /BLA/resoluciones/AUTOS%202022/6011.pdf HTTP/1.1" 200 382046
185.119.81.98 - - [21/Dec/2022:21:17:14 -0500] "GET /portaldeninos/wp-login.php HTTP/1.1" 200 2592
185.119.81.98 - - [21/Dec/2022:21:17:14 -0500] "POST /portaldeninos/wp-login.php HTTP/1.1" 200 3605
172.22.2.4 - - [21/Dec/2022:21:15:52 -0500] "HEAD /BLA/boletinlegal/ HTTP/1.1" 200 -
114.119.135.30 - - [21/Dec/2022:21:17:56 -0500] "GET /autoliquidacion/index.php?dir=TR%C3%83%C2%AF%C3%82%C2%BF%C3%82%C2%BDMITES%2BACEITES-RESIDUOS-ESTACIONES/REGISTRO%2BACEITE%2BVEGETAL%2BUSADO/&sort=date&order=desc HTTP/1.1" 200 7090
172.22.2.4 - - [21/Dec/2022:21:16:42 -0500] "GET /BLA/boletinlegal/ HTTP/1.1" 200 52942
216.245.221.92 - - [21/Dec/2022:21:18:38 -0500] "HEAD / HTTP/1.1" 200 -
172.22.2.4 - - [21/Dec/2022:21:19:20 -0500] "GET /BLA/boletinlegal/style.css HTTP/1.1" 200 9406
172.22.2.4 - - [21/Dec/2022:21:19:20 -0500] "GET /BLA/boletinlegal/styles2.css HTTP/1.1" 200 1838
172.22.2.4 - - [21/Dec/2022:21:19:20 -0500] "GET /BLA/boletinlegal/js/jquery.scrollTo-min.js HTTP/1.1" 200 1150
172.22.2.4 - - [21/Dec/2022:21:19:20 -0500] "GET /BLA/boletinlegal/js/jquery.js HTTP/1.1" 200 57254
172.22.2.4 - - [21/Dec/2022:21:19:20 -0500] "GET /BLA/boletinlegal/js/jquery.scrollShow.js HTTP/1.1" 200 4586
172.22.2.4 - - [21/Dec/2022:21:19:20 -0500] "GET /BLA/boletinlegal/images/subscribe-icon-big.png HTTP/1.1" 200 47702
172.22.2.4 - - [21/Dec/2022:21:19:20 -0500] "GET /BLA/boletinlegal/images/historia.png HTTP/1.1" 200 52775
172.22.2.4 - - [21/Dec/2022:21:19:20 -0500] "GET /BLA/boletinlegal/images/cabezote%20BLEGAL.jpg HTTP/1.1" 200 118164
172.22.2.4 - - [21/Dec/2022:21:19:20 -0500] "GET /BLA/boletinlegal/images/registro-usuarios.png HTTP/1.1" 200 8106
172.22.2.4 - - [21/Dec/2022:21:19:20 -0500] "GET /BLA/boletinlegal/images/arr_l.jpg HTTP/1.1" 200 1979
172.22.2.4 - - [21/Dec/2022:21:19:20 -0500] "GET /BLA/boletinlegal/images/screen_1.png HTTP/1.1" 200 202547
172.22.2.4 - - [21/Dec/2022:21:19:20 -0500] "GET /BLA/boletinlegal/images/launch.jpg HTTP/1.1" 200 14577
172.22.2.4 - - [21/Dec/2022:21:19:22 -0500] "GET /BLA/boletinlegal/images/menu_rght.gif HTTP/1.1" 200 1627
172.22.2.4 - - [21/Dec/2022:21:19:22 -0500] "GET /BLA/boletinlegal/images/body_bg.jpg HTTP/1.1" 200 1601
172.22.2.4 - - [21/Dec/2022:21:19:22 -0500] "GET /BLA/boletinlegal/images/menu_lft.gif HTTP/1.1" 200 1713
172.22.2.4 - - [21/Dec/2022:21:19:22 -0500] "GET /BLA/boletinlegal/images/bg_top.jpg HTTP/1.1" 200 522
172.22.2.4 - - [21/Dec/2022:21:19:22 -0500] "GET /BLA/boletinlegal/images/menu_bg.jpg HTTP/1.1" 200 620
172.22.2.4 - - [21/Dec/2022:21:19:22 -0500] "GET /BLA/boletinlegal/images/text.jpg HTTP/1.1" 200 568
172.22.2.4 - - [21/Dec/2022:21:19:22 -0500] "GET /BLA/boletinlegal/images/hover.jpg HTTP/1.1" 200 640
172.22.2.4 - - [21/Dec/2022:21:19:23 -0500] "GET /BLA/boletinlegal/actos.php HTTP/1.1" 200 9566
172.22.2.4 - - [21/Dec/2022:21:19:24 -0500] "GET /BLA/boletinlegal/js/ajax_actos.js HTTP/1.1" 200 1322
172.22.2.4 - - [21/Dec/2022:21:19:24 -0500] "GET /BLA/boletinlegal/js/lib.js HTTP/1.1" 200 6474
172.22.2.4 - - [21/Dec/2022:21:19:24 -0500] "GET /BLA/boletinlegal/niceforms.js HTTP/1.1" 200 22876
172.22.2.4 - - [21/Dec/2022:21:19:24 -0500] "GET /BLA/boletinlegal/niceforms-default.css HTTP/1.1" 200 6694
172.22.2.4 - - [21/Dec/2022:21:19:24 -0500] "GET /BLA/boletinlegal/js/popup.js HTTP/1.1" 200 1270
172.22.2.4 - - [21/Dec/2022:21:19:24 -0500] "GET /BLA/boletinlegal/js/jquery1.js HTTP/1.1" 200 29846
172.22.2.4 - - [21/Dec/2022:21:19:24 -0500] "GET /BLA/boletinlegal/images/green-yellow-blue-pink-th.png HTTP/1.1" 200 7394
172.22.2.4 - - [21/Dec/2022:21:19:24 -0500] "GET /BLA/boletinlegal/images/tel.png HTTP/1.1" 200 14477
172.22.2.4 - - [21/Dec/2022:21:19:24 -0500] "GET /BLA/boletinlegal/images/icono-email.png HTTP/1.1" 200 5544
172.22.2.4 - - [21/Dec/2022:21:19:24 -0500] "GET /BLA/boletinlegal/images/footer_bg.jpg HTTP/1.1" 200 586
172.22.2.4 - - [21/Dec/2022:21:19:24 -0500] "GET /BLA/boletinlegal/images/footer_bg_l.jpg HTTP/1.1" 200 776
172.22.2.4 - - [21/Dec/2022:21:19:24 -0500] "GET /BLA/boletinlegal/img/0.png HTTP/1.1" 200 110
172.22.2.4 - - [21/Dec/2022:21:19:24 -0500] "GET /BLA/boletinlegal/img/select-left.png HTTP/1.1" 200 263
172.22.2.4 - - [21/Dec/2022:21:19:24 -0500] "GET /BLA/boletinlegal/img/button-left.png HTTP/1.1" 200 57071
172.22.2.4 - - [21/Dec/2022:21:19:24 -0500] "GET /BLA/boletinlegal/img/button.png HTTP/1.1" 200 43241
172.22.2.4 - - [21/Dec/2022:21:19:24 -0500] "GET /BLA/boletinlegal/img/select-right.png HTTP/1.1" 200 44019
172.22.2.4 - - [21/Dec/2022:21:19:24 -0500] "GET /BLA/boletinlegal/img/button-right.png HTTP/1.1" 200 57878
172.22.2.4 - - [21/Dec/2022:21:19:24 -0500] "GET /BLA/boletinlegal/favicon.ico HTTP/1.1" 404 1326
172.22.2.4 - - [21/Dec/2022:21:19:27 -0500] "GET /BLA/boletinlegal/images/screen_2.png HTTP/1.1" 200 362502
172.22.2.4 - - [21/Dec/2022:21:19:27 -0500] "GET /BLA/boletinlegal/images/arr_r.jpg HTTP/1.1" 200 1998
172.22.2.4 - - [21/Dec/2022:21:19:27 -0500] "GET /BLA/boletinlegal/images/screen_3.png HTTP/1.1" 200 210620
172.22.2.4 - - [21/Dec/2022:21:19:27 -0500] "GET /BLA/boletinlegal/images/screen_5.png HTTP/1.1" 200 368876
172.22.2.4 - - [21/Dec/2022:21:19:35 -0500] "GET /BLA/boletinlegal/images/pdf.gif HTTP/1.1" 200 567
172.22.2.4 - - [21/Dec/2022:21:19:38 -0500] "GET /BLA/boletinlegal/consulta_actos.php?tipo=resoluciones&no=1600&usuario=&sector=&fecha=2020&resuelve= HTTP/1.1" 200 1149
201.245.192.253 - - [21/Dec/2022:21:19:36 -0500] "POST /kwsrmcab/Wsrmcab  HTTP/1.1" 200 44094
114.119.136.150 - - [21/Dec/2022:21:19:46 -0500] "GET /BLA/resoluciones/RESOLUCIONES%202017/2700.pdf HTTP/1.1" 200 827726
201.245.192.253 - - [21/Dec/2022:21:20:30 -0500] "POST /kwsrmcab/Wsrmcab HTTP/1.1" 200 42878
201.245.192.253 - - [21/Dec/2022:21:20:32 -0500] "POST /kwsrmcab/Wsrmcab HTTP/1.1" 200 44361
114.119.154.156 - - [21/Dec/2022:21:20:50 -0500] "GET /autoliquidacion/index.php?dir=Solicitudes%2Brelacionadas%2Bcon%2Bocupaci%C3%83%C2%83%C3%82%C2%83%C3%83%C2%82%C3%82%C2%83%C3%83%C2%83%C3%82%C2%82%C3%83%C2%82%C3%82%C2%AF%C3%83%C2%83%C3%82%C2%83%C3%83%C2%82%C3%82%C2%82%C3%83%C2%83%C3%82%C2%82%C3%83%C2%82%C3%82%C2%BF%C3%83%C2%83%C3%82%C2%83%C3%83%C2%82%C3%82%C2%82%C3%83%C2%83%C3%82%C2%82%C3%83%C2%82%C3%82%C2%BDn%2Bde%2Bcauce/&sort=date&order=asc HTTP/1.1" 200 7210
172.22.2.4 - - [21/Dec/2022:21:19:20 -0500] "GET /BLA/boletinlegal/ HTTP/1.1" 200 62840
172.22.2.4 - - [21/Dec/2022:21:22:06 -0500] "GET /BLA/boletinlegal/images/screen_5.png HTTP/1.1" 200 368876
172.22.2.4 - - [21/Dec/2022:21:22:06 -0500] "GET /BLA/boletinlegal/images/screen_3.png HTTP/1.1" 200 210620
172.22.2.4 - - [21/Dec/2022:21:22:06 -0500] "GET /BLA/boletinlegal/images/screen_2.png HTTP/1.1" 200 362502
172.22.2.4 - - [21/Dec/2022:21:22:09 -0500] "GET /BLA/boletinlegal/images/arr_r.jpg HTTP/1.1" 200 1998
114.119.132.6 - - [21/Dec/2022:21:22:18 -0500] "GET /BLA/resoluciones/RESOLUCIONES%202010/2779.pdf HTTP/1.1" 200 1634272
172.22.2.4 - - [21/Dec/2022:21:22:03 -0500] "GET /BLA/boletinlegal/ HTTP/1.1" 200 24523
205.185.118.237 - - [21/Dec/2022:21:23:16 -0500] "POST /cgi-bin/.%%%%32%%65/.%%%%32%%65/.%%%%32%%65/.%%%%32%%65/.%%%%32%%65/bin/sh HTTP/1.1" 400 945
194.55.186.124 - - [21/Dec/2022:21:23:12 -0500] "POST /boaform/admin/formLogin HTTP/1.1" 404 1186
172.22.2.4 - - [21/Dec/2022:21:21:42 -0500] "HEAD /BLA/boletinlegal/ HTTP/1.1" 200 -
172.22.2.4 - - [21/Dec/2022:21:21:56 -0500] "GET /BLA/boletinlegal/ HTTP/1.1" 200 40907
216.245.221.92 - - [21/Dec/2022:21:23:38 -0500] "HEAD / HTTP/1.1" 200 -
114.119.135.207 - - [21/Dec/2022:21:23:46 -0500] "GET /BLA/resoluciones/AUTOS%202014/0851.pdf HTTP/1.1" 200 916401
172.22.2.4 - - [21/Dec/2022:21:22:32 -0500] "GET /BLA/boletinlegal/ HTTP/1.1" 200 52942
201.245.192.253 - - [21/Dec/2022:21:24:35 -0500] "POST /kwsrmcab/Wsrmcab  HTTP/1.1" 200 44094
114.119.156.209 - - [21/Dec/2022:21:25:28 -0500] "GET /BLA/resoluciones/AUTOS%202017/2575.pdf HTTP/1.1" 200 326310
168.119.48.175 - - [21/Dec/2022:21:27:02 -0500] "GET / HTTP/1.1" 200 319
216.245.221.92 - - [21/Dec/2022:21:28:38 -0500] "HEAD / HTTP/1.1" 200 -
172.22.2.4 - - [21/Dec/2022:21:27:32 -0500] "HEAD /BLA/boletinlegal/ HTTP/1.1" 200 -
201.245.192.253 - - [21/Dec/2022:21:29:34 -0500] "POST /kwsrmcab/Wsrmcab  HTTP/1.1" 200 44094
172.22.2.4 - - [21/Dec/2022:21:28:22 -0500] "GET /BLA/boletinlegal/ HTTP/1.1" 200 53337
114.119.130.109 - - [21/Dec/2022:21:30:17 -0500] "GET /BLA/resoluciones/RESOLUCIONES%202012/1042.pdf HTTP/1.1" 200 317876
201.245.192.253 - - [21/Dec/2022:21:30:29 -0500] "POST /kwsrmcab/Wsrmcab HTTP/1.1" 200 42878
201.245.192.253 - - [21/Dec/2022:21:30:32 -0500] "POST /kwsrmcab/Wsrmcab HTTP/1.1" 200 44361
114.119.165.43 - - [21/Dec/2022:21:32:01 -0500] "GET /BLA/resoluciones/RESOLUCIONES%202010/0845.pdf HTTP/1.1" 200 108436
95.217.144.237 - - [21/Dec/2022:21:32:34 -0500] "-" 408 -
114.119.136.95 - - [21/Dec/2022:21:33:19 -0500] "GET /BLA/resoluciones/RESOLUCIONES%202010/0639.pdf HTTP/1.1" 200 509113
69.171.249.10 - - [21/Dec/2022:21:33:21 -0500] "GET /images/Entrenubes%201%20(1)%20(1).jpeg HTTP/1.1" 200 70096
216.245.221.92 - - [21/Dec/2022:21:33:38 -0500] "HEAD / HTTP/1.1" 200 -
114.119.153.11 - - [21/Dec/2022:21:34:30 -0500] "GET /BLA/resoluciones/AUTOS%202014/6910.pdf HTTP/1.1" 200 2381671
157.55.39.121 - - [21/Dec/2022:21:34:34 -0500] "GET /BLA/boletinlegal/Circulares/2013/Circular%20No.%204%20del%2005%20de%20junio%20de%202013.pdf HTTP/1.1" 200 130461
201.245.192.253 - - [21/Dec/2022:21:34:33 -0500] "POST /kwsrmcab/Wsrmcab  HTTP/1.1" 200 44094
172.22.2.4 - - [21/Dec/2022:21:33:22 -0500] "HEAD /BLA/boletinlegal/ HTTP/1.1" 200 -
172.22.2.4 - - [21/Dec/2022:21:34:12 -0500] "GET /BLA/boletinlegal/ HTTP/1.1" 200 50149
114.119.138.172 - - [21/Dec/2022:21:35:55 -0500] "GET /BLA/resoluciones/AUTOS%202013/0829.pdf HTTP/1.1" 200 1935124
172.22.2.4 - - [21/Dec/2022:21:34:21 -0500] "GET /BLA/boletinlegal/ HTTP/1.1" 200 50855
186.84.20.242 - - [21/Dec/2022:21:36:54 -0500] "POST /sipse/faces/presentacion/financiero/solicitudProceso/consultarSolicitudProceso.xhtml HTTP/1.1" 200 159975
201.244.103.220 - - [21/Dec/2022:21:37:02 -0500] "OPTIONS /kwssiamovil/sm/setfile/f HTTP/1.1" 200 13
201.244.103.220 - - [21/Dec/2022:21:37:02 -0500] "POST /kwssiamovil/sm/setfile/f HTTP/1.1" 204 -
172.22.2.4 - - [21/Dec/2022:21:38:09 -0500] "GET /BLA/boletinlegal/Circulares/2019/.pdf HTTP/1.1" 404 1218
216.245.221.92 - - [21/Dec/2022:21:38:38 -0500] "HEAD / HTTP/1.1" 200 -
201.245.192.253 - - [21/Dec/2022:21:39:31 -0500] "POST /kwsrmcab/Wsrmcab  HTTP/1.1" 200 44094
201.245.192.253 - - [21/Dec/2022:21:40:29 -0500] "POST /kwsrmcab/Wsrmcab HTTP/1.1" 200 42878
201.245.192.253 - - [21/Dec/2022:21:40:32 -0500] "POST /kwsrmcab/Wsrmcab HTTP/1.1" 200 44361
172.22.2.4 - - [21/Dec/2022:21:39:12 -0500] "HEAD /BLA/boletinlegal/ HTTP/1.1" 200 -
114.119.144.127 - - [21/Dec/2022:21:41:22 -0500] "GET /BLA/resoluciones/RESOLUCIONES%202010/5583.pdf HTTP/1.1" 200 359126
172.22.2.4 - - [21/Dec/2022:21:40:02 -0500] "GET /BLA/boletinlegal/ HTTP/1.1" 200 57192
114.119.138.25 - - [21/Dec/2022:21:43:25 -0500] "GET /BLA/resoluciones/AUTOS%202016/1026.pdf HTTP/1.1" 200 541135
201.244.103.220 - - [21/Dec/2022:21:43:27 -0500] "OPTIONS /kwssiamovil/sm/setfile/f HTTP/1.1" 200 13
201.244.103.220 - - [21/Dec/2022:21:43:27 -0500] "POST /kwssiamovil/sm/setfile/f HTTP/1.1" 200 381
216.245.221.92 - - [21/Dec/2022:21:43:38 -0500] "HEAD / HTTP/1.1" 200 -
186.84.20.242 - - [21/Dec/2022:21:44:11 -0500] "POST /sipse/faces/presentacion/financiero/solicitudProceso/consultarSolicitudProceso.xhtml HTTP/1.1" 200 153616
186.84.20.242 - - [21/Dec/2022:21:44:12 -0500] "GET /sipse/faces/javax.faces.resource/theme.css?ln=primefaces-sipse HTTP/1.1" 304 -
186.84.20.242 - - [21/Dec/2022:21:44:12 -0500] "GET /sipse/faces/javax.faces.resource/jquery/jquery.js?ln=primefaces&v=4.0 HTTP/1.1" 304 -
186.84.20.242 - - [21/Dec/2022:21:44:12 -0500] "GET /sipse/faces/javax.faces.resource/layout/layout.js?ln=primefaces&v=4.0 HTTP/1.1" 304 -
186.84.20.242 - - [21/Dec/2022:21:44:12 -0500] "GET /sipse/faces/javax.faces.resource/jquery/jquery-plugins.js?ln=primefaces&v=4.0 HTTP/1.1" 304 -
186.84.20.242 - - [21/Dec/2022:21:44:12 -0500] "GET /sipse/faces/javax.faces.resource/primefaces.css?ln=primefaces&v=4.0 HTTP/1.1" 304 -
186.84.20.242 - - [21/Dec/2022:21:44:12 -0500] "GET /sipse/faces/javax.faces.resource/layout/layout.css?ln=primefaces&v=4.0 HTTP/1.1" 304 -
186.84.20.242 - - [21/Dec/2022:21:44:12 -0500] "GET /sipse/faces/javax.faces.resource/primefaces.js?ln=primefaces&v=4.0 HTTP/1.1" 304 -
186.84.20.242 - - [21/Dec/2022:21:44:12 -0500] "GET /sipse/faces/javax.faces.resource/images/ui-icons_898989_256x240.png?ln=primefaces-aristo HTTP/1.1" 304 -
186.84.20.242 - - [21/Dec/2022:21:44:12 -0500] "GET /sipse/faces/javax.faces.resource/dynamiccontent.properties?ln=primefaces&pfdrid=XjOR5%2F%2FfPAZAuY9TpWQeCiM0BhlXxYRBGKi%2FQcXXfeA%3D&pfdrid_c=false HTTP/1.1" 500 383
186.84.20.242 - - [21/Dec/2022:21:44:26 -0500] "GET /sipse/faces/javax.faces.resource/images/ui-bg_flat_0_2d5972_40x100.png?ln=primefaces-aristo HTTP/1.1" 304 -
186.84.20.242 - - [21/Dec/2022:21:44:26 -0500] "POST /sipse/faces/presentacion/financiero/solicitudProceso/consultarSolicitudProceso.xhtml HTTP/1.1" 200 5527
201.245.192.253 - - [21/Dec/2022:21:44:31 -0500] "POST /kwsrmcab/Wsrmcab  HTTP/1.1" 200 44094
114.119.153.191 - - [21/Dec/2022:21:44:43 -0500] "GET /Autoliquidacion/index.php?dir=TR%C3%83%C2%AF%C3%82%C2%BF%C3%82%C2%BDMITES%2BAGUAS%2BSUPERFICIALES/&sort=size&order=asc HTTP/1.1" 200 6901
186.84.20.242 - - [21/Dec/2022:21:44:43 -0500] "POST /sipse/faces/presentacion/financiero/solicitudProceso/consultarSolicitudProceso.xhtml HTTP/1.1" 200 23975
186.84.20.242 - - [21/Dec/2022:21:44:44 -0500] "GET /sipse/faces/javax.faces.resource/jquery/jquery.js?ln=primefaces&v=4.0 HTTP/1.1" 304 -
186.84.20.242 - - [21/Dec/2022:21:44:44 -0500] "GET /sipse/faces/javax.faces.resource/jquery/jquery-plugins.js?ln=primefaces&v=4.0 HTTP/1.1" 304 -
186.84.20.242 - - [21/Dec/2022:21:44:44 -0500] "GET /sipse/faces/javax.faces.resource/primefaces.js?ln=primefaces&v=4.0 HTTP/1.1" 304 -
186.84.20.242 - - [21/Dec/2022:21:44:44 -0500] "GET /sipse/faces/javax.faces.resource/layout/layout.js?ln=primefaces&v=4.0 HTTP/1.1" 304 -
186.84.20.242 - - [21/Dec/2022:21:45:05 -0500] "POST /sipse/faces/presentacion/financiero/viabilidad/expedirViabilidad.xhtml HTTP/1.1" 200 109095
186.84.20.242 - - [21/Dec/2022:21:45:34 -0500] "GET /sipse/faces/javax.faces.resource/jquery/jquery.js?ln=primefaces&v=4.0 HTTP/1.1" 304 -
186.84.20.242 - - [21/Dec/2022:21:45:40 -0500] "GET /sipse/faces/javax.faces.resource/jquery/jquery-plugins.js?ln=primefaces&v=4.0 HTTP/1.1" 304 -
186.84.20.242 - - [21/Dec/2022:21:45:40 -0500] "GET /sipse/faces/javax.faces.resource/primefaces.js?ln=primefaces&v=4.0 HTTP/1.1" 304 -
186.84.20.242 - - [21/Dec/2022:21:45:40 -0500] "GET /sipse/faces/javax.faces.resource/layout/layout.js?ln=primefaces&v=4.0 HTTP/1.1" 304 -
114.119.132.72 - - [21/Dec/2022:21:46:08 -0500] "GET /BLA/resoluciones/RESOLUCIONES%202010/0946.pdf HTTP/1.1" 200 122706
114.119.148.154 - - [21/Dec/2022:21:46:36 -0500] "GET /Autoliquidacion/index.php?dir=Permiso%2Bde%2Bocupaci%C3%AF%C2%BF%C2%BDn%2Bde%2Bcauce/&sort=size&order=asc HTTP/1.1" 200 6886
172.22.2.4 - - [21/Dec/2022:21:45:02 -0500] "HEAD /BLA/boletinlegal/ HTTP/1.1" 200 -
172.22.2.4 - - [21/Dec/2022:21:45:52 -0500] "GET /BLA/boletinlegal/ HTTP/1.1" 200 52453
216.245.221.92 - - [21/Dec/2022:21:48:38 -0500] "HEAD / HTTP/1.1" 200 -
201.245.192.253 - - [21/Dec/2022:21:49:30 -0500] "POST /kwsrmcab/Wsrmcab  HTTP/1.1" 200 44094
186.84.20.242 - - [21/Dec/2022:21:50:24 -0500] "POST /sipse/faces/presentacion/financiero/solicitudProceso/consultarSolicitudProceso.xhtml HTTP/1.1" 200 62844
186.84.20.242 - - [21/Dec/2022:21:50:27 -0500] "GET /sipse/faces/javax.faces.resource/jquery/jquery.js?ln=primefaces&v=4.0 HTTP/1.1" 304 -
186.84.20.242 - - [21/Dec/2022:21:50:27 -0500] "GET /sipse/faces/javax.faces.resource/jquery/jquery-plugins.js?ln=primefaces&v=4.0 HTTP/1.1" 304 -
186.84.20.242 - - [21/Dec/2022:21:50:27 -0500] "GET /sipse/faces/javax.faces.resource/primefaces.js?ln=primefaces&v=4.0 HTTP/1.1" 304 -
186.84.20.242 - - [21/Dec/2022:21:50:27 -0500] "GET /sipse/faces/javax.faces.resource/layout/layout.js?ln=primefaces&v=4.0 HTTP/1.1" 304 -
186.84.20.242 - - [21/Dec/2022:21:50:27 -0500] "GET /sipse/faces/javax.faces.resource/messages/messages.png?ln=primefaces&v=4.0 HTTP/1.1" 304 -
186.84.20.242 - - [21/Dec/2022:21:50:27 -0500] "POST /sipse/faces/presentacion/financiero/solicitudProceso/listarSolicitudProceso.xhtml HTTP/1.1" 200 1556
186.84.20.242 - - [21/Dec/2022:21:50:31 -0500] "POST /sipse/faces/presentacion/financiero/solicitudProceso/listarSolicitudProceso.xhtml HTTP/1.1" 200 22528
186.84.20.242 - - [21/Dec/2022:21:50:33 -0500] "POST /sipse/faces/presentacion/financiero/solicitudProceso/listarSolicitudProceso.xhtml HTTP/1.1" 200 106895
186.84.20.242 - - [21/Dec/2022:21:50:34 -0500] "GET /sipse/faces/javax.faces.resource/jquery/jquery.js?ln=primefaces&v=4.0 HTTP/1.1" 304 -
186.84.20.242 - - [21/Dec/2022:21:50:34 -0500] "GET /sipse/faces/javax.faces.resource/jquery/jquery-plugins.js?ln=primefaces&v=4.0 HTTP/1.1" 304 -
186.84.20.242 - - [21/Dec/2022:21:50:34 -0500] "GET /sipse/faces/javax.faces.resource/primefaces.js?ln=primefaces&v=4.0 HTTP/1.1" 304 -
186.84.20.242 - - [21/Dec/2022:21:50:34 -0500] "GET /sipse/faces/javax.faces.resource/layout/layout.js?ln=primefaces&v=4.0 HTTP/1.1" 304 -
157.55.39.152 - - [21/Dec/2022:21:50:46 -0500] "GET / HTTP/1.1" 200 319
186.84.20.242 - - [21/Dec/2022:21:51:05 -0500] "POST /sipse/faces/presentacion/financiero/solicitudProceso/consultarSolicitudProceso.xhtml HTTP/1.1" 200 158952
114.119.153.171 - - [21/Dec/2022:21:51:10 -0500] "GET /BLA/resoluciones/RESOLUCIONES%202010/3623.pdf HTTP/1.1" 200 726305
186.84.21.207 - - [21/Dec/2022:21:51:42 -0500] "GET /appsia/controlador HTTP/1.1" 200 4799
186.84.21.207 - - [21/Dec/2022:21:51:42 -0500] "GET /appsia/images/logo_bogota_p.png HTTP/1.1" 200 14951
186.84.21.207 - - [21/Dec/2022:21:51:42 -0500] "GET /appsia/images/cabezoteHojaVida.png HTTP/1.1" 200 32493
186.84.21.207 - - [21/Dec/2022:21:51:51 -0500] "POST /appsia/controlador HTTP/1.1" 200 3604
186.84.21.207 - - [21/Dec/2022:21:51:53 -0500] "POST /appsia/controlador HTTP/1.1" 200 3604
186.84.21.207 - - [21/Dec/2022:21:51:54 -0500] "GET /appsia/jscripts/validarSolicitud.js HTTP/1.1" 404 68
186.84.21.207 - - [21/Dec/2022:21:52:01 -0500] "POST /appsia/controlador HTTP/1.1" 200 4799
173.252.95.9 - - [21/Dec/2022:21:52:03 -0500] "GET /images/cr\xc3\xb3nica-29-nov-1_optimized.jpeg HTTP/1.1" 404 1034
186.84.21.207 - - [21/Dec/2022:21:52:11 -0500] "POST /appsia/controlador HTTP/1.1" 200 3604
186.84.21.207 - - [21/Dec/2022:21:52:11 -0500] "GET /appsia/jscripts/validarSolicitud.js HTTP/1.1" 404 68
172.22.2.4 - - [21/Dec/2022:21:50:52 -0500] "HEAD /BLA/boletinlegal/ HTTP/1.1" 200 -
186.84.21.207 - - [21/Dec/2022:21:52:36 -0500] "POST /appsia/controlador HTTP/1.1" 200 4799
172.22.2.4 - - [21/Dec/2022:21:52:41 -0500] "GET /BLA/boletinlegal/Circulares/2020/Circular%2000010%20del%2027%20de%20julio%20de%202020.pdf HTTP/1.1" 304 -
186.84.21.207 - - [21/Dec/2022:21:52:52 -0500] "POST /appsia/controlador HTTP/1.1" 200 3604
186.84.21.207 - - [21/Dec/2022:21:52:52 -0500] "GET /appsia/jscripts/validarSolicitud.js HTTP/1.1" 404 68
186.84.21.207 - - [21/Dec/2022:21:53:07 -0500] "POST /appsia/controlador HTTP/1.1" 200 4799
172.22.2.4 - - [21/Dec/2022:21:51:42 -0500] "GET /BLA/boletinlegal/ HTTP/1.1" 200 55272
168.119.252.242 - - [21/Dec/2022:21:53:24 -0500] "GET / HTTP/1.1" 200 319
186.84.21.207 - - [21/Dec/2022:21:53:29 -0500] "POST /appsia/controlador HTTP/1.1" 200 3604
186.84.21.207 - - [21/Dec/2022:21:53:29 -0500] "GET /appsia/jscripts/validarSolicitud.js HTTP/1.1" 404 68
216.245.221.92 - - [21/Dec/2022:21:53:38 -0500] "HEAD / HTTP/1.1" 200 -
114.119.157.108 - - [21/Dec/2022:21:53:54 -0500] "GET /BLA/resoluciones/RESOLUCIONES%202009/6225.pdf HTTP/1.1" 200 1148727
114.119.147.248 - - [21/Dec/2022:21:54:06 -0500] "GET /BLA/resoluciones/RESOLUCIONES%202010/0274.pdf HTTP/1.1" 200 111374
40.77.167.33 - - [21/Dec/2022:21:54:07 -0500] "GET /BLA/resoluciones/AUTOS%202022/5823.pdf HTTP/1.1" 200 389000
201.245.192.253 - - [21/Dec/2022:21:54:29 -0500] "POST /kwsrmcab/Wsrmcab  HTTP/1.1" 200 44094
40.77.167.33 - - [21/Dec/2022:21:54:49 -0500] "GET /bla/resoluciones/notificaciones/registros%202018/0123.pdf HTTP/1.1" 304 -
186.84.20.242 - - [21/Dec/2022:21:55:05 -0500] "POST /sipse/faces/presentacion/financiero/solicitudProceso/consultarSolicitudProceso.xhtml HTTP/1.1" 200 158952
186.84.20.242 - - [21/Dec/2022:21:55:50 -0500] "POST /sipse/faces/presentacion/financiero/solicitudProceso/consultarSolicitudProceso.xhtml HTTP/1.1" 200 62794
186.84.20.242 - - [21/Dec/2022:21:55:59 -0500] "GET /sipse/faces/javax.faces.resource/jquery/jquery.js?ln=primefaces&v=4.0 HTTP/1.1" 304 -
186.84.20.242 - - [21/Dec/2022:21:56:01 -0500] "GET /sipse/faces/javax.faces.resource/jquery/jquery-plugins.js?ln=primefaces&v=4.0 HTTP/1.1" 304 -
186.84.20.242 - - [21/Dec/2022:21:56:01 -0500] "GET /sipse/faces/javax.faces.resource/primefaces.js?ln=primefaces&v=4.0 HTTP/1.1" 304 -
186.84.20.242 - - [21/Dec/2022:21:56:01 -0500] "GET /sipse/faces/javax.faces.resource/layout/layout.js?ln=primefaces&v=4.0 HTTP/1.1" 304 -
186.84.20.242 - - [21/Dec/2022:21:56:05 -0500] "POST /sipse/faces/presentacion/financiero/solicitudProceso/listarSolicitudProceso.xhtml HTTP/1.1" 200 1556
185.119.81.98 - - [21/Dec/2022:21:56:38 -0500] "GET /portaldeninos/wp-login.php HTTP/1.1" 200 2592
185.119.81.98 - - [21/Dec/2022:21:56:39 -0500] "POST /portaldeninos/wp-login.php HTTP/1.1" 200 3605
186.84.20.242 - - [21/Dec/2022:21:56:59 -0500] "POST /sipse/faces/presentacion/financiero/solicitudProceso/listarSolicitudProceso.xhtml HTTP/1.1" 200 19561
186.84.20.242 - - [21/Dec/2022:21:57:01 -0500] "POST /sipse/faces/presentacion/financiero/solicitudProceso/listarSolicitudProceso.xhtml HTTP/1.1" 200 106692
186.84.20.242 - - [21/Dec/2022:21:57:03 -0500] "GET /sipse/faces/javax.faces.resource/jquery/jquery.js?ln=primefaces&v=4.0 HTTP/1.1" 304 -
186.84.20.242 - - [21/Dec/2022:21:57:03 -0500] "GET /sipse/faces/javax.faces.resource/jquery/jquery-plugins.js?ln=primefaces&v=4.0 HTTP/1.1" 304 -
186.84.20.242 - - [21/Dec/2022:21:57:03 -0500] "GET /sipse/faces/javax.faces.resource/primefaces.js?ln=primefaces&v=4.0 HTTP/1.1" 304 -
186.84.20.242 - - [21/Dec/2022:21:57:03 -0500] "GET /sipse/faces/javax.faces.resource/layout/layout.js?ln=primefaces&v=4.0 HTTP/1.1" 304 -
172.22.2.4 - - [21/Dec/2022:21:56:42 -0500] "HEAD /BLA/boletinlegal/ HTTP/1.1" 200 -
216.245.221.92 - - [21/Dec/2022:21:58:38 -0500] "HEAD / HTTP/1.1" 200 -
172.22.2.4 - - [21/Dec/2022:21:57:32 -0500] "GET /BLA/boletinlegal/ HTTP/1.1" 200 59404
95.217.144.240 - - [21/Dec/2022:21:59:23 -0500] "-" 408 -
95.217.144.245 - - [21/Dec/2022:21:59:28 -0500] "-" 408 -
95.217.144.245 - - [21/Dec/2022:21:59:28 -0500] "-" 408 -
201.245.192.253 - - [21/Dec/2022:21:59:28 -0500] "POST /kwsrmcab/Wsrmcab  HTTP/1.1" 200 44094
186.86.33.136 - - [21/Dec/2022:22:00:45 -0500] "GET /appsia/controlador HTTP/1.1" 200 4799
186.86.33.136 - - [21/Dec/2022:22:00:52 -0500] "POST /appsia/controlador HTTP/1.1" 200 5437
186.84.20.242 - - [21/Dec/2022:22:00:54 -0500] "POST /sipse/faces/presentacion/financiero/solicitudProceso/consultarSolicitudProceso.xhtml HTTP/1.1" 200 158952
186.86.33.136 - - [21/Dec/2022:22:00:59 -0500] "POST /appsia/controlador HTTP/1.1" 200 5437
223.130.30.228 - - [21/Dec/2022:22:00:50 -0500] "POST /HNAP1/ HTTP/1.0" 400 945
186.86.33.136 - - [21/Dec/2022:22:01:06 -0500] "POST /appsia/controlador HTTP/1.1" 200 7731
186.86.33.136 - - [21/Dec/2022:22:02:44 -0500] "GET /appsia/controlador HTTP/1.1" 200 4799
186.86.33.136 - - [21/Dec/2022:22:02:44 -0500] "GET /appsia/css/estilos.css HTTP/1.1" 200 4804
186.86.33.136 - - [21/Dec/2022:22:02:44 -0500] "GET /appsia/scripts/validarIngreso.js HTTP/1.1" 200 851
186.86.33.136 - - [21/Dec/2022:22:02:44 -0500] "GET /appsia/images/cabezoteHojaVida.png HTTP/1.1" 200 32493
186.86.33.136 - - [21/Dec/2022:22:02:44 -0500] "GET /appsia/images/logo_bogota_p.png HTTP/1.1" 200 14951
186.86.33.136 - - [21/Dec/2022:22:02:44 -0500] "GET /favicon.ico HTTP/1.1" 200 7782
186.86.33.136 - - [21/Dec/2022:22:02:47 -0500] "POST /appsia/controlador HTTP/1.1" 200 5437
186.84.20.242 - - [21/Dec/2022:22:02:47 -0500] "POST /sipse/faces/presentacion/financiero/solicitudProceso/consultarSolicitudProceso.xhtml HTTP/1.1" 200 152511
186.84.20.242 - - [21/Dec/2022:22:02:48 -0500] "GET /sipse/faces/javax.faces.resource/theme.css?ln=primefaces-sipse HTTP/1.1" 304 -
186.84.20.242 - - [21/Dec/2022:22:02:48 -0500] "GET /sipse/faces/javax.faces.resource/primefaces.css?ln=primefaces&v=4.0 HTTP/1.1" 304 -
186.84.20.242 - - [21/Dec/2022:22:02:48 -0500] "GET /sipse/faces/javax.faces.resource/layout/layout.css?ln=primefaces&v=4.0 HTTP/1.1" 304 -
186.84.20.242 - - [21/Dec/2022:22:02:48 -0500] "GET /sipse/faces/javax.faces.resource/jquery/jquery.js?ln=primefaces&v=4.0 HTTP/1.1" 304 -
186.84.20.242 - - [21/Dec/2022:22:02:48 -0500] "GET /sipse/faces/javax.faces.resource/layout/layout.js?ln=primefaces&v=4.0 HTTP/1.1" 304 -
186.84.20.242 - - [21/Dec/2022:22:02:48 -0500] "GET /sipse/faces/javax.faces.resource/primefaces.js?ln=primefaces&v=4.0 HTTP/1.1" 304 -
186.84.20.242 - - [21/Dec/2022:22:02:48 -0500] "GET /sipse/faces/javax.faces.resource/jquery/jquery-plugins.js?ln=primefaces&v=4.0 HTTP/1.1" 304 -
186.86.33.136 - - [21/Dec/2022:22:02:49 -0500] "POST /appsia/controlador HTTP/1.1" 200 7731
186.84.20.242 - - [21/Dec/2022:22:02:49 -0500] "GET /sipse/faces/javax.faces.resource/images/ui-icons_898989_256x240.png?ln=primefaces-aristo HTTP/1.1" 304 -
186.86.33.136 - - [21/Dec/2022:22:02:49 -0500] "GET /appsia/images/logo_escudo.png HTTP/1.1" 200 36965
186.84.20.242 - - [21/Dec/2022:22:02:54 -0500] "GET /sipse/faces/javax.faces.resource/images/ui-bg_flat_0_2d5972_40x100.png?ln=primefaces-aristo HTTP/1.1" 304 -
186.84.20.242 - - [21/Dec/2022:22:02:54 -0500] "POST /sipse/faces/presentacion/financiero/solicitudProceso/consultarSolicitudProceso.xhtml HTTP/1.1" 200 5499
216.245.221.92 - - [21/Dec/2022:22:03:38 -0500] "HEAD / HTTP/1.1" 200 -
186.84.20.242 - - [21/Dec/2022:22:03:39 -0500] "POST /sipse/faces/presentacion/financiero/solicitudProceso/consultarSolicitudProceso.xhtml HTTP/1.1" 200 23975
186.84.20.242 - - [21/Dec/2022:22:03:39 -0500] "GET /sipse/faces/javax.faces.resource/jquery/jquery.js?ln=primefaces&v=4.0 HTTP/1.1" 304 -
186.84.20.242 - - [21/Dec/2022:22:03:40 -0500] "GET /sipse/faces/javax.faces.resource/jquery/jquery-plugins.js?ln=primefaces&v=4.0 HTTP/1.1" 304 -
186.84.20.242 - - [21/Dec/2022:22:03:40 -0500] "GET /sipse/faces/javax.faces.resource/primefaces.js?ln=primefaces&v=4.0 HTTP/1.1" 304 -
186.84.20.242 - - [21/Dec/2022:22:03:40 -0500] "GET /sipse/faces/javax.faces.resource/layout/layout.js?ln=primefaces&v=4.0 HTTP/1.1" 304 -
186.84.20.242 - - [21/Dec/2022:22:03:55 -0500] "POST /sipse/faces/presentacion/financiero/viabilidad/expedirViabilidad.xhtml HTTP/1.1" 200 108352
186.84.20.242 - - [21/Dec/2022:22:03:56 -0500] "GET /sipse/faces/javax.faces.resource/jquery/jquery.js?ln=primefaces&v=4.0 HTTP/1.1" 304 -
186.84.20.242 - - [21/Dec/2022:22:03:56 -0500] "GET /sipse/faces/javax.faces.resource/jquery/jquery-plugins.js?ln=primefaces&v=4.0 HTTP/1.1" 304 -
186.84.20.242 - - [21/Dec/2022:22:03:56 -0500] "GET /sipse/faces/javax.faces.resource/primefaces.js?ln=primefaces&v=4.0 HTTP/1.1" 304 -
186.84.20.242 - - [21/Dec/2022:22:03:56 -0500] "GET /sipse/faces/javax.faces.resource/layout/layout.js?ln=primefaces&v=4.0 HTTP/1.1" 304 -
186.84.20.242 - - [21/Dec/2022:22:04:02 -0500] "POST /sipse/faces/presentacion/financiero/solicitudProceso/consultarSolicitudProceso.xhtml HTTP/1.1" 200 62844
186.84.20.242 - - [21/Dec/2022:22:04:05 -0500] "GET /sipse/faces/javax.faces.resource/jquery/jquery.js?ln=primefaces&v=4.0 HTTP/1.1" 304 -
186.84.20.242 - - [21/Dec/2022:22:04:05 -0500] "GET /sipse/faces/javax.faces.resource/jquery/jquery-plugins.js?ln=primefaces&v=4.0 HTTP/1.1" 304 -
186.84.20.242 - - [21/Dec/2022:22:04:05 -0500] "GET /sipse/faces/javax.faces.resource/primefaces.js?ln=primefaces&v=4.0 HTTP/1.1" 304 -
186.84.20.242 - - [21/Dec/2022:22:04:05 -0500] "GET /sipse/faces/javax.faces.resource/layout/layout.js?ln=primefaces&v=4.0 HTTP/1.1" 304 -
186.84.20.242 - - [21/Dec/2022:22:04:06 -0500] "GET /sipse/faces/javax.faces.resource/messages/messages.png?ln=primefaces&v=4.0 HTTP/1.1" 304 -
186.84.20.242 - - [21/Dec/2022:22:04:06 -0500] "POST /sipse/faces/presentacion/financiero/solicitudProceso/listarSolicitudProceso.xhtml HTTP/1.1" 200 1556
186.84.20.242 - - [21/Dec/2022:22:04:10 -0500] "POST /sipse/faces/presentacion/financiero/solicitudProceso/listarSolicitudProceso.xhtml HTTP/1.1" 200 16565
172.22.2.4 - - [21/Dec/2022:22:02:32 -0500] "HEAD /BLA/boletinlegal/ HTTP/1.1" 200 -
186.84.20.242 - - [21/Dec/2022:22:04:12 -0500] "POST /sipse/faces/presentacion/financiero/solicitudProceso/listarSolicitudProceso.xhtml HTTP/1.1" 200 107652
186.84.20.242 - - [21/Dec/2022:22:04:13 -0500] "GET /sipse/faces/javax.faces.resource/jquery/jquery.js?ln=primefaces&v=4.0 HTTP/1.1" 304 -
186.84.20.242 - - [21/Dec/2022:22:04:13 -0500] "GET /sipse/faces/javax.faces.resource/jquery/jquery-plugins.js?ln=primefaces&v=4.0 HTTP/1.1" 304 -
186.84.20.242 - - [21/Dec/2022:22:04:13 -0500] "GET /sipse/faces/javax.faces.resource/primefaces.js?ln=primefaces&v=4.0 HTTP/1.1" 304 -
186.84.20.242 - - [21/Dec/2022:22:04:13 -0500] "GET /sipse/faces/javax.faces.resource/layout/layout.js?ln=primefaces&v=4.0 HTTP/1.1" 304 -
201.245.192.253 - - [21/Dec/2022:22:04:26 -0500] "POST /kwsrmcab/Wsrmcab  HTTP/1.1" 200 44094
114.119.134.89 - - [21/Dec/2022:22:04:35 -0500] "GET /BLA/resoluciones/RESOLUCIONES%202010/3529.pdf HTTP/1.1" 200 439255
186.84.20.242 - - [21/Dec/2022:22:04:57 -0500] "POST /sipse/faces/presentacion/financiero/solicitudProceso/consultarSolicitudProceso.xhtml HTTP/1.1" 200 162627
172.22.2.4 - - [21/Dec/2022:22:03:22 -0500] "GET /BLA/boletinlegal/ HTTP/1.1" 200 57824
172.22.2.4 - - [21/Dec/2022:22:05:16 -0500] "GET /BLA/boletinlegal/status.php HTTP/1.1" 404 1018
114.119.157.196 - - [21/Dec/2022:22:06:08 -0500] "GET /BLA/resoluciones/RESOLUCIONES%202010/2694.pdf HTTP/1.1" 200 381716
172.22.2.4 - - [21/Dec/2022:22:05:38 -0500] "GET /BLA/boletinlegal/ HTTP/1.1" 200 32715
186.84.20.242 - - [21/Dec/2022:22:06:51 -0500] "POST /sipse/faces/presentacion/financiero/solicitudProceso/consultarSolicitudProceso.xhtml HTTP/1.1" 200 153811
186.84.20.242 - - [21/Dec/2022:22:06:52 -0500] "GET /sipse/faces/javax.faces.resource/theme.css?ln=primefaces-sipse HTTP/1.1" 304 -
186.84.20.242 - - [21/Dec/2022:22:06:52 -0500] "GET /sipse/faces/javax.faces.resource/primefaces.css?ln=primefaces&v=4.0 HTTP/1.1" 304 -
186.84.20.242 - - [21/Dec/2022:22:06:52 -0500] "GET /sipse/faces/javax.faces.resource/layout/layout.css?ln=primefaces&v=4.0 HTTP/1.1" 304 -
186.84.20.242 - - [21/Dec/2022:22:06:52 -0500] "GET /sipse/faces/javax.faces.resource/jquery/jquery.js?ln=primefaces&v=4.0 HTTP/1.1" 304 -
186.84.20.242 - - [21/Dec/2022:22:06:52 -0500] "GET /sipse/faces/javax.faces.resource/jquery/jquery-plugins.js?ln=primefaces&v=4.0 HTTP/1.1" 304 -
186.84.20.242 - - [21/Dec/2022:22:06:52 -0500] "GET /sipse/faces/javax.faces.resource/primefaces.js?ln=primefaces&v=4.0 HTTP/1.1" 304 -
186.84.20.242 - - [21/Dec/2022:22:06:52 -0500] "GET /sipse/faces/javax.faces.resource/layout/layout.js?ln=primefaces&v=4.0 HTTP/1.1" 304 -
186.84.20.242 - - [21/Dec/2022:22:06:52 -0500] "GET /sipse/faces/javax.faces.resource/images/ui-icons_898989_256x240.png?ln=primefaces-aristo HTTP/1.1" 304 -
186.84.20.242 - - [21/Dec/2022:22:06:57 -0500] "GET /sipse/faces/javax.faces.resource/images/ui-bg_flat_0_2d5972_40x100.png?ln=primefaces-aristo HTTP/1.1" 304 -
186.84.20.242 - - [21/Dec/2022:22:06:57 -0500] "POST /sipse/faces/presentacion/financiero/solicitudProceso/consultarSolicitudProceso.xhtml HTTP/1.1" 200 23975
186.84.20.242 - - [21/Dec/2022:22:06:58 -0500] "GET /sipse/faces/javax.faces.resource/jquery/jquery.js?ln=primefaces&v=4.0 HTTP/1.1" 304 -
186.84.20.242 - - [21/Dec/2022:22:06:58 -0500] "GET /sipse/faces/javax.faces.resource/jquery/jquery-plugins.js?ln=primefaces&v=4.0 HTTP/1.1" 304 -
186.84.20.242 - - [21/Dec/2022:22:06:58 -0500] "GET /sipse/faces/javax.faces.resource/primefaces.js?ln=primefaces&v=4.0 HTTP/1.1" 304 -
186.84.20.242 - - [21/Dec/2022:22:06:58 -0500] "GET /sipse/faces/javax.faces.resource/layout/layout.js?ln=primefaces&v=4.0 HTTP/1.1" 304 -
186.84.20.242 - - [21/Dec/2022:22:07:12 -0500] "POST /sipse/faces/presentacion/financiero/viabilidad/expedirViabilidad.xhtml HTTP/1.1" 200 109312
186.84.20.242 - - [21/Dec/2022:22:07:13 -0500] "GET /sipse/faces/javax.faces.resource/jquery/jquery.js?ln=primefaces&v=4.0 HTTP/1.1" 304 -
186.84.20.242 - - [21/Dec/2022:22:07:13 -0500] "GET /sipse/faces/javax.faces.resource/jquery/jquery-plugins.js?ln=primefaces&v=4.0 HTTP/1.1" 304 -
186.84.20.242 - - [21/Dec/2022:22:07:13 -0500] "GET /sipse/faces/javax.faces.resource/primefaces.js?ln=primefaces&v=4.0 HTTP/1.1" 304 -
186.84.20.242 - - [21/Dec/2022:22:07:13 -0500] "GET /sipse/faces/javax.faces.resource/layout/layout.js?ln=primefaces&v=4.0 HTTP/1.1" 304 -
186.84.20.242 - - [21/Dec/2022:22:07:22 -0500] "POST /sipse/faces/presentacion/financiero/solicitudProceso/consultarSolicitudProceso.xhtml HTTP/1.1" 200 5471
114.119.130.27 - - [21/Dec/2022:22:07:23 -0500] "GET /autoliquidacion/index.php?dir=TR%C3%AF%C2%BF%C2%BDMITES%2BACEITES-RESIDUOS-ESTACIONES/&sort=name&order=desc HTTP/1.1" 200 6906
186.84.20.242 - - [21/Dec/2022:22:07:28 -0500] "POST /sipse/faces/presentacion/financiero/solicitudProceso/consultarSolicitudProceso.xhtml HTTP/1.1" 200 62844
186.84.20.242 - - [21/Dec/2022:22:07:30 -0500] "GET /sipse/faces/javax.faces.resource/jquery/jquery.js?ln=primefaces&v=4.0 HTTP/1.1" 304 -
186.84.20.242 - - [21/Dec/2022:22:07:31 -0500] "GET /sipse/faces/javax.faces.resource/jquery/jquery-plugins.js?ln=primefaces&v=4.0 HTTP/1.1" 304 -
186.84.20.242 - - [21/Dec/2022:22:07:31 -0500] "GET /sipse/faces/javax.faces.resource/primefaces.js?ln=primefaces&v=4.0 HTTP/1.1" 304 -
186.84.20.242 - - [21/Dec/2022:22:07:31 -0500] "GET /sipse/faces/javax.faces.resource/layout/layout.js?ln=primefaces&v=4.0 HTTP/1.1" 304 -
186.84.20.242 - - [21/Dec/2022:22:07:31 -0500] "GET /sipse/faces/javax.faces.resource/messages/messages.png?ln=primefaces&v=4.0 HTTP/1.1" 304 -
186.84.20.242 - - [21/Dec/2022:22:07:31 -0500] "POST /sipse/faces/presentacion/financiero/solicitudProceso/listarSolicitudProceso.xhtml HTTP/1.1" 200 1556
152.89.196.211 - - [21/Dec/2022:22:07:33 -0500] "GET /vendor/phpunit/phpunit/src/Util/PHP/eval-stdin.php HTTP/1.1" 404 1018
186.84.20.242 - - [21/Dec/2022:22:07:35 -0500] "POST /sipse/faces/presentacion/financiero/solicitudProceso/listarSolicitudProceso.xhtml HTTP/1.1" 200 13606
186.84.20.242 - - [21/Dec/2022:22:07:36 -0500] "POST /sipse/faces/presentacion/financiero/solicitudProceso/listarSolicitudProceso.xhtml HTTP/1.1" 200 106906
186.84.20.242 - - [21/Dec/2022:22:07:37 -0500] "GET /sipse/faces/javax.faces.resource/jquery/jquery.js?ln=primefaces&v=4.0 HTTP/1.1" 304 -
186.84.20.242 - - [21/Dec/2022:22:07:37 -0500] "GET /sipse/faces/javax.faces.resource/jquery/jquery-plugins.js?ln=primefaces&v=4.0 HTTP/1.1" 304 -
186.84.20.242 - - [21/Dec/2022:22:07:38 -0500] "GET /sipse/faces/javax.faces.resource/primefaces.js?ln=primefaces&v=4.0 HTTP/1.1" 304 -
186.84.20.242 - - [21/Dec/2022:22:07:38 -0500] "GET /sipse/faces/javax.faces.resource/layout/layout.js?ln=primefaces&v=4.0 HTTP/1.1" 304 -
172.22.2.4 - - [21/Dec/2022:22:07:44 -0500] "GET /BLA/boletinlegal/Directivas/2011/Directiva%20No.%2011%20del%2027%20de%20Diciembre%20de%202011.pdf HTTP/1.1" 304 -
186.84.20.242 - - [21/Dec/2022:22:07:57 -0500] "POST /sipse/faces/presentacion/financiero/solicitudProceso/consultarSolicitudProceso.xhtml HTTP/1.1" 200 158773
114.119.156.233 - - [21/Dec/2022:22:08:35 -0500] "GET /BLA/resoluciones/RESOLUCIONES%202010/6439.pdf HTTP/1.1" 200 481019
216.245.221.92 - - [21/Dec/2022:22:08:38 -0500] "HEAD / HTTP/1.1" 200 -
172.22.2.4 - - [21/Dec/2022:22:08:46 -0500] "GET /BLA/boletinlegal/robots.txt HTTP/1.1" 404 1038
172.22.2.4 - - [21/Dec/2022:22:08:49 -0500] "GET /BLA/boletinlegal/Circulares/2011/Circular%20No.%207%20del%2023%20de%20Diciembre%20de%202011.pdf HTTP/1.1" 200 1107785
186.84.20.242 - - [21/Dec/2022:22:09:08 -0500] "POST /sipse/faces/presentacion/financiero/solicitudProceso/consultarSolicitudProceso.xhtml HTTP/1.1" 200 152725
186.84.20.242 - - [21/Dec/2022:22:09:10 -0500] "GET /sipse/faces/javax.faces.resource/theme.css?ln=primefaces-sipse HTTP/1.1" 304 -
186.84.20.242 - - [21/Dec/2022:22:09:10 -0500] "GET /sipse/faces/javax.faces.resource/layout/layout.js?ln=primefaces&v=4.0 HTTP/1.1" 304 -
186.84.20.242 - - [21/Dec/2022:22:09:10 -0500] "GET /sipse/faces/javax.faces.resource/layout/layout.css?ln=primefaces&v=4.0 HTTP/1.1" 304 -
186.84.20.242 - - [21/Dec/2022:22:09:10 -0500] "GET /sipse/faces/javax.faces.resource/jquery/jquery.js?ln=primefaces&v=4.0 HTTP/1.1" 304 -
186.84.20.242 - - [21/Dec/2022:22:09:10 -0500] "GET /sipse/faces/javax.faces.resource/primefaces.css?ln=primefaces&v=4.0 HTTP/1.1" 304 -
186.84.20.242 - - [21/Dec/2022:22:09:10 -0500] "GET /sipse/faces/javax.faces.resource/primefaces.js?ln=primefaces&v=4.0 HTTP/1.1" 304 -
186.84.20.242 - - [21/Dec/2022:22:09:10 -0500] "GET /sipse/faces/javax.faces.resource/jquery/jquery-plugins.js?ln=primefaces&v=4.0 HTTP/1.1" 304 -
186.84.20.242 - - [21/Dec/2022:22:09:10 -0500] "GET /sipse/faces/javax.faces.resource/images/ui-icons_898989_256x240.png?ln=primefaces-aristo HTTP/1.1" 304 -
186.84.20.242 - - [21/Dec/2022:22:09:17 -0500] "GET /sipse/faces/javax.faces.resource/images/ui-bg_flat_0_2d5972_40x100.png?ln=primefaces-aristo HTTP/1.1" 304 -
186.84.20.242 - - [21/Dec/2022:22:09:17 -0500] "POST /sipse/faces/presentacion/financiero/solicitudProceso/consultarSolicitudProceso.xhtml HTTP/1.1" 200 5499
201.245.192.253 - - [21/Dec/2022:22:09:26 -0500] "POST /kwsrmcab/Wsrmcab  HTTP/1.1" 200 44094
186.84.20.242 - - [21/Dec/2022:22:09:32 -0500] "POST /sipse/faces/presentacion/financiero/solicitudProceso/consultarSolicitudProceso.xhtml HTTP/1.1" 200 23975
186.84.20.242 - - [21/Dec/2022:22:09:33 -0500] "GET /sipse/faces/javax.faces.resource/jquery/jquery.js?ln=primefaces&v=4.0 HTTP/1.1" 304 -
186.84.20.242 - - [21/Dec/2022:22:09:33 -0500] "GET /sipse/faces/javax.faces.resource/jquery/jquery-plugins.js?ln=primefaces&v=4.0 HTTP/1.1" 304 -
186.84.20.242 - - [21/Dec/2022:22:09:33 -0500] "GET /sipse/faces/javax.faces.resource/primefaces.js?ln=primefaces&v=4.0 HTTP/1.1" 304 -
186.84.20.242 - - [21/Dec/2022:22:09:33 -0500] "GET /sipse/faces/javax.faces.resource/layout/layout.js?ln=primefaces&v=4.0 HTTP/1.1" 304 -
186.84.20.242 - - [21/Dec/2022:22:09:43 -0500] "POST /sipse/faces/presentacion/financiero/viabilidad/expedirViabilidad.xhtml HTTP/1.1" 200 108566
186.84.20.242 - - [21/Dec/2022:22:09:44 -0500] "GET /sipse/faces/javax.faces.resource/jquery/jquery.js?ln=primefaces&v=4.0 HTTP/1.1" 304 -
