172.22.2.1 - - [21/Dec/2022:10:05:32 -0500] "GET /reportes_sipse/sdg/ServletViabilidad?reporte=memo_viabilidad&solicitud=19942 HTTP/1.1" 200 1538
201.245.192.253 - - [21/Dec/2022:10:05:33 -0500] "GET /sipse/faces/presentacion/sistema/anexos/cargarAnexoSolicitudProceso.xhtml HTTP/1.1" 302 -
201.245.192.253 - - [21/Dec/2022:10:05:33 -0500] "GET /sipse/faces/autenticacion.xhtml HTTP/1.1" 200 12186
201.245.192.253 - - [21/Dec/2022:10:05:34 -0500] "GET /sipse/faces/javax.faces.resource/theme.css?ln=primefaces-sipse HTTP/1.1" 304 -
201.245.192.253 - - [21/Dec/2022:10:05:34 -0500] "GET /sipse/faces/javax.faces.resource/jquery/jquery.js?ln=primefaces&v=4.0 HTTP/1.1" 304 -
201.245.192.253 - - [21/Dec/2022:10:05:34 -0500] "GET /sipse/faces/javax.faces.resource/primefaces.css?ln=primefaces&v=4.0 HTTP/1.1" 304 -
201.245.192.253 - - [21/Dec/2022:10:05:34 -0500] "GET /sipse/faces/javax.faces.resource/layout/layout.css?ln=primefaces&v=4.0 HTTP/1.1" 304 -
201.245.192.253 - - [21/Dec/2022:10:05:34 -0500] "GET /sipse/faces/javax.faces.resource/jquery/jquery-plugins.js?ln=primefaces&v=4.0 HTTP/1.1" 304 -
201.245.192.253 - - [21/Dec/2022:10:05:34 -0500] "GET /sipse/faces/javax.faces.resource/primefaces.js?ln=primefaces&v=4.0 HTTP/1.1" 304 -
201.245.192.253 - - [21/Dec/2022:10:05:34 -0500] "GET /sipse/faces/javax.faces.resource/layout/layout.js?ln=primefaces&v=4.0 HTTP/1.1" 304 -
201.245.192.253 - - [21/Dec/2022:10:05:34 -0500] "GET /sipse/faces/javax.faces.resource/images/ui-icons_898989_256x240.png?ln=primefaces-aristo HTTP/1.1" 304 -
201.245.192.253 - - [21/Dec/2022:10:05:35 -0500] "GET /sipse/faces/index.xhtml HTTP/1.1" 200 677
201.245.192.253 - - [21/Dec/2022:10:05:35 -0500] "GET /sipse/faces/javax.faces.resource/theme.css?ln=primefaces-sipse HTTP/1.1" 304 -
201.245.192.253 - - [21/Dec/2022:10:05:37 -0500] "GET /sipse/faces/faces/autenticacion.xhtml HTTP/1.1" 200 12186
201.245.192.253 - - [21/Dec/2022:10:05:37 -0500] "GET /sipse/faces/javax.faces.resource/theme.css?ln=primefaces-sipse HTTP/1.1" 304 -
201.245.192.253 - - [21/Dec/2022:10:05:37 -0500] "GET /sipse/faces/javax.faces.resource/layout/layout.css?ln=primefaces&v=4.0 HTTP/1.1" 304 -
201.245.192.253 - - [21/Dec/2022:10:05:37 -0500] "GET /sipse/faces/javax.faces.resource/primefaces.css?ln=primefaces&v=4.0 HTTP/1.1" 304 -
201.245.192.253 - - [21/Dec/2022:10:05:37 -0500] "GET /sipse/faces/javax.faces.resource/jquery/jquery.js?ln=primefaces&v=4.0 HTTP/1.1" 304 -
201.245.192.253 - - [21/Dec/2022:10:05:37 -0500] "GET /sipse/faces/javax.faces.resource/primefaces.js?ln=primefaces&v=4.0 HTTP/1.1" 304 -
201.245.192.253 - - [21/Dec/2022:10:05:37 -0500] "GET /sipse/faces/javax.faces.resource/jquery/jquery-plugins.js?ln=primefaces&v=4.0 HTTP/1.1" 304 -
201.245.192.253 - - [21/Dec/2022:10:05:37 -0500] "GET /sipse/faces/javax.faces.resource/layout/layout.js?ln=primefaces&v=4.0 HTTP/1.1" 304 -
172.22.2.1 - - [21/Dec/2022:10:05:46 -0500] "GET /reportes_sipse/sdg/ServletViabilidad?reporte=memo_viabilidad&solicitud=19881 HTTP/1.1" 200 1538
201.245.192.253 - - [21/Dec/2022:10:05:57 -0500] "GET /favicon.ico HTTP/1.1" 200 7782
201.245.192.253 - - [21/Dec/2022:10:06:05 -0500] "POST /sipse/faces/autenticacion.xhtml HTTP/1.1" 200 2228
201.245.192.253 - - [21/Dec/2022:10:06:05 -0500] "GET /sipse/faces/javax.faces.resource/messages/messages.png?ln=primefaces&v=4.0 HTTP/1.1" 304 -
201.245.192.253 - - [21/Dec/2022:10:06:05 -0500] "POST /sipse/faces/autenticacion.xhtml HTTP/1.1" 200 2228
201.245.192.253 - - [21/Dec/2022:10:06:06 -0500] "GET /sipse/faces/javax.faces.resource/images/ui-icons_898989_256x240.png?ln=primefaces-aristo HTTP/1.1" 304 -
201.245.192.253 - - [21/Dec/2022:10:06:07 -0500] "POST /sipse/faces/autenticacion.xhtml HTTP/1.1" 200 16313
201.245.192.253 - - [21/Dec/2022:10:06:07 -0500] "GET /sipse/faces/javax.faces.resource/theme.css?ln=primefaces-sipse HTTP/1.1" 304 -
201.245.192.253 - - [21/Dec/2022:10:06:07 -0500] "GET /sipse/faces/javax.faces.resource/layout/layout.css?ln=primefaces&v=4.0 HTTP/1.1" 304 -
201.245.192.253 - - [21/Dec/2022:10:06:07 -0500] "GET /sipse/faces/javax.faces.resource/primefaces.css?ln=primefaces&v=4.0 HTTP/1.1" 304 -
201.245.192.253 - - [21/Dec/2022:10:06:07 -0500] "GET /sipse/faces/javax.faces.resource/jquery/jquery.js?ln=primefaces&v=4.0 HTTP/1.1" 304 -
201.245.192.253 - - [21/Dec/2022:10:06:07 -0500] "GET /sipse/faces/javax.faces.resource/jquery/jquery-plugins.js?ln=primefaces&v=4.0 HTTP/1.1" 304 -
201.245.192.253 - - [21/Dec/2022:10:06:07 -0500] "GET /sipse/faces/javax.faces.resource/primefaces.js?ln=primefaces&v=4.0 HTTP/1.1" 304 -
201.245.192.253 - - [21/Dec/2022:10:06:07 -0500] "GET /sipse/faces/javax.faces.resource/layout/layout.js?ln=primefaces&v=4.0 HTTP/1.1" 304 -
201.245.192.253 - - [21/Dec/2022:10:06:07 -0500] "GET /sipse/css/imagen/contrasena.png HTTP/1.1" 404 383
201.245.192.253 - - [21/Dec/2022:10:06:10 -0500] "POST /sipse/faces/bienvenido.xhtml HTTP/1.1" 200 2658
201.245.192.253 - - [21/Dec/2022:10:06:10 -0500] "GET /sipse/faces/javax.faces.resource/images/ui-bg_flat_0_2d5972_40x100.png?ln=primefaces-aristo HTTP/1.1" 304 -
201.245.192.253 - - [21/Dec/2022:10:06:11 -0500] "POST /sipse/faces/bienvenido.xhtml HTTP/1.1" 200 66495
201.245.192.253 - - [21/Dec/2022:10:06:13 -0500] "GET /sipse/faces/javax.faces.resource/theme.css?ln=primefaces-sipse HTTP/1.1" 304 -
201.245.192.253 - - [21/Dec/2022:10:06:13 -0500] "GET /sipse/faces/javax.faces.resource/primefaces.css?ln=primefaces&v=4.0 HTTP/1.1" 304 -
201.245.192.253 - - [21/Dec/2022:10:06:13 -0500] "GET /sipse/faces/javax.faces.resource/layout/layout.css?ln=primefaces&v=4.0 HTTP/1.1" 304 -
201.245.192.253 - - [21/Dec/2022:10:06:13 -0500] "GET /sipse/faces/javax.faces.resource/jquery/jquery.js?ln=primefaces&v=4.0 HTTP/1.1" 304 -
201.245.192.253 - - [21/Dec/2022:10:06:13 -0500] "GET /sipse/faces/javax.faces.resource/jquery/jquery-plugins.js?ln=primefaces&v=4.0 HTTP/1.1" 304 -
201.245.192.253 - - [21/Dec/2022:10:06:13 -0500] "GET /sipse/faces/javax.faces.resource/primefaces.js?ln=primefaces&v=4.0 HTTP/1.1" 304 -
201.245.192.253 - - [21/Dec/2022:10:06:13 -0500] "GET /sipse/faces/javax.faces.resource/layout/layout.js?ln=primefaces&v=4.0 HTTP/1.1" 304 -
201.245.192.253 - - [21/Dec/2022:10:06:13 -0500] "POST /sipse/faces/presentacion/financiero/solicitudProceso/listarSolicitudProceso.xhtml HTTP/1.1" 200 1556
172.22.2.1 - - [21/Dec/2022:10:06:22 -0500] "GET /reportes_sipse/sdg/ServletViabilidad?reporte=memo_viabilidad&solicitud=19882 HTTP/1.1" 200 1538
201.245.192.253 - - [21/Dec/2022:10:06:23 -0500] "POST /sipse/faces/presentacion/financiero/solicitudProceso/listarSolicitudProceso.xhtml HTTP/1.1" 200 42829
201.245.192.253 - - [21/Dec/2022:10:06:24 -0500] "POST /sipse/faces/presentacion/financiero/solicitudProceso/listarSolicitudProceso.xhtml HTTP/1.1" 200 42902
201.245.192.253 - - [21/Dec/2022:10:06:27 -0500] "POST /sipse/faces/presentacion/financiero/solicitudProceso/listarSolicitudProceso.xhtml HTTP/1.1" 200 36800
172.22.2.1 - - [21/Dec/2022:10:06:34 -0500] "GET /reportes_sipse/sdg/ServletViabilidad?reporte=memo_viabilidad&solicitud=19883 HTTP/1.1" 200 1538
201.245.192.253 - - [21/Dec/2022:10:06:35 -0500] "POST /sipse/faces/presentacion/financiero/solicitudProceso/listarSolicitudProceso.xhtml HTTP/1.1" 200 15217
45.79.181.179 - - [21/Dec/2022:10:06:36 -0500] "\x16\x03\x01" 400 226
69.172.75.39 - - [21/Dec/2022:10:06:38 -0500] "POST /jscripts/tiny_mce/plugins/ajaxfilemanager/ajax_create_folder.php HTTP/1.1" 404 1035
172.22.2.4 - - [21/Dec/2022:10:05:04 -0500] "HEAD /BLA/boletinlegal/ HTTP/1.1" 200 -
172.22.2.1 - - [21/Dec/2022:10:06:45 -0500] "GET /reportes_sipse/sdg/ServletViabilidad?reporte=memo_viabilidad&solicitud=19978 HTTP/1.1" 200 1538
201.245.192.253 - - [21/Dec/2022:10:06:51 -0500] "POST /sipse/faces/presentacion/financiero/solicitudProceso/listarSolicitudProceso.xhtml HTTP/1.1" 200 36800
201.245.192.253 - - [21/Dec/2022:10:06:52 -0500] "POST /sipse/faces/presentacion/financiero/solicitudProceso/listarSolicitudProceso.xhtml HTTP/1.1" 200 36800
172.22.2.1 - - [21/Dec/2022:10:06:55 -0500] "GET /reportes_sipse/sdg/ServletViabilidad?reporte=memo_viabilidad&solicitud=19908 HTTP/1.1" 200 1538
201.245.192.253 - - [21/Dec/2022:10:06:59 -0500] "POST /sipse/faces/presentacion/financiero/solicitudProceso/listarSolicitudProceso.xhtml HTTP/1.1" 200 42829
201.245.192.253 - - [21/Dec/2022:10:07:00 -0500] "POST /sipse/faces/presentacion/financiero/solicitudProceso/listarSolicitudProceso.xhtml HTTP/1.1" 200 42898
201.245.192.253 - - [21/Dec/2022:10:07:02 -0500] "POST /sipse/faces/presentacion/financiero/solicitudProceso/listarSolicitudProceso.xhtml HTTP/1.1" 200 36800
201.245.192.253 - - [21/Dec/2022:10:07:03 -0500] "POST /sipse/faces/presentacion/financiero/solicitudProceso/listarSolicitudProceso.xhtml HTTP/1.1" 200 15212
172.22.2.1 - - [21/Dec/2022:10:07:05 -0500] "GET /reportes_sipse/sdg/ServletViabilidad?reporte=memo_viabilidad&solicitud=19977 HTTP/1.1" 200 1538
191.108.41.61 - - [21/Dec/2022:10:07:07 -0500] "GET /kwssiamovil/sm/acme/a?s=U2FsdGVkX18CiudnTJMW2ePO935Ap91liCw9zI+UqAk/iSAJ9WJvApy4P3K2nV6Dk4kTmy37Hy205aH4+DNHOQV4ux4OI9P4mJ6Y6dwiXWvtnvFkWUtdtYg2EgT0IAu8tKDNgs1DvG+/S7xnZ02dZIQ4X59Xf8R+j7q+CK4GaMWSCn2KRO9ICTV4PgTaqvhpQosxtfOEMyvgSD7IqseiAOThfshyxtZP8ZdwBMz9WjEw1wD7RwHaKrB30xJb27LQjs0LDs2KEs5cF6HFNz9Qyg==&u=U2FsdGVkX1/Oj19eRHCsNMhxWC+gT+MIqKmWsimNsFc=&y=U2FsdGVkX1+v0HQrvtAiq1bV55IUL7bVeL/8PyorVWfScQCn1EpZyoLOvVpd8F/S HTTP/1.1" 200 26
191.108.41.61 - - [21/Dec/2022:10:07:08 -0500] "GET /kwssiamovil/sm/acme/a?s=U2FsdGVkX19So8pBz9rwFH84TX3xBlK8oZzquOzFluKJ7yqXkahXLvJh72+CboecAjtNeEczR9/O6zuOtuXx2qv8pvwGaEtaP+2pg32TTAZkINwQEj66ybAV5x5+cUnp387Gn6uvO9kjGnNTb9U6zds7EQKTQovkEQgfmmlIMatAkxGDsqb3fyZSe1ZgxZrjtbi80ao8wihfTFIOIuYpVDtb2NzTv77EnVLkAdx3lg85qrJLZMZmUF1/SEoRuE4h9FzPZCWa9EdqEyK4nDiSSUGRsEerkldxiT7EbneQagwsg/gAt4zfGy0Q6seHUeaudZ+q9YdDtgqZNnivGTVvt4+bbJYoz6TtAIBTj7WoU2H18Rv4PexM/sNYuv5SrJHu/7w9VG4JrG1sBIguetRj5vVW1E5eXUswyflDgKspmrtrkHCooWh5A69vmqoNi0YC7HrzwtkfGctsp9C9BeZAmv1xF3YQ0L7gmBpYOvUEjvDvic1JX8w0W6ykKviJcCwiySYp5hgvMB12YyOYv8g6D9ie96bQsYgP5ZymB+VaotLWwxz3pzXv3hSzy0+v8TqSxPJIX5A+aKV8WieA7xxNXUU9AqGTsTrI8MkaH8FUkZUaNFXHwsy42DkCD2feDKtb1LexS1FcZVfhA1ByQuS7CHiDbBDOxOHw89Oc6CFlt599ZU5esCuJfH39ftCug8NPAOpMvBqUZZGQfg/efJ44Vc5hkMU8eipexoK+9eyEc/eecnnfgWluQh/eItrOxWJe83EObRup62/RgTu7Zg7YeymjZ3W6MhMopQNw/YL96sh3OQfAfpWGF8dD2bFzLLT8K4nadRDk62SI5ikuYIkvpaQ6F1IXIp3JMGRzHS9i69y0PycL96VozqWTanmwEwIKySHRjPKgG/WpOgQXFjqGdpwpHUz8KRhrg3Am8OPBhdIuj7D+UjfAZuv+XEqV3WdggzmB9c7GbvofrzLZ7Ch1/DYD1Awo7QDuI78lGpCzoV47MTBvrPWjTnByC7ewj1atuXQunkjydcxMURIB2gzsgM6MwKWj6EExNByUk8aG8UToAC3CqRvvigRIVlPWnWPdTlWP+fwvCI1BBSQZ4Y5ISO7DHlPuJC81zJeCLS1nRC550tPeKw3tq1Iw6kWoSEwv2ytSiJ5enss96WRdpcoARU1HRRJB1IhukmWRGtPQwn2t+BMePKlzn0ZNmZ/fgxc2VAX8yrzcsCanCJqED7TUxGq6QDVccgBfwtQ3ABe66a/xz1pDVDssNztuR0+nuri04pBoEIQrUynZdBsnnt8OD7ZZqyoE66rRewHyB1vS+0vqRyf4vs3Mv/7h4P94p4YRr497N3jjSZfaonRdTiLxn2BkFZE1SaErUm2+3WHRx9YcXSPPIWlHi9vJvzUlO6B6jQ2w2uEfcHxlgUJgZ+mZiZ5t84IgQLNtkrEd5AO1ocOQjpZhO7WFudkgzuYQwe2jFZ4PCSfIklPpoGXU8Z0zMs+2DNuQPKWeE9jX6rABAbKuXNWy88T5oBetah9TyhXKKxRFbZsf8ZbXwdT4Pnu7D9+zdcRNtFybPwiklCQuH1lTvezUMSP1hGyRTZ4q+iCVawo4ahsrc191oLfbJNwCfKbkaqmRihhf659AKkYgXAYyuuM385btnSl8q81jWEud/oQhABdpa0qW2jaXHSlD6oAYvIJLz/4egmeoztH9E3uGaezUwJRtLoz02cXgm/Qjbf/nxPQhmLRrttP2SYhfaw==&u=U2FsdGVkX1/Oj19eRHCsNMhxWC+gT+MIqKmWsimNsFc=&y=U2FsdGVkX1+v0HQrvtAiq1bV55IUL7bVeL/8PyorVWfScQCn1EpZyoLOvVpd8F/S HTTP/1.1" 200 26
191.108.41.61 - - [21/Dec/2022:10:07:08 -0500] "GET /kwssiamovil/sm/acme/a?s=U2FsdGVkX18J5SHgWHL7HWuadhypQSCuXPo5uQK2Y4w81B34WiwsCskQboROWjAKd/d3Fycv8w+Sys6zkPgcZHbfIZ2l5GN8HoLNN0bN2gEWIUt+0I2u0qxET6xkaeDeeQti1SgD1sH+kDwrnhDvlJWPW7CAW2mDqq0icrW9CrA=&u=U2FsdGVkX1/Oj19eRHCsNMhxWC+gT+MIqKmWsimNsFc=&y=U2FsdGVkX1+v0HQrvtAiq1bV55IUL7bVeL/8PyorVWfScQCn1EpZyoLOvVpd8F/S HTTP/1.1" 200 26
191.108.41.61 - - [21/Dec/2022:10:07:08 -0500] "GET /kwssiamovil/sm/acme/a?s=U2FsdGVkX18cyIG31Pxfvd+8MRGXy31yqR4QIJ8XYYDbY2ij6FULfC4lhTtmgBRWUqi/Ar5V9ejBKX7iUjI5sqFRyvS7Gb+7bYGWK72RuaNRSU7yJN59pZy71b5TfDKTP7HGZxsq6h0rL3dEJYqJ5bbORTg6pQQRGTu2Wkp3di8=&u=U2FsdGVkX1/Oj19eRHCsNMhxWC+gT+MIqKmWsimNsFc=&y=U2FsdGVkX1+v0HQrvtAiq1bV55IUL7bVeL/8PyorVWfScQCn1EpZyoLOvVpd8F/S HTTP/1.1" 200 26
191.108.41.61 - - [21/Dec/2022:10:07:08 -0500] "GET /kwssiamovil/sm/acme/a?s=U2FsdGVkX1+CeI4/G2c+smzMKSJtpZZljDOaAZH00JOrtXyqoU/ftFjyAmLjag2w7vJZmEHx1ampo/KbC/D97mQTufU+JDbJigQnK47V1iBWpvwZYCVKVJETDTn3Qb87H/8SExIwTJ7xFY6+u6Khytdvcp1CCD79fcfq52kLfyw=&u=U2FsdGVkX1/Oj19eRHCsNMhxWC+gT+MIqKmWsimNsFc=&y=U2FsdGVkX1+v0HQrvtAiq1bV55IUL7bVeL/8PyorVWfScQCn1EpZyoLOvVpd8F/S HTTP/1.1" 200 26
191.108.41.61 - - [21/Dec/2022:10:07:08 -0500] "GET /kwssiamovil/sm/acme/a?s=U2FsdGVkX181DMeQGvlo82zzeLg6dQtJnFhqdhpU40kFA+ewj+vYSh3Gq6lT5TTUdP0U5J1n5Va6hUyO5oWEXl6Qvi9WKAyIp9SWiu+CuSSbhQuimOJoznx6UHzR9Bd0M57SN5REElLG0lSQA+bJU8DNWaVNUbn99eeMEXIOU3xFeYgk53M0QCvWVO0fHN/s&u=U2FsdGVkX1/Oj19eRHCsNMhxWC+gT+MIqKmWsimNsFc=&y=U2FsdGVkX1+v0HQrvtAiq1bV55IUL7bVeL/8PyorVWfScQCn1EpZyoLOvVpd8F/S HTTP/1.1" 200 26
191.108.41.61 - - [21/Dec/2022:10:07:09 -0500] "GET /kwssiamovil/sm/acme/a?s=U2FsdGVkX1/+J61vsYk7644dms4o0zSt8Lwk4busRI1w0ERzmakGgpENn0rDpcTzcS2HkqrkL6O5Zu8b8cPILhFJHED26HAO2bkggPT6R7vI6pnIiv0M5b8ysDLR3YISwZ8IQnqqAaS9JNeydMGCRG7eQyOcbHKN++5oRgK/x9YzropW79f1Ru6lmtNTp+zsOx+3lRgegqBLRYPpG5npexia/D6TFwtYjdJuXiBG/I4xavBzqyQO8o5j6JPtmujlZeJujG4yInLSR44HVmwgj8hoTkBuj5Bn16tfWkBObVg0Fiq1GPmHROWoe7WGihN2VcExjjL+okAi8NF0c2C/mA==&u=U2FsdGVkX1/Oj19eRHCsNMhxWC+gT+MIqKmWsimNsFc=&y=U2FsdGVkX1+v0HQrvtAiq1bV55IUL7bVeL/8PyorVWfScQCn1EpZyoLOvVpd8F/S HTTP/1.1" 200 25
191.108.41.61 - - [21/Dec/2022:10:07:09 -0500] "GET /kwssiamovil/sm/acme/a?s=U2FsdGVkX1+X5lDAsM4soYO3ADwlNzCI12nP4wGB7aUcJmaYGauFaMPwNNlD/eUrX+4RfyYauE1OmN6YYxDdaENB62cGMtdCLFU0VCIFY+KgMFdVqb9v5Z9IE0R1l9Lapf4w9+RhAs7HeutLFl7QCFsGYVq+LwbEgNvFsnla+w1E/dpryGBanrI49CgugYoBjcqlAHReL2n7cedUKAbkJAkvjqZdMFCWdvkNofzyqhADm04UBhIBg2S8to9xy/UZpu3I2GXO36cOkv5SUnJ/zY8zE9uCyYmWZiUHsmaHH3Q=&u=U2FsdGVkX1/Oj19eRHCsNMhxWC+gT+MIqKmWsimNsFc=&y=U2FsdGVkX1+v0HQrvtAiq1bV55IUL7bVeL/8PyorVWfScQCn1EpZyoLOvVpd8F/S HTTP/1.1" 200 25
201.245.192.253 - - [21/Dec/2022:10:07:09 -0500] "POST /kwsrmcab/Wsrmcab  HTTP/1.1" 200 44094
172.22.2.1 - - [21/Dec/2022:10:07:16 -0500] "GET /reportes_sipse/sdg/ServletViabilidad?reporte=memo_viabilidad&solicitud=19979 HTTP/1.1" 200 1538
172.22.2.1 - - [21/Dec/2022:10:07:25 -0500] "GET /reportes_sipse/sdg/ServletViabilidad?reporte=memo_viabilidad&solicitud=19907 HTTP/1.1" 200 1538
69.172.75.39 - - [21/Dec/2022:10:07:28 -0500] "POST /templates/default/js/tiny_mce/plugins/ajaxfilemanager/ajax_create_folder.php HTTP/1.1" 404 1035
172.22.2.4 - - [21/Dec/2022:10:05:54 -0500] "GET /BLA/boletinlegal/ HTTP/1.1" 200 51248
172.22.2.4 - - [21/Dec/2022:10:07:35 -0500] "GET /BLA/boletinlegal/conceptos.php HTTP/1.1" 200 7450
172.22.2.1 - - [21/Dec/2022:10:07:35 -0500] "GET /reportes_sipse/sdg/ServletViabilidad?reporte=memo_viabilidad&solicitud=19906 HTTP/1.1" 200 1538
172.22.2.4 - - [21/Dec/2022:10:07:36 -0500] "GET /BLA/boletinlegal/consulta_conceptos.php?no=&solicitante=&radicado_entrada=&fecha_concepto=2022&objeto= HTTP/1.1" 200 32316
172.22.2.1 - - [21/Dec/2022:10:07:47 -0500] "GET /reportes_sipse/sdg/ServletViabilidad?reporte=memo_viabilidad&solicitud=19905 HTTP/1.1" 200 1538
69.172.75.39 - - [21/Dec/2022:10:07:58 -0500] "POST /js/tiny_mce/plugins/ajaxfilemanager/ajax_create_folder.php HTTP/1.1" 404 1035
172.22.2.1 - - [21/Dec/2022:10:07:59 -0500] "GET /reportes_sipse/sdg/ServletViabilidad?reporte=memo_viabilidad&solicitud=19904 HTTP/1.1" 200 1538
172.22.2.4 - - [21/Dec/2022:10:07:33 -0500] "GET /BLA/boletinlegal/ HTTP/1.1" 200 24523
201.245.188.148 - - [21/Dec/2022:10:08:00 -0500] "GET /BLA/boletinlegal/admin/ HTTP/1.1" 200 17447
201.245.188.148 - - [21/Dec/2022:10:08:17 -0500] "GET /BLA/boletinlegal/admin/index_files/index_files/tback.gif HTTP/1.1" 404 1334
114.119.156.31 - - [21/Dec/2022:10:08:26 -0500] "GET /BLA/resoluciones/AUTOS%202016/1891.pdf HTTP/1.1" 200 372854
201.245.188.148 - - [21/Dec/2022:10:08:30 -0500] "GET /css/global/buttons.css HTTP/1.1" 404 1324
201.245.188.148 - - [21/Dec/2022:10:08:30 -0500] "GET /BLA/boletinlegal/admin/conceptos/ingresar.php HTTP/1.1" 200 32373
114.119.131.92 - - [21/Dec/2022:10:08:39 -0500] "GET /BLA/resoluciones/AUTOS%202014/2246.pdf HTTP/1.1" 200 2432969
216.245.221.92 - - [21/Dec/2022:10:08:40 -0500] "HEAD / HTTP/1.1" 200 -
201.245.188.148 - - [21/Dec/2022:10:08:42 -0500] "GET /BLA/boletinlegal/admin/conceptos/setvaluef.php?month=12&year=2022 HTTP/1.1" 200 3293
186.29.57.188 - - [21/Dec/2022:10:08:43 -0500] "GET /BLA/resoluciones/ HTTP/1.1" 200 13502
186.29.57.188 - - [21/Dec/2022:10:08:43 -0500] "GET /BLA/resoluciones/dlf/styles.css HTTP/1.1" 200 3049
186.29.57.188 - - [21/Dec/2022:10:08:43 -0500] "GET /BLA/resoluciones/dlf/folder.png HTTP/1.1" 200 410
186.29.57.188 - - [21/Dec/2022:10:08:43 -0500] "GET /BLA/resoluciones/dlf/bg.gif HTTP/1.1" 200 54
186.29.57.188 - - [21/Dec/2022:10:08:43 -0500] "GET /favicon.ico HTTP/1.1" 200 7782
186.29.57.188 - - [21/Dec/2022:10:08:50 -0500] "GET /BLA/resoluciones/dlf/pdf.gif HTTP/1.1" 200 272
186.29.57.188 - - [21/Dec/2022:10:08:50 -0500] "GET /BLA/resoluciones/dlf/dirup.png HTTP/1.1" 200 644
186.29.57.188 - - [21/Dec/2022:10:08:50 -0500] "GET /BLA/resoluciones/index.php?dir=AUTOS+2022%2F HTTP/1.1" 200 394296
69.172.75.39 - - [21/Dec/2022:10:08:55 -0500] "POST /plugins/tinymce/plugins/ajaxfilemanager/ajax_create_folder.php HTTP/1.1" 404 1035
186.29.57.188 - - [21/Dec/2022:10:08:56 -0500] "GET /BLA/resoluciones/AUTOS%202022/1569.pdf HTTP/1.1" 200 613145
201.245.188.148 - - [21/Dec/2022:10:09:02 -0500] "GET /BLA/boletinlegal/admin/conceptos/setvalued.php?month=12&year=2022 HTTP/1.1" 200 3293
201.245.188.148 - - [21/Dec/2022:10:09:08 -0500] "POST /BLA/boletinlegal/admin/conceptos/ingresar.php HTTP/1.1" 200 32466
201.245.188.148 - - [21/Dec/2022:10:09:08 -0500] "GET /css/global/buttons.css HTTP/1.1" 404 1324
172.22.2.4 - - [21/Dec/2022:10:09:13 -0500] "GET /BLA/boletinlegal/consulta_conceptos.php?no=&solicitante=&radicado_entrada=&fecha_concepto=2022&objeto= HTTP/1.1" 200 32919
114.119.159.33 - - [21/Dec/2022:10:09:50 -0500] "GET /Autoliquidacion/index.php?dir=Cobro%2BEvaluacion%2BCertificaci%C3%83%C2%AF%C3%82%C2%BF%C3%82%C2%BDn%2BPara%2BLa%2BDeducci%C3%83%C2%AF%C3%82%C2%BF%C3%82%C2%BDn%2BPor%2BInversi%C3%83%C2%AF%C3%82%C2%BF%C3%82%C2%BDn%2BEn%2BMedio%2BAmbiente/&sort=date&order=asc HTTP/1.1" 200 7123
31.13.115.1 - - [21/Dec/2022:10:10:18 -0500] "GET /images/cr\xc3\xb3nica-29-nov-1_optimized.jpeg HTTP/1.1" 404 1034
181.53.13.137 - - [21/Dec/2022:10:11:14 -0500] "GET /BLA/resoluciones/ HTTP/1.1" 200 13502
172.22.2.4 - - [21/Dec/2022:10:11:17 -0500] "GET /BLA/boletinlegal/actos.php HTTP/1.1" 200 9566
172.22.2.4 - - [21/Dec/2022:10:11:17 -0500] "GET /BLA/boletinlegal/js/jquery1.js HTTP/1.1" 200 29846
172.22.2.4 - - [21/Dec/2022:10:11:17 -0500] "GET /BLA/boletinlegal/images/tel.png HTTP/1.1" 200 14477
172.22.2.4 - - [21/Dec/2022:10:11:17 -0500] "GET /BLA/boletinlegal/img/select-right.png HTTP/1.1" 200 44019
172.22.2.4 - - [21/Dec/2022:10:11:17 -0500] "GET /BLA/boletinlegal/img/button-left.png HTTP/1.1" 200 57071
172.22.2.4 - - [21/Dec/2022:10:11:17 -0500] "GET /BLA/boletinlegal/img/button.png HTTP/1.1" 200 43241
172.22.2.4 - - [21/Dec/2022:10:11:17 -0500] "GET /BLA/boletinlegal/favicon.ico HTTP/1.1" 404 1326
172.22.2.4 - - [21/Dec/2022:10:11:17 -0500] "GET /BLA/boletinlegal/img/button-right.png HTTP/1.1" 200 57878
181.53.13.137 - - [21/Dec/2022:10:11:17 -0500] "GET /BLA/resoluciones/index.php?dir=RESOLUCIONES+2021%2F HTTP/1.1" 200 435222
200.118.88.35 - - [21/Dec/2022:10:11:21 -0500] "GET /BLA/resoluciones/ HTTP/1.1" 200 13502
172.22.2.4 - - [21/Dec/2022:10:11:22 -0500] "GET /BLA/boletinlegal/images/screen_3.png HTTP/1.1" 200 210620
172.22.2.4 - - [21/Dec/2022:10:11:22 -0500] "GET /BLA/boletinlegal/images/screen_5.png HTTP/1.1" 200 368876
172.22.2.4 - - [21/Dec/2022:10:11:22 -0500] "GET /BLA/boletinlegal/images/screen_2.png HTTP/1.1" 200 362502
114.119.145.36 - - [21/Dec/2022:10:11:22 -0500] "GET /BLA/resoluciones/RESOLUCIONES%202010/7021.pdf HTTP/1.1" 200 962174
181.53.13.137 - - [21/Dec/2022:10:11:31 -0500] "GET /BLA/resoluciones/RESOLUCIONES%202021/2735.pdf HTTP/1.1" 200 515688
87.250.224.55 - - [21/Dec/2022:10:11:32 -0500] "-" 408 -
186.28.227.60 - - [21/Dec/2022:10:11:38 -0500] "GET /BLA/boletinlegal/admin/conceptos/setvaluef.php?month=12&year=2022 HTTP/1.1" 200 3293
200.118.88.35 - - [21/Dec/2022:10:11:58 -0500] "GET /BLA/resoluciones/index.php?dir=AUTOS+2015%2F HTTP/1.1" 200 578300
186.28.227.60 - - [21/Dec/2022:10:12:01 -0500] "GET /BLA/boletinlegal/admin/conceptos/setvalued.php?month=12&year=2022 HTTP/1.1" 200 3293
186.28.227.60 - - [21/Dec/2022:10:12:06 -0500] "POST /BLA/boletinlegal/admin/conceptos/ingresar.php HTTP/1.1" 200 32466
186.28.227.60 - - [21/Dec/2022:10:12:06 -0500] "GET /css/global/buttons.css HTTP/1.1" 404 1324
201.245.192.253 - - [21/Dec/2022:10:12:09 -0500] "POST /kwsrmcab/Wsrmcab  HTTP/1.1" 200 44094
186.84.21.183 - - [21/Dec/2022:10:12:16 -0500] "POST /sipse/faces/presentacion/financiero/solicitudProceso/consultar.xhtml HTTP/1.1" 200 37350
186.84.21.183 - - [21/Dec/2022:10:12:16 -0500] "POST /sipse/faces/presentacion/financiero/solicitudProceso/consultar.xhtml HTTP/1.1" 200 37350
186.84.21.183 - - [21/Dec/2022:10:12:16 -0500] "POST /sipse/faces/presentacion/financiero/solicitudProceso/consultar.xhtml HTTP/1.1" 200 37350
172.22.2.1 - - [21/Dec/2022:10:12:27 -0500] "GET /reportes_sipse/sdg/ServletViabilidad?reporte=memo_viabilidad&solicitud=19903 HTTP/1.1" 200 1538
172.22.2.4 - - [21/Dec/2022:10:10:54 -0500] "HEAD /BLA/boletinlegal/ HTTP/1.1" 200 -
172.22.2.1 - - [21/Dec/2022:10:12:37 -0500] "GET /reportes_sipse/sdg/ServletViabilidad?reporte=memo_viabilidad&solicitud=19902 HTTP/1.1" 200 1538
172.22.2.1 - - [21/Dec/2022:10:12:47 -0500] "GET /reportes_sipse/sdg/ServletViabilidad?reporte=memo_viabilidad&solicitud=19901 HTTP/1.1" 200 1538
172.22.2.4 - - [21/Dec/2022:10:11:12 -0500] "GET /BLA/boletinlegal/ HTTP/1.1" 200 46778
172.22.2.1 - - [21/Dec/2022:10:12:58 -0500] "GET /reportes_sipse/sdg/ServletViabilidad?reporte=memo_viabilidad&solicitud=19898 HTTP/1.1" 200 1538
207.46.13.122 - - [21/Dec/2022:10:13:03 -0500] "GET / HTTP/1.1" 200 4720
186.102.78.110 - - [21/Dec/2022:10:13:10 -0500] "GET /kwssiamovil/sm/ldap/au?x=U2FsdGVkX18MEcgTM6+Waze57Qyfu5ExlDDdOfH4tCGJ81c+IwBEc+STMu7ho/rF&y=U2FsdGVkX1+QWmA2xxTbwrJtkfxyQLn9SkKAT7NiqJ0= HTTP/1.1" 200 30
186.102.78.110 - - [21/Dec/2022:10:13:11 -0500] "GET /kwssiamovil/sm/acme/s?s=U2FsdGVkX1+2v1K/ov7FV1yBi6mhtiQG648lXgKIOapUl5IsxqwtMZutyl42t8NGStFevSxfvqR0ncHXTvoo6Y6Lm9Pt6xsuVZD/VDwrraw=&u=U2FsdGVkX1929orVQpyQBbcKn7N1gmh6vAVv0Ys8NNw=&y=U2FsdGVkX1+QWmA2xxTbwrJtkfxyQLn9SkKAT7NiqJ0= HTTP/1.1" 200 97
186.102.78.110 - - [21/Dec/2022:10:13:11 -0500] "GET /kwssiamovil/sm/acme/s?s=U2FsdGVkX18mlyVO+WWKpqt09RYCcu8M6o1ow4ppkqkT7L5Oedqy6JUSfbVode/Y/IFRZ5DEIdPUC/J9AqSDowBL1AEz4UC80CMk8ItGn22vVfFVaTqslW1jBz3YZwS1GV0hI+O8I2zyYdjN3+cnd448oBLhABhC41t9JsNjN11mTA8+Zc+FLan2NxDni9PSbQjqSkvohCfAn1ao8h68lw0TA6VFND6KGOo0juJVu3cOJy9+sagNRzvKbgZhhmmQ0QJZS9a4iayecyolS09xokcvwL4fwkaUxuStBI+5GVO/wMkNRcG6C4WI4YSzL8xMEtAseRFS8RTjrD7pzfGNXMRlF1CQYp/ONGtaC9L/7chakGRnDO3ig9rUe6mwt+V/DqzJ1RQAlYiRWYjW4cQ7j1qhjuUWYHe/jnJ7P7uR42h1P7eQH1iD3EuwEWN7g3nD2ZBml7TDf2pjaBUVRXovf87mduhSvs4ahPy9RuZkusXNc5AOGLcwpeDUM7b0VcUVG4ugQ7CCqyIzoBXg7v14QJ+IXT2KDS1J20QVGXLvfFBcCaApRmCq6Okp7nAy3bmtRvrRjOCcomh7hP2jfxcuVi9VWhx594YqIiZQP0ix0km3rgiqPvRGfyLH2wP9xwaiSpSFf5oZ3dhFaF3slDc2OOuxf0M0+qtZ/omqI1jKJH2NeDGsmK1uhGNotBMuPr0362ZXGZTqY3YLjcT11mNtuZL13GfpyjJ9fUFwNvFhnohqX4njYVxhEHTkgDyfIOcYJdAz652z/Y7SYPCpPFX/N8YEDx1wNjZeS7LKaPuyoRHUd9e/4kdBCTODGF6zkostKhVeJA6iFb31hTiSnupOU60cKSh4FqjIKET5GU8VgJNaKmeviFZ8L5pY4Rq8hsvuy48AdUXiMxOrsXxDXewH4RWBmSGGF5bvxrbozU5vB2HPgxBnYPW94WlFgmCtglxShuEnP3op1dGzYvunseqhv36VmNrerRJ294KHu01fI3dxBU30SRDDMOOtwGWeL1rIx2IvRUoXNtz7SFUYbBTexVEBfiv+U0yn1Z7BRAmkCyA/mZ6v/l23tC86ISLy0cRyeSLqRr6NWOJdIh9M8HqlFd9NXWnIhqDRAtCJo/lzoxc0O/AZEoSRHAdFbCu49zfUopSAQWEJKvILTFu+T6DtH2gVQfxUWaCfP/Q1r2YaBs+kF6LSrIIGbt8syVJ+ehVbZZnZgr1zBG3SBHQD0EQWAk2yy2+BJZsgFlCmaqSHPknAVH5WDhPpCPcfzQ0P6YlN63Fy2jftrhnZeuYvyqiTxeLCEAne0oNL+STqU23qZudsgXacRA8g2uoBzYuhZKfkfJmwD4+sD+Gf0g0jM+jOOqpmTG5UhjsZChBwOS7wqdwx/WR0JhKT/UwpbuPgGeIc+VEddFoLsSeKP6RD6jCXDTDAp2o/ZlQin8bnMrx2KDM=&u=U2FsdGVkX1929orVQpyQBbcKn7N1gmh6vAVv0Ys8NNw=&y=U2FsdGVkX1+QWmA2xxTbwrJtkfxyQLn9SkKAT7NiqJ0= HTTP/1.1" 200 3084
186.102.78.110 - - [21/Dec/2022:10:13:11 -0500] "GET /kwssiamovil/sm/acme/s?s=U2FsdGVkX1/B+nifEc3F+X5tiSsL/AqcbZkCGsV1KfEzNY7HbAMvNJjo8OqoBE/wp9spWlJsBvF5fpXwq0D8sxakCsn8iKp3PQURRoQZGxgRd6kq/RTGrYlcz1hy0FNwS96d8Qj+MJouyX5kdKHIzyKp+0Xd5I2Nn8/CAwErEtqG/TJmidodB2bwRG1As6/LJc7KkcpHD38GMK4yEkfx33gP1ubvZ8mK2iXSiKagpKxpMEdBjwocSuyKyBfCDwF8wSVEip2klqMmOVRA62ElPFXUEew+3068s3KDzVi3RtH8JbUzXLQEZMS5ayy0pOkazEioTBLImDag8VGKSgjqQw==&u=U2FsdGVkX1929orVQpyQBbcKn7N1gmh6vAVv0Ys8NNw=&y=U2FsdGVkX1+QWmA2xxTbwrJtkfxyQLn9SkKAT7NiqJ0= HTTP/1.1" 200 196
186.102.78.110 - - [21/Dec/2022:10:13:11 -0500] "GET /kwssiamovil/sm/cjson/pre?f=1&x=U2FsdGVkX18MEcgTM6+Waze57Qyfu5ExlDDdOfH4tCGJ81c+IwBEc+STMu7ho/rF HTTP/1.1" 200 31032
172.22.2.1 - - [21/Dec/2022:10:13:14 -0500] "GET /reportes_sipse/sdg/ServletViabilidad?reporte=memo_viabilidad&solicitud=19899 HTTP/1.1" 200 1538
172.22.2.4 - - [21/Dec/2022:10:11:44 -0500] "GET /BLA/boletinlegal/ HTTP/1.1" 200 50855
172.22.2.1 - - [21/Dec/2022:10:13:27 -0500] "GET /reportes_sipse/sdg/ServletViabilidad?reporte=memo_viabilidad&solicitud=19895 HTTP/1.1" 200 1538
157.55.39.96 - - [21/Dec/2022:10:13:28 -0500] "GET /portaldeninos/home-2-3/feed/ HTTP/1.1" 200 793
172.22.2.1 - - [21/Dec/2022:10:13:37 -0500] "GET /reportes_sipse/sdg/ServletViabilidad?reporte=memo_viabilidad&solicitud=19896 HTTP/1.1" 200 1538
216.245.221.92 - - [21/Dec/2022:10:13:40 -0500] "HEAD / HTTP/1.1" 200 -
201.245.192.253 - - [21/Dec/2022:10:13:41 -0500] "GET /sipse/faces/faces/autenticacion.xhtml HTTP/1.1" 200 12508
201.245.192.253 - - [21/Dec/2022:10:13:42 -0500] "GET /sipse/faces/javax.faces.resource/layout/layout.css;jsessionid=19VJjvOG32DBNLvlNMC6D9kI.undefined?ln=primefaces&v=4.0 HTTP/1.1" 200 542
201.245.192.253 - - [21/Dec/2022:10:13:42 -0500] "GET /sipse/faces/javax.faces.resource/primefaces.css;jsessionid=19VJjvOG32DBNLvlNMC6D9kI.undefined?ln=primefaces&v=4.0 HTTP/1.1" 200 53295
201.245.192.253 - - [21/Dec/2022:10:13:42 -0500] "GET /sipse/css/custom_css_sg_prime_login.css HTTP/1.1" 200 443
201.245.192.253 - - [21/Dec/2022:10:13:42 -0500] "GET /sipse/css/custom_css_sg.css HTTP/1.1" 200 9694
201.245.192.253 - - [21/Dec/2022:10:13:42 -0500] "GET /sipse/faces/javax.faces.resource/jquery/jquery.js;jsessionid=19VJjvOG32DBNLvlNMC6D9kI.undefined?ln=primefaces&v=4.0 HTTP/1.1" 200 105384
201.245.192.253 - - [21/Dec/2022:10:13:42 -0500] "GET /sipse/faces/javax.faces.resource/layout/layout.js;jsessionid=19VJjvOG32DBNLvlNMC6D9kI.undefined?ln=primefaces&v=4.0 HTTP/1.1" 200 87560
201.245.192.253 - - [21/Dec/2022:10:13:42 -0500] "GET /sipse/faces/javax.faces.resource/jquery/jquery-plugins.js;jsessionid=19VJjvOG32DBNLvlNMC6D9kI.undefined?ln=primefaces&v=4.0 HTTP/1.1" 200 220526
201.245.192.253 - - [21/Dec/2022:10:13:42 -0500] "GET /sipse/faces/javax.faces.resource/theme.css?ln=primefaces-sipse HTTP/1.1" 200 50058
201.245.192.253 - - [21/Dec/2022:10:13:42 -0500] "GET /sipse/faces/javax.faces.resource/primefaces.js;jsessionid=19VJjvOG32DBNLvlNMC6D9kI.undefined?ln=primefaces&v=4.0 HTTP/1.1" 200 276924
172.22.2.4 - - [21/Dec/2022:10:13:45 -0500] "GET /BLA/boletinlegal/images/cabezote%20BLEGAL.jpg HTTP/1.1" 200 118164
172.22.2.1 - - [21/Dec/2022:10:13:47 -0500] "GET /reportes_sipse/sdg/ServletViabilidad?reporte=memo_viabilidad&solicitud=19900 HTTP/1.1" 200 1538
172.22.2.1 - - [21/Dec/2022:10:14:00 -0500] "GET /reportes_sipse/sdg/ServletViabilidad?reporte=memo_viabilidad&solicitud=19993 HTTP/1.1" 200 1538
172.22.2.4 - - [21/Dec/2022:10:14:04 -0500] "GET /BLA/boletinlegal/consulta_conceptos.php?no=&solicitante=&radicado_entrada=&fecha_concepto=2022&objeto= HTTP/1.1" 200 33282
201.245.192.253 - - [21/Dec/2022:10:14:09 -0500] "GET /sipse/js/disable_browser_buttons.js HTTP/1.1" 304 -
201.245.192.253 - - [21/Dec/2022:10:14:09 -0500] "GET /sipse/js/funciones.js HTTP/1.1" 304 -
172.22.2.1 - - [21/Dec/2022:10:14:10 -0500] "GET /reportes_sipse/sdg/ServletViabilidad?reporte=memo_viabilidad&solicitud=19894 HTTP/1.1" 200 1538
201.245.192.253 - - [21/Dec/2022:10:14:15 -0500] "GET /sipse/css/imagen/logoSDG.png HTTP/1.1" 200 53064
201.245.192.253 - - [21/Dec/2022:10:14:17 -0500] "GET /sipse/faces/javax.faces.resource/images/ui-icons_898989_256x240.png?ln=primefaces-aristo HTTP/1.1" 200 5355
201.245.192.253 - - [21/Dec/2022:10:14:17 -0500] "GET /sipse/css/imagen/loginimg.png HTTP/1.1" 200 71635
201.245.192.253 - - [21/Dec/2022:10:14:17 -0500] "GET /favicon.ico HTTP/1.1" 200 7782
201.245.192.253 - - [21/Dec/2022:10:14:20 -0500] "GET /sipse/faces/faces/index.xhtml HTTP/1.1" 200 677
201.245.192.253 - - [21/Dec/2022:10:14:20 -0500] "GET /sipse/faces/javax.faces.resource/theme.css?ln=primefaces-sipse HTTP/1.1" 304 -
201.245.192.253 - - [21/Dec/2022:10:14:21 -0500] "GET /sipse/faces/faces/faces/autenticacion.xhtml HTTP/1.1" 200 12186
201.245.192.253 - - [21/Dec/2022:10:14:22 -0500] "GET /sipse/faces/javax.faces.resource/theme.css?ln=primefaces-sipse HTTP/1.1" 304 -
201.245.192.253 - - [21/Dec/2022:10:14:23 -0500] "GET /sipse/faces/javax.faces.resource/layout/layout.css?ln=primefaces&v=4.0 HTTP/1.1" 200 542
201.245.192.253 - - [21/Dec/2022:10:14:23 -0500] "GET /sipse/faces/javax.faces.resource/primefaces.css?ln=primefaces&v=4.0 HTTP/1.1" 200 53295
201.245.192.253 - - [21/Dec/2022:10:14:24 -0500] "GET /sipse/faces/javax.faces.resource/jquery/jquery.js?ln=primefaces&v=4.0 HTTP/1.1" 304 -
201.245.192.253 - - [21/Dec/2022:10:14:24 -0500] "GET /sipse/faces/javax.faces.resource/jquery/jquery-plugins.js?ln=primefaces&v=4.0 HTTP/1.1" 304 -
201.245.192.253 - - [21/Dec/2022:10:14:24 -0500] "GET /sipse/faces/javax.faces.resource/primefaces.js?ln=primefaces&v=4.0 HTTP/1.1" 304 -
201.245.192.253 - - [21/Dec/2022:10:14:24 -0500] "GET /sipse/faces/javax.faces.resource/layout/layout.js?ln=primefaces&v=4.0 HTTP/1.1" 304 -
201.245.192.253 - - [21/Dec/2022:10:14:25 -0500] "GET /sipse/faces/javax.faces.resource/images/ui-icons_898989_256x240.png?ln=primefaces-aristo HTTP/1.1" 304 -
201.245.192.253 - - [21/Dec/2022:10:14:31 -0500] "POST /sipse/faces/autenticacion.xhtml HTTP/1.1" 200 2228
201.245.192.253 - - [21/Dec/2022:10:14:32 -0500] "GET /sipse/faces/javax.faces.resource/messages/messages.png?ln=primefaces&v=4.0 HTTP/1.1" 200 27209
201.245.192.253 - - [21/Dec/2022:10:14:34 -0500] "POST /sipse/faces/autenticacion.xhtml HTTP/1.1" 200 16315
201.245.192.253 - - [21/Dec/2022:10:14:35 -0500] "GET /sipse/css/custom_css_sg_prime.css HTTP/1.1" 304 -
201.245.192.253 - - [21/Dec/2022:10:14:36 -0500] "GET /sipse/js/jquery.min.js HTTP/1.1" 304 -
201.245.192.253 - - [21/Dec/2022:10:14:37 -0500] "GET /sipse/faces/javax.faces.resource/jquery/jquery.js?ln=primefaces&v=4.0 HTTP/1.1" 304 -
201.245.192.253 - - [21/Dec/2022:10:14:37 -0500] "GET /sipse/faces/javax.faces.resource/jquery/jquery-plugins.js?ln=primefaces&v=4.0 HTTP/1.1" 304 -
172.22.2.1 - - [21/Dec/2022:10:14:38 -0500] "GET /reportes_sipse/sdg/ServletViabilidad?reporte=memo_viabilidad&solicitud=19893 HTTP/1.1" 200 1538
201.245.192.253 - - [21/Dec/2022:10:14:39 -0500] "GET /sipse/faces/javax.faces.resource/primefaces.js?ln=primefaces&v=4.0 HTTP/1.1" 304 -
201.245.192.253 - - [21/Dec/2022:10:14:39 -0500] "GET /sipse/faces/javax.faces.resource/layout/layout.js?ln=primefaces&v=4.0 HTTP/1.1" 304 -
201.245.192.253 - - [21/Dec/2022:10:14:42 -0500] "POST /sipse/faces/bienvenido.xhtml HTTP/1.1" 200 732
201.245.192.253 - - [21/Dec/2022:10:14:43 -0500] "GET /sipse/imagenes/cargando.gif HTTP/1.1" 304 -
201.245.192.253 - - [21/Dec/2022:10:14:43 -0500] "GET /sipse/imagenes/logoAplicacion.jpg HTTP/1.1" 304 -
201.245.192.253 - - [21/Dec/2022:10:14:43 -0500] "GET /sipse/css/imagen/contrasena.png HTTP/1.1" 404 383
201.245.192.253 - - [21/Dec/2022:10:14:45 -0500] "POST /sipse/faces/bienvenido.xhtml HTTP/1.1" 200 2073
201.245.192.253 - - [21/Dec/2022:10:14:46 -0500] "GET /sipse/faces/javax.faces.resource/images/ui-bg_flat_0_2d5972_40x100.png?ln=primefaces-aristo HTTP/1.1" 304 -
201.245.192.253 - - [21/Dec/2022:10:14:48 -0500] "POST /sipse/faces/bienvenido.xhtml HTTP/1.1" 200 39056
172.22.2.1 - - [21/Dec/2022:10:14:48 -0500] "GET /reportes_sipse/sdg/ServletViabilidad?reporte=memo_viabilidad&solicitud=19988 HTTP/1.1" 200 1538
201.245.192.253 - - [21/Dec/2022:10:14:54 -0500] "GET /sipse/faces/javax.faces.resource/jquery/jquery.js?ln=primefaces&v=4.0 HTTP/1.1" 304 -
172.22.2.1 - - [21/Dec/2022:10:14:58 -0500] "GET /reportes_sipse/sdg/ServletViabilidad?reporte=memo_viabilidad&solicitud=19989 HTTP/1.1" 200 1538
201.245.192.253 - - [21/Dec/2022:10:15:01 -0500] "GET /sipse/faces/javax.faces.resource/jquery/jquery-plugins.js?ln=primefaces&v=4.0 HTTP/1.1" 304 -
201.245.192.253 - - [21/Dec/2022:10:15:01 -0500] "GET /sipse/faces/javax.faces.resource/primefaces.js?ln=primefaces&v=4.0 HTTP/1.1" 304 -
201.245.192.253 - - [21/Dec/2022:10:15:01 -0500] "GET /sipse/faces/javax.faces.resource/layout/layout.js?ln=primefaces&v=4.0 HTTP/1.1" 304 -
172.22.2.1 - - [21/Dec/2022:10:15:08 -0500] "GET /reportes_sipse/sdg/ServletViabilidad?reporte=memo_viabilidad&solicitud=19976 HTTP/1.1" 200 1538
201.245.192.253 - - [21/Dec/2022:10:15:09 -0500] "POST /sipse/faces/presentacion/financiero/solicitudProceso/consultar.xhtml HTTP/1.1" 200 12998
172.22.2.1 - - [21/Dec/2022:10:15:17 -0500] "GET /reportes_sipse/sdg/ServletViabilidad?reporte=memo_viabilidad&solicitud=19992 HTTP/1.1" 200 1538
201.245.192.253 - - [21/Dec/2022:10:15:20 -0500] "POST /sipse/faces/presentacion/financiero/solicitudProceso/consultar.xhtml HTTP/1.1" 200 124759
201.245.192.253 - - [21/Dec/2022:10:15:25 -0500] "GET /sipse/faces/javax.faces.resource/jquery/jquery.js?ln=primefaces&v=4.0 HTTP/1.1" 304 -
201.245.192.253 - - [21/Dec/2022:10:15:25 -0500] "GET /sipse/faces/javax.faces.resource/jquery/jquery-plugins.js?ln=primefaces&v=4.0 HTTP/1.1" 304 -
201.245.192.253 - - [21/Dec/2022:10:15:25 -0500] "GET /sipse/faces/javax.faces.resource/primefaces.js?ln=primefaces&v=4.0 HTTP/1.1" 304 -
201.245.192.253 - - [21/Dec/2022:10:15:26 -0500] "GET /sipse/faces/javax.faces.resource/layout/layout.js?ln=primefaces&v=4.0 HTTP/1.1" 304 -
201.245.192.253 - - [21/Dec/2022:10:15:27 -0500] "GET /sipse/faces/javax.faces.resource/dynamiccontent.properties?ln=primefaces&pfdrid=XjOR5%2F%2FfPAZAuY9TpWQeCiM0BhlXxYRBGKi%2FQcXXfeA%3D&pfdrid_c=false HTTP/1.1" 500 383
172.22.2.1 - - [21/Dec/2022:10:16:34 -0500] "GET /reportes_sipse/sdg/ServletViabilidad?reporte=memo_viabilidad&solicitud=19990 HTTP/1.1" 200 1538
172.22.2.1 - - [21/Dec/2022:10:16:44 -0500] "GET /reportes_sipse/sdg/ServletViabilidad?reporte=memo_viabilidad&solicitud=19991 HTTP/1.1" 200 1538
172.22.2.1 - - [21/Dec/2022:10:16:52 -0500] "GET /reportes_sipse/sdg/ServletViabilidad?reporte=memo_viabilidad&solicitud=19995 HTTP/1.1" 200 1538
172.22.2.4 - - [21/Dec/2022:10:17:02 -0500] "GET /BLA/boletinlegal/jurisprudencia.php HTTP/1.1" 200 17573
179.19.97.250 - - [21/Dec/2022:10:17:06 -0500] "GET /guadalupe-aguanoso-y-otros-tres-caminos-de-los-cerros-cambian-su-horario-para-navidad-y-ano-nuevo.html HTTP/1.1" 200 953
201.245.192.253 - - [21/Dec/2022:10:17:08 -0500] "POST /kwsrmcab/Wsrmcab  HTTP/1.1" 200 44094
172.22.2.1 - - [21/Dec/2022:10:17:12 -0500] "GET /reportes_sipse/sdg/ServletViabilidad?reporte=memo_viabilidad&solicitud=19998 HTTP/1.1" 200 1538
185.119.81.98 - - [21/Dec/2022:10:17:55 -0500] "GET /portaldeninos/wp-login.php HTTP/1.1" 200 2592
185.119.81.98 - - [21/Dec/2022:10:17:56 -0500] "POST /portaldeninos/wp-login.php HTTP/1.1" 200 3670
172.22.2.4 - - [21/Dec/2022:10:16:44 -0500] "HEAD /BLA/boletinlegal/ HTTP/1.1" 200 -
216.245.221.92 - - [21/Dec/2022:10:18:40 -0500] "HEAD / HTTP/1.1" 200 -
186.102.21.150 - - [21/Dec/2022:10:19:12 -0500] "GET /kwssiamovil/sm/ldap/au?x=U2FsdGVkX19xxXZg1shDgCoX4PSRZ7JTlHzbZawN3mzo2ebg0PTZ7dhrIq9hpy4r&y=U2FsdGVkX187K9qryTYvGL0skhOfAmecgVoTgZ3LYF0= HTTP/1.1" 200 30
186.102.21.150 - - [21/Dec/2022:10:19:12 -0500] "GET /kwssiamovil/sm/acme/s?s=U2FsdGVkX1+gJtysR0jeirInQoOUHULtqrO3CvuwtfDKzF15eJ+XI5/mO3njHnOIduHadPPQP1Bn9hkr45H9fPvRdoStadm2E9q1e3aq1hs=&u=U2FsdGVkX1/J86eMShUgo3UAtb98Ha8WX3ajBU10YCU=&y=U2FsdGVkX187K9qryTYvGL0skhOfAmecgVoTgZ3LYF0= HTTP/1.1" 200 97
186.102.21.150 - - [21/Dec/2022:10:19:12 -0500] "GET /kwssiamovil/sm/acme/s?s=U2FsdGVkX18sGS6CBaxscWdurlKIkKFngby/qGJCufiMXn6t9QLPAcKrBilVL1F75dSQP+D2TWuezmBU13pHje8/N+aTMFMROnLVJNclLKp8VyNL8umG3DCeC2KVy57t02HbEgFQMs1JoD8oUJXg3It6iAM0vL4nziHZumk6cM7XzGBp2EePtg2DW+aaSV/sBgnyZGvKZwjlXUrapdXiw/O3N3vOTOigsaTQ2dnj2Y+szLDye4855/0j0pxKNDRTcwty/9U76oehMNTGtyQY8pokq8CAdeN7H32hT4BKsGs2hx25T2PK+sSFbcNProSXLzOoyu0OHuv1JAHGiy7i2LV9zLVniSDGKv7OYuM/00yYpMXvFdJSW609PaEMJJeEBIYk4+SobgtDp61fPQ0PJabbih8gc5/ph8+nFRq83Z6I0F0yV+gpBvQcbnl16Ncm0XFuV/A5DaFY48qaBJNazaVz0jcVvTFup1JvTzMTUfzFl+xJtXrow0PGAXLXOCSJIGNHvLODaeQhm5Gz0r7dD+rxDqxcsYdfykKIJX2wBqDbWcuFAQEH96ITT3VBo9WS6bA7D+K5oIce0J/6QwxFFOf4kxjhrwVX9G3PLk1a4lveK7tlGAzEHCggDdd7HYARR+VbJgXEGr2Yc8PLtuatF7pBPjhG5AeFyu91MWlfLLOeBUGkbkK2csBiaJDcrg0yAbWeYbuv7yDaOYc0NQ1Jn1byO1xSdWYvODBnAV0fdt8y80D27gnV4X9GDZVGWf8duGfzgQIS9Z0ZaiPTxLFK61frD6XFWNaHq0Fy+wGMj614Ei76QHSfxW9auZSVg39fqzhTF4lKhwgh+hUeXB2/3H0WGBNVTlm4eJW3JqMqQIyDxuqP7Rx/4WCIwloSLb9fu28mWCXK/ih2jeZan46Jg3h+JfxRwg47biM0SQnyW2v/Nv05OD0WJlElceZLzAF8FP+tNkLU+aS4rMiXesbHfIDUCVAB5Q9k7UMwhH0mfFpf1b2IC9IODdWW6HRp29pHz75ww6WhAj9ttLEiei+j0pYZBwOLc6+F8GveBybF8Bvzi0HKi4omgWdw4ZWExz5tblq3nvC4HktGFs2Au9HHOvRyecX2o7M1h2GD/+mbqsCzO6ivP/rUUhApm3+pyKOIDdfu88Qdjr2ESS1B94PLDejEqE0ITAdX5n37Tr600jOFtmPVsEi4RoldvJq194Zo6+JKyszE9qUeN6SHKC8/PvnYZMs2UN/g8AzJnsZ3qNVRrSDm4w5kSsWkXzrtVUEhCVj6nCG+z9PSvz+Snj0mQ52m8QY5Vhv7W1EC1uTiYo//epJLhkKSz07h/5rrYhuWqoUH9XYi5Ln+wwoGmD2Q5d1EeNTRNxtreVIRZlb2kU4kyW/kDODfDyzL8Xk4xE4pA9vsaHoNi7LgzsAlSQt709pOiviTpZeObUUit87g+J4=&u=U2FsdGVkX1/J86eMShUgo3UAtb98Ha8WX3ajBU10YCU=&y=U2FsdGVkX187K9qryTYvGL0skhOfAmecgVoTgZ3LYF0= HTTP/1.1" 200 3357
186.102.21.150 - - [21/Dec/2022:10:19:12 -0500] "GET /kwssiamovil/sm/acme/s?s=U2FsdGVkX181gYgdKZ/tKB/FbxGTQAgdlTkQLVwz5M+2FBRDF84oq+nGMkOJ3yp3EQdI4zO2vFOjcV9S74F8H0qq8kC6QGGr2Gp2k5xcOD6QH2l3EOPllfOcC+aZdyIuYPQ8OnECun4Nlgsr2NcDz83aCCOhDmGcpuqewz03LnVoBE3ZJvYVhcAqGmrhjEzNjPqecYV1Y4l2I3jFy5UjFk0/ksGlDToO8Wb7RomQoWf7iFLdbKKKIOQ1pBKPb6IwUYDimJHBQu/8JvtEzsN+IpO2rQyjxCpGLmMWVZco3tQ6xhaE3knkFhlfnPpqBE0hbF2stp/Fc2HprqEQzT+nsA==&u=U2FsdGVkX1/J86eMShUgo3UAtb98Ha8WX3ajBU10YCU=&y=U2FsdGVkX187K9qryTYvGL0skhOfAmecgVoTgZ3LYF0= HTTP/1.1" 200 196
186.102.21.150 - - [21/Dec/2022:10:19:12 -0500] "GET /kwssiamovil/sm/cjson/pre?f=1&x=U2FsdGVkX19xxXZg1shDgCoX4PSRZ7JTlHzbZawN3mzo2ebg0PTZ7dhrIq9hpy4r HTTP/1.1" 200 31032
172.22.2.4 - - [21/Dec/2022:10:17:34 -0500] "GET /BLA/boletinlegal/ HTTP/1.1" 200 52453
157.90.251.233 - - [21/Dec/2022:10:19:30 -0500] "GET / HTTP/1.1" 200 319
190.24.109.39 - - [21/Dec/2022:10:19:48 -0500] "OPTIONS /kwssiamovil/sm/setfile/f? HTTP/1.1" 200 13
190.24.109.39 - - [21/Dec/2022:10:19:48 -0500] "POST /kwssiamovil/sm/setfile/f? HTTP/1.1" 204 -
201.245.192.253 - - [21/Dec/2022:10:20:06 -0500] "GET /BLA/resoluciones/ HTTP/1.1" 200 13502
201.245.192.253 - - [21/Dec/2022:10:20:16 -0500] "GET /BLA/resoluciones/index.php?dir=RESOLUCIONES+2022%2F HTTP/1.1" 200 254463
201.245.192.253 - - [21/Dec/2022:10:20:23 -0500] "GET /BLA/resoluciones/RESOLUCIONES%202022/0873.pdf HTTP/1.1" 200 6113048
201.245.192.253 - - [21/Dec/2022:10:20:32 -0500] "POST /kwsrmcab/Wsrmcab HTTP/1.1" 200 42599
201.245.192.253 - - [21/Dec/2022:10:20:34 -0500] "POST /kwsrmcab/Wsrmcab HTTP/1.1" 200 43351
186.102.78.110 - - [21/Dec/2022:10:20:44 -0500] "GET /kwssiamovil/sm/acme/a?s=U2FsdGVkX1/TvBfwF7+hCT6HPtVTOLirEVlmiw7KsJVXT3LzglSbKHR8c76ZRpS73f8ADSu4sQ1PGiZXEZ9IqjducBTBm1SOX8PL1f7oaSKtotATFajlYFWKSrIJbhh6PDtOskYUmBePONwzApn3VhZqtvLr0l4WsbkAkB0gloKbSZqPDzhEAO0DZq58Wi+eSzyfIGT8PDActProSPs4T/1YAnWYiFVdzYIApZ53RUj++36XXQFyeKM9rIx/BQmaH0+aL4ssFYQSafE6p2jslQ==&u=U2FsdGVkX1929orVQpyQBbcKn7N1gmh6vAVv0Ys8NNw=&y=U2FsdGVkX1+QWmA2xxTbwrJtkfxyQLn9SkKAT7NiqJ0= HTTP/1.1" 200 26
186.102.78.110 - - [21/Dec/2022:10:20:45 -0500] "GET /kwssiamovil/sm/acme/a?s=U2FsdGVkX1+jrwDzGWuSSWcq4NerkS9zW3wbflXrqQ9F2v8EybVzBH2xUVc8ezV/aK0arIGbBJ1Q+NeTXPS2jGtaNx4kbfG+1RwouhbQ4jvxrfGmz7y9asgygsf5+s1H8KX5UFCiSt0JKfGH/MJ4p3mAMAc8/9f7ofgICeyen+9ta0WryJaFR0cE4wmST0SFjKo83fq4/3Vce3ZGcFgUusSr8MRRwqQqLhs+/p/AF/Kug8SxYol2szhNql1zktW0c9ZoLJE6bI6pR9a5PtI+AYKRJj8MwDHRd7DBXC1syrKR4H6XGpfsyKH5FrT+BSCcSmcC6FDzVtOKZsc3plQ3HUHRRUAuVDOG7pJCM9T21vdXlHDcKgmXF2viRDVbuYc5PtUmwNYR7dvb/ak1PWSqPpXDneufmzNq+iM57QDPemODH1v7CPnp50qcrMEKtUQeReQ+o7ipllfIbjtMIyoFmFImso3TtWCJfTqwGgmT5VEOf7lcWaBrFLcSLc/pdwawdGp1LVzxYXyWjvSbBOwKv3A10LltzNrAhUqnv0jULbaf2OhhBWbOlY9ut/1ThcGABsSo6SW3JHWO+bmVSYRYh7bwHYKNM22THGI272CtaQbulYFf+pAGDb5esFRI1Y7C3TzbfIPhE6E6Ab/99L7jJFIaPIWXB/Khz49kse8CLMNwTPhH/c13uNCtIZQ1G1dF1l7YLo7Mdhw5PeFrs/Wl8F2Fh4U54M0SuXmbal7DEmOBwzYTML4fffI2OB7qlRgsJa6BwmzYghlHYuEnD+qTbDG3VF7TZnJfZCfpargUpNG7FgM5fXH7GtY1UymY0Ah2ZYvnbvysclrPX9as8DVOddfP1C7Q4fs6Bv/9EkW7u7ktmg/mazbcx6iOAmbIQRGWOyrp1CscvHd7sSiRnQeTZkF6T6WIHV73K3E0342qojZAJzSsnG/Mz+b72cxRNVb8wuDoaJjHNLcIPAFqwzruucxP67PiR3b79D5gIq5NxYLHZBqjCD6AZqW3CJW2u2Zi/bnNFIEh6/Go/+fh+8GYRDFjhFgphRulkFWZX+Un8qOVTOe7Qm8kzAnqsFEbd73j/XZ9zcQRQTcdBqQhpkOQvlF+S2vnKkNb17CLdhgkpf3cwV63KsKbg/+E3Yu1zRKU08FovT6GJinYiT1rqm8KOy13D92Si0f02OsKpBkKiNDIqf4+/bVJd6SAqf5EH63eeki09QKT12LYzyhKgIkK4DtA5zKQ3+bnMoPMW6dJl58M10lRp0gT8+iH/4t3Plbw+vyo8raHnK+roHGIQFRVDb0B1B2SozFn6CFqvN4db6PE325MUAJYJ3sVSp12Gf650JlFxncHi8l4WDBNC8ilLcV/EZ9+dCvuXgHO4/cFd5FM4/kNcYyeYMtX0UXOq8awt42vzDpzeNlw2kM0fEnubZh2CVyMyFMHMxgaC0smSQ1k0X3i7G03HsLnAr6GOSXoMGDf4kh6g2DA8uhgNCxVA+IKhFRRe2zRyWvQjUsjLryeRX/mo6c3RODEGogo624xEJuSlHBQ0IwfTc7IrS/kOPJPky+7HtmjPH7aha502KcwF/f8xWpaTdAL6INPsmBnBjbtM1VF8rT85bPpzBncrxNccGLOGZCyv4sjQJ1qm4wtlDegLxuEeb1thbB8GzevAq7GNQtsxXlG04+lIweSuVy3Q3oLQPLKoihZ6KWleJ9Cudh4QkHp8yJegdjOvQsBTnc3+rNnkajKeVkAIYN29Q4Dc8F+rDs8AHf5XE7hHoVpy8gxGpvBambaK5xfoWzoUXJmT7vwOGsXqso6LwAQq60MV38vDKDTbdaGVJllMZqI0HA9372HthivREgOmZpeabemJ6vfi7wbOHrR1YKHBf20M2P0ei9put0gq2tSugJPYsBR6gYO1ECctPQA1UXouBlacsO8Atx6frrAgIRCusganvz6OpqXVLxGuhmjv59rlgnCHbswCeFUnj6fwwhNuBTgW3d7Um/1RDyitOcuvVklKCTrgkhbicovN0Khde68aTbskkVUCsC8tsUs+yN+rw6GdigeKdhNZCFjNcKCDXplxqpQI7vJ1iBegVgvD2reKAVK18/6aeajcaaI6keXdh/Cp7LF1yMs4kg5+a0wq3tg5KM1N0L9n/360f+Q21rTtcXlABgM2SbZYXtOG9ljk697TUZXql4E2irD/26a/ADiANoA31hXWXi+iXh52rPOp3aKyF8W5wPQREpuMoGQ&u=U2FsdGVkX1929orVQpyQBbcKn7N1gmh6vAVv0Ys8NNw=&y=U2FsdGVkX1+QWmA2xxTbwrJtkfxyQLn9SkKAT7NiqJ0= HTTP/1.1" 200 26
186.102.78.110 - - [21/Dec/2022:10:20:45 -0500] "GET /kwssiamovil/sm/acme/a?s=U2FsdGVkX1/lFC62Jl32H0BVlYk+wvbbtqlDTEGnLE2tH3WiHzKtb82keB/SS3JBNHWlv7R+rXaddYqR8X1cKHdOTtf1nlpf6g2Rxz32p4sQ7Fi3/a7DKm809GPCzmweVgZCTz+gEytcK0oVpNFInBW85BrQmHnbuy6qIwd+BZ4=&u=U2FsdGVkX1929orVQpyQBbcKn7N1gmh6vAVv0Ys8NNw=&y=U2FsdGVkX1+QWmA2xxTbwrJtkfxyQLn9SkKAT7NiqJ0= HTTP/1.1" 200 26
186.102.78.110 - - [21/Dec/2022:10:20:45 -0500] "GET /kwssiamovil/sm/acme/a?s=U2FsdGVkX1+j6CDhX6kZ3z9DgYPcJQOoBDN94XWb8oSZY99bc+mRV2d6FsM5XdT4nFHS1tMxepQmgzXFhnkaww2iFnB4h3vBT7WMhbet0zIRhzdY9AKE3dZYrSZfEID4VYZKyzdQnlFQQ5moy39p370m4wU0hzG8DNiMm7gKXyc=&u=U2FsdGVkX1929orVQpyQBbcKn7N1gmh6vAVv0Ys8NNw=&y=U2FsdGVkX1+QWmA2xxTbwrJtkfxyQLn9SkKAT7NiqJ0= HTTP/1.1" 200 26
186.102.78.110 - - [21/Dec/2022:10:20:45 -0500] "GET /kwssiamovil/sm/acme/a?s=U2FsdGVkX194ayGkmilEANOHE/fq4/yI+ZNEtPp8JVrX7L82W+roo3BSIXnUr2tZiWSZUA1dJhQNo603wEUxX3IW/hL+i7e773vg/EGJLc7NnfknSn6olUCNbb+DVOmhQEFRnxPcDLn/flL4+p78LZ17OdEvsX3587INqUcLwCQ=&u=U2FsdGVkX1929orVQpyQBbcKn7N1gmh6vAVv0Ys8NNw=&y=U2FsdGVkX1+QWmA2xxTbwrJtkfxyQLn9SkKAT7NiqJ0= HTTP/1.1" 200 26
186.102.78.110 - - [21/Dec/2022:10:20:46 -0500] "GET /kwssiamovil/sm/acme/a?s=U2FsdGVkX19ggKJNDg+A7Dx1smsYH4aIe793QxdDqdLbtEuUSkzQFswW2622y7tB9rItMMk9jU+7wHtwxYZN7KLXt/HlA+9wN++Q+nejkK64DgqMudOmzPP9AcE9kgtWLs+wnAy0+OPSuPQyybPNcGFTuwDBbLOzDMqnIHtt6q4tu8n3qPPkl0D5EniGZUtj&u=U2FsdGVkX1929orVQpyQBbcKn7N1gmh6vAVv0Ys8NNw=&y=U2FsdGVkX1+QWmA2xxTbwrJtkfxyQLn9SkKAT7NiqJ0= HTTP/1.1" 200 26
87.250.224.142 - - [21/Dec/2022:10:21:32 -0500] "-" 408 -
20.219.166.126 - - [21/Dec/2022:10:21:36 -0500] "HEAD /xmlrpc.php HTTP/1.1" 404 -
20.219.166.126 - - [21/Dec/2022:10:21:38 -0500] "GET /wp-login.php HTTP/1.1" 404 1018
20.219.166.126 - - [21/Dec/2022:10:21:41 -0500] "HEAD /wp/xmlrpc.php HTTP/1.1" 404 -
20.219.166.126 - - [21/Dec/2022:10:21:43 -0500] "HEAD /wordpress/xmlrpc.php HTTP/1.1" 404 -
20.219.166.126 - - [21/Dec/2022:10:21:46 -0500] "HEAD /old/xmlrpc.php HTTP/1.1" 404 -
20.219.166.126 - - [21/Dec/2022:10:21:49 -0500] "HEAD /new/xmlrpc.php HTTP/1.1" 404 -
20.219.166.126 - - [21/Dec/2022:10:21:52 -0500] "HEAD /blog/xmlrpc.php HTTP/1.1" 404 -
201.245.192.253 - - [21/Dec/2022:10:22:07 -0500] "POST /kwsrmcab/Wsrmcab  HTTP/1.1" 200 44094
186.102.90.24 - - [21/Dec/2022:10:22:49 -0500] "GET /kwssiamovil/sm/acme/a?s=U2FsdGVkX198La0D9JSsbb8dsk9CiUz9Pn7nK2eZnxiMCmtuho4LqVOmTliiWez6OkWsoKCQnTpxZu5q87ekUnHTDdO3Odg5Dby7fb04rHZ4qZhuBICvxKTXd/6quKbGn8B8QFkkCvYX/MB+t0HCYJpo9Q4dS29q/UQ4mqUuPoG+MUC58qq35KMze3y65Ej8oPjhoImN8cAB7zPW4nXXQ6DcX/wAuLCAHrXPZEiEd8atcZkH20JlGjrTsP3fTCF/mq+HyoC9KDLulC0ptqiGEA==&u=U2FsdGVkX1+dHTW5n0U/fXvHBgAPEhn0NDgphIQzytk=&y=U2FsdGVkX18qkXsPavOFcrY+G/RUcKqVf7+ev2I0yfaxK0PlqMLN7cz+dWO+im9O HTTP/1.1" 200 26
186.102.90.24 - - [21/Dec/2022:10:22:49 -0500] "GET /kwssiamovil/sm/acme/a?s=U2FsdGVkX1+ajcDon9RA+A4baLndtkVsouQHEF+9VIPAzdfcb6UnNfOF1ig9s2Y8BG1qx+T6TeGz7wo4Tk8OOkkakdq58s6hI/jNF3g3vVxODoJcrehhatUOSAnfQnUduvGI6nz7WyVJgRsBcoUCV/7xP3mnGqGvHQD/NWoFUlsDNd7UenfHlJnXxnnYoYJfX5yzjmg+h5QiCUHXvKkt7kjJ+xiynYEOzq6hplT0u6RHqazPrAJKewHQ3a20PNy+VnQVgPArFeW4+VujCDhguWdX4fLoaCit0W2qbFW1OyEbGHQPIie19HXQ5APwwe+ojLqldHRepanauTWzYYWufHUlKdthQwHIgPOUKxC8A1/ZyMetqrkLH6PirNHSzXem7b7kXK2mOYZbYvPx32Tj6uaXepniR+DTdLh/1/jufCddERbdFQm4ISslG8axuSqjf5iws6IUbKZBoqZt0+TZTPVPfWTIgyMKlPd05wFuQMK3gYArQoQSYUqKSt8QkVJPElWnvQpX4LPo29YRO/tOZRS8m8yLijTsXX7gZohPtB2lvQ01Aukre3lRh0CYs3B79DRh2+/hCgrWFuVpFCdYgLwr3bgcMPHvrDLiS3di/CDQpZqDSSEyXOSB5HDydmMA8o6AzVObWh2Fp0ri2Mg9s5yX4RmO/eamgf0m1TDFNmU1nvTrbcOrEzgWvoS+zUqvvbGmYlk8R/33r4ZpAuwfZ5z7TH3dtr/NcnPQcnF16KaQB26f5qyffEPIcgzQyoNQUDIRIwAV+1u7aptRe+aOJb2oy3JslQHrX77mfWqb+zEeD9rpcQqnCAUAFUCJJSwDXTUDH3E2GyILPT9gZp2LrsCWyBRgM+BKtJswC2ZMVHgX24zSG7ossDjv9kz7KZnA9b0E87mGV6cnlvgLW7ZbbGYkb3HzNosfvPd5xB4Hu3qsMtAY+Hy3ZRVYpUAUu9twCpYoyBqjCyYJvdKYkSfOyzBcoC+nesb3IeEoGBd19ITMYsipujKGygc6fG20o1sJ9y+fJK2a5IwxI5MQmw/tOKuGANyW8VkJs+WvfCLspjswxeCHCHHoVP4JY415/NAjYI6OSgzrQKMMWw8U9436+G2PfBwXeXjQ7z5mWDolBrnREyyeJg99ezMAGZ01PTVl9fTliPJXn+ClUXQhabkTfmJn8wyanHI13DjBFmWjJLSdDWxtOJ1bkivtIjI4paHPRsLgFchhN99dlO98XYFAXKulWZlYFkjKd/9KnSXUXNysS17QfjViBZasgj8qcdnhnjmPYmuQedyg6ZW7vGIjykqxEAkk/m9uRFoHPSJW9AcJP0MusSe8u1Y8nzsSos0v7cxWil5vT1tQ2mSx2toFCtt6vtJU2eFcwlLDtBq/jwPVNZN8Ki/js+9L2yt/wNhB/XHiPyvO+5JJTx54vOKW/Eg6E6jRwrO1oKrBXCQs2zxM/x6PivznH9QKriLaOOM8iCMaXGweHbI4DNyvgMOt4nzWujdLmVak0HSAZou/yEjQO+Wn+V5kgUDCCiwvA1eyytjr4/wnDzgmXqdtv4MHREwVMWNasF8QBxVSDeDXX2FmlC5+eJa14+mppCcfo1q7&u=U2FsdGVkX1+dHTW5n0U/fXvHBgAPEhn0NDgphIQzytk=&y=U2FsdGVkX18qkXsPavOFcrY+G/RUcKqVf7+ev2I0yfaxK0PlqMLN7cz+dWO+im9O HTTP/1.1" 200 26
186.102.90.24 - - [21/Dec/2022:10:22:50 -0500] "GET /kwssiamovil/sm/acme/a?s=U2FsdGVkX1+LY+VQ4EjfFz6U5x8GcUQuvnca+6mHQ6pyajDU9MHSjf/bKp7m9UXqFe2K4oZM6AE7EP1cp0yPUSPaafsB+evAFpLtoCffIynjjMoIxx/iLs0hDeXfNFATuacMIaH+EKOLAPao3gWhakFrwBkvAtmFEuaZ66T5Jts=&u=U2FsdGVkX1+dHTW5n0U/fXvHBgAPEhn0NDgphIQzytk=&y=U2FsdGVkX18qkXsPavOFcrY+G/RUcKqVf7+ev2I0yfaxK0PlqMLN7cz+dWO+im9O HTTP/1.1" 200 26
186.102.90.24 - - [21/Dec/2022:10:22:50 -0500] "GET /kwssiamovil/sm/acme/a?s=U2FsdGVkX1+yTEoNZMgOQT4HKxAPyNjDYftgskFdhaJ1kV0HwTul6sxlqzH45iKkYVgKMg6+nIimNKDkcOFQRmCsMC4gOkkWBL1nTag1J+1XlnNHtPkZj4UGSOE0sY6Rzd6i//RbB+hcuKaJIgwxu4/iPcXPnunk7inoacD9S3k=&u=U2FsdGVkX1+dHTW5n0U/fXvHBgAPEhn0NDgphIQzytk=&y=U2FsdGVkX18qkXsPavOFcrY+G/RUcKqVf7+ev2I0yfaxK0PlqMLN7cz+dWO+im9O HTTP/1.1" 200 26
186.102.90.24 - - [21/Dec/2022:10:22:50 -0500] "GET /kwssiamovil/sm/acme/a?s=U2FsdGVkX199ZLmX9rN9qp5cLZ9zOl2Gj9LWdfZcKzKiu+ltdIwADGcEXMH3JpUN5RtjH0RQdMxQMIMLTBc9cdARdDDWa8ktw3HlHCW/OL/BbDI4bKDfYKmZ9G2Qq/BwCKdZfii22pyxVJxwti16DbyCvc8UYvnGzMTu+D7sZZk=&u=U2FsdGVkX1+dHTW5n0U/fXvHBgAPEhn0NDgphIQzytk=&y=U2FsdGVkX18qkXsPavOFcrY+G/RUcKqVf7+ev2I0yfaxK0PlqMLN7cz+dWO+im9O HTTP/1.1" 200 26
186.102.90.24 - - [21/Dec/2022:10:22:50 -0500] "GET /kwssiamovil/sm/acme/a?s=U2FsdGVkX1+Zqa0ytzintg4hiJ8p0s9RyGyBCb1nb978mhjMcZBlg+RWJ+t66SwIq/X/NuFNf2LnunczYrOCgf64QK4jkTyGAufLkT/dpZzNN5/XbXeddaUjrOy6KqKeN7mW4+6Gp/1LTxinSwlb41vhEP9gk/4U3DiDAbib5scadpspZhaiHmAINAIPixaUjIwCsGPIaT4h3IgH/5PXrw==&u=U2FsdGVkX1+dHTW5n0U/fXvHBgAPEhn0NDgphIQzytk=&y=U2FsdGVkX18qkXsPavOFcrY+G/RUcKqVf7+ev2I0yfaxK0PlqMLN7cz+dWO+im9O HTTP/1.1" 200 26
201.245.192.253 - - [21/Dec/2022:10:23:12 -0500] "GET /BLA/resoluciones/index.php?dir=RESOLUCIONES+2023%2F HTTP/1.1" 200 1699
216.245.221.92 - - [21/Dec/2022:10:23:40 -0500] "HEAD / HTTP/1.1" 200 -
172.22.2.4 - - [21/Dec/2022:10:22:34 -0500] "HEAD /BLA/boletinlegal/ HTTP/1.1" 200 -
172.22.2.4 - - [21/Dec/2022:10:23:24 -0500] "GET /BLA/boletinlegal/ HTTP/1.1" 200 57824
35.208.187.63 - - [21/Dec/2022:10:25:08 -0500] "HEAD /BLA/resoluciones/RESOLUCIONES%202017/0520.pdf HTTP/1.1" 200 -
201.245.192.253 - - [21/Dec/2022:10:25:26 -0500] "GET /sipsesda/ HTTP/1.1" 200 1477
201.245.192.253 - - [21/Dec/2022:10:25:26 -0500] "GET /css/segobdis.css HTTP/1.1" 404 1264
201.245.192.253 - - [21/Dec/2022:10:25:26 -0500] "GET /css/segobdis.css HTTP/1.1" 404 1264
201.245.192.253 - - [21/Dec/2022:10:25:26 -0500] "GET /favicon.ico HTTP/1.1" 200 7782
201.245.192.253 - - [21/Dec/2022:10:25:26 -0500] "GET /sipsesda/faces/login.jspx HTTP/1.1" 200 7861
201.245.192.253 - - [21/Dec/2022:10:25:26 -0500] "GET /sipsesda/js/disable_browser_buttons.js;jsessionid=ac16012b22b88fd7ba5f854a40cb9fd99d3dc6323167.e34Lc3uRbN4Oc40La3z0 HTTP/1.1" 200 2767
201.245.192.253 - - [21/Dec/2022:10:25:27 -0500] "GET /sipsesda/js/funciones.js;jsessionid=ac16012b22b88fd7ba5f854a40cb9fd99d3dc6323167.e34Lc3uRbN4Oc40La3z0 HTTP/1.1" 200 36377
