!C99Shell v. 1.0 pre-release build #13!

Software: Apache. PHP/5.5.15 

uname -a: Windows NT SVR-DMZ 6.1 build 7600 (Windows Server 2008 R2 Enterprise Edition) i586 

SYSTEM 

Safe-mode: OFF (not secure)

E:\nuevo\apache\logs\   drwxrwxrwx
Free 9.41 GB of 239.26 GB (3.93%)
Detected drives: [ a ] [ c ] [ d ] [ e ] [ f ]
Home    Back    Forward    UPDIR    Refresh    Search    Buffer    Encoder    Tools    Proc.    FTP brute    Sec.    SQL    PHP-code    Update    Feedback    Self remove    Logout    


Viewing file:     access.2022.12.22.log (2.96 MB)      -rw-rw-rw-
Select action/file-type:
(+) | (+) | (+) | Code (+) | Session (+) | (+) | SDB (+) | (+) | (+) | (+) | (+) | (+) |
66.249.66.13 - - [22/Dec/2022:00:00:12 -0500] "-" 408 -
205.185.118.237 - - [22/Dec/2022:00:00:34 -0500] "POST /cgi-bin/.%%%%32%%65/.%%%%32%%65/.%%%%32%%65/.%%%%32%%65/.%%%%32%%65/bin/sh HTTP/1.1" 400 945
172.22.2.4 - - [21/Dec/2022:23:59:12 -0500] "HEAD /BLA/boletinlegal/ HTTP/1.1" 200 -
114.119.130.177 - - [22/Dec/2022:00:01:17 -0500] "GET /BLA/resoluciones/RESOLUCIONES%202014/0406.pdf HTTP/1.1" 200 507394
172.22.2.4 - - [22/Dec/2022:00:00:02 -0500] "GET /BLA/boletinlegal/ HTTP/1.1" 200 59404
114.119.132.36 - - [22/Dec/2022:00:02:03 -0500] "GET /BLA/resoluciones/RESOLUCIONES%202010/7166.pdf HTTP/1.1" 200 67965
114.119.151.175 - - [22/Dec/2022:00:02:57 -0500] "GET /BLA/resoluciones/RESOLUCIONES%202010/4488.pdf HTTP/1.1" 200 1062021
216.245.221.92 - - [22/Dec/2022:00:03:38 -0500] "HEAD / HTTP/1.1" 200 -
172.22.2.4 - - [22/Dec/2022:00:03:47 -0500] "GET /BLA/boletinlegal/Circulares/2015/Circular%20No.%201%20del%2010%20de%20Febrero%20de%202015.pdf HTTP/1.1" 304 -
201.245.192.253 - - [22/Dec/2022:00:04:00 -0500] "POST /kwsrmcab/Wsrmcab  HTTP/1.1" 200 44094
114.119.136.95 - - [22/Dec/2022:00:04:50 -0500] "GET /BLA/resoluciones/RESOLUCIONES%202010/2778.pdf HTTP/1.1" 200 1455092
114.119.156.77 - - [22/Dec/2022:00:06:20 -0500] "GET /BLA/resoluciones/RESOLUCIONES%202010/1598.pdf HTTP/1.1" 200 88281
172.22.2.4 - - [22/Dec/2022:00:05:02 -0500] "HEAD /BLA/boletinlegal/ HTTP/1.1" 200 -
114.119.130.57 - - [22/Dec/2022:00:07:14 -0500] "GET /BLA/resoluciones/RESOLUCIONES%202010/0778.pdf HTTP/1.1" 200 107342
17.22.253.206 - - [22/Dec/2022:00:07:22 -0500] "-" 408 -
157.55.39.172 - - [22/Dec/2022:00:07:23 -0500] "GET /Publicaciones/2022EE130259.pdf HTTP/1.1" 404 228
172.22.2.4 - - [22/Dec/2022:00:05:52 -0500] "GET /BLA/boletinlegal/ HTTP/1.1" 200 57192
66.249.66.63 - - [22/Dec/2022:00:07:53 -0500] "-" 408 -
192.30.243.7 - - [22/Dec/2022:00:08:13 -0500] "GET http://httpbin.org/ip HTTP/1.1" 404 1015
114.119.138.59 - - [22/Dec/2022:00:08:28 -0500] "GET /BLA/resoluciones/RESOLUCIONES%202010/2852.pdf HTTP/1.1" 200 346882
216.245.221.92 - - [22/Dec/2022:00:08:38 -0500] "HEAD / HTTP/1.1" 200 -
201.245.192.253 - - [22/Dec/2022:00:08:59 -0500] "POST /kwsrmcab/Wsrmcab  HTTP/1.1" 200 44094
114.119.151.233 - - [22/Dec/2022:00:11:06 -0500] "GET /BLA/resoluciones/AUTOS%202015/7220.pdf HTTP/1.1" 200 436899
114.119.146.206 - - [22/Dec/2022:00:11:45 -0500] "GET /BLA/resoluciones/RESOLUCIONES%202010/0522.pdf HTTP/1.1" 200 327791
172.22.2.4 - - [22/Dec/2022:00:10:52 -0500] "HEAD /BLA/boletinlegal/ HTTP/1.1" 200 -
114.119.132.36 - - [22/Dec/2022:00:13:11 -0500] "GET /BLA/resoluciones/AUTOS%202014/6950.pdf HTTP/1.1" 200 272952
172.22.2.4 - - [22/Dec/2022:00:11:42 -0500] "GET /BLA/boletinlegal/ HTTP/1.1" 200 54816
216.245.221.92 - - [22/Dec/2022:00:13:38 -0500] "HEAD / HTTP/1.1" 200 -
201.245.192.253 - - [22/Dec/2022:00:13:58 -0500] "POST /kwsrmcab/Wsrmcab  HTTP/1.1" 200 44094
114.119.150.42 - - [22/Dec/2022:00:14:05 -0500] "GET /Autoliquidacion/index.php?dir=Plan%2Bde%2Bmanejo%2Bambiental%2Bpara%2Bsitios%2Bde%2Baprovechamiento%2By%2Bo%2Bdisposicion%2Bfinal%2Bde%2Bescombros/&sort=name&order=asc HTTP/1.1" 200 7054
116.202.20.140 - - [22/Dec/2022:00:14:39 -0500] "GET / HTTP/1.1" 200 319
66.249.66.63 - - [22/Dec/2022:00:16:17 -0500] "-" 408 -
172.22.2.4 - - [22/Dec/2022:00:16:42 -0500] "HEAD /BLA/boletinlegal/ HTTP/1.1" 200 -
216.245.221.92 - - [22/Dec/2022:00:18:38 -0500] "HEAD / HTTP/1.1" 200 -
201.245.192.253 - - [22/Dec/2022:00:18:57 -0500] "POST /kwsrmcab/Wsrmcab  HTTP/1.1" 200 44094
172.22.2.4 - - [22/Dec/2022:00:17:32 -0500] "GET /BLA/boletinlegal/ HTTP/1.1" 200 57192
201.245.192.253 - - [22/Dec/2022:00:20:28 -0500] "POST /kwsrmcab/Wsrmcab HTTP/1.1" 200 42448
201.245.192.253 - - [22/Dec/2022:00:20:31 -0500] "POST /kwsrmcab/Wsrmcab HTTP/1.1" 200 44089
172.22.2.4 - - [22/Dec/2022:00:21:23 -0500] "GET /BLA/boletinlegal/Directivas/2022/DIRECTIVA%20No.%2000002%20DEL%2022%20DE%20JUNIO%20DEL%202022.pdf HTTP/1.1" 304 -
216.245.221.92 - - [22/Dec/2022:00:23:38 -0500] "HEAD / HTTP/1.1" 200 -
114.119.152.246 - - [22/Dec/2022:00:23:47 -0500] "GET /BLA/resoluciones/RESOLUCIONES%202013/2790.pdf HTTP/1.1" 200 2701963
172.22.2.4 - - [22/Dec/2022:00:23:49 -0500] "GET /BLA/boletinlegal/robots.txt HTTP/1.1" 404 1038
201.245.192.253 - - [22/Dec/2022:00:23:56 -0500] "POST /kwsrmcab/Wsrmcab  HTTP/1.1" 200 44094
172.22.2.4 - - [22/Dec/2022:00:22:32 -0500] "HEAD /BLA/boletinlegal/ HTTP/1.1" 200 -
172.22.2.4 - - [22/Dec/2022:00:23:22 -0500] "GET /BLA/boletinlegal/ HTTP/1.1" 200 47188
107.189.5.223 - - [22/Dec/2022:00:25:11 -0500] "POST /boaform/admin/formLogin HTTP/1.1" 404 1186
172.22.2.4 - - [22/Dec/2022:00:23:50 -0500] "GET /BLA/boletinlegal/index.php HTTP/1.1" 200 48801
207.46.13.209 - - [22/Dec/2022:00:26:46 -0500] "GET /BLA/boletinlegal/jurisprudencia/analisis/SENTENCIA%20C-703%20DE%202010.xls HTTP/1.1" 304 -
172.22.2.4 - - [22/Dec/2022:00:27:11 -0500] "GET /BLA/boletinlegal/ HTTP/1.1" 200 24523
216.245.221.92 - - [22/Dec/2022:00:28:38 -0500] "HEAD / HTTP/1.1" 200 -
201.245.192.253 - - [22/Dec/2022:00:28:54 -0500] "POST /kwsrmcab/Wsrmcab  HTTP/1.1" 200 14501
66.249.66.139 - - [22/Dec/2022:00:29:15 -0500] "-" 408 -
207.46.13.174 - - [22/Dec/2022:00:29:29 -0500] "GET /bla/resoluciones/notificaciones/autos%202018/1452.pdf HTTP/1.1" 304 -
172.22.2.4 - - [22/Dec/2022:00:28:22 -0500] "HEAD /BLA/boletinlegal/ HTTP/1.1" 200 -
201.245.192.253 - - [22/Dec/2022:00:30:03 -0500] "POST /kwsrmcab/Wsrmcab  HTTP/1.1" 200 44094
201.245.192.253 - - [22/Dec/2022:00:30:29 -0500] "POST /kwsrmcab/Wsrmcab HTTP/1.1" 200 42448
201.245.192.253 - - [22/Dec/2022:00:30:31 -0500] "POST /kwsrmcab/Wsrmcab HTTP/1.1" 200 44089
172.22.2.4 - - [22/Dec/2022:00:29:12 -0500] "GET /BLA/boletinlegal/ HTTP/1.1" 200 55272
201.245.192.253 - - [22/Dec/2022:00:31:04 -0500] "POST /kwsrmcab/Wsrmcab  HTTP/1.1" 200 44094
162.55.175.141 - - [22/Dec/2022:00:33:28 -0500] "GET / HTTP/1.1" 200 319
216.245.221.92 - - [22/Dec/2022:00:33:38 -0500] "HEAD / HTTP/1.1" 200 -
162.55.175.141 - - [22/Dec/2022:00:33:48 -0500] "GET / HTTP/1.1" 200 319
157.55.39.96 - - [22/Dec/2022:00:33:56 -0500] "GET /portaldeninos/2021/05/16/ninos-ninas-y-jovenes-podran-participar-con-dibujos-y-pinturas-en-el-concurso-a-vuelo-de-pajaro/ HTTP/1.1" 200 104372
207.46.13.51 - - [22/Dec/2022:00:34:12 -0500] "GET /portaldeninos/wp-content/themes/betheme/css/layout.css?ver=20.9.6 HTTP/1.1" 200 116639
207.46.13.122 - - [22/Dec/2022:00:34:16 -0500] "GET /portaldeninos/wp-content/themes/betheme/js/menu.js?ver=20.9.6 HTTP/1.1" 200 2449
157.55.39.165 - - [22/Dec/2022:00:34:17 -0500] "GET /portaldeninos/wp-content/themes/betheme/fonts/mfn-icons.ttf?93978679 HTTP/1.1" 200 124684
157.55.39.212 - - [22/Dec/2022:00:34:22 -0500] "GET /portaldeninos/wp-includes/js/comment-reply.min.js?ver=4.9.8 HTTP/1.1" 200 1078
172.22.2.4 - - [22/Dec/2022:00:34:12 -0500] "HEAD /BLA/boletinlegal/ HTTP/1.1" 200 -
201.245.192.253 - - [22/Dec/2022:00:36:03 -0500] "POST /kwsrmcab/Wsrmcab  HTTP/1.1" 200 44094
172.22.2.4 - - [22/Dec/2022:00:35:02 -0500] "GET /BLA/boletinlegal/ HTTP/1.1" 200 57192
216.245.221.92 - - [22/Dec/2022:00:38:38 -0500] "HEAD / HTTP/1.1" 200 -
201.245.192.253 - - [22/Dec/2022:00:40:29 -0500] "POST /kwsrmcab/Wsrmcab HTTP/1.1" 200 42448
201.245.192.253 - - [22/Dec/2022:00:40:32 -0500] "POST /kwsrmcab/Wsrmcab HTTP/1.1" 200 44089
201.245.192.253 - - [22/Dec/2022:00:41:01 -0500] "POST /kwsrmcab/Wsrmcab  HTTP/1.1" 200 44094
66.249.66.13 - - [22/Dec/2022:00:41:31 -0500] "-" 408 -
172.22.2.4 - - [22/Dec/2022:00:40:02 -0500] "HEAD /BLA/boletinlegal/ HTTP/1.1" 200 -
172.22.2.4 - - [22/Dec/2022:00:40:52 -0500] "GET /BLA/boletinlegal/ HTTP/1.1" 200 52942
92.118.39.29 - - [22/Dec/2022:00:43:04 -0500] "GET / HTTP/1.1" 200 319
14.29.206.197 - - [22/Dec/2022:00:43:28 -0500] "GET /portaldeninos/wp-includes/js/jquery/ui/accordion.min.js?ver=1.11.4 HTTP/1.1" 200 8584
216.245.221.92 - - [22/Dec/2022:00:43:37 -0500] "HEAD / HTTP/1.1" 200 -
14.29.231.137 - - [22/Dec/2022:00:43:49 -0500] "GET /portaldeninos/wp-content/themes/betheme/assets/animations/animations.min.js?ver=20.9.6 HTTP/1.1" 200 1896
201.245.192.253 - - [22/Dec/2022:00:46:01 -0500] "POST /kwsrmcab/Wsrmcab  HTTP/1.1" 200 44094
162.142.125.210 - - [22/Dec/2022:00:46:39 -0500] "GET / HTTP/1.1" 200 319
162.142.125.210 - - [22/Dec/2022:00:46:39 -0500] "PRI * HTTP/2.0" 400 946
162.142.125.210 - - [22/Dec/2022:00:46:39 -0500] "GET /favicon.ico HTTP/1.1" 200 7782
172.22.2.4 - - [22/Dec/2022:00:45:52 -0500] "HEAD /BLA/boletinlegal/ HTTP/1.1" 200 -
172.22.2.4 - - [22/Dec/2022:00:46:42 -0500] "GET /BLA/boletinlegal/ HTTP/1.1" 200 50149
216.245.221.92 - - [22/Dec/2022:00:48:38 -0500] "HEAD / HTTP/1.1" 200 -
201.245.192.253 - - [22/Dec/2022:00:51:00 -0500] "POST /kwsrmcab/Wsrmcab  HTTP/1.1" 200 44094
199.16.157.183 - - [22/Dec/2022:00:52:21 -0500] "GET /secretaria-de-ambiente-y-universidad-de-la-salle-firman-acuerdo-de-conservacion-en-17-hectareas.html HTTP/1.1" 200 990
199.16.157.180 - - [22/Dec/2022:00:52:21 -0500] "GET /images/Acuerdos%2001%20(1)%20(1).jpeg HTTP/1.1" 200 32884
173.252.107.116 - - [22/Dec/2022:00:53:13 -0500] "GET /images/Acuerdos%2001%20(1)%20(1).jpeg HTTP/1.1" 200 32884
172.22.2.4 - - [22/Dec/2022:00:51:42 -0500] "HEAD /BLA/boletinlegal/ HTTP/1.1" 200 -
216.245.221.92 - - [22/Dec/2022:00:53:38 -0500] "HEAD / HTTP/1.1" 200 -
172.22.2.4 - - [22/Dec/2022:00:52:32 -0500] "GET /BLA/boletinlegal/ HTTP/1.1" 200 52942
64.62.197.171 - - [22/Dec/2022:00:54:29 -0500] "GET /favicon.ico HTTP/1.1" 200 7782
201.245.192.253 - - [22/Dec/2022:00:55:59 -0500] "POST /kwsrmcab/Wsrmcab  HTTP/1.1" 200 44094
20.191.45.212 - - [22/Dec/2022:00:57:18 -0500] "GET / HTTP/1.1" 200 319
20.191.45.212 - - [22/Dec/2022:00:57:18 -0500] "GET /favicon.ico HTTP/1.1" 200 7782
66.249.64.220 - - [22/Dec/2022:00:57:43 -0500] "-" 408 -
216.245.221.92 - - [22/Dec/2022:00:58:37 -0500] "HEAD / HTTP/1.1" 200 -
172.22.2.4 - - [22/Dec/2022:00:57:32 -0500] "HEAD /BLA/boletinlegal/ HTTP/1.1" 200 -
172.22.2.4 - - [22/Dec/2022:00:58:22 -0500] "GET /BLA/boletinlegal/ HTTP/1.1" 200 59035
201.245.192.253 - - [22/Dec/2022:01:00:58 -0500] "POST /kwsrmcab/Wsrmcab  HTTP/1.1" 200 44094
157.55.39.46 - - [22/Dec/2022:01:01:49 -0500] "GET /portaldeninos/humedal-el-burro-2/ HTTP/1.1" 200 87926
216.245.221.92 - - [22/Dec/2022:01:03:37 -0500] "HEAD / HTTP/1.1" 200 -
114.119.150.239 - - [22/Dec/2022:01:04:28 -0500] "GET /BLA/resoluciones/index.php?dir=RESOLUCIONES%2B2001/ HTTP/1.1" 200 13709
172.22.2.4 - - [22/Dec/2022:01:03:22 -0500] "HEAD /BLA/boletinlegal/ HTTP/1.1" 200 -
172.22.2.4 - - [22/Dec/2022:01:04:12 -0500] "GET /BLA/boletinlegal/ HTTP/1.1" 200 58185
201.245.192.253 - - [22/Dec/2022:01:05:57 -0500] "POST /kwsrmcab/Wsrmcab  HTTP/1.1" 200 44094
116.202.20.140 - - [22/Dec/2022:01:08:32 -0500] "GET / HTTP/1.1" 200 319
216.245.221.92 - - [22/Dec/2022:01:08:37 -0500] "HEAD / HTTP/1.1" 200 -
168.119.253.21 - - [22/Dec/2022:01:08:42 -0500] "GET / HTTP/1.1" 200 319
172.22.2.4 - - [22/Dec/2022:01:09:12 -0500] "HEAD /BLA/boletinlegal/ HTTP/1.1" 200 -
201.245.192.253 - - [22/Dec/2022:01:10:57 -0500] "POST /kwsrmcab/Wsrmcab  HTTP/1.1" 200 44094
173.252.107.19 - - [22/Dec/2022:01:11:03 -0500] "GET /distrito-realiza-sensibilizacion-con-generadores-de-residuos-hospitalarios-en-chapinero.html HTTP/1.1" 206 1024
172.22.2.4 - - [22/Dec/2022:01:10:02 -0500] "GET /BLA/boletinlegal/ HTTP/1.1" 200 56474
157.55.39.172 - - [22/Dec/2022:01:12:20 -0500] "GET /bla/resoluciones/notificaciones/autos%202020/4205.pdf HTTP/1.1" 304 -
216.245.221.92 - - [22/Dec/2022:01:13:37 -0500] "HEAD / HTTP/1.1" 200 -
40.77.167.33 - - [22/Dec/2022:01:14:17 -0500] "GET /BLA/resoluciones/index.php?dir=RESOLUCIONES+2003%2F HTTP/1.1" 200 31404
152.61.128.50 - - [22/Dec/2022:01:14:24 -0500] "GET / HTTP/1.1" 200 319
152.61.192.232 - - [22/Dec/2022:01:14:32 -0500] "GET / HTTP/1.1" 200 319
207.46.13.198 - - [22/Dec/2022:01:14:32 -0500] "GET /BLA/resoluciones/dlf/styles.css HTTP/1.1" 200 3049
152.89.196.211 - - [22/Dec/2022:01:15:35 -0500] "GET /?XDEBUG_SESSION_START=phpstorm HTTP/1.1" 200 319
201.245.192.253 - - [22/Dec/2022:01:15:56 -0500] "POST /kwsrmcab/Wsrmcab  HTTP/1.1" 200 44094
185.119.81.98 - - [22/Dec/2022:01:16:11 -0500] "GET /portaldeninos/wp-login.php HTTP/1.1" 200 2592
185.119.81.98 - - [22/Dec/2022:01:16:12 -0500] "POST /portaldeninos/wp-login.php HTTP/1.1" 200 3650
172.22.2.4 - - [22/Dec/2022:01:15:02 -0500] "HEAD /BLA/boletinlegal/ HTTP/1.1" 200 -
143.198.119.23 - - [22/Dec/2022:01:17:17 -0500] "GET /portaldeninos/ HTTP/1.1" 200 110197
172.22.2.4 - - [22/Dec/2022:01:15:52 -0500] "GET /BLA/boletinlegal/ HTTP/1.1" 200 55680
216.245.221.92 - - [22/Dec/2022:01:18:37 -0500] "HEAD / HTTP/1.1" 200 -
201.245.192.253 - - [22/Dec/2022:01:20:28 -0500] "POST /kwsrmcab/Wsrmcab HTTP/1.1" 200 42477
201.245.192.253 - - [22/Dec/2022:01:20:30 -0500] "POST /kwsrmcab/Wsrmcab HTTP/1.1" 200 43755
201.245.192.253 - - [22/Dec/2022:01:20:55 -0500] "POST /kwsrmcab/Wsrmcab  HTTP/1.1" 200 44094
114.119.146.98 - - [22/Dec/2022:01:21:08 -0500] "GET /BLA/resoluciones/RESOLUCIONES%202010/7762.pdf HTTP/1.1" 200 119635
172.22.2.4 - - [22/Dec/2022:01:20:51 -0500] "HEAD /BLA/boletinlegal/ HTTP/1.1" 200 -
157.55.39.172 - - [22/Dec/2022:01:23:00 -0500] "GET /Publicaciones/2022EE83636.pdf HTTP/1.1" 404 227
172.22.2.4 - - [22/Dec/2022:01:21:42 -0500] "GET /BLA/boletinlegal/ HTTP/1.1" 200 57824
216.245.221.92 - - [22/Dec/2022:01:23:37 -0500] "HEAD / HTTP/1.1" 200 -
201.245.192.253 - - [22/Dec/2022:01:25:54 -0500] "POST /kwsrmcab/Wsrmcab  HTTP/1.1" 200 44094
199.16.157.183 - - [22/Dec/2022:01:26:36 -0500] "GET /images/Acuerdos%2001%20(1)%20(1).jpeg HTTP/1.1" 200 32884
207.46.13.174 - - [22/Dec/2022:01:27:55 -0500] "GET /BLA/resoluciones/RESOLUCIONES%202021/1826.pdf HTTP/1.1" 304 -
172.22.2.4 - - [22/Dec/2022:01:26:42 -0500] "HEAD /BLA/boletinlegal/ HTTP/1.1" 200 -
216.245.221.92 - - [22/Dec/2022:01:28:38 -0500] "HEAD / HTTP/1.1" 200 -
172.22.2.4 - - [22/Dec/2022:01:27:32 -0500] "GET /BLA/boletinlegal/ HTTP/1.1" 200 53337
201.245.192.253 - - [22/Dec/2022:01:30:28 -0500] "POST /kwsrmcab/Wsrmcab HTTP/1.1" 200 42477
201.245.192.253 - - [22/Dec/2022:01:30:31 -0500] "POST /kwsrmcab/Wsrmcab HTTP/1.1" 200 43755
201.245.192.253 - - [22/Dec/2022:01:30:52 -0500] "POST /kwsrmcab/Wsrmcab  HTTP/1.1" 200 44094
64.62.197.168 - - [22/Dec/2022:01:31:13 -0500] "GET / HTTP/1.1" 200 319
148.153.45.236 - - [22/Dec/2022:01:32:28 -0500] "GET /Bsr5 HTTP/1.1" 404 1018
148.153.45.236 - - [22/Dec/2022:01:32:28 -0500] "GET /Js1o HTTP/1.1" 404 1018
148.153.45.236 - - [22/Dec/2022:01:32:28 -0500] "GET /aab8 HTTP/1.1" 404 1018
148.153.45.236 - - [22/Dec/2022:01:32:28 -0500] "GET /jquery-3.3.1.slim.min.js HTTP/1.1" 404 1018
148.153.45.236 - - [22/Dec/2022:01:32:28 -0500] "GET /aab9 HTTP/1.1" 404 1018
148.153.45.236 - - [22/Dec/2022:01:32:29 -0500] "GET /jquery-3.3.2.slim.min.js HTTP/1.1" 404 1018
207.46.13.194 - - [22/Dec/2022:01:33:07 -0500] "GET /bla/resoluciones/resoluciones%202012/0750.pdf HTTP/1.1" 304 -
216.245.221.92 - - [22/Dec/2022:01:33:37 -0500] "HEAD / HTTP/1.1" 200 -
172.22.2.4 - - [22/Dec/2022:01:32:32 -0500] "HEAD /BLA/boletinlegal/ HTTP/1.1" 200 -
64.62.197.169 - - [22/Dec/2022:01:34:29 -0500] "GET /favicon.ico HTTP/1.1" 200 7782
172.22.2.4 - - [22/Dec/2022:01:33:22 -0500] "GET /BLA/boletinlegal/ HTTP/1.1" 200 52453
201.245.192.253 - - [22/Dec/2022:01:35:51 -0500] "POST /kwsrmcab/Wsrmcab  HTTP/1.1" 200 44094
40.77.167.97 - - [22/Dec/2022:01:36:57 -0500] "-" 408 -
216.245.221.92 - - [22/Dec/2022:01:38:37 -0500] "HEAD / HTTP/1.1" 200 -
173.248.241.181 - - [22/Dec/2022:01:38:41 -0500] "POST /_ignition/execute-solution/ HTTP/1.1" 404 1035
157.55.39.152 - - [22/Dec/2022:01:39:36 -0500] "GET /php/CarreraAdministrativa/RESOLUCION_2590_DEL_2010_CNSC.pdf HTTP/1.1" 404 1018
172.22.2.4 - - [22/Dec/2022:01:38:21 -0500] "HEAD /BLA/boletinlegal/ HTTP/1.1" 200 -
201.245.192.253 - - [22/Dec/2022:01:40:29 -0500] "POST /kwsrmcab/Wsrmcab HTTP/1.1" 200 42477
201.245.192.253 - - [22/Dec/2022:01:40:32 -0500] "POST /kwsrmcab/Wsrmcab HTTP/1.1" 200 43755
40.77.167.33 - - [22/Dec/2022:01:40:39 -0500] "GET /catalogoisis/ HTTP/1.1" 200 8575
172.22.2.4 - - [22/Dec/2022:01:39:12 -0500] "GET /BLA/boletinlegal/ HTTP/1.1" 200 52453
201.245.192.253 - - [22/Dec/2022:01:40:51 -0500] "POST /kwsrmcab/Wsrmcab  HTTP/1.1" 200 44094
172.22.2.4 - - [22/Dec/2022:01:41:15 -0500] "GET /BLA/boletinlegal/robots.txt HTTP/1.1" 404 1037
66.249.66.86 - - [22/Dec/2022:01:41:24 -0500] "-" 408 -
172.121.220.228 - - [22/Dec/2022:01:41:35 -0500] "GET / HTTP/1.1" 200 319
172.121.220.255 - - [22/Dec/2022:01:41:35 -0500] "GET / HTTP/1.1" 200 319
172.22.2.4 - - [22/Dec/2022:01:40:34 -0500] "GET /BLA/boletinlegal/ HTTP/1.1" 200 20243
172.22.2.4 - - [22/Dec/2022:01:40:40 -0500] "GET /BLA/boletinlegal/ HTTP/1.1" 200 17975
172.22.2.4 - - [22/Dec/2022:01:40:46 -0500] "GET /BLA/boletinlegal/ HTTP/1.1" 200 16860
172.22.2.4 - - [22/Dec/2022:01:40:51 -0500] "GET /BLA/boletinlegal/ HTTP/1.1" 200 16266
172.22.2.4 - - [22/Dec/2022:01:41:00 -0500] "GET /BLA/boletinlegal/ HTTP/1.1" 200 16860
172.22.2.4 - - [22/Dec/2022:01:41:05 -0500] "GET /BLA/boletinlegal/ HTTP/1.1" 200 17333
172.22.2.4 - - [22/Dec/2022:01:41:10 -0500] "GET /BLA/boletinlegal/ HTTP/1.1" 200 16860
172.22.2.4 - - [22/Dec/2022:01:41:15 -0500] "GET /BLA/boletinlegal/ HTTP/1.1" 200 16860
172.22.2.4 - - [22/Dec/2022:01:41:20 -0500] "GET /BLA/boletinlegal/ HTTP/1.1" 200 18903
172.22.2.4 - - [22/Dec/2022:01:41:25 -0500] "GET /BLA/boletinlegal/ HTTP/1.1" 200 20243
216.245.221.92 - - [22/Dec/2022:01:43:37 -0500] "HEAD / HTTP/1.1" 200 -
172.22.2.4 - - [22/Dec/2022:01:44:12 -0500] "HEAD /BLA/boletinlegal/ HTTP/1.1" 200 -
201.245.192.253 - - [22/Dec/2022:01:45:50 -0500] "POST /kwsrmcab/Wsrmcab  HTTP/1.1" 200 44094
172.22.2.4 - - [22/Dec/2022:01:45:02 -0500] "GET /BLA/boletinlegal/ HTTP/1.1" 200 54100
216.245.221.92 - - [22/Dec/2022:01:48:37 -0500] "HEAD / HTTP/1.1" 200 -
207.46.13.198 - - [22/Dec/2022:01:48:55 -0500] "GET /BLA/resoluciones/AUTOS%202021/1906.pdf HTTP/1.1" 200 399297
201.245.192.253 - - [22/Dec/2022:01:50:49 -0500] "POST /kwsrmcab/Wsrmcab  HTTP/1.1" 200 44094
172.22.2.4 - - [22/Dec/2022:01:50:01 -0500] "HEAD /BLA/boletinlegal/ HTTP/1.1" 200 -
172.22.2.4 - - [22/Dec/2022:01:50:52 -0500] "GET /BLA/boletinlegal/ HTTP/1.1" 200 48283
216.245.221.92 - - [22/Dec/2022:01:53:37 -0500] "HEAD / HTTP/1.1" 200 -
152.61.192.232 - - [22/Dec/2022:01:54:38 -0500] "GET /arcgis/services/Calidad_del_Agua_WQI/MapServer/WMSServer?request=GetCapabilities&service=WMS HTTP/1.1" 503 1020
152.61.192.232 - - [22/Dec/2022:01:54:39 -0500] "GET /arcgis/services/Calidad_del_Agua_WQI/MapServer/WMSServer?SERVICE=WMS&REQUEST=GetCapabilities HTTP/1.1" 503 1020
152.61.192.232 - - [22/Dec/2022:01:54:40 -0500] "GET /arcgis/services/Calidad_del_Agua_WQI/MapServer/WMSServer?WMTVER=1.0.0&REQUEST=capabilities HTTP/1.1" 503 1020
201.245.192.253 - - [22/Dec/2022:01:55:47 -0500] "POST /kwsrmcab/Wsrmcab  HTTP/1.1" 200 44094
172.22.2.4 - - [22/Dec/2022:01:56:28 -0500] "GET /BLA/boletinlegal/ HTTP/1.1" 200 24523
172.22.2.4 - - [22/Dec/2022:01:55:51 -0500] "HEAD /BLA/boletinlegal/ HTTP/1.1" 200 -
172.22.2.4 - - [22/Dec/2022:01:56:42 -0500] "GET /BLA/boletinlegal/ HTTP/1.1" 200 54100
216.245.221.92 - - [22/Dec/2022:01:58:37 -0500] "HEAD / HTTP/1.1" 200 -
152.61.128.50 - - [22/Dec/2022:01:59:01 -0500] "GET /arcgis/services/Calidad_del_Agua_WQI/MapServer/WMSServer?request=GetCapabilities&service=WMS HTTP/1.1" 503 1020
152.61.128.50 - - [22/Dec/2022:01:59:03 -0500] "GET /arcgis/services/Calidad_del_Agua_WQI/MapServer/WMSServer?SERVICE=WMS&REQUEST=GetCapabilities HTTP/1.1" 503 1020
152.61.128.50 - - [22/Dec/2022:01:59:03 -0500] "GET /arcgis/services/Calidad_del_Agua_WQI/MapServer/WMSServer?WMTVER=1.0.0&REQUEST=capabilities HTTP/1.1" 503 1020
157.55.39.172 - - [22/Dec/2022:02:00:05 -0500] "GET /SIIPEV/Diseno%20de%20Elementos%20de%20Mobiliario%20Urbano/Registros/ HTTP/1.1" 200 595
157.55.39.172 - - [22/Dec/2022:02:00:34 -0500] "GET /sipse/faces/faces/autenticacion.xhtml HTTP/1.1" 200 12504
201.245.192.253 - - [22/Dec/2022:02:00:46 -0500] "POST /kwsrmcab/Wsrmcab  HTTP/1.1" 200 44094
172.22.2.4 - - [22/Dec/2022:02:01:41 -0500] "HEAD /BLA/boletinlegal/ HTTP/1.1" 200 -
216.245.221.92 - - [22/Dec/2022:02:03:37 -0500] "HEAD / HTTP/1.1" 200 -
172.22.2.4 - - [22/Dec/2022:02:02:32 -0500] "GET /BLA/boletinlegal/ HTTP/1.1" 200 51248
66.249.66.86 - - [22/Dec/2022:02:05:10 -0500] "-" 408 -
201.245.192.253 - - [22/Dec/2022:02:05:46 -0500] "POST /kwsrmcab/Wsrmcab  HTTP/1.1" 200 44094
40.77.167.95 - - [22/Dec/2022:02:06:24 -0500] "-" 408 -
216.245.221.92 - - [22/Dec/2022:02:08:37 -0500] "HEAD / HTTP/1.1" 200 -
172.22.2.4 - - [22/Dec/2022:02:07:58 -0500] "GET /BLA/boletinlegal/ HTTP/1.1" 200 24523
172.22.2.4 - - [22/Dec/2022:02:07:31 -0500] "HEAD /BLA/boletinlegal/ HTTP/1.1" 200 -
172.22.2.4 - - [22/Dec/2022:02:08:22 -0500] "GET /BLA/boletinlegal/ HTTP/1.1" 200 52453
201.245.192.253 - - [22/Dec/2022:02:10:45 -0500] "POST /kwsrmcab/Wsrmcab  HTTP/1.1" 200 44094
172.22.2.4 - - [22/Dec/2022:02:12:03 -0500] "GET /BLA/boletinlegal/jurisprudencia/analisis/analisis%20sentencia%20C-1007-2011-1.doc HTTP/1.1" 304 -
207.46.13.122 - - [22/Dec/2022:02:13:04 -0500] "GET /portaldeninos/aulas-ambientales/aula-ambiental-sorotama/ HTTP/1.1" 200 89596
216.245.221.92 - - [22/Dec/2022:02:13:37 -0500] "HEAD / HTTP/1.1" 200 -
202.5.53.67 - - [22/Dec/2022:02:14:01 -0500] "GET / HTTP/1.1" 200 319
207.46.13.174 - - [22/Dec/2022:02:14:40 -0500] "GET /BLA/resoluciones/RESOLUCIONES%202000/2000%20350-399.tif HTTP/1.1" 200 4678251
172.22.2.4 - - [22/Dec/2022:02:13:21 -0500] "HEAD /BLA/boletinlegal/ HTTP/1.1" 200 -
201.245.192.253 - - [22/Dec/2022:02:15:42 -0500] "POST /kwsrmcab/Wsrmcab  HTTP/1.1" 200 44094
172.22.2.4 - - [22/Dec/2022:02:14:12 -0500] "GET /BLA/boletinlegal/ HTTP/1.1" 200 56474
172.22.2.4 - - [22/Dec/2022:02:16:50 -0500] "GET /BLA/boletinlegal/remote/fgt_lang?lang=/../../../..//////////dev/ HTTP/1.1" 404 1018
216.245.221.92 - - [22/Dec/2022:02:18:37 -0500] "HEAD / HTTP/1.1" 200 -
201.245.192.253 - - [22/Dec/2022:02:20:28 -0500] "POST /kwsrmcab/Wsrmcab HTTP/1.1" 200 42763
201.245.192.253 - - [22/Dec/2022:02:20:30 -0500] "POST /kwsrmcab/Wsrmcab HTTP/1.1" 200 44089
201.245.192.253 - - [22/Dec/2022:02:20:43 -0500] "POST /kwsrmcab/Wsrmcab  HTTP/1.1" 200 44094
172.22.2.4 - - [22/Dec/2022:02:19:11 -0500] "HEAD /BLA/boletinlegal/ HTTP/1.1" 200 -
172.22.2.4 - - [22/Dec/2022:02:20:02 -0500] "GET /BLA/boletinlegal/ HTTP/1.1" 200 57824
40.77.167.33 - - [22/Dec/2022:02:23:24 -0500] "GET /sipse/faces/presentacion/sistema/anexos/cargarAnexoSolicitudProceso.xhtml HTTP/1.1" 302 -
40.77.167.33 - - [22/Dec/2022:02:23:24 -0500] "GET /sipse/faces/autenticacion.xhtml HTTP/1.1" 200 12182
216.245.221.92 - - [22/Dec/2022:02:23:37 -0500] "HEAD / HTTP/1.1" 200 -
201.245.192.253 - - [22/Dec/2022:02:25:42 -0500] "POST /kwsrmcab/Wsrmcab  HTTP/1.1" 200 44094
172.22.2.4 - - [22/Dec/2022:02:25:01 -0500] "HEAD /BLA/boletinlegal/ HTTP/1.1" 200 -
172.22.2.4 - - [22/Dec/2022:02:25:52 -0500] "GET /BLA/boletinlegal/ HTTP/1.1" 200 56474
216.245.221.92 - - [22/Dec/2022:02:28:37 -0500] "HEAD / HTTP/1.1" 200 -
207.46.13.174 - - [22/Dec/2022:02:28:50 -0500] "GET /BLA/boletinlegal/Directivas/2019/Directiva%20008%20del%2001%20de%20noviembre%20de%202019.pdf HTTP/1.1" 304 -
173.248.241.181 - - [22/Dec/2022:02:28:56 -0500] "POST /_ignition/execute-solution/ HTTP/1.1" 404 1034
42.235.92.70 - - [22/Dec/2022:02:29:01 -0500] "GET /boaform/admin/formLogin?username=adminisp&psd=adminisp HTTP/1.0" 404 1019
201.245.192.253 - - [22/Dec/2022:02:30:28 -0500] "POST /kwsrmcab/Wsrmcab HTTP/1.1" 200 42763
201.245.192.253 - - [22/Dec/2022:02:30:30 -0500] "POST /kwsrmcab/Wsrmcab HTTP/1.1" 200 44089
157.55.39.172 - - [22/Dec/2022:02:30:36 -0500] "GET /BLA/resoluciones/RESOLUCIONES%202019/2488.pdf HTTP/1.1" 304 -
201.245.192.253 - - [22/Dec/2022:02:30:41 -0500] "POST /kwsrmcab/Wsrmcab  HTTP/1.1" 200 44094
207.46.13.194 - - [22/Dec/2022:02:30:51 -0500] "GET /BLA/resoluciones/AUTOS%202021/2613.pdf HTTP/1.1" 304 -
199.16.157.181 - - [22/Dec/2022:02:32:09 -0500] "GET /atencion-mujeres-que-reverdecen-ya-inicia-la-segunda-fase.html HTTP/1.1" 200 857
199.16.157.180 - - [22/Dec/2022:02:32:09 -0500] "GET /images/Mujeres%20que%20reverdecen%201%20sept.jpeg HTTP/1.1" 200 134076
172.22.2.4 - - [22/Dec/2022:02:30:51 -0500] "HEAD /BLA/boletinlegal/ HTTP/1.1" 200 -
183.136.225.32 - - [22/Dec/2022:02:32:53 -0500] "GET / HTTP/1.1" 200 319
172.22.2.4 - - [22/Dec/2022:02:31:42 -0500] "GET /BLA/boletinlegal/ HTTP/1.1" 200 56474
172.22.2.4 - - [22/Dec/2022:02:33:30 -0500] "GET /BLA/boletinlegal/owa/auth/logon.aspx?url=https%3a%2f%2f1%2fecp%2f HTTP/1.1" 404 1018
216.245.221.92 - - [22/Dec/2022:02:33:37 -0500] "HEAD / HTTP/1.1" 200 -
201.245.192.253 - - [22/Dec/2022:02:35:38 -0500] "POST /kwsrmcab/Wsrmcab  HTTP/1.1" 200 44094
172.22.2.4 - - [22/Dec/2022:02:36:41 -0500] "HEAD /BLA/boletinlegal/ HTTP/1.1" 200 -
216.245.221.92 - - [22/Dec/2022:02:38:37 -0500] "HEAD / HTTP/1.1" 200 -
172.22.2.4 - - [22/Dec/2022:02:37:32 -0500] "GET /BLA/boletinlegal/ HTTP/1.1" 200 59404
183.136.225.32 - - [22/Dec/2022:02:39:23 -0500] "GET / HTTP/1.1" 200 319
183.136.225.32 - - [22/Dec/2022:02:39:25 -0500] "GET /favicon.ico HTTP/1.1" 200 7782
167.248.133.117 - - [22/Dec/2022:02:39:33 -0500] "GET / HTTP/1.1" 200 319
167.248.133.117 - - [22/Dec/2022:02:39:34 -0500] "GET / HTTP/1.1" 200 319
167.248.133.117 - - [22/Dec/2022:02:39:34 -0500] "PRI * HTTP/2.0" 400 946
167.248.133.117 - - [22/Dec/2022:02:39:34 -0500] "GET /favicon.ico HTTP/1.1" 200 7782
69.171.249.7 - - [22/Dec/2022:02:40:11 -0500] "GET /images/Entrenubes%201%20(1)%20(1).jpeg HTTP/1.1" 200 70096
201.245.192.253 - - [22/Dec/2022:02:40:29 -0500] "POST /kwsrmcab/Wsrmcab HTTP/1.1" 200 42763
201.245.192.253 - - [22/Dec/2022:02:40:31 -0500] "POST /kwsrmcab/Wsrmcab HTTP/1.1" 200 44089
201.245.192.253 - - [22/Dec/2022:02:40:38 -0500] "POST /kwsrmcab/Wsrmcab  HTTP/1.1" 200 44094
157.55.39.152 - - [22/Dec/2022:02:41:03 -0500] "GET /bla/resoluciones/resoluciones%202012/0674.pdf HTTP/1.1" 304 -
172.22.2.4 - - [22/Dec/2022:02:41:32 -0500] "GET /BLA/boletinlegal/favicon.ico HTTP/1.1" 404 1018
172.22.2.4 - - [22/Dec/2022:02:41:17 -0500] "GET /BLA/boletinlegal/ HTTP/1.1" 200 20427
172.22.2.4 - - [22/Dec/2022:02:41:17 -0500] "GET /BLA/boletinlegal/ HTTP/1.1" 200 32715
216.245.221.92 - - [22/Dec/2022:02:43:37 -0500] "HEAD / HTTP/1.1" 200 -
172.22.2.4 - - [22/Dec/2022:02:42:31 -0500] "HEAD /BLA/boletinlegal/ HTTP/1.1" 200 -
172.22.2.4 - - [22/Dec/2022:02:43:22 -0500] "GET /BLA/boletinlegal/ HTTP/1.1" 200 57192
201.245.192.253 - - [22/Dec/2022:02:45:37 -0500] "POST /kwsrmcab/Wsrmcab  HTTP/1.1" 200 44094
199.16.157.180 - - [22/Dec/2022:02:46:32 -0500] "GET /con-pinceles-y-acuarelas-veronica-martinez-protege-la-biodiversidad.html HTTP/1.1" 200 990
199.16.157.183 - - [22/Dec/2022:02:46:32 -0500] "GET /images/cronica-mujer-biodiveridad-30-noviembre.jpg HTTP/1.1" 200 63270
216.245.221.92 - - [22/Dec/2022:02:48:37 -0500] "HEAD / HTTP/1.1" 200 -
172.22.2.4 - - [22/Dec/2022:02:48:21 -0500] "HEAD /BLA/boletinlegal/ HTTP/1.1" 200 -
201.245.192.253 - - [22/Dec/2022:02:50:36 -0500] "POST /kwsrmcab/Wsrmcab  HTTP/1.1" 200 44094
172.22.2.4 - - [22/Dec/2022:02:49:12 -0500] "GET /BLA/boletinlegal/ HTTP/1.1" 200 56079
172.22.2.4 - - [22/Dec/2022:02:51:42 -0500] "GET /BLA/boletinlegal/jurisprudencia'.php HTTP/1.1" 404 1038
216.245.221.92 - - [22/Dec/2022:02:53:37 -0500] "HEAD / HTTP/1.1" 200 -
201.245.192.253 - - [22/Dec/2022:02:55:35 -0500] "POST /kwsrmcab/Wsrmcab  HTTP/1.1" 200 44094
172.22.2.4 - - [22/Dec/2022:02:54:11 -0500] "HEAD /BLA/boletinlegal/ HTTP/1.1" 200 -
152.89.196.211 - - [22/Dec/2022:02:55:54 -0500] "GET /console/ HTTP/1.1" 404 1018
172.22.2.4 - - [22/Dec/2022:02:55:02 -0500] "GET /BLA/boletinlegal/ HTTP/1.1" 200 57192
216.245.221.92 - - [22/Dec/2022:02:58:37 -0500] "HEAD / HTTP/1.1" 200 -
192.30.243.7 - - [22/Dec/2022:02:59:03 -0500] "GET http://httpbin.org/ip HTTP/1.1" 404 1015
172.22.2.4 - - [22/Dec/2022:02:58:01 -0500] "GET /BLA/boletinlegal/index.php HTTP/1.1" 200 62423
157.55.39.46 - - [22/Dec/2022:02:59:50 -0500] "GET /portaldeninos/2021/06/05/celebracion-del-dia-mundial-del-medio-ambiente-comenzo-desde-uno-de-los-pulmones-de-bogota/ HTTP/1.1" 200 104357
201.245.192.253 - - [22/Dec/2022:03:00:34 -0500] "POST /kwsrmcab/Wsrmcab  HTTP/1.1" 200 44094
172.22.2.4 - - [22/Dec/2022:03:00:01 -0500] "HEAD /BLA/boletinlegal/ HTTP/1.1" 200 -
172.22.2.4 - - [22/Dec/2022:03:00:51 -0500] "GET /BLA/boletinlegal/ HTTP/1.1" 200 57192
207.46.13.194 - - [22/Dec/2022:03:02:57 -0500] "GET /bla/resoluciones/resoluciones%202012/0879.pdf HTTP/1.1" 304 -
216.245.221.92 - - [22/Dec/2022:03:03:37 -0500] "HEAD / HTTP/1.1" 200 -
207.46.13.194 - - [22/Dec/2022:03:04:44 -0500] "GET /php/CarreraAdministrativa/FICHA_PLAN_MEJORAMIENTO_INDIVIDUAL.xls HTTP/1.1" 404 1018
201.245.192.253 - - [22/Dec/2022:03:05:33 -0500] "POST /kwsrmcab/Wsrmcab  HTTP/1.1" 200 44094
172.22.2.4 - - [22/Dec/2022:03:05:51 -0500] "HEAD /BLA/boletinlegal/ HTTP/1.1" 200 -
172.22.2.4 - - [22/Dec/2022:03:08:01 -0500] "GET /BLA/boletinlegal/Directivas/2017/Directiva%20No.%2006%20del%2016%20de%20Agosto%20de%202017.pdf HTTP/1.1" 304 -
172.22.2.4 - - [22/Dec/2022:03:06:42 -0500] "GET /BLA/boletinlegal/ HTTP/1.1" 200 53337
216.245.221.92 - - [22/Dec/2022:03:08:37 -0500] "HEAD / HTTP/1.1" 200 -
201.245.192.253 - - [22/Dec/2022:03:10:32 -0500] "POST /kwsrmcab/Wsrmcab  HTTP/1.1" 200 44094
207.46.13.198 - - [22/Dec/2022:03:11:56 -0500] "GET /Autoliquidacion/index.php?dir= HTTP/1.1" 200 6629
40.77.167.33 - - [22/Dec/2022:03:12:17 -0500] "GET /Autoliquidacion/dlf/styles.css HTTP/1.1" 200 3045
186.154.52.44 - - [22/Dec/2022:03:13:11 -0500] "GET /conoce-las-234-empresas-reconocidas-por-su-gestion-ambiental-y-como-participar-en-2023.html HTTP/1.1" 200 957
157.55.39.172 - - [22/Dec/2022:03:13:10 -0500] "GET /appsia/controlador HTTP/1.1" 200 4799
172.22.2.4 - - [22/Dec/2022:03:11:41 -0500] "HEAD /BLA/boletinlegal/ HTTP/1.1" 200 -
172.22.2.4 - - [22/Dec/2022:03:13:22 -0500] "GET /BLA/boletinlegal/favicon.ico HTTP/1.1" 404 1038
207.46.13.194 - - [22/Dec/2022:03:13:23 -0500] "GET /appsia/scripts/validarIngreso.js HTTP/1.1" 200 851
157.55.39.152 - - [22/Dec/2022:03:13:28 -0500] "GET /appsia/css/estilos.css HTTP/1.1" 200 4804
216.245.221.92 - - [22/Dec/2022:03:13:37 -0500] "HEAD / HTTP/1.1" 200 -
172.22.2.4 - - [22/Dec/2022:03:12:31 -0500] "GET /BLA/boletinlegal/ HTTP/1.1" 200 53337
201.245.192.253 - - [22/Dec/2022:03:15:31 -0500] "POST /kwsrmcab/Wsrmcab  HTTP/1.1" 200 44094
216.245.221.92 - - [22/Dec/2022:03:18:37 -0500] "HEAD / HTTP/1.1" 200 -
172.22.2.4 - - [22/Dec/2022:03:17:31 -0500] "HEAD /BLA/boletinlegal/ HTTP/1.1" 200 -
172.22.2.4 - - [22/Dec/2022:03:18:22 -0500] "GET /BLA/boletinlegal/ HTTP/1.1" 200 59404
201.245.192.253 - - [22/Dec/2022:03:20:28 -0500] "POST /kwsrmcab/Wsrmcab HTTP/1.1" 200 42775
201.245.192.253 - - [22/Dec/2022:03:20:30 -0500] "POST /kwsrmcab/Wsrmcab HTTP/1.1" 200 43943
201.245.192.253 - - [22/Dec/2022:03:20:30 -0500] "POST /kwsrmcab/Wsrmcab  HTTP/1.1" 200 44094
104.222.162.49 - - [22/Dec/2022:03:21:30 -0500] "-" 408 -
103.105.167.71 - - [22/Dec/2022:03:21:30 -0500] "-" 408 -
216.245.221.92 - - [22/Dec/2022:03:23:37 -0500] "HEAD / HTTP/1.1" 200 -
172.22.2.4 - - [22/Dec/2022:03:23:21 -0500] "HEAD /BLA/boletinlegal/ HTTP/1.1" 200 -
201.245.192.253 - - [22/Dec/2022:03:25:30 -0500] "POST /kwsrmcab/Wsrmcab  HTTP/1.1" 200 44094
172.22.2.4 - - [22/Dec/2022:03:24:11 -0500] "GET /BLA/boletinlegal/ HTTP/1.1" 200 57192
216.245.221.92 - - [22/Dec/2022:03:28:37 -0500] "HEAD / HTTP/1.1" 200 -
201.245.192.253 - - [22/Dec/2022:03:30:28 -0500] "POST /kwsrmcab/Wsrmcab  HTTP/1.1" 200 44094
201.245.192.253 - - [22/Dec/2022:03:30:28 -0500] "POST /kwsrmcab/Wsrmcab HTTP/1.1" 200 42775
201.245.192.253 - - [22/Dec/2022:03:30:31 -0500] "POST /kwsrmcab/Wsrmcab HTTP/1.1" 200 43943
172.22.2.4 - - [22/Dec/2022:03:29:11 -0500] "HEAD /BLA/boletinlegal/ HTTP/1.1" 200 -
157.55.39.212 - - [22/Dec/2022:03:30:55 -0500] "GET /portaldeninos/wp-content/uploads/2020/05/fb.jpg HTTP/1.1" 200 9893
207.46.13.198 - - [22/Dec/2022:03:31:36 -0500] "GET /bla/resoluciones/notificaciones/autos%202017/3397.pdf HTTP/1.1" 304 -
69.63.184.119 - - [22/Dec/2022:03:31:38 -0500] "GET /monica-fonnegra-una-disenadora-que-inspira-amor-por-la-naturaleza-a-traves-de-la-moda.html HTTP/1.1" 206 976
173.252.127.23 - - [22/Dec/2022:03:31:40 -0500] "GET /images/cr\xc3\xb3nica-29-nov-1_optimized.jpeg HTTP/1.1" 404 1034
172.22.2.4 - - [22/Dec/2022:03:30:01 -0500] "GET /BLA/boletinlegal/ HTTP/1.1" 200 57192
34.140.248.32 - - [22/Dec/2022:03:32:09 -0500] "GET / HTTP/1.1" 200 319
216.245.221.92 - - [22/Dec/2022:03:33:37 -0500] "HEAD / HTTP/1.1" 200 -
201.245.192.253 - - [22/Dec/2022:03:35:26 -0500] "POST /kwsrmcab/Wsrmcab  HTTP/1.1" 200 44094
172.22.2.4 - - [22/Dec/2022:03:35:01 -0500] "HEAD /BLA/boletinlegal/ HTTP/1.1" 200 -
172.22.2.4 - - [22/Dec/2022:03:35:51 -0500] "GET /BLA/boletinlegal/ HTTP/1.1" 200 57192
95.217.144.237 - - [22/Dec/2022:03:38:34 -0500] "-" 408 -
95.217.144.237 - - [22/Dec/2022:03:38:34 -0500] "-" 408 -
216.245.221.92 - - [22/Dec/2022:03:38:37 -0500] "HEAD / HTTP/1.1" 200 -
95.217.144.245 - - [22/Dec/2022:03:38:40 -0500] "-" 408 -
95.217.144.245 - - [22/Dec/2022:03:38:40 -0500] "-" 408 -
95.217.144.245 - - [22/Dec/2022:03:38:40 -0500] "-" 408 -
95.217.144.245 - - [22/Dec/2022:03:38:43 -0500] "-" 408 -
95.217.144.245 - - [22/Dec/2022:03:38:43 -0500] "-" 408 -
95.217.144.245 - - [22/Dec/2022:03:38:48 -0500] "-" 408 -
95.217.144.155 - - [22/Dec/2022:03:38:55 -0500] "-" 408 -
95.217.144.240 - - [22/Dec/2022:03:38:58 -0500] "-" 408 -
95.217.144.155 - - [22/Dec/2022:03:39:00 -0500] "-" 408 -
95.217.144.155 - - [22/Dec/2022:03:39:00 -0500] "-" 408 -
95.217.144.245 - - [22/Dec/2022:03:39:01 -0500] "-" 408 -
95.217.144.240 - - [22/Dec/2022:03:39:04 -0500] "-" 408 -
95.217.144.238 - - [22/Dec/2022:03:39:08 -0500] "-" 408 -
95.217.144.238 - - [22/Dec/2022:03:39:10 -0500] "-" 408 -
95.217.144.238 - - [22/Dec/2022:03:39:10 -0500] "-" 408 -
95.217.144.237 - - [22/Dec/2022:03:39:13 -0500] "-" 408 -
95.217.144.237 - - [22/Dec/2022:03:39:13 -0500] "-" 408 -
95.217.144.237 - - [22/Dec/2022:03:39:14 -0500] "-" 408 -
95.217.144.245 - - [22/Dec/2022:03:39:17 -0500] "-" 408 -
95.217.144.238 - - [22/Dec/2022:03:39:18 -0500] "-" 408 -
201.245.192.253 - - [22/Dec/2022:03:40:25 -0500] "POST /kwsrmcab/Wsrmcab  HTTP/1.1" 200 44094
201.245.192.253 - - [22/Dec/2022:03:40:28 -0500] "POST /kwsrmcab/Wsrmcab HTTP/1.1" 200 42775
201.245.192.253 - - [22/Dec/2022:03:40:30 -0500] "POST /kwsrmcab/Wsrmcab HTTP/1.1" 200 43943
172.22.2.4 - - [22/Dec/2022:03:40:51 -0500] "HEAD /BLA/boletinlegal/ HTTP/1.1" 200 -
216.245.221.92 - - [22/Dec/2022:03:43:37 -0500] "HEAD / HTTP/1.1" 200 -
172.22.2.4 - - [22/Dec/2022:03:43:00 -0500] "GET /BLA/boletinlegal/ HTTP/1.1" 200 54452
172.22.2.4 - - [22/Dec/2022:03:43:01 -0500] "GET /BLA/boletinlegal/ HTTP/1.1" 200 54452
201.245.192.253 - - [22/Dec/2022:03:45:23 -0500] "POST /kwsrmcab/Wsrmcab  HTTP/1.1" 200 44094
114.119.138.2 - - [22/Dec/2022:03:45:48 -0500] "GET /BLA/resoluciones/RESOLUCIONES%202010/7781.pdf HTTP/1.1" 200 122336
172.22.2.4 - - [22/Dec/2022:03:44:44 -0500] "HEAD /BLA/boletinlegal/ HTTP/1.1" 200 -
114.119.159.37 - - [22/Dec/2022:03:48:23 -0500] "GET /BLA/resoluciones/RESOLUCIONES%202010/2416.pdf HTTP/1.1" 200 593187
216.245.221.92 - - [22/Dec/2022:03:48:37 -0500] "HEAD / HTTP/1.1" 200 -
172.22.2.4 - - [22/Dec/2022:03:47:00 -0500] "GET /BLA/boletinlegal/ HTTP/1.1" 200 53337
172.22.2.4 - - [22/Dec/2022:03:47:01 -0500] "GET /BLA/boletinlegal/ HTTP/1.1" 200 52942
172.22.2.4 - - [22/Dec/2022:03:48:44 -0500] "HEAD /BLA/boletinlegal/ HTTP/1.1" 200 -
201.245.192.253 - - [22/Dec/2022:03:50:22 -0500] "POST /kwsrmcab/Wsrmcab  HTTP/1.1" 200 44094
201.245.192.253 - - [22/Dec/2022:03:51:29 -0500] "GET /appsia/controlador HTTP/1.1" 200 4799
201.245.192.253 - - [22/Dec/2022:03:51:29 -0500] "GET /appsia/scripts/validarIngreso.js HTTP/1.1" 200 851
201.245.192.253 - - [22/Dec/2022:03:51:29 -0500] "GET /appsia/css/estilos.css HTTP/1.1" 200 4804
201.245.192.253 - - [22/Dec/2022:03:51:29 -0500] "GET /appsia/images/logo_bogota_p.png HTTP/1.1" 200 14951
201.245.192.253 - - [22/Dec/2022:03:51:29 -0500] "GET /appsia/images/cabezoteHojaVida.png HTTP/1.1" 200 32493
201.245.192.253 - - [22/Dec/2022:03:51:30 -0500] "GET /favicon.ico HTTP/1.1" 200 7782
216.245.221.92 - - [22/Dec/2022:03:53:37 -0500] "HEAD / HTTP/1.1" 200 -
201.245.192.253 - - [22/Dec/2022:03:55:22 -0500] "POST /kwsrmcab/Wsrmcab  HTTP/1.1" 200 44094
172.22.2.4 - - [22/Dec/2022:03:55:51 -0500] "HEAD /BLA/boletinlegal/ HTTP/1.1" 200 -
172.22.2.4 - - [22/Dec/2022:03:56:41 -0500] "GET /BLA/boletinlegal/ HTTP/1.1" 200 59404
216.245.221.92 - - [22/Dec/2022:03:58:37 -0500] "HEAD / HTTP/1.1" 200 -
201.245.192.253 - - [22/Dec/2022:04:00:20 -0500] "POST /kwsrmcab/Wsrmcab  HTTP/1.1" 200 44094
157.55.39.152 - - [22/Dec/2022:04:01:21 -0500] "GET /bla/resoluciones/resoluciones%202012/1820.pdf HTTP/1.1" 304 -
172.22.2.4 - - [22/Dec/2022:04:01:41 -0500] "HEAD /BLA/boletinlegal/ HTTP/1.1" 200 -
216.245.221.92 - - [22/Dec/2022:04:03:37 -0500] "HEAD / HTTP/1.1" 200 -
172.22.2.4 - - [22/Dec/2022:04:02:31 -0500] "GET /BLA/boletinlegal/ HTTP/1.1" 200 59404
201.245.192.253 - - [22/Dec/2022:04:05:19 -0500] "POST /kwsrmcab/Wsrmcab  HTTP/1.1" 200 44094
216.245.221.92 - - [22/Dec/2022:04:08:37 -0500] "HEAD / HTTP/1.1" 200 -
172.22.2.4 - - [22/Dec/2022:04:07:31 -0500] "HEAD /BLA/boletinlegal/ HTTP/1.1" 200 -
172.22.2.4 - - [22/Dec/2022:04:09:27 -0500] "GET /BLA/boletinlegal/robots.txt HTTP/1.1" 404 1038
172.22.2.4 - - [22/Dec/2022:04:08:21 -0500] "GET /BLA/boletinlegal/ HTTP/1.1" 200 51643
201.245.192.253 - - [22/Dec/2022:04:10:17 -0500] "POST /kwsrmcab/Wsrmcab  HTTP/1.1" 200 44094
172.22.2.4 - - [22/Dec/2022:04:09:28 -0500] "GET /BLA/boletinlegal/index.php HTTP/1.1" 200 56474
216.245.221.92 - - [22/Dec/2022:04:13:37 -0500] "HEAD / HTTP/1.1" 200 -
172.22.2.4 - - [22/Dec/2022:04:13:21 -0500] "HEAD /BLA/boletinlegal/ HTTP/1.1" 200 -
201.245.192.253 - - [22/Dec/2022:04:15:16 -0500] "POST /kwsrmcab/Wsrmcab  HTTP/1.1" 200 44094
172.22.2.4 - - [22/Dec/2022:04:14:11 -0500] "GET /BLA/boletinlegal/ HTTP/1.1" 200 58185
172.22.2.4 - - [22/Dec/2022:04:16:05 -0500] "GET /BLA/boletinlegal/jurisprudencia.php' HTTP/1.1" 404 1038
162.55.41.96 - - [22/Dec/2022:04:16:37 -0500] "GET / HTTP/1.1" 200 319
66.249.66.85 - - [22/Dec/2022:04:17:59 -0500] "-" 408 -
216.245.221.92 - - [22/Dec/2022:04:18:37 -0500] "HEAD / HTTP/1.1" 200 -
183.136.225.32 - - [22/Dec/2022:04:19:33 -0500] "-" 408 -
114.119.145.137 - - [22/Dec/2022:04:19:58 -0500] "GET /BLA/resoluciones/RESOLUCIONES%202010/5827.pdf HTTP/1.1" 200 2163164
201.245.192.253 - - [22/Dec/2022:04:20:16 -0500] "POST /kwsrmcab/Wsrmcab  HTTP/1.1" 200 44094
201.245.192.253 - - [22/Dec/2022:04:20:27 -0500] "POST /kwsrmcab/Wsrmcab HTTP/1.1" 200 44088
201.245.192.253 - - [22/Dec/2022:04:20:30 -0500] "POST /kwsrmcab/Wsrmcab HTTP/1.1" 200 44085
172.22.2.4 - - [22/Dec/2022:04:19:11 -0500] "HEAD /BLA/boletinlegal/ HTTP/1.1" 200 -
114.119.149.203 - - [22/Dec/2022:04:21:12 -0500] "GET /BLA/resoluciones/AUTOS%202010/3115.pdf HTTP/1.1" 200 352628
172.22.2.4 - - [22/Dec/2022:04:20:01 -0500] "GET /BLA/boletinlegal/ HTTP/1.1" 200 57192
216.245.221.92 - - [22/Dec/2022:04:23:37 -0500] "HEAD / HTTP/1.1" 200 -
172.22.2.4 - - [22/Dec/2022:04:22:32 -0500] "GET /BLA/boletinlegal/ HTTP/1.1" 200 62840
66.249.66.85 - - [22/Dec/2022:04:24:23 -0500] "-" 408 -
173.252.107.13 - - [22/Dec/2022:04:24:33 -0500] "GET /distrito-levanta-alerta-ambiental-fase-1-por-calidad-del-aire.html HTTP/1.1" 206 921
201.245.192.253 - - [22/Dec/2022:04:25:15 -0500] "POST /kwsrmcab/Wsrmcab  HTTP/1.1" 200 44094
94.102.61.10 - - [22/Dec/2022:04:26:04 -0500] "GET /portaldeninos/ HTTP/1.1" 200 14393
162.55.43.55 - - [22/Dec/2022:04:28:19 -0500] "GET / HTTP/1.1" 200 319
183.136.225.46 - - [22/Dec/2022:04:28:39 -0500] "GET / HTTP/1.1" 200 4720
183.136.225.46 - - [22/Dec/2022:04:28:43 -0500] "GET / HTTP/1.1" 200 4720
183.136.225.46 - - [22/Dec/2022:04:28:47 -0500] "GET /favicon.ico HTTP/1.1" 404 1034
183.136.225.46 - - [22/Dec/2022:04:29:07 -0500] "GET /js/url.js HTTP/1.1" 404 1018
183.136.225.46 - - [22/Dec/2022:04:29:12 -0500] "GET /js/jquery-3.3.1.min.js HTTP/1.1" 404 1018
183.136.225.46 - - [22/Dec/2022:04:29:12 -0500] "GET /js/popper.min.js HTTP/1.1" 404 1018
183.136.225.46 - - [22/Dec/2022:04:29:13 -0500] "GET /js/bootstrap.min.js HTTP/1.1" 200 28538
183.136.225.46 - - [22/Dec/2022:04:29:18 -0500] "GET /js/jquery.validate.min.js HTTP/1.1" 404 1018
183.136.225.46 - - [22/Dec/2022:04:29:27 -0500] "GET /js/main.js HTTP/1.1" 404 1018
157.55.39.172 - - [22/Dec/2022:04:29:37 -0500] "GET /bla/resoluciones/notificaciones/registros%202018/0140.pdf HTTP/1.1" 304 -
201.245.192.253 - - [22/Dec/2022:04:30:14 -0500] "POST /kwsrmcab/Wsrmcab  HTTP/1.1" 200 44094
201.245.192.253 - - [22/Dec/2022:04:30:28 -0500] "POST /kwsrmcab/Wsrmcab HTTP/1.1" 200 44088
201.245.192.253 - - [22/Dec/2022:04:30:31 -0500] "POST /kwsrmcab/Wsrmcab HTTP/1.1" 200 44085
216.245.221.92 - - [22/Dec/2022:04:31:18 -0500] "HEAD / HTTP/1.1" 200 -
172.22.2.4 - - [22/Dec/2022:04:31:24 -0500] "HEAD /BLA/boletinlegal/ HTTP/1.1" 200 -
172.22.2.4 - - [22/Dec/2022:04:32:15 -0500] "GET /BLA/boletinlegal/ HTTP/1.1" 200 59404
207.46.13.174 - - [22/Dec/2022:04:34:54 -0500] "GET /bla/resoluciones/notificaciones/autos%202020/3729.pdf HTTP/1.1" 200 567312
201.245.192.253 - - [22/Dec/2022:04:35:13 -0500] "POST /kwsrmcab/Wsrmcab  HTTP/1.1" 200 44094
216.245.221.92 - - [22/Dec/2022:04:36:17 -0500] "HEAD / HTTP/1.1" 200 -
172.22.2.4 - - [22/Dec/2022:04:37:14 -0500] "HEAD /BLA/boletinlegal/ HTTP/1.1" 200 -
172.22.2.4 - - [22/Dec/2022:04:38:04 -0500] "GET /BLA/boletinlegal/ HTTP/1.1" 200 56079
201.245.192.253 - - [22/Dec/2022:04:40:12 -0500] "POST /kwsrmcab/Wsrmcab  HTTP/1.1" 200 44094
201.245.192.253 - - [22/Dec/2022:04:40:28 -0500] "POST /kwsrmcab/Wsrmcab HTTP/1.1" 200 44088
201.245.192.253 - - [22/Dec/2022:04:40:30 -0500] "POST /kwsrmcab/Wsrmcab HTTP/1.1" 200 44085
192.30.243.7 - - [22/Dec/2022:04:42:06 -0500] "GET http://httpbin.org/ip HTTP/1.1" 404 1015
172.22.2.4 - - [22/Dec/2022:04:43:00 -0500] "GET /BLA/boletinlegal/ HTTP/1.1" 200 62423
201.245.192.253 - - [22/Dec/2022:04:45:10 -0500] "POST /kwsrmcab/Wsrmcab  HTTP/1.1" 200 44094
172.22.2.4 - - [22/Dec/2022:04:49:53 -0500] "GET /BLA/boletinlegal/robots.txt HTTP/1.1" 404 1038
172.22.2.4 - - [22/Dec/2022:04:49:56 -0500] "GET /BLA/boletinlegal/Directivas/2016/Directiva%20No.%2001%20del%2012%20de%20Abril%20de%202016.pdf HTTP/1.1" 200 868354
201.245.192.253 - - [22/Dec/2022:04:50:07 -0500] "POST /kwsrmcab/Wsrmcab  HTTP/1.1" 200 44094
216.245.221.92 - - [22/Dec/2022:04:51:17 -0500] "HEAD / HTTP/1.1" 200 -
186.147.187.115 - - [22/Dec/2022:04:51:38 -0500] "GET /BLA/resoluciones/ HTTP/1.1" 200 13502
186.147.187.115 - - [22/Dec/2022:04:51:38 -0500] "GET /BLA/resoluciones/dlf/styles.css HTTP/1.1" 200 3049
186.147.187.115 - - [22/Dec/2022:04:51:38 -0500] "GET /BLA/resoluciones/dlf/folder.png HTTP/1.1" 200 410
186.147.187.115 - - [22/Dec/2022:04:51:38 -0500] "GET /BLA/resoluciones/dlf/bg.gif HTTP/1.1" 200 54
186.147.187.115 - - [22/Dec/2022:04:51:39 -0500] "GET /favicon.ico HTTP/1.1" 200 7782
186.147.187.115 - - [22/Dec/2022:04:52:10 -0500] "GET /BLA/resoluciones/dlf/dirup.png HTTP/1.1" 200 644
186.147.187.115 - - [22/Dec/2022:04:52:10 -0500] "GET /BLA/resoluciones/dlf/pdf.gif HTTP/1.1" 200 272
186.147.187.115 - - [22/Dec/2022:04:52:10 -0500] "GET /BLA/resoluciones/index.php?dir=RESOLUCIONES+2013%2F HTTP/1.1" 200 238278
186.147.187.115 - - [22/Dec/2022:04:52:11 -0500] "GET /BLA/resoluciones/dlf/doc.gif HTTP/1.1" 200 1079
186.147.187.115 - - [22/Dec/2022:04:52:12 -0500] "GET /BLA/resoluciones/RESOLUCIONES%202013/0048.pdf HTTP/1.1" 200 767184
186.147.187.115 - - [22/Dec/2022:04:52:12 -0500] "GET /BLA/resoluciones/RESOLUCIONES%202013/0048.pdf HTTP/1.1" 200 767184
186.147.187.115 - - [22/Dec/2022:04:52:12 -0500] "GET /BLA/resoluciones/RESOLUCIONES%202013/0048.pdf HTTP/1.1" 206 1025
186.147.187.115 - - [22/Dec/2022:04:52:25 -0500] "GET /BLA/resoluciones/RESOLUCIONES%202013/2000.pdf HTTP/1.1" 200 472961
186.147.187.115 - - [22/Dec/2022:04:52:25 -0500] "GET /BLA/resoluciones/RESOLUCIONES%202013/2000.pdf HTTP/1.1" 200 472961
186.147.187.115 - - [22/Dec/2022:04:52:25 -0500] "GET /BLA/resoluciones/RESOLUCIONES%202013/2000.pdf HTTP/1.1" 206 1025
5.188.86.198 - - [22/Dec/2022:04:53:21 -0500] "GET /wp-login.php HTTP/1.1" 404 1049
172.22.2.4 - - [22/Dec/2022:04:53:04 -0500] "HEAD /BLA/boletinlegal/ HTTP/1.1" 200 -
201.245.192.253 - - [22/Dec/2022:04:55:07 -0500] "POST /kwsrmcab/Wsrmcab  HTTP/1.1" 200 44094
172.22.2.4 - - [22/Dec/2022:04:53:54 -0500] "GET /BLA/boletinlegal/ HTTP/1.1" 200 57192
207.46.13.174 - - [22/Dec/2022:04:56:46 -0500] "GET /BLA/boletinlegal/js/jquery.scrollShow.js HTTP/1.1" 200 4586
201.245.192.253 - - [22/Dec/2022:05:00:06 -0500] "POST /kwsrmcab/Wsrmcab  HTTP/1.1" 200 44094
172.22.2.4 - - [22/Dec/2022:04:58:54 -0500] "HEAD /BLA/boletinlegal/ HTTP/1.1" 200 -
172.22.2.4 - - [22/Dec/2022:04:59:44 -0500] "GET /BLA/boletinlegal/ HTTP/1.1" 200 59404
114.119.137.142 - - [22/Dec/2022:05:01:32 -0500] "GET /BLA/resoluciones/AUTOS%202011/3753.pdf HTTP/1.1" 200 191213
114.119.159.79 - - [22/Dec/2022:05:03:36 -0500] "GET /Autoliquidacion/index.php?dir=Cobro%2BEvaluacion%2BCertificaci%C3%83%C2%83%C3%82%C2%AF%C3%83%C2%82%C3%82%C2%BF%C3%83%C2%82%C3%82%C2%BDn%2BPara%2BLa%2BDeducci%C3%83%C2%83%C3%82%C2%AF%C3%83%C2%82%C3%82%C2%BF%C3%83%C2%82%C3%82%C2%BDn%2BPor%2BInversi%C3%83%C2%83%C3%82%C2%AF%C3%83%C2%82%C3%82%C2%BF%C3%83%C2%82%C3%82%C2%BDn%2BEn%2BMedio%2BAmbiente/&sort=size&order=asc HTTP/1.1" 200 7231
201.245.192.253 - - [22/Dec/2022:05:05:05 -0500] "POST /kwsrmcab/Wsrmcab  HTTP/1.1" 200 44094
216.245.221.92 - - [22/Dec/2022:05:06:17 -0500] "HEAD / HTTP/1.1" 200 -
172.22.2.4 - - [22/Dec/2022:05:04:44 -0500] "HEAD /BLA/boletinlegal/ HTTP/1.1" 200 -
172.22.2.4 - - [22/Dec/2022:05:05:34 -0500] "GET /BLA/boletinlegal/ HTTP/1.1" 200 57824
172.22.2.4 - - [22/Dec/2022:05:08:59 -0500] "GET /BLA/boletinlegal/robots.txt HTTP/1.1" 404 1038
172.22.2.4 - - [22/Dec/2022:05:08:59 -0500] "GET /BLA/boletinlegal/Circulares/2015/Circular%20No.%202%20del%201%20de%20julio%20de%202015.pdf HTTP/1.1" 200 752890
201.245.192.253 - - [22/Dec/2022:05:10:05 -0500] "POST /kwsrmcab/Wsrmcab  HTTP/1.1" 200 44094
216.245.221.92 - - [22/Dec/2022:05:11:17 -0500] "HEAD / HTTP/1.1" 200 -
172.22.2.4 - - [22/Dec/2022:05:10:34 -0500] "HEAD /BLA/boletinlegal/ HTTP/1.1" 200 -
114.119.130.18 - - [22/Dec/2022:05:12:28 -0500] "GET /BLA/resoluciones/RESOLUCIONES%202019/3152.pdf HTTP/1.1" 200 293058
172.22.2.4 - - [22/Dec/2022:05:11:24 -0500] "GET /BLA/boletinlegal/ HTTP/1.1" 200 57192
89.163.212.21 - - [22/Dec/2022:05:13:11 -0500] "POST /boaform/admin/formLogin HTTP/1.1" 404 1186
66.249.66.86 - - [22/Dec/2022:05:14:08 -0500] "-" 408 -
114.119.138.214 - - [22/Dec/2022:05:14:29 -0500] "GET /BLA/resoluciones/RESOLUCIONES%202012/1689.pdf HTTP/1.1" 200 1113660
201.245.192.253 - - [22/Dec/2022:05:15:03 -0500] "POST /kwsrmcab/Wsrmcab  HTTP/1.1" 200 44094
216.245.221.92 - - [22/Dec/2022:05:16:17 -0500] "HEAD / HTTP/1.1" 200 -
207.46.13.198 - - [22/Dec/2022:05:16:46 -0500] "GET /bla/resoluciones/resoluciones%202012/0219.pdf HTTP/1.1" 304 -
172.22.2.4 - - [22/Dec/2022:05:16:24 -0500] "HEAD /BLA/boletinlegal/ HTTP/1.1" 200 -
152.89.196.211 - - [22/Dec/2022:05:18:52 -0500] "POST /Autodiscover/Autodiscover.xml HTTP/1.1" 404 1018
172.22.2.4 - - [22/Dec/2022:05:17:14 -0500] "GET /BLA/boletinlegal/ HTTP/1.1" 200 59404
201.245.192.253 - - [22/Dec/2022:05:20:02 -0500] "POST /kwsrmcab/Wsrmcab  HTTP/1.1" 200 44094
201.245.192.253 - - [22/Dec/2022:05:20:28 -0500] "POST /kwsrmcab/Wsrmcab HTTP/1.1" 200 43939
201.245.192.253 - - [22/Dec/2022:05:20:30 -0500] "POST /kwsrmcab/Wsrmcab HTTP/1.1" 200 44090
216.245.221.92 - - [22/Dec/2022:05:21:17 -0500] "HEAD / HTTP/1.1" 200 -
172.22.2.4 - - [22/Dec/2022:05:22:14 -0500] "HEAD /BLA/boletinlegal/ HTTP/1.1" 200 -
186.102.21.216 - - [22/Dec/2022:05:24:08 -0500] "GET /kwssiamovil/sm/acme/a?s=U2FsdGVkX1/nVLzC0sl2uIzDNq7lFfI8T+WjcdNU9sResZ6adDoQCqIYAeIpmVr1mNCHcG0HD9UPav8p13lTNejtG6rCb2Gp8Qfcl0pDkwgPwKWyxbnh93smLtSN6Le/4YzypkPjcb1ofQgAtjr0TivXIz9+rKJ+skXBpwDkpBbnyefMKHVawtujhZMmpp+tnVquok6m+2wLapZBlKNzmBL8/R1oqcWxqVaUh4IQuLYg8sV3fUnxr1W+DsNnOAQsnfx3prhZji9PENAZHcsQ5w==&u=U2FsdGVkX18+rZsUdQYivvHzzA8yk8dZBLQAJyNwhC4=&y=U2FsdGVkX1/h7GWDzCBnyvFh97sCEsqWutmXWhBlt/DiOW4QE8I43OleYj56fVEV HTTP/1.1" 200 26
