!C99Shell v. 1.0 pre-release build #13!

Software: Apache. PHP/5.5.15 

uname -a: Windows NT SVR-DMZ 6.1 build 7600 (Windows Server 2008 R2 Enterprise Edition) i586 

SYSTEM 

Safe-mode: OFF (not secure)

E:\nuevo\apache\logs\   drwxrwxrwx
Free 5.02 GB of 239.26 GB (2.1%)
Detected drives: [ a ] [ c ] [ d ] [ e ] [ f ]
Home    Back    Forward    UPDIR    Refresh    Search    Buffer    Encoder    Tools    Proc.    FTP brute    Sec.    SQL    PHP-code    Update    Feedback    Self remove    Logout    


Viewing file:     access.2022.12.23.log (2.24 MB)      -rw-rw-rw-
Select action/file-type:
(+) | (+) | (+) | Code (+) | Session (+) | (+) | SDB (+) | (+) | (+) | (+) | (+) | (+) |
66.249.66.13 - - [23/Dec/2022:00:01:00 -0500] "-" 408 -
201.245.192.253 - - [23/Dec/2022:00:00:59 -0500] "POST /kwsrmcab/Wsrmcab  HTTP/1.1" 200 44223
216.245.221.92 - - [23/Dec/2022:00:01:14 -0500] "HEAD / HTTP/1.1" 200 -
172.22.2.4 - - [23/Dec/2022:00:02:45 -0500] "GET /BLA/boletinlegal/jurisprudencia/analisis/CUADRO%20SENTENCIA%20C-245%20DE%202004.doc HTTP/1.1" 304 -
172.22.2.4 - - [23/Dec/2022:00:03:44 -0500] "GET /BLA/boletinlegal/owa/ HTTP/1.1" 404 1018
172.22.2.4 - - [23/Dec/2022:00:02:11 -0500] "HEAD /BLA/boletinlegal/ HTTP/1.1" 200 -
172.22.2.4 - - [23/Dec/2022:00:03:53 -0500] "GET /BLA/boletinlegal/autodiscover/autodiscover.json?a..foo.var/owa/?&Email=autodiscover/autodiscover.json?a..foo.var&Protocol=XYZ&FooProtocol=%50owershell HTTP/1.1" 404 1018
172.22.2.4 - - [23/Dec/2022:00:03:01 -0500] "GET /BLA/boletinlegal/ HTTP/1.1" 200 53337
173.252.79.19 - - [23/Dec/2022:00:05:23 -0500] "GET /images/mercados-campesinos-5-mayo.jpg HTTP/1.1" 200 95848
201.245.192.253 - - [23/Dec/2022:00:05:58 -0500] "POST /kwsrmcab/Wsrmcab  HTTP/1.1" 200 44223
216.245.221.92 - - [23/Dec/2022:00:06:14 -0500] "HEAD / HTTP/1.1" 200 -
66.249.66.13 - - [23/Dec/2022:00:06:55 -0500] "-" 408 -
172.22.2.4 - - [23/Dec/2022:00:07:02 -0500] "GET /BLA/boletinlegal/robots.txt HTTP/1.1" 404 1038
40.77.167.33 - - [23/Dec/2022:00:07:53 -0500] "GET /bla/resoluciones/notificaciones/autos%202018/5301.pdf HTTP/1.1" 304 -
172.22.2.4 - - [23/Dec/2022:00:07:03 -0500] "GET /BLA/boletinlegal/index.php HTTP/1.1" 200 50149
172.22.2.4 - - [23/Dec/2022:00:08:01 -0500] "HEAD /BLA/boletinlegal/ HTTP/1.1" 200 -
172.22.2.4 - - [23/Dec/2022:00:10:03 -0500] "GET /BLA/boletinlegal/Circulares/2011/Circular%20No.%205%20del%2012%20de%20Agosto%20de%202011.pdf HTTP/1.1" 304 -
172.22.2.4 - - [23/Dec/2022:00:08:51 -0500] "GET /BLA/boletinlegal/ HTTP/1.1" 200 59035
185.119.81.98 - - [23/Dec/2022:00:10:45 -0500] "GET /portaldeninos/wp-login.php HTTP/1.1" 200 2592
185.119.81.98 - - [23/Dec/2022:00:10:46 -0500] "POST /portaldeninos/wp-login.php HTTP/1.1" 200 3605
201.245.192.253 - - [23/Dec/2022:00:10:57 -0500] "POST /kwsrmcab/Wsrmcab  HTTP/1.1" 200 44223
216.245.221.92 - - [23/Dec/2022:00:11:14 -0500] "HEAD / HTTP/1.1" 200 -
54.221.38.239 - - [23/Dec/2022:00:11:26 -0500] "-" 408 -
172.22.2.4 - - [23/Dec/2022:00:13:51 -0500] "HEAD /BLA/boletinlegal/ HTTP/1.1" 200 -
201.245.192.253 - - [23/Dec/2022:00:15:55 -0500] "POST /kwsrmcab/Wsrmcab  HTTP/1.1" 200 44223
216.245.221.92 - - [23/Dec/2022:00:16:14 -0500] "HEAD / HTTP/1.1" 200 -
172.22.2.4 - - [23/Dec/2022:00:14:41 -0500] "GET /BLA/boletinlegal/ HTTP/1.1" 200 57192
114.119.143.39 - - [23/Dec/2022:00:16:51 -0500] "GET /BLA/resoluciones/RESOLUCIONES%202010/4201.pdf HTTP/1.1" 200 1171329
66.249.66.13 - - [23/Dec/2022:00:19:35 -0500] "-" 408 -
201.245.192.253 - - [23/Dec/2022:00:20:24 -0500] "POST /kwsrmcab/Wsrmcab HTTP/1.1" 200 43428
201.245.192.253 - - [23/Dec/2022:00:20:27 -0500] "POST /kwsrmcab/Wsrmcab HTTP/1.1" 200 44091
201.245.192.253 - - [23/Dec/2022:00:20:54 -0500] "POST /kwsrmcab/Wsrmcab  HTTP/1.1" 200 44223
216.245.221.92 - - [23/Dec/2022:00:21:14 -0500] "HEAD / HTTP/1.1" 200 -
172.22.2.4 - - [23/Dec/2022:00:19:41 -0500] "HEAD /BLA/boletinlegal/ HTTP/1.1" 200 -
172.22.2.4 - - [23/Dec/2022:00:20:31 -0500] "GET /BLA/boletinlegal/ HTTP/1.1" 200 57192
199.59.150.180 - - [23/Dec/2022:00:23:08 -0500] "GET /images/cr%C3%B3nica-29-nov-1_optimized.jpeg HTTP/1.1" 404 1034
194.55.186.216 - - [23/Dec/2022:00:23:17 -0500] "POST /boaform/admin/formLogin HTTP/1.1" 404 1186
201.245.192.253 - - [23/Dec/2022:00:25:53 -0500] "POST /kwsrmcab/Wsrmcab  HTTP/1.1" 200 44223
216.245.221.92 - - [23/Dec/2022:00:26:14 -0500] "HEAD / HTTP/1.1" 200 -
172.22.2.4 - - [23/Dec/2022:00:25:31 -0500] "HEAD /BLA/boletinlegal/ HTTP/1.1" 200 -
172.22.2.4 - - [23/Dec/2022:00:26:21 -0500] "GET /BLA/boletinlegal/ HTTP/1.1" 200 52453
66.249.66.139 - - [23/Dec/2022:00:28:25 -0500] "-" 408 -
172.22.2.4 - - [23/Dec/2022:00:29:38 -0500] "GET /BLA/boletinlegal/ HTTP/1.1" 200 24523
201.245.192.253 - - [23/Dec/2022:00:30:24 -0500] "POST /kwsrmcab/Wsrmcab HTTP/1.1" 200 43428
201.245.192.253 - - [23/Dec/2022:00:30:27 -0500] "POST /kwsrmcab/Wsrmcab HTTP/1.1" 200 44091
201.245.192.253 - - [23/Dec/2022:00:30:52 -0500] "POST /kwsrmcab/Wsrmcab  HTTP/1.1" 200 44223
216.245.221.92 - - [23/Dec/2022:00:31:14 -0500] "HEAD / HTTP/1.1" 200 -
172.22.2.4 - - [23/Dec/2022:00:31:21 -0500] "HEAD /BLA/boletinlegal/ HTTP/1.1" 200 -
172.22.2.4 - - [23/Dec/2022:00:32:11 -0500] "GET /BLA/boletinlegal/ HTTP/1.1" 200 52079
66.249.66.139 - - [23/Dec/2022:00:34:52 -0500] "-" 408 -
201.245.192.253 - - [23/Dec/2022:00:35:50 -0500] "POST /kwsrmcab/Wsrmcab  HTTP/1.1" 200 44223
216.245.221.92 - - [23/Dec/2022:00:36:14 -0500] "HEAD / HTTP/1.1" 200 -
172.22.2.4 - - [23/Dec/2022:00:37:11 -0500] "HEAD /BLA/boletinlegal/ HTTP/1.1" 200 -
172.22.2.4 - - [23/Dec/2022:00:38:01 -0500] "GET /BLA/boletinlegal/ HTTP/1.1" 200 52453
201.245.192.253 - - [23/Dec/2022:00:40:24 -0500] "POST /kwsrmcab/Wsrmcab HTTP/1.1" 200 43428
201.245.192.253 - - [23/Dec/2022:00:40:26 -0500] "POST /kwsrmcab/Wsrmcab HTTP/1.1" 200 44091
201.245.192.253 - - [23/Dec/2022:00:40:49 -0500] "POST /kwsrmcab/Wsrmcab  HTTP/1.1" 200 44223
66.249.66.139 - - [23/Dec/2022:00:40:53 -0500] "-" 408 -
216.245.221.92 - - [23/Dec/2022:00:41:14 -0500] "HEAD / HTTP/1.1" 200 -
66.249.64.220 - - [23/Dec/2022:00:41:43 -0500] "GET /el-ejemplo-comienza-por-casa-alcaldia-de-bogota-expide-decreto-para-reducir-plasticos-de-un-solo-uso-en-las-entidades-del-distrito.html HTTP/1.1" 200 1117
157.55.39.212 - - [23/Dec/2022:00:43:04 -0500] "GET /portaldeninos/wp-content/uploads/2021/06/infograf%C3%ADa-ruido_optimized-330x1024.jpg HTTP/1.1" 200 73911
114.119.142.236 - - [23/Dec/2022:00:43:42 -0500] "GET /Publicaciones/2020EE221199.pdf HTTP/1.1" 404 228
207.46.13.198 - - [23/Dec/2022:00:43:53 -0500] "GET /BLA/resoluciones/RESOLUCIONES%202000/2000%20550-599.tif HTTP/1.1" 200 4848758
114.119.128.126 - - [23/Dec/2022:00:44:36 -0500] "GET /BLA/resoluciones/RESOLUCIONES%202013/2540.pdf HTTP/1.1" 200 273194
172.22.2.4 - - [23/Dec/2022:00:43:01 -0500] "HEAD /BLA/boletinlegal/ HTTP/1.1" 200 -
172.22.2.4 - - [23/Dec/2022:00:45:12 -0500] "GET /BLA/boletinlegal/actos.php HTTP/1.1" 200 9566
114.119.139.43 - - [23/Dec/2022:00:45:24 -0500] "-" 408 -
172.22.2.4 - - [23/Dec/2022:00:43:51 -0500] "GET /BLA/boletinlegal/ HTTP/1.1" 200 53739
201.245.192.253 - - [23/Dec/2022:00:45:48 -0500] "POST /kwsrmcab/Wsrmcab  HTTP/1.1" 200 44223
216.245.221.92 - - [23/Dec/2022:00:46:14 -0500] "HEAD / HTTP/1.1" 200 -
173.252.95.13 - - [23/Dec/2022:00:46:32 -0500] "GET /images/Acuerdos%2001%20(1)%20(1).jpeg HTTP/1.1" 200 32884
66.249.66.63 - - [23/Dec/2022:00:46:37 -0500] "-" 408 -
172.22.2.4 - - [23/Dec/2022:00:46:47 -0500] "POST /BLA/boletinlegal/vendor/phpunit/phpunit/src/Util/PHP/eval-stdin.php HTTP/1.1" 404 1018
114.119.148.191 - - [23/Dec/2022:00:47:03 -0500] "GET /BLA/resoluciones/RESOLUCIONES%202010/6048.pdf HTTP/1.1" 200 3777480
64.62.243.165 - - [23/Dec/2022:00:47:52 -0500] "GET / HTTP/1.1" 200 319
114.119.156.142 - - [23/Dec/2022:00:48:23 -0500] "GET /BLA/resoluciones/RESOLUCIONES%202010/5004.pdf HTTP/1.1" 200 747905
114.119.129.199 - - [23/Dec/2022:00:50:18 -0500] "GET /BLA/resoluciones/RESOLUCIONES%202010/2555.pdf HTTP/1.1" 200 539945
190.186.23.123 - - [23/Dec/2022:00:50:24 -0500] "GET /catalogoisis/ HTTP/1.1" 200 8575
190.186.23.123 - - [23/Dec/2022:00:50:29 -0500] "GET /catalogoisis/ HTTP/1.1" 200 8575
172.22.2.4 - - [23/Dec/2022:00:48:51 -0500] "HEAD /BLA/boletinlegal/ HTTP/1.1" 200 -
114.119.153.191 - - [23/Dec/2022:00:50:46 -0500] "GET /BLA/resoluciones/Notificaciones/RESOLUCIONES%202012/1714.doc HTTP/1.1" 200 253952
201.245.192.253 - - [23/Dec/2022:00:50:47 -0500] "POST /kwsrmcab/Wsrmcab  HTTP/1.1" 200 44223
207.46.13.198 - - [23/Dec/2022:00:51:05 -0500] "GET /bla/resoluciones/resoluciones%202012/1239.pdf HTTP/1.1" 304 -
216.245.221.92 - - [23/Dec/2022:00:51:14 -0500] "HEAD / HTTP/1.1" 200 -
172.22.2.4 - - [23/Dec/2022:00:49:41 -0500] "GET /BLA/boletinlegal/ HTTP/1.1" 200 56474
114.119.141.34 - - [23/Dec/2022:00:52:03 -0500] "GET /BLA/resoluciones/RESOLUCIONES%202010/1048.pdf HTTP/1.1" 200 119500
66.249.66.193 - - [23/Dec/2022:00:52:27 -0500] "-" 408 -
114.119.160.138 - - [23/Dec/2022:00:54:31 -0500] "GET /BLA/resoluciones/AUTOS%202015/4103.pdf HTTP/1.1" 200 436739
45.61.186.176 - - [23/Dec/2022:00:55:20 -0500] "POST /boaform/admin/formLogin HTTP/1.1" 404 1186
201.245.192.253 - - [23/Dec/2022:00:55:46 -0500] "POST /kwsrmcab/Wsrmcab  HTTP/1.1" 200 44223
216.245.221.92 - - [23/Dec/2022:00:56:14 -0500] "HEAD / HTTP/1.1" 200 -
172.22.2.4 - - [23/Dec/2022:00:54:41 -0500] "HEAD /BLA/boletinlegal/ HTTP/1.1" 200 -
114.119.143.214 - - [23/Dec/2022:00:57:01 -0500] "GET /BLA/resoluciones/AUTOS%202016/0330.pdf HTTP/1.1" 200 506340
186.119.98.215 - - [23/Dec/2022:00:57:06 -0500] "GET /sipse/faces/faces/faces/index.xhtml HTTP/1.1" 200 677
186.119.98.215 - - [23/Dec/2022:00:57:07 -0500] "GET /sipse/faces/javax.faces.resource/theme.css?ln=primefaces-sipse HTTP/1.1" 304 -
186.119.98.215 - - [23/Dec/2022:00:57:07 -0500] "GET /sipse/faces/faces/faces/faces/autenticacion.xhtml HTTP/1.1" 200 12183
186.119.98.215 - - [23/Dec/2022:00:57:07 -0500] "GET /sipse/js/disable_browser_buttons.js HTTP/1.1" 304 -
186.119.98.215 - - [23/Dec/2022:00:57:07 -0500] "GET /sipse/js/funciones.js HTTP/1.1" 304 -
186.119.98.215 - - [23/Dec/2022:00:57:07 -0500] "GET /sipse/css/custom_css_sg_prime_login.css HTTP/1.1" 304 -
186.119.98.215 - - [23/Dec/2022:00:57:07 -0500] "GET /sipse/faces/javax.faces.resource/theme.css?ln=primefaces-sipse HTTP/1.1" 304 -
186.119.98.215 - - [23/Dec/2022:00:57:07 -0500] "GET /sipse/css/custom_css_sg.css HTTP/1.1" 304 -
186.119.98.215 - - [23/Dec/2022:00:57:07 -0500] "GET /sipse/faces/javax.faces.resource/jquery/jquery-plugins.js?ln=primefaces&v=4.0 HTTP/1.1" 304 -
186.119.98.215 - - [23/Dec/2022:00:57:07 -0500] "GET /sipse/faces/javax.faces.resource/jquery/jquery.js?ln=primefaces&v=4.0 HTTP/1.1" 304 -
186.119.98.215 - - [23/Dec/2022:00:57:07 -0500] "GET /sipse/faces/javax.faces.resource/layout/layout.css?ln=primefaces&v=4.0 HTTP/1.1" 304 -
186.119.98.215 - - [23/Dec/2022:00:57:07 -0500] "GET /sipse/faces/javax.faces.resource/primefaces.css?ln=primefaces&v=4.0 HTTP/1.1" 304 -
186.119.98.215 - - [23/Dec/2022:00:57:07 -0500] "GET /sipse/faces/javax.faces.resource/primefaces.js?ln=primefaces&v=4.0 HTTP/1.1" 304 -
186.119.98.215 - - [23/Dec/2022:00:57:07 -0500] "GET /sipse/faces/javax.faces.resource/layout/layout.js?ln=primefaces&v=4.0 HTTP/1.1" 304 -
186.119.98.215 - - [23/Dec/2022:00:57:07 -0500] "GET /sipse/css/imagen/loginimg.png HTTP/1.1" 304 -
186.119.98.215 - - [23/Dec/2022:00:57:07 -0500] "GET /sipse/css/imagen/logoSDG.png HTTP/1.1" 304 -
186.119.98.215 - - [23/Dec/2022:00:57:07 -0500] "GET /sipse/faces/javax.faces.resource/images/ui-icons_898989_256x240.png?ln=primefaces-aristo HTTP/1.1" 304 -
172.22.2.4 - - [23/Dec/2022:00:55:31 -0500] "GET /BLA/boletinlegal/ HTTP/1.1" 200 52453
186.119.98.215 - - [23/Dec/2022:00:57:22 -0500] "POST /sipse/faces/autenticacion.xhtml HTTP/1.1" 200 11372
186.119.98.215 - - [23/Dec/2022:00:57:22 -0500] "GET /sipse/css/custom_css_sg_prime.css HTTP/1.1" 304 -
186.119.98.215 - - [23/Dec/2022:00:57:22 -0500] "GET /sipse/faces/javax.faces.resource/theme.css?ln=primefaces-sipse HTTP/1.1" 304 -
186.119.98.215 - - [23/Dec/2022:00:57:22 -0500] "GET /sipse/faces/javax.faces.resource/primefaces.css?ln=primefaces&v=4.0 HTTP/1.1" 304 -
186.119.98.215 - - [23/Dec/2022:00:57:22 -0500] "GET /sipse/faces/javax.faces.resource/layout/layout.css?ln=primefaces&v=4.0 HTTP/1.1" 304 -
186.119.98.215 - - [23/Dec/2022:00:57:22 -0500] "GET /sipse/faces/javax.faces.resource/jquery/jquery.js?ln=primefaces&v=4.0 HTTP/1.1" 304 -
186.119.98.215 - - [23/Dec/2022:00:57:23 -0500] "GET /sipse/faces/javax.faces.resource/jquery/jquery-plugins.js?ln=primefaces&v=4.0 HTTP/1.1" 304 -
186.119.98.215 - - [23/Dec/2022:00:57:23 -0500] "GET /sipse/faces/javax.faces.resource/primefaces.js?ln=primefaces&v=4.0 HTTP/1.1" 304 -
186.119.98.215 - - [23/Dec/2022:00:57:23 -0500] "GET /sipse/faces/javax.faces.resource/layout/layout.js?ln=primefaces&v=4.0 HTTP/1.1" 304 -
186.119.98.215 - - [23/Dec/2022:00:57:23 -0500] "GET /sipse/faces/javax.faces.resource/messages/messages.png?ln=primefaces&v=4.0 HTTP/1.1" 304 -
186.119.98.215 - - [23/Dec/2022:00:57:27 -0500] "POST /sipse/faces/presentacion/sistema/seguridad/seleccionRol.xhtml HTTP/1.1" 200 5801
186.119.98.215 - - [23/Dec/2022:00:57:28 -0500] "POST /sipse/faces/presentacion/sistema/seguridad/seleccionRol.xhtml HTTP/1.1" 200 16303
186.119.98.215 - - [23/Dec/2022:00:57:28 -0500] "GET /sipse/faces/javax.faces.resource/theme.css?ln=primefaces-sipse HTTP/1.1" 304 -
186.119.98.215 - - [23/Dec/2022:00:57:28 -0500] "GET /sipse/faces/javax.faces.resource/primefaces.css?ln=primefaces&v=4.0 HTTP/1.1" 304 -
186.119.98.215 - - [23/Dec/2022:00:57:28 -0500] "GET /sipse/faces/javax.faces.resource/layout/layout.css?ln=primefaces&v=4.0 HTTP/1.1" 304 -
186.119.98.215 - - [23/Dec/2022:00:57:28 -0500] "GET /sipse/js/jquery.min.js HTTP/1.1" 304 -
186.119.98.215 - - [23/Dec/2022:00:57:28 -0500] "GET /sipse/faces/javax.faces.resource/jquery/jquery.js?ln=primefaces&v=4.0 HTTP/1.1" 304 -
186.119.98.215 - - [23/Dec/2022:00:57:29 -0500] "GET /sipse/faces/javax.faces.resource/jquery/jquery-plugins.js?ln=primefaces&v=4.0 HTTP/1.1" 304 -
186.119.98.215 - - [23/Dec/2022:00:57:29 -0500] "GET /sipse/faces/javax.faces.resource/primefaces.js?ln=primefaces&v=4.0 HTTP/1.1" 304 -
186.119.98.215 - - [23/Dec/2022:00:57:29 -0500] "GET /sipse/faces/javax.faces.resource/layout/layout.js?ln=primefaces&v=4.0 HTTP/1.1" 304 -
186.119.98.215 - - [23/Dec/2022:00:57:29 -0500] "GET /sipse/imagenes/cargando.gif HTTP/1.1" 304 -
186.119.98.215 - - [23/Dec/2022:00:57:29 -0500] "GET /sipse/imagenes/logoAplicacion.jpg HTTP/1.1" 304 -
186.119.98.215 - - [23/Dec/2022:00:57:29 -0500] "GET /sipse/css/imagen/contrasena.png HTTP/1.1" 404 383
186.119.98.215 - - [23/Dec/2022:00:57:32 -0500] "GET /sipse/faces/javax.faces.resource/images/ui-bg_flat_0_2d5972_40x100.png?ln=primefaces-aristo HTTP/1.1" 304 -
186.119.98.215 - - [23/Dec/2022:00:57:32 -0500] "POST /sipse/faces/bienvenido.xhtml HTTP/1.1" 200 1471
186.119.98.215 - - [23/Dec/2022:00:57:33 -0500] "POST /sipse/faces/bienvenido.xhtml HTTP/1.1" 200 63870
186.119.98.215 - - [23/Dec/2022:00:57:34 -0500] "GET /sipse/faces/javax.faces.resource/layout/layout.css?ln=primefaces&v=4.0 HTTP/1.1" 304 -
186.119.98.215 - - [23/Dec/2022:00:57:34 -0500] "GET /sipse/faces/javax.faces.resource/primefaces.css?ln=primefaces&v=4.0 HTTP/1.1" 304 -
186.119.98.215 - - [23/Dec/2022:00:57:34 -0500] "GET /sipse/faces/javax.faces.resource/theme.css?ln=primefaces-sipse HTTP/1.1" 304 -
186.119.98.215 - - [23/Dec/2022:00:57:34 -0500] "GET /sipse/faces/javax.faces.resource/jquery/jquery.js?ln=primefaces&v=4.0 HTTP/1.1" 304 -
186.119.98.215 - - [23/Dec/2022:00:57:34 -0500] "GET /sipse/faces/javax.faces.resource/jquery/jquery-plugins.js?ln=primefaces&v=4.0 HTTP/1.1" 304 -
186.119.98.215 - - [23/Dec/2022:00:57:34 -0500] "GET /sipse/faces/javax.faces.resource/primefaces.js?ln=primefaces&v=4.0 HTTP/1.1" 304 -
186.119.98.215 - - [23/Dec/2022:00:57:34 -0500] "GET /sipse/faces/javax.faces.resource/layout/layout.js?ln=primefaces&v=4.0 HTTP/1.1" 304 -
186.119.98.215 - - [23/Dec/2022:00:57:34 -0500] "POST /sipse/faces/presentacion/financiero/solicitudProceso/listarSolicitudProceso.xhtml HTTP/1.1" 200 1556
186.119.98.215 - - [23/Dec/2022:00:57:37 -0500] "POST /sipse/faces/presentacion/financiero/solicitudProceso/listarSolicitudProceso.xhtml HTTP/1.1" 200 29585
186.119.98.215 - - [23/Dec/2022:00:57:38 -0500] "POST /sipse/faces/presentacion/financiero/solicitudProceso/listarSolicitudProceso.xhtml HTTP/1.1" 200 29585
186.119.98.215 - - [23/Dec/2022:00:57:38 -0500] "POST /sipse/faces/presentacion/financiero/solicitudProceso/listarSolicitudProceso.xhtml HTTP/1.1" 200 2481
186.119.98.215 - - [23/Dec/2022:00:57:43 -0500] "POST /sipse/faces/presentacion/financiero/solicitudProceso/listarSolicitudProceso.xhtml HTTP/1.1" 200 29585
186.119.98.215 - - [23/Dec/2022:00:57:44 -0500] "POST /sipse/faces/presentacion/financiero/solicitudProceso/listarSolicitudProceso.xhtml HTTP/1.1" 200 5508
114.119.141.206 - - [23/Dec/2022:00:57:49 -0500] "GET /BLA/resoluciones/AUTOS%202013/2859.pdf HTTP/1.1" 200 1518492
186.119.98.215 - - [23/Dec/2022:00:57:56 -0500] "POST /sipse/faces/presentacion/financiero/solicitudProceso/listarSolicitudProceso.xhtml HTTP/1.1" 200 120586
186.119.98.215 - - [23/Dec/2022:00:57:57 -0500] "GET /sipse/faces/javax.faces.resource/theme.css?ln=primefaces-sipse HTTP/1.1" 304 -
186.119.98.215 - - [23/Dec/2022:00:57:58 -0500] "GET /sipse/faces/javax.faces.resource/layout/layout.css?ln=primefaces&v=4.0 HTTP/1.1" 304 -
186.119.98.215 - - [23/Dec/2022:00:57:58 -0500] "GET /sipse/faces/javax.faces.resource/primefaces.css?ln=primefaces&v=4.0 HTTP/1.1" 304 -
186.119.98.215 - - [23/Dec/2022:00:57:58 -0500] "GET /sipse/faces/javax.faces.resource/jquery/jquery.js?ln=primefaces&v=4.0 HTTP/1.1" 304 -
186.119.98.215 - - [23/Dec/2022:00:57:58 -0500] "GET /sipse/faces/javax.faces.resource/jquery/jquery-plugins.js?ln=primefaces&v=4.0 HTTP/1.1" 304 -
186.119.98.215 - - [23/Dec/2022:00:57:58 -0500] "GET /sipse/faces/javax.faces.resource/primefaces.js?ln=primefaces&v=4.0 HTTP/1.1" 304 -
186.119.98.215 - - [23/Dec/2022:00:57:58 -0500] "GET /sipse/faces/javax.faces.resource/layout/layout.js?ln=primefaces&v=4.0 HTTP/1.1" 304 -
186.119.98.215 - - [23/Dec/2022:00:58:04 -0500] "POST /sipse/faces/presentacion/financiero/solicitudProceso/consultarSolicitudProceso.xhtml HTTP/1.1" 200 385235
186.119.98.215 - - [23/Dec/2022:00:58:06 -0500] "POST /sipse/faces/presentacion/financiero/solicitudProceso/consultarSolicitudProceso.xhtml HTTP/1.1" 200 126092
186.119.98.215 - - [23/Dec/2022:00:58:20 -0500] "POST /sipse/faces/presentacion/financiero/solicitudProceso/consultarSolicitudProceso.xhtml HTTP/1.1" 200 42774
186.119.98.215 - - [23/Dec/2022:00:58:21 -0500] "GET /sipse/faces/javax.faces.resource/theme.css?ln=primefaces-sipse HTTP/1.1" 304 -
186.119.98.215 - - [23/Dec/2022:00:58:21 -0500] "GET /sipse/faces/javax.faces.resource/primefaces.css?ln=primefaces&v=4.0 HTTP/1.1" 304 -
186.119.98.215 - - [23/Dec/2022:00:58:21 -0500] "GET /sipse/faces/javax.faces.resource/layout/layout.css?ln=primefaces&v=4.0 HTTP/1.1" 304 -
186.119.98.215 - - [23/Dec/2022:00:58:21 -0500] "GET /sipse/faces/javax.faces.resource/jquery/jquery.js?ln=primefaces&v=4.0 HTTP/1.1" 304 -
186.119.98.215 - - [23/Dec/2022:00:58:21 -0500] "GET /sipse/faces/javax.faces.resource/jquery/jquery-plugins.js?ln=primefaces&v=4.0 HTTP/1.1" 304 -
186.119.98.215 - - [23/Dec/2022:00:58:21 -0500] "GET /sipse/faces/javax.faces.resource/primefaces.js?ln=primefaces&v=4.0 HTTP/1.1" 304 -
186.119.98.215 - - [23/Dec/2022:00:58:21 -0500] "GET /sipse/faces/javax.faces.resource/layout/layout.js?ln=primefaces&v=4.0 HTTP/1.1" 304 -
186.119.98.215 - - [23/Dec/2022:00:58:47 -0500] "POST /sipse/faces/presentacion/financiero/modificacionContrato/cargarModifiacion.xhtml HTTP/1.1" 200 5347
186.119.98.215 - - [23/Dec/2022:00:59:11 -0500] "POST /sipse/faces/presentacion/financiero/modificacionContrato/cargarModifiacion.xhtml HTTP/1.1" 200 5423
186.119.98.215 - - [23/Dec/2022:00:59:31 -0500] "POST /sipse/faces/presentacion/financiero/modificacionContrato/cargarModifiacion.xhtml HTTP/1.1" 200 123733
186.119.98.215 - - [23/Dec/2022:00:59:34 -0500] "GET /sipse/faces/javax.faces.resource/theme.css?ln=primefaces-sipse HTTP/1.1" 304 -
186.119.98.215 - - [23/Dec/2022:00:59:34 -0500] "GET /sipse/faces/javax.faces.resource/primefaces.css?ln=primefaces&v=4.0 HTTP/1.1" 304 -
186.119.98.215 - - [23/Dec/2022:00:59:34 -0500] "GET /sipse/faces/javax.faces.resource/layout/layout.css?ln=primefaces&v=4.0 HTTP/1.1" 304 -
186.119.98.215 - - [23/Dec/2022:00:59:34 -0500] "GET /sipse/faces/javax.faces.resource/jquery/jquery.js?ln=primefaces&v=4.0 HTTP/1.1" 304 -
186.119.98.215 - - [23/Dec/2022:00:59:34 -0500] "GET /sipse/faces/javax.faces.resource/jquery/jquery-plugins.js?ln=primefaces&v=4.0 HTTP/1.1" 304 -
186.119.98.215 - - [23/Dec/2022:00:59:34 -0500] "GET /sipse/faces/javax.faces.resource/primefaces.js?ln=primefaces&v=4.0 HTTP/1.1" 304 -
186.119.98.215 - - [23/Dec/2022:00:59:35 -0500] "GET /sipse/faces/javax.faces.resource/layout/layout.js?ln=primefaces&v=4.0 HTTP/1.1" 304 -
186.119.98.215 - - [23/Dec/2022:00:59:41 -0500] "POST /sipse/faces/presentacion/financiero/solicitudProceso/consultarSolicitudProceso.xhtml HTTP/1.1" 200 35811
186.119.98.215 - - [23/Dec/2022:00:59:44 -0500] "GET /sipse/faces/javax.faces.resource/theme.css?ln=primefaces-sipse HTTP/1.1" 304 -
186.119.98.215 - - [23/Dec/2022:00:59:44 -0500] "GET /sipse/faces/javax.faces.resource/layout/layout.css?ln=primefaces&v=4.0 HTTP/1.1" 304 -
186.119.98.215 - - [23/Dec/2022:00:59:44 -0500] "GET /sipse/faces/javax.faces.resource/primefaces.css?ln=primefaces&v=4.0 HTTP/1.1" 304 -
186.119.98.215 - - [23/Dec/2022:00:59:44 -0500] "GET /sipse/faces/javax.faces.resource/jquery/jquery.js?ln=primefaces&v=4.0 HTTP/1.1" 304 -
186.119.98.215 - - [23/Dec/2022:00:59:44 -0500] "GET /sipse/faces/javax.faces.resource/jquery/jquery-plugins.js?ln=primefaces&v=4.0 HTTP/1.1" 304 -
186.119.98.215 - - [23/Dec/2022:00:59:45 -0500] "GET /sipse/faces/javax.faces.resource/primefaces.js?ln=primefaces&v=4.0 HTTP/1.1" 304 -
186.119.98.215 - - [23/Dec/2022:00:59:45 -0500] "GET /sipse/faces/javax.faces.resource/layout/layout.js?ln=primefaces&v=4.0 HTTP/1.1" 304 -
186.119.98.215 - - [23/Dec/2022:00:59:45 -0500] "POST /sipse/faces/presentacion/financiero/solicitudProceso/listarSolicitudProceso.xhtml HTTP/1.1" 200 1400
114.119.148.93 - - [23/Dec/2022:00:59:45 -0500] "GET /Autoliquidacion/index.php?dir=TR%C3%83%C2%83%C3%82%C2%83%C3%83%C2%82%C3%82%C2%83%C3%83%C2%83%C3%82%C2%82%C3%83%C2%82%C3%82%C2%AF%C3%83%C2%83%C3%82%C2%83%C3%83%C2%82%C3%82%C2%82%C3%83%C2%83%C3%82%C2%82%C3%83%C2%82%C3%82%C2%BF%C3%83%C2%83%C3%82%C2%83%C3%83%C2%82%C3%82%C2%82%C3%83%C2%83%C3%82%C2%82%C3%83%C2%82%C3%82%C2%BDMITES%2BAGUAS%2BSUPERFICIALES/&sort=date&order=asc HTTP/1.1" 200 7153
190.145.240.46 - - [23/Dec/2022:01:00:27 -0500] "GET /BLA/resoluciones/RESOLUCIONES%202015/2848.pdf HTTP/1.1" 200 817326
190.145.240.46 - - [23/Dec/2022:01:00:28 -0500] "GET /favicon.ico HTTP/1.1" 200 7782
201.245.192.253 - - [23/Dec/2022:01:00:45 -0500] "POST /kwsrmcab/Wsrmcab  HTTP/1.1" 200 44223
216.245.221.92 - - [23/Dec/2022:01:01:14 -0500] "HEAD / HTTP/1.1" 200 -
172.22.2.4 - - [23/Dec/2022:01:00:31 -0500] "HEAD /BLA/boletinlegal/ HTTP/1.1" 200 -
172.22.2.4 - - [23/Dec/2022:01:01:21 -0500] "GET /BLA/boletinlegal/ HTTP/1.1" 200 52942
66.249.66.63 - - [23/Dec/2022:01:03:15 -0500] "-" 408 -
199.16.157.183 - - [23/Dec/2022:01:03:30 -0500] "GET /images/cr%C3%B3nica-29-nov-1_optimized.jpeg HTTP/1.1" 404 1034
201.245.192.253 - - [23/Dec/2022:01:05:45 -0500] "POST /kwsrmcab/Wsrmcab  HTTP/1.1" 200 44223
190.121.155.6 - - [23/Dec/2022:01:05:55 -0500] "-" 408 -
216.245.221.92 - - [23/Dec/2022:01:06:14 -0500] "HEAD / HTTP/1.1" 200 -
172.22.2.4 - - [23/Dec/2022:01:06:21 -0500] "HEAD /BLA/boletinlegal/ HTTP/1.1" 200 -
157.55.39.212 - - [23/Dec/2022:01:08:07 -0500] "GET / HTTP/1.1" 200 319
172.22.2.4 - - [23/Dec/2022:01:07:11 -0500] "GET /BLA/boletinlegal/ HTTP/1.1" 200 57192
66.249.64.220 - - [23/Dec/2022:01:09:55 -0500] "-" 408 -
201.245.192.253 - - [23/Dec/2022:01:10:43 -0500] "POST /kwsrmcab/Wsrmcab  HTTP/1.1" 200 44223
216.245.221.92 - - [23/Dec/2022:01:11:14 -0500] "HEAD / HTTP/1.1" 200 -
152.61.192.232 - - [23/Dec/2022:01:13:47 -0500] "GET / HTTP/1.1" 200 319
172.22.2.4 - - [23/Dec/2022:01:12:11 -0500] "HEAD /BLA/boletinlegal/ HTTP/1.1" 200 -
152.61.128.50 - - [23/Dec/2022:01:14:14 -0500] "GET / HTTP/1.1" 200 319
172.22.2.4 - - [23/Dec/2022:01:13:01 -0500] "GET /BLA/boletinlegal/ HTTP/1.1" 200 52453
201.245.192.253 - - [23/Dec/2022:01:15:41 -0500] "POST /kwsrmcab/Wsrmcab  HTTP/1.1" 200 44223
66.249.64.220 - - [23/Dec/2022:01:15:55 -0500] "-" 408 -
95.108.213.120 - - [23/Dec/2022:01:15:57 -0500] "-" 408 -
216.245.221.92 - - [23/Dec/2022:01:16:14 -0500] "HEAD / HTTP/1.1" 200 -
64.124.8.25 - - [23/Dec/2022:01:16:14 -0500] "GET /portaldeninos/wp-content/uploads/2019/08/Incendios-forestales-ajustada.gif HTTP/1.1" 200 14599
64.124.8.25 - - [23/Dec/2022:01:16:14 -0500] "GET /portaldeninos/wp-content/uploads/2021/07/Banners-pa%CC%81gina-de-nin%CC%83os2.jpg HTTP/1.1" 200 33818
64.124.8.25 - - [23/Dec/2022:01:16:13 -0500] "GET /portaldeninos/wp-content/uploads/2020/01/Tierra-escenario.jpg HTTP/1.1" 200 181491
64.124.8.25 - - [23/Dec/2022:01:16:14 -0500] "GET /portaldeninos/wp-content/uploads/2020/01/Infograf%C3%ADa.gif HTTP/1.1" 200 14600
64.124.8.25 - - [23/Dec/2022:01:16:15 -0500] "GET /portaldeninos/wp-content/uploads/2021/07/Banners-pa%CC%81gina-de-nin%CC%83os-aula-ambiental.jpg HTTP/1.1" 200 31812
64.124.8.25 - - [23/Dec/2022:01:16:15 -0500] "GET /portaldeninos/wp-content/uploads/2020/11/La-Vaca-B-1024x576.jpg HTTP/1.1" 200 120561
64.124.8.25 - - [23/Dec/2022:01:16:18 -0500] "GET /portaldeninos/wp-content/uploads/2020/11/Capellan%C3%ADa-B-1024x576.jpg HTTP/1.1" 200 100158
172.22.2.4 - - [23/Dec/2022:01:15:58 -0500] "GET /BLA/boletinlegal/ HTTP/1.1" 200 62423
181.155.25.41 - - [23/Dec/2022:01:18:01 -0500] "GET /conoce-las-234-empresas-reconocidas-por-su-gestion-ambiental-y-como-participar-en-2023.html HTTP/1.1" 200 957
114.119.136.120 - - [23/Dec/2022:01:19:40 -0500] "GET /BLA/resoluciones/RESOLUCIONES%202018/1837.pdf HTTP/1.1" 200 2416599
172.22.2.4 - - [23/Dec/2022:01:18:01 -0500] "HEAD /BLA/boletinlegal/ HTTP/1.1" 200 -
201.245.192.253 - - [23/Dec/2022:01:20:23 -0500] "POST /kwsrmcab/Wsrmcab HTTP/1.1" 200 42977
201.245.192.253 - - [23/Dec/2022:01:20:26 -0500] "POST /kwsrmcab/Wsrmcab HTTP/1.1" 200 43934
172.22.2.4 - - [23/Dec/2022:01:18:51 -0500] "GET /BLA/boletinlegal/ HTTP/1.1" 200 57192
201.245.192.253 - - [23/Dec/2022:01:20:40 -0500] "POST /kwsrmcab/Wsrmcab  HTTP/1.1" 200 44223
114.119.133.253 - - [23/Dec/2022:01:20:44 -0500] "GET /BLA/resoluciones/RESOLUCIONES%202010/6479.pdf HTTP/1.1" 200 1038134
216.245.221.92 - - [23/Dec/2022:01:21:14 -0500] "HEAD / HTTP/1.1" 200 -
114.119.130.57 - - [23/Dec/2022:01:22:00 -0500] "GET /BLA/resoluciones/RESOLUCIONES%202010/4475.pdf HTTP/1.1" 200 322729
114.119.130.92 - - [23/Dec/2022:01:22:55 -0500] "GET /BLA/resoluciones/RESOLUCIONES%202010/2728.pdf HTTP/1.1" 200 377034
66.249.64.73 - - [23/Dec/2022:01:25:13 -0500] "-" 408 -
172.22.2.4 - - [23/Dec/2022:01:23:51 -0500] "HEAD /BLA/boletinlegal/ HTTP/1.1" 200 -
172.22.2.4 - - [23/Dec/2022:01:25:32 -0500] "GET /BLA/boletinlegal/owa/auth/logon.aspx HTTP/1.1" 404 1018
201.245.192.253 - - [23/Dec/2022:01:25:38 -0500] "POST /kwsrmcab/Wsrmcab  HTTP/1.1" 200 44223
114.119.132.173 - - [23/Dec/2022:01:25:55 -0500] "GET /BLA/resoluciones/RESOLUCIONES%202010/2114.pdf HTTP/1.1" 200 426778
216.245.221.92 - - [23/Dec/2022:01:26:14 -0500] "HEAD / HTTP/1.1" 200 -
172.22.2.4 - - [23/Dec/2022:01:24:41 -0500] "GET /BLA/boletinlegal/ HTTP/1.1" 200 56079
172.22.2.4 - - [23/Dec/2022:01:26:30 -0500] "GET /BLA/boletinlegal/ecp/Current/exporttool/microsoft.exchange.ediscovery.exporttool.application HTTP/1.1" 404 1018
114.119.147.91 - - [23/Dec/2022:01:27:17 -0500] "GET /BLA/resoluciones/RESOLUCIONES%202010/1566.pdf HTTP/1.1" 200 377400
114.119.138.188 - - [23/Dec/2022:01:28:09 -0500] "GET /BLA/resoluciones/RESOLUCIONES%202010/7252.pdf HTTP/1.1" 200 717817
114.119.139.42 - - [23/Dec/2022:01:29:23 -0500] "GET /BLA/resoluciones/AUTOS%202015/4409.pdf HTTP/1.1" 200 504465
207.46.13.194 - - [23/Dec/2022:01:29:53 -0500] "GET /Publicaciones/2022EE244081.pdf HTTP/1.1" 404 228
172.22.2.4 - - [23/Dec/2022:01:30:17 -0500] "GET /BLA/boletinlegal/owa/auth/x.js HTTP/1.1" 404 1018
201.245.192.253 - - [23/Dec/2022:01:30:24 -0500] "POST /kwsrmcab/Wsrmcab HTTP/1.1" 200 42977
201.245.192.253 - - [23/Dec/2022:01:30:26 -0500] "POST /kwsrmcab/Wsrmcab HTTP/1.1" 200 43934
201.245.192.253 - - [23/Dec/2022:01:30:37 -0500] "POST /kwsrmcab/Wsrmcab  HTTP/1.1" 200 44223
114.119.146.95 - - [23/Dec/2022:01:30:59 -0500] "GET /Autoliquidacion/index.php?dir=TR%C3%AF%C2%BF%C2%BDMITES%2BAGUAS%2BSUPERFICIALES/&sort=name&order=desc HTTP/1.1" 200 6882
216.245.221.92 - - [23/Dec/2022:01:31:14 -0500] "HEAD / HTTP/1.1" 200 -
172.22.2.4 - - [23/Dec/2022:01:29:41 -0500] "HEAD /BLA/boletinlegal/ HTTP/1.1" 200 -
172.22.2.4 - - [23/Dec/2022:01:30:31 -0500] "GET /BLA/boletinlegal/ HTTP/1.1" 200 52942
116.203.213.175 - - [23/Dec/2022:01:33:10 -0500] "GET /BLA/resoluciones/RESOLUCIONES 2021/0238.pdf HTTP/1.1" 404 1150
116.203.213.175 - - [23/Dec/2022:01:33:11 -0500] "GET / HTTP/1.1" 200 319
66.249.64.73 - - [23/Dec/2022:01:34:09 -0500] "-" 408 -
201.245.192.253 - - [23/Dec/2022:01:35:37 -0500] "POST /kwsrmcab/Wsrmcab  HTTP/1.1" 200 44223
216.245.221.92 - - [23/Dec/2022:01:36:14 -0500] "HEAD / HTTP/1.1" 200 -
172.22.2.4 - - [23/Dec/2022:01:35:31 -0500] "HEAD /BLA/boletinlegal/ HTTP/1.1" 200 -
172.22.2.4 - - [23/Dec/2022:01:36:21 -0500] "GET /BLA/boletinlegal/ HTTP/1.1" 200 59404
201.245.192.253 - - [23/Dec/2022:01:40:23 -0500] "POST /kwsrmcab/Wsrmcab HTTP/1.1" 200 42977
201.245.192.253 - - [23/Dec/2022:01:40:26 -0500] "POST /kwsrmcab/Wsrmcab HTTP/1.1" 200 43934
201.245.192.253 - - [23/Dec/2022:01:40:35 -0500] "POST /kwsrmcab/Wsrmcab  HTTP/1.1" 200 44223
216.245.221.92 - - [23/Dec/2022:01:41:14 -0500] "HEAD / HTTP/1.1" 200 -
172.22.2.4 - - [23/Dec/2022:01:41:21 -0500] "HEAD /BLA/boletinlegal/ HTTP/1.1" 200 -
172.22.2.4 - - [23/Dec/2022:01:42:11 -0500] "GET /BLA/boletinlegal/ HTTP/1.1" 200 54452
201.245.192.253 - - [23/Dec/2022:01:45:34 -0500] "POST /kwsrmcab/Wsrmcab  HTTP/1.1" 200 44223
216.245.221.92 - - [23/Dec/2022:01:46:14 -0500] "HEAD / HTTP/1.1" 200 -
64.62.197.143 - - [23/Dec/2022:01:47:44 -0500] "GET /favicon.ico HTTP/1.1" 200 7782
172.22.2.4 - - [23/Dec/2022:01:47:11 -0500] "HEAD /BLA/boletinlegal/ HTTP/1.1" 200 -
114.119.137.142 - - [23/Dec/2022:01:49:15 -0500] "GET /Publicaciones/2020EE213695.pdf HTTP/1.1" 404 228
172.22.2.4 - - [23/Dec/2022:01:48:01 -0500] "GET /BLA/boletinlegal/ HTTP/1.1" 200 57192
201.245.192.253 - - [23/Dec/2022:01:50:33 -0500] "POST /kwsrmcab/Wsrmcab  HTTP/1.1" 200 44223
114.119.159.161 - - [23/Dec/2022:01:50:41 -0500] "GET /BLA/resoluciones/RESOLUCIONES%202013/1802.pdf HTTP/1.1" 200 1091128
216.245.221.92 - - [23/Dec/2022:01:51:14 -0500] "HEAD / HTTP/1.1" 200 -
114.119.130.57 - - [23/Dec/2022:01:52:22 -0500] "GET /BLA/resoluciones/index.php?dir=AUTOS%2B2002/&sort=size&order=asc HTTP/1.1" 200 13688
114.119.136.217 - - [23/Dec/2022:01:53:52 -0500] "GET /BLA/resoluciones/RESOLUCIONES%202011/3069.pdf HTTP/1.1" 200 553510
172.22.2.4 - - [23/Dec/2022:01:53:01 -0500] "HEAD /BLA/boletinlegal/ HTTP/1.1" 200 -
152.61.128.50 - - [23/Dec/2022:01:54:51 -0500] "GET /arcgis/services/Calidad_del_Agua_WQI/MapServer/WMSServer?request=GetCapabilities&service=WMS HTTP/1.1" 503 1020
152.61.128.50 - - [23/Dec/2022:01:54:52 -0500] "GET /arcgis/services/Calidad_del_Agua_WQI/MapServer/WMSServer?SERVICE=WMS&REQUEST=GetCapabilities HTTP/1.1" 503 1020
152.61.128.50 - - [23/Dec/2022:01:54:53 -0500] "GET /arcgis/services/Calidad_del_Agua_WQI/MapServer/WMSServer?WMTVER=1.0.0&REQUEST=capabilities HTTP/1.1" 503 1020
172.22.2.4 - - [23/Dec/2022:01:53:51 -0500] "GET /BLA/boletinlegal/ HTTP/1.1" 200 57192
201.245.192.253 - - [23/Dec/2022:01:55:32 -0500] "POST /kwsrmcab/Wsrmcab  HTTP/1.1" 200 44223
114.119.155.64 - - [23/Dec/2022:01:55:50 -0500] "GET /BLA/resoluciones/RESOLUCIONES%202010/7129.pdf HTTP/1.1" 200 274175
216.245.221.92 - - [23/Dec/2022:01:56:14 -0500] "HEAD / HTTP/1.1" 200 -
199.59.150.182 - - [23/Dec/2022:01:56:30 -0500] "GET /images/cr%C3%B3nica-29-nov-1_optimized.jpeg HTTP/1.1" 404 1034
114.119.138.207 - - [23/Dec/2022:01:56:41 -0500] "GET /BLA/resoluciones/RESOLUCIONES%202010/5177.pdf HTTP/1.1" 200 1400080
152.61.192.232 - - [23/Dec/2022:01:57:25 -0500] "GET /arcgis/services/Calidad_del_Agua_WQI/MapServer/WMSServer?request=GetCapabilities&service=WMS HTTP/1.1" 503 1020
152.61.192.232 - - [23/Dec/2022:01:57:26 -0500] "GET /arcgis/services/Calidad_del_Agua_WQI/MapServer/WMSServer?SERVICE=WMS&REQUEST=GetCapabilities HTTP/1.1" 503 1020
152.61.192.232 - - [23/Dec/2022:01:57:27 -0500] "GET /arcgis/services/Calidad_del_Agua_WQI/MapServer/WMSServer?WMTVER=1.0.0&REQUEST=capabilities HTTP/1.1" 503 1020
114.119.133.211 - - [23/Dec/2022:01:58:30 -0500] "GET /BLA/resoluciones/RESOLUCIONES%202010/2954.pdf HTTP/1.1" 200 1136497
114.119.144.184 - - [23/Dec/2022:01:59:40 -0500] "GET /BLA/resoluciones/RESOLUCIONES%202009/4878.pdf HTTP/1.1" 200 580371
172.22.2.4 - - [23/Dec/2022:01:59:44 -0500] "GET /BLA/boletinlegal/robots.txt HTTP/1.1" 404 1038
172.22.2.4 - - [23/Dec/2022:01:59:46 -0500] "GET /BLA/boletinlegal/jurisprudencia.php HTTP/1.1" 200 17573
172.22.2.4 - - [23/Dec/2022:01:58:51 -0500] "HEAD /BLA/boletinlegal/ HTTP/1.1" 200 -
201.245.192.253 - - [23/Dec/2022:02:00:32 -0500] "POST /kwsrmcab/Wsrmcab  HTTP/1.1" 200 44223
216.245.221.92 - - [23/Dec/2022:02:01:14 -0500] "HEAD / HTTP/1.1" 200 -
172.22.2.4 - - [23/Dec/2022:01:59:41 -0500] "GET /BLA/boletinlegal/ HTTP/1.1" 200 57192
114.119.144.99 - - [23/Dec/2022:02:02:20 -0500] "GET /BLA/resoluciones/RESOLUCIONES%202010/4413.pdf HTTP/1.1" 200 459833
114.119.132.36 - - [23/Dec/2022:02:03:51 -0500] "GET /BLA/resoluciones/RESOLUCIONES%202019/2039.pdf HTTP/1.1" 200 337251
201.245.192.253 - - [23/Dec/2022:02:05:30 -0500] "POST /kwsrmcab/Wsrmcab  HTTP/1.1" 200 44223
114.119.132.242 - - [23/Dec/2022:02:06:01 -0500] "GET /BLA/resoluciones/RESOLUCIONES%202011/6086.pdf HTTP/1.1" 200 1415897
216.245.221.92 - - [23/Dec/2022:02:06:14 -0500] "HEAD / HTTP/1.1" 200 -
172.22.2.4 - - [23/Dec/2022:02:04:41 -0500] "HEAD /BLA/boletinlegal/ HTTP/1.1" 200 -
114.119.156.233 - - [23/Dec/2022:02:06:23 -0500] "GET /BLA/resoluciones/RESOLUCIONES%202010/5138.pdf HTTP/1.1" 200 1044102
172.22.2.4 - - [23/Dec/2022:02:05:31 -0500] "GET /BLA/boletinlegal/ HTTP/1.1" 200 53739
114.119.156.33 - - [23/Dec/2022:02:07:29 -0500] "GET /BLA/resoluciones/AUTOS%202018/3070.pdf HTTP/1.1" 200 418850
46.72.211.201 - - [23/Dec/2022:02:08:36 -0500] "GET / HTTP/1.1" 200 319
114.119.156.56 - - [23/Dec/2022:02:08:56 -0500] "GET /BLA/resoluciones/RESOLUCIONES%202018/2146.pdf HTTP/1.1" 200 284100
65.157.23.94 - - [23/Dec/2022:02:09:01 -0500] "GET /.env HTTP/1.1" 404 1018
65.157.23.94 - - [23/Dec/2022:02:09:02 -0500] "POST / HTTP/1.1" 200 319
201.245.192.253 - - [23/Dec/2022:02:10:29 -0500] "POST /kwsrmcab/Wsrmcab  HTTP/1.1" 200 44223
114.119.146.36 - - [23/Dec/2022:02:10:54 -0500] "GET /autoliquidacion/index.php?dir=TR%C3%83%C2%83%C3%82%C2%AF%C3%83%C2%82%C3%82%C2%BF%C3%83%C2%82%C3%82%C2%BDMITES%2BACEITES-RESIDUOS-ESTACIONES/&sort=name&order=desc HTTP/1.1" 200 6960
216.245.221.92 - - [23/Dec/2022:02:11:14 -0500] "HEAD / HTTP/1.1" 200 -
172.22.2.4 - - [23/Dec/2022:02:10:31 -0500] "HEAD /BLA/boletinlegal/ HTTP/1.1" 200 -
114.119.149.183 - - [23/Dec/2022:02:12:28 -0500] "GET /BLA/resoluciones/RESOLUCIONES%202011/6948.pdf HTTP/1.1" 200 31740562
66.249.64.75 - - [23/Dec/2022:02:12:40 -0500] "-" 408 -
172.22.2.4 - - [23/Dec/2022:02:11:21 -0500] "GET /BLA/boletinlegal/ HTTP/1.1" 200 57192
114.119.154.63 - - [23/Dec/2022:02:13:46 -0500] "GET /BLA/resoluciones/Notificaciones/REGISTROS%202014/3677.doc HTTP/1.1" 200 207360
201.245.192.253 - - [23/Dec/2022:02:15:28 -0500] "POST /kwsrmcab/Wsrmcab  HTTP/1.1" 200 44223
216.245.221.92 - - [23/Dec/2022:02:16:14 -0500] "HEAD / HTTP/1.1" 200 -
114.119.138.37 - - [23/Dec/2022:02:16:16 -0500] "GET /BLA/resoluciones/AUTOS%202015/5352.pdf HTTP/1.1" 200 646365
114.119.135.209 - - [23/Dec/2022:02:16:33 -0500] "GET /BLA/resoluciones/AUTOS%202015/1477.pdf HTTP/1.1" 200 575902
114.119.154.11 - - [23/Dec/2022:02:17:53 -0500] "GET /BLA/resoluciones/RESOLUCIONES%202010/4690.pdf HTTP/1.1" 200 754097
172.22.2.4 - - [23/Dec/2022:02:16:21 -0500] "HEAD /BLA/boletinlegal/ HTTP/1.1" 200 -
172.22.2.4 - - [23/Dec/2022:02:17:11 -0500] "GET /BLA/boletinlegal/ HTTP/1.1" 200 52942
66.249.64.220 - - [23/Dec/2022:02:19:09 -0500] "-" 408 -
201.245.192.253 - - [23/Dec/2022:02:20:23 -0500] "POST /kwsrmcab/Wsrmcab HTTP/1.1" 200 42988
201.245.192.253 - - [23/Dec/2022:02:20:26 -0500] "POST /kwsrmcab/Wsrmcab HTTP/1.1" 200 44061
201.245.192.253 - - [23/Dec/2022:02:20:27 -0500] "POST /kwsrmcab/Wsrmcab  HTTP/1.1" 200 44223
114.119.148.93 - - [23/Dec/2022:02:20:50 -0500] "GET /BLA/resoluciones/RESOLUCIONES%202010/3748.pdf HTTP/1.1" 200 391150
216.245.221.92 - - [23/Dec/2022:02:21:14 -0500] "HEAD / HTTP/1.1" 200 -
114.119.134.195 - - [23/Dec/2022:02:21:31 -0500] "GET /BLA/resoluciones/AUTOS%202014/6432.pdf HTTP/1.1" 200 175987
114.119.143.177 - - [23/Dec/2022:02:23:15 -0500] "GET /BLA/resoluciones/AUTOS%202013/3340.pdf HTTP/1.1" 200 831447
172.22.2.4 - - [23/Dec/2022:02:22:11 -0500] "HEAD /BLA/boletinlegal/ HTTP/1.1" 200 -
114.119.146.241 - - [23/Dec/2022:02:24:16 -0500] "GET /BLA/resoluciones/AUTOS%202013/0132.pdf HTTP/1.1" 200 1186801
172.22.2.4 - - [23/Dec/2022:02:23:01 -0500] "GET /BLA/boletinlegal/ HTTP/1.1" 200 57824
114.119.134.156 - - [23/Dec/2022:02:25:10 -0500] "GET /BLA/resoluciones/index.php?dir=RESOLUCIONES%2B2015/&sort=size&order=asc HTTP/1.1" 200 13709
201.245.192.253 - - [23/Dec/2022:02:25:26 -0500] "POST /kwsrmcab/Wsrmcab  HTTP/1.1" 200 44223
216.245.221.92 - - [23/Dec/2022:02:26:14 -0500] "HEAD / HTTP/1.1" 200 -
207.46.13.194 - - [23/Dec/2022:02:26:38 -0500] "GET /bla/resoluciones/resoluciones%202012/0940.pdf HTTP/1.1" 304 -
114.119.136.109 - - [23/Dec/2022:02:26:53 -0500] "GET /BLA/resoluciones/RESOLUCIONES%202009/4698.pdf HTTP/1.1" 200 326782
114.119.134.106 - - [23/Dec/2022:02:28:48 -0500] "GET /BLA/resoluciones/RESOLUCIONES%202010/2821.pdf HTTP/1.1" 200 848816
172.22.2.4 - - [23/Dec/2022:02:28:01 -0500] "HEAD /BLA/boletinlegal/ HTTP/1.1" 200 -
114.119.159.40 - - [23/Dec/2022:02:30:22 -0500] "GET /BLA/resoluciones/RESOLUCIONES%202010/2528.pdf HTTP/1.1" 200 491991
201.245.192.253 - - [23/Dec/2022:02:30:24 -0500] "POST /kwsrmcab/Wsrmcab HTTP/1.1" 200 42988
201.245.192.253 - - [23/Dec/2022:02:30:25 -0500] "POST /kwsrmcab/Wsrmcab  HTTP/1.1" 200 44223
201.245.192.253 - - [23/Dec/2022:02:30:26 -0500] "POST /kwsrmcab/Wsrmcab HTTP/1.1" 200 44061
172.22.2.4 - - [23/Dec/2022:02:28:51 -0500] "GET /BLA/boletinlegal/ HTTP/1.1" 200 58612
216.245.221.92 - - [23/Dec/2022:02:31:14 -0500] "HEAD / HTTP/1.1" 200 -
114.119.156.67 - - [23/Dec/2022:02:32:00 -0500] "GET /BLA/resoluciones/Decretos/Decreto%20815%20del%2028%20de%20Diciembre%20de%202017.pdf HTTP/1.1" 200 5300108
114.119.129.179 - - [23/Dec/2022:02:33:00 -0500] "GET /BLA/resoluciones/Notificaciones/REGISTROS%202014/2515.doc HTTP/1.1" 200 195584
201.245.192.253 - - [23/Dec/2022:02:35:24 -0500] "POST /kwsrmcab/Wsrmcab  HTTP/1.1" 200 44223
172.22.2.4 - - [23/Dec/2022:02:33:51 -0500] "HEAD /BLA/boletinlegal/ HTTP/1.1" 200 -
157.55.39.152 - - [23/Dec/2022:02:35:38 -0500] "GET / HTTP/1.1" 200 319
172.22.2.4 - - [23/Dec/2022:02:36:03 -0500] "GET /BLA/boletinlegal/owa/auth/logon.aspx?url=https%3a%2f%2f1%2fecp%2f HTTP/1.1" 404 1018
216.245.221.92 - - [23/Dec/2022:02:36:14 -0500] "HEAD / HTTP/1.1" 200 -
172.22.2.4 - - [23/Dec/2022:02:34:41 -0500] "GET /BLA/boletinlegal/ HTTP/1.1" 200 57192
160.36.59.217 - - [23/Dec/2022:02:36:34 -0500] "GET /BLA/boletinlegal/js/jquery.scrollShow.js HTTP/1.1" 200 4586
160.36.59.217 - - [23/Dec/2022:02:36:34 -0500] "GET /galeria/galeria/jquery.fancybox.js?v=2.1.5 HTTP/1.1" 200 48706
172.22.2.4 - - [23/Dec/2022:02:38:27 -0500] "GET /BLA/boletinlegal/a2billing/customer/templates/default/footer.tpl HTTP/1.1" 404 1018
172.22.2.4 - - [23/Dec/2022:02:39:48 -0500] "GET /BLA/boletinlegal/sugerencias.php HTTP/1.1" 200 8615
172.22.2.4 - - [23/Dec/2022:02:40:00 -0500] "GET /BLA/boletinlegal/js/jquery.js HTTP/1.1" 200 57254
172.22.2.4 - - [23/Dec/2022:02:40:05 -0500] "GET /BLA/boletinlegal/js/jquery.scrollTo-min.js HTTP/1.1" 200 1150
172.22.2.4 - - [23/Dec/2022:02:40:09 -0500] "GET /BLA/boletinlegal/style.css HTTP/1.1" 200 9406
201.245.192.253 - - [23/Dec/2022:02:40:22 -0500] "POST /kwsrmcab/Wsrmcab  HTTP/1.1" 200 44223
201.245.192.253 - - [23/Dec/2022:02:40:23 -0500] "POST /kwsrmcab/Wsrmcab HTTP/1.1" 200 42988
201.245.192.253 - - [23/Dec/2022:02:40:26 -0500] "POST /kwsrmcab/Wsrmcab HTTP/1.1" 200 44061
172.22.2.4 - - [23/Dec/2022:02:40:31 -0500] "GET /BLA/boletinlegal/Directivas/2015/Directiva%20No.%2001%20del%2014%20de%20Enero%20de%202015.pdf HTTP/1.1" 304 -
172.22.2.4 - - [23/Dec/2022:02:40:42 -0500] "GET /BLA/boletinlegal/remote/fgt_lang?lang=/../../../..//////////dev/cmdb/sslvpn_websession HTTP/1.1" 404 1018
216.245.221.92 - - [23/Dec/2022:02:41:14 -0500] "HEAD / HTTP/1.1" 200 -
172.22.2.4 - - [23/Dec/2022:02:39:41 -0500] "HEAD /BLA/boletinlegal/ HTTP/1.1" 200 -
66.249.64.222 - - [23/Dec/2022:02:41:39 -0500] "-" 408 -
172.22.2.4 - - [23/Dec/2022:02:40:31 -0500] "GET /BLA/boletinlegal/ HTTP/1.1" 200 56474
114.119.150.166 - - [23/Dec/2022:02:42:41 -0500] "GET /BLA/resoluciones/index.php?dir=Notificaciones/RESOLUCIONES%2B2016/&sort=name&order=desc HTTP/1.1" 200 13770
114.119.137.143 - - [23/Dec/2022:02:44:26 -0500] "GET /BLA/resoluciones/RESOLUCIONES%202019/2349.pdf HTTP/1.1" 200 332418
201.245.192.253 - - [23/Dec/2022:02:45:22 -0500] "POST /kwsrmcab/Wsrmcab  HTTP/1.1" 200 44223
114.119.144.37 - - [23/Dec/2022:02:45:30 -0500] "GET /BLA/resoluciones/RESOLUCIONES%202015/2554.pdf HTTP/1.1" 200 511643
216.245.221.92 - - [23/Dec/2022:02:46:14 -0500] "HEAD / HTTP/1.1" 200 -
114.119.155.54 - - [23/Dec/2022:02:46:46 -0500] "GET /BLA/resoluciones/RESOLUCIONES%202010/7069.pdf HTTP/1.1" 200 81590
172.22.2.4 - - [23/Dec/2022:02:45:31 -0500] "HEAD /BLA/boletinlegal/ HTTP/1.1" 200 -
172.22.2.4 - - [23/Dec/2022:02:46:21 -0500] "GET /BLA/boletinlegal/ HTTP/1.1" 200 47188
207.46.13.194 - - [23/Dec/2022:02:48:40 -0500] "GET /BLA/resoluciones/AUTOS%202021/6474.pdf HTTP/1.1" 304 -
114.119.141.67 - - [23/Dec/2022:02:48:41 -0500] "GET /BLA/resoluciones/RESOLUCIONES%202010/5787.pdf HTTP/1.1" 200 218493
114.119.141.67 - - [23/Dec/2022:02:49:50 -0500] "GET /BLA/resoluciones/RESOLUCIONES%202010/4654.pdf HTTP/1.1" 200 54910
201.245.192.253 - - [23/Dec/2022:02:50:21 -0500] "POST /kwsrmcab/Wsrmcab  HTTP/1.1" 200 44223
216.245.221.92 - - [23/Dec/2022:02:51:14 -0500] "HEAD / HTTP/1.1" 200 -
114.119.140.70 - - [23/Dec/2022:02:51:26 -0500] "GET /BLA/resoluciones/RESOLUCIONES%202010/3807.pdf HTTP/1.1" 200 553855
40.77.167.21 - - [23/Dec/2022:02:52:48 -0500] "GET /portaldeninos/2021/04/16/secretaria-de-ambiente-apoya-el-reto-planeta-2021-e-invita-a-instituciones-educativas-a-unirse/feed/ HTTP/1.1" 200 1234
172.22.2.4 - - [23/Dec/2022:02:51:21 -0500] "HEAD /BLA/boletinlegal/ HTTP/1.1" 200 -
114.119.144.31 - - [23/Dec/2022:02:53:09 -0500] "GET /BLA/resoluciones/RESOLUCIONES%202010/5782.pdf HTTP/1.1" 200 91055
114.119.151.1 - - [23/Dec/2022:02:53:43 -0500] "GET /BLA/resoluciones/index.php?dir=Notificaciones/DISCIPLINARIOS%2B2019/&sort=name&order=desc HTTP/1.1" 200 13776
172.22.2.4 - - [23/Dec/2022:02:52:11 -0500] "GET /BLA/boletinlegal/ HTTP/1.1" 200 57192
201.245.192.253 - - [23/Dec/2022:02:55:20 -0500] "POST /kwsrmcab/Wsrmcab  HTTP/1.1" 200 44223
114.119.132.85 - - [23/Dec/2022:02:55:53 -0500] "GET /BLA/resoluciones/RESOLUCIONES%202010/4822.pdf HTTP/1.1" 200 751315
216.245.221.92 - - [23/Dec/2022:02:56:14 -0500] "HEAD / HTTP/1.1" 200 -
92.118.39.29 - - [23/Dec/2022:02:56:54 -0500] "GET / HTTP/1.1" 200 319
114.119.157.84 - - [23/Dec/2022:02:56:55 -0500] "GET /BLA/resoluciones/RESOLUCIONES%202010/4122.pdf HTTP/1.1" 200 756377
114.119.150.4 - - [23/Dec/2022:02:57:39 -0500] "GET /BLA/resoluciones/RESOLUCIONES%202010/6162.pdf HTTP/1.1" 200 555363
172.22.2.4 - - [23/Dec/2022:02:57:11 -0500] "HEAD /BLA/boletinlegal/ HTTP/1.1" 200 -
95.217.144.245 - - [23/Dec/2022:02:59:26 -0500] "-" 408 -
95.217.144.237 - - [23/Dec/2022:02:59:28 -0500] "-" 408 -
95.217.144.238 - - [23/Dec/2022:02:59:30 -0500] "-" 408 -
95.217.144.238 - - [23/Dec/2022:02:59:36 -0500] "-" 408 -
95.217.144.245 - - [23/Dec/2022:02:59:39 -0500] "-" 408 -
95.217.144.245 - - [23/Dec/2022:02:59:39 -0500] "-" 408 -
95.217.144.245 - - [23/Dec/2022:02:59:39 -0500] "-" 408 -
95.217.144.245 - - [23/Dec/2022:02:59:39 -0500] "-" 408 -
114.119.150.56 - - [23/Dec/2022:02:59:40 -0500] "GET /BLA/resoluciones/RESOLUCIONES%202010/3393.pdf HTTP/1.1" 200 330274
172.22.2.4 - - [23/Dec/2022:02:58:01 -0500] "GET /BLA/boletinlegal/ HTTP/1.1" 200 57192
95.217.144.155 - - [23/Dec/2022:02:59:42 -0500] "-" 408 -
95.217.144.237 - - [23/Dec/2022:02:59:45 -0500] "-" 408 -
95.217.144.155 - - [23/Dec/2022:02:59:46 -0500] "-" 408 -
95.217.144.155 - - [23/Dec/2022:02:59:54 -0500] "-" 408 -
95.217.144.240 - - [23/Dec/2022:02:59:58 -0500] "-" 408 -
95.217.144.240 - - [23/Dec/2022:03:00:00 -0500] "-" 408 -
95.217.144.155 - - [23/Dec/2022:03:00:03 -0500] "-" 408 -
95.217.144.155 - - [23/Dec/2022:03:00:03 -0500] "-" 408 -
95.217.144.237 - - [23/Dec/2022:03:00:05 -0500] "-" 408 -
95.217.144.240 - - [23/Dec/2022:03:00:09 -0500] "-" 408 -
95.217.144.245 - - [23/Dec/2022:03:00:11 -0500] "-" 408 -
95.217.144.245 - - [23/Dec/2022:03:00:11 -0500] "-" 408 -
95.217.144.245 - - [23/Dec/2022:03:00:11 -0500] "-" 408 -
95.217.144.245 - - [23/Dec/2022:03:00:12 -0500] "-" 408 -
95.217.144.245 - - [23/Dec/2022:03:00:12 -0500] "-" 408 -
95.217.144.155 - - [23/Dec/2022:03:00:14 -0500] "-" 408 -
95.217.144.237 - - [23/Dec/2022:03:00:17 -0500] "-" 408 -
201.245.192.253 - - [23/Dec/2022:03:00:19 -0500] "POST /kwsrmcab/Wsrmcab  HTTP/1.1" 200 44223
114.119.155.51 - - [23/Dec/2022:03:00:34 -0500] "GET /BLA/resoluciones/RESOLUCIONES%202014/3927.pdf HTTP/1.1" 200 492681
216.245.221.92 - - [23/Dec/2022:03:01:14 -0500] "HEAD / HTTP/1.1" 200 -
190.8.202.151 - - [23/Dec/2022:03:01:35 -0500] "GET /appsia/controlador HTTP/1.1" 200 4799
190.8.202.151 - - [23/Dec/2022:03:01:36 -0500] "GET /appsia/css/estilos.css HTTP/1.1" 200 4804
190.8.202.151 - - [23/Dec/2022:03:01:36 -0500] "GET /appsia/scripts/validarIngreso.js HTTP/1.1" 200 851
190.8.202.151 - - [23/Dec/2022:03:01:36 -0500] "GET /appsia/images/cabezoteHojaVida.png HTTP/1.1" 200 32493
190.8.202.151 - - [23/Dec/2022:03:01:36 -0500] "GET /appsia/images/logo_bogota_p.png HTTP/1.1" 200 14951
190.8.202.151 - - [23/Dec/2022:03:01:36 -0500] "GET /favicon.ico HTTP/1.1" 200 7782
157.55.39.172 - - [23/Dec/2022:03:01:44 -0500] "GET /appsia/controlador HTTP/1.1" 200 4799
114.119.135.37 - - [23/Dec/2022:03:01:51 -0500] "GET /BLA/resoluciones/RESOLUCIONES%202010/1789.pdf HTTP/1.1" 200 540881
40.77.167.33 - - [23/Dec/2022:03:01:59 -0500] "GET /bla/resoluciones/notificaciones/autos%202020/03971.pdf HTTP/1.1" 304 -
190.8.202.151 - - [23/Dec/2022:03:02:15 -0500] "POST /appsia/controlador HTTP/1.1" 200 4621
190.8.202.151 - - [23/Dec/2022:03:02:24 -0500] "POST /appsia/controlador HTTP/1.1" 200 7732
190.8.202.151 - - [23/Dec/2022:03:02:24 -0500] "GET /appsia/images/logo_escudo.png HTTP/1.1" 200 36965
114.119.157.118 - - [23/Dec/2022:03:03:17 -0500] "GET /BLA/resoluciones/RESOLUCIONES%202010/2874.pdf HTTP/1.1" 200 576957
172.22.2.4 - - [23/Dec/2022:03:03:01 -0500] "HEAD /BLA/boletinlegal/ HTTP/1.1" 200 -
114.119.129.198 - - [23/Dec/2022:03:04:50 -0500] "GET /BLA/resoluciones/RESOLUCIONES%202010/4619.pdf HTTP/1.1" 200 102268
201.245.192.253 - - [23/Dec/2022:03:05:18 -0500] "POST /kwsrmcab/Wsrmcab  HTTP/1.1" 200 44223
172.22.2.4 - - [23/Dec/2022:03:03:51 -0500] "GET /BLA/boletinlegal/ HTTP/1.1" 200 44503
114.119.157.96 - - [23/Dec/2022:03:05:57 -0500] "GET /BLA/resoluciones/RESOLUCIONES%202010/1743.pdf HTTP/1.1" 200 486999
216.245.221.92 - - [23/Dec/2022:03:06:14 -0500] "HEAD / HTTP/1.1" 200 -
190.8.202.151 - - [23/Dec/2022:03:06:19 -0500] "POST /appsia/controlador HTTP/1.1" 200 4621
114.119.136.14 - - [23/Dec/2022:03:07:32 -0500] "GET /BLA/resoluciones/RESOLUCIONES%202010/1662.pdf HTTP/1.1" 200 440341
168.119.101.10 - - [23/Dec/2022:03:07:33 -0500] "GET / HTTP/1.1" 200 319
114.119.142.12 - - [23/Dec/2022:03:08:58 -0500] "GET /BLA/resoluciones/RESOLUCIONES%202014/0917.pdf HTTP/1.1" 200 2267226
40.77.167.33 - - [23/Dec/2022:03:09:09 -0500] "GET /BLA/resoluciones/RESOLUCIONES%202001/2001%201300-1349.tif HTTP/1.1" 200 4561457
201.245.192.253 - - [23/Dec/2022:03:10:17 -0500] "POST /kwsrmcab/Wsrmcab  HTTP/1.1" 200 44223
172.22.2.4 - - [23/Dec/2022:03:08:51 -0500] "HEAD /BLA/boletinlegal/ HTTP/1.1" 200 -
114.119.137.141 - - [23/Dec/2022:03:10:42 -0500] "GET /BLA/resoluciones/RESOLUCIONES%202011/1022.pdf HTTP/1.1" 200 436060
190.8.202.151 - - [23/Dec/2022:03:10:49 -0500] "POST /appsia/controlador HTTP/1.1" 200 4799
216.245.221.92 - - [23/Dec/2022:03:11:14 -0500] "HEAD / HTTP/1.1" 200 -
172.22.2.4 - - [23/Dec/2022:03:09:41 -0500] "GET /BLA/boletinlegal/ HTTP/1.1" 200 58185
114.119.133.108 - - [23/Dec/2022:03:11:47 -0500] "GET /BLA/resoluciones/RESOLUCIONES%202010/1209.pdf HTTP/1.1" 200 101212
157.245.193.98 - - [23/Dec/2022:03:12:05 -0500] "GET / HTTP/1.1" 200 319
114.119.155.149 - - [23/Dec/2022:03:13:07 -0500] "GET /BLA/resoluciones/RESOLUCIONES%202010/0403.pdf HTTP/1.1" 200 51974
199.59.150.181 - - [23/Dec/2022:03:13:26 -0500] "GET /images/cr%C3%B3nica-29-nov-1_optimized.jpeg HTTP/1.1" 404 1034
114.119.136.95 - - [23/Dec/2022:03:14:50 -0500] "GET /BLA/resoluciones/RESOLUCIONES%202010/0130.pdf HTTP/1.1" 200 384384
