!C99Shell v. 1.0 pre-release build #13!

Software: Apache. PHP/5.5.15 

uname -a: Windows NT SVR-DMZ 6.1 build 7600 (Windows Server 2008 R2 Enterprise Edition) i586 

SYSTEM 

Safe-mode: OFF (not secure)

E:\nuevo\apache\logs\   drwxrwxrwx
Free 9.41 GB of 239.26 GB (3.93%)
Detected drives: [ a ] [ c ] [ d ] [ e ] [ f ]
Home    Back    Forward    UPDIR    Refresh    Search    Buffer    Encoder    Tools    Proc.    FTP brute    Sec.    SQL    PHP-code    Update    Feedback    Self remove    Logout    


Viewing file:     access.2022.12.29.log (4.11 MB)      -rw-rw-rw-
Select action/file-type:
(+) | (+) | (+) | Code (+) | Session (+) | (+) | SDB (+) | (+) | (+) | (+) | (+) | (+) |
114.119.144.127 - - [29/Dec/2022:00:00:06 -0500] "GET /BLA/resoluciones/AUTOS%202014/0367.pdf HTTP/1.1" 200 909044
201.245.192.253 - - [29/Dec/2022:00:00:04 -0500] "POST /kwsrmcab/Wsrmcab  HTTP/1.1" 200 44193
172.22.2.4 - - [28/Dec/2022:23:59:01 -0500] "HEAD /BLA/boletinlegal/ HTTP/1.1" 200 -
216.245.221.92 - - [29/Dec/2022:00:01:31 -0500] "HEAD / HTTP/1.1" 200 -
172.22.2.4 - - [28/Dec/2022:23:59:51 -0500] "GET /BLA/boletinlegal/ HTTP/1.1" 200 54100
172.22.2.4 - - [29/Dec/2022:00:01:46 -0500] "GET /BLA/boletinlegal/robots.txt HTTP/1.1" 404 1037
172.22.2.4 - - [29/Dec/2022:00:01:47 -0500] "GET /BLA/boletinlegal/robots.txt HTTP/1.1" 404 1037
114.119.148.0 - - [29/Dec/2022:00:02:02 -0500] "GET /BLA/resoluciones/RESOLUCIONES%202010/4739.pdf HTTP/1.1" 200 563341
114.119.157.196 - - [29/Dec/2022:00:03:28 -0500] "GET /BLA/resoluciones/AUTOS%202016/0020.pdf HTTP/1.1" 200 662740
172.22.2.4 - - [29/Dec/2022:00:01:53 -0500] "GET /BLA/boletinlegal/ HTTP/1.1" 200 62423
114.119.130.30 - - [29/Dec/2022:00:04:52 -0500] "GET /BLA/resoluciones/AUTOS%202012/1182.pdf HTTP/1.1" 200 153942
201.245.192.253 - - [29/Dec/2022:00:05:03 -0500] "POST /kwsrmcab/Wsrmcab  HTTP/1.1" 200 44193
66.249.73.127 - - [29/Dec/2022:00:05:45 -0500] "-" 408 -
114.119.158.149 - - [29/Dec/2022:00:06:19 -0500] "GET /BLA/resoluciones/AUTOS%202011/4356.pdf HTTP/1.1" 200 625225
216.245.221.92 - - [29/Dec/2022:00:06:31 -0500] "HEAD / HTTP/1.1" 200 -
172.22.2.4 - - [29/Dec/2022:00:04:51 -0500] "HEAD /BLA/boletinlegal/ HTTP/1.1" 200 -
114.119.157.146 - - [29/Dec/2022:00:08:06 -0500] "GET /BLA/resoluciones/AUTOS%202007/3054.pdf HTTP/1.1" 200 161982
173.252.107.11 - - [29/Dec/2022:00:09:17 -0500] "GET /images/Junio%2002-experiencias-jardines-verticales-sda.jpeg HTTP/1.1" 200 31171
114.119.141.215 - - [29/Dec/2022:00:09:35 -0500] "GET /BLA/resoluciones/AUTOS%202007/1633.pdf HTTP/1.1" 200 166705
201.245.192.253 - - [29/Dec/2022:00:10:02 -0500] "POST /kwsrmcab/Wsrmcab  HTTP/1.1" 200 44193
114.119.165.226 - - [29/Dec/2022:00:11:03 -0500] "GET /BLA/resoluciones/AUTOS%202007/0179.pdf HTTP/1.1" 200 56869
216.245.221.92 - - [29/Dec/2022:00:11:31 -0500] "HEAD / HTTP/1.1" 200 -
114.119.155.81 - - [29/Dec/2022:00:12:25 -0500] "GET /Autoliquidacion/index.php?dir=Solicitud%20de%20Clasificaci%C3%83%C2%AF%C3%82%C2%BF%C3%82%C2%BDn%20de%20Impacto%20Ambiental/&sort=size&order=desc HTTP/1.1" 200 6957
114.119.144.165 - - [29/Dec/2022:00:12:57 -0500] "GET /se-aproxima-nueva-jornada-de-recoleccion-masiva-de-residuos-especiales-y-peligrosos-en-bogota.html HTTP/1.1" 200 1048
172.22.2.4 - - [29/Dec/2022:00:12:03 -0500] "HEAD /BLA/boletinlegal/ HTTP/1.1" 200 -
201.245.192.253 - - [29/Dec/2022:00:15:01 -0500] "POST /kwsrmcab/Wsrmcab  HTTP/1.1" 200 44193
172.22.2.4 - - [29/Dec/2022:00:15:27 -0500] "GET /BLA/boletinlegal/ HTTP/1.1" 200 36811
216.245.221.92 - - [29/Dec/2022:00:16:31 -0500] "HEAD / HTTP/1.1" 200 -
162.55.43.55 - - [29/Dec/2022:00:17:19 -0500] "GET / HTTP/1.1" 200 319
201.245.192.253 - - [29/Dec/2022:00:19:54 -0500] "POST /kwsrmcab/Wsrmcab HTTP/1.1" 200 42608
201.245.192.253 - - [29/Dec/2022:00:19:57 -0500] "POST /kwsrmcab/Wsrmcab HTTP/1.1" 200 43936
201.245.192.253 - - [29/Dec/2022:00:20:00 -0500] "POST /kwsrmcab/Wsrmcab  HTTP/1.1" 200 44193
66.249.73.127 - - [29/Dec/2022:00:20:27 -0500] "-" 408 -
172.22.2.4 - - [29/Dec/2022:00:19:15 -0500] "HEAD /BLA/boletinlegal/ HTTP/1.1" 200 -
216.245.221.92 - - [29/Dec/2022:00:21:31 -0500] "HEAD / HTTP/1.1" 200 -
54.167.221.224 - - [29/Dec/2022:00:22:50 -0500] "-" 408 -
173.252.107.13 - - [29/Dec/2022:00:24:07 -0500] "GET /secretaria-de-ambiente-rescata-perezoso-y-lo-traslada-al-departamento-de-antioquia-para-su-rehabilitacion.html HTTP/1.1" 206 1059
172.22.2.4 - - [29/Dec/2022:00:24:30 -0500] "GET /BLA/boletinlegal/robots.txt HTTP/1.1" 404 1038
172.22.2.4 - - [29/Dec/2022:00:24:33 -0500] "GET /BLA/boletinlegal/Circulares/2019/Circular%20No.%20006%20del%2008%20de%20Febrero%20de%202019.pdf HTTP/1.1" 200 674401
54.167.221.224 - - [29/Dec/2022:00:24:41 -0500] "-" 408 -
201.245.192.253 - - [29/Dec/2022:00:24:59 -0500] "POST /kwsrmcab/Wsrmcab  HTTP/1.1" 200 44193
172.22.2.4 - - [29/Dec/2022:00:25:58 -0500] "GET /BLA/boletinlegal/Circulares/2017/Circular%20No.%202%20del%201%20de%20Septiembre%20de%202017.pdf HTTP/1.1" 304 -
216.245.221.92 - - [29/Dec/2022:00:26:31 -0500] "HEAD / HTTP/1.1" 200 -
172.22.2.4 - - [29/Dec/2022:00:26:50 -0500] "GET /BLA/boletinlegal/actuator/gateway/routes HTTP/1.1" 404 1018
172.22.2.4 - - [29/Dec/2022:00:26:33 -0500] "HEAD /BLA/boletinlegal/ HTTP/1.1" 200 -
173.252.79.5 - - [29/Dec/2022:00:28:40 -0500] "GET /images/negocios-verdes-mayo-2022.jpg HTTP/1.1" 200 48000
54.167.221.224 - - [29/Dec/2022:00:28:44 -0500] "-" 408 -
172.22.2.4 - - [29/Dec/2022:00:29:29 -0500] "GET /BLA/boletinlegal/a2billing/customer/templates/default/footer.tpl HTTP/1.1" 404 1018
201.245.192.253 - - [29/Dec/2022:00:29:55 -0500] "POST /kwsrmcab/Wsrmcab HTTP/1.1" 200 42608
201.245.192.253 - - [29/Dec/2022:00:29:57 -0500] "POST /kwsrmcab/Wsrmcab  HTTP/1.1" 200 44193
201.245.192.253 - - [29/Dec/2022:00:29:57 -0500] "POST /kwsrmcab/Wsrmcab HTTP/1.1" 200 43936
40.77.167.25 - - [29/Dec/2022:00:30:31 -0500] "GET /forest/ HTTP/1.1" 200 12041
172.22.2.4 - - [29/Dec/2022:00:30:57 -0500] "GET /BLA/boletinlegal/jurisprudencia/analisis/analisis%20sentencia%20C-1007-2011-1.doc HTTP/1.1" 200 35328
216.245.221.92 - - [29/Dec/2022:00:31:31 -0500] "HEAD / HTTP/1.1" 200 -
40.77.167.104 - - [29/Dec/2022:00:31:50 -0500] "-" 408 -
40.77.167.104 - - [29/Dec/2022:00:31:56 -0500] "-" 408 -
201.245.192.253 - - [29/Dec/2022:00:34:56 -0500] "POST /kwsrmcab/Wsrmcab  HTTP/1.1" 200 44193
209.141.35.50 - - [29/Dec/2022:00:35:01 -0500] "GET / HTTP/1.1" 200 319
216.245.221.92 - - [29/Dec/2022:00:36:31 -0500] "HEAD / HTTP/1.1" 200 -
172.22.2.4 - - [29/Dec/2022:00:36:36 -0500] "GET /BLA/boletinlegal/ HTTP/1.1" 200 24523
201.245.192.253 - - [29/Dec/2022:00:39:55 -0500] "POST /kwsrmcab/Wsrmcab HTTP/1.1" 200 42608
201.245.192.253 - - [29/Dec/2022:00:39:55 -0500] "POST /kwsrmcab/Wsrmcab  HTTP/1.1" 200 44193
201.245.192.253 - - [29/Dec/2022:00:40:00 -0500] "POST /kwsrmcab/Wsrmcab HTTP/1.1" 200 43936
54.167.221.224 - - [29/Dec/2022:00:40:04 -0500] "-" 408 -
47.251.11.3 - - [29/Dec/2022:00:40:16 -0500] "GET /portaldeninos/ HTTP/1.1" 200 110197
216.245.221.92 - - [29/Dec/2022:00:41:31 -0500] "HEAD / HTTP/1.1" 200 -
54.167.221.224 - - [29/Dec/2022:00:42:36 -0500] "-" 408 -
172.22.2.4 - - [29/Dec/2022:00:43:02 -0500] "GET /BLA/boletinlegal/robots.txt HTTP/1.1" 404 1140
201.245.192.253 - - [29/Dec/2022:00:44:54 -0500] "POST /kwsrmcab/Wsrmcab  HTTP/1.1" 200 44193
207.46.13.198 - - [29/Dec/2022:00:45:14 -0500] "GET /Publicaciones/2022EE245798.pdf HTTP/1.1" 404 228
157.55.39.9 - - [29/Dec/2022:00:45:17 -0500] "GET /www.ambientebogota.gov.co:81/ HTTP/1.1" 403 1051
192.5.87.207 - - [29/Dec/2022:00:45:46 -0500] "GET /galeria/galeria/jquery.fancybox.js?v=2.1.5 HTTP/1.1" 200 48706
192.5.87.207 - - [29/Dec/2022:00:45:46 -0500] "GET /BLA/boletinlegal/js/jquery.scrollShow.js HTTP/1.1" 200 4586
216.245.221.92 - - [29/Dec/2022:00:46:31 -0500] "HEAD / HTTP/1.1" 200 -
129.114.109.225 - - [29/Dec/2022:00:49:36 -0500] "GET /BLA/boletinlegal/js/jquery.scrollShow.js HTTP/1.1" 200 4586
129.114.109.225 - - [29/Dec/2022:00:49:36 -0500] "GET /galeria/galeria/jquery.fancybox.js?v=2.1.5 HTTP/1.1" 200 48706
201.245.192.253 - - [29/Dec/2022:00:49:53 -0500] "POST /kwsrmcab/Wsrmcab  HTTP/1.1" 200 44193
66.249.73.100 - - [29/Dec/2022:00:49:59 -0500] "-" 408 -
216.245.221.92 - - [29/Dec/2022:00:51:31 -0500] "HEAD / HTTP/1.1" 200 -
172.22.2.4 - - [29/Dec/2022:00:50:52 -0500] "HEAD /BLA/boletinlegal/ HTTP/1.1" 200 -
172.22.2.4 - - [29/Dec/2022:00:51:42 -0500] "GET /BLA/boletinlegal/ HTTP/1.1" 200 57192
201.245.192.253 - - [29/Dec/2022:00:54:52 -0500] "POST /kwsrmcab/Wsrmcab  HTTP/1.1" 200 44193
216.245.221.92 - - [29/Dec/2022:00:56:31 -0500] "HEAD / HTTP/1.1" 200 -
162.55.37.148 - - [29/Dec/2022:00:57:29 -0500] "GET / HTTP/1.1" 200 319
172.22.2.4 - - [29/Dec/2022:00:56:42 -0500] "HEAD /BLA/boletinlegal/ HTTP/1.1" 200 -
201.245.192.253 - - [29/Dec/2022:00:59:51 -0500] "POST /kwsrmcab/Wsrmcab  HTTP/1.1" 200 44193
207.46.13.198 - - [29/Dec/2022:01:00:09 -0500] "GET /bla/resoluciones/resoluciones%202012/0341.pdf HTTP/1.1" 304 -
216.245.221.92 - - [29/Dec/2022:01:01:31 -0500] "HEAD / HTTP/1.1" 200 -
181.237.19.39 - - [29/Dec/2022:01:04:29 -0500] "GET /appsia/controlador HTTP/1.1" 200 4799
181.237.19.39 - - [29/Dec/2022:01:04:30 -0500] "GET /appsia/css/estilos.css HTTP/1.1" 200 4804
181.237.19.39 - - [29/Dec/2022:01:04:30 -0500] "GET /appsia/scripts/validarIngreso.js HTTP/1.1" 200 851
181.237.19.39 - - [29/Dec/2022:01:04:30 -0500] "GET /appsia/images/logo_bogota_p.png HTTP/1.1" 200 14951
181.237.19.39 - - [29/Dec/2022:01:04:30 -0500] "GET /appsia/images/cabezoteHojaVida.png HTTP/1.1" 200 32493
181.237.19.39 - - [29/Dec/2022:01:04:30 -0500] "GET /favicon.ico HTTP/1.1" 200 7782
181.237.19.39 - - [29/Dec/2022:01:04:36 -0500] "POST /appsia/controlador HTTP/1.1" 200 3602
181.237.19.39 - - [29/Dec/2022:01:04:36 -0500] "GET /appsia/jscripts/validarSolicitud.js HTTP/1.1" 404 68
181.237.19.39 - - [29/Dec/2022:01:04:49 -0500] "POST /appsia/controlador HTTP/1.1" 200 4799
201.245.192.253 - - [29/Dec/2022:01:04:50 -0500] "POST /kwsrmcab/Wsrmcab  HTTP/1.1" 200 44193
207.46.13.198 - - [29/Dec/2022:01:04:59 -0500] "GET /bla/resoluciones/resoluciones%202012/1459.pdf HTTP/1.1" 304 -
181.237.19.39 - - [29/Dec/2022:01:05:21 -0500] "POST /appsia/controlador HTTP/1.1" 200 5437
172.22.2.4 - - [29/Dec/2022:01:03:49 -0500] "HEAD /BLA/boletinlegal/ HTTP/1.1" 200 -
181.237.19.39 - - [29/Dec/2022:01:05:47 -0500] "POST /appsia/controlador HTTP/1.1" 200 7730
181.237.19.39 - - [29/Dec/2022:01:05:47 -0500] "GET /appsia/images/logo_escudo.png HTTP/1.1" 200 36965
207.46.13.192 - - [29/Dec/2022:01:06:01 -0500] "GET /bla/resoluciones/notificaciones/autos%202020/2167.pdf HTTP/1.1" 304 -
216.245.221.92 - - [29/Dec/2022:01:06:31 -0500] "HEAD / HTTP/1.1" 200 -
172.22.2.4 - - [29/Dec/2022:01:06:07 -0500] "GET /BLA/boletinlegal/ HTTP/1.1" 200 32715
162.55.171.94 - - [29/Dec/2022:01:06:54 -0500] "GET / HTTP/1.1" 200 319
207.46.13.192 - - [29/Dec/2022:01:07:59 -0500] "GET / HTTP/1.1" 200 319
40.77.167.12 - - [29/Dec/2022:01:08:30 -0500] "GET /Publicaciones/2022EE129731.pdf HTTP/1.1" 404 228
201.245.192.253 - - [29/Dec/2022:01:09:49 -0500] "POST /kwsrmcab/Wsrmcab  HTTP/1.1" 200 44193
172.22.2.4 - - [29/Dec/2022:01:12:07 -0500] "GET /BLA/boletinlegal/ HTTP/1.1" 200 20427
172.22.2.4 - - [29/Dec/2022:01:11:06 -0500] "HEAD /BLA/boletinlegal/ HTTP/1.1" 200 -
152.61.128.50 - - [29/Dec/2022:01:13:20 -0500] "GET / HTTP/1.1" 200 319
152.61.192.232 - - [29/Dec/2022:01:13:27 -0500] "GET / HTTP/1.1" 200 319
201.245.192.253 - - [29/Dec/2022:01:14:48 -0500] "POST /kwsrmcab/Wsrmcab  HTTP/1.1" 200 44193
172.22.2.4 - - [29/Dec/2022:01:18:09 -0500] "GET /BLA/boletinlegal/favicon.ico HTTP/1.1" 404 1018
172.22.2.4 - - [29/Dec/2022:01:18:11 -0500] "GET /BLA/boletinlegal/style.css HTTP/1.1" 200 9406
172.22.2.4 - - [29/Dec/2022:01:18:11 -0500] "GET /BLA/boletinlegal/styles2.css HTTP/1.1" 200 1838
172.22.2.4 - - [29/Dec/2022:01:18:11 -0500] "GET /BLA/boletinlegal/js/jquery.js HTTP/1.1" 200 57254
172.22.2.4 - - [29/Dec/2022:01:18:11 -0500] "GET /BLA/boletinlegal/js/jquery.scrollShow.js HTTP/1.1" 200 4586
172.22.2.4 - - [29/Dec/2022:01:18:11 -0500] "GET /BLA/boletinlegal/js/jquery.scrollTo-min.js HTTP/1.1" 200 1150
172.22.2.4 - - [29/Dec/2022:01:18:11 -0500] "GET /BLA/boletinlegal/images/cabezote%20BLEGAL.jpg HTTP/1.1" 200 118164
172.22.2.4 - - [29/Dec/2022:01:18:11 -0500] "GET /BLA/boletinlegal/images/subscribe-icon-big.png HTTP/1.1" 200 47702
172.22.2.4 - - [29/Dec/2022:01:18:11 -0500] "GET /BLA/boletinlegal/images/historia.png HTTP/1.1" 200 52775
172.22.2.4 - - [29/Dec/2022:01:18:11 -0500] "GET /BLA/boletinlegal/images/arr_l.jpg HTTP/1.1" 200 1979
172.22.2.4 - - [29/Dec/2022:01:18:11 -0500] "GET /BLA/boletinlegal/images/registro-usuarios.png HTTP/1.1" 200 8106
172.22.2.4 - - [29/Dec/2022:01:18:11 -0500] "GET /BLA/boletinlegal/images/screen_1.png HTTP/1.1" 200 202547
172.22.2.4 - - [29/Dec/2022:01:18:11 -0500] "GET /BLA/boletinlegal/images/launch.jpg HTTP/1.1" 200 14577
172.22.2.4 - - [29/Dec/2022:01:18:11 -0500] "GET /BLA/boletinlegal/images/body_bg.jpg HTTP/1.1" 200 1601
172.22.2.4 - - [29/Dec/2022:01:18:11 -0500] "GET /BLA/boletinlegal/images/menu_lft.gif HTTP/1.1" 200 1713
172.22.2.4 - - [29/Dec/2022:01:18:11 -0500] "GET /BLA/boletinlegal/images/menu_rght.gif HTTP/1.1" 200 1627
172.22.2.4 - - [29/Dec/2022:01:18:11 -0500] "GET /BLA/boletinlegal/images/menu_bg.jpg HTTP/1.1" 200 620
172.22.2.4 - - [29/Dec/2022:01:18:11 -0500] "GET /BLA/boletinlegal/images/bg_top.jpg HTTP/1.1" 200 522
172.22.2.4 - - [29/Dec/2022:01:18:11 -0500] "GET /BLA/boletinlegal/images/hover.jpg HTTP/1.1" 200 640
172.22.2.4 - - [29/Dec/2022:01:18:11 -0500] "GET /BLA/boletinlegal/images/text.jpg HTTP/1.1" 200 568
172.22.2.4 - - [29/Dec/2022:01:18:14 -0500] "GET /BLA/boletinlegal/robots.txt HTTP/1.1" 404 1018
172.22.2.4 - - [29/Dec/2022:01:18:15 -0500] "GET /BLA/boletinlegal/actos.php HTTP/1.1" 200 9566
172.22.2.4 - - [29/Dec/2022:01:18:15 -0500] "GET /BLA/boletinlegal/js/ajax_actos.js HTTP/1.1" 200 1322
172.22.2.4 - - [29/Dec/2022:01:18:15 -0500] "GET /BLA/boletinlegal/niceforms.js HTTP/1.1" 200 22876
172.22.2.4 - - [29/Dec/2022:01:18:15 -0500] "GET /BLA/boletinlegal/niceforms-default.css HTTP/1.1" 200 6694
172.22.2.4 - - [29/Dec/2022:01:18:15 -0500] "GET /BLA/boletinlegal/js/lib.js HTTP/1.1" 200 6474
172.22.2.4 - - [29/Dec/2022:01:18:15 -0500] "GET /BLA/boletinlegal/js/jquery1.js HTTP/1.1" 200 29846
172.22.2.4 - - [29/Dec/2022:01:18:15 -0500] "GET /BLA/boletinlegal/js/popup.js HTTP/1.1" 200 1270
172.22.2.4 - - [29/Dec/2022:01:18:15 -0500] "GET /BLA/boletinlegal/images/green-yellow-blue-pink-th.png HTTP/1.1" 200 7394
172.22.2.4 - - [29/Dec/2022:01:18:15 -0500] "GET /BLA/boletinlegal/images/tel.png HTTP/1.1" 200 14477
172.22.2.4 - - [29/Dec/2022:01:18:15 -0500] "GET /BLA/boletinlegal/images/icono-email.png HTTP/1.1" 200 5544
172.22.2.4 - - [29/Dec/2022:01:18:15 -0500] "GET /BLA/boletinlegal/images/footer_bg.jpg HTTP/1.1" 200 586
172.22.2.4 - - [29/Dec/2022:01:18:15 -0500] "GET /BLA/boletinlegal/images/footer_bg_l.jpg HTTP/1.1" 200 776
172.22.2.4 - - [29/Dec/2022:01:18:15 -0500] "GET /BLA/boletinlegal/img/0.png HTTP/1.1" 200 110
172.22.2.4 - - [29/Dec/2022:01:18:15 -0500] "GET /BLA/boletinlegal/img/select-left.png HTTP/1.1" 200 263
172.22.2.4 - - [29/Dec/2022:01:18:15 -0500] "GET /BLA/boletinlegal/img/button-left.png HTTP/1.1" 200 57071
172.22.2.4 - - [29/Dec/2022:01:18:15 -0500] "GET /BLA/boletinlegal/img/select-right.png HTTP/1.1" 200 44019
172.22.2.4 - - [29/Dec/2022:01:18:15 -0500] "GET /BLA/boletinlegal/img/button-right.png HTTP/1.1" 200 57878
172.22.2.4 - - [29/Dec/2022:01:18:15 -0500] "GET /BLA/boletinlegal/img/button.png HTTP/1.1" 200 43241
172.22.2.4 - - [29/Dec/2022:01:18:15 -0500] "GET /BLA/boletinlegal/favicon.ico HTTP/1.1" 404 1326
200.118.60.185 - - [29/Dec/2022:01:18:18 -0500] "GET /BLA/resoluciones/ HTTP/1.1" 200 13502
200.118.60.185 - - [29/Dec/2022:01:18:18 -0500] "GET /BLA/resoluciones/dlf/folder.png HTTP/1.1" 200 410
200.118.60.185 - - [29/Dec/2022:01:18:18 -0500] "GET /BLA/resoluciones/dlf/styles.css HTTP/1.1" 200 3049
200.118.60.185 - - [29/Dec/2022:01:18:18 -0500] "GET /BLA/resoluciones/dlf/bg.gif HTTP/1.1" 200 54
172.22.2.4 - - [29/Dec/2022:01:18:20 -0500] "GET /BLA/boletinlegal/js/jquery.js HTTP/1.1" 200 57254
172.22.2.4 - - [29/Dec/2022:01:17:42 -0500] "GET /BLA/boletinlegal/ HTTP/1.1" 200 36811
172.22.2.4 - - [29/Dec/2022:01:18:47 -0500] "GET /BLA/boletinlegal/js/jquery.scrollShow.js HTTP/1.1" 200 4586
172.22.2.4 - - [29/Dec/2022:01:18:10 -0500] "GET /BLA/boletinlegal/ HTTP/1.1" 200 24523
172.22.2.4 - - [29/Dec/2022:01:18:55 -0500] "GET /BLA/boletinlegal/actas/079-2013.pdf HTTP/1.1" 200 1500109
172.22.2.4 - - [29/Dec/2022:01:18:55 -0500] "GET /BLA/boletinlegal/favicon.ico HTTP/1.1" 404 1344
172.22.2.4 - - [29/Dec/2022:01:19:42 -0500] "GET /BLA/boletinlegal/consulta_actos.php?tipo=resoluciones&no=1242&usuario=&sector=&fecha=2000&resuelve= HTTP/1.1" 200 626
200.118.60.185 - - [29/Dec/2022:01:19:45 -0500] "GET /BLA/resoluciones/ HTTP/1.1" 200 13502
201.245.192.253 - - [29/Dec/2022:01:19:47 -0500] "POST /kwsrmcab/Wsrmcab  HTTP/1.1" 200 44193
200.118.60.185 - - [29/Dec/2022:01:19:51 -0500] "GET /BLA/resoluciones/dlf/dirup.png HTTP/1.1" 200 644
200.118.60.185 - - [29/Dec/2022:01:19:51 -0500] "GET /BLA/resoluciones/dlf/pdf.gif HTTP/1.1" 200 272
200.118.60.185 - - [29/Dec/2022:01:19:51 -0500] "GET /BLA/resoluciones/index.php?dir=RESOLUCIONES+2020%2F HTTP/1.1" 200 167354
201.245.192.253 - - [29/Dec/2022:01:19:55 -0500] "POST /kwsrmcab/Wsrmcab HTTP/1.1" 200 42154
201.245.192.253 - - [29/Dec/2022:01:19:58 -0500] "POST /kwsrmcab/Wsrmcab HTTP/1.1" 200 43774
216.245.221.92 - - [29/Dec/2022:01:21:31 -0500] "HEAD / HTTP/1.1" 200 -
172.22.2.4 - - [29/Dec/2022:01:23:08 -0500] "GET /BLA/boletinlegal/ HTTP/1.1" 200 24523
199.16.157.181 - - [29/Dec/2022:01:23:56 -0500] "GET /images/cr%C3%B3nica-29-nov-1_optimized.jpeg HTTP/1.1" 404 1034
199.16.157.181 - - [29/Dec/2022:01:23:56 -0500] "GET /monica-fonnegra-una-disenadora-que-inspira-amor-por-la-naturaleza-a-traves-de-la-moda.html HTTP/1.1" 200 976
199.16.157.183 - - [29/Dec/2022:01:23:56 -0500] "GET /images/cr%C3%B3nica-29-nov-1_optimized.jpeg HTTP/1.1" 404 1034
201.245.192.253 - - [29/Dec/2022:01:24:46 -0500] "POST /kwsrmcab/Wsrmcab  HTTP/1.1" 200 44193
199.16.157.183 - - [29/Dec/2022:01:28:41 -0500] "GET /images/Acuerdos%2001%20(1)%20(1).jpeg HTTP/1.1" 200 32884
199.16.157.183 - - [29/Dec/2022:01:28:41 -0500] "GET /secretaria-de-ambiente-y-universidad-de-la-salle-firman-acuerdo-de-conservacion-en-17-hectareas.html HTTP/1.1" 200 990
207.46.13.192 - - [29/Dec/2022:01:29:42 -0500] "GET /BLA/resoluciones/Notificaciones/AUTOS%202017/03810.pdf HTTP/1.1" 304 -
201.245.192.253 - - [29/Dec/2022:01:29:44 -0500] "POST /kwsrmcab/Wsrmcab  HTTP/1.1" 200 44193
201.245.192.253 - - [29/Dec/2022:01:29:54 -0500] "POST /kwsrmcab/Wsrmcab HTTP/1.1" 200 42154
201.245.192.253 - - [29/Dec/2022:01:29:59 -0500] "POST /kwsrmcab/Wsrmcab HTTP/1.1" 200 43774
172.22.2.4 - - [29/Dec/2022:01:28:29 -0500] "HEAD /BLA/boletinlegal/ HTTP/1.1" 200 -
172.22.2.4 - - [29/Dec/2022:01:29:20 -0500] "GET /BLA/boletinlegal/ HTTP/1.1" 200 57824
172.22.2.4 - - [29/Dec/2022:01:31:29 -0500] "GET /BLA/boletinlegal/system_api.php HTTP/1.1" 404 1018
172.22.2.4 - - [29/Dec/2022:01:31:30 -0500] "GET /BLA/boletinlegal/c/version.js HTTP/1.1" 404 1018
172.22.2.4 - - [29/Dec/2022:01:31:32 -0500] "GET /BLA/boletinlegal/streaming/clients_live.php HTTP/1.1" 404 1018
172.22.2.4 - - [29/Dec/2022:01:31:33 -0500] "GET /BLA/boletinlegal/stalker_portal/c/version.js HTTP/1.1" 404 1018
172.22.2.4 - - [29/Dec/2022:01:31:34 -0500] "GET /BLA/boletinlegal/stream/live.php HTTP/1.1" 404 1018
172.22.2.4 - - [29/Dec/2022:01:31:36 -0500] "GET /BLA/boletinlegal/flu/403.html HTTP/1.1" 404 1018
172.22.2.4 - - [29/Dec/2022:01:31:38 -0500] "GET /BLA/boletinlegal/ HTTP/1.1" 200 24523
201.245.192.253 - - [29/Dec/2022:01:34:43 -0500] "POST /kwsrmcab/Wsrmcab  HTTP/1.1" 200 44193
172.22.2.4 - - [29/Dec/2022:01:34:19 -0500] "HEAD /BLA/boletinlegal/ HTTP/1.1" 200 -
216.245.221.92 - - [29/Dec/2022:01:36:30 -0500] "HEAD / HTTP/1.1" 200 -
172.22.2.4 - - [29/Dec/2022:01:35:09 -0500] "GET /BLA/boletinlegal/ HTTP/1.1" 200 56079
201.245.192.253 - - [29/Dec/2022:01:39:42 -0500] "POST /kwsrmcab/Wsrmcab  HTTP/1.1" 200 44193
201.245.192.253 - - [29/Dec/2022:01:39:55 -0500] "POST /kwsrmcab/Wsrmcab HTTP/1.1" 200 42154
201.245.192.253 - - [29/Dec/2022:01:39:58 -0500] "POST /kwsrmcab/Wsrmcab HTTP/1.1" 200 43774
216.245.221.92 - - [29/Dec/2022:01:41:30 -0500] "HEAD / HTTP/1.1" 200 -
172.22.2.4 - - [29/Dec/2022:01:40:09 -0500] "HEAD /BLA/boletinlegal/ HTTP/1.1" 200 -
172.22.2.4 - - [29/Dec/2022:01:40:59 -0500] "GET /BLA/boletinlegal/ HTTP/1.1" 200 58185
201.245.192.253 - - [29/Dec/2022:01:44:41 -0500] "POST /kwsrmcab/Wsrmcab  HTTP/1.1" 200 44193
212.129.57.169 - - [29/Dec/2022:01:46:25 -0500] "GET /conectores-ecosistemicos-para-el-desarrollo-sostenible.html HTTP/1.1" 200 902
212.129.57.169 - - [29/Dec/2022:01:46:25 -0500] "GET /images/conectores-1_optimized.jpeg HTTP/1.1" 200 135200
129.114.109.235 - - [29/Dec/2022:01:47:07 -0500] "GET /galeria/galeria/jquery.fancybox.js?v=2.1.5 HTTP/1.1" 200 48706
129.114.109.235 - - [29/Dec/2022:01:47:07 -0500] "GET /BLA/boletinlegal/js/jquery.scrollShow.js HTTP/1.1" 200 4586
40.77.167.33 - - [29/Dec/2022:01:47:52 -0500] "GET /bla/resoluciones/resoluciones%202012/1106.pdf HTTP/1.1" 304 -
201.245.192.253 - - [29/Dec/2022:01:49:40 -0500] "POST /kwsrmcab/Wsrmcab  HTTP/1.1" 200 44193
207.46.13.192 - - [29/Dec/2022:01:50:12 -0500] "GET /BLA/resoluciones/RESOLUCIONES%202001/2001%201500-1549.tif HTTP/1.1" 200 4654847
40.77.167.25 - - [29/Dec/2022:01:52:56 -0500] "GET /bla/resoluciones/resoluciones%202012/0539.pdf HTTP/1.1" 304 -
201.245.192.253 - - [29/Dec/2022:01:54:39 -0500] "POST /kwsrmcab/Wsrmcab  HTTP/1.1" 200 44193
216.245.221.92 - - [29/Dec/2022:01:56:30 -0500] "HEAD / HTTP/1.1" 200 -
152.61.192.232 - - [29/Dec/2022:01:57:11 -0500] "GET /arcgis/services/Calidad_del_Agua_WQI/MapServer/WMSServer?request=GetCapabilities&service=WMS HTTP/1.1" 503 1020
152.61.192.232 - - [29/Dec/2022:01:57:12 -0500] "GET /arcgis/services/Calidad_del_Agua_WQI/MapServer/WMSServer?SERVICE=WMS&REQUEST=GetCapabilities HTTP/1.1" 503 1020
152.61.192.232 - - [29/Dec/2022:01:57:13 -0500] "GET /arcgis/services/Calidad_del_Agua_WQI/MapServer/WMSServer?WMTVER=1.0.0&REQUEST=capabilities HTTP/1.1" 503 1020
34.77.127.183 - - [29/Dec/2022:01:57:34 -0500] "GET / HTTP/1.1" 200 319
172.22.2.4 - - [29/Dec/2022:01:55:59 -0500] "HEAD /BLA/boletinlegal/ HTTP/1.1" 200 -
172.22.2.4 - - [29/Dec/2022:01:56:49 -0500] "GET /BLA/boletinlegal/ HTTP/1.1" 200 57192
201.245.192.253 - - [29/Dec/2022:01:59:38 -0500] "POST /kwsrmcab/Wsrmcab  HTTP/1.1" 200 44193
216.245.221.92 - - [29/Dec/2022:02:01:30 -0500] "HEAD / HTTP/1.1" 200 -
157.55.39.172 - - [29/Dec/2022:02:02:01 -0500] "GET /BLA/resoluciones/RESOLUCIONES%202000/2000%201600-1649.tif HTTP/1.1" 200 4758753
172.104.31.18 - - [29/Dec/2022:02:02:20 -0500] "GET / HTTP/1.1" 200 319
172.22.2.4 - - [29/Dec/2022:02:01:49 -0500] "HEAD /BLA/boletinlegal/ HTTP/1.1" 200 -
172.22.2.4 - - [29/Dec/2022:02:02:39 -0500] "GET /BLA/boletinlegal/ HTTP/1.1" 200 52942
201.245.192.253 - - [29/Dec/2022:02:04:36 -0500] "POST /kwsrmcab/Wsrmcab  HTTP/1.1" 200 44193
186.102.40.62 - - [29/Dec/2022:02:04:50 -0500] "GET /kwssiamovil/sm/acme/u?s=U2FsdGVkX19RodifMUNdR9Kleqw75og5OhvDvQ/8w5Vs5GiyFL3sIsoAiW/YSIT1J+uyD1okpBrAcdAPV8HkiPwVNYjG/ojpTw42mtG7JcV+2btPfx2g0R3vFox4FtVFIkA5r1/tKkfsH6BqMPqvAA==&u=U2FsdGVkX1/ac8ImgFwUl0ieOixma/anChpg0q8AOXw=&y=U2FsdGVkX18WwD01WeWGp2Oqdqd5OBPtBut6JO2vIiw= HTTP/1.1" 200 60
186.102.40.62 - - [29/Dec/2022:02:05:20 -0500] "GET /kwssiamovil/sm/acme/u?s=U2FsdGVkX18vK7p/81+P6ifK6OVJPI+twAdUM0M5QOUwm6fk+0biNiixLXa+3S9BFmajYB2jw26vniveTHIf99yB911wnMyRv0o9C650qTrVj6Fa7VL17btKWZCWLAxx/zx9a1TVn+s/hlvm6jLZ9g==&u=U2FsdGVkX1/ac8ImgFwUl0ieOixma/anChpg0q8AOXw=&y=U2FsdGVkX18WwD01WeWGp2Oqdqd5OBPtBut6JO2vIiw= HTTP/1.1" 200 60
186.102.40.62 - - [29/Dec/2022:02:05:22 -0500] "GET /kwssiamovil/sm/acme/u?s=U2FsdGVkX1/vmkDlT4cerVXA1PQXWjSACRN6PcMxuJdrEBWt1uOTEc1PhrU7c//8oNI/Z1T57cvRKAkWpviR5mg1FxzEO0vYcGbiGAdZT8yX7tDMK652yyz166GhbXIPGBnkocJ5sitL79BlmnbQjw==&u=U2FsdGVkX1/ac8ImgFwUl0ieOixma/anChpg0q8AOXw=&y=U2FsdGVkX18WwD01WeWGp2Oqdqd5OBPtBut6JO2vIiw= HTTP/1.1" 200 60
51.159.194.199 - - [29/Dec/2022:02:06:02 -0500] "GET /conectores-ecosistemicos-para-el-desarrollo-sostenible.html HTTP/1.1" 200 902
51.159.194.199 - - [29/Dec/2022:02:06:02 -0500] "GET /images/conectores-1_optimized.jpeg HTTP/1.1" 200 135200
216.245.221.92 - - [29/Dec/2022:02:06:31 -0500] "HEAD / HTTP/1.1" 200 -
186.102.40.62 - - [29/Dec/2022:02:07:02 -0500] "GET /kwssiamovil/sm/acme/u?s=U2FsdGVkX1+w/KsIVfZ2f0mGoeHdWyLbsupvgd6gPNgYMsAGUCLLO8JLlGq2dy5G7ek1m2Zom+Gs0yaigNVY3sCaZjl57hnGQvPspHLLT08XUgm/pUBHP1O1iTlYL4zsMZuHR6xa6ewkUy/ILPiugf7oDLaJkKuL2PfAFx44DXpxARR+v3DKbHVyBOTnRBXER+EeWX8ddcGY0uGaf4PcBmrBD/4JyoJZNj90Xnh3GIxJrwF8mRjDXZ4gQ3r9e+GI&u=U2FsdGVkX1/ac8ImgFwUl0ieOixma/anChpg0q8AOXw=&y=U2FsdGVkX18WwD01WeWGp2Oqdqd5OBPtBut6JO2vIiw= HTTP/1.1" 200 60
172.22.2.4 - - [29/Dec/2022:02:07:39 -0500] "HEAD /BLA/boletinlegal/ HTTP/1.1" 200 -
201.245.192.253 - - [29/Dec/2022:02:09:35 -0500] "POST /kwsrmcab/Wsrmcab  HTTP/1.1" 200 44193
157.55.39.172 - - [29/Dec/2022:02:09:41 -0500] "GET /BLA/resoluciones/RESOLUCIONES%202001/2001%2001-49.TIF HTTP/1.1" 200 8692410
172.22.2.4 - - [29/Dec/2022:02:08:29 -0500] "GET /BLA/boletinlegal/ HTTP/1.1" 200 57192
216.245.221.92 - - [29/Dec/2022:02:11:30 -0500] "HEAD / HTTP/1.1" 200 -
201.245.192.253 - - [29/Dec/2022:02:14:33 -0500] "POST /kwsrmcab/Wsrmcab  HTTP/1.1" 200 44193
172.22.2.4 - - [29/Dec/2022:02:13:29 -0500] "HEAD /BLA/boletinlegal/ HTTP/1.1" 200 -
152.61.128.50 - - [29/Dec/2022:02:15:25 -0500] "GET /arcgis/services/Calidad_del_Agua_WQI/MapServer/WMSServer?request=GetCapabilities&service=WMS HTTP/1.1" 503 1020
152.61.128.50 - - [29/Dec/2022:02:15:26 -0500] "GET /arcgis/services/Calidad_del_Agua_WQI/MapServer/WMSServer?SERVICE=WMS&REQUEST=GetCapabilities HTTP/1.1" 503 1020
152.61.128.50 - - [29/Dec/2022:02:15:26 -0500] "GET /arcgis/services/Calidad_del_Agua_WQI/MapServer/WMSServer?WMTVER=1.0.0&REQUEST=capabilities HTTP/1.1" 503 1020
172.22.2.4 - - [29/Dec/2022:02:16:33 -0500] "GET /BLA/boletinlegal/webfig/ HTTP/1.1" 404 1018
172.22.2.4 - - [29/Dec/2022:02:16:45 -0500] "GET /BLA/boletinlegal/solr/ HTTP/1.1" 404 1018
172.22.2.4 - - [29/Dec/2022:02:16:07 -0500] "GET /BLA/boletinlegal/ HTTP/1.1" 200 32715
172.22.2.4 - - [29/Dec/2022:02:17:00 -0500] "GET /BLA/boletinlegal/owa/ HTTP/1.1" 404 1018
172.22.2.4 - - [29/Dec/2022:02:16:24 -0500] "GET /BLA/boletinlegal/ HTTP/1.1" 200 24523
216.245.221.92 - - [29/Dec/2022:02:19:31 -0500] "HEAD / HTTP/1.1" 200 -
201.245.192.253 - - [29/Dec/2022:02:19:32 -0500] "POST /kwsrmcab/Wsrmcab  HTTP/1.1" 200 44193
201.245.192.253 - - [29/Dec/2022:02:19:54 -0500] "POST /kwsrmcab/Wsrmcab HTTP/1.1" 200 42128
45.33.88.63 - - [29/Dec/2022:02:19:59 -0500] "GET /galeria/galeria/jquery.fancybox.css?v=2.1.5 HTTP/1.1" 200 4895
45.33.88.63 - - [29/Dec/2022:02:19:59 -0500] "GET /galeria/galeria/jquery.fancybox.js?v=2.1.5 HTTP/1.1" 200 48706
45.33.88.63 - - [29/Dec/2022:02:19:59 -0500] "GET /BLA/boletinlegal/js/jquery.scrollShow.js HTTP/1.1" 200 4586
201.245.192.253 - - [29/Dec/2022:02:19:57 -0500] "POST /kwsrmcab/Wsrmcab HTTP/1.1" 200 43938
45.33.88.63 - - [29/Dec/2022:02:20:01 -0500] "GET /BLA/boletinlegal/notificaciones.php HTTP/1.1" 200 3351
45.33.88.63 - - [29/Dec/2022:02:20:02 -0500] "GET /BLA/boletinlegal/styles2.css HTTP/1.1" 200 1838
45.33.88.63 - - [29/Dec/2022:02:20:02 -0500] "GET /BLA/boletinlegal/js/jquery.js HTTP/1.1" 200 57254
45.33.88.63 - - [29/Dec/2022:02:20:02 -0500] "GET /BLA/boletinlegal/js/jquery.scrollTo-min.js HTTP/1.1" 200 1150
45.33.88.63 - - [29/Dec/2022:02:20:02 -0500] "GET /BLA/boletinlegal/images/menu_bg.jpg HTTP/1.1" 200 620
172.22.2.4 - - [29/Dec/2022:02:19:30 -0500] "HEAD /BLA/boletinlegal/ HTTP/1.1" 200 -
157.55.39.212 - - [29/Dec/2022:02:21:28 -0500] "GET / HTTP/1.1" 200 319
157.55.39.172 - - [29/Dec/2022:02:23:43 -0500] "GET /BLA/resoluciones/Notificaciones/AUTOS%202017/4997.pdf HTTP/1.1" 304 -
216.245.221.92 - - [29/Dec/2022:02:24:30 -0500] "HEAD / HTTP/1.1" 200 -
201.245.192.253 - - [29/Dec/2022:02:24:30 -0500] "POST /kwsrmcab/Wsrmcab  HTTP/1.1" 200 44193
40.77.167.103 - - [29/Dec/2022:02:25:05 -0500] "-" 408 -
172.22.2.4 - - [29/Dec/2022:02:26:37 -0500] "HEAD /BLA/boletinlegal/ HTTP/1.1" 200 -
66.249.66.27 - - [29/Dec/2022:02:28:43 -0500] "-" 408 -
216.245.221.92 - - [29/Dec/2022:02:29:30 -0500] "HEAD / HTTP/1.1" 200 -
201.245.192.253 - - [29/Dec/2022:02:29:29 -0500] "POST /kwsrmcab/Wsrmcab  HTTP/1.1" 200 44193
199.16.157.183 - - [29/Dec/2022:02:29:33 -0500] "GET /images/Acuerdos%2001%20(1)%20(1).jpeg HTTP/1.1" 200 32884
201.245.192.253 - - [29/Dec/2022:02:29:54 -0500] "POST /kwsrmcab/Wsrmcab HTTP/1.1" 200 42128
201.245.192.253 - - [29/Dec/2022:02:29:57 -0500] "POST /kwsrmcab/Wsrmcab HTTP/1.1" 200 43938
172.22.2.4 - - [29/Dec/2022:02:29:21 -0500] "GET /BLA/boletinlegal/ HTTP/1.1" 200 62423
154.12.76.78 - - [29/Dec/2022:02:31:53 -0500] "GET /portaldeninos/ HTTP/1.1" 200 110197
154.12.76.78 - - [29/Dec/2022:02:31:55 -0500] "GET /portaldeninos/wp-admin/admin-ajax.php HTTP/1.1" 400 1
154.12.76.78 - - [29/Dec/2022:02:31:57 -0500] "GET /portaldeninos/wp-admin/admin-ajax.php?action=register HTTP/1.1" 400 1
207.46.13.192 - - [29/Dec/2022:02:34:17 -0500] "GET /BLA/resoluciones/RESOLUCIONES%202001/2001%201450-1499.tif HTTP/1.1" 200 5229714
201.245.192.253 - - [29/Dec/2022:02:34:28 -0500] "POST /kwsrmcab/Wsrmcab  HTTP/1.1" 200 44193
216.245.221.92 - - [29/Dec/2022:02:34:30 -0500] "HEAD / HTTP/1.1" 200 -
172.22.2.4 - - [29/Dec/2022:02:33:49 -0500] "HEAD /BLA/boletinlegal/ HTTP/1.1" 200 -
172.22.2.4 - - [29/Dec/2022:02:34:40 -0500] "GET /BLA/boletinlegal/ HTTP/1.1" 200 58612
64.62.197.179 - - [29/Dec/2022:02:37:49 -0500] "GET /favicon.ico HTTP/1.1" 200 7782
201.245.192.253 - - [29/Dec/2022:02:39:27 -0500] "POST /kwsrmcab/Wsrmcab  HTTP/1.1" 200 44193
216.245.221.92 - - [29/Dec/2022:02:39:30 -0500] "HEAD / HTTP/1.1" 200 -
201.245.192.253 - - [29/Dec/2022:02:39:54 -0500] "POST /kwsrmcab/Wsrmcab HTTP/1.1" 200 42128
201.245.192.253 - - [29/Dec/2022:02:39:57 -0500] "POST /kwsrmcab/Wsrmcab HTTP/1.1" 200 43938
40.77.167.25 - - [29/Dec/2022:02:40:20 -0500] "GET /BLA/resoluciones/index.php?dir=AUTOS+2008%2F HTTP/1.1" 200 569644
172.22.2.4 - - [29/Dec/2022:02:39:39 -0500] "HEAD /BLA/boletinlegal/ HTTP/1.1" 200 -
172.22.2.4 - - [29/Dec/2022:02:40:30 -0500] "GET /BLA/boletinlegal/ HTTP/1.1" 200 56079
206.226.64.150 - - [29/Dec/2022:02:44:22 -0500] "GET /.env HTTP/1.1" 404 1018
206.226.64.150 - - [29/Dec/2022:02:44:22 -0500] "POST / HTTP/1.1" 200 319
201.245.192.253 - - [29/Dec/2022:02:44:26 -0500] "POST /kwsrmcab/Wsrmcab  HTTP/1.1" 200 44193
216.245.221.92 - - [29/Dec/2022:02:44:30 -0500] "HEAD / HTTP/1.1" 200 -
40.77.167.12 - - [29/Dec/2022:02:46:50 -0500] "GET /bla/resoluciones/notificaciones/autos%202018/01024.pdf HTTP/1.1" 304 -
172.22.2.4 - - [29/Dec/2022:02:47:05 -0500] "GET /BLA/boletinlegal/owa/auth/logon.aspx?url=https%3a%2f%2f1%2fecp%2f HTTP/1.1" 404 1018
172.22.2.4 - - [29/Dec/2022:02:45:29 -0500] "HEAD /BLA/boletinlegal/ HTTP/1.1" 200 -
172.22.2.4 - - [29/Dec/2022:02:46:20 -0500] "GET /BLA/boletinlegal/ HTTP/1.1" 200 57192
168.119.253.85 - - [29/Dec/2022:02:49:18 -0500] "GET / HTTP/1.1" 200 319
201.245.192.253 - - [29/Dec/2022:02:49:25 -0500] "POST /kwsrmcab/Wsrmcab  HTTP/1.1" 200 44193
216.245.221.92 - - [29/Dec/2022:02:49:30 -0500] "HEAD / HTTP/1.1" 200 -
200.114.54.5 - - [29/Dec/2022:02:50:24 -0500] "-" 408 -
205.185.118.237 - - [29/Dec/2022:02:51:28 -0500] "POST /boaform/admin/formLogin HTTP/1.1" 404 1186
114.119.131.52 - - [29/Dec/2022:02:52:49 -0500] "-" 408 -
66.249.73.127 - - [29/Dec/2022:02:52:53 -0500] "-" 408 -
172.22.2.4 - - [29/Dec/2022:02:51:19 -0500] "HEAD /BLA/boletinlegal/ HTTP/1.1" 200 -
172.22.2.4 - - [29/Dec/2022:02:52:10 -0500] "GET /BLA/boletinlegal/ HTTP/1.1" 200 53337
201.245.192.253 - - [29/Dec/2022:02:54:23 -0500] "POST /kwsrmcab/Wsrmcab  HTTP/1.1" 200 44193
216.245.221.92 - - [29/Dec/2022:02:54:30 -0500] "HEAD / HTTP/1.1" 200 -
157.55.39.172 - - [29/Dec/2022:02:54:55 -0500] "GET /BLA/resoluciones/RESOLUCIONES%202000/2000%201950-1999.tif HTTP/1.1" 200 4490670
66.249.66.27 - - [29/Dec/2022:02:55:24 -0500] "-" 408 -
129.114.109.252 - - [29/Dec/2022:02:56:12 -0500] "GET /BLA/boletinlegal/js/jquery.scrollShow.js HTTP/1.1" 200 4586
129.114.109.252 - - [29/Dec/2022:02:56:12 -0500] "GET /galeria/galeria/jquery.fancybox.js?v=2.1.5 HTTP/1.1" 200 48706
172.22.2.4 - - [29/Dec/2022:02:56:46 -0500] "GET /BLA/boletinlegal/robots.txt HTTP/1.1" 404 1038
172.22.2.4 - - [29/Dec/2022:02:56:46 -0500] "GET /BLA/boletinlegal/index.php HTTP/1.1" 200 53337
172.22.2.4 - - [29/Dec/2022:02:58:29 -0500] "GET /BLA/boletinlegal/styles2.css HTTP/1.1" 200 1838
172.22.2.4 - - [29/Dec/2022:02:57:09 -0500] "HEAD /BLA/boletinlegal/ HTTP/1.1" 200 -
201.245.192.253 - - [29/Dec/2022:02:59:21 -0500] "POST /kwsrmcab/Wsrmcab  HTTP/1.1" 200 44193
216.245.221.92 - - [29/Dec/2022:02:59:30 -0500] "HEAD / HTTP/1.1" 200 -
172.22.2.4 - - [29/Dec/2022:02:58:00 -0500] "GET /BLA/boletinlegal/ HTTP/1.1" 200 54100
40.77.167.25 - - [29/Dec/2022:03:00:12 -0500] "GET /Publicaciones/2022EE130261.pdf HTTP/1.1" 404 228
157.55.39.172 - - [29/Dec/2022:03:01:38 -0500] "GET /BLA/resoluciones/RESOLUCIONES%202013/0116.pdf HTTP/1.1" 304 -
201.245.192.253 - - [29/Dec/2022:03:04:20 -0500] "POST /kwsrmcab/Wsrmcab  HTTP/1.1" 200 44193
216.245.221.92 - - [29/Dec/2022:03:04:30 -0500] "HEAD / HTTP/1.1" 200 -
172.22.2.4 - - [29/Dec/2022:03:02:59 -0500] "HEAD /BLA/boletinlegal/ HTTP/1.1" 200 -
172.22.2.4 - - [29/Dec/2022:03:03:50 -0500] "GET /BLA/boletinlegal/ HTTP/1.1" 200 59404
201.245.192.253 - - [29/Dec/2022:03:09:18 -0500] "POST /kwsrmcab/Wsrmcab  HTTP/1.1" 200 44193
216.245.221.92 - - [29/Dec/2022:03:09:30 -0500] "HEAD / HTTP/1.1" 200 -
172.22.2.4 - - [29/Dec/2022:03:08:49 -0500] "HEAD /BLA/boletinlegal/ HTTP/1.1" 200 -
172.22.2.4 - - [29/Dec/2022:03:09:40 -0500] "GET /BLA/boletinlegal/ HTTP/1.1" 200 59404
201.245.192.253 - - [29/Dec/2022:03:14:17 -0500] "POST /kwsrmcab/Wsrmcab  HTTP/1.1" 200 44193
216.245.221.92 - - [29/Dec/2022:03:14:30 -0500] "HEAD / HTTP/1.1" 200 -
172.22.2.4 - - [29/Dec/2022:03:14:39 -0500] "HEAD /BLA/boletinlegal/ HTTP/1.1" 200 -
157.55.39.172 - - [29/Dec/2022:03:16:37 -0500] "GET /BLA/resoluciones/RESOLUCIONES%202000/2000%202500-2549.tif HTTP/1.1" 200 4629212
172.22.2.4 - - [29/Dec/2022:03:15:30 -0500] "GET /BLA/boletinlegal/ HTTP/1.1" 200 58612
172.22.2.4 - - [29/Dec/2022:03:17:44 -0500] "GET /BLA/boletinlegal/Directivas/2011/Directiva%20No.%201%20del%205%20de%20Abril%20de%202011.pdf HTTP/1.1" 304 -
199.16.157.182 - - [29/Dec/2022:03:17:54 -0500] "GET /images/Acuerdos%2001%20(1)%20(1).jpeg HTTP/1.1" 200 32884
157.55.39.172 - - [29/Dec/2022:03:17:57 -0500] "GET /BLA/resoluciones/RESOLUCIONES%202000/2000%202750-2799.tif HTTP/1.1" 200 3331582
201.245.192.253 - - [29/Dec/2022:03:19:15 -0500] "POST /kwsrmcab/Wsrmcab  HTTP/1.1" 200 44193
216.245.221.92 - - [29/Dec/2022:03:19:30 -0500] "HEAD / HTTP/1.1" 200 -
201.245.192.253 - - [29/Dec/2022:03:19:54 -0500] "POST /kwsrmcab/Wsrmcab HTTP/1.1" 200 42281
201.245.192.253 - - [29/Dec/2022:03:19:57 -0500] "POST /kwsrmcab/Wsrmcab HTTP/1.1" 200 43931
172.22.2.4 - - [29/Dec/2022:03:20:29 -0500] "HEAD /BLA/boletinlegal/ HTTP/1.1" 200 -
172.22.2.4 - - [29/Dec/2022:03:21:20 -0500] "GET /BLA/boletinlegal/ HTTP/1.1" 200 58185
201.245.192.253 - - [29/Dec/2022:03:24:13 -0500] "POST /kwsrmcab/Wsrmcab  HTTP/1.1" 200 44193
216.245.221.92 - - [29/Dec/2022:03:24:30 -0500] "HEAD / HTTP/1.1" 200 -
172.22.2.4 - - [29/Dec/2022:03:26:19 -0500] "HEAD /BLA/boletinlegal/ HTTP/1.1" 200 -
172.22.2.4 - - [29/Dec/2022:03:27:10 -0500] "GET /BLA/boletinlegal/ HTTP/1.1" 200 57192
201.245.192.253 - - [29/Dec/2022:03:29:13 -0500] "POST /kwsrmcab/Wsrmcab  HTTP/1.1" 200 44193
216.245.221.92 - - [29/Dec/2022:03:29:30 -0500] "HEAD / HTTP/1.1" 200 -
201.245.192.253 - - [29/Dec/2022:03:29:54 -0500] "POST /kwsrmcab/Wsrmcab HTTP/1.1" 200 42281
201.245.192.253 - - [29/Dec/2022:03:29:57 -0500] "POST /kwsrmcab/Wsrmcab HTTP/1.1" 200 43931
40.77.167.12 - - [29/Dec/2022:03:33:23 -0500] "GET /BLA/resoluciones/AUTOS%202022/5027.pdf HTTP/1.1" 200 556439
172.22.2.4 - - [29/Dec/2022:03:32:09 -0500] "HEAD /BLA/boletinlegal/ HTTP/1.1" 200 -
201.245.192.253 - - [29/Dec/2022:03:34:11 -0500] "POST /kwsrmcab/Wsrmcab  HTTP/1.1" 200 44193
216.245.221.92 - - [29/Dec/2022:03:34:30 -0500] "HEAD / HTTP/1.1" 200 -
172.22.2.4 - - [29/Dec/2022:03:33:00 -0500] "GET /BLA/boletinlegal/ HTTP/1.1" 200 56474
207.46.13.198 - - [29/Dec/2022:03:36:23 -0500] "GET /bla/resoluciones/notificaciones/autos%202018/2230.pdf HTTP/1.1" 200 234842
40.77.167.33 - - [29/Dec/2022:03:37:51 -0500] "GET /BLA/resoluciones/RESOLUCIONES%202001/2001%201300-1349.tif HTTP/1.1" 200 4561457
40.77.167.25 - - [29/Dec/2022:03:38:56 -0500] "GET /BLA/resoluciones/RESOLUCIONES%202005/0510.tif HTTP/1.1" 200 60170
201.245.192.253 - - [29/Dec/2022:03:39:11 -0500] "POST /kwsrmcab/Wsrmcab  HTTP/1.1" 200 44193
216.245.221.92 - - [29/Dec/2022:03:39:30 -0500] "HEAD / HTTP/1.1" 200 -
172.22.2.4 - - [29/Dec/2022:03:37:59 -0500] "HEAD /BLA/boletinlegal/ HTTP/1.1" 200 -
201.245.192.253 - - [29/Dec/2022:03:39:54 -0500] "POST /kwsrmcab/Wsrmcab HTTP/1.1" 200 42281
201.245.192.253 - - [29/Dec/2022:03:39:56 -0500] "POST /kwsrmcab/Wsrmcab HTTP/1.1" 200 43931
172.22.2.4 - - [29/Dec/2022:03:38:50 -0500] "GET /BLA/boletinlegal/ HTTP/1.1" 200 56079
201.245.192.253 - - [29/Dec/2022:03:44:10 -0500] "POST /kwsrmcab/Wsrmcab  HTTP/1.1" 200 44193
216.245.221.92 - - [29/Dec/2022:03:44:30 -0500] "HEAD / HTTP/1.1" 200 -
31.13.115.118 - - [29/Dec/2022:03:45:11 -0500] "GET /images/cr\xc3\xb3nica-29-nov-1_optimized.jpeg HTTP/1.1" 404 1034
172.22.2.4 - - [29/Dec/2022:03:43:49 -0500] "HEAD /BLA/boletinlegal/ HTTP/1.1" 200 -
172.22.2.4 - - [29/Dec/2022:03:44:40 -0500] "GET /BLA/boletinlegal/ HTTP/1.1" 200 55272
201.245.192.253 - - [29/Dec/2022:03:49:09 -0500] "POST /kwsrmcab/Wsrmcab  HTTP/1.1" 200 44193
216.245.221.92 - - [29/Dec/2022:03:49:30 -0500] "HEAD / HTTP/1.1" 200 -
172.22.2.4 - - [29/Dec/2022:03:49:39 -0500] "HEAD /BLA/boletinlegal/ HTTP/1.1" 200 -
172.22.2.4 - - [29/Dec/2022:03:50:30 -0500] "GET /BLA/boletinlegal/ HTTP/1.1" 200 57192
201.245.192.253 - - [29/Dec/2022:03:54:09 -0500] "POST /kwsrmcab/Wsrmcab  HTTP/1.1" 200 44193
216.245.221.92 - - [29/Dec/2022:03:54:30 -0500] "HEAD / HTTP/1.1" 200 -
40.77.167.12 - - [29/Dec/2022:03:56:56 -0500] "GET /BLA/resoluciones/RESOLUCIONES%202001/2001%20950-999.TIF HTTP/1.1" 200 8193358
172.22.2.4 - - [29/Dec/2022:03:55:29 -0500] "HEAD /BLA/boletinlegal/ HTTP/1.1" 200 -
172.22.2.4 - - [29/Dec/2022:03:56:19 -0500] "GET /BLA/boletinlegal/ HTTP/1.1" 200 57824
201.245.192.253 - - [29/Dec/2022:03:59:07 -0500] "POST /kwsrmcab/Wsrmcab  HTTP/1.1" 200 44193
216.245.221.92 - - [29/Dec/2022:03:59:30 -0500] "HEAD / HTTP/1.1" 200 -
51.159.194.233 - - [29/Dec/2022:04:01:50 -0500] "GET /conectores-ecosistemicos-para-el-desarrollo-sostenible.html HTTP/1.1" 200 902
51.159.194.233 - - [29/Dec/2022:04:01:50 -0500] "GET /images/conectores-1_optimized.jpeg HTTP/1.1" 200 135200
172.22.2.4 - - [29/Dec/2022:04:01:19 -0500] "HEAD /BLA/boletinlegal/ HTTP/1.1" 200 -
172.22.2.4 - - [29/Dec/2022:04:02:10 -0500] "GET /BLA/boletinlegal/ HTTP/1.1" 200 53739
201.245.192.253 - - [29/Dec/2022:04:04:06 -0500] "POST /kwsrmcab/Wsrmcab  HTTP/1.1" 200 44193
216.245.221.92 - - [29/Dec/2022:04:04:30 -0500] "HEAD / HTTP/1.1" 200 -
172.22.2.4 - - [29/Dec/2022:04:07:09 -0500] "HEAD /BLA/boletinlegal/ HTTP/1.1" 200 -
201.245.192.253 - - [29/Dec/2022:04:09:05 -0500] "POST /kwsrmcab/Wsrmcab  HTTP/1.1" 200 44193
168.119.101.10 - - [29/Dec/2022:04:09:30 -0500] "GET / HTTP/1.1" 200 319
216.245.221.92 - - [29/Dec/2022:04:09:30 -0500] "HEAD / HTTP/1.1" 200 -
172.22.2.4 - - [29/Dec/2022:04:07:59 -0500] "GET /BLA/boletinlegal/ HTTP/1.1" 200 54452
40.77.167.33 - - [29/Dec/2022:04:10:34 -0500] "GET /bla/resoluciones/resoluciones%202012/1385.pdf HTTP/1.1" 304 -
40.77.167.33 - - [29/Dec/2022:04:10:55 -0500] "GET /bla/resoluciones/notificaciones/autos%202020/2395.pdf HTTP/1.1" 304 -
201.245.192.253 - - [29/Dec/2022:04:14:03 -0500] "POST /kwsrmcab/Wsrmcab  HTTP/1.1" 200 44193
199.16.157.183 - - [29/Dec/2022:04:14:25 -0500] "GET /atencion-mujeres-que-reverdecen-ya-inicia-la-segunda-fase.html HTTP/1.1" 200 857
199.16.157.180 - - [29/Dec/2022:04:14:25 -0500] "GET /images/Mujeres%20que%20reverdecen%201%20sept.jpeg HTTP/1.1" 200 134076
216.245.221.92 - - [29/Dec/2022:04:14:30 -0500] "HEAD / HTTP/1.1" 200 -
172.22.2.4 - - [29/Dec/2022:04:12:59 -0500] "HEAD /BLA/boletinlegal/ HTTP/1.1" 200 -
172.22.2.4 - - [29/Dec/2022:04:13:49 -0500] "GET /BLA/boletinlegal/ HTTP/1.1" 200 52942
207.46.13.192 - - [29/Dec/2022:04:15:56 -0500] "GET / HTTP/1.1" 200 319
31.13.103.2 - - [29/Dec/2022:04:18:14 -0500] "GET /todo-un-exito-la-primera-jornada-de-adopcion-en-la-santamaria-15-perros-y-gatos-encontraron-un-nuevo-hogar-en-bogota.html HTTP/1.1" 206 994
40.77.167.12 - - [29/Dec/2022:04:18:38 -0500] "GET /BLA/resoluciones/AUTOS%202022/4953.pdf HTTP/1.1" 200 368211
201.245.192.253 - - [29/Dec/2022:04:19:03 -0500] "POST /kwsrmcab/Wsrmcab  HTTP/1.1" 200 44193
216.245.221.92 - - [29/Dec/2022:04:19:30 -0500] "HEAD / HTTP/1.1" 200 -
201.245.192.253 - - [29/Dec/2022:04:19:54 -0500] "POST /kwsrmcab/Wsrmcab HTTP/1.1" 200 43609
201.245.192.253 - - [29/Dec/2022:04:19:57 -0500] "POST /kwsrmcab/Wsrmcab HTTP/1.1" 200 43936
172.22.2.4 - - [29/Dec/2022:04:18:49 -0500] "HEAD /BLA/boletinlegal/ HTTP/1.1" 200 -
172.22.2.4 - - [29/Dec/2022:04:21:00 -0500] "GET /BLA/boletinlegal/jurisprudencia/analisis/Analisis%20Sentencia%20T-1077,%202%20corregida.doc HTTP/1.1" 304 -
172.22.2.4 - - [29/Dec/2022:04:19:39 -0500] "GET /BLA/boletinlegal/ HTTP/1.1" 200 59404
207.46.13.192 - - [29/Dec/2022:04:22:18 -0500] "GET /BLA/resoluciones/Notificaciones/AUTOS%202017/00914.pdf HTTP/1.1" 304 -
209.141.35.50 - - [29/Dec/2022:04:23:52 -0500] "GET / HTTP/1.1" 200 319
173.252.79.13 - - [29/Dec/2022:04:24:02 -0500] "GET /images/cr\xc3\xb3nica-29-nov-1_optimized.jpeg HTTP/1.1" 404 1034
201.245.192.253 - - [29/Dec/2022:04:24:01 -0500] "POST /kwsrmcab/Wsrmcab  HTTP/1.1" 200 44193
31.13.103.16 - - [29/Dec/2022:04:24:04 -0500] "GET /images/cr\xc3\xb3nica-29-nov-1_optimized.jpeg HTTP/1.1" 404 1034
116.202.20.140 - - [29/Dec/2022:04:24:09 -0500] "GET / HTTP/1.1" 200 319
216.245.221.92 - - [29/Dec/2022:04:24:30 -0500] "HEAD / HTTP/1.1" 200 -
141.94.105.141 - - [29/Dec/2022:04:25:14 -0500] "GET / HTTP/1.1" 200 319
172.22.2.4 - - [29/Dec/2022:04:24:39 -0500] "HEAD /BLA/boletinlegal/ HTTP/1.1" 200 -
114.119.157.183 - - [29/Dec/2022:04:26:32 -0500] "GET /BLA/resoluciones/RESOLUCIONES%202010/6891.pdf HTTP/1.1" 200 1302271
172.22.2.4 - - [29/Dec/2022:04:26:46 -0500] "GET /BLA/boletinlegal/Circulares/2010/Circular%2006%20de%208%20de%20septiembre%20de%202010.pdf HTTP/1.1" 304 -
172.22.2.4 - - [29/Dec/2022:04:25:29 -0500] "GET /BLA/boletinlegal/ HTTP/1.1" 200 57192
114.119.147.129 - - [29/Dec/2022:04:28:33 -0500] "GET /BLA/resoluciones/AUTOS%202014/7348.pdf HTTP/1.1" 200 499700
201.245.192.253 - - [29/Dec/2022:04:29:01 -0500] "POST /kwsrmcab/Wsrmcab  HTTP/1.1" 200 44193
216.245.221.92 - - [29/Dec/2022:04:29:30 -0500] "HEAD / HTTP/1.1" 200 -
66.249.73.127 - - [29/Dec/2022:04:29:35 -0500] "-" 408 -
201.245.192.253 - - [29/Dec/2022:04:29:53 -0500] "POST /kwsrmcab/Wsrmcab HTTP/1.1" 200 43609
201.245.192.253 - - [29/Dec/2022:04:29:56 -0500] "POST /kwsrmcab/Wsrmcab HTTP/1.1" 200 43936
69.171.249.12 - - [29/Dec/2022:04:32:08 -0500] "GET /distrito-entrego-certificado-de-reconocimiento-a-mas-de-600-mujeres-que-reverdecen-tras-seis-meses-de-formacion-teorica-y-practica.html HTTP/1.1" 206 1113
172.22.2.4 - - [29/Dec/2022:04:30:29 -0500] "HEAD /BLA/boletinlegal/ HTTP/1.1" 200 -
172.22.2.4 - - [29/Dec/2022:04:31:19 -0500] "GET /BLA/boletinlegal/ HTTP/1.1" 200 59035
201.245.192.253 - - [29/Dec/2022:04:33:59 -0500] "POST /kwsrmcab/Wsrmcab  HTTP/1.1" 200 44193
216.245.221.92 - - [29/Dec/2022:04:34:30 -0500] "HEAD / HTTP/1.1" 200 -
172.22.2.4 - - [29/Dec/2022:04:36:19 -0500] "HEAD /BLA/boletinlegal/ HTTP/1.1" 200 -
172.22.2.4 - - [29/Dec/2022:04:37:09 -0500] "GET /BLA/boletinlegal/ HTTP/1.1" 200 56079
201.245.192.253 - - [29/Dec/2022:04:38:58 -0500] "POST /kwsrmcab/Wsrmcab  HTTP/1.1" 200 44193
216.245.221.92 - - [29/Dec/2022:04:39:30 -0500] "HEAD / HTTP/1.1" 200 -
201.245.192.253 - - [29/Dec/2022:04:39:54 -0500] "POST /kwsrmcab/Wsrmcab HTTP/1.1" 200 43609
201.245.192.253 - - [29/Dec/2022:04:39:57 -0500] "POST /kwsrmcab/Wsrmcab HTTP/1.1" 200 43936
66.249.73.127 - - [29/Dec/2022:04:43:37 -0500] "-" 408 -
172.22.2.4 - - [29/Dec/2022:04:42:09 -0500] "HEAD /BLA/boletinlegal/ HTTP/1.1" 200 -
201.245.192.253 - - [29/Dec/2022:04:43:57 -0500] "POST /kwsrmcab/Wsrmcab  HTTP/1.1" 200 44193
134.122.84.165 - - [29/Dec/2022:04:44:09 -0500] "POST /BLA/boletinlegal/admin/index.php HTTP/1.1" 200 2324
134.122.84.165 - - [29/Dec/2022:04:44:09 -0500] "POST /BLA/boletinlegal/admin/index.php?route=common/login HTTP/1.1" 200 2324
216.245.221.92 - - [29/Dec/2022:04:44:30 -0500] "HEAD / HTTP/1.1" 200 -
172.22.2.4 - - [29/Dec/2022:04:42:59 -0500] "GET /BLA/boletinlegal/ HTTP/1.1" 200 57192
185.119.81.103 - - [29/Dec/2022:04:46:38 -0500] "GET /portaldeninos/wp-login.php HTTP/1.1" 200 2592
185.119.81.103 - - [29/Dec/2022:04:46:39 -0500] "POST /portaldeninos/wp-login.php HTTP/1.1" 200 3605
209.95.161.67 - - [29/Dec/2022:04:48:28 -0500] "GET /como-ayudar-a-mantener-una-buena-calidad-del-aire-en-bogota.html HTTP/1.1" 200 914
94.139.61.172 - - [29/Dec/2022:04:48:28 -0500] "GET /conectores-ecosistemicos-para-el-desarrollo-sostenible.html HTTP/1.1" 200 902
201.245.192.253 - - [29/Dec/2022:04:48:56 -0500] "POST /kwsrmcab/Wsrmcab  HTTP/1.1" 200 44193
216.245.221.92 - - [29/Dec/2022:04:49:30 -0500] "HEAD / HTTP/1.1" 200 -
172.22.2.4 - - [29/Dec/2022:04:47:59 -0500] "HEAD /BLA/boletinlegal/ HTTP/1.1" 200 -
172.22.2.4 - - [29/Dec/2022:04:48:49 -0500] "GET /BLA/boletinlegal/ HTTP/1.1" 200 56825
40.77.167.12 - - [29/Dec/2022:04:52:43 -0500] "GET /bla/resoluciones/notificaciones/autos%202020/1010.pdf HTTP/1.1" 304 -
201.245.192.253 - - [29/Dec/2022:04:53:55 -0500] "POST /kwsrmcab/Wsrmcab  HTTP/1.1" 200 44193
66.249.73.127 - - [29/Dec/2022:04:54:03 -0500] "-" 408 -
216.245.221.92 - - [29/Dec/2022:04:54:30 -0500] "HEAD / HTTP/1.1" 200 -
172.22.2.4 - - [29/Dec/2022:04:54:59 -0500] "GET /BLA/boletinlegal/images/screen_1.png HTTP/1.1" 304 -
172.22.2.4 - - [29/Dec/2022:04:53:49 -0500] "HEAD /BLA/boletinlegal/ HTTP/1.1" 200 -
172.22.2.4 - - [29/Dec/2022:04:54:39 -0500] "GET /BLA/boletinlegal/ HTTP/1.1" 200 59035
185.119.81.103 - - [29/Dec/2022:04:56:53 -0500] "GET /portaldeninos/wp-login.php HTTP/1.1" 200 2592
185.119.81.103 - - [29/Dec/2022:04:56:54 -0500] "POST /portaldeninos/wp-login.php HTTP/1.1" 200 3605
172.22.2.4 - - [29/Dec/2022:04:58:16 -0500] "GET /BLA/boletinlegal/favicon.ico HTTP/1.1" 404 1018
172.22.2.4 - - [29/Dec/2022:04:58:01 -0500] "GET /BLA/boletinlegal/ HTTP/1.1" 200 20427
172.22.2.4 - - [29/Dec/2022:04:58:01 -0500] "GET /BLA/boletinlegal/ HTTP/1.1" 200 32715
201.245.192.253 - - [29/Dec/2022:04:58:53 -0500] "POST /kwsrmcab/Wsrmcab  HTTP/1.1" 200 44193
216.245.221.92 - - [29/Dec/2022:04:59:30 -0500] "HEAD / HTTP/1.1" 200 -
172.22.2.4 - - [29/Dec/2022:04:59:39 -0500] "HEAD /BLA/boletinlegal/ HTTP/1.1" 200 -
172.22.2.4 - - [29/Dec/2022:05:02:08 -0500] "GET /BLA/boletinlegal/jurisprudencia/analisis/AnalisisT-095-16.docx HTTP/1.1" 304 -
172.22.2.4 - - [29/Dec/2022:05:00:29 -0500] "GET /BLA/boletinlegal/ HTTP/1.1" 200 59404
114.119.128.77 - - [29/Dec/2022:05:03:01 -0500] "GET /transparencia/financiera/Desagregado%20con%20modificaciones/Vigencia%20actual/11.%20EJECUCION%20VIGENCIA%20NOVIEMBRE%202020.pdf HTTP/1.1" 404 1276
201.245.192.253 - - [29/Dec/2022:05:03:51 -0500] "POST /kwsrmcab/Wsrmcab  HTTP/1.1" 200 44193
69.63.184.120 - - [29/Dec/2022:05:04:10 -0500] "GET /images/Entrenubes%201%20(1)%20(1).jpeg HTTP/1.1" 200 70096
216.245.221.92 - - [29/Dec/2022:05:04:30 -0500] "HEAD / HTTP/1.1" 200 -
114.119.148.132 - - [29/Dec/2022:05:04:59 -0500] "GET /BLA/resoluciones/RESOLUCIONES%202014/2412.pdf HTTP/1.1" 200 273134
172.22.2.4 - - [29/Dec/2022:05:05:29 -0500] "HEAD /BLA/boletinlegal/ HTTP/1.1" 200 -
114.119.149.91 - - [29/Dec/2022:05:07:17 -0500] "GET /BLA/resoluciones/RESOLUCIONES%202010/7223.pdf HTTP/1.1" 200 571386
172.22.2.4 - - [29/Dec/2022:05:06:19 -0500] "GET /BLA/boletinlegal/ HTTP/1.1" 200 53337
201.245.192.253 - - [29/Dec/2022:05:08:49 -0500] "POST /kwsrmcab/Wsrmcab  HTTP/1.1" 200 44193
66.249.73.127 - - [29/Dec/2022:05:09:18 -0500] "-" 408 -
216.245.221.92 - - [29/Dec/2022:05:09:30 -0500] "HEAD / HTTP/1.1" 200 -
172.22.2.4 - - [29/Dec/2022:05:09:45 -0500] "GET /BLA/boletinlegal/actos.php HTTP/1.1" 200 9566
172.22.2.4 - - [29/Dec/2022:05:09:45 -0500] "GET /BLA/boletinlegal/js/ajax_actos.js HTTP/1.1" 200 1322
172.22.2.4 - - [29/Dec/2022:05:09:45 -0500] "GET /BLA/boletinlegal/styles2.css HTTP/1.1" 200 1838
172.22.2.4 - - [29/Dec/2022:05:09:45 -0500] "GET /BLA/boletinlegal/niceforms-default.css HTTP/1.1" 200 6694
172.22.2.4 - - [29/Dec/2022:05:09:45 -0500] "GET /BLA/boletinlegal/style.css HTTP/1.1" 200 9406
172.22.2.4 - - [29/Dec/2022:05:09:45 -0500] "GET /BLA/boletinlegal/niceforms.js HTTP/1.1" 200 22876
172.22.2.4 - - [29/Dec/2022:05:09:45 -0500] "GET /BLA/boletinlegal/js/popup.js HTTP/1.1" 200 1270
172.22.2.4 - - [29/Dec/2022:05:09:45 -0500] "GET /BLA/boletinlegal/js/jquery1.js HTTP/1.1" 200 29846
172.22.2.4 - - [29/Dec/2022:05:09:45 -0500] "GET /BLA/boletinlegal/js/lib.js HTTP/1.1" 200 6474
172.22.2.4 - - [29/Dec/2022:05:09:46 -0500] "GET /BLA/boletinlegal/images/cabezote%20BLEGAL.jpg HTTP/1.1" 200 118164
172.22.2.4 - - [29/Dec/2022:05:09:46 -0500] "GET /BLA/boletinlegal/images/subscribe-icon-big.png HTTP/1.1" 200 47702
172.22.2.4 - - [29/Dec/2022:05:09:46 -0500] "GET /BLA/boletinlegal/images/historia.png HTTP/1.1" 200 52775
