!C99Shell v. 1.0 pre-release build #13!

Software: Apache. PHP/5.5.15 

uname -a: Windows NT SVR-DMZ 6.1 build 7600 (Windows Server 2008 R2 Enterprise Edition) i586 

SYSTEM 

Safe-mode: OFF (not secure)

E:\nuevo\apache\logs\   drwxrwxrwx
Free 9.41 GB of 239.26 GB (3.93%)
Detected drives: [ a ] [ c ] [ d ] [ e ] [ f ]
Home    Back    Forward    UPDIR    Refresh    Search    Buffer    Encoder    Tools    Proc.    FTP brute    Sec.    SQL    PHP-code    Update    Feedback    Self remove    Logout    


Viewing file:     access.2022.12.30.log (4.31 MB)      -rw-rw-rw-
Select action/file-type:
(+) | (+) | (+) | Code (+) | Session (+) | (+) | SDB (+) | (+) | (+) | (+) | (+) | (+) |
27.96.130.98 - - [30/Dec/2022:00:00:36 -0500] "GET /BLA/boletinlegal/js/jquery.scrollShow.js HTTP/1.1" 200 4586
27.96.130.98 - - [30/Dec/2022:00:00:36 -0500] "GET /galeria/galeria/jquery.fancybox.js?v=2.1.5 HTTP/1.1" 200 48706
66.249.73.127 - - [30/Dec/2022:00:00:55 -0500] "-" 408 -
201.245.192.253 - - [30/Dec/2022:00:04:14 -0500] "POST /kwsrmcab/Wsrmcab  HTTP/1.1" 200 44193
173.252.83.17 - - [30/Dec/2022:00:04:36 -0500] "GET /images/jardines-verticales-plantas-24-mayo.jpg HTTP/1.1" 200 148288
216.245.221.92 - - [30/Dec/2022:00:04:45 -0500] "HEAD / HTTP/1.1" 200 -
172.22.2.4 - - [30/Dec/2022:00:03:07 -0500] "HEAD /BLA/boletinlegal/ HTTP/1.1" 200 -
40.77.167.21 - - [30/Dec/2022:00:04:49 -0500] "GET /que-orgullo-bogota-obtiene-reconocimiento-por-sus-planes-y-acciones-para-enfrentar-el-cambio-climatico.html HTTP/1.1" 200 773
128.14.136.18 - - [30/Dec/2022:00:04:52 -0500] "GET / HTTP/1.1" 200 319
157.55.39.194 - - [30/Dec/2022:00:05:03 -0500] "GET /sipse/faces/autenticacion.xhtml HTTP/1.1" 200 12505
172.22.2.4 - - [30/Dec/2022:00:03:58 -0500] "GET /BLA/boletinlegal/ HTTP/1.1" 200 52453
5.255.231.111 - - [30/Dec/2022:00:06:06 -0500] "-" 408 -
66.249.73.127 - - [30/Dec/2022:00:06:37 -0500] "-" 408 -
162.243.132.24 - - [30/Dec/2022:00:07:29 -0500] "GET / HTTP/1.1" 200 319
40.77.167.101 - - [30/Dec/2022:00:08:12 -0500] "-" 408 -
40.77.190.182 - - [30/Dec/2022:00:08:28 -0500] "GET /galeria/nivo-slider/themes/default/default.css HTTP/1.1" 200 1569
40.77.188.68 - - [30/Dec/2022:00:08:28 -0500] "GET /galeria/nivo-slider/nivo-slider.css HTTP/1.1" 200 1507
40.77.188.196 - - [30/Dec/2022:00:08:28 -0500] "GET /galeria/nivo-slider/themes/orman/orman.css HTTP/1.1" 200 2152
40.77.188.122 - - [30/Dec/2022:00:08:29 -0500] "GET /galeria/nivo-slider/themes/pascal/pascal.css HTTP/1.1" 200 2258
40.77.189.205 - - [30/Dec/2022:00:08:29 -0500] "GET /galeria/nivo-slider/demo/style.css HTTP/1.1" 200 2222
40.77.188.196 - - [30/Dec/2022:00:08:29 -0500] "GET /galeria/nivo-slider/demo/scripts/jquery-1.7.1.min.js HTTP/1.1" 200 93868
40.77.190.249 - - [30/Dec/2022:00:08:29 -0500] "GET /galeria/nivo-slider/jquery.nivo.slider.pack.js HTTP/1.1" 200 11561
201.245.192.253 - - [30/Dec/2022:00:09:13 -0500] "POST /kwsrmcab/Wsrmcab  HTTP/1.1" 200 44193
216.245.221.92 - - [30/Dec/2022:00:09:45 -0500] "HEAD / HTTP/1.1" 200 -
190.13.80.28 - - [29/Dec/2022:22:29:02 -0500] "POST /kwssiamovil/sm/setfile/f? HTTP/1.1" 400 1022
172.22.2.4 - - [30/Dec/2022:00:08:57 -0500] "HEAD /BLA/boletinlegal/ HTTP/1.1" 200 -
172.22.2.4 - - [30/Dec/2022:00:09:48 -0500] "GET /BLA/boletinlegal/ HTTP/1.1" 200 52079
190.13.80.28 - - [29/Dec/2022:22:32:07 -0500] "POST /kwssiamovil/sm/setfile/f? HTTP/1.1" 400 1022
185.119.81.103 - - [30/Dec/2022:00:13:42 -0500] "GET /portaldeninos/wp-login.php HTTP/1.1" 200 2592
185.119.81.103 - - [30/Dec/2022:00:13:43 -0500] "POST /portaldeninos/wp-login.php HTTP/1.1" 200 3670
201.245.192.253 - - [30/Dec/2022:00:14:12 -0500] "POST /kwsrmcab/Wsrmcab  HTTP/1.1" 200 44193
66.249.73.127 - - [30/Dec/2022:00:14:28 -0500] "-" 408 -
216.245.221.92 - - [30/Dec/2022:00:14:45 -0500] "HEAD / HTTP/1.1" 200 -
5.45.207.151 - - [30/Dec/2022:00:16:06 -0500] "-" 408 -
172.22.2.4 - - [30/Dec/2022:00:14:47 -0500] "HEAD /BLA/boletinlegal/ HTTP/1.1" 200 -
92.118.39.29 - - [30/Dec/2022:00:17:16 -0500] "GET / HTTP/1.1" 200 319
172.22.2.4 - - [30/Dec/2022:00:15:38 -0500] "GET /BLA/boletinlegal/ HTTP/1.1" 200 57192
162.55.175.141 - - [30/Dec/2022:00:18:45 -0500] "GET / HTTP/1.1" 200 319
201.245.192.253 - - [30/Dec/2022:00:19:11 -0500] "POST /kwsrmcab/Wsrmcab  HTTP/1.1" 200 44193
216.245.221.92 - - [30/Dec/2022:00:19:45 -0500] "HEAD / HTTP/1.1" 200 -
201.245.192.253 - - [30/Dec/2022:00:19:50 -0500] "POST /kwsrmcab/Wsrmcab HTTP/1.1" 200 43925
201.245.192.253 - - [30/Dec/2022:00:19:53 -0500] "POST /kwsrmcab/Wsrmcab HTTP/1.1" 200 43934
66.249.73.127 - - [30/Dec/2022:00:20:39 -0500] "-" 408 -
172.22.2.4 - - [30/Dec/2022:00:20:37 -0500] "HEAD /BLA/boletinlegal/ HTTP/1.1" 200 -
172.22.2.4 - - [30/Dec/2022:00:21:27 -0500] "GET /BLA/boletinlegal/ HTTP/1.1" 200 59404
157.55.39.194 - - [30/Dec/2022:00:24:08 -0500] "GET /Publicaciones/2022EE138031.pdf HTTP/1.1" 404 228
201.245.192.253 - - [30/Dec/2022:00:24:09 -0500] "POST /kwsrmcab/Wsrmcab  HTTP/1.1" 200 44193
216.245.221.92 - - [30/Dec/2022:00:24:45 -0500] "HEAD / HTTP/1.1" 200 -
87.250.224.198 - - [30/Dec/2022:00:26:06 -0500] "-" 408 -
40.77.167.12 - - [30/Dec/2022:00:26:20 -0500] "GET /bla/resoluciones/notificaciones/registros%202017/1228.pdf HTTP/1.1" 304 -
66.249.73.127 - - [30/Dec/2022:00:26:39 -0500] "-" 408 -
172.22.2.4 - - [30/Dec/2022:00:25:33 -0500] "GET /BLA/boletinlegal/ HTTP/1.1" 200 57824
172.22.2.4 - - [30/Dec/2022:00:26:27 -0500] "HEAD /BLA/boletinlegal/ HTTP/1.1" 200 -
172.22.2.4 - - [30/Dec/2022:00:27:17 -0500] "GET /BLA/boletinlegal/ HTTP/1.1" 200 49193
172.22.2.4 - - [30/Dec/2022:00:27:29 -0500] "GET /BLA/boletinlegal/ HTTP/1.1" 200 51643
201.245.192.253 - - [30/Dec/2022:00:29:08 -0500] "POST /kwsrmcab/Wsrmcab  HTTP/1.1" 200 44193
216.245.221.92 - - [30/Dec/2022:00:29:45 -0500] "HEAD / HTTP/1.1" 200 -
201.245.192.253 - - [30/Dec/2022:00:29:50 -0500] "POST /kwsrmcab/Wsrmcab HTTP/1.1" 200 43925
201.245.192.253 - - [30/Dec/2022:00:29:53 -0500] "POST /kwsrmcab/Wsrmcab HTTP/1.1" 200 43934
66.249.73.127 - - [30/Dec/2022:00:32:45 -0500] "-" 408 -
172.22.2.4 - - [30/Dec/2022:00:32:17 -0500] "HEAD /BLA/boletinlegal/ HTTP/1.1" 200 -
201.245.192.253 - - [30/Dec/2022:00:34:07 -0500] "POST /kwsrmcab/Wsrmcab  HTTP/1.1" 200 44193
216.245.221.92 - - [30/Dec/2022:00:34:45 -0500] "HEAD / HTTP/1.1" 200 -
172.22.2.4 - - [30/Dec/2022:00:33:07 -0500] "GET /BLA/boletinlegal/ HTTP/1.1" 200 57824
40.77.167.25 - - [30/Dec/2022:00:35:02 -0500] "GET /bla/resoluciones/notificaciones/autos%202018/3443.pdf HTTP/1.1" 304 -
114.119.159.232 - - [30/Dec/2022:00:35:24 -0500] "GET /BLA/resoluciones/RESOLUCIONES%202010/3930.pdf HTTP/1.1" 200 489167
87.250.224.59 - - [30/Dec/2022:00:36:06 -0500] "-" 408 -
69.171.249.11 - - [30/Dec/2022:00:38:00 -0500] "GET /images/cr\xc3\xb3nica-29-nov-1_optimized.jpeg HTTP/1.1" 404 1034
66.249.73.127 - - [30/Dec/2022:00:38:25 -0500] "-" 408 -
172.22.2.4 - - [30/Dec/2022:00:37:52 -0500] "GET /BLA/boletinlegal/ HTTP/1.1" 200 24523
201.245.192.253 - - [30/Dec/2022:00:39:06 -0500] "POST /kwsrmcab/Wsrmcab  HTTP/1.1" 200 44193
216.245.221.92 - - [30/Dec/2022:00:39:45 -0500] "HEAD / HTTP/1.1" 200 -
172.22.2.4 - - [30/Dec/2022:00:38:07 -0500] "HEAD /BLA/boletinlegal/ HTTP/1.1" 200 -
201.245.192.253 - - [30/Dec/2022:00:39:50 -0500] "POST /kwsrmcab/Wsrmcab HTTP/1.1" 200 43925
201.245.192.253 - - [30/Dec/2022:00:39:53 -0500] "POST /kwsrmcab/Wsrmcab HTTP/1.1" 200 43934
207.46.13.192 - - [30/Dec/2022:00:40:19 -0500] "GET /BLA/resoluciones/AUTOS%202015/1052.pdf HTTP/1.1" 304 -
172.22.2.4 - - [30/Dec/2022:00:38:57 -0500] "GET /BLA/boletinlegal/ HTTP/1.1" 200 57824
40.77.167.33 - - [30/Dec/2022:00:40:48 -0500] "GET /bla/resoluciones/notificaciones/autos%202018/6175.pdf HTTP/1.1" 304 -
201.245.192.253 - - [30/Dec/2022:00:44:05 -0500] "POST /kwsrmcab/Wsrmcab  HTTP/1.1" 200 44193
216.245.221.92 - - [30/Dec/2022:00:44:45 -0500] "HEAD / HTTP/1.1" 200 -
114.119.148.132 - - [30/Dec/2022:00:44:48 -0500] "GET /Publicaciones/2020EE209620.pdf HTTP/1.1" 404 228
40.77.167.12 - - [30/Dec/2022:00:44:50 -0500] "GET /BLA/resoluciones/ HTTP/1.1" 200 13502
172.22.2.4 - - [30/Dec/2022:00:43:57 -0500] "HEAD /BLA/boletinlegal/ HTTP/1.1" 200 -
87.250.224.142 - - [30/Dec/2022:00:46:06 -0500] "-" 408 -
172.22.2.4 - - [30/Dec/2022:00:44:47 -0500] "GET /BLA/boletinlegal/ HTTP/1.1" 200 55680
40.77.167.12 - - [30/Dec/2022:00:47:22 -0500] "GET /BLA/resoluciones/Notificaciones/AUTOS%202017/03418.pdf HTTP/1.1" 304 -
157.55.39.194 - - [30/Dec/2022:00:49:00 -0500] "GET /BLA/resoluciones/RESOLUCIONES%202020/2182.pdf HTTP/1.1" 304 -
201.245.192.253 - - [30/Dec/2022:00:49:04 -0500] "POST /kwsrmcab/Wsrmcab  HTTP/1.1" 200 44193
216.245.221.92 - - [30/Dec/2022:00:49:45 -0500] "HEAD / HTTP/1.1" 200 -
172.22.2.4 - - [30/Dec/2022:00:49:47 -0500] "HEAD /BLA/boletinlegal/ HTTP/1.1" 200 -
114.119.131.211 - - [30/Dec/2022:00:51:37 -0500] "GET /BLA/resoluciones/RESOLUCIONES%202010/2130.pdf HTTP/1.1" 200 40914
172.22.2.4 - - [30/Dec/2022:00:50:38 -0500] "GET /BLA/boletinlegal/ HTTP/1.1" 200 56825
104.248.94.23 - - [30/Dec/2022:00:53:18 -0500] "\x16\x03\x01" 400 226
104.248.94.23 - - [30/Dec/2022:00:53:19 -0500] "\x16\x03\x01" 400 226
104.248.94.23 - - [30/Dec/2022:00:53:19 -0500] "GET / HTTP/1.1" 200 319
201.245.192.253 - - [30/Dec/2022:00:54:04 -0500] "POST /kwsrmcab/Wsrmcab  HTTP/1.1" 200 44193
216.245.221.92 - - [30/Dec/2022:00:54:45 -0500] "HEAD / HTTP/1.1" 200 -
87.250.224.180 - - [30/Dec/2022:00:56:07 -0500] "-" 408 -
173.252.107.117 - - [30/Dec/2022:00:57:06 -0500] "GET /juntos-cuidamos-bogota-mas-de-65-kilogramos-de-residuos-especiales-y-peligrosos-fueron-recolectados-en-engativa.html HTTP/1.1" 206 994
114.119.156.59 - - [30/Dec/2022:00:57:13 -0500] "GET /BLA/resoluciones/AUTOS%202017/4794.pdf HTTP/1.1" 200 276606
172.22.2.4 - - [30/Dec/2022:00:55:37 -0500] "HEAD /BLA/boletinlegal/ HTTP/1.1" 200 -
172.22.2.4 - - [30/Dec/2022:00:56:27 -0500] "GET /BLA/boletinlegal/ HTTP/1.1" 200 56474
201.245.192.253 - - [30/Dec/2022:00:59:02 -0500] "POST /kwsrmcab/Wsrmcab  HTTP/1.1" 200 44193
173.252.83.6 - - [30/Dec/2022:00:59:40 -0500] "GET /images/cr\xc3\xb3nica-29-nov-1_optimized.jpeg HTTP/1.1" 404 1034
216.245.221.92 - - [30/Dec/2022:00:59:45 -0500] "HEAD / HTTP/1.1" 200 -
114.119.155.111 - - [30/Dec/2022:01:02:08 -0500] "GET /BLA/resoluciones/AUTOS%202017/1663.pdf HTTP/1.1" 200 493963
172.22.2.4 - - [30/Dec/2022:01:01:27 -0500] "HEAD /BLA/boletinlegal/ HTTP/1.1" 200 -
172.22.2.4 - - [30/Dec/2022:01:02:17 -0500] "GET /BLA/boletinlegal/ HTTP/1.1" 200 59404
201.245.192.253 - - [30/Dec/2022:01:04:01 -0500] "POST /kwsrmcab/Wsrmcab  HTTP/1.1" 200 44193
216.245.221.92 - - [30/Dec/2022:01:04:45 -0500] "HEAD / HTTP/1.1" 200 -
157.55.39.212 - - [30/Dec/2022:01:05:47 -0500] "GET / HTTP/1.1" 200 319
114.119.154.203 - - [30/Dec/2022:01:05:58 -0500] "GET /BLA/resoluciones/index.php?dir=RESOLUCIONES%2B1999/&sort=name&order=asc HTTP/1.1" 200 13709
95.108.213.39 - - [30/Dec/2022:01:06:06 -0500] "-" 408 -
172.22.2.4 - - [30/Dec/2022:01:06:16 -0500] "GET /BLA/boletinlegal/style.css HTTP/1.1" 200 9406
172.22.2.4 - - [30/Dec/2022:01:06:16 -0500] "GET /BLA/boletinlegal/styles2.css HTTP/1.1" 200 1838
172.22.2.4 - - [30/Dec/2022:01:06:16 -0500] "GET /BLA/boletinlegal/js/jquery.scrollTo-min.js HTTP/1.1" 200 1150
172.22.2.4 - - [30/Dec/2022:01:06:16 -0500] "GET /BLA/boletinlegal/js/jquery.js HTTP/1.1" 200 57254
172.22.2.4 - - [30/Dec/2022:01:06:16 -0500] "GET /BLA/boletinlegal/js/jquery.scrollShow.js HTTP/1.1" 200 4586
172.22.2.4 - - [30/Dec/2022:01:06:16 -0500] "GET /BLA/boletinlegal/images/cabezote%20BLEGAL.jpg HTTP/1.1" 200 118164
172.22.2.4 - - [30/Dec/2022:01:06:16 -0500] "GET /BLA/boletinlegal/images/subscribe-icon-big.png HTTP/1.1" 200 47702
172.22.2.4 - - [30/Dec/2022:01:06:16 -0500] "GET /BLA/boletinlegal/images/historia.png HTTP/1.1" 200 52775
172.22.2.4 - - [30/Dec/2022:01:06:16 -0500] "GET /BLA/boletinlegal/images/arr_l.jpg HTTP/1.1" 200 1979
172.22.2.4 - - [30/Dec/2022:01:06:16 -0500] "GET /BLA/boletinlegal/images/registro-usuarios.png HTTP/1.1" 200 8106
172.22.2.4 - - [30/Dec/2022:01:06:17 -0500] "GET /BLA/boletinlegal/images/launch.jpg HTTP/1.1" 200 14577
172.22.2.4 - - [30/Dec/2022:01:06:17 -0500] "GET /BLA/boletinlegal/images/menu_bg.jpg HTTP/1.1" 200 620
172.22.2.4 - - [30/Dec/2022:01:06:17 -0500] "GET /BLA/boletinlegal/images/menu_rght.gif HTTP/1.1" 200 1627
172.22.2.4 - - [30/Dec/2022:01:06:17 -0500] "GET /BLA/boletinlegal/images/menu_lft.gif HTTP/1.1" 200 1713
172.22.2.4 - - [30/Dec/2022:01:06:17 -0500] "GET /BLA/boletinlegal/images/body_bg.jpg HTTP/1.1" 200 1601
172.22.2.4 - - [30/Dec/2022:01:06:17 -0500] "GET /BLA/boletinlegal/images/bg_top.jpg HTTP/1.1" 200 522
172.22.2.4 - - [30/Dec/2022:01:06:17 -0500] "GET /BLA/boletinlegal/images/text.jpg HTTP/1.1" 200 568
172.22.2.4 - - [30/Dec/2022:01:06:17 -0500] "GET /BLA/boletinlegal/images/screen_1.png HTTP/1.1" 200 202547
172.22.2.4 - - [30/Dec/2022:01:06:17 -0500] "GET /BLA/boletinlegal/images/hover.jpg HTTP/1.1" 200 640
172.22.2.4 - - [30/Dec/2022:01:06:19 -0500] "GET /BLA/boletinlegal/actos.php HTTP/1.1" 200 9566
172.22.2.4 - - [30/Dec/2022:01:06:20 -0500] "GET /BLA/boletinlegal/js/ajax_actos.js HTTP/1.1" 200 1322
172.22.2.4 - - [30/Dec/2022:01:06:20 -0500] "GET /BLA/boletinlegal/niceforms.js HTTP/1.1" 200 22876
172.22.2.4 - - [30/Dec/2022:01:06:20 -0500] "GET /BLA/boletinlegal/js/popup.js HTTP/1.1" 200 1270
172.22.2.4 - - [30/Dec/2022:01:06:20 -0500] "GET /BLA/boletinlegal/niceforms-default.css HTTP/1.1" 200 6694
172.22.2.4 - - [30/Dec/2022:01:06:20 -0500] "GET /BLA/boletinlegal/js/lib.js HTTP/1.1" 200 6474
172.22.2.4 - - [30/Dec/2022:01:06:20 -0500] "GET /BLA/boletinlegal/js/jquery1.js HTTP/1.1" 200 29846
172.22.2.4 - - [30/Dec/2022:01:06:20 -0500] "GET /BLA/boletinlegal/images/green-yellow-blue-pink-th.png HTTP/1.1" 200 7394
172.22.2.4 - - [30/Dec/2022:01:06:20 -0500] "GET /BLA/boletinlegal/images/tel.png HTTP/1.1" 200 14477
172.22.2.4 - - [30/Dec/2022:01:06:20 -0500] "GET /BLA/boletinlegal/images/icono-email.png HTTP/1.1" 200 5544
172.22.2.4 - - [30/Dec/2022:01:06:20 -0500] "GET /BLA/boletinlegal/images/footer_bg.jpg HTTP/1.1" 200 586
172.22.2.4 - - [30/Dec/2022:01:06:20 -0500] "GET /BLA/boletinlegal/images/footer_bg_l.jpg HTTP/1.1" 200 776
172.22.2.4 - - [30/Dec/2022:01:06:20 -0500] "GET /BLA/boletinlegal/img/select-left.png HTTP/1.1" 200 263
172.22.2.4 - - [30/Dec/2022:01:06:20 -0500] "GET /BLA/boletinlegal/img/0.png HTTP/1.1" 200 110
172.22.2.4 - - [30/Dec/2022:01:06:20 -0500] "GET /BLA/boletinlegal/img/button-right.png HTTP/1.1" 200 57878
172.22.2.4 - - [30/Dec/2022:01:06:20 -0500] "GET /BLA/boletinlegal/img/button-left.png HTTP/1.1" 200 57071
172.22.2.4 - - [30/Dec/2022:01:06:20 -0500] "GET /BLA/boletinlegal/img/select-right.png HTTP/1.1" 200 44019
172.22.2.4 - - [30/Dec/2022:01:06:20 -0500] "GET /BLA/boletinlegal/img/button.png HTTP/1.1" 200 43241
172.22.2.4 - - [30/Dec/2022:01:06:21 -0500] "GET /BLA/boletinlegal/favicon.ico HTTP/1.1" 404 1326
20.241.233.77 - - [30/Dec/2022:01:06:49 -0500] "-" 408 -
172.22.2.4 - - [30/Dec/2022:01:06:16 -0500] "GET /BLA/boletinlegal/ HTTP/1.1" 200 24523
172.22.2.4 - - [30/Dec/2022:01:07:57 -0500] "GET /BLA/boletinlegal/consulta_actos.php?tipo=autos&no=6345&usuario=&sector=&fecha=2014&resuelve= HTTP/1.1" 200 1074
172.22.2.4 - - [30/Dec/2022:01:07:57 -0500] "GET /BLA/boletinlegal/consulta_actos.php?tipo=autos&no=6345&usuario=&sector=&fecha=2014&resuelve= HTTP/1.1" 200 1074
172.22.2.4 - - [30/Dec/2022:01:07:57 -0500] "GET /BLA/boletinlegal/images/pdf.gif HTTP/1.1" 200 567
157.90.254.89 - - [30/Dec/2022:01:08:15 -0500] "GET / HTTP/1.1" 200 319
172.22.2.4 - - [30/Dec/2022:01:07:17 -0500] "HEAD /BLA/boletinlegal/ HTTP/1.1" 200 -
201.245.192.253 - - [30/Dec/2022:01:09:00 -0500] "POST /kwsrmcab/Wsrmcab  HTTP/1.1" 200 44193
185.215.113.5 - - [30/Dec/2022:01:09:24 -0500] "GET /BLA/resoluciones/AUTOS%202018/3623.pdf' HTTP/1.1" 404 1018
216.245.221.92 - - [30/Dec/2022:01:09:45 -0500] "HEAD / HTTP/1.1" 200 -
172.22.2.4 - - [30/Dec/2022:01:08:07 -0500] "GET /BLA/boletinlegal/ HTTP/1.1" 200 54100
87.250.224.100 - - [30/Dec/2022:01:10:26 -0500] "-" 408 -
5.45.207.143 - - [30/Dec/2022:01:10:31 -0500] "-" 408 -
87.250.224.21 - - [30/Dec/2022:01:10:36 -0500] "-" 408 -
87.250.224.196 - - [30/Dec/2022:01:10:42 -0500] "-" 408 -
95.108.213.69 - - [30/Dec/2022:01:10:57 -0500] "-" 408 -
87.250.224.25 - - [30/Dec/2022:01:11:12 -0500] "-" 408 -
5.45.207.141 - - [30/Dec/2022:01:11:42 -0500] "-" 408 -
5.45.207.95 - - [30/Dec/2022:01:12:42 -0500] "-" 408 -
87.250.224.77 - - [30/Dec/2022:01:13:42 -0500] "-" 408 -
201.245.192.253 - - [30/Dec/2022:01:13:59 -0500] "POST /kwsrmcab/Wsrmcab  HTTP/1.1" 200 44193
152.61.192.232 - - [30/Dec/2022:01:14:14 -0500] "GET / HTTP/1.1" 200 319
216.245.221.92 - - [30/Dec/2022:01:14:45 -0500] "HEAD / HTTP/1.1" 200 -
172.22.2.4 - - [30/Dec/2022:01:13:07 -0500] "HEAD /BLA/boletinlegal/ HTTP/1.1" 200 -
172.22.2.4 - - [30/Dec/2022:01:13:37 -0500] "GET /BLA/boletinlegal/ HTTP/1.1" 200 47659
152.61.128.50 - - [30/Dec/2022:01:15:23 -0500] "GET / HTTP/1.1" 200 319
172.22.2.4 - - [30/Dec/2022:01:13:57 -0500] "GET /BLA/boletinlegal/ HTTP/1.1" 200 49550
40.77.167.33 - - [30/Dec/2022:01:15:41 -0500] "GET /BLA/resoluciones/RESOLUCIONES%202015/1054.pdf HTTP/1.1" 304 -
87.250.224.103 - - [30/Dec/2022:01:15:42 -0500] "-" 408 -
5.45.207.135 - - [30/Dec/2022:01:18:41 -0500] "-" 408 -
201.245.192.253 - - [30/Dec/2022:01:18:58 -0500] "POST /kwsrmcab/Wsrmcab  HTTP/1.1" 200 44193
216.245.221.92 - - [30/Dec/2022:01:19:45 -0500] "HEAD / HTTP/1.1" 200 -
201.245.192.253 - - [30/Dec/2022:01:19:50 -0500] "POST /kwsrmcab/Wsrmcab HTTP/1.1" 200 43907
201.245.192.253 - - [30/Dec/2022:01:19:53 -0500] "POST /kwsrmcab/Wsrmcab HTTP/1.1" 200 43615
172.22.2.4 - - [30/Dec/2022:01:18:57 -0500] "HEAD /BLA/boletinlegal/ HTTP/1.1" 200 -
114.119.133.253 - - [30/Dec/2022:01:20:46 -0500] "GET /autoliquidacion/index.php?dir=Solicitudes%2Brelacionadas%2Bcon%2Bocupaci%C3%AF%C2%BF%C2%BDn%2Bde%2Bcauce/&sort=date&order=asc HTTP/1.1" 200 6940
172.22.2.4 - - [30/Dec/2022:01:19:47 -0500] "GET /BLA/boletinlegal/ HTTP/1.1" 200 57824
95.108.213.52 - - [30/Dec/2022:01:23:41 -0500] "-" 408 -
201.245.192.253 - - [30/Dec/2022:01:23:57 -0500] "POST /kwsrmcab/Wsrmcab  HTTP/1.1" 200 44193
216.245.221.92 - - [30/Dec/2022:01:24:45 -0500] "HEAD / HTTP/1.1" 200 -
172.22.2.4 - - [30/Dec/2022:01:24:47 -0500] "HEAD /BLA/boletinlegal/ HTTP/1.1" 200 -
173.252.79.15 - - [30/Dec/2022:01:27:13 -0500] "GET /images/reunion-planta-termovalorizacion-11-mayo.jpg HTTP/1.1" 200 34782
172.22.2.4 - - [30/Dec/2022:01:25:37 -0500] "GET /BLA/boletinlegal/ HTTP/1.1" 200 52942
172.22.2.4 - - [30/Dec/2022:01:26:31 -0500] "GET /BLA/boletinlegal/index.php?s=/Index/\\think\\app/invokefunction&function=call_user_func_array&vars[0]=md5&vars[1][]=HelloThinkPHP21 HTTP/1.1" 200 36811
40.77.167.33 - - [30/Dec/2022:01:27:53 -0500] "GET /bla/resoluciones/notificaciones/autos%202020/3212.pdf HTTP/1.1" 304 -
66.249.73.97 - - [30/Dec/2022:01:28:35 -0500] "-" 408 -
114.119.128.34 - - [30/Dec/2022:01:28:57 -0500] "GET /BLA/resoluciones/index.php?dir=AUTOS%2B2010/&sort=name&order=asc HTTP/1.1" 200 13688
201.245.192.253 - - [30/Dec/2022:01:28:56 -0500] "POST /kwsrmcab/Wsrmcab  HTTP/1.1" 200 44193
216.245.221.92 - - [30/Dec/2022:01:29:45 -0500] "HEAD / HTTP/1.1" 200 -
201.245.192.253 - - [30/Dec/2022:01:29:49 -0500] "POST /kwsrmcab/Wsrmcab HTTP/1.1" 200 43907
201.245.192.253 - - [30/Dec/2022:01:29:52 -0500] "POST /kwsrmcab/Wsrmcab HTTP/1.1" 200 43615
66.249.73.88 - - [30/Dec/2022:01:30:20 -0500] "-" 408 -
87.250.224.42 - - [30/Dec/2022:01:31:41 -0500] "-" 408 -
172.22.2.4 - - [30/Dec/2022:01:30:37 -0500] "HEAD /BLA/boletinlegal/ HTTP/1.1" 200 -
172.22.2.4 - - [30/Dec/2022:01:31:27 -0500] "GET /BLA/boletinlegal/ HTTP/1.1" 200 59404
201.245.192.253 - - [30/Dec/2022:01:33:55 -0500] "POST /kwsrmcab/Wsrmcab  HTTP/1.1" 200 44193
216.245.221.92 - - [30/Dec/2022:01:34:45 -0500] "HEAD / HTTP/1.1" 200 -
114.119.139.61 - - [30/Dec/2022:01:35:59 -0500] "GET /BLA/resoluciones/RESOLUCIONES%202018/1780.pdf HTTP/1.1" 200 3809123
207.46.13.198 - - [30/Dec/2022:01:37:44 -0500] "GET /BLA/resoluciones/RESOLUCIONES%202001/2001%20100-149.TIF HTTP/1.1" 200 9839060
172.22.2.4 - - [30/Dec/2022:01:36:27 -0500] "HEAD /BLA/boletinlegal/ HTTP/1.1" 200 -
201.245.192.253 - - [30/Dec/2022:01:38:54 -0500] "POST /kwsrmcab/Wsrmcab  HTTP/1.1" 200 44193
172.22.2.4 - - [30/Dec/2022:01:37:17 -0500] "GET /BLA/boletinlegal/ HTTP/1.1" 200 52079
172.22.2.4 - - [30/Dec/2022:01:37:54 -0500] "GET /BLA/boletinlegal/ HTTP/1.1" 200 55680
216.245.221.92 - - [30/Dec/2022:01:39:45 -0500] "HEAD / HTTP/1.1" 200 -
201.245.192.253 - - [30/Dec/2022:01:39:50 -0500] "POST /kwsrmcab/Wsrmcab HTTP/1.1" 200 43907
201.245.192.253 - - [30/Dec/2022:01:39:53 -0500] "POST /kwsrmcab/Wsrmcab HTTP/1.1" 200 43615
95.108.213.2 - - [30/Dec/2022:01:41:41 -0500] "-" 408 -
201.245.192.253 - - [30/Dec/2022:01:43:53 -0500] "POST /kwsrmcab/Wsrmcab  HTTP/1.1" 200 44193
172.22.2.4 - - [30/Dec/2022:01:42:17 -0500] "HEAD /BLA/boletinlegal/ HTTP/1.1" 200 -
216.245.221.92 - - [30/Dec/2022:01:44:45 -0500] "HEAD / HTTP/1.1" 200 -
172.22.2.4 - - [30/Dec/2022:01:43:07 -0500] "GET /BLA/boletinlegal/ HTTP/1.1" 200 58612
114.119.154.22 - - [30/Dec/2022:01:45:01 -0500] "GET /BLA/resoluciones/index.php?dir=Notificaciones/AUTOS%2B2018/&sort=name&order=asc HTTP/1.1" 200 13750
172.22.2.4 - - [30/Dec/2022:01:46:48 -0500] "GET /BLA/boletinlegal/?XDEBUG_SESSION_START=phpstorm HTTP/1.1" 200 36811
201.245.192.253 - - [30/Dec/2022:01:48:52 -0500] "POST /kwsrmcab/Wsrmcab  HTTP/1.1" 200 44193
216.245.221.92 - - [30/Dec/2022:01:49:45 -0500] "HEAD / HTTP/1.1" 200 -
172.22.2.4 - - [30/Dec/2022:01:48:07 -0500] "HEAD /BLA/boletinlegal/ HTTP/1.1" 200 -
172.22.2.4 - - [30/Dec/2022:01:48:57 -0500] "GET /BLA/boletinlegal/ HTTP/1.1" 200 58185
185.119.81.103 - - [30/Dec/2022:01:51:19 -0500] "GET /portaldeninos/wp-login.php HTTP/1.1" 200 2592
185.119.81.103 - - [30/Dec/2022:01:51:20 -0500] "POST /portaldeninos/wp-login.php HTTP/1.1" 200 3605
5.255.231.111 - - [30/Dec/2022:01:51:41 -0500] "-" 408 -
201.245.192.253 - - [30/Dec/2022:01:53:52 -0500] "POST /kwsrmcab/Wsrmcab  HTTP/1.1" 200 44193
114.119.152.230 - - [30/Dec/2022:01:54:38 -0500] "GET /autoliquidacion/index.php?dir=TR%C3%83%C2%83%C3%82%C2%83%C3%83%C2%82%C3%82%C2%AF%C3%83%C2%83%C3%82%C2%82%C3%83%C2%82%C3%82%C2%BF%C3%83%C2%83%C3%82%C2%82%C3%83%C2%82%C3%82%C2%BDMITES%2BAGUAS%2BSUBTERR%C3%83%C2%83%C3%82%C2%83%C3%83%C2%82%C3%82%C2%AF%C3%83%C2%83%C3%82%C2%82%C3%83%C2%82%C3%82%C2%BF%C3%83%C2%83%C3%82%C2%82%C3%83%C2%82%C3%82%C2%BDNEAS/&sort=date&order=asc HTTP/1.1" 200 7147
216.245.221.92 - - [30/Dec/2022:01:54:45 -0500] "HEAD / HTTP/1.1" 200 -
172.22.2.4 - - [30/Dec/2022:01:53:57 -0500] "HEAD /BLA/boletinlegal/ HTTP/1.1" 200 -
172.22.2.4 - - [30/Dec/2022:01:54:47 -0500] "GET /BLA/boletinlegal/ HTTP/1.1" 200 57192
152.61.128.50 - - [30/Dec/2022:01:57:09 -0500] "GET /arcgis/services/Calidad_del_Agua_WQI/MapServer/WMSServer?request=GetCapabilities&service=WMS HTTP/1.1" 503 1020
152.61.128.50 - - [30/Dec/2022:01:57:10 -0500] "GET /arcgis/services/Calidad_del_Agua_WQI/MapServer/WMSServer?SERVICE=WMS&REQUEST=GetCapabilities HTTP/1.1" 503 1020
152.61.128.50 - - [30/Dec/2022:01:57:11 -0500] "GET /arcgis/services/Calidad_del_Agua_WQI/MapServer/WMSServer?WMTVER=1.0.0&REQUEST=capabilities HTTP/1.1" 503 1020
152.61.192.232 - - [30/Dec/2022:01:57:23 -0500] "GET /arcgis/services/Calidad_del_Agua_WQI/MapServer/WMSServer?SERVICE=WMS&REQUEST=GetCapabilities HTTP/1.1" 503 1020
152.61.192.232 - - [30/Dec/2022:01:57:23 -0500] "GET /arcgis/services/Calidad_del_Agua_WQI/MapServer/WMSServer?WMTVER=1.0.0&REQUEST=capabilities HTTP/1.1" 503 1020
34.140.248.32 - - [30/Dec/2022:01:57:32 -0500] "GET / HTTP/1.1" 200 319
201.245.192.253 - - [30/Dec/2022:01:58:49 -0500] "POST /kwsrmcab/Wsrmcab  HTTP/1.1" 200 44193
216.245.221.92 - - [30/Dec/2022:01:59:45 -0500] "HEAD / HTTP/1.1" 200 -
128.14.209.162 - - [30/Dec/2022:02:01:24 -0500] "GET /portaldeninos/ HTTP/1.1" 200 110197
172.22.2.4 - - [30/Dec/2022:01:59:47 -0500] "HEAD /BLA/boletinlegal/ HTTP/1.1" 200 -
87.250.224.120 - - [30/Dec/2022:02:01:41 -0500] "-" 408 -
172.22.2.4 - - [30/Dec/2022:02:00:37 -0500] "GET /BLA/boletinlegal/ HTTP/1.1" 200 57824
114.119.139.212 - - [30/Dec/2022:02:02:54 -0500] "GET /BLA/resoluciones/index.php?dir=Notificaciones/REGISTROS%2B2015/&sort=size&order=desc HTTP/1.1" 200 13761
201.245.192.253 - - [30/Dec/2022:02:03:49 -0500] "POST /kwsrmcab/Wsrmcab  HTTP/1.1" 200 44193
216.245.221.92 - - [30/Dec/2022:02:04:45 -0500] "HEAD / HTTP/1.1" 200 -
172.105.38.190 - - [30/Dec/2022:02:07:05 -0500] "GET / HTTP/1.1" 200 319
172.22.2.4 - - [30/Dec/2022:02:05:37 -0500] "HEAD /BLA/boletinlegal/ HTTP/1.1" 200 -
172.22.2.4 - - [30/Dec/2022:02:06:27 -0500] "GET /BLA/boletinlegal/ HTTP/1.1" 200 59404
201.245.192.253 - - [30/Dec/2022:02:08:48 -0500] "POST /kwsrmcab/Wsrmcab  HTTP/1.1" 200 44193
216.245.221.92 - - [30/Dec/2022:02:09:45 -0500] "HEAD / HTTP/1.1" 200 -
114.119.146.12 - - [30/Dec/2022:02:10:01 -0500] "GET /BLA/resoluciones/RESOLUCIONES%202015/1050.pdf HTTP/1.1" 200 1892623
5.255.253.116 - - [30/Dec/2022:02:11:41 -0500] "-" 408 -
172.22.2.4 - - [30/Dec/2022:02:11:27 -0500] "HEAD /BLA/boletinlegal/ HTTP/1.1" 200 -
66.249.73.97 - - [30/Dec/2022:02:13:35 -0500] "-" 408 -
201.245.192.253 - - [30/Dec/2022:02:13:46 -0500] "POST /kwsrmcab/Wsrmcab  HTTP/1.1" 200 44193
172.22.2.4 - - [30/Dec/2022:02:12:17 -0500] "GET /BLA/boletinlegal/ HTTP/1.1" 200 53337
216.245.221.92 - - [30/Dec/2022:02:14:45 -0500] "HEAD / HTTP/1.1" 200 -
66.249.65.215 - - [30/Dec/2022:02:15:20 -0500] "-" 408 -
114.119.159.233 - - [30/Dec/2022:02:16:52 -0500] "GET /BLA/resoluciones/RESOLUCIONES%202013/0813.pdf HTTP/1.1" 200 3640781
201.245.192.253 - - [30/Dec/2022:02:18:46 -0500] "POST /kwsrmcab/Wsrmcab  HTTP/1.1" 200 44193
172.22.2.4 - - [30/Dec/2022:02:17:17 -0500] "HEAD /BLA/boletinlegal/ HTTP/1.1" 200 -
216.245.221.92 - - [30/Dec/2022:02:19:45 -0500] "HEAD / HTTP/1.1" 200 -
172.22.2.4 - - [30/Dec/2022:02:18:07 -0500] "GET /BLA/boletinlegal/ HTTP/1.1" 200 52942
201.245.192.253 - - [30/Dec/2022:02:19:49 -0500] "POST /kwsrmcab/Wsrmcab HTTP/1.1" 200 44068
201.245.192.253 - - [30/Dec/2022:02:19:52 -0500] "POST /kwsrmcab/Wsrmcab HTTP/1.1" 200 43784
87.250.224.54 - - [30/Dec/2022:02:21:41 -0500] "-" 408 -
201.245.192.253 - - [30/Dec/2022:02:23:45 -0500] "POST /kwsrmcab/Wsrmcab  HTTP/1.1" 200 44193
216.245.221.92 - - [30/Dec/2022:02:24:45 -0500] "HEAD / HTTP/1.1" 200 -
172.22.2.4 - - [30/Dec/2022:02:23:07 -0500] "HEAD /BLA/boletinlegal/ HTTP/1.1" 200 -
114.119.139.43 - - [30/Dec/2022:02:24:56 -0500] "GET /autoliquidacion/index.php?dir=Solicitud%2Bde%2Bexpedici%C3%83%C2%AF%C3%82%C2%BF%C3%82%C2%BDn%2Bde%2Bcertificados%2Bde%2Bestado%2Bde%2Bconservaci%C3%83%C2%AF%C3%82%C2%BF%C3%82%C2%BDn%2Bambiental%2B(CECA)/&sort=name&order=asc HTTP/1.1" 200 7096
172.22.2.4 - - [30/Dec/2022:02:23:57 -0500] "GET /BLA/boletinlegal/ HTTP/1.1" 200 52453
172.22.2.4 - - [30/Dec/2022:02:26:14 -0500] "GET /BLA/boletinlegal/jurisprudencia/analisis/Analisis%20Sentencia%20T-1077,%202%20corregida.doc HTTP/1.1" 200 47616
201.245.192.253 - - [30/Dec/2022:02:28:44 -0500] "POST /kwsrmcab/Wsrmcab  HTTP/1.1" 200 44193
216.245.221.92 - - [30/Dec/2022:02:29:45 -0500] "HEAD / HTTP/1.1" 200 -
201.245.192.253 - - [30/Dec/2022:02:29:50 -0500] "POST /kwsrmcab/Wsrmcab HTTP/1.1" 200 44068
201.245.192.253 - - [30/Dec/2022:02:29:52 -0500] "POST /kwsrmcab/Wsrmcab HTTP/1.1" 200 43784
185.119.81.103 - - [30/Dec/2022:02:30:07 -0500] "GET /portaldeninos/wp-login.php HTTP/1.1" 200 2592
185.119.81.103 - - [30/Dec/2022:02:30:08 -0500] "POST /portaldeninos/wp-login.php HTTP/1.1" 200 3670
172.22.2.4 - - [30/Dec/2022:02:28:57 -0500] "HEAD /BLA/boletinlegal/ HTTP/1.1" 200 -
172.22.2.4 - - [30/Dec/2022:02:29:47 -0500] "GET /BLA/boletinlegal/ HTTP/1.1" 200 53739
213.180.203.77 - - [30/Dec/2022:02:31:41 -0500] "-" 408 -
114.119.148.0 - - [30/Dec/2022:02:31:59 -0500] "GET /Publicaciones/2020EE213563.pdf HTTP/1.1" 404 228
207.46.13.192 - - [30/Dec/2022:02:33:31 -0500] "GET / HTTP/1.1" 200 319
186.84.22.44 - - [30/Dec/2022:02:33:38 -0500] "GET /galeria/galeria/jquery.fancybox.js?v=2.1.5 HTTP/1.1" 200 48706
186.84.22.44 - - [30/Dec/2022:02:33:38 -0500] "GET /galeria/galeria/jquery.fancybox.css?v=2.1.5 HTTP/1.1" 200 4895
186.84.22.44 - - [30/Dec/2022:02:33:38 -0500] "GET /BLA/boletinlegal/js/jquery.scrollShow.js HTTP/1.1" 200 4586
162.55.165.184 - - [30/Dec/2022:02:33:46 -0500] "GET / HTTP/1.1" 200 319
201.245.192.253 - - [30/Dec/2022:02:33:43 -0500] "POST /kwsrmcab/Wsrmcab  HTTP/1.1" 200 44193
216.245.221.92 - - [30/Dec/2022:02:34:45 -0500] "HEAD / HTTP/1.1" 200 -
184.105.247.236 - - [30/Dec/2022:02:36:26 -0500] "GET /favicon.ico HTTP/1.1" 200 7782
172.22.2.4 - - [30/Dec/2022:02:34:47 -0500] "HEAD /BLA/boletinlegal/ HTTP/1.1" 200 -
172.22.2.4 - - [30/Dec/2022:02:35:37 -0500] "GET /BLA/boletinlegal/ HTTP/1.1" 200 52453
209.141.40.109 - - [30/Dec/2022:02:38:43 -0500] "GET / HTTP/1.1" 200 319
201.245.192.253 - - [30/Dec/2022:02:38:43 -0500] "POST /kwsrmcab/Wsrmcab  HTTP/1.1" 200 44193
114.119.148.191 - - [30/Dec/2022:02:39:19 -0500] "GET /BLA/resoluciones/index.php?dir=Notificaciones/REGISTROS%2B2017/&sort=name&order=desc HTTP/1.1" 200 13761
216.245.221.92 - - [30/Dec/2022:02:39:45 -0500] "HEAD / HTTP/1.1" 200 -
201.245.192.253 - - [30/Dec/2022:02:39:49 -0500] "POST /kwsrmcab/Wsrmcab HTTP/1.1" 200 44068
201.245.192.253 - - [30/Dec/2022:02:39:52 -0500] "POST /kwsrmcab/Wsrmcab HTTP/1.1" 200 43784
5.255.231.106 - - [30/Dec/2022:02:41:41 -0500] "-" 408 -
162.55.175.158 - - [30/Dec/2022:02:42:04 -0500] "GET / HTTP/1.1" 200 319
172.22.2.4 - - [30/Dec/2022:02:40:37 -0500] "HEAD /BLA/boletinlegal/ HTTP/1.1" 200 -
172.22.2.4 - - [30/Dec/2022:02:41:27 -0500] "GET /BLA/boletinlegal/ HTTP/1.1" 200 57824
201.245.192.253 - - [30/Dec/2022:02:43:41 -0500] "POST /kwsrmcab/Wsrmcab  HTTP/1.1" 200 44193
216.245.221.92 - - [30/Dec/2022:02:44:45 -0500] "HEAD / HTTP/1.1" 200 -
114.119.132.45 - - [30/Dec/2022:02:45:43 -0500] "GET /BLA/resoluciones/index.php?dir=2018/&sort=date&order=desc HTTP/1.1" 200 1607
172.22.2.4 - - [30/Dec/2022:02:46:00 -0500] "GET /BLA/boletinlegal/phpmyadmin/ HTTP/1.1" 404 1018
172.22.2.4 - - [30/Dec/2022:02:47:48 -0500] "GET /BLA/boletinlegal/owa/auth/logon.aspx?url=https%3a%2f%2f1%2fecp%2f HTTP/1.1" 404 1018
172.22.2.4 - - [30/Dec/2022:02:46:27 -0500] "HEAD /BLA/boletinlegal/ HTTP/1.1" 200 -
201.245.192.253 - - [30/Dec/2022:02:48:40 -0500] "POST /kwsrmcab/Wsrmcab  HTTP/1.1" 200 44193
172.22.2.4 - - [30/Dec/2022:02:47:17 -0500] "GET /BLA/boletinlegal/ HTTP/1.1" 200 52453
216.245.221.92 - - [30/Dec/2022:02:49:45 -0500] "HEAD / HTTP/1.1" 200 -
209.141.35.50 - - [30/Dec/2022:02:50:16 -0500] "GET / HTTP/1.1" 200 319
5.255.253.123 - - [30/Dec/2022:02:51:41 -0500] "-" 408 -
114.119.136.76 - - [30/Dec/2022:02:51:57 -0500] "GET /BLA/resoluciones/RESOLUCIONES%202017/2915.pdf HTTP/1.1" 200 367766
157.55.39.100 - - [30/Dec/2022:02:52:49 -0500] "GET /portaldeninos/aulas-ambientales/aula-ambiental-sorotama/ HTTP/1.1" 200 89596
157.55.39.100 - - [30/Dec/2022:02:52:58 -0500] "GET /portaldeninos/aulas-ambientales/aula-ambiental-sorotama/ HTTP/1.1" 200 89596
201.245.192.253 - - [30/Dec/2022:02:53:39 -0500] "POST /kwsrmcab/Wsrmcab  HTTP/1.1" 200 44193
172.22.2.4 - - [30/Dec/2022:02:52:17 -0500] "HEAD /BLA/boletinlegal/ HTTP/1.1" 200 -
157.55.39.100 - - [30/Dec/2022:02:54:20 -0500] "GET /portaldeninos/aulas-ambientales/aula-ambiental-sorotama/ HTTP/1.1" 200 89596
216.245.221.92 - - [30/Dec/2022:02:54:45 -0500] "HEAD / HTTP/1.1" 200 -
172.22.2.4 - - [30/Dec/2022:02:53:07 -0500] "GET /BLA/boletinlegal/ HTTP/1.1" 200 53739
172.22.2.4 - - [30/Dec/2022:02:54:50 -0500] "GET /BLA/boletinlegal/.env HTTP/1.1" 404 1018
172.22.2.4 - - [30/Dec/2022:02:54:50 -0500] "POST /BLA/boletinlegal/ HTTP/1.1" 200 24523
66.249.73.97 - - [30/Dec/2022:02:58:35 -0500] "-" 408 -
201.245.192.253 - - [30/Dec/2022:02:58:38 -0500] "POST /kwsrmcab/Wsrmcab  HTTP/1.1" 200 44193
114.119.151.206 - - [30/Dec/2022:02:59:09 -0500] "GET /BLA/resoluciones/RESOLUCIONES%202017/0647.pdf HTTP/1.1" 200 760815
207.46.13.198 - - [30/Dec/2022:02:59:12 -0500] "GET /Publicaciones/2022EE138031.pdf HTTP/1.1" 404 228
216.245.221.92 - - [30/Dec/2022:02:59:45 -0500] "HEAD / HTTP/1.1" 200 -
172.22.2.4 - - [30/Dec/2022:02:58:07 -0500] "HEAD /BLA/boletinlegal/ HTTP/1.1" 200 -
172.22.2.4 - - [30/Dec/2022:02:58:57 -0500] "GET /BLA/boletinlegal/ HTTP/1.1" 200 57824
87.250.224.193 - - [30/Dec/2022:03:01:41 -0500] "-" 408 -
201.245.192.253 - - [30/Dec/2022:03:03:36 -0500] "POST /kwsrmcab/Wsrmcab  HTTP/1.1" 200 44193
216.245.221.92 - - [30/Dec/2022:03:04:45 -0500] "HEAD / HTTP/1.1" 200 -
172.22.2.4 - - [30/Dec/2022:03:03:57 -0500] "HEAD /BLA/boletinlegal/ HTTP/1.1" 200 -
94.176.49.225 - - [30/Dec/2022:03:05:41 -0500] "GET /dos-mamiferos-y-63-aves-volvieron-a-la-libertad-en-el-humedal-la-conejera.html HTTP/1.1" 200 877
114.119.141.9 - - [30/Dec/2022:03:06:14 -0500] "GET /BLA/resoluciones/RESOLUCIONES%202010/7862.pdf HTTP/1.1" 200 190807
172.22.2.4 - - [30/Dec/2022:03:04:47 -0500] "GET /BLA/boletinlegal/ HTTP/1.1" 200 54816
201.245.192.253 - - [30/Dec/2022:03:08:35 -0500] "POST /kwsrmcab/Wsrmcab  HTTP/1.1" 200 44193
216.245.221.92 - - [30/Dec/2022:03:09:45 -0500] "HEAD / HTTP/1.1" 200 -
172.22.2.4 - - [30/Dec/2022:03:09:47 -0500] "HEAD /BLA/boletinlegal/ HTTP/1.1" 200 -
172.22.2.4 - - [30/Dec/2022:03:10:37 -0500] "GET /BLA/boletinlegal/ HTTP/1.1" 200 32715
5.255.253.179 - - [30/Dec/2022:03:11:41 -0500] "-" 408 -
172.22.2.4 - - [30/Dec/2022:03:10:37 -0500] "GET /BLA/boletinlegal/ HTTP/1.1" 200 54452
114.119.151.184 - - [30/Dec/2022:03:12:33 -0500] "GET /BLA/resoluciones/RESOLUCIONES%202010/7558.pdf HTTP/1.1" 200 71133
40.77.167.12 - - [30/Dec/2022:03:12:45 -0500] "GET /BLA/resoluciones/RESOLUCIONES%202021/5239.pdf HTTP/1.1" 304 -
201.245.192.253 - - [30/Dec/2022:03:13:34 -0500] "POST /kwsrmcab/Wsrmcab  HTTP/1.1" 200 44193
216.245.221.92 - - [30/Dec/2022:03:14:45 -0500] "HEAD / HTTP/1.1" 200 -
172.22.2.4 - - [30/Dec/2022:03:14:36 -0500] "GET /BLA/boletinlegal/ HTTP/1.1" 200 36811
172.22.2.4 - - [30/Dec/2022:03:15:37 -0500] "HEAD /BLA/boletinlegal/ HTTP/1.1" 200 -
172.22.2.4 - - [30/Dec/2022:03:16:27 -0500] "GET /BLA/boletinlegal/ HTTP/1.1" 200 57192
201.245.192.253 - - [30/Dec/2022:03:18:32 -0500] "POST /kwsrmcab/Wsrmcab  HTTP/1.1" 200 44193
114.119.130.125 - - [30/Dec/2022:03:18:45 -0500] "GET /BLA/resoluciones/RESOLUCIONES%202010/7498.pdf HTTP/1.1" 200 35579
172.22.2.4 - - [30/Dec/2022:03:19:17 -0500] "GET /BLA/boletinlegal/autodiscover/autodiscover.json?@zdi/Powershell HTTP/1.1" 404 1018
216.245.221.92 - - [30/Dec/2022:03:19:45 -0500] "HEAD / HTTP/1.1" 200 -
201.245.192.253 - - [30/Dec/2022:03:19:49 -0500] "POST /kwsrmcab/Wsrmcab HTTP/1.1" 200 43913
201.245.192.253 - - [30/Dec/2022:03:19:52 -0500] "POST /kwsrmcab/Wsrmcab HTTP/1.1" 200 43944
40.77.167.12 - - [30/Dec/2022:03:20:16 -0500] "GET /IsolucionSDA/bancoconocimiento/M/MantenimientodelParqueAutomotor_v6/MantenimientodelParqueAutomotor_v6.asp?IdArticulo=3524 HTTP/1.1" 404 5040
172.22.2.4 - - [30/Dec/2022:03:21:27 -0500] "HEAD /BLA/boletinlegal/ HTTP/1.1" 200 -
201.245.192.253 - - [30/Dec/2022:03:23:32 -0500] "POST /kwsrmcab/Wsrmcab  HTTP/1.1" 200 44193
172.22.2.4 - - [30/Dec/2022:03:22:17 -0500] "GET /BLA/boletinlegal/ HTTP/1.1" 200 56474
216.245.221.92 - - [30/Dec/2022:03:24:45 -0500] "HEAD / HTTP/1.1" 200 -
114.119.156.138 - - [30/Dec/2022:03:24:52 -0500] "GET /BLA/resoluciones/RESOLUCIONES%202010/7339.pdf HTTP/1.1" 200 243990
201.245.192.253 - - [30/Dec/2022:03:28:30 -0500] "POST /kwsrmcab/Wsrmcab  HTTP/1.1" 200 44193
172.22.2.4 - - [30/Dec/2022:03:27:17 -0500] "HEAD /BLA/boletinlegal/ HTTP/1.1" 200 -
216.245.221.92 - - [30/Dec/2022:03:29:45 -0500] "HEAD / HTTP/1.1" 200 -
172.22.2.4 - - [30/Dec/2022:03:28:07 -0500] "GET /BLA/boletinlegal/ HTTP/1.1" 200 54816
201.245.192.253 - - [30/Dec/2022:03:29:49 -0500] "POST /kwsrmcab/Wsrmcab HTTP/1.1" 200 43913
201.245.192.253 - - [30/Dec/2022:03:29:51 -0500] "POST /kwsrmcab/Wsrmcab HTTP/1.1" 200 43944
114.119.145.137 - - [30/Dec/2022:03:31:09 -0500] "GET /sig/Gesti%C3%B3n%20Ambiental/126PM03-PR05.pdf HTTP/1.1" 200 354371
201.245.192.253 - - [30/Dec/2022:03:33:29 -0500] "POST /kwsrmcab/Wsrmcab  HTTP/1.1" 200 44193
216.245.221.92 - - [30/Dec/2022:03:34:45 -0500] "HEAD / HTTP/1.1" 200 -
172.22.2.4 - - [30/Dec/2022:03:33:07 -0500] "HEAD /BLA/boletinlegal/ HTTP/1.1" 200 -
172.22.2.4 - - [30/Dec/2022:03:33:57 -0500] "GET /BLA/boletinlegal/ HTTP/1.1" 200 57192
114.119.152.33 - - [30/Dec/2022:03:35:42 -0500] "GET /autoliquidacion/index.php?dir=TR%C3%AF%C2%BF%C2%BDMITES%2BACEITES-RESIDUOS-ESTACIONES/&sort=name&order=desc HTTP/1.1" 200 6906
201.245.192.253 - - [30/Dec/2022:03:38:28 -0500] "POST /kwsrmcab/Wsrmcab  HTTP/1.1" 200 44193
172.22.2.4 - - [30/Dec/2022:03:38:02 -0500] "GET /BLA/boletinlegal/ HTTP/1.1" 200 36811
114.119.142.7 - - [30/Dec/2022:03:39:37 -0500] "GET /autoliquidacion/index.php?dir=TR%C3%83%C2%83%C3%82%C2%AF%C3%83%C2%82%C3%82%C2%BF%C3%83%C2%82%C3%82%C2%BDMITES%2BACEITES-RESIDUOS-ESTACIONES/&sort=date&order=asc HTTP/1.1" 200 6961
216.245.221.92 - - [30/Dec/2022:03:39:45 -0500] "HEAD / HTTP/1.1" 200 -
201.245.192.253 - - [30/Dec/2022:03:39:49 -0500] "POST /kwsrmcab/Wsrmcab HTTP/1.1" 200 43913
201.245.192.253 - - [30/Dec/2022:03:39:52 -0500] "POST /kwsrmcab/Wsrmcab HTTP/1.1" 200 43944
172.22.2.4 - - [30/Dec/2022:03:38:57 -0500] "HEAD /BLA/boletinlegal/ HTTP/1.1" 200 -
172.22.2.4 - - [30/Dec/2022:03:39:47 -0500] "GET /BLA/boletinlegal/ HTTP/1.1" 200 57192
162.55.166.12 - - [30/Dec/2022:03:42:43 -0500] "GET / HTTP/1.1" 200 319
114.119.135.207 - - [30/Dec/2022:03:43:19 -0500] "GET /BLA/resoluciones/index.php?dir=AUTOS%2B2017/&sort=size&order=asc HTTP/1.1" 200 13688
201.245.192.253 - - [30/Dec/2022:03:43:26 -0500] "POST /kwsrmcab/Wsrmcab  HTTP/1.1" 200 44193
216.245.221.92 - - [30/Dec/2022:03:44:45 -0500] "HEAD / HTTP/1.1" 200 -
40.77.167.33 - - [30/Dec/2022:03:45:40 -0500] "GET /bla/resoluciones/notificaciones/autos%202018/03219.pdf HTTP/1.1" 304 -
114.119.128.19 - - [30/Dec/2022:03:46:05 -0500] "GET /BLA/resoluciones/RESOLUCIONES%202018/3650.pdf HTTP/1.1" 200 428921
172.22.2.4 - - [30/Dec/2022:03:44:47 -0500] "HEAD /BLA/boletinlegal/ HTTP/1.1" 200 -
172.22.2.4 - - [30/Dec/2022:03:45:37 -0500] "GET /BLA/boletinlegal/ HTTP/1.1" 200 52079
66.249.73.100 - - [30/Dec/2022:03:47:30 -0500] "-" 408 -
201.245.192.253 - - [30/Dec/2022:03:48:26 -0500] "POST /kwsrmcab/Wsrmcab  HTTP/1.1" 200 44193
114.119.129.199 - - [30/Dec/2022:03:49:10 -0500] "GET /BLA/resoluciones/RESOLUCIONES%202018/1643.pdf HTTP/1.1" 200 3792194
216.245.221.92 - - [30/Dec/2022:03:49:45 -0500] "HEAD / HTTP/1.1" 200 -
172.22.2.4 - - [30/Dec/2022:03:49:46 -0500] "GET /BLA/boletinlegal/robots.txt HTTP/1.1" 404 1038
157.55.39.100 - - [30/Dec/2022:03:50:08 -0500] "GET / HTTP/1.1" 200 4720
40.77.167.25 - - [30/Dec/2022:03:50:12 -0500] "GET /bla/resoluciones/notificaciones/autos%202018/5807.pdf HTTP/1.1" 304 -
172.22.2.4 - - [30/Dec/2022:03:49:47 -0500] "GET /BLA/boletinlegal/index.php HTTP/1.1" 200 57192
114.119.136.32 - - [30/Dec/2022:03:51:59 -0500] "GET /BLA/resoluciones/RESOLUCIONES%202018/1555.pdf HTTP/1.1" 200 308745
172.22.2.4 - - [30/Dec/2022:03:50:37 -0500] "HEAD /BLA/boletinlegal/ HTTP/1.1" 200 -
172.22.2.4 - - [30/Dec/2022:03:51:27 -0500] "GET /BLA/boletinlegal/ HTTP/1.1" 200 56825
201.245.192.253 - - [30/Dec/2022:03:53:25 -0500] "POST /kwsrmcab/Wsrmcab  HTTP/1.1" 200 44193
172.22.2.4 - - [30/Dec/2022:03:53:38 -0500] "GET /BLA/boletinlegal/actuator/gateway/routes HTTP/1.1" 404 1018
216.245.221.92 - - [30/Dec/2022:03:54:45 -0500] "HEAD / HTTP/1.1" 200 -
114.119.146.38 - - [30/Dec/2022:03:55:21 -0500] "GET /BLA/resoluciones/RESOLUCIONES%202018/1388.pdf HTTP/1.1" 200 567521
114.119.157.37 - - [30/Dec/2022:03:57:29 -0500] "GET /BLA/resoluciones/RESOLUCIONES%202018/1095.pdf HTTP/1.1" 200 382727
172.22.2.4 - - [30/Dec/2022:03:56:27 -0500] "HEAD /BLA/boletinlegal/ HTTP/1.1" 200 -
201.245.192.253 - - [30/Dec/2022:03:58:24 -0500] "POST /kwsrmcab/Wsrmcab  HTTP/1.1" 200 44193
104.208.26.144 - - [30/Dec/2022:03:58:55 -0500] "GET /ahora-se-pueden-reservar-visitas-a-los-senderos-de-bogota-en-la-nueva-app-caminos-de-los-cerros-orientales.html HTTP/1.1" 200 972
172.22.2.4 - - [30/Dec/2022:03:57:17 -0500] "GET /BLA/boletinlegal/ HTTP/1.1" 200 57192
216.245.221.92 - - [30/Dec/2022:03:59:45 -0500] "HEAD / HTTP/1.1" 200 -
114.119.143.187 - - [30/Dec/2022:04:01:01 -0500] "GET /BLA/resoluciones/RESOLUCIONES%202017/0880.pdf HTTP/1.1" 200 8026361
207.46.13.192 - - [30/Dec/2022:04:01:07 -0500] "GET /BLA/boletinlegal/doctrina.php HTTP/1.1" 200 5604
157.55.39.172 - - [30/Dec/2022:04:01:27 -0500] "GET /BLA/boletinlegal/js/jquery1.js HTTP/1.1" 200 29846
157.55.39.172 - - [30/Dec/2022:04:01:28 -0500] "GET /BLA/boletinlegal/js/popup.js HTTP/1.1" 200 1270
157.55.39.172 - - [30/Dec/2022:04:01:28 -0500] "GET /BLA/boletinlegal/style.css HTTP/1.1" 200 9406
207.46.13.198 - - [30/Dec/2022:04:01:29 -0500] "GET /BLA/boletinlegal/js/lib.js HTTP/1.1" 200 6474
207.46.13.192 - - [30/Dec/2022:04:01:31 -0500] "GET /BLA/boletinlegal/js/ajax_doctrina.js HTTP/1.1" 200 772
172.22.2.4 - - [30/Dec/2022:04:02:53 -0500] "GET /BLA/boletinlegal/favicon.ico HTTP/1.1" 404 1018
114.119.151.219 - - [30/Dec/2022:04:03:09 -0500] "GET /BLA/resoluciones/RESOLUCIONES%202017/0083.pdf HTTP/1.1" 200 684497
172.22.2.4 - - [30/Dec/2022:04:02:37 -0500] "GET /BLA/boletinlegal/ HTTP/1.1" 200 20427
201.245.192.253 - - [30/Dec/2022:04:03:23 -0500] "POST /kwsrmcab/Wsrmcab  HTTP/1.1" 200 44193
172.22.2.4 - - [30/Dec/2022:04:02:38 -0500] "GET /BLA/boletinlegal/ HTTP/1.1" 200 32715
172.22.2.4 - - [30/Dec/2022:04:02:17 -0500] "HEAD /BLA/boletinlegal/ HTTP/1.1" 200 -
38.242.219.189 - - [30/Dec/2022:04:03:58 -0500] "\x16\x03\x01" 400 226
38.242.219.189 - - [30/Dec/2022:04:03:58 -0500] "GET / HTTP/1.1" 200 319
216.245.221.92 - - [30/Dec/2022:04:04:45 -0500] "HEAD / HTTP/1.1" 200 -
172.22.2.4 - - [30/Dec/2022:04:03:07 -0500] "GET /BLA/boletinlegal/ HTTP/1.1" 200 52942
114.119.138.214 - - [30/Dec/2022:04:06:18 -0500] "GET /BLA/resoluciones/RESOLUCIONES%202013/2796.pdf HTTP/1.1" 200 1177022
201.245.192.253 - - [30/Dec/2022:04:08:21 -0500] "POST /kwsrmcab/Wsrmcab  HTTP/1.1" 200 44193
114.119.155.236 - - [30/Dec/2022:04:08:48 -0500] "GET /BLA/resoluciones/RESOLUCIONES%202011/1852.pdf HTTP/1.1" 200 1008778
172.22.2.4 - - [30/Dec/2022:04:09:02 -0500] "GET /BLA/boletinlegal/jurisprudencia/analisis/analisis%20C-595-2010.doc HTTP/1.1" 304 -
185.119.81.103 - - [30/Dec/2022:04:09:42 -0500] "GET /portaldeninos/wp-login.php HTTP/1.1" 200 2592
185.119.81.103 - - [30/Dec/2022:04:09:43 -0500] "POST /portaldeninos/wp-login.php HTTP/1.1" 200 3650
216.245.221.92 - - [30/Dec/2022:04:09:45 -0500] "HEAD / HTTP/1.1" 200 -
172.22.2.4 - - [30/Dec/2022:04:08:07 -0500] "HEAD /BLA/boletinlegal/ HTTP/1.1" 200 -
172.22.2.4 - - [30/Dec/2022:04:08:57 -0500] "GET /BLA/boletinlegal/ HTTP/1.1" 200 59404
77.234.254.197 - - [30/Dec/2022:04:10:53 -0500] "GET / HTTP/1.1" 200 319
114.119.137.38 - - [30/Dec/2022:04:12:15 -0500] "GET /BLA/resoluciones/RESOLUCIONES%202010/7149.pdf HTTP/1.1" 200 376459
201.245.192.253 - - [30/Dec/2022:04:13:20 -0500] "POST /kwsrmcab/Wsrmcab  HTTP/1.1" 200 44193
216.245.221.92 - - [30/Dec/2022:04:14:45 -0500] "HEAD / HTTP/1.1" 200 -
114.119.158.106 - - [30/Dec/2022:04:15:03 -0500] "GET /BLA/resoluciones/RESOLUCIONES%202010/6911.pdf HTTP/1.1" 200 315331
172.22.2.4 - - [30/Dec/2022:04:13:57 -0500] "HEAD /BLA/boletinlegal/ HTTP/1.1" 200 -
172.22.2.4 - - [30/Dec/2022:04:14:47 -0500] "GET /BLA/boletinlegal/ HTTP/1.1" 200 57824
66.249.73.86 - - [30/Dec/2022:04:17:35 -0500] "-" 408 -
114.119.156.209 - - [30/Dec/2022:04:18:15 -0500] "GET /BLA/resoluciones/RESOLUCIONES%202010/6636.pdf HTTP/1.1" 200 182579
201.245.192.253 - - [30/Dec/2022:04:18:18 -0500] "POST /kwsrmcab/Wsrmcab  HTTP/1.1" 200 44193
199.16.157.183 - - [30/Dec/2022:04:18:29 -0500] "GET /images/prendas-1_optimized.jpeg HTTP/1.1" 200 65869
199.16.157.181 - - [30/Dec/2022:04:18:29 -0500] "GET /si-tienes-ropa-y-calzado-que-ya-no-usas-aca-te-presentamos-seis-puntos-a-donde-los-puedes-llevar.html HTTP/1.1" 200 872
216.245.221.92 - - [30/Dec/2022:04:19:45 -0500] "HEAD / HTTP/1.1" 200 -
201.245.192.253 - - [30/Dec/2022:04:19:49 -0500] "POST /kwsrmcab/Wsrmcab HTTP/1.1" 200 43912
201.245.192.253 - - [30/Dec/2022:04:19:52 -0500] "POST /kwsrmcab/Wsrmcab HTTP/1.1" 200 43922
172.22.2.4 - - [30/Dec/2022:04:20:56 -0500] "GET /BLA/boletinlegal/conceptos.php HTTP/1.1" 200 7450
157.55.39.172 - - [30/Dec/2022:04:21:00 -0500] "GET /bla/resoluciones/notificaciones/autos%202020/3869.pdf HTTP/1.1" 304 -
172.22.2.4 - - [30/Dec/2022:04:21:14 -0500] "GET /BLA/boletinlegal/js/ajax_conceptos.js HTTP/1.1" 200 1326
172.22.2.4 - - [30/Dec/2022:04:21:14 -0500] "GET /BLA/boletinlegal/style.css HTTP/1.1" 200 9406
172.22.2.4 - - [30/Dec/2022:04:21:15 -0500] "GET /BLA/boletinlegal/styles2.css HTTP/1.1" 200 1838
172.22.2.4 - - [30/Dec/2022:04:21:19 -0500] "GET /BLA/boletinlegal/niceforms-default.css HTTP/1.1" 200 6694
172.22.2.4 - - [30/Dec/2022:04:21:19 -0500] "GET /BLA/boletinlegal/niceforms.js HTTP/1.1" 200 22876
172.22.2.4 - - [30/Dec/2022:04:19:47 -0500] "HEAD /BLA/boletinlegal/ HTTP/1.1" 200 -
172.22.2.4 - - [30/Dec/2022:04:20:37 -0500] "GET /BLA/boletinlegal/ HTTP/1.1" 200 55680
114.119.147.91 - - [30/Dec/2022:04:23:01 -0500] "GET /BLA/resoluciones/RESOLUCIONES%202010/6525.pdf HTTP/1.1" 200 273668
201.245.192.253 - - [30/Dec/2022:04:23:15 -0500] "POST /kwsrmcab/Wsrmcab  HTTP/1.1" 200 44193
69.63.189.117 - - [30/Dec/2022:04:23:42 -0500] "GET /images/jornadas-llantas-usadas-23-mayo.jpg HTTP/1.1" 200 148376
69.63.189.4 - - [30/Dec/2022:04:23:42 -0500] "GET /images/feria-servicios-12-mayo-principal.jpg HTTP/1.1" 200 44744
69.63.189.4 - - [30/Dec/2022:04:23:44 -0500] "GET /images/cerros-bogota-2-mayo.jpg HTTP/1.1" 200 98367
69.63.189.119 - - [30/Dec/2022:04:23:46 -0500] "GET /images/acuerdos-enero-19.jpg HTTP/1.1" 200 56694
69.63.189.117 - - [30/Dec/2022:04:23:47 -0500] "GET /images/cuco-americano-23-noviembre.jpg HTTP/1.1" 200 34532
157.55.39.194 - - [30/Dec/2022:04:24:25 -0500] "GET /bla/resoluciones/notificaciones/registros%202017/0980.pdf HTTP/1.1" 304 -
216.245.221.92 - - [30/Dec/2022:04:24:45 -0500] "HEAD / HTTP/1.1" 200 -
199.16.157.183 - - [30/Dec/2022:04:26:06 -0500] "GET /images/prendas-1_optimized.jpeg HTTP/1.1" 200 65869
185.119.81.103 - - [30/Dec/2022:04:26:56 -0500] "GET /portaldeninos/wp-login.php HTTP/1.1" 200 2592
185.119.81.103 - - [30/Dec/2022:04:26:57 -0500] "POST /portaldeninos/wp-login.php HTTP/1.1" 200 3605
172.22.2.4 - - [30/Dec/2022:04:25:37 -0500] "HEAD /BLA/boletinlegal/ HTTP/1.1" 200 -
205.185.118.237 - - [30/Dec/2022:04:27:45 -0500] "POST /boaform/admin/formLogin HTTP/1.1" 404 1186
172.22.2.4 - - [30/Dec/2022:04:26:27 -0500] "GET /BLA/boletinlegal/ HTTP/1.1" 200 59404
201.245.192.253 - - [30/Dec/2022:04:28:13 -0500] "POST /kwsrmcab/Wsrmcab  HTTP/1.1" 200 44193
216.245.221.92 - - [30/Dec/2022:04:29:45 -0500] "HEAD / HTTP/1.1" 200 -
201.245.192.253 - - [30/Dec/2022:04:29:49 -0500] "POST /kwsrmcab/Wsrmcab HTTP/1.1" 200 43912
201.245.192.253 - - [30/Dec/2022:04:29:52 -0500] "POST /kwsrmcab/Wsrmcab HTTP/1.1" 200 43922
114.119.139.246 - - [30/Dec/2022:04:30:48 -0500] "GET /BLA/resoluciones/RESOLUCIONES%202010/6518.pdf HTTP/1.1" 200 704805
172.22.2.4 - - [30/Dec/2022:04:31:27 -0500] "HEAD /BLA/boletinlegal/ HTTP/1.1" 200 -
172.22.2.4 - - [30/Dec/2022:04:33:12 -0500] "GET /BLA/boletinlegal/actos.php HTTP/1.1" 200 9566
201.245.192.253 - - [30/Dec/2022:04:33:11 -0500] "POST /kwsrmcab/Wsrmcab  HTTP/1.1" 200 44193
172.22.2.4 - - [30/Dec/2022:04:33:14 -0500] "GET /BLA/boletinlegal/favicon.ico HTTP/1.1" 404 1326
172.22.2.4 - - [30/Dec/2022:04:32:17 -0500] "GET /BLA/boletinlegal/ HTTP/1.1" 200 55272
216.245.221.92 - - [30/Dec/2022:04:34:45 -0500] "HEAD / HTTP/1.1" 200 -
172.22.2.4 - - [30/Dec/2022:04:35:11 -0500] "POST /BLA/boletinlegal/sdk HTTP/1.1" 404 1018
172.22.2.4 - - [30/Dec/2022:04:35:12 -0500] "GET /BLA/boletinlegal/1672392818 HTTP/1.1" 404 1018
172.22.2.4 - - [30/Dec/2022:04:35:13 -0500] "GET /BLA/boletinlegal/evox/about HTTP/1.1" 404 1018
172.22.2.4 - - [30/Dec/2022:04:35:13 -0500] "GET /BLA/boletinlegal/HNAP1 HTTP/1.1" 404 1018
172.22.2.4 - - [30/Dec/2022:04:35:09 -0500] "GET /BLA/boletinlegal/ HTTP/1.1" 200 20427
172.22.2.4 - - [30/Dec/2022:04:35:32 -0500] "GET /BLA/boletinlegal/ HTTP/1.1" 200 20427
172.22.2.4 - - [30/Dec/2022:04:35:34 -0500] "GET /BLA/boletinlegal/ HTTP/1.1" 200 20427
114.119.142.37 - - [30/Dec/2022:04:36:28 -0500] "GET /BLA/resoluciones/RESOLUCIONES%202010/6232.pdf HTTP/1.1" 200 635656
172.22.2.4 - - [30/Dec/2022:04:36:51 -0500] "GET /BLA/boletinlegal/favicon.ico HTTP/1.1" 404 1018
172.22.2.4 - - [30/Dec/2022:04:36:52 -0500] "GET /BLA/boletinlegal/robots.txt HTTP/1.1" 404 1037
172.22.2.4 - - [30/Dec/2022:04:35:35 -0500] "GET /BLA/boletinlegal/ HTTP/1.1" 200 40907
172.22.2.4 - - [30/Dec/2022:04:36:02 -0500] "GET /BLA/boletinlegal/ HTTP/1.1" 200 50495
172.22.2.4 - - [30/Dec/2022:04:36:26 -0500] "GET /BLA/boletinlegal/ HTTP/1.1" 200 52079
201.245.192.253 - - [30/Dec/2022:04:38:11 -0500] "POST /kwsrmcab/Wsrmcab  HTTP/1.1" 200 44193
40.77.167.12 - - [30/Dec/2022:04:38:39 -0500] "GET /Publicaciones/2022EE243788.pdf HTTP/1.1" 404 228
172.22.2.4 - - [30/Dec/2022:04:37:17 -0500] "HEAD /BLA/boletinlegal/ HTTP/1.1" 200 -
216.245.221.92 - - [30/Dec/2022:04:39:45 -0500] "HEAD / HTTP/1.1" 200 -
172.22.2.4 - - [30/Dec/2022:04:38:07 -0500] "GET /BLA/boletinlegal/ HTTP/1.1" 200 57192
201.245.192.253 - - [30/Dec/2022:04:39:49 -0500] "POST /kwsrmcab/Wsrmcab HTTP/1.1" 200 43912
201.245.192.253 - - [30/Dec/2022:04:39:52 -0500] "POST /kwsrmcab/Wsrmcab HTTP/1.1" 200 43922
40.77.167.12 - - [30/Dec/2022:04:40:59 -0500] "GET /bla/resoluciones/resoluciones%202012/1479.pdf HTTP/1.1" 304 -
114.119.137.124 - - [30/Dec/2022:04:42:06 -0500] "GET /BLA/resoluciones/RESOLUCIONES%202010/5811.pdf HTTP/1.1" 200 78769
201.245.192.253 - - [30/Dec/2022:04:43:10 -0500] "POST /kwsrmcab/Wsrmcab  HTTP/1.1" 200 44193
