152.61.128.50 - - [31/Dec/2022:02:00:36 -0500] "GET /arcgis/services/Calidad_del_Agua_WQI/MapServer/WMSServer?SERVICE=WMS&REQUEST=GetCapabilities HTTP/1.1" 503 1020
152.61.128.50 - - [31/Dec/2022:02:00:36 -0500] "GET /arcgis/services/Calidad_del_Agua_WQI/MapServer/WMSServer?WMTVER=1.0.0&REQUEST=capabilities HTTP/1.1" 503 1020
172.22.2.4 - - [31/Dec/2022:02:00:33 -0500] "HEAD /BLA/boletinlegal/ HTTP/1.1" 200 -
172.22.2.4 - - [31/Dec/2022:02:01:24 -0500] "GET /BLA/boletinlegal/ HTTP/1.1" 200 52079
201.245.192.253 - - [31/Dec/2022:02:03:07 -0500] "POST /kwsrmcab/Wsrmcab  HTTP/1.1" 200 44193
216.245.221.92 - - [31/Dec/2022:02:05:01 -0500] "HEAD / HTTP/1.1" 200 -
185.119.81.100 - - [31/Dec/2022:02:05:54 -0500] "GET /portaldeninos/wp-login.php HTTP/1.1" 200 2592
185.119.81.100 - - [31/Dec/2022:02:05:55 -0500] "POST /portaldeninos/wp-login.php HTTP/1.1" 200 3650
152.61.192.232 - - [31/Dec/2022:02:08:00 -0500] "GET /arcgis/services/Calidad_del_Agua_WQI/MapServer/WMSServer?request=GetCapabilities&service=WMS HTTP/1.1" 503 1020
152.61.192.232 - - [31/Dec/2022:02:08:01 -0500] "GET /arcgis/services/Calidad_del_Agua_WQI/MapServer/WMSServer?SERVICE=WMS&REQUEST=GetCapabilities HTTP/1.1" 503 1020
152.61.192.232 - - [31/Dec/2022:02:08:02 -0500] "GET /arcgis/services/Calidad_del_Agua_WQI/MapServer/WMSServer?WMTVER=1.0.0&REQUEST=capabilities HTTP/1.1" 503 1020
172.22.2.4 - - [31/Dec/2022:02:06:23 -0500] "HEAD /BLA/boletinlegal/ HTTP/1.1" 200 -
172.22.2.4 - - [31/Dec/2022:02:08:06 -0500] "GET /BLA/boletinlegal/Circulares/2012/Circular%20No.%208%20del%2021%20de%20Agosto%20de%202012.pdf HTTP/1.1" 200 963197
201.245.192.253 - - [31/Dec/2022:02:08:06 -0500] "POST /kwsrmcab/Wsrmcab  HTTP/1.1" 200 44193
173.252.107.5 - - [31/Dec/2022:02:08:21 -0500] "GET /con-camaras-trampa-y-otras-metodologias-secretaria-de-ambiente-evalua-la-fauna-y-flora-de-bogota.html HTTP/1.1" 206 1096
172.22.2.4 - - [31/Dec/2022:02:07:14 -0500] "GET /BLA/boletinlegal/ HTTP/1.1" 200 59404
216.245.221.92 - - [31/Dec/2022:02:10:01 -0500] "HEAD / HTTP/1.1" 200 -
173.252.107.19 - - [31/Dec/2022:02:10:10 -0500] "GET /images/llantaton-jornada.jpg HTTP/1.1" 200 356045
157.90.244.54 - - [31/Dec/2022:02:11:06 -0500] "GET / HTTP/1.1" 200 319
162.142.125.221 - - [31/Dec/2022:02:12:41 -0500] "GET / HTTP/1.1" 200 319
162.142.125.221 - - [31/Dec/2022:02:12:41 -0500] "GET / HTTP/1.1" 200 319
162.142.125.221 - - [31/Dec/2022:02:12:41 -0500] "PRI * HTTP/2.0" 400 946
162.142.125.221 - - [31/Dec/2022:02:12:41 -0500] "GET /favicon.ico HTTP/1.1" 200 7782
201.245.192.253 - - [31/Dec/2022:02:13:05 -0500] "POST /kwsrmcab/Wsrmcab  HTTP/1.1" 200 44193
172.22.2.4 - - [31/Dec/2022:02:12:13 -0500] "HEAD /BLA/boletinlegal/ HTTP/1.1" 200 -
172.22.2.4 - - [31/Dec/2022:02:13:04 -0500] "GET /BLA/boletinlegal/ HTTP/1.1" 200 57192
216.245.221.92 - - [31/Dec/2022:02:15:01 -0500] "HEAD / HTTP/1.1" 200 -
201.245.192.253 - - [31/Dec/2022:02:18:04 -0500] "POST /kwsrmcab/Wsrmcab  HTTP/1.1" 200 44193
172.22.2.4 - - [31/Dec/2022:02:18:03 -0500] "HEAD /BLA/boletinlegal/ HTTP/1.1" 200 -
201.245.192.253 - - [31/Dec/2022:02:19:45 -0500] "POST /kwsrmcab/Wsrmcab HTTP/1.1" 200 43125
201.245.192.253 - - [31/Dec/2022:02:19:48 -0500] "POST /kwsrmcab/Wsrmcab HTTP/1.1" 200 43934
216.245.221.92 - - [31/Dec/2022:02:20:01 -0500] "HEAD / HTTP/1.1" 200 -
172.22.2.4 - - [31/Dec/2022:02:18:54 -0500] "GET /BLA/boletinlegal/ HTTP/1.1" 200 57192
201.245.192.253 - - [31/Dec/2022:02:23:02 -0500] "POST /kwsrmcab/Wsrmcab  HTTP/1.1" 200 44193
40.77.167.104 - - [31/Dec/2022:02:24:15 -0500] "-" 408 -
216.245.221.92 - - [31/Dec/2022:02:25:01 -0500] "HEAD / HTTP/1.1" 200 -
172.105.161.142 - - [31/Dec/2022:02:25:03 -0500] "GET /portaldeninos/ HTTP/1.1" 200 110197
172.22.2.4 - - [31/Dec/2022:02:23:53 -0500] "HEAD /BLA/boletinlegal/ HTTP/1.1" 200 -
172.22.2.4 - - [31/Dec/2022:02:24:44 -0500] "GET /BLA/boletinlegal/ HTTP/1.1" 200 59404
154.16.4.189 - - [31/Dec/2022:02:27:19 -0500] "GET /BLA/resoluciones/RESOLUCIONES%202021/0237.pdf HTTP/1.1" 200 328198
201.245.192.253 - - [31/Dec/2022:02:28:02 -0500] "POST /kwsrmcab/Wsrmcab  HTTP/1.1" 200 44193
201.245.192.253 - - [31/Dec/2022:02:29:45 -0500] "POST /kwsrmcab/Wsrmcab HTTP/1.1" 200 43125
201.245.192.253 - - [31/Dec/2022:02:29:47 -0500] "POST /kwsrmcab/Wsrmcab HTTP/1.1" 200 43934
216.245.221.92 - - [31/Dec/2022:02:30:01 -0500] "HEAD / HTTP/1.1" 200 -
172.22.2.4 - - [31/Dec/2022:02:29:43 -0500] "HEAD /BLA/boletinlegal/ HTTP/1.1" 200 -
172.22.2.4 - - [31/Dec/2022:02:30:34 -0500] "GET /BLA/boletinlegal/ HTTP/1.1" 200 52079
201.245.192.253 - - [31/Dec/2022:02:33:00 -0500] "POST /kwsrmcab/Wsrmcab  HTTP/1.1" 200 44193
216.245.221.92 - - [31/Dec/2022:02:35:01 -0500] "HEAD / HTTP/1.1" 200 -
184.105.247.208 - - [31/Dec/2022:02:37:03 -0500] "GET /favicon.ico HTTP/1.1" 200 7782
172.22.2.4 - - [31/Dec/2022:02:35:33 -0500] "HEAD /BLA/boletinlegal/ HTTP/1.1" 200 -
201.245.192.253 - - [31/Dec/2022:02:37:58 -0500] "POST /kwsrmcab/Wsrmcab  HTTP/1.1" 200 44193
172.22.2.4 - - [31/Dec/2022:02:36:24 -0500] "GET /BLA/boletinlegal/ HTTP/1.1" 200 58185
201.245.192.253 - - [31/Dec/2022:02:39:44 -0500] "POST /kwsrmcab/Wsrmcab HTTP/1.1" 200 43125
201.245.192.253 - - [31/Dec/2022:02:39:47 -0500] "POST /kwsrmcab/Wsrmcab HTTP/1.1" 200 43934
216.245.221.92 - - [31/Dec/2022:02:40:01 -0500] "HEAD / HTTP/1.1" 200 -
196.196.247.146 - - [31/Dec/2022:02:41:26 -0500] "GET /BLA/resoluciones/RESOLUCIONES%202021/0237.pdf HTTP/1.1" 200 328198
201.245.192.253 - - [31/Dec/2022:02:42:56 -0500] "POST /kwsrmcab/Wsrmcab  HTTP/1.1" 200 44193
172.22.2.4 - - [31/Dec/2022:02:42:59 -0500] "GET /BLA/boletinlegal/documentos-importantes.php HTTP/1.1" 200 4829
172.22.2.4 - - [31/Dec/2022:02:41:23 -0500] "HEAD /BLA/boletinlegal/ HTTP/1.1" 200 -
172.22.2.4 - - [31/Dec/2022:02:42:14 -0500] "GET /BLA/boletinlegal/ HTTP/1.1" 200 59404
216.245.221.92 - - [31/Dec/2022:02:45:01 -0500] "HEAD / HTTP/1.1" 200 -
207.46.13.192 - - [31/Dec/2022:02:45:04 -0500] "GET /Publicaciones/2022EE129128.pdf HTTP/1.1" 404 228
92.118.39.29 - - [31/Dec/2022:02:46:06 -0500] "GET / HTTP/1.1" 200 319
157.55.39.194 - - [31/Dec/2022:02:47:19 -0500] "GET /bla/resoluciones/notificaciones/autos%202019/3128.pdf HTTP/1.1" 304 -
201.245.192.253 - - [31/Dec/2022:02:47:54 -0500] "POST /kwsrmcab/Wsrmcab  HTTP/1.1" 200 44193
172.22.2.4 - - [31/Dec/2022:02:47:13 -0500] "HEAD /BLA/boletinlegal/ HTTP/1.1" 200 -
172.22.2.4 - - [31/Dec/2022:02:49:25 -0500] "GET /BLA/boletinlegal/.env HTTP/1.1" 404 1018
172.22.2.4 - - [31/Dec/2022:02:48:04 -0500] "GET /BLA/boletinlegal/ HTTP/1.1" 200 57192
216.245.221.92 - - [31/Dec/2022:02:50:01 -0500] "HEAD / HTTP/1.1" 200 -
172.22.2.4 - - [31/Dec/2022:02:51:46 -0500] "GET /BLA/boletinlegal/owa/auth/logon.aspx?url=https%3a%2f%2f1%2fecp%2f HTTP/1.1" 404 1018
201.245.192.253 - - [31/Dec/2022:02:52:54 -0500] "POST /kwsrmcab/Wsrmcab  HTTP/1.1" 200 44193
157.55.39.194 - - [31/Dec/2022:02:53:07 -0500] "GET /bla/resoluciones/notificaciones/autos%202020/3465.pdf HTTP/1.1" 304 -
172.22.2.4 - - [31/Dec/2022:02:53:03 -0500] "HEAD /BLA/boletinlegal/ HTTP/1.1" 200 -
216.245.221.92 - - [31/Dec/2022:02:55:01 -0500] "HEAD / HTTP/1.1" 200 -
172.22.2.4 - - [31/Dec/2022:02:53:54 -0500] "GET /BLA/boletinlegal/ HTTP/1.1" 200 54816
201.245.192.253 - - [31/Dec/2022:02:57:52 -0500] "POST /kwsrmcab/Wsrmcab  HTTP/1.1" 200 44193
172.22.2.4 - - [31/Dec/2022:02:58:46 -0500] "GET /BLA/boletinlegal/.env HTTP/1.1" 404 1018
172.22.2.4 - - [31/Dec/2022:02:58:46 -0500] "POST /BLA/boletinlegal/ HTTP/1.1" 200 24523
216.245.221.92 - - [31/Dec/2022:03:00:01 -0500] "HEAD / HTTP/1.1" 200 -
172.22.2.4 - - [31/Dec/2022:02:58:53 -0500] "HEAD /BLA/boletinlegal/ HTTP/1.1" 200 -
172.22.2.4 - - [31/Dec/2022:02:59:44 -0500] "GET /BLA/boletinlegal/ HTTP/1.1" 200 56474
201.245.192.253 - - [31/Dec/2022:03:02:50 -0500] "POST /kwsrmcab/Wsrmcab  HTTP/1.1" 200 44193
216.245.221.92 - - [31/Dec/2022:03:05:01 -0500] "HEAD / HTTP/1.1" 200 -
172.22.2.4 - - [31/Dec/2022:03:04:43 -0500] "HEAD /BLA/boletinlegal/ HTTP/1.1" 200 -
172.22.2.4 - - [31/Dec/2022:03:05:34 -0500] "GET /BLA/boletinlegal/ HTTP/1.1" 200 59404
201.245.192.253 - - [31/Dec/2022:03:07:50 -0500] "POST /kwsrmcab/Wsrmcab  HTTP/1.1" 200 44193
216.245.221.92 - - [31/Dec/2022:03:10:01 -0500] "HEAD / HTTP/1.1" 200 -
172.22.2.4 - - [31/Dec/2022:03:10:33 -0500] "HEAD /BLA/boletinlegal/ HTTP/1.1" 200 -
201.245.192.253 - - [31/Dec/2022:03:12:49 -0500] "POST /kwsrmcab/Wsrmcab  HTTP/1.1" 200 44193
172.22.2.4 - - [31/Dec/2022:03:11:24 -0500] "GET /BLA/boletinlegal/ HTTP/1.1" 200 59035
216.245.221.92 - - [31/Dec/2022:03:15:01 -0500] "HEAD / HTTP/1.1" 200 -
201.245.192.253 - - [31/Dec/2022:03:17:48 -0500] "POST /kwsrmcab/Wsrmcab  HTTP/1.1" 200 44193
172.22.2.4 - - [31/Dec/2022:03:16:23 -0500] "HEAD /BLA/boletinlegal/ HTTP/1.1" 200 -
172.22.2.4 - - [31/Dec/2022:03:17:13 -0500] "GET /BLA/boletinlegal/ HTTP/1.1" 200 57192
201.245.192.253 - - [31/Dec/2022:03:19:44 -0500] "POST /kwsrmcab/Wsrmcab HTTP/1.1" 200 41809
157.55.39.172 - - [31/Dec/2022:03:19:48 -0500] "GET /BLA/resoluciones/RESOLUCIONES%202021/4004.pdf HTTP/1.1" 304 -
201.245.192.253 - - [31/Dec/2022:03:19:47 -0500] "POST /kwsrmcab/Wsrmcab HTTP/1.1" 200 43933
216.245.221.92 - - [31/Dec/2022:03:20:01 -0500] "HEAD / HTTP/1.1" 200 -
201.245.192.253 - - [31/Dec/2022:03:22:47 -0500] "POST /kwsrmcab/Wsrmcab  HTTP/1.1" 200 44193
69.171.249.8 - - [31/Dec/2022:03:23:01 -0500] "GET /images/Entrenubes%201%20(1)%20(1).jpeg HTTP/1.1" 200 70096
172.22.2.4 - - [31/Dec/2022:03:22:13 -0500] "HEAD /BLA/boletinlegal/ HTTP/1.1" 200 -
168.232.13.182 - - [31/Dec/2022:03:23:55 -0500] "GET / HTTP/1.1" 200 319
185.119.81.100 - - [31/Dec/2022:03:24:33 -0500] "GET /portaldeninos/wp-login.php HTTP/1.1" 200 2592
185.119.81.100 - - [31/Dec/2022:03:24:34 -0500] "POST /portaldeninos/wp-login.php HTTP/1.1" 200 3670
172.22.2.4 - - [31/Dec/2022:03:23:03 -0500] "GET /BLA/boletinlegal/ HTTP/1.1" 200 58185
216.245.221.92 - - [31/Dec/2022:03:25:01 -0500] "HEAD / HTTP/1.1" 200 -
201.245.192.253 - - [31/Dec/2022:03:27:46 -0500] "POST /kwsrmcab/Wsrmcab  HTTP/1.1" 200 44193
172.22.2.4 - - [31/Dec/2022:03:28:03 -0500] "HEAD /BLA/boletinlegal/ HTTP/1.1" 200 -
201.245.192.253 - - [31/Dec/2022:03:29:44 -0500] "POST /kwsrmcab/Wsrmcab HTTP/1.1" 200 41809
201.245.192.253 - - [31/Dec/2022:03:29:47 -0500] "POST /kwsrmcab/Wsrmcab HTTP/1.1" 200 43933
216.245.221.92 - - [31/Dec/2022:03:30:01 -0500] "HEAD / HTTP/1.1" 200 -
172.22.2.4 - - [31/Dec/2022:03:28:53 -0500] "GET /BLA/boletinlegal/ HTTP/1.1" 200 52079
66.249.69.155 - - [31/Dec/2022:03:32:10 -0500] "-" 408 -
201.245.192.253 - - [31/Dec/2022:03:32:45 -0500] "POST /kwsrmcab/Wsrmcab  HTTP/1.1" 200 44193
111.22.6.54 - - [31/Dec/2022:03:34:08 -0500] "GET /portaldeninos/wp-content/uploads/2020/06/mapa-humedales-de-bogot%C3%A1-1.jpg HTTP/1.1" 200 14596
216.245.221.92 - - [31/Dec/2022:03:35:01 -0500] "HEAD / HTTP/1.1" 200 -
172.22.2.4 - - [31/Dec/2022:03:33:53 -0500] "HEAD /BLA/boletinlegal/ HTTP/1.1" 200 -
172.22.2.4 - - [31/Dec/2022:03:34:43 -0500] "GET /BLA/boletinlegal/ HTTP/1.1" 200 53739
172.22.2.4 - - [31/Dec/2022:03:35:17 -0500] "GET /BLA/boletinlegal/?XDEBUG_SESSION_START=phpstorm HTTP/1.1" 200 40907
201.245.192.253 - - [31/Dec/2022:03:37:43 -0500] "POST /kwsrmcab/Wsrmcab  HTTP/1.1" 200 44193
64.124.8.28 - - [31/Dec/2022:03:38:18 -0500] "GET /galeria/galeria/fotos/Entrenube3G.jpg HTTP/1.1" 200 138221
64.124.8.28 - - [31/Dec/2022:03:38:18 -0500] "GET /galeria/galeria/fotos/Jaboque1G.jpg HTTP/1.1" 200 325087
64.124.8.28 - - [31/Dec/2022:03:38:19 -0500] "GET /galeria/galeria/fotos/Humedal-Tibanica1P.jpg HTTP/1.1" 200 26376
64.124.8.28 - - [31/Dec/2022:03:38:19 -0500] "GET /BLA/boletinlegal/images/signo-mas.gif HTTP/1.1" 200 13689
64.124.8.28 - - [31/Dec/2022:03:38:19 -0500] "GET /catalogoisis/imagenes/br3c1.gif HTTP/1.1" 200 177
64.124.8.28 - - [31/Dec/2022:03:38:19 -0500] "GET /galeria/galeria/fotos/Humedal-Santa-Mar%C3%ADa-del-Lago3P.jpg HTTP/1.1" 200 30161
64.124.8.28 - - [31/Dec/2022:03:38:19 -0500] "GET /galeria/galeria/fotos/Humedal-Vaca3P.jpg HTTP/1.1" 200 38460
64.124.8.28 - - [31/Dec/2022:03:38:23 -0500] "GET /galeria/galeria/fotos/Soratama2G.jpg HTTP/1.1" 200 167638
64.124.8.28 - - [31/Dec/2022:03:38:31 -0500] "GET /galeria/galeria/fotos/Humedal-la-conejera4G.jpg HTTP/1.1" 200 371145
172.22.2.4 - - [31/Dec/2022:03:38:42 -0500] "GET /BLA/boletinlegal/robots.txt HTTP/1.1" 404 1038
201.245.192.253 - - [31/Dec/2022:03:39:44 -0500] "POST /kwsrmcab/Wsrmcab HTTP/1.1" 200 41809
201.245.192.253 - - [31/Dec/2022:03:39:47 -0500] "POST /kwsrmcab/Wsrmcab HTTP/1.1" 200 43933
216.245.221.92 - - [31/Dec/2022:03:40:01 -0500] "HEAD / HTTP/1.1" 200 -
186.118.245.165 - - [31/Dec/2022:03:40:10 -0500] "GET /kwssiamovil/sm/acme/a?s=U2FsdGVkX18uLDQ0jE5o5p0lYwBkToMQR+nYb8PPFtL1E/Gfm2qL+R6Q3RoxO1MLgQGsfMj6uCQT95TXPX8l0aZbaRnShdNHCHDVG53gBbYg3lfeCAeb3JljlAP6/HVtNKrCR6skAZ2UyvKXURPz76AkWt1CGSN6TzLyRcBw0jT4ZyutPnjI95XlFztWX050LYrNAFajPDi/8ZI3LUpSdsT+pGKmbH5p+qS+/vgKVGrVHyWkIX2h3jGOrWBeCrFcjT64+83N+ardkIvHwo5tZA==&u=U2FsdGVkX184QvDpH8/hJA3ajhRejcgW77+xO6UBepHvd4JIYvB+Zfil7Ct+OuL2&y=U2FsdGVkX19OS5fiGjhoGLOVt/Grc2U68VZV3hLAw2GWnzRthR03oy/7IyvRE7Nx HTTP/1.1" 200 26
186.118.245.165 - - [31/Dec/2022:03:40:11 -0500] "GET /kwssiamovil/sm/acme/a?s=U2FsdGVkX1+4ELTvGzBoEN5Sh3GIKcTblBN9PnoLrw0veOYgphGC96oIcCs3pVgGeQGqbD05fLI3DnCpmqljRaUlrZsMxPmPTLU3+8yAo1g8IDOE7LSWq3mj4jg97QUsrMdV4jZN1+9L4gE9Kj9bVPJlxKwo8+E2VNW0OgNOHZBVa0YRe6uYTbsQCRVy28wu47xQTifXXBNRurqDV14IWvIoN4IOCJlQRQRiV5kEjJb2gGKScJcHsbf8E0vxLmzFutyvmGwXZXMvqtTSu7/vnqakRT6R8IGB4KW4kbWTAK994nKCZ4VFKjJ5nPkLxzy3N4ao8zOXdNqZ/y1s/NwAGVcVLk84PGRURi2AoaAyRBovmOuIz1hlrke4oZisHxOBp3dk0G+AfrSwZo6kWmBUSbs9TdQzdbYX6zGk1LOyjpNlOThhUg//N6QMvgb3LdXPeZ05/g7XtlKglrMJC61Wr+pmrF4g8kWEFKFMhgD8+IttnnKNgXZwB/XPpeiO3EelE8X0TSHOHM2X2zQ/TpB7FYqnLI25RpQPaXx5BlU9izLViLQT2zOBvMsVOPtMEjxfY6Hky6mlfWQsvN638kSx9AvakelYUmUS9gOQTWcGhSJnEih8lkrcHeBnIlQMAEr8fhcsbqVX9a2eyWuNmSNiujbTc8Fa/eVE74kdCnEt28HZNL7iD8mhlFnlYtGsYhkKgdboWkAFLB45rkIZA/XUoC4u5T+xYa9MsVRW4vKH38T5dbOfxvuxoKNwc35oJJMQdIhJjyAXrLuRjrdYZ3GsDX07z8tHo4Lt+FlA6YypUs3G/8KSpx7nWT5MmTWKbBfcobYyjwNatHtaXqyhTXHs9gFMyfNw/DPrRjP0Fe+UAGtg6SfLeArbDDn42TbOmvW5mSPlTfINVq7KdvnHRUAl9Qc8o159pBKwyp2e9GlvJeHoeHhwHZ9j3xHNUMmApCkZDHPdYQ552GfjD9mALrYOWvCzZg2RClFXf4tztwUaXoX6TaJBNSWpupSPBxpHc9KlmRCC7Gd7dLhpZmHakOGyhGPIZANOjJ5YZ3b3miDdBdu78z2tDpkMkFuHHl/Y1smh3h3bZX9VRikhSZzyz4jxgFo3yoAXvQksWua0W+AMe0Lb25Ud7E/k5cN/fwuoxmST5Zin8okO0XEr3c2kWm8fXbHR1m2EG58njgDUE5+TW0zjBp5EdJoaZmvId1QX3A5xmIUM++bWOkTD2AfbBN9weYCCeyDEf5UHiOGukmGCuQC4xHWs93OkSuacsPMeoeKFOGVZ6UCxEGQ/YGQ2dNTZE5/fpuAMPojOUU6vbduAX9f/isRRK6m/huWlsk94+hEsNGKy/ha7TDZ8X4uVJ6aV/Ls+/+9/gI2E5VGq6pos56z1mvCmuqyneXsLyz4gI20SVKoXAvTT3MUGk7dJK1dVhTmskwiSiHGd3Q39526dTCjqA5tcGV0uI/JQeMg2b+bGfQU02BVWaoYAXpN2Qg1q/ueDaqx9w1wbB3A7s9HHG3uZclW4wVAlfu42ybuHkatAtADN7+e3xZEnbLzwa9+jLNIN7h3gwfj3pAKh0Ye2F6R0R3x1k20l/+2AhYW6rKKjBL4mDmPkV4B1gQbwzxBvWTvZatJKbZbAGM+kfhovv8e1MdFiP/9aUuBMWhEfKLfrNDn0/lyaprgtCNk7LPJxiQ==&u=U2FsdGVkX184QvDpH8/hJA3ajhRejcgW77+xO6UBepHvd4JIYvB+Zfil7Ct+OuL2&y=U2FsdGVkX19OS5fiGjhoGLOVt/Grc2U68VZV3hLAw2GWnzRthR03oy/7IyvRE7Nx HTTP/1.1" 200 26
186.118.245.165 - - [31/Dec/2022:03:40:11 -0500] "GET /kwssiamovil/sm/acme/a?s=U2FsdGVkX19JhvUV9ujZUtjh+mFgvs8N9v1V2KegljSXpCLBC4qHvqFyD88ZX/nXFgWxaMbDbiCiILO5L72Y+FWIaIGH9wDO7cu+s8sbSdxuR2fdbXQ0+I5sneqfsLSgZdEZp9WSV+hTvm7GHyOsZGkj4q7Qj3DftZluuTS32CA=&u=U2FsdGVkX184QvDpH8/hJA3ajhRejcgW77+xO6UBepHvd4JIYvB+Zfil7Ct+OuL2&y=U2FsdGVkX19OS5fiGjhoGLOVt/Grc2U68VZV3hLAw2GWnzRthR03oy/7IyvRE7Nx HTTP/1.1" 200 26
186.118.245.165 - - [31/Dec/2022:03:40:12 -0500] "GET /kwssiamovil/sm/acme/a?s=U2FsdGVkX1/NAzIZyAaI3uKlNPuTHpLAS54B90imhEaN8q0Ij1xp165Lu2ZcpJQrgYtk0iBGTyGpaEoYNcornpGtS0dtvoe4b1AigsAgdA13Jd8Gy/RiiYUFi3vXX3faCJVXRwfHE58QfoePQf+uDiwWmHEzwzPh8ZY7QqolBkQ=&u=U2FsdGVkX184QvDpH8/hJA3ajhRejcgW77+xO6UBepHvd4JIYvB+Zfil7Ct+OuL2&y=U2FsdGVkX19OS5fiGjhoGLOVt/Grc2U68VZV3hLAw2GWnzRthR03oy/7IyvRE7Nx HTTP/1.1" 200 26
186.118.245.165 - - [31/Dec/2022:03:40:12 -0500] "GET /kwssiamovil/sm/acme/a?s=U2FsdGVkX1+mIp6mq0kQTySZNKUXG2R9lsNkUU6axRGOkf7D4ZT3D3Cl2fEFRNmfi1uU6PBTl/DNruitz6PD5tkrZMWYQ6ZUh+vCqItYRhusRUjCJDC7j5Hf3Ju2rKTmqMZpVG0n54wwY3viD/XF/Ln2jNV4zblGmocdpZDAuM4=&u=U2FsdGVkX184QvDpH8/hJA3ajhRejcgW77+xO6UBepHvd4JIYvB+Zfil7Ct+OuL2&y=U2FsdGVkX19OS5fiGjhoGLOVt/Grc2U68VZV3hLAw2GWnzRthR03oy/7IyvRE7Nx HTTP/1.1" 200 26
186.118.245.165 - - [31/Dec/2022:03:40:12 -0500] "GET /kwssiamovil/sm/acme/a?s=U2FsdGVkX18H1xSSn6cChvrnrJ6gqTVtjzMyvfhgKiwjIu6c1tH01zYP11NYaZjkr6MFU0c8O/4th3xz1SasQoyCJhenytpzDyTmq6uScwGDD8GVZL8Tv673AVAhKpCg5rYYiuek7RMCsx9Rapn2Zd/H8r7oQ8/KhABA3VSTNM/hcIczw8S7b2H7VzSSjI6FYRSAZP84me98qLZU4Y3NlQ==&u=U2FsdGVkX184QvDpH8/hJA3ajhRejcgW77+xO6UBepHvd4JIYvB+Zfil7Ct+OuL2&y=U2FsdGVkX19OS5fiGjhoGLOVt/Grc2U68VZV3hLAw2GWnzRthR03oy/7IyvRE7Nx HTTP/1.1" 200 26
172.22.2.4 - - [31/Dec/2022:03:38:43 -0500] "GET /BLA/boletinlegal/ HTTP/1.1" 200 58185
172.22.2.4 - - [31/Dec/2022:03:39:43 -0500] "HEAD /BLA/boletinlegal/ HTTP/1.1" 200 -
172.22.2.4 - - [31/Dec/2022:03:40:33 -0500] "GET /BLA/boletinlegal/ HTTP/1.1" 200 59035
201.245.192.253 - - [31/Dec/2022:03:42:42 -0500] "POST /kwsrmcab/Wsrmcab  HTTP/1.1" 200 44193
173.252.79.3 - - [31/Dec/2022:03:42:57 -0500] "GET /images/reunion-planta-termovalorizacion-11-mayo.jpg HTTP/1.1" 200 34782
162.55.171.94 - - [31/Dec/2022:03:43:38 -0500] "GET / HTTP/1.1" 200 319
216.245.221.92 - - [31/Dec/2022:03:45:01 -0500] "HEAD / HTTP/1.1" 200 -
199.16.157.183 - - [31/Dec/2022:03:46:58 -0500] "GET /images/cr%C3%B3nica-29-nov-1_optimized.jpeg HTTP/1.1" 404 1034
199.16.157.180 - - [31/Dec/2022:03:46:59 -0500] "GET /images/cr%C3%B3nica-29-nov-1_optimized.jpeg HTTP/1.1" 404 1034
172.22.2.4 - - [31/Dec/2022:03:45:33 -0500] "HEAD /BLA/boletinlegal/ HTTP/1.1" 200 -
201.245.192.253 - - [31/Dec/2022:03:47:41 -0500] "POST /kwsrmcab/Wsrmcab  HTTP/1.1" 200 44193
172.22.2.4 - - [31/Dec/2022:03:46:23 -0500] "GET /BLA/boletinlegal/ HTTP/1.1" 200 52453
216.245.221.92 - - [31/Dec/2022:03:50:01 -0500] "HEAD / HTTP/1.1" 200 -
201.245.192.253 - - [31/Dec/2022:03:52:40 -0500] "POST /kwsrmcab/Wsrmcab  HTTP/1.1" 200 44193
13.67.130.226 - - [31/Dec/2022:03:52:48 -0500] "GET /secretaria-de-ambiente-invita-a-comunidad-de-bosa-a-entregar-residuos-especiales-y-peligrosos.html HTTP/1.1" 200 992
172.22.2.4 - - [31/Dec/2022:03:51:23 -0500] "HEAD /BLA/boletinlegal/ HTTP/1.1" 200 -
172.22.2.4 - - [31/Dec/2022:03:52:13 -0500] "GET /BLA/boletinlegal/ HTTP/1.1" 200 58185
40.77.167.25 - - [31/Dec/2022:03:54:46 -0500] "GET /Autoliquidacion/index.php?dir=Solicitudes+relacionadas+con+calidad+del+aire+auditiva+y+visual%2F HTTP/1.1" 200 5748
216.245.221.92 - - [31/Dec/2022:03:55:01 -0500] "HEAD / HTTP/1.1" 200 -
40.77.167.33 - - [31/Dec/2022:03:55:05 -0500] "GET /Autoliquidacion/dlf/styles.css HTTP/1.1" 200 3045
172.104.242.173 - - [31/Dec/2022:03:56:54 -0500] "-" 408 -
201.245.192.253 - - [31/Dec/2022:03:57:38 -0500] "POST /kwsrmcab/Wsrmcab  HTTP/1.1" 200 44193
172.22.2.4 - - [31/Dec/2022:03:57:13 -0500] "HEAD /BLA/boletinlegal/ HTTP/1.1" 200 -
172.22.2.4 - - [31/Dec/2022:03:58:03 -0500] "GET /BLA/boletinlegal/ HTTP/1.1" 200 52453
216.245.221.92 - - [31/Dec/2022:04:00:01 -0500] "HEAD / HTTP/1.1" 200 -
157.55.39.212 - - [31/Dec/2022:04:00:47 -0500] "GET /portaldeninos/wp-content/uploads/2018/11/caneca.jpg HTTP/1.1" 200 262661
45.154.84.106 - - [31/Dec/2022:04:01:11 -0500] "GET /portaldeninos/ HTTP/1.1" 200 110197
45.154.84.106 - - [31/Dec/2022:04:01:16 -0500] "GET /portaldeninos/wp-admin/admin-ajax.php HTTP/1.1" 400 1
45.154.84.106 - - [31/Dec/2022:04:01:18 -0500] "GET /portaldeninos/wp-admin/admin-ajax.php?action=register HTTP/1.1" 400 1
201.245.192.253 - - [31/Dec/2022:04:02:37 -0500] "POST /kwsrmcab/Wsrmcab  HTTP/1.1" 200 44193
172.22.2.4 - - [31/Dec/2022:04:03:03 -0500] "HEAD /BLA/boletinlegal/ HTTP/1.1" 200 -
114.119.135.202 - - [31/Dec/2022:04:04:58 -0500] "GET /siipev/Diseno%20de%20Elementos%20de%20Mobiliario%20Urbano/Parte2.html HTTP/1.1" 200 21566
216.245.221.92 - - [31/Dec/2022:04:05:01 -0500] "HEAD / HTTP/1.1" 200 -
172.22.2.4 - - [31/Dec/2022:04:03:53 -0500] "GET /BLA/boletinlegal/ HTTP/1.1" 200 57192
201.245.192.253 - - [31/Dec/2022:04:07:36 -0500] "POST /kwsrmcab/Wsrmcab  HTTP/1.1" 200 44193
216.245.221.92 - - [31/Dec/2022:04:10:01 -0500] "HEAD / HTTP/1.1" 200 -
172.22.2.4 - - [31/Dec/2022:04:08:53 -0500] "HEAD /BLA/boletinlegal/ HTTP/1.1" 200 -
172.22.2.4 - - [31/Dec/2022:04:09:43 -0500] "GET /BLA/boletinlegal/ HTTP/1.1" 200 56474
201.245.192.253 - - [31/Dec/2022:04:12:35 -0500] "POST /kwsrmcab/Wsrmcab  HTTP/1.1" 200 44193
172.22.2.4 - - [31/Dec/2022:04:12:44 -0500] "GET /BLA/boletinlegal/images/registro-usuarios.png HTTP/1.1" 200 8106
114.119.144.41 - - [31/Dec/2022:04:14:52 -0500] "GET /BLA/resoluciones/AUTOS%202017/2270.pdf HTTP/1.1" 200 348659
216.245.221.92 - - [31/Dec/2022:04:15:01 -0500] "HEAD / HTTP/1.1" 200 -
172.22.2.4 - - [31/Dec/2022:04:14:43 -0500] "HEAD /BLA/boletinlegal/ HTTP/1.1" 200 -
172.22.2.4 - - [31/Dec/2022:04:15:33 -0500] "GET /BLA/boletinlegal/ HTTP/1.1" 200 52453
201.245.192.253 - - [31/Dec/2022:04:17:34 -0500] "POST /kwsrmcab/Wsrmcab  HTTP/1.1" 200 44193
172.22.2.4 - - [31/Dec/2022:04:17:50 -0500] "GET /BLA/boletinlegal/autodiscover/autodiscover.json?@zdi/Powershell HTTP/1.1" 404 1018
199.16.157.180 - - [31/Dec/2022:04:18:24 -0500] "GET /images/prendas-1_optimized.jpeg HTTP/1.1" 200 65869
185.119.81.100 - - [31/Dec/2022:04:19:05 -0500] "GET /portaldeninos/wp-login.php HTTP/1.1" 200 2592
185.119.81.100 - - [31/Dec/2022:04:19:06 -0500] "POST /portaldeninos/wp-login.php HTTP/1.1" 200 3605
201.245.192.253 - - [31/Dec/2022:04:19:44 -0500] "POST /kwsrmcab/Wsrmcab HTTP/1.1" 200 41820
201.245.192.253 - - [31/Dec/2022:04:19:47 -0500] "POST /kwsrmcab/Wsrmcab HTTP/1.1" 200 43928
216.245.221.92 - - [31/Dec/2022:04:20:01 -0500] "HEAD / HTTP/1.1" 200 -
185.119.81.103 - - [31/Dec/2022:04:20:49 -0500] "GET /portaldeninos/wp-login.php HTTP/1.1" 200 2592
185.119.81.103 - - [31/Dec/2022:04:20:49 -0500] "POST /portaldeninos/wp-login.php HTTP/1.1" 200 3605
172.22.2.4 - - [31/Dec/2022:04:20:33 -0500] "HEAD /BLA/boletinlegal/ HTTP/1.1" 200 -
40.77.167.25 - - [31/Dec/2022:04:22:27 -0500] "GET /BLA/resoluciones/RESOLUCIONES%202020/1460.pdf HTTP/1.1" 304 -
201.245.192.253 - - [31/Dec/2022:04:22:33 -0500] "POST /kwsrmcab/Wsrmcab  HTTP/1.1" 200 44193
172.22.2.4 - - [31/Dec/2022:04:21:23 -0500] "GET /BLA/boletinlegal/ HTTP/1.1" 200 52079
216.245.221.92 - - [31/Dec/2022:04:25:01 -0500] "HEAD / HTTP/1.1" 200 -
114.119.129.211 - - [31/Dec/2022:04:25:20 -0500] "GET /BLA/resoluciones/RESOLUCIONES%202010/3735.pdf HTTP/1.1" 200 344031
201.245.192.253 - - [31/Dec/2022:04:27:32 -0500] "POST /kwsrmcab/Wsrmcab  HTTP/1.1" 200 44193
172.22.2.4 - - [31/Dec/2022:04:26:23 -0500] "HEAD /BLA/boletinlegal/ HTTP/1.1" 200 -
199.16.157.183 - - [31/Dec/2022:04:28:30 -0500] "GET /images/Caminatas%20SDA%20diciembre.jpeg HTTP/1.1" 200 82258
172.22.2.4 - - [31/Dec/2022:04:27:13 -0500] "GET /BLA/boletinlegal/ HTTP/1.1" 200 57192
201.245.192.253 - - [31/Dec/2022:04:29:45 -0500] "POST /kwsrmcab/Wsrmcab HTTP/1.1" 200 41820
201.245.192.253 - - [31/Dec/2022:04:29:47 -0500] "POST /kwsrmcab/Wsrmcab HTTP/1.1" 200 43928
216.245.221.92 - - [31/Dec/2022:04:30:01 -0500] "HEAD / HTTP/1.1" 200 -
201.245.192.253 - - [31/Dec/2022:04:32:31 -0500] "POST /kwsrmcab/Wsrmcab  HTTP/1.1" 200 44193
185.119.81.100 - - [31/Dec/2022:04:33:40 -0500] "GET /portaldeninos/wp-login.php HTTP/1.1" 200 2592
185.119.81.100 - - [31/Dec/2022:04:33:41 -0500] "POST /portaldeninos/wp-login.php HTTP/1.1" 200 3670
172.22.2.4 - - [31/Dec/2022:04:32:13 -0500] "HEAD /BLA/boletinlegal/ HTTP/1.1" 200 -
172.22.2.4 - - [31/Dec/2022:04:33:03 -0500] "GET /BLA/boletinlegal/ HTTP/1.1" 200 53337
216.245.221.92 - - [31/Dec/2022:04:35:01 -0500] "HEAD / HTTP/1.1" 200 -
40.77.167.33 - - [31/Dec/2022:04:35:30 -0500] "GET /bla/resoluciones/notificaciones/autos%202020/04456.pdf HTTP/1.1" 304 -
172.22.2.4 - - [31/Dec/2022:04:35:28 -0500] "GET /BLA/boletinlegal/ HTTP/1.1" 200 62423
201.245.192.253 - - [31/Dec/2022:04:37:30 -0500] "POST /kwsrmcab/Wsrmcab  HTTP/1.1" 200 44193
172.22.2.4 - - [31/Dec/2022:04:38:50 -0500] "GET /BLA/boletinlegal/ HTTP/1.1" 200 24523
172.22.2.4 - - [31/Dec/2022:04:38:03 -0500] "HEAD /BLA/boletinlegal/ HTTP/1.1" 200 -
201.245.192.253 - - [31/Dec/2022:04:39:44 -0500] "POST /kwsrmcab/Wsrmcab HTTP/1.1" 200 41820
201.245.192.253 - - [31/Dec/2022:04:39:47 -0500] "POST /kwsrmcab/Wsrmcab HTTP/1.1" 200 43928
216.245.221.92 - - [31/Dec/2022:04:40:01 -0500] "HEAD / HTTP/1.1" 200 -
172.22.2.4 - - [31/Dec/2022:04:38:53 -0500] "GET /BLA/boletinlegal/ HTTP/1.1" 200 54100
201.245.192.253 - - [31/Dec/2022:04:42:29 -0500] "POST /kwsrmcab/Wsrmcab  HTTP/1.1" 200 44193
36.85.219.4 - - [31/Dec/2022:04:42:39 -0500] "GET / HTTP/1.1" 200 319
216.245.221.92 - - [31/Dec/2022:04:45:01 -0500] "HEAD / HTTP/1.1" 200 -
172.22.2.4 - - [31/Dec/2022:04:43:53 -0500] "HEAD /BLA/boletinlegal/ HTTP/1.1" 200 -
64.124.8.52 - - [31/Dec/2022:04:46:02 -0500] "GET /galeria/galeria/fotos/MeandrodelSay4P.jpg HTTP/1.1" 200 32545
64.124.8.52 - - [31/Dec/2022:04:46:15 -0500] "GET /galeria/galeria/fotos/mirador3G.jpg HTTP/1.1" 200 131992
64.124.8.52 - - [31/Dec/2022:04:46:16 -0500] "GET /BLA/boletinlegal/images/tel.png HTTP/1.1" 200 14477
64.124.8.52 - - [31/Dec/2022:04:46:20 -0500] "GET /galeria/galeria/fotos/Humedal-Santa-Mar%C3%ADa-del-Lago1P.jpg HTTP/1.1" 200 26912
172.22.2.4 - - [31/Dec/2022:04:44:43 -0500] "GET /BLA/boletinlegal/ HTTP/1.1" 200 53337
64.124.8.52 - - [31/Dec/2022:04:46:27 -0500] "GET /galeria/galeria/fotos/1GuaymaralTorcaP1.jpg HTTP/1.1" 200 9512
201.245.192.253 - - [31/Dec/2022:04:47:29 -0500] "POST /kwsrmcab/Wsrmcab  HTTP/1.1" 200 44193
114.119.136.32 - - [31/Dec/2022:04:49:11 -0500] "GET /BLA/resoluciones/RESOLUCIONES%202017/3624.pdf HTTP/1.1" 200 4576128
216.245.221.92 - - [31/Dec/2022:04:50:01 -0500] "HEAD / HTTP/1.1" 200 -
66.249.73.100 - - [31/Dec/2022:04:50:44 -0500] "-" 408 -
172.22.2.4 - - [31/Dec/2022:04:49:43 -0500] "HEAD /BLA/boletinlegal/ HTTP/1.1" 200 -
181.32.175.245 - - [31/Dec/2022:04:51:43 -0500] "GET /BLA/boletinlegal/js/jquery.scrollShow.js HTTP/1.1" 200 4586
181.32.175.245 - - [31/Dec/2022:04:51:43 -0500] "GET /galeria/galeria/jquery.fancybox.js?v=2.1.5 HTTP/1.1" 200 48706
181.32.175.245 - - [31/Dec/2022:04:51:43 -0500] "GET /galeria/galeria/jquery.fancybox.css?v=2.1.5 HTTP/1.1" 200 4895
172.22.2.4 - - [31/Dec/2022:04:50:33 -0500] "GET /BLA/boletinlegal/ HTTP/1.1" 200 52942
201.245.192.253 - - [31/Dec/2022:04:52:28 -0500] "POST /kwsrmcab/Wsrmcab  HTTP/1.1" 200 44193
162.55.165.184 - - [31/Dec/2022:04:53:55 -0500] "GET / HTTP/1.1" 200 319
216.245.221.92 - - [31/Dec/2022:04:55:01 -0500] "HEAD / HTTP/1.1" 200 -
172.22.2.4 - - [31/Dec/2022:04:55:43 -0500] "GET /BLA/boletinlegal/actos.php HTTP/1.1" 200 9566
172.22.2.4 - - [31/Dec/2022:04:55:33 -0500] "HEAD /BLA/boletinlegal/ HTTP/1.1" 200 -
201.245.192.253 - - [31/Dec/2022:04:57:27 -0500] "POST /kwsrmcab/Wsrmcab  HTTP/1.1" 200 44193
66.249.73.127 - - [31/Dec/2022:04:57:37 -0500] "-" 408 -
172.22.2.4 - - [31/Dec/2022:04:56:23 -0500] "GET /BLA/boletinlegal/ HTTP/1.1" 200 55272
49.7.21.73 - - [31/Dec/2022:04:58:32 -0500] "-" 408 -
216.245.221.92 - - [31/Dec/2022:05:00:01 -0500] "HEAD / HTTP/1.1" 200 -
201.245.192.253 - - [31/Dec/2022:05:02:27 -0500] "POST /kwsrmcab/Wsrmcab  HTTP/1.1" 200 44193
40.77.167.12 - - [31/Dec/2022:05:02:47 -0500] "GET /bla/resoluciones/notificaciones/registros%202018/0045.pdf HTTP/1.1" 304 -
172.22.2.4 - - [31/Dec/2022:05:01:23 -0500] "HEAD /BLA/boletinlegal/ HTTP/1.1" 200 -
172.22.2.4 - - [31/Dec/2022:05:02:13 -0500] "GET /BLA/boletinlegal/ HTTP/1.1" 200 56474
114.119.135.48 - - [31/Dec/2022:05:04:08 -0500] "GET /BLA/resoluciones/RESOLUCIONES%202018/3667.pdf HTTP/1.1" 200 298237
216.245.221.92 - - [31/Dec/2022:05:05:01 -0500] "HEAD / HTTP/1.1" 200 -
66.249.73.127 - - [31/Dec/2022:05:06:20 -0500] "-" 408 -
173.252.83.10 - - [31/Dec/2022:05:06:51 -0500] "GET /images/mercados-campesinos-5-mayo.jpg HTTP/1.1" 200 95848
201.245.192.253 - - [31/Dec/2022:05:07:25 -0500] "POST /kwsrmcab/Wsrmcab  HTTP/1.1" 200 44193
40.77.167.33 - - [31/Dec/2022:05:07:43 -0500] "GET /sipse/faces/presentacion/sistema/anexos/cargarAnexoSolicitudProceso.xhtml HTTP/1.1" 302 -
40.77.167.33 - - [31/Dec/2022:05:07:44 -0500] "GET /sipse/faces/autenticacion.xhtml HTTP/1.1" 200 12183
49.7.21.73 - - [31/Dec/2022:05:08:18 -0500] "-" 408 -
172.22.2.4 - - [31/Dec/2022:05:07:13 -0500] "HEAD /BLA/boletinlegal/ HTTP/1.1" 200 -
172.22.2.4 - - [31/Dec/2022:05:08:03 -0500] "GET /BLA/boletinlegal/ HTTP/1.1" 200 58612
216.245.221.92 - - [31/Dec/2022:05:10:01 -0500] "HEAD / HTTP/1.1" 200 -
201.245.192.253 - - [31/Dec/2022:05:12:22 -0500] "POST /kwsrmcab/Wsrmcab  HTTP/1.1" 200 44193
190.0.246.150 - - [31/Dec/2022:05:13:02 -0500] "GET /BLA/boletinlegal/js/jquery.scrollShow.js HTTP/1.1" 200 4586
190.0.246.150 - - [31/Dec/2022:05:13:02 -0500] "GET /galeria/galeria/jquery.fancybox.css?v=2.1.5 HTTP/1.1" 200 4895
190.0.246.150 - - [31/Dec/2022:05:13:02 -0500] "GET /galeria/galeria/jquery.fancybox.js?v=2.1.5 HTTP/1.1" 200 48706
172.22.2.4 - - [31/Dec/2022:05:13:03 -0500] "HEAD /BLA/boletinlegal/ HTTP/1.1" 200 -
216.245.221.92 - - [31/Dec/2022:05:15:01 -0500] "HEAD / HTTP/1.1" 200 -
172.22.2.4 - - [31/Dec/2022:05:13:53 -0500] "GET /BLA/boletinlegal/ HTTP/1.1" 200 59404
49.7.21.73 - - [31/Dec/2022:05:16:10 -0500] "-" 408 -
201.245.192.253 - - [31/Dec/2022:05:17:21 -0500] "POST /kwsrmcab/Wsrmcab  HTTP/1.1" 200 44193
66.249.73.127 - - [31/Dec/2022:05:17:25 -0500] "-" 408 -
162.55.167.166 - - [31/Dec/2022:05:19:00 -0500] "GET / HTTP/1.1" 200 319
201.245.192.253 - - [31/Dec/2022:05:19:44 -0500] "POST /kwsrmcab/Wsrmcab HTTP/1.1" 200 41818
201.245.192.253 - - [31/Dec/2022:05:19:47 -0500] "POST /kwsrmcab/Wsrmcab HTTP/1.1" 200 43918
216.245.221.92 - - [31/Dec/2022:05:20:01 -0500] "HEAD / HTTP/1.1" 200 -
172.22.2.4 - - [31/Dec/2022:05:18:53 -0500] "HEAD /BLA/boletinlegal/ HTTP/1.1" 200 -
114.119.145.115 - - [31/Dec/2022:05:21:21 -0500] "GET /BLA/resoluciones/index.php?dir=RESOLUCIONES%2B2020/&sort=date&order=asc HTTP/1.1" 200 13709
172.22.2.4 - - [31/Dec/2022:05:19:43 -0500] "GET /BLA/boletinlegal/ HTTP/1.1" 200 52453
201.245.192.253 - - [31/Dec/2022:05:22:20 -0500] "POST /kwsrmcab/Wsrmcab  HTTP/1.1" 200 44193
157.55.39.194 - - [31/Dec/2022:05:23:42 -0500] "GET /sipse/faces/autenticacion.xhtml HTTP/1.1" 200 12505
66.249.73.127 - - [31/Dec/2022:05:23:42 -0500] "-" 408 -
216.245.221.92 - - [31/Dec/2022:05:25:01 -0500] "HEAD / HTTP/1.1" 200 -
49.7.21.73 - - [31/Dec/2022:05:26:08 -0500] "-" 408 -
172.22.2.4 - - [31/Dec/2022:05:24:43 -0500] "HEAD /BLA/boletinlegal/ HTTP/1.1" 200 -
209.141.35.50 - - [31/Dec/2022:05:26:50 -0500] "GET / HTTP/1.1" 200 319
172.22.2.4 - - [31/Dec/2022:05:25:33 -0500] "GET /BLA/boletinlegal/ HTTP/1.1" 200 52079
201.245.192.253 - - [31/Dec/2022:05:27:18 -0500] "POST /kwsrmcab/Wsrmcab  HTTP/1.1" 200 44193
201.245.192.253 - - [31/Dec/2022:05:29:44 -0500] "POST /kwsrmcab/Wsrmcab HTTP/1.1" 200 41818
201.245.192.253 - - [31/Dec/2022:05:29:47 -0500] "POST /kwsrmcab/Wsrmcab HTTP/1.1" 200 43918
216.245.221.92 - - [31/Dec/2022:05:30:01 -0500] "HEAD / HTTP/1.1" 200 -
172.22.2.4 - - [31/Dec/2022:05:29:35 -0500] "GET /BLA/boletinlegal/ HTTP/1.1" 200 53739
172.22.2.4 - - [31/Dec/2022:05:31:37 -0500] "GET /BLA/boletinlegal/js/jquery.scrollShow.js HTTP/1.1" 200 4586
172.22.2.4 - - [31/Dec/2022:05:31:37 -0500] "GET /BLA/boletinlegal/js/jquery.scrollTo-min.js HTTP/1.1" 200 1150
172.22.2.4 - - [31/Dec/2022:05:30:33 -0500] "HEAD /BLA/boletinlegal/ HTTP/1.1" 200 -
201.245.192.253 - - [31/Dec/2022:05:32:17 -0500] "POST /kwsrmcab/Wsrmcab  HTTP/1.1" 200 44193
185.246.221.179 - - [31/Dec/2022:05:32:34 -0500] "GET /.env HTTP/1.1" 404 1018
185.246.221.179 - - [31/Dec/2022:05:32:35 -0500] "POST / HTTP/1.1" 200 319
172.22.2.4 - - [31/Dec/2022:05:31:23 -0500] "GET /BLA/boletinlegal/ HTTP/1.1" 200 56474
216.245.221.92 - - [31/Dec/2022:05:35:01 -0500] "HEAD / HTTP/1.1" 200 -
69.171.249.8 - - [31/Dec/2022:05:37:12 -0500] "GET /images/cr\xc3\xb3nica-29-nov-1_optimized.jpeg HTTP/1.1" 404 1034
201.245.192.253 - - [31/Dec/2022:05:37:16 -0500] "POST /kwsrmcab/Wsrmcab  HTTP/1.1" 200 44193
172.22.2.4 - - [31/Dec/2022:05:36:23 -0500] "HEAD /BLA/boletinlegal/ HTTP/1.1" 200 -
69.162.243.124 - - [31/Dec/2022:05:38:14 -0500] "GET /.env HTTP/1.1" 404 1018
69.162.243.124 - - [31/Dec/2022:05:38:14 -0500] "POST / HTTP/1.1" 200 319
49.7.21.73 - - [31/Dec/2022:05:38:45 -0500] "-" 408 -
172.22.2.4 - - [31/Dec/2022:05:37:13 -0500] "GET /BLA/boletinlegal/ HTTP/1.1" 200 52453
185.119.81.100 - - [31/Dec/2022:05:39:12 -0500] "GET /portaldeninos/wp-login.php HTTP/1.1" 200 2592
185.119.81.100 - - [31/Dec/2022:05:39:14 -0500] "POST /portaldeninos/wp-login.php HTTP/1.1" 200 3650
201.245.192.253 - - [31/Dec/2022:05:39:43 -0500] "POST /kwsrmcab/Wsrmcab HTTP/1.1" 200 41818
201.245.192.253 - - [31/Dec/2022:05:39:46 -0500] "POST /kwsrmcab/Wsrmcab HTTP/1.1" 200 43918
216.245.221.92 - - [31/Dec/2022:05:40:01 -0500] "HEAD / HTTP/1.1" 200 -
201.245.192.253 - - [31/Dec/2022:05:42:15 -0500] "POST /kwsrmcab/Wsrmcab  HTTP/1.1" 200 44193
172.22.2.4 - - [31/Dec/2022:05:42:13 -0500] "HEAD /BLA/boletinlegal/ HTTP/1.1" 200 -
172.22.2.4 - - [31/Dec/2022:05:43:03 -0500] "GET /BLA/boletinlegal/ HTTP/1.1" 200 56474
207.154.255.169 - - [31/Dec/2022:05:44:59 -0500] "GET / HTTP/1.0" 200 319
216.245.221.92 - - [31/Dec/2022:05:45:01 -0500] "HEAD / HTTP/1.1" 200 -
199.16.157.182 - - [31/Dec/2022:05:45:10 -0500] "GET /images/prendas-1_optimized.jpeg HTTP/1.1" 200 65869
64.124.8.25 - - [31/Dec/2022:05:46:01 -0500] "GET /catalogoisis/imagenes/aceptar1.gif HTTP/1.1" 200 604
114.119.130.201 - - [31/Dec/2022:05:46:23 -0500] "GET /BLA/resoluciones/RESOLUCIONES%202018/2604.pdf HTTP/1.1" 200 3177883
201.245.192.253 - - [31/Dec/2022:05:47:14 -0500] "POST /kwsrmcab/Wsrmcab  HTTP/1.1" 200 44193
172.22.2.4 - - [31/Dec/2022:05:47:27 -0500] "GET /BLA/boletinlegal/styles2.css HTTP/1.1" 200 1838
172.22.2.4 - - [31/Dec/2022:05:47:27 -0500] "GET /BLA/boletinlegal/style.css HTTP/1.1" 200 9406
172.22.2.4 - - [31/Dec/2022:05:47:27 -0500] "GET /BLA/boletinlegal/js/jquery.js HTTP/1.1" 200 57254
157.90.181.145 - - [31/Dec/2022:05:48:41 -0500] "-" 408 -
172.22.2.4 - - [31/Dec/2022:05:48:03 -0500] "HEAD /BLA/boletinlegal/ HTTP/1.1" 200 -
216.245.221.92 - - [31/Dec/2022:05:50:01 -0500] "HEAD / HTTP/1.1" 200 -
172.22.2.4 - - [31/Dec/2022:05:48:53 -0500] "GET /BLA/boletinlegal/ HTTP/1.1" 200 57192
66.249.73.100 - - [31/Dec/2022:05:51:49 -0500] "-" 408 -
49.7.21.73 - - [31/Dec/2022:05:52:08 -0500] "-" 408 -
201.245.192.253 - - [31/Dec/2022:05:52:13 -0500] "POST /kwsrmcab/Wsrmcab  HTTP/1.1" 200 44193
85.208.98.197 - - [31/Dec/2022:05:53:30 -0500] "GET /BLA/resoluciones/RESOLUCIONES%202014/1016.pdf HTTP/1.1" 200 431810
85.208.98.196 - - [31/Dec/2022:05:53:35 -0500] "GET /BLA/resoluciones/RESOLUCIONES%202012/0288.pdf HTTP/1.1" 200 418763
216.245.221.92 - - [31/Dec/2022:05:55:01 -0500] "HEAD / HTTP/1.1" 200 -
172.22.2.4 - - [31/Dec/2022:05:53:53 -0500] "HEAD /BLA/boletinlegal/ HTTP/1.1" 200 -
172.22.2.4 - - [31/Dec/2022:05:54:43 -0500] "GET /BLA/boletinlegal/ HTTP/1.1" 200 59035
201.245.192.253 - - [31/Dec/2022:05:57:12 -0500] "POST /kwsrmcab/Wsrmcab  HTTP/1.1" 200 44193
114.119.132.43 - - [31/Dec/2022:05:57:48 -0500] "GET /BLA/resoluciones/index.php?dir=Notificaciones/REGISTROS%2B2013/ HTTP/1.1" 200 13762
66.249.73.127 - - [31/Dec/2022:05:58:09 -0500] "-" 408 -
216.245.221.92 - - [31/Dec/2022:06:00:01 -0500] "HEAD / HTTP/1.1" 200 -
186.103.33.200 - - [31/Dec/2022:06:00:46 -0500] "GET /sipse/faces/javax.faces.resource/theme.css?ln=primefaces-sipse HTTP/1.1" 304 -
186.103.33.200 - - [31/Dec/2022:06:00:46 -0500] "GET /sipse/faces/javax.faces.resource/primefaces.css?ln=primefaces&v=4.0 HTTP/1.1" 304 -
186.103.33.200 - - [31/Dec/2022:06:00:46 -0500] "GET /sipse/faces/javax.faces.resource/layout/layout.css?ln=primefaces&v=4.0 HTTP/1.1" 304 -
186.103.33.200 - - [31/Dec/2022:06:00:46 -0500] "GET /sipse/faces/javax.faces.resource/jquery/jquery.js?ln=primefaces&v=4.0 HTTP/1.1" 304 -
186.103.33.200 - - [31/Dec/2022:06:00:46 -0500] "GET /sipse/faces/javax.faces.resource/jquery/jquery-plugins.js?ln=primefaces&v=4.0 HTTP/1.1" 304 -
186.103.33.200 - - [31/Dec/2022:06:00:46 -0500] "GET /sipse/faces/javax.faces.resource/layout/layout.js?ln=primefaces&v=4.0 HTTP/1.1" 304 -
186.103.33.200 - - [31/Dec/2022:06:00:46 -0500] "GET /sipse/faces/javax.faces.resource/primefaces.js?ln=primefaces&v=4.0 HTTP/1.1" 304 -
186.103.33.200 - - [31/Dec/2022:06:00:47 -0500] "GET /sipse/faces/javax.faces.resource/images/ui-icons_898989_256x240.png?ln=primefaces-aristo HTTP/1.1" 304 -
186.103.33.200 - - [31/Dec/2022:06:00:47 -0500] "GET /sipse/faces/faces/index.xhtml HTTP/1.1" 200 677
186.103.33.200 - - [31/Dec/2022:06:00:48 -0500] "GET /sipse/faces/javax.faces.resource/theme.css?ln=primefaces-sipse HTTP/1.1" 304 -
186.103.33.200 - - [31/Dec/2022:06:00:48 -0500] "GET /sipse/faces/faces/faces/autenticacion.xhtml HTTP/1.1" 200 12183
186.103.33.200 - - [31/Dec/2022:06:00:48 -0500] "GET /sipse/faces/javax.faces.resource/theme.css?ln=primefaces-sipse HTTP/1.1" 304 -
186.103.33.200 - - [31/Dec/2022:06:00:48 -0500] "GET /sipse/faces/javax.faces.resource/primefaces.css?ln=primefaces&v=4.0 HTTP/1.1" 304 -
186.103.33.200 - - [31/Dec/2022:06:00:48 -0500] "GET /sipse/faces/javax.faces.resource/layout/layout.css?ln=primefaces&v=4.0 HTTP/1.1" 304 -
186.103.33.200 - - [31/Dec/2022:06:00:48 -0500] "GET /sipse/faces/javax.faces.resource/jquery/jquery-plugins.js?ln=primefaces&v=4.0 HTTP/1.1" 304 -
186.103.33.200 - - [31/Dec/2022:06:00:48 -0500] "GET /sipse/faces/javax.faces.resource/jquery/jquery.js?ln=primefaces&v=4.0 HTTP/1.1" 304 -
186.103.33.200 - - [31/Dec/2022:06:00:48 -0500] "GET /sipse/faces/javax.faces.resource/primefaces.js?ln=primefaces&v=4.0 HTTP/1.1" 304 -
186.103.33.200 - - [31/Dec/2022:06:00:48 -0500] "GET /sipse/faces/javax.faces.resource/layout/layout.js?ln=primefaces&v=4.0 HTTP/1.1" 304 -
172.22.2.4 - - [31/Dec/2022:05:59:43 -0500] "HEAD /BLA/boletinlegal/ HTTP/1.1" 200 -
201.245.192.253 - - [31/Dec/2022:06:02:10 -0500] "POST /kwsrmcab/Wsrmcab  HTTP/1.1" 200 44193
172.22.2.4 - - [31/Dec/2022:06:00:33 -0500] "GET /BLA/boletinlegal/ HTTP/1.1" 200 57192
66.249.73.127 - - [31/Dec/2022:06:04:42 -0500] "-" 408 -
216.245.221.92 - - [31/Dec/2022:06:05:01 -0500] "HEAD / HTTP/1.1" 200 -
49.7.21.73 - - [31/Dec/2022:06:05:59 -0500] "-" 408 -
201.245.192.253 - - [31/Dec/2022:06:07:09 -0500] "POST /kwsrmcab/Wsrmcab  HTTP/1.1" 200 44193
172.22.2.4 - - [31/Dec/2022:06:05:33 -0500] "HEAD /BLA/boletinlegal/ HTTP/1.1" 200 -
85.208.98.196 - - [31/Dec/2022:06:07:51 -0500] "GET /robots.txt HTTP/1.1" 404 1018
172.22.2.4 - - [31/Dec/2022:06:06:23 -0500] "GET /BLA/boletinlegal/ HTTP/1.1" 200 57192
199.16.157.183 - - [31/Dec/2022:06:08:25 -0500] "-" 408 -
216.245.221.92 - - [31/Dec/2022:06:10:01 -0500] "HEAD / HTTP/1.1" 200 -
114.119.142.99 - - [31/Dec/2022:06:10:14 -0500] "GET /autoliquidacion/index.php?dir=Plan%2Bde%2Bmanejo%2Bambiental%2Bpara%2Bsitios%2Bde%2Baprovechamiento%2By%2Bo%2Bdisposicion%2Bfinal%2Bde%2Bescombros/&sort=date&order=asc HTTP/1.1" 200 7054
162.55.41.96 - - [31/Dec/2022:06:11:13 -0500] "GET / HTTP/1.1" 200 319
172.22.2.4 - - [31/Dec/2022:06:11:32 -0500] "GET /BLA/boletinlegal/Circulares/2022/CIRCULAR%20No.%2000007%20DEL%2025%20DE%20JULIO%20DEL%202022.pdf HTTP/1.1" 304 -
201.245.192.253 - - [31/Dec/2022:06:12:08 -0500] "POST /kwsrmcab/Wsrmcab  HTTP/1.1" 200 44193
172.22.2.4 - - [31/Dec/2022:06:12:45 -0500] "GET /BLA/boletinlegal/jurisprudencia/analisis/CUADRO%20ANALISIS%20SENTENCIA%20T-411%20DE%201992.doc HTTP/1.1" 304 -
172.22.2.4 - - [31/Dec/2022:06:11:23 -0500] "HEAD /BLA/boletinlegal/ HTTP/1.1" 200 -
172.22.2.4 - - [31/Dec/2022:06:12:13 -0500] "GET /BLA/boletinlegal/ HTTP/1.1" 200 56079
66.249.73.127 - - [31/Dec/2022:06:14:32 -0500] "-" 408 -
216.245.221.92 - - [31/Dec/2022:06:15:01 -0500] "HEAD / HTTP/1.1" 200 -
157.55.39.194 - - [31/Dec/2022:06:16:55 -0500] "GET /sipse/faces/autenticacion.xhtml HTTP/1.1" 200 12505
201.245.192.253 - - [31/Dec/2022:06:17:06 -0500] "POST /kwsrmcab/Wsrmcab  HTTP/1.1" 200 44193
69.171.251.8 - - [31/Dec/2022:06:17:18 -0500] "GET /images/cr\xc3\xb3nica-29-nov-1_optimized.jpeg HTTP/1.1" 404 1034
172.22.2.4 - - [31/Dec/2022:06:17:13 -0500] "HEAD /BLA/boletinlegal/ HTTP/1.1" 200 -
172.22.2.4 - - [31/Dec/2022:06:18:03 -0500] "GET /BLA/boletinlegal/ HTTP/1.1" 200 52942
201.245.192.253 - - [31/Dec/2022:06:19:44 -0500] "POST /kwsrmcab/Wsrmcab HTTP/1.1" 200 39054
201.245.192.253 - - [31/Dec/2022:06:19:46 -0500] "POST /kwsrmcab/Wsrmcab HTTP/1.1" 200 43776
216.245.221.92 - - [31/Dec/2022:06:20:01 -0500] "HEAD / HTTP/1.1" 200 -
66.249.73.127 - - [31/Dec/2022:06:20:43 -0500] "-" 408 -
49.7.21.73 - - [31/Dec/2022:06:21:51 -0500] "-" 408 -
201.245.192.253 - - [31/Dec/2022:06:22:05 -0500] "POST /kwsrmcab/Wsrmcab  HTTP/1.1" 200 44193
114.119.150.155 - - [31/Dec/2022:06:22:19 -0500] "GET /BLA/resoluciones/index.php?dir=AUTOS%2B1997/&sort=date&order=desc HTTP/1.1" 200 13687
207.46.13.170 - - [31/Dec/2022:06:22:35 -0500] "GET /portaldeninos/parque-mirador-de-los-nevados/ HTTP/1.1" 200 89855
40.77.167.33 - - [31/Dec/2022:06:23:20 -0500] "GET /bla/resoluciones/resoluciones%202012/0281.pdf HTTP/1.1" 304 -
172.22.2.4 - - [31/Dec/2022:06:23:03 -0500] "HEAD /BLA/boletinlegal/ HTTP/1.1" 200 -
216.245.221.92 - - [31/Dec/2022:06:25:01 -0500] "HEAD / HTTP/1.1" 200 -
172.22.2.4 - - [31/Dec/2022:06:23:53 -0500] "GET /BLA/boletinlegal/ HTTP/1.1" 200 59404
201.245.192.253 - - [31/Dec/2022:06:27:04 -0500] "POST /kwsrmcab/Wsrmcab  HTTP/1.1" 200 44193
66.249.73.127 - - [31/Dec/2022:06:27:13 -0500] "-" 408 -
201.245.192.253 - - [31/Dec/2022:06:29:44 -0500] "POST /kwsrmcab/Wsrmcab HTTP/1.1" 200 39054
201.245.192.253 - - [31/Dec/2022:06:29:47 -0500] "POST /kwsrmcab/Wsrmcab HTTP/1.1" 200 43776
216.245.221.92 - - [31/Dec/2022:06:30:01 -0500] "HEAD / HTTP/1.1" 200 -
172.22.2.4 - - [31/Dec/2022:06:28:53 -0500] "HEAD /BLA/boletinlegal/ HTTP/1.1" 200 -
172.22.2.4 - - [31/Dec/2022:06:29:43 -0500] "GET /BLA/boletinlegal/ HTTP/1.1" 200 57192
201.245.192.253 - - [31/Dec/2022:06:32:03 -0500] "POST /kwsrmcab/Wsrmcab  HTTP/1.1" 200 44193
114.119.159.39 - - [31/Dec/2022:06:32:24 -0500] "GET /BLA/resoluciones/RESOLUCIONES%202017/0158.pdf HTTP/1.1" 200 2480347
172.22.2.4 - - [31/Dec/2022:06:32:51 -0500] "GET /BLA/boletinlegal/style.css HTTP/1.1" 200 9406
172.22.2.4 - - [31/Dec/2022:06:32:51 -0500] "GET /BLA/boletinlegal/styles2.css HTTP/1.1" 200 1838
172.22.2.4 - - [31/Dec/2022:06:32:51 -0500] "GET /BLA/boletinlegal/js/jquery.js HTTP/1.1" 200 57254
172.22.2.4 - - [31/Dec/2022:06:32:51 -0500] "GET /BLA/boletinlegal/js/jquery.scrollShow.js HTTP/1.1" 200 4586
172.22.2.4 - - [31/Dec/2022:06:32:51 -0500] "GET /BLA/boletinlegal/js/jquery.scrollTo-min.js HTTP/1.1" 200 1150
172.22.2.4 - - [31/Dec/2022:06:32:51 -0500] "GET /BLA/boletinlegal/images/cabezote%20BLEGAL.jpg HTTP/1.1" 200 118164
172.22.2.4 - - [31/Dec/2022:06:32:51 -0500] "GET /BLA/boletinlegal/images/subscribe-icon-big.png HTTP/1.1" 200 47702
172.22.2.4 - - [31/Dec/2022:06:32:51 -0500] "GET /BLA/boletinlegal/images/historia.png HTTP/1.1" 200 52775
172.22.2.4 - - [31/Dec/2022:06:32:51 -0500] "GET /BLA/boletinlegal/images/registro-usuarios.png HTTP/1.1" 200 8106
172.22.2.4 - - [31/Dec/2022:06:32:51 -0500] "GET /BLA/boletinlegal/images/arr_l.jpg HTTP/1.1" 200 1979
172.22.2.4 - - [31/Dec/2022:06:32:51 -0500] "GET /BLA/boletinlegal/images/screen_1.png HTTP/1.1" 200 202547
172.22.2.4 - - [31/Dec/2022:06:32:51 -0500] "GET /BLA/boletinlegal/images/launch.jpg HTTP/1.1" 200 14577
172.22.2.4 - - [31/Dec/2022:06:32:58 -0500] "GET /BLA/boletinlegal/images/screen_2.png HTTP/1.1" 200 362502
172.22.2.4 - - [31/Dec/2022:06:32:58 -0500] "GET /BLA/boletinlegal/images/screen_3.png HTTP/1.1" 200 210620
172.22.2.4 - - [31/Dec/2022:06:32:58 -0500] "GET /BLA/boletinlegal/images/screen_5.png HTTP/1.1" 200 368876
172.22.2.4 - - [31/Dec/2022:06:32:58 -0500] "GET /BLA/boletinlegal/images/arr_r.jpg HTTP/1.1" 200 1998
172.22.2.4 - - [31/Dec/2022:06:33:06 -0500] "GET /BLA/boletinlegal/images/pdf.gif HTTP/1.1" 200 567
172.22.2.4 - - [31/Dec/2022:06:32:50 -0500] "GET /BLA/boletinlegal/ HTTP/1.1" 200 62423
66.249.73.127 - - [31/Dec/2022:06:34:48 -0500] "-" 408 -
216.245.221.92 - - [31/Dec/2022:06:35:01 -0500] "HEAD / HTTP/1.1" 200 -
172.22.2.4 - - [31/Dec/2022:06:34:43 -0500] "HEAD /BLA/boletinlegal/ HTTP/1.1" 200 -
201.245.192.253 - - [31/Dec/2022:06:37:02 -0500] "POST /kwsrmcab/Wsrmcab  HTTP/1.1" 200 44193
172.22.2.4 - - [31/Dec/2022:06:35:33 -0500] "GET /BLA/boletinlegal/ HTTP/1.1" 200 56079
209.141.40.109 - - [31/Dec/2022:06:39:01 -0500] "GET / HTTP/1.1" 200 319
201.245.192.253 - - [31/Dec/2022:06:39:44 -0500] "POST /kwsrmcab/Wsrmcab HTTP/1.1" 200 39054
201.245.192.253 - - [31/Dec/2022:06:39:47 -0500] "POST /kwsrmcab/Wsrmcab HTTP/1.1" 200 43776
216.245.221.92 - - [31/Dec/2022:06:40:01 -0500] "HEAD / HTTP/1.1" 200 -
49.7.21.73 - - [31/Dec/2022:06:40:51 -0500] "-" 408 -
114.119.133.53 - - [31/Dec/2022:06:41:32 -0500] "GET /BLA/resoluciones/RESOLUCIONES%202016/2006.pdf HTTP/1.1" 200 456572
143.47.184.251 - - [31/Dec/2022:06:41:41 -0500] "GET /.env HTTP/1.1" 404 1018
143.47.184.251 - - [31/Dec/2022:06:41:42 -0500] "GET /.env.example HTTP/1.1" 404 1018
143.47.184.251 - - [31/Dec/2022:06:41:44 -0500] "GET /blog/.env HTTP/1.1" 404 1018
143.47.184.251 - - [31/Dec/2022:06:41:45 -0500] "GET /api/.env HTTP/1.1" 404 1018
143.47.184.251 - - [31/Dec/2022:06:41:46 -0500] "GET /laravel/.env HTTP/1.1" 404 1018
143.47.184.251 - - [31/Dec/2022:06:41:47 -0500] "GET /docs/.env HTTP/1.1" 404 1018
143.47.184.251 - - [31/Dec/2022:06:41:48 -0500] "GET /_profiler/phpinfo HTTP/1.1" 404 1018
201.245.192.253 - - [31/Dec/2022:06:42:01 -0500] "POST /kwsrmcab/Wsrmcab  HTTP/1.1" 200 44193
172.22.2.4 - - [31/Dec/2022:06:40:33 -0500] "HEAD /BLA/boletinlegal/ HTTP/1.1" 200 -
172.22.2.4 - - [31/Dec/2022:06:41:23 -0500] "GET /BLA/boletinlegal/ HTTP/1.1" 200 57192
66.249.73.127 - - [31/Dec/2022:06:43:17 -0500] "-" 408 -
216.245.221.92 - - [31/Dec/2022:06:45:01 -0500] "HEAD / HTTP/1.1" 200 -
116.202.20.140 - - [31/Dec/2022:06:46:42 -0500] "GET / HTTP/1.1" 200 319
157.55.39.172 - - [31/Dec/2022:06:46:57 -0500] "GET /Publicaciones/2022EE88319.pdf HTTP/1.1" 404 227
201.245.192.253 - - [31/Dec/2022:06:47:00 -0500] "POST /kwsrmcab/Wsrmcab  HTTP/1.1" 200 44193
172.22.2.4 - - [31/Dec/2022:06:46:23 -0500] "HEAD /BLA/boletinlegal/ HTTP/1.1" 200 -
172.22.2.4 - - [31/Dec/2022:06:47:13 -0500] "GET /BLA/boletinlegal/ HTTP/1.1" 200 49550
66.249.73.127 - - [31/Dec/2022:06:48:54 -0500] "-" 408 -
114.119.130.99 - - [31/Dec/2022:06:49:05 -0500] "GET /BLA/resoluciones/RESOLUCIONES%202016/1944.pdf HTTP/1.1" 200 716996
216.245.221.92 - - [31/Dec/2022:06:50:01 -0500] "HEAD / HTTP/1.1" 200 -
201.245.192.253 - - [31/Dec/2022:06:51:59 -0500] "POST /kwsrmcab/Wsrmcab  HTTP/1.1" 200 44193
172.22.2.4 - - [31/Dec/2022:06:52:13 -0500] "HEAD /BLA/boletinlegal/ HTTP/1.1" 200 -
172.22.2.4 - - [31/Dec/2022:06:53:03 -0500] "GET /BLA/boletinlegal/ HTTP/1.1" 200 52079
216.245.221.92 - - [31/Dec/2022:06:55:01 -0500] "HEAD / HTTP/1.1" 200 -
66.249.73.127 - - [31/Dec/2022:06:55:16 -0500] "-" 408 -
114.119.148.191 - - [31/Dec/2022:06:56:36 -0500] "GET /siipev/Diseno%20de%20Elementos%20de%20Mobiliario%20Urbano/Diseno%20pertenecientes%20al%20mobiliario%20urbano%20M10-M160/Infografia/Parte1?C=S%3BO%3DA HTTP/1.1" 301 380
114.119.148.191 - - [31/Dec/2022:06:56:40 -0500] "GET /siipev/Diseno%20de%20Elementos%20de%20Mobiliario%20Urbano/Diseno%20pertenecientes%20al%20mobiliario%20urbano%20M10-M160/Infografia/Parte1/?C=S%3BO%3DA HTTP/1.1" 200 715
172.22.2.4 - - [31/Dec/2022:06:56:51 -0500] "GET /BLA/boletinlegal/console/ HTTP/1.1" 404 1018
201.245.192.253 - - [31/Dec/2022:06:56:59 -0500] "POST /kwsrmcab/Wsrmcab  HTTP/1.1" 200 44193
172.22.2.4 - - [31/Dec/2022:06:58:03 -0500] "HEAD /BLA/boletinlegal/ HTTP/1.1" 200 -
216.245.221.92 - - [31/Dec/2022:07:00:01 -0500] "HEAD / HTTP/1.1" 200 -
172.22.2.4 - - [31/Dec/2022:06:58:53 -0500] "GET /BLA/boletinlegal/ HTTP/1.1" 200 57192
157.55.39.172 - - [31/Dec/2022:07:00:57 -0500] "GET /IsolucionSDA/bancoconocimiento/C/CirculacionyPrestamodeMaterialdelCentrodeDocumentacion_v3/CirculacionyPrestamodeMaterialdelCentrodeDocumentacion_v3.asp?IdArticulo=3556 HTTP/1.1" 404 5132
172.22.2.4 - - [31/Dec/2022:07:01:23 -0500] "GET /BLA/boletinlegal/ HTTP/1.1" 200 24523
201.245.192.253 - - [31/Dec/2022:07:01:57 -0500] "POST /kwsrmcab/Wsrmcab  HTTP/1.1" 200 44193
114.119.148.154 - - [31/Dec/2022:07:02:30 -0500] "GET /autoliquidacion/index.php?dir=TR%C3%83%C2%83%C3%82%C2%AF%C3%83%C2%82%C3%82%C2%BF%C3%83%C2%82%C3%82%C2%BDMITES%2BVERTIMIENTOS/&sort=size&order=asc HTTP/1.1" 200 6916
173.252.79.15 - - [31/Dec/2022:07:04:45 -0500] "GET /images/cr\xc3\xb3nica-29-nov-1_optimized.jpeg HTTP/1.1" 404 1034
216.245.221.92 - - [31/Dec/2022:07:05:01 -0500] "HEAD / HTTP/1.1" 200 -
172.22.2.4 - - [31/Dec/2022:07:03:53 -0500] "HEAD /BLA/boletinlegal/ HTTP/1.1" 200 -
172.22.2.4 - - [31/Dec/2022:07:04:43 -0500] "GET /BLA/boletinlegal/ HTTP/1.1" 200 57824
114.119.135.209 - - [31/Dec/2022:07:06:55 -0500] "GET /autoliquidacion/index.php?dir=RECEPCI%C3%83%C2%83%C3%82%C2%83%C3%83%C2%82%C3%82%C2%AF%C3%83%C2%83%C3%82%C2%82%C3%83%C2%82%C3%82%C2%BF%C3%83%C2%83%C3%82%C2%82%C3%83%C2%82%C3%82%C2%BDN%2BDE%2BPETICIONES%2BPQRSF/&sort=name&order=asc HTTP/1.1" 200 7012
201.245.192.253 - - [31/Dec/2022:07:06:56 -0500] "POST /kwsrmcab/Wsrmcab  HTTP/1.1" 200 44193
157.55.39.172 - - [31/Dec/2022:07:08:29 -0500] "GET /bla/resoluciones/notificaciones/autos%202018/5021.pdf HTTP/1.1" 304 -
216.245.221.92 - - [31/Dec/2022:07:10:01 -0500] "HEAD / HTTP/1.1" 200 -
114.119.134.217 - - [31/Dec/2022:07:10:40 -0500] "GET /BLA/resoluciones/index.php?dir=AUTOS%2B2002/&sort=date&order=asc HTTP/1.1" 200 13688
157.55.39.172 - - [31/Dec/2022:07:10:48 -0500] "GET /sipse/faces/faces/autenticacion.xhtml HTTP/1.1" 200 12505
181.51.34.78 - - [31/Dec/2022:07:11:10 -0500] "GET /sipse/faces/faces/autenticacion.xhtml HTTP/1.1" 200 12505
