186.102.52.96 - - [31/Dec/2022:22:38:11 -0500] "GET /kwssiamovil/sm/acme/a?s=U2FsdGVkX18BJw1dLOaKpSMaxI6bgxM5gbIp9UpDliEiHkiEEymGknyZ2LkWW0/KFFKNQmG3B2pg8/C3PNF9Nbv2Q/8FIq6Ue6jJLRdf9kSgQP3iLGthOXjGsfnE2dXRhWcunqEV1N+ZwqRJSb//JX/o3GxANCZpvo/IwgBZ3FawLVeiIrWmlXk/kGG071xrUQCQsQ31SZWRwz2sLDB+RNRB7jsMnPcYcy4kQOVLKehPhzZcEA5Lgi1f7Uhz2qFJVpIl8u22RU7xLmSfbHPHYMJ3qqAj7992k86oMBTMpew74CcIiTrSxA8iB7n89y5Yx3Wd95+N7G8V8voUagDEF0DRE3sWjkEfyN83FD9w4lTg4vwU7SKX7+n9oeXEQ4u9eXbnSpo6y7kHilGigRSV1ki5FZVdOnyAqa6fX/t40tVjtqu7xSpci3uJg1vLrUaFBRNOabj9VKV+kZt74SQoYYA/oM8M+JdI3HvFdesvYCfz46A0P/kOeGCDfwnDEpw60hwqP46ewl0YtxrSFsCr4KPYIJyzoE21p6aLzFjedjiNFUg/jTNDYB0NUWplR/6qP8qj+PDxKKT7U5Hbs5HLl/cXqmuBQ8M++jls7vZLTUaxKwDhejt8+HhtIX3X5EZpqv+tWXumT4rIKhZZ6aDJa5W1WAieUXeH0/eJ8Ye7h2BhF1/NjHlFxnDjcRNR6N3ssrD+3fzXvHy869+GGcCWtIp/I6kGcIUPumHMi8wVZrZnaR8SoRgZrbRUVObJvO1UoC+BaIsF7FPHV5G9gsbShom0ehKr0+vtcj461p+AP52CidJdMyuLDGGT/jQHZlqoLjPTlIJewP7SLxHv26Z9knh2Lw4fiHg/brgIp62FS153AdoKohuUMo5cjv9OeWX8o1vhhr0BPNanqECHZxFIjCFA1UR1yAV0l+Yvkyoza9xXihll1i/nVOmsYU8M7AlU564RTp05Hat2AxRJ0armDI4QcScAV6QK31FOV3fc0AmGZoWzT1GDAENX6W+w4lQBuHIcuQZlepHUgI8EzLx7KBtEHKx0KhMLhy1XnQagYTPUSLq3UTjRylS1yIuEmYsflx1POPK3veuKa21F8E8MRnN9xjA8b48F16s/yDviT7kCEx9517eHxmNkAmff1QAoZv/MCYasxMUDwStuL/8IevjJ7qgv/6dtiBbxyHnp955Nvnv7apiVV2NP7URDgWwpNHa+uQ1DYV74CDoOlvDNPGUxMraL0uFSwDorngLYuM7ZT75JqIJK+NXF83Xm2qLZe0fXQ+PxWUhQxKavQPR7k0rMGK8SEKu2++Nq+ViX4mqRAIRq4SFi3S2fLV8ipI80TF78Zy6R21axu8Yt00ZT3U0QbqafgFQf5Zs8tAvo7bn95EzhaOxVsbN8iy1/rw/9cJNID5TMqfK1+9mnTfcW7WXOCzgbYpG8HfZLv+3bAFe2DPOPWVp+F5CyXQlJomZm5NjfIanIpyrGWVFuVqnKlgXJUUx6AxIqEAvzQqyRmqqH2bjlIo1SsaddEaj7V/YMZRC0OyxrYYrQVNBP83sMA8lkIlC+1aBOjYjr3dW65E6W9yb112l1TGJeR05zmeF1&u=U2FsdGVkX19rXdPyUechtKE1UsPUGnanHf+93afZqvo=&y=U2FsdGVkX1/3eKc2tlZZU/rvOrXoCz/Wa3WQO1ZdxTyAltcBNl9DX2u1OoRzetVe HTTP/1.1" 200 26
186.102.52.96 - - [31/Dec/2022:22:38:12 -0500] "GET /kwssiamovil/sm/acme/a?s=U2FsdGVkX19KUW4QkFbTyWtI/4DK8mhLCJyYLYkgw/UmcuLxE9xwoCB7OVGjkY5NDL3nHiuyTgBs5+f//lzOpV/E94Mc/uGscUZyXG784fg6CI/3wLK0jC38CBSQvj0znRF/Nd7h1xCc8DLVkIKATB0qNzru48PuNq7zAojTQYQ=&u=U2FsdGVkX19rXdPyUechtKE1UsPUGnanHf+93afZqvo=&y=U2FsdGVkX1/3eKc2tlZZU/rvOrXoCz/Wa3WQO1ZdxTyAltcBNl9DX2u1OoRzetVe HTTP/1.1" 200 26
186.102.52.96 - - [31/Dec/2022:22:38:12 -0500] "GET /kwssiamovil/sm/acme/a?s=U2FsdGVkX19h/HpAKKAPqG4JHKTHATFgDHuGvukPfqukwH1zgXYA4Ted2YF8xWP5c/8AXmKy/f+Zisn9Vk7YHDLQHKzAcb5rxa4Z9/jpITXDx+g80G3qidthYeI48TUOS7rJ0j4TY9tvaiR4g7Oqp+0mCRF/4OcS5C/EkbBQkKk=&u=U2FsdGVkX19rXdPyUechtKE1UsPUGnanHf+93afZqvo=&y=U2FsdGVkX1/3eKc2tlZZU/rvOrXoCz/Wa3WQO1ZdxTyAltcBNl9DX2u1OoRzetVe HTTP/1.1" 200 26
186.102.52.96 - - [31/Dec/2022:22:38:12 -0500] "GET /kwssiamovil/sm/acme/a?s=U2FsdGVkX19S0VGjdWDKokKOlHaLNtR2wb/TpYXbhx9KooyWJsk9WP7ZODOSrGZ1D8l+EyshgavVVl1GrwVoDYIXVKcKUKDktfpQXV5K6d2pM23sIHSnY2un9Ct7pTJ5lYcysKqrk3249lnNsDzT6PiJlBh7FLapSAJ1WupDf78=&u=U2FsdGVkX19rXdPyUechtKE1UsPUGnanHf+93afZqvo=&y=U2FsdGVkX1/3eKc2tlZZU/rvOrXoCz/Wa3WQO1ZdxTyAltcBNl9DX2u1OoRzetVe HTTP/1.1" 200 26
186.102.52.96 - - [31/Dec/2022:22:38:13 -0500] "GET /kwssiamovil/sm/acme/a?s=U2FsdGVkX1+hGsy5xmJJRBwCCoYYH/R1VBj/zvYxacCIKXkjcUjv+Py2Ej/PwNV7pYexzx9rbtveqLgiDe0fxI0IlxTvKIhaj4rIsLUsPA4oCMoIx4mzEYgn3AzRMRgFAVr2ODTg9SYqJpBlavO91kqUjAXxM8UCFoLEVMq2JmehcDH9AAneUTd44AVmwZSdYqoemLafViwkhA0BqfwFcA==&u=U2FsdGVkX19rXdPyUechtKE1UsPUGnanHf+93afZqvo=&y=U2FsdGVkX1/3eKc2tlZZU/rvOrXoCz/Wa3WQO1ZdxTyAltcBNl9DX2u1OoRzetVe HTTP/1.1" 200 26
186.102.52.96 - - [31/Dec/2022:22:38:13 -0500] "GET /kwssiamovil/sm/acme/a?s=U2FsdGVkX19fE+2B86NmNLu6/2zVIN1xlisalqsysE2Tx9ZWeEI9XQ/qKeBPYmDa8v5oDnXp51X6s7HXi5Ne6tkTX4j+b0cz2MqWRd/o2bE67Rm140xN3lIPsQi2EXJwkByx0MlWmYYbjMZWPXULzDbQ9+B3EvUsCll/Gr5kJhCaBND9iu1PHKcZkHtnoheFTnuFjO4KJQW94Bc62vRaClRdK/R1Cm6Xb1WeLl5s2cG6hV7U4hVjOvG3RA0NCEaFVRjZZJA0arcWR7415z7HaNmWf2YXzeLJ3d5u4TWFD28YUNuW+l3wbpbtnpV+AMEX+s461Hy8t33GLeWca6oQSXA8xeJVgBynJO+tPNfiaXlu2RPtu4u5J6hz2zTgcns5hZbym7wZ8Mu27Yd0Cxbcu88WjVgKR2hqJ8coPJD1d9TUFtQwNciDDbDFy23UstkzyyEo1PgIqIcsYyEoP9kVRuMph59I96YzxRRV30z0TdAjKxsjIIdUjFr4KWh4wFD4&u=U2FsdGVkX19rXdPyUechtKE1UsPUGnanHf+93afZqvo=&y=U2FsdGVkX1/3eKc2tlZZU/rvOrXoCz/Wa3WQO1ZdxTyAltcBNl9DX2u1OoRzetVe HTTP/1.1" 200 25
186.102.52.96 - - [31/Dec/2022:22:38:13 -0500] "GET /kwssiamovil/sm/acme/a?s=U2FsdGVkX1/qxkKhQ3+ZnIzHEX+dThXLf6AGHuyx3MryuhIxZSz9nrTXxuLkbiYafzQEKXx3Hgp0mLMROVIEyzKapYNa9XYtzOj9W2fbe0Qrm3XUZUB4jA6MLhl4E4czRxW7Ewe4HEtcsCp+EgoALcb6DRD3usUMQVAEev89m1VtCwvTrGS2ozEFrANXwVAuPm2LOO1FEUXCAB2Xy2U+jblhWtG5uc3sd8hqC9fBE2EHUf+JVD7/nb6KD9WViS30HeO7o02Gl7UA/bzIIzMhpkNKbqeY39PmImWXRGwjQTOl6/1wb67xyeL+aPdmilIdkM3zJnbXb4wXXrLUwx6C2D8Kbjn9eXfMxwkNgTctTv2r5IwO6B6HTuivqD9MryrY10qLbN7YBq7OcsSHP/qINkLQfNglPTwUBXX9eR7GDyaEprk1dxvhqBRtonJZ3gn7hLBoiNe5gAb0r/6w33POqdFb095izwakEIzsaTMdGhg=&u=U2FsdGVkX19rXdPyUechtKE1UsPUGnanHf+93afZqvo=&y=U2FsdGVkX1/3eKc2tlZZU/rvOrXoCz/Wa3WQO1ZdxTyAltcBNl9DX2u1OoRzetVe HTTP/1.1" 200 25
201.245.192.253 - - [31/Dec/2022:22:38:15 -0500] "POST /kwsrmcab/Wsrmcab  HTTP/1.1" 200 44193
172.22.2.4 - - [31/Dec/2022:22:38:43 -0500] "GET /BLA/boletinlegal/Circulares/2019/.pdf HTTP/1.1" 404 1218
201.245.192.253 - - [31/Dec/2022:22:39:41 -0500] "POST /kwsrmcab/Wsrmcab HTTP/1.1" 200 38158
201.245.192.253 - - [31/Dec/2022:22:39:44 -0500] "POST /kwsrmcab/Wsrmcab HTTP/1.1" 200 43878
216.245.221.92 - - [31/Dec/2022:22:39:58 -0500] "HEAD / HTTP/1.1" 200 -
66.249.73.100 - - [31/Dec/2022:22:42:40 -0500] "-" 408 -
172.22.2.4 - - [31/Dec/2022:22:41:09 -0500] "HEAD /BLA/boletinlegal/ HTTP/1.1" 200 -
201.245.192.253 - - [31/Dec/2022:22:43:14 -0500] "POST /kwsrmcab/Wsrmcab  HTTP/1.1" 200 44193
172.22.2.4 - - [31/Dec/2022:22:42:00 -0500] "GET /BLA/boletinlegal/ HTTP/1.1" 200 52453
114.119.132.202 - - [31/Dec/2022:22:44:18 -0500] "GET /BLA/resoluciones/RESOLUCIONES%202017/3020.pdf HTTP/1.1" 200 406251
173.252.107.13 - - [31/Dec/2022:22:44:57 -0500] "GET /images/Reciclaton%20Nov%202022%20(1)%20(1).jpeg HTTP/1.1" 200 53811
173.252.107.6 - - [31/Dec/2022:22:44:57 -0500] "GET /images/Musgo%20SDA%20(1)%20(1).png HTTP/1.1" 200 302122
173.252.107.13 - - [31/Dec/2022:22:44:57 -0500] "GET /images/Entrenubes%201%20(1)%20(1).jpeg HTTP/1.1" 200 70096
173.252.107.13 - - [31/Dec/2022:22:44:58 -0500] "GET /images/Acuerdos%2001%20(1)%20(1).jpeg HTTP/1.1" 200 32884
216.245.221.92 - - [31/Dec/2022:22:44:58 -0500] "HEAD / HTTP/1.1" 200 -
186.102.52.96 - - [31/Dec/2022:22:46:23 -0500] "GET /kwssiamovil/sm/acme/u?s=U2FsdGVkX1+NTHzK+6Ugkx/uBh5dEiHhltQuE2tBfBv/Iqeyn7ZiwyFtUsx1Zw9lyEFwbrbkZabRM6ljWRPEHq6L+OmABubXTukalfd5xC1JuwhtsLqesv65OrG5+7vqTUOPpw7/wP9KU+00fQaZ5g==&u=U2FsdGVkX19rXdPyUechtKE1UsPUGnanHf+93afZqvo=&y=U2FsdGVkX1/3eKc2tlZZU/rvOrXoCz/Wa3WQO1ZdxTyAltcBNl9DX2u1OoRzetVe HTTP/1.1" 200 60
201.245.192.253 - - [31/Dec/2022:22:48:12 -0500] "POST /kwsrmcab/Wsrmcab  HTTP/1.1" 200 44193
172.22.2.4 - - [31/Dec/2022:22:46:59 -0500] "HEAD /BLA/boletinlegal/ HTTP/1.1" 200 -
172.22.2.4 - - [31/Dec/2022:22:47:50 -0500] "GET /BLA/boletinlegal/ HTTP/1.1" 200 58612
216.245.221.92 - - [31/Dec/2022:22:49:58 -0500] "HEAD / HTTP/1.1" 200 -
114.119.134.107 - - [31/Dec/2022:22:50:01 -0500] "GET /BLA/resoluciones/RESOLUCIONES%202010/RESOLUCION%204358%20DE%202010.PDF HTTP/1.1" 200 28747
20.250.41.226 - - [31/Dec/2022:22:51:40 -0500] "GET /wp-content/uploads/ HTTP/1.1" 404 1035
20.250.41.226 - - [31/Dec/2022:22:51:43 -0500] "GET /.well-known/ HTTP/1.1" 404 1035
20.250.41.226 - - [31/Dec/2022:22:52:00 -0500] "GET /.X1-unix/ HTTP/1.1" 404 1035
20.250.41.226 - - [31/Dec/2022:22:52:11 -0500] "GET /cgi-bin/ HTTP/1.1" 403 1037
20.250.41.226 - - [31/Dec/2022:22:52:14 -0500] "GET /.qidb/ HTTP/1.1" 404 1035
20.250.41.226 - - [31/Dec/2022:22:52:18 -0500] "GET /ALFA_DATA/ HTTP/1.1" 404 1035
20.250.41.226 - - [31/Dec/2022:22:52:23 -0500] "GET /.well-knownold/ HTTP/1.1" 404 1035
20.250.41.226 - - [31/Dec/2022:22:52:32 -0500] "GET /uploads/ HTTP/1.1" 404 1035
20.250.41.226 - - [31/Dec/2022:22:52:40 -0500] "GET /upload/ HTTP/1.1" 404 1035
20.250.41.226 - - [31/Dec/2022:22:52:46 -0500] "GET /admin/uploads/ HTTP/1.1" 404 1035
20.250.41.226 - - [31/Dec/2022:22:52:52 -0500] "GET /UserFiles/ HTTP/1.1" 404 1035
20.250.41.226 - - [31/Dec/2022:22:52:58 -0500] "GET /usersfiles/ HTTP/1.1" 404 1035
20.250.41.226 - - [31/Dec/2022:22:53:01 -0500] "GET /images/ HTTP/1.1" 200 493
201.245.192.253 - - [31/Dec/2022:22:53:11 -0500] "POST /kwsrmcab/Wsrmcab  HTTP/1.1" 200 44193
108.174.5.112 - - [31/Dec/2022:22:53:14 -0500] "GET /mis-de-740-irboles-han-sido-plantados-en-los-%C3%83%C2%BAltimos-d%C3%83%C2%ADas-en-bogoti.html HTTP/1.1" 206 909
172.22.2.4 - - [31/Dec/2022:22:52:49 -0500] "HEAD /BLA/boletinlegal/ HTTP/1.1" 200 -
216.245.221.92 - - [31/Dec/2022:22:54:58 -0500] "HEAD / HTTP/1.1" 200 -
172.22.2.4 - - [31/Dec/2022:22:53:40 -0500] "GET /BLA/boletinlegal/ HTTP/1.1" 200 57192
114.119.136.137 - - [31/Dec/2022:22:55:45 -0500] "GET /BLA/resoluciones/RESOLUCIONES%202017/1184.pdf HTTP/1.1" 200 443366
40.77.167.12 - - [31/Dec/2022:22:56:28 -0500] "GET /BLA/resoluciones/ HTTP/1.1" 200 13502
66.249.73.127 - - [31/Dec/2022:22:57:59 -0500] "-" 408 -
201.245.192.253 - - [31/Dec/2022:22:58:10 -0500] "POST /kwsrmcab/Wsrmcab  HTTP/1.1" 200 44193
216.245.221.92 - - [31/Dec/2022:22:59:58 -0500] "HEAD / HTTP/1.1" 200 -
168.119.251.242 - - [31/Dec/2022:23:00:04 -0500] "GET / HTTP/1.1" 200 319
186.102.52.96 - - [31/Dec/2022:23:00:11 -0500] "GET /kwssiamovil/sm/acme/a?s=U2FsdGVkX1/QHFrIeoh9KxiRh4y5ZWTKfhfo18NpRnOCWHEWMsET/5kV2GjUbcgJtT2TCbjcwLChZa8xmLz9gEgLKAz+m3E69Zre/9yLdMwX6IF8fsD7Ispb2qiBnH07V1xUtvADUAmvPwfY7Rt7SyDqRT4YVu8g4h7GjSm2RnwCBqfv9K4T8998oIwTgzfZpfFRQXVeKM5Q+j3beP9QN7KzZhpSRXm7u+YEwORGyxRydpRgXU8T9BG4j2fK6/MLMaaplsIGL56tNlJODjuhKQ==&u=U2FsdGVkX19rXdPyUechtKE1UsPUGnanHf+93afZqvo=&y=U2FsdGVkX1/3eKc2tlZZU/rvOrXoCz/Wa3WQO1ZdxTyAltcBNl9DX2u1OoRzetVe HTTP/1.1" 200 26
186.102.52.96 - - [31/Dec/2022:23:00:11 -0500] "GET /kwssiamovil/sm/acme/a?s=U2FsdGVkX19ni1eCFwIme308vuCSD6lUJFgbwybcxugiO4dpzHz7MhqKP+9AfhR/d+8isYzcTSgYgHoy/SIl9ZO2EdOEsTgAdUA+mRvwxad0rm8bdK4bbVwio3YUlq1AViPT59oIOj+sKCQHYoKgBo49/spIcklpd69ekLnRCk/sutTQGnmnsPvrxwF8GYxGeJYIU/6nmf6m4690Bmcsaqy0XYkAu3DiGyxPuok+y+3PGRv9EqsOwpHhRULAeLDYM07ZcnHzwWez2vQztxfhSjL6QCHSH/kV9CkIVfICqvlWN/SHc6CbkLz1IakFqEGljQ5NUOMdO8lPiETEVJCDx5xzE60kQqcDEYhnpPfXyNmZzP2vVyLwEady06gbE2KdiyMBqrhL+SfXsTNtFnw0E05C+HqJlEXHuOP9ktgGERwYIWApO2uGeeGI5Dm31yzirt5BAjeXN12GgY7oG2MTdbT+iBU6AOOmU182ZWyAg+X2OJPDUw+4biLcXvtteWepQYg9jJ+auxFYd95zUzWEaKWfrOCMYeB57SaJfyVKv6DaBI2KUtgCz1UUCotRuekLkS1+CPkrSzrwkuZde4ntdDoWJbvot7u7tdY/tRA5Lapv4QQYDimVKYrLU3Isg+gIPYHhpIUVhgCdotNT9cSDqcxsmeOyg4FPfIDU4p8/lbw3oFFahxU297N6265Rbx1DXnGPOAsX7eQeN1fKynOlTwh+7RvuOpQ0LjY2axNDp02cFrlxUx4WEObRk/m6qnwk+nrcCXSpFaCvD0K/HEX/lo4C0G6M+Ay9xUt6tYqFRO9tbJxzI0QlUadD8Ynqy6iuo4modA/K6TEF9JzYMMHgXFiNiE9oqjz+AxDmD8K2wfdF3k6G9JZ3x1xSgBwKwVn3fKDalMaHqVRPIJxuYZzv4AKz4qi0KqUmxQ2dZMKfKqzjLCpK/wOBZmSb/8M3/MyNLcQ19eNegM1P2j7b9zFmDwNuWsa9qBJB6OkdvYGx46KAJdYEXyFFp2EPdxD6UQoFqA4FNZpn2J3JcmOFqa1x7K2Vg76fZH0MvFCeN8zyGE3gFmV4kdYAeW1+mP26YVEyKy9vagiQ0HuoPq3eD7EH0HEjp8s8IYAuOwW6+hsZmUnQJciEFxLDqsYw5h4bZriz+2j9gPiY4iwQjPMm49jHB8TXCj0hcSpTAlZKS6tGc7Fk2tQHwWVpPuzycgwEF1lcwIV3H0XwGSK0MDnjeRBYtw==&u=U2FsdGVkX19rXdPyUechtKE1UsPUGnanHf+93afZqvo=&y=U2FsdGVkX1/3eKc2tlZZU/rvOrXoCz/Wa3WQO1ZdxTyAltcBNl9DX2u1OoRzetVe HTTP/1.1" 200 26
186.102.52.96 - - [31/Dec/2022:23:00:12 -0500] "GET /kwssiamovil/sm/acme/a?s=U2FsdGVkX1/HbaaGDynSY8cH0lVT+25TDPF3ywThZbkafrwRmmgb1D3+TYFdsIfAE1YH+alYM+1BCtFKPQE021zVJmJSbZFXXJnf8x9OEi0mHVmyEdNemoXKzupArNfHMRasCiTppubLEEB1Z7TXB3j6hcmC08TtNmaz0Wsc0zY=&u=U2FsdGVkX19rXdPyUechtKE1UsPUGnanHf+93afZqvo=&y=U2FsdGVkX1/3eKc2tlZZU/rvOrXoCz/Wa3WQO1ZdxTyAltcBNl9DX2u1OoRzetVe HTTP/1.1" 200 26
186.102.52.96 - - [31/Dec/2022:23:00:12 -0500] "GET /kwssiamovil/sm/acme/a?s=U2FsdGVkX1/r4CkWTp6WLZdTC4H2mJfrh3yhEuOcVXG5jLB64VqKNWRkVSnrbdxXcrmZFc9yE3nFenJvsK2ZPvB33400Wz/f21QA/5d8XDK4atVN+NWKFU5M7BslVhySEDkW85TvFURi4LrgeRFI7sz2g0cLOS9altE4LtlOUGw=&u=U2FsdGVkX19rXdPyUechtKE1UsPUGnanHf+93afZqvo=&y=U2FsdGVkX1/3eKc2tlZZU/rvOrXoCz/Wa3WQO1ZdxTyAltcBNl9DX2u1OoRzetVe HTTP/1.1" 200 26
186.102.52.96 - - [31/Dec/2022:23:00:12 -0500] "GET /kwssiamovil/sm/acme/a?s=U2FsdGVkX1/M19oQ1QyzQvm5+7HAHs7YPl7ejs3ak5oq6Lmv+uRueC0HhSxrISauxYktG4aDzpIqGDK6TF9wVWXrNVD93tC4n2GJzrLaJclBHY4OKi//6KVfo38QLSw1G2D+CwdPoGb9GEn8O9qtmtE02jpf7K5gCq4vvvnoceE=&u=U2FsdGVkX19rXdPyUechtKE1UsPUGnanHf+93afZqvo=&y=U2FsdGVkX1/3eKc2tlZZU/rvOrXoCz/Wa3WQO1ZdxTyAltcBNl9DX2u1OoRzetVe HTTP/1.1" 200 26
186.102.52.96 - - [31/Dec/2022:23:00:12 -0500] "GET /kwssiamovil/sm/acme/a?s=U2FsdGVkX19uaSvqaPWXCNDVzGYyH9O9/Err293wmJFGuW/LXXnHEqtOm11IuUtISFqNUHJAmFEhl8yiZ3csAlQWtsH3w9gUMfGx4LRDsoIZjoJ5QUmUyr0uzUQjG4YldFAjrQNHi/S59LDG8AvW/SOdU3N5MPGj2mAkNGWKylEmlkSlVigODnHvCEKWaATgS5K4zn5KV+ovseuvyj5H0A==&u=U2FsdGVkX19rXdPyUechtKE1UsPUGnanHf+93afZqvo=&y=U2FsdGVkX1/3eKc2tlZZU/rvOrXoCz/Wa3WQO1ZdxTyAltcBNl9DX2u1OoRzetVe HTTP/1.1" 200 26
172.22.2.4 - - [31/Dec/2022:22:58:39 -0500] "HEAD /BLA/boletinlegal/ HTTP/1.1" 200 -
185.119.81.104 - - [31/Dec/2022:23:00:52 -0500] "GET /portaldeninos/wp-login.php HTTP/1.1" 200 2592
185.119.81.104 - - [31/Dec/2022:23:00:53 -0500] "POST /portaldeninos/wp-login.php HTTP/1.1" 200 3605
172.22.2.4 - - [31/Dec/2022:22:59:30 -0500] "GET /BLA/boletinlegal/ HTTP/1.1" 200 54452
201.245.192.253 - - [31/Dec/2022:23:03:09 -0500] "POST /kwsrmcab/Wsrmcab  HTTP/1.1" 200 44193
114.119.135.48 - - [31/Dec/2022:23:04:32 -0500] "GET /BLA/resoluciones/RESOLUCIONES%202010/3966.pdf HTTP/1.1" 200 395859
216.245.221.92 - - [31/Dec/2022:23:04:58 -0500] "HEAD / HTTP/1.1" 200 -
172.22.2.4 - - [31/Dec/2022:23:04:29 -0500] "HEAD /BLA/boletinlegal/ HTTP/1.1" 200 -
172.22.2.4 - - [31/Dec/2022:23:05:20 -0500] "GET /BLA/boletinlegal/ HTTP/1.1" 200 57192
201.245.192.253 - - [31/Dec/2022:23:08:08 -0500] "POST /kwsrmcab/Wsrmcab  HTTP/1.1" 200 44193
186.102.52.96 - - [31/Dec/2022:23:08:50 -0500] "GET /kwssiamovil/sm/acme/a?s=U2FsdGVkX18ZtGK3GDY/ZqwmzHXL6J8Z3ZQ9Ycds3AJM610wfv0CjH6umKpRssojVN53OAGsQors5e9WmrzYL73Y9p18WyxjgzC3v9hHMB5U1S9sTwaM644fPaJe5Sr00WIz/TqY0ZulMELJJSmxxslgy4nGItVVGwjFAT8K4KUOgLvq1MBa5VovSQoBpyMNsvPbmlc323AGhVaLf02cYaUpo3qtUt6P/XzNsTi5sDUv3Gu/aLoPJE/M0k9OVy2RnZOQPgcx2vPOPpCmiIquqg==&u=U2FsdGVkX19rXdPyUechtKE1UsPUGnanHf+93afZqvo=&y=U2FsdGVkX1/3eKc2tlZZU/rvOrXoCz/Wa3WQO1ZdxTyAltcBNl9DX2u1OoRzetVe HTTP/1.1" 200 26
186.102.52.96 - - [31/Dec/2022:23:08:50 -0500] "GET /kwssiamovil/sm/acme/a?s=U2FsdGVkX19gNS4eDLHDNTKNtFj4uwWjOYC4bS59Q4fvvta2J5kmECCKE7IX8ptgLgquVazxRjF1rglo0ZRpHHzbmUtHDUGyWSGTbPNPQOSbJTkhv968mTHIHzBX4KuPQLUyKRSiBjhVDn7VH+0xyu6Ge+YjJUAdrqe+aGs5mwP4urQKXE3GR1ns2KkPGBkbEJbRKuWiDMoRX6+IrZBpa9Y4ZJoZDcC0o+sMohDrh+9ympK0K3f8ayF2qKwiopdQs6GisnuRVsGYXkfxd42zqU/H0y4Oc2t3/rXpfAEHUXiako9tcQDGYT0pYFKK/9jvpTl3Ftss2kWn1PyDPm1m0MTNGHDysH2gI+XE1Od+qj3mgQb0lVNFfMbayVms1peqlgiDQrrGRqg/xinraqEipvUWklDzdvjj/nZDXFEGVfa8t4/+9wqqMzfNmO8co6A1W1UBbD9+ljgStCN6bLBUIa6Bom/tGotrQd8R5vY2Ui2gNY3CRNoHB3wE8cpFvsuNlsooaoc2BGJcuyEIujP+LlQSO0HNbIYtp0Ozhz5J4gm2foqMAdcH8U6bvdJdwvNcU15rIc/5MWQ5xDpinvtDgFKfGXi5Xgq9ZAMPdqWL0ciZJL9CMbLz0qAlT7lefg+w71NfmVIeCN6VFqKRvUzOcDfek0mkFjugs9PqnRd21R06nVhO2OrQM1eo/MzDDSpKBKFCTgTYuau8czDEfOa+6icoxmgA0xzRb8K+S7V5w7oBxjIJTmAdvAdMsOywzHC+bWX7HVcFaoVoSuJIY1vXRf4A8RhI3gTB3XPiU2vFiPKq31IT2dqWWaJhYvyw+S4f9mVI6A3EulvyWja1rjzUs1hX/13QJsCZsQxV9r8MrROL5V+9hHXyfMWoCZId1lfREX0zoAxdojmcBIyUtCbpLNzh+wKze0ul2uxCx4vfEU2UDMth1isiecSav/schAQ2/tGTOe9VL4dEyl87IvDKJh9eXyhruYGgQOT5TAA0Hh+cq22uid5ox1t/WJYdOng6uZowek0B2hyrRfcEDtlrjD6ihD/jepySbsxcyOdEbF9XIeBggGaTvlrTKu6jbCVp56BM547YKQXhVntEUJ68PP45jP1I+HxY1Drg1MEYhaXOHA39a8uYZW532sbCpxXBtj+VabpfC9YkmhJqPWT0uuYLOivl9qLO7k9xiJzV5m6FJGiWAXf4viAMz2Tf9O14cus9AgAKTcZKfpKtbWGq0trNbTGevjGfEcZGJ8bW2zE=&u=U2FsdGVkX19rXdPyUechtKE1UsPUGnanHf+93afZqvo=&y=U2FsdGVkX1/3eKc2tlZZU/rvOrXoCz/Wa3WQO1ZdxTyAltcBNl9DX2u1OoRzetVe HTTP/1.1" 200 26
186.102.52.96 - - [31/Dec/2022:23:08:50 -0500] "GET /kwssiamovil/sm/acme/a?s=U2FsdGVkX19VO5hCUpYru0cgeFrG47qSoVYuc/TU0a2zr0nQSIAp/7uhkzNZZbkau5JP48WnstEhHG4lJ5ikz0Dhqji0R3Jw7lqCBIwsNPI1KMoorxmdLcgQXx5yCMePjH+DFTcZHDieSwmEPlkUQ/4Te0AqnYkEo1pBvUBP5gs=&u=U2FsdGVkX19rXdPyUechtKE1UsPUGnanHf+93afZqvo=&y=U2FsdGVkX1/3eKc2tlZZU/rvOrXoCz/Wa3WQO1ZdxTyAltcBNl9DX2u1OoRzetVe HTTP/1.1" 200 26
186.102.52.96 - - [31/Dec/2022:23:08:51 -0500] "GET /kwssiamovil/sm/acme/a?s=U2FsdGVkX1/wfaMkFjyKi4Ee89TmvS/Oo0ETB1QxKYdk7KrvlvnyY1Cy/4C0zRsnzR5deei6DeDealcr/1QSCV1YaZNxscueVJJrl+MYZYs0eYCYCuovNQHoBaIuXNQrF45OBVMY6OIPKuoHGIZQDwydGPFQvlxGpQKdg2/2NIE=&u=U2FsdGVkX19rXdPyUechtKE1UsPUGnanHf+93afZqvo=&y=U2FsdGVkX1/3eKc2tlZZU/rvOrXoCz/Wa3WQO1ZdxTyAltcBNl9DX2u1OoRzetVe HTTP/1.1" 200 26
186.102.52.96 - - [31/Dec/2022:23:08:51 -0500] "GET /kwssiamovil/sm/acme/a?s=U2FsdGVkX186zVz/fjZLzCYqaZpsBMhewJolXvA0gmZn74jrwehTR+H8GyTUsLKnYA0KAJUZPCM47cVZFB/Cjahfhz3ObMF5tbIelTzJGfbzgGj8akmSyXrFvWU82zRF46QZPs0tdjyrvlev7JBoza1mABGzStaeD+LhGsgVDRk=&u=U2FsdGVkX19rXdPyUechtKE1UsPUGnanHf+93afZqvo=&y=U2FsdGVkX1/3eKc2tlZZU/rvOrXoCz/Wa3WQO1ZdxTyAltcBNl9DX2u1OoRzetVe HTTP/1.1" 200 26
186.102.52.96 - - [31/Dec/2022:23:08:51 -0500] "GET /kwssiamovil/sm/acme/a?s=U2FsdGVkX1/k1gwAs4IOhQbeCLHDKNNg/YPKfByV9GIp00PyZvc+0MQCOqPspBfJJRDRYpfacxHwlgQZPQc2d5IFGGQfu/vrY81dzw1gTAN8JVzrFuoXMfc4n7PNFuPD4uny72Zn8VDLAf3WUVxJFcA7V5ajBgHcXxMwyvMseTuadD1K4aF6AHC4vKVEaHtqJ3G8zDryUdawzlVNzxWAYQ==&u=U2FsdGVkX19rXdPyUechtKE1UsPUGnanHf+93afZqvo=&y=U2FsdGVkX1/3eKc2tlZZU/rvOrXoCz/Wa3WQO1ZdxTyAltcBNl9DX2u1OoRzetVe HTTP/1.1" 200 26
216.245.221.92 - - [31/Dec/2022:23:09:58 -0500] "HEAD / HTTP/1.1" 200 -
114.119.145.249 - - [31/Dec/2022:23:10:36 -0500] "GET /BLA/resoluciones/RESOLUCIONES%202010/3714.pdf HTTP/1.1" 200 495521
152.89.196.211 - - [31/Dec/2022:23:11:31 -0500] "POST /Autodiscover/Autodiscover.xml HTTP/1.1" 404 1018
172.22.2.4 - - [31/Dec/2022:23:10:19 -0500] "HEAD /BLA/boletinlegal/ HTTP/1.1" 200 -
172.22.2.4 - - [31/Dec/2022:23:11:10 -0500] "GET /BLA/boletinlegal/ HTTP/1.1" 200 57824
201.245.192.253 - - [31/Dec/2022:23:13:08 -0500] "POST /kwsrmcab/Wsrmcab  HTTP/1.1" 200 44193
185.119.81.104 - - [31/Dec/2022:23:13:26 -0500] "GET /portaldeninos/wp-login.php HTTP/1.1" 200 2592
185.119.81.104 - - [31/Dec/2022:23:13:27 -0500] "POST /portaldeninos/wp-login.php HTTP/1.1" 200 3605
173.252.107.113 - - [31/Dec/2022:23:13:39 -0500] "GET /en-semana-santa-no-uses-palmas-ni-traigas-o-consumas-animales-silvestres.html HTTP/1.1" 206 959
216.245.221.92 - - [31/Dec/2022:23:14:58 -0500] "HEAD / HTTP/1.1" 200 -
114.119.142.28 - - [31/Dec/2022:23:15:19 -0500] "GET /autoliquidacion/Solicitud%20de%20Clasificaci%C3%B3n%20de%20Impacto%20Ambiental/Clasificaci%C3%B3n%20Impacto%20Ambiental%20para%20Pago%20Impuesto%20Predial.xls HTTP/1.1" 200 65024
207.46.13.170 - - [31/Dec/2022:23:15:53 -0500] "GET /portaldeninos/wp-content/uploads/2022/08/HUmedalConejera03-1.jpg HTTP/1.1" 200 10769747
185.119.81.100 - - [31/Dec/2022:23:17:20 -0500] "GET /portaldeninos/wp-login.php HTTP/1.1" 200 2592
185.119.81.100 - - [31/Dec/2022:23:17:20 -0500] "POST /portaldeninos/wp-login.php HTTP/1.1" 200 3605
172.22.2.4 - - [31/Dec/2022:23:16:09 -0500] "HEAD /BLA/boletinlegal/ HTTP/1.1" 200 -
201.245.192.253 - - [31/Dec/2022:23:18:07 -0500] "POST /kwsrmcab/Wsrmcab  HTTP/1.1" 200 44193
172.22.2.4 - - [31/Dec/2022:23:17:00 -0500] "GET /BLA/boletinlegal/ HTTP/1.1" 200 57192
201.245.192.253 - - [31/Dec/2022:23:19:40 -0500] "POST /kwsrmcab/Wsrmcab HTTP/1.1" 200 38308
201.245.192.253 - - [31/Dec/2022:23:19:43 -0500] "POST /kwsrmcab/Wsrmcab HTTP/1.1" 200 44057
114.119.132.211 - - [31/Dec/2022:23:19:41 -0500] "GET /BLA/resoluciones/index.php?dir=RESOLUCIONES%202010/&sort=name&order=asc HTTP/1.1" 200 1307967
216.245.221.92 - - [31/Dec/2022:23:19:58 -0500] "HEAD / HTTP/1.1" 200 -
183.136.225.32 - - [31/Dec/2022:23:22:01 -0500] "GET / HTTP/1.1" 200 319
201.245.192.253 - - [31/Dec/2022:23:23:05 -0500] "POST /kwsrmcab/Wsrmcab  HTTP/1.1" 200 44193
172.22.2.4 - - [31/Dec/2022:23:21:59 -0500] "HEAD /BLA/boletinlegal/ HTTP/1.1" 200 -
172.22.2.4 - - [31/Dec/2022:23:22:50 -0500] "GET /BLA/boletinlegal/ HTTP/1.1" 200 57192
114.119.157.118 - - [31/Dec/2022:23:24:43 -0500] "GET /BLA/resoluciones/RESOLUCIONES%202018/0834.pdf HTTP/1.1" 200 395581
216.245.221.92 - - [31/Dec/2022:23:24:58 -0500] "HEAD / HTTP/1.1" 200 -
183.136.225.32 - - [31/Dec/2022:23:27:37 -0500] "GET / HTTP/1.1" 200 319
183.136.225.32 - - [31/Dec/2022:23:27:40 -0500] "GET /favicon.ico HTTP/1.1" 200 7782
201.245.192.253 - - [31/Dec/2022:23:28:05 -0500] "POST /kwsrmcab/Wsrmcab  HTTP/1.1" 200 44193
114.119.131.2 - - [31/Dec/2022:23:28:53 -0500] "GET /BLA/resoluciones/RESOLUCIONES%202010/6956.pdf HTTP/1.1" 200 68291
172.22.2.4 - - [31/Dec/2022:23:27:49 -0500] "HEAD /BLA/boletinlegal/ HTTP/1.1" 200 -
201.245.192.253 - - [31/Dec/2022:23:29:40 -0500] "POST /kwsrmcab/Wsrmcab HTTP/1.1" 200 38308
201.245.192.253 - - [31/Dec/2022:23:29:43 -0500] "POST /kwsrmcab/Wsrmcab HTTP/1.1" 200 44057
216.245.221.92 - - [31/Dec/2022:23:29:58 -0500] "HEAD / HTTP/1.1" 200 -
172.22.2.4 - - [31/Dec/2022:23:28:40 -0500] "GET /BLA/boletinlegal/ HTTP/1.1" 200 56825
66.249.73.97 - - [31/Dec/2022:23:30:55 -0500] "-" 408 -
31.13.127.22 - - [31/Dec/2022:23:31:33 -0500] "GET /privados-y-distrito-inauguraron-vivero-en-la-reserva-van-der-hammen-con-capacidad-para-producir-50-mil-arboles-al-ano.html HTTP/1.1" 206 899
152.89.196.211 - - [31/Dec/2022:23:32:43 -0500] "GET /_ignition/execute-solution HTTP/1.1" 404 1018
201.245.192.253 - - [31/Dec/2022:23:33:04 -0500] "POST /kwsrmcab/Wsrmcab  HTTP/1.1" 200 44193
114.119.157.4 - - [31/Dec/2022:23:33:08 -0500] "GET /BLA/resoluciones/RESOLUCIONES%202010/2948.pdf HTTP/1.1" 200 106790
216.245.221.92 - - [31/Dec/2022:23:34:58 -0500] "HEAD / HTTP/1.1" 200 -
172.22.2.4 - - [31/Dec/2022:23:33:39 -0500] "HEAD /BLA/boletinlegal/ HTTP/1.1" 200 -
172.22.2.4 - - [31/Dec/2022:23:35:25 -0500] "POST /BLA/boletinlegal/_profiler/phpinfo HTTP/1.1" 404 1018
114.119.156.114 - - [31/Dec/2022:23:36:03 -0500] "GET /BLA/resoluciones/RESOLUCIONES%202010/2694.pdf HTTP/1.1" 200 381716
172.22.2.4 - - [31/Dec/2022:23:34:29 -0500] "GET /BLA/boletinlegal/ HTTP/1.1" 200 52942
172.22.2.4 - - [31/Dec/2022:23:34:42 -0500] "GET /BLA/boletinlegal/ HTTP/1.1" 200 55272
172.22.2.4 - - [31/Dec/2022:23:36:28 -0500] "GET /BLA/boletinlegal/Circulares/2009/Circular%20Instructiva%20-%20Memorando%202009IE24363.pdf HTTP/1.1" 304 -
201.245.192.253 - - [31/Dec/2022:23:38:03 -0500] "POST /kwsrmcab/Wsrmcab  HTTP/1.1" 200 44193
172.22.2.4 - - [31/Dec/2022:23:38:39 -0500] "GET /BLA/boletinlegal/Circulares/2019/.pdf HTTP/1.1" 404 1218
209.141.35.50 - - [31/Dec/2022:23:39:03 -0500] "GET / HTTP/1.1" 200 319
114.119.156.67 - - [31/Dec/2022:23:39:18 -0500] "GET /BLA/resoluciones/RESOLUCIONES%202010/1968.pdf HTTP/1.1" 200 515025
201.245.192.253 - - [31/Dec/2022:23:39:40 -0500] "POST /kwsrmcab/Wsrmcab HTTP/1.1" 200 38308
201.245.192.253 - - [31/Dec/2022:23:39:43 -0500] "POST /kwsrmcab/Wsrmcab HTTP/1.1" 200 44057
216.245.221.92 - - [31/Dec/2022:23:39:58 -0500] "HEAD / HTTP/1.1" 200 -
172.22.2.4 - - [31/Dec/2022:23:40:19 -0500] "GET /BLA/boletinlegal/actos.php HTTP/1.1" 200 9566
66.249.73.127 - - [31/Dec/2022:23:40:22 -0500] "-" 408 -
172.22.2.4 - - [31/Dec/2022:23:39:29 -0500] "HEAD /BLA/boletinlegal/ HTTP/1.1" 200 -
114.119.154.200 - - [31/Dec/2022:23:41:10 -0500] "GET /BLA/resoluciones/RESOLUCIONES%202010/1892.pdf HTTP/1.1" 200 1249559
172.22.2.4 - - [31/Dec/2022:23:40:20 -0500] "GET /BLA/boletinlegal/ HTTP/1.1" 200 52453
201.245.192.253 - - [31/Dec/2022:23:43:02 -0500] "POST /kwsrmcab/Wsrmcab  HTTP/1.1" 200 44193
114.119.135.53 - - [31/Dec/2022:23:43:24 -0500] "GET /BLA/resoluciones/RESOLUCIONES%202018/1692.pdf HTTP/1.1" 200 10482900
207.46.13.192 - - [31/Dec/2022:23:44:13 -0500] "GET / HTTP/1.1" 200 319
216.245.221.92 - - [31/Dec/2022:23:44:58 -0500] "HEAD / HTTP/1.1" 200 -
114.119.149.228 - - [31/Dec/2022:23:45:51 -0500] "GET /BLA/resoluciones/RESOLUCIONES%202010/2169.pdf HTTP/1.1" 200 192159
172.22.2.4 - - [31/Dec/2022:23:45:19 -0500] "HEAD /BLA/boletinlegal/ HTTP/1.1" 200 -
172.22.2.4 - - [31/Dec/2022:23:47:31 -0500] "GET /BLA/boletinlegal/.env HTTP/1.1" 404 1018
172.22.2.4 - - [31/Dec/2022:23:46:10 -0500] "GET /BLA/boletinlegal/ HTTP/1.1" 200 52942
201.245.192.253 - - [31/Dec/2022:23:48:00 -0500] "POST /kwsrmcab/Wsrmcab  HTTP/1.1" 200 44193
114.119.135.7 - - [31/Dec/2022:23:48:22 -0500] "GET /BLA/resoluciones/RESOLUCIONES%202010/0621.pdf HTTP/1.1" 200 509558
185.119.81.100 - - [31/Dec/2022:23:48:55 -0500] "GET /portaldeninos/wp-login.php HTTP/1.1" 200 2592
185.119.81.100 - - [31/Dec/2022:23:48:56 -0500] "POST /portaldeninos/wp-login.php HTTP/1.1" 200 3605
216.245.221.92 - - [31/Dec/2022:23:49:58 -0500] "HEAD / HTTP/1.1" 200 -
40.77.167.33 - - [31/Dec/2022:23:51:07 -0500] "GET /sipse/faces/presentacion/sistema/anexos/cargarAnexoSolicitudProceso.xhtml HTTP/1.1" 302 -
40.77.167.33 - - [31/Dec/2022:23:51:07 -0500] "GET /sipse/faces/autenticacion.xhtml HTTP/1.1" 200 12183
162.55.43.55 - - [31/Dec/2022:23:52:14 -0500] "GET / HTTP/1.1" 200 319
66.249.73.127 - - [31/Dec/2022:23:52:44 -0500] "-" 408 -
172.22.2.4 - - [31/Dec/2022:23:51:09 -0500] "HEAD /BLA/boletinlegal/ HTTP/1.1" 200 -
201.245.192.253 - - [31/Dec/2022:23:52:59 -0500] "POST /kwsrmcab/Wsrmcab  HTTP/1.1" 200 44193
181.214.206.186 - - [31/Dec/2022:23:53:17 -0500] "HEAD / HTTP/1.1" 200 -
172.22.2.4 - - [31/Dec/2022:23:51:59 -0500] "GET /BLA/boletinlegal/ HTTP/1.1" 200 57824
191.156.225.84 - - [31/Dec/2022:23:54:06 -0500] "GET /piloto-de-etiquetado-herramienta-para-clasificar-ambientalmente-los-vehiculos-segun-cuanto-emiten.html HTTP/1.1" 200 985
114.119.142.179 - - [31/Dec/2022:23:54:34 -0500] "GET /BLA/resoluciones/RESOLUCIONES%202010/2854.pdf HTTP/1.1" 200 12811547
216.245.221.92 - - [31/Dec/2022:23:54:58 -0500] "HEAD / HTTP/1.1" 200 -
152.89.196.211 - - [31/Dec/2022:23:55:04 -0500] "GET / HTTP/1.1" 200 319
185.119.81.100 - - [31/Dec/2022:23:56:36 -0500] "GET /portaldeninos/wp-login.php HTTP/1.1" 200 2592
185.119.81.100 - - [31/Dec/2022:23:56:37 -0500] "POST /portaldeninos/wp-login.php HTTP/1.1" 200 3650
173.252.111.119 - - [31/Dec/2022:23:57:17 -0500] "GET /images/Entrenubes%201%20(1)%20(1).jpeg HTTP/1.1" 200 70096
114.119.150.196 - - [31/Dec/2022:23:57:41 -0500] "GET /BLA/resoluciones/RESOLUCIONES%202010/0573.pdf HTTP/1.1" 200 136274
201.245.192.253 - - [31/Dec/2022:23:57:58 -0500] "POST /kwsrmcab/Wsrmcab  HTTP/1.1" 200 44193
172.22.2.4 - - [31/Dec/2022:23:56:59 -0500] "HEAD /BLA/boletinlegal/ HTTP/1.1" 200 -
114.119.154.211 - - [31/Dec/2022:23:59:09 -0500] "GET /BLA/resoluciones/RESOLUCIONES%202009/5699.pdf HTTP/1.1" 200 2476335
172.22.2.4 - - [31/Dec/2022:23:57:49 -0500] "GET /BLA/boletinlegal/ HTTP/1.1" 200 57824
216.245.221.92 - - [31/Dec/2022:23:59:58 -0500] "HEAD / HTTP/1.1" 200 -

:: Command execute ::

Enter:
 
Select:
 

:: Search ::
regexp 

:: Upload ::
 
[ ok ]

:: Make Dir ::
 
[ ok ]
:: Make File ::
 
[ ok ]

:: Go Dir ::
 
:: Go File ::
 

--[ c99shell v. 1.0 pre-release build #13 powered by Captain Crunch Security Team | http://ccteam.ru | Generation time: 0.4992 ]--