201.245.192.253 - - [01/Jan/2023:14:08:38 -0500] "GET /sipse/faces/javax.faces.resource/images/ui-bg_flat_0_2d5972_40x100.png?ln=primefaces-aristo HTTP/1.1" 304 -
201.245.192.253 - - [01/Jan/2023:14:08:38 -0500] "POST /sipse/faces/presentacion/proyectos/proyecto/proyecto.xhtml HTTP/1.1" 200 3265
201.245.192.253 - - [01/Jan/2023:14:09:10 -0500] "POST /sipse/faces/presentacion/proyectos/proyecto/proyecto.xhtml HTTP/1.1" 200 82857
87.236.176.31 - - [01/Jan/2023:14:09:10 -0500] "GET / HTTP/1.1" 200 319
201.245.192.253 - - [01/Jan/2023:14:09:10 -0500] "GET /sipse/faces/javax.faces.resource/jquery/jquery.js?ln=primefaces&v=4.0 HTTP/1.1" 304 -
201.245.192.253 - - [01/Jan/2023:14:09:10 -0500] "GET /sipse/faces/javax.faces.resource/jquery/jquery-plugins.js?ln=primefaces&v=4.0 HTTP/1.1" 304 -
201.245.192.253 - - [01/Jan/2023:14:09:10 -0500] "GET /sipse/faces/javax.faces.resource/primefaces.js?ln=primefaces&v=4.0 HTTP/1.1" 304 -
201.245.192.253 - - [01/Jan/2023:14:09:10 -0500] "GET /sipse/faces/javax.faces.resource/layout/layout.js?ln=primefaces&v=4.0 HTTP/1.1" 304 -
173.252.83.120 - - [01/Jan/2023:14:09:13 -0500] "GET /images/cr\xc3\xb3nica-29-nov-1_optimized.jpeg HTTP/1.1" 404 1034
201.245.192.253 - - [01/Jan/2023:14:09:12 -0500] "POST /sipse/faces/presentacion/proyectos/proyecto/listarProyecto.xhtml HTTP/1.1" 200 163
201.245.192.253 - - [01/Jan/2023:14:09:13 -0500] "GET /sipse/faces/presentacion/proyectos/proyecto/proyecto.xhtml HTTP/1.1" 200 88832
201.245.192.253 - - [01/Jan/2023:14:09:14 -0500] "GET /sipse/faces/javax.faces.resource/theme.css?ln=primefaces-sipse HTTP/1.1" 304 -
201.245.192.253 - - [01/Jan/2023:14:09:14 -0500] "GET /sipse/faces/javax.faces.resource/primefaces.css?ln=primefaces&v=4.0 HTTP/1.1" 304 -
201.245.192.253 - - [01/Jan/2023:14:09:14 -0500] "GET /sipse/faces/javax.faces.resource/layout/layout.css?ln=primefaces&v=4.0 HTTP/1.1" 304 -
201.245.192.253 - - [01/Jan/2023:14:09:14 -0500] "GET /sipse/faces/javax.faces.resource/jquery/jquery.js?ln=primefaces&v=4.0 HTTP/1.1" 304 -
201.245.192.253 - - [01/Jan/2023:14:09:14 -0500] "GET /sipse/faces/javax.faces.resource/jquery/jquery-plugins.js?ln=primefaces&v=4.0 HTTP/1.1" 304 -
201.245.192.253 - - [01/Jan/2023:14:09:14 -0500] "GET /sipse/faces/javax.faces.resource/layout/layout.js?ln=primefaces&v=4.0 HTTP/1.1" 304 -
201.245.192.253 - - [01/Jan/2023:14:09:14 -0500] "GET /sipse/faces/javax.faces.resource/primefaces.js?ln=primefaces&v=4.0 HTTP/1.1" 304 -
201.245.192.253 - - [01/Jan/2023:14:09:14 -0500] "GET /sipse/faces/javax.faces.resource/images/ui-icons_898989_256x240.png?ln=primefaces-aristo HTTP/1.1" 304 -
201.245.192.253 - - [01/Jan/2023:14:09:14 -0500] "GET /sipse/faces/javax.faces.resource/images/ui-bg_flat_0_2d5972_40x100.png?ln=primefaces-aristo HTTP/1.1" 304 -
201.245.192.253 - - [01/Jan/2023:14:09:14 -0500] "POST /sipse/faces/presentacion/proyectos/proyecto/proyecto.xhtml HTTP/1.1" 200 3265
114.119.159.183 - - [01/Jan/2023:14:09:18 -0500] "GET /BLA/resoluciones/AUTOS%202017/2237.pdf HTTP/1.1" 200 391900
201.245.192.253 - - [01/Jan/2023:14:09:22 -0500] "POST /sipse/faces/presentacion/proyectos/proyecto/proyecto.xhtml HTTP/1.1" 200 82857
201.245.192.253 - - [01/Jan/2023:14:09:22 -0500] "GET /sipse/faces/javax.faces.resource/jquery/jquery.js?ln=primefaces&v=4.0 HTTP/1.1" 304 -
201.245.192.253 - - [01/Jan/2023:14:09:22 -0500] "GET /sipse/faces/javax.faces.resource/jquery/jquery-plugins.js?ln=primefaces&v=4.0 HTTP/1.1" 304 -
201.245.192.253 - - [01/Jan/2023:14:09:22 -0500] "GET /sipse/faces/javax.faces.resource/primefaces.js?ln=primefaces&v=4.0 HTTP/1.1" 304 -
201.245.192.253 - - [01/Jan/2023:14:09:22 -0500] "GET /sipse/faces/javax.faces.resource/layout/layout.js?ln=primefaces&v=4.0 HTTP/1.1" 304 -
216.245.221.92 - - [01/Jan/2023:14:09:56 -0500] "HEAD / HTTP/1.1" 200 -
201.245.192.253 - - [01/Jan/2023:14:10:02 -0500] "POST /sipse/faces/presentacion/proyectos/proyecto/listarProyecto.xhtml HTTP/1.1" 200 163
201.245.192.253 - - [01/Jan/2023:14:10:03 -0500] "GET /sipse/faces/presentacion/proyectos/proyecto/proyecto.xhtml HTTP/1.1" 200 83777
201.245.192.253 - - [01/Jan/2023:14:10:04 -0500] "GET /sipse/faces/javax.faces.resource/theme.css?ln=primefaces-sipse HTTP/1.1" 304 -
201.245.192.253 - - [01/Jan/2023:14:10:04 -0500] "GET /sipse/faces/javax.faces.resource/layout/layout.css?ln=primefaces&v=4.0 HTTP/1.1" 304 -
201.245.192.253 - - [01/Jan/2023:14:10:04 -0500] "GET /sipse/faces/javax.faces.resource/primefaces.css?ln=primefaces&v=4.0 HTTP/1.1" 304 -
201.245.192.253 - - [01/Jan/2023:14:10:04 -0500] "GET /sipse/faces/javax.faces.resource/jquery/jquery.js?ln=primefaces&v=4.0 HTTP/1.1" 304 -
201.245.192.253 - - [01/Jan/2023:14:10:04 -0500] "GET /sipse/faces/javax.faces.resource/jquery/jquery-plugins.js?ln=primefaces&v=4.0 HTTP/1.1" 304 -
201.245.192.253 - - [01/Jan/2023:14:10:04 -0500] "GET /sipse/faces/javax.faces.resource/primefaces.js?ln=primefaces&v=4.0 HTTP/1.1" 304 -
201.245.192.253 - - [01/Jan/2023:14:10:04 -0500] "GET /sipse/faces/javax.faces.resource/layout/layout.js?ln=primefaces&v=4.0 HTTP/1.1" 304 -
201.245.192.253 - - [01/Jan/2023:14:10:04 -0500] "GET /sipse/faces/javax.faces.resource/images/ui-icons_898989_256x240.png?ln=primefaces-aristo HTTP/1.1" 304 -
201.245.192.253 - - [01/Jan/2023:14:10:04 -0500] "GET /sipse/faces/javax.faces.resource/images/ui-bg_flat_0_2d5972_40x100.png?ln=primefaces-aristo HTTP/1.1" 304 -
201.245.192.253 - - [01/Jan/2023:14:10:04 -0500] "POST /sipse/faces/presentacion/proyectos/proyecto/proyecto.xhtml HTTP/1.1" 200 3261
201.245.192.253 - - [01/Jan/2023:14:10:09 -0500] "POST /sipse/faces/presentacion/proyectos/proyecto/proyecto.xhtml HTTP/1.1" 200 82857
201.245.192.253 - - [01/Jan/2023:14:10:09 -0500] "GET /sipse/faces/javax.faces.resource/jquery/jquery.js?ln=primefaces&v=4.0 HTTP/1.1" 304 -
201.245.192.253 - - [01/Jan/2023:14:10:09 -0500] "GET /sipse/faces/javax.faces.resource/jquery/jquery-plugins.js?ln=primefaces&v=4.0 HTTP/1.1" 304 -
201.245.192.253 - - [01/Jan/2023:14:10:09 -0500] "GET /sipse/faces/javax.faces.resource/primefaces.js?ln=primefaces&v=4.0 HTTP/1.1" 304 -
201.245.192.253 - - [01/Jan/2023:14:10:09 -0500] "GET /sipse/faces/javax.faces.resource/layout/layout.js?ln=primefaces&v=4.0 HTTP/1.1" 304 -
201.245.192.253 - - [01/Jan/2023:14:10:11 -0500] "POST /sipse/faces/presentacion/proyectos/proyecto/listarProyecto.xhtml HTTP/1.1" 200 163
201.245.192.253 - - [01/Jan/2023:14:10:12 -0500] "GET /sipse/faces/presentacion/proyectos/proyecto/proyecto.xhtml HTTP/1.1" 200 90323
201.245.192.253 - - [01/Jan/2023:14:10:12 -0500] "GET /sipse/faces/javax.faces.resource/primefaces.css?ln=primefaces&v=4.0 HTTP/1.1" 304 -
201.245.192.253 - - [01/Jan/2023:14:10:12 -0500] "GET /sipse/faces/javax.faces.resource/theme.css?ln=primefaces-sipse HTTP/1.1" 304 -
201.245.192.253 - - [01/Jan/2023:14:10:12 -0500] "GET /sipse/faces/javax.faces.resource/layout/layout.css?ln=primefaces&v=4.0 HTTP/1.1" 304 -
201.245.192.253 - - [01/Jan/2023:14:10:12 -0500] "GET /sipse/faces/javax.faces.resource/jquery/jquery.js?ln=primefaces&v=4.0 HTTP/1.1" 304 -
201.245.192.253 - - [01/Jan/2023:14:10:12 -0500] "GET /sipse/faces/javax.faces.resource/jquery/jquery-plugins.js?ln=primefaces&v=4.0 HTTP/1.1" 304 -
201.245.192.253 - - [01/Jan/2023:14:10:12 -0500] "GET /sipse/faces/javax.faces.resource/primefaces.js?ln=primefaces&v=4.0 HTTP/1.1" 304 -
201.245.192.253 - - [01/Jan/2023:14:10:12 -0500] "GET /sipse/faces/javax.faces.resource/layout/layout.js?ln=primefaces&v=4.0 HTTP/1.1" 304 -
201.245.192.253 - - [01/Jan/2023:14:10:12 -0500] "GET /sipse/faces/javax.faces.resource/images/ui-icons_898989_256x240.png?ln=primefaces-aristo HTTP/1.1" 304 -
201.245.192.253 - - [01/Jan/2023:14:10:13 -0500] "GET /sipse/faces/javax.faces.resource/images/ui-bg_flat_0_2d5972_40x100.png?ln=primefaces-aristo HTTP/1.1" 304 -
201.245.192.253 - - [01/Jan/2023:14:10:13 -0500] "POST /sipse/faces/presentacion/proyectos/proyecto/proyecto.xhtml HTTP/1.1" 200 3265
172.22.2.4 - - [01/Jan/2023:14:08:37 -0500] "HEAD /BLA/boletinlegal/ HTTP/1.1" 200 -
201.245.192.253 - - [01/Jan/2023:14:10:24 -0500] "POST /sipse/faces/presentacion/proyectos/proyecto/proyecto.xhtml HTTP/1.1" 200 82857
201.245.192.253 - - [01/Jan/2023:14:10:24 -0500] "GET /sipse/faces/javax.faces.resource/jquery/jquery.js?ln=primefaces&v=4.0 HTTP/1.1" 304 -
201.245.192.253 - - [01/Jan/2023:14:10:24 -0500] "GET /sipse/faces/javax.faces.resource/jquery/jquery-plugins.js?ln=primefaces&v=4.0 HTTP/1.1" 304 -
201.245.192.253 - - [01/Jan/2023:14:10:24 -0500] "GET /sipse/faces/javax.faces.resource/primefaces.js?ln=primefaces&v=4.0 HTTP/1.1" 304 -
201.245.192.253 - - [01/Jan/2023:14:10:24 -0500] "GET /sipse/faces/javax.faces.resource/layout/layout.js?ln=primefaces&v=4.0 HTTP/1.1" 304 -
69.171.251.24 - - [01/Jan/2023:14:10:36 -0500] "GET /images/EVA%20SDA%20(1)%20(1).jpeg HTTP/1.1" 200 49077
69.171.251.2 - - [01/Jan/2023:14:10:43 -0500] "GET /images/EVA%20SDA%20(1)%20(1).jpeg HTTP/1.1" 200 49077
172.22.2.4 - - [01/Jan/2023:14:09:27 -0500] "GET /BLA/boletinlegal/ HTTP/1.1" 200 52453
185.180.143.12 - - [01/Jan/2023:14:11:29 -0500] "GET /portaldeninos/ HTTP/1.1" 200 110197
114.119.128.77 - - [01/Jan/2023:14:11:38 -0500] "GET /BLA/resoluciones/AUTOS%202016/2995.pdf HTTP/1.1" 200 444932
201.245.192.253 - - [01/Jan/2023:14:11:37 -0500] "POST /kwsrmcab/Wsrmcab  HTTP/1.1" 200 44193
43.128.232.139 - - [01/Jan/2023:14:12:01 -0500] "GET / HTTP/1.1" 200 319
201.245.192.253 - - [01/Jan/2023:14:13:42 -0500] "POST /sipse/faces/presentacion/proyectos/proyecto/listarProyecto.xhtml HTTP/1.1" 200 911
201.245.192.253 - - [01/Jan/2023:14:13:56 -0500] "POST /sipsesda/faces/vista/administracion/funcionario/listadoFuncionario.jspx HTTP/1.1" 200 36925
201.245.192.253 - - [01/Jan/2023:14:13:57 -0500] "POST /sipsesda/faces/vista/administracion/funcionario/listadoFuncionario.jspx HTTP/1.1" 302 201
114.119.151.175 - - [01/Jan/2023:14:14:44 -0500] "GET /BLA/resoluciones/AUTOS%202016/0247.pdf HTTP/1.1" 200 692704
216.245.221.92 - - [01/Jan/2023:14:14:56 -0500] "HEAD / HTTP/1.1" 200 -
185.119.81.104 - - [01/Jan/2023:14:15:32 -0500] "GET /portaldeninos/wp-login.php HTTP/1.1" 200 2592
185.119.81.104 - - [01/Jan/2023:14:15:33 -0500] "POST /portaldeninos/wp-login.php HTTP/1.1" 200 3605
172.22.2.4 - - [01/Jan/2023:14:14:27 -0500] "HEAD /BLA/boletinlegal/ HTTP/1.1" 200 -
201.245.192.253 - - [01/Jan/2023:14:16:36 -0500] "POST /kwsrmcab/Wsrmcab  HTTP/1.1" 200 44193
114.119.146.159 - - [01/Jan/2023:14:16:42 -0500] "GET /BLA/resoluciones/AUTOS%202015/3958.pdf HTTP/1.1" 200 451137
168.119.61.24 - - [01/Jan/2023:14:16:56 -0500] "GET / HTTP/1.1" 200 319
190.27.163.38 - - [01/Jan/2023:14:16:56 -0500] "GET /Publicaciones/SSFFS-01692-2022.zip HTTP/1.1" 200 947269
172.22.2.4 - - [01/Jan/2023:14:15:17 -0500] "GET /BLA/boletinlegal/ HTTP/1.1" 200 47659
172.22.2.4 - - [01/Jan/2023:14:15:36 -0500] "GET /BLA/boletinlegal/ HTTP/1.1" 200 51643
172.22.2.4 - - [01/Jan/2023:14:17:19 -0500] "GET /BLA/boletinlegal/js/jquery.scrollShow.js HTTP/1.1" 200 4586
190.27.163.38 - - [01/Jan/2023:14:17:31 -0500] "GET /Publicaciones/SSFFS-01692-2022.zip HTTP/1.1" 200 5448591
185.119.81.99 - - [01/Jan/2023:14:17:44 -0500] "GET /portaldeninos/wp-login.php HTTP/1.1" 200 2592
185.119.81.99 - - [01/Jan/2023:14:17:45 -0500] "POST /portaldeninos/wp-login.php HTTP/1.1" 200 3670
114.119.132.105 - - [01/Jan/2023:14:18:38 -0500] "GET /BLA/resoluciones/AUTOS%202015/1365.pdf HTTP/1.1" 200 800395
201.245.192.253 - - [01/Jan/2023:14:19:37 -0500] "POST /kwsrmcab/Wsrmcab HTTP/1.1" 200 44079
201.245.192.253 - - [01/Jan/2023:14:19:40 -0500] "POST /kwsrmcab/Wsrmcab HTTP/1.1" 200 43923
216.245.221.92 - - [01/Jan/2023:14:19:56 -0500] "HEAD / HTTP/1.1" 200 -
114.119.146.241 - - [01/Jan/2023:14:21:13 -0500] "GET /BLA/resoluciones/AUTOS%202014/5141.pdf HTTP/1.1" 200 540004
201.245.192.253 - - [01/Jan/2023:14:21:35 -0500] "POST /kwsrmcab/Wsrmcab  HTTP/1.1" 200 44193
172.22.2.4 - - [01/Jan/2023:14:20:17 -0500] "HEAD /BLA/boletinlegal/ HTTP/1.1" 200 -
172.22.2.4 - - [01/Jan/2023:14:21:07 -0500] "GET /BLA/boletinlegal/ HTTP/1.1" 200 53739
114.119.143.215 - - [01/Jan/2023:14:23:29 -0500] "GET /BLA/resoluciones/AUTOS%202014/5110.pdf HTTP/1.1" 200 170914
216.245.221.92 - - [01/Jan/2023:14:24:56 -0500] "HEAD / HTTP/1.1" 200 -
181.61.132.56 - - [01/Jan/2023:14:25:12 -0500] "GET /galeria/galeria/jquery.fancybox.css?v=2.1.5 HTTP/1.1" 200 4895
181.61.132.56 - - [01/Jan/2023:14:25:12 -0500] "GET /BLA/boletinlegal/js/jquery.scrollShow.js HTTP/1.1" 200 4586
181.61.132.56 - - [01/Jan/2023:14:25:12 -0500] "GET /galeria/galeria/jquery.fancybox.js?v=2.1.5 HTTP/1.1" 200 48706
185.119.81.104 - - [01/Jan/2023:14:25:27 -0500] "GET /portaldeninos/wp-login.php HTTP/1.1" 200 2592
114.119.138.95 - - [01/Jan/2023:14:25:28 -0500] "GET /BLA/resoluciones/AUTOS%202014/4159.pdf HTTP/1.1" 200 383301
185.119.81.104 - - [01/Jan/2023:14:25:28 -0500] "POST /portaldeninos/wp-login.php HTTP/1.1" 200 3670
201.245.192.253 - - [01/Jan/2023:14:26:34 -0500] "POST /kwsrmcab/Wsrmcab  HTTP/1.1" 200 44193
172.22.2.4 - - [01/Jan/2023:14:26:07 -0500] "HEAD /BLA/boletinlegal/ HTTP/1.1" 200 -
114.119.136.246 - - [01/Jan/2023:14:28:35 -0500] "GET /BLA/resoluciones/AUTOS%202014/2641.pdf HTTP/1.1" 200 1378556
172.22.2.4 - - [01/Jan/2023:14:26:57 -0500] "GET /BLA/boletinlegal/ HTTP/1.1" 200 52453
201.245.192.253 - - [01/Jan/2023:14:29:37 -0500] "POST /kwsrmcab/Wsrmcab HTTP/1.1" 200 44079
201.245.192.253 - - [01/Jan/2023:14:29:40 -0500] "POST /kwsrmcab/Wsrmcab HTTP/1.1" 200 43923
173.252.127.117 - - [01/Jan/2023:14:29:48 -0500] "GET /images/cr\xc3\xb3nica-29-nov-1_optimized.jpeg HTTP/1.1" 404 1034
216.245.221.92 - - [01/Jan/2023:14:29:56 -0500] "HEAD / HTTP/1.1" 200 -
114.119.159.183 - - [01/Jan/2023:14:31:13 -0500] "GET /BLA/resoluciones/AUTOS%202014/1829.pdf HTTP/1.1" 200 471276
201.245.192.253 - - [01/Jan/2023:14:31:33 -0500] "POST /kwsrmcab/Wsrmcab  HTTP/1.1" 200 44193
190.27.163.38 - - [01/Jan/2023:14:31:52 -0500] "GET /Publicaciones/SSFFS-05556-2022.zip HTTP/1.1" 200 35459
190.27.163.38 - - [01/Jan/2023:14:31:58 -0500] "GET /Publicaciones/SSFFS-05556-2022.zip HTTP/1.1" 200 29270274
173.252.87.116 - - [01/Jan/2023:14:33:08 -0500] "GET /images/cr\xc3\xb3nica-29-nov-1_optimized.jpeg HTTP/1.1" 404 1034
172.22.2.4 - - [01/Jan/2023:14:31:57 -0500] "HEAD /BLA/boletinlegal/ HTTP/1.1" 200 -
172.22.2.4 - - [01/Jan/2023:14:32:47 -0500] "GET /BLA/boletinlegal/ HTTP/1.1" 200 57192
216.245.221.92 - - [01/Jan/2023:14:34:56 -0500] "HEAD / HTTP/1.1" 200 -
114.119.132.122 - - [01/Jan/2023:14:36:11 -0500] "GET /BLA/resoluciones/AUTOS%202014/0968.pdf HTTP/1.1" 200 479364
201.245.192.253 - - [01/Jan/2023:14:36:32 -0500] "POST /kwsrmcab/Wsrmcab  HTTP/1.1" 200 44193
172.22.2.4 - - [01/Jan/2023:14:37:47 -0500] "HEAD /BLA/boletinlegal/ HTTP/1.1" 200 -
201.245.192.253 - - [01/Jan/2023:14:39:37 -0500] "POST /kwsrmcab/Wsrmcab HTTP/1.1" 200 44079
201.245.192.253 - - [01/Jan/2023:14:39:40 -0500] "POST /kwsrmcab/Wsrmcab HTTP/1.1" 200 43923
216.245.221.92 - - [01/Jan/2023:14:39:56 -0500] "HEAD / HTTP/1.1" 200 -
172.22.2.4 - - [01/Jan/2023:14:38:37 -0500] "GET /BLA/boletinlegal/ HTTP/1.1" 200 57192
114.119.157.210 - - [01/Jan/2023:14:40:25 -0500] "GET /BLA/resoluciones/AUTOS%202013/0767.pdf HTTP/1.1" 200 1584562
201.245.192.253 - - [01/Jan/2023:14:41:30 -0500] "POST /kwsrmcab/Wsrmcab  HTTP/1.1" 200 44193
114.119.135.199 - - [01/Jan/2023:14:44:05 -0500] "GET /BLA/resoluciones/AUTOS%202013/0328.pdf HTTP/1.1" 200 2605941
216.245.221.92 - - [01/Jan/2023:14:44:56 -0500] "HEAD / HTTP/1.1" 200 -
172.22.2.4 - - [01/Jan/2023:14:43:37 -0500] "HEAD /BLA/boletinlegal/ HTTP/1.1" 200 -
190.27.163.38 - - [01/Jan/2023:14:46:07 -0500] "GET /Publicaciones/SSFFS-05556-2022.zip HTTP/1.1" 200 18099
172.22.2.4 - - [01/Jan/2023:14:44:27 -0500] "GET /BLA/boletinlegal/ HTTP/1.1" 200 57824
190.27.163.38 - - [01/Jan/2023:14:46:10 -0500] "GET /Publicaciones/SSFFS-05556-2022.zip HTTP/1.1" 200 29270274
201.245.192.253 - - [01/Jan/2023:14:46:30 -0500] "POST /kwsrmcab/Wsrmcab  HTTP/1.1" 200 44193
114.119.154.59 - - [01/Jan/2023:14:47:32 -0500] "GET /BLA/resoluciones/AUTOS%202012/2207.pdf HTTP/1.1" 200 320697
216.245.221.92 - - [01/Jan/2023:14:49:56 -0500] "HEAD / HTTP/1.1" 200 -
172.22.2.4 - - [01/Jan/2023:14:49:27 -0500] "HEAD /BLA/boletinlegal/ HTTP/1.1" 200 -
114.119.146.16 - - [01/Jan/2023:14:51:26 -0500] "GET /BLA/resoluciones/AUTOS%202012/1502.pdf HTTP/1.1" 200 376080
201.245.192.253 - - [01/Jan/2023:14:51:29 -0500] "POST /kwsrmcab/Wsrmcab  HTTP/1.1" 200 44193
172.22.2.4 - - [01/Jan/2023:14:50:17 -0500] "GET /BLA/boletinlegal/ HTTP/1.1" 200 59404
114.119.137.252 - - [01/Jan/2023:14:54:37 -0500] "GET /BLA/resoluciones/AUTOS%202012/0730.pdf HTTP/1.1" 200 400199
216.245.221.92 - - [01/Jan/2023:14:54:56 -0500] "HEAD / HTTP/1.1" 200 -
68.183.76.67 - - [01/Jan/2023:14:55:52 -0500] "\x16\x03\x01" 400 226
68.183.76.67 - - [01/Jan/2023:14:55:52 -0500] "\x16\x03\x01" 400 226
68.183.76.67 - - [01/Jan/2023:14:55:52 -0500] "GET / HTTP/1.1" 200 319
64.124.8.52 - - [01/Jan/2023:14:56:21 -0500] "GET /BLA/boletinlegal/images/tel.png HTTP/1.1" 200 14477
201.245.192.253 - - [01/Jan/2023:14:56:28 -0500] "POST /kwsrmcab/Wsrmcab  HTTP/1.1" 200 44193
64.124.8.52 - - [01/Jan/2023:14:56:35 -0500] "GET /BLA/boletinlegal/images/green-yellow-blue-pink-th.png HTTP/1.1" 200 7394
172.22.2.4 - - [01/Jan/2023:14:55:17 -0500] "HEAD /BLA/boletinlegal/ HTTP/1.1" 200 -
172.22.2.4 - - [01/Jan/2023:14:56:07 -0500] "GET /BLA/boletinlegal/ HTTP/1.1" 200 52453
209.141.40.109 - - [01/Jan/2023:14:57:51 -0500] "GET / HTTP/1.1" 200 319
114.119.151.174 - - [01/Jan/2023:14:59:48 -0500] "GET /BLA/resoluciones/AUTOS%202012/0478.pdf HTTP/1.1" 200 513192
216.245.221.92 - - [01/Jan/2023:14:59:56 -0500] "HEAD / HTTP/1.1" 200 -
201.245.192.253 - - [01/Jan/2023:15:01:28 -0500] "POST /kwsrmcab/Wsrmcab  HTTP/1.1" 200 44193
172.22.2.4 - - [01/Jan/2023:15:01:07 -0500] "HEAD /BLA/boletinlegal/ HTTP/1.1" 200 -
172.22.2.4 - - [01/Jan/2023:15:01:57 -0500] "GET /BLA/boletinlegal/ HTTP/1.1" 200 53337
205.185.118.237 - - [01/Jan/2023:15:03:57 -0500] "POST /boaform/admin/formLogin HTTP/1.1" 404 1186
216.245.221.92 - - [01/Jan/2023:15:04:56 -0500] "HEAD / HTTP/1.1" 200 -
114.119.151.4 - - [01/Jan/2023:15:05:09 -0500] "GET /BLA/resoluciones/AUTOS%202011/6626.pdf HTTP/1.1" 200 630243
201.245.192.253 - - [01/Jan/2023:15:06:26 -0500] "POST /kwsrmcab/Wsrmcab  HTTP/1.1" 200 44193
51.254.59.113 - - [01/Jan/2023:15:07:39 -0500] "GET / HTTP/1.1" 200 319
172.22.2.4 - - [01/Jan/2023:15:06:36 -0500] "GET /BLA/boletinlegal/ HTTP/1.1" 200 54100
172.22.2.4 - - [01/Jan/2023:15:06:57 -0500] "HEAD /BLA/boletinlegal/ HTTP/1.1" 200 -
172.22.2.4 - - [01/Jan/2023:15:07:47 -0500] "GET /BLA/boletinlegal/ HTTP/1.1" 200 52453
216.245.221.92 - - [01/Jan/2023:15:09:56 -0500] "HEAD / HTTP/1.1" 200 -
201.245.192.253 - - [01/Jan/2023:15:11:25 -0500] "POST /kwsrmcab/Wsrmcab  HTTP/1.1" 200 44193
114.119.141.18 - - [01/Jan/2023:15:11:33 -0500] "GET /BLA/resoluciones/AUTOS%202011/3819.pdf HTTP/1.1" 200 225765
190.27.163.38 - - [01/Jan/2023:15:12:22 -0500] "GET /Publicaciones/SSFFS-14973-2021.zip HTTP/1.1" 200 14629
190.27.163.38 - - [01/Jan/2023:15:12:29 -0500] "GET /Publicaciones/SSFFS-14973-2021.zip HTTP/1.1" 200 2614877
172.22.2.4 - - [01/Jan/2023:15:12:47 -0500] "HEAD /BLA/boletinlegal/ HTTP/1.1" 200 -
216.245.221.92 - - [01/Jan/2023:15:14:56 -0500] "HEAD / HTTP/1.1" 200 -
172.22.2.4 - - [01/Jan/2023:15:13:37 -0500] "GET /BLA/boletinlegal/ HTTP/1.1" 200 57824
201.245.192.253 - - [01/Jan/2023:15:16:24 -0500] "POST /kwsrmcab/Wsrmcab  HTTP/1.1" 200 44193
201.245.192.253 - - [01/Jan/2023:15:19:37 -0500] "POST /kwsrmcab/Wsrmcab HTTP/1.1" 200 44230
201.245.192.253 - - [01/Jan/2023:15:19:40 -0500] "GET /kwsrmcab/Wsrmcab?wsdl HTTP/1.1" 200 6948
201.245.192.253 - - [01/Jan/2023:15:19:40 -0500] "POST /kwsrmcab/Wsrmcab HTTP/1.1" 200 44092
114.119.135.7 - - [01/Jan/2023:15:19:46 -0500] "GET /BLA/resoluciones/AUTOS%202011/0750.pdf HTTP/1.1" 200 176539
216.245.221.92 - - [01/Jan/2023:15:19:56 -0500] "HEAD / HTTP/1.1" 200 -
172.22.2.4 - - [01/Jan/2023:15:18:37 -0500] "HEAD /BLA/boletinlegal/ HTTP/1.1" 200 -
172.22.2.4 - - [01/Jan/2023:15:19:27 -0500] "GET /BLA/boletinlegal/ HTTP/1.1" 200 57192
201.245.192.253 - - [01/Jan/2023:15:21:23 -0500] "POST /kwsrmcab/Wsrmcab  HTTP/1.1" 200 44193
157.55.39.172 - - [01/Jan/2023:15:21:36 -0500] "GET /Publicaciones/2022EE182087.pdf HTTP/1.1" 404 228
216.245.221.92 - - [01/Jan/2023:15:24:56 -0500] "HEAD / HTTP/1.1" 200 -
172.22.2.4 - - [01/Jan/2023:15:24:27 -0500] "HEAD /BLA/boletinlegal/ HTTP/1.1" 200 -
201.245.192.253 - - [01/Jan/2023:15:26:22 -0500] "POST /kwsrmcab/Wsrmcab  HTTP/1.1" 200 44193
207.46.13.192 - - [01/Jan/2023:15:26:56 -0500] "GET /galeria/nivo-slider/demo/convocatorias.html? HTTP/1.1" 200 3464
172.22.2.4 - - [01/Jan/2023:15:25:17 -0500] "GET /BLA/boletinlegal/ HTTP/1.1" 200 57824
114.119.151.175 - - [01/Jan/2023:15:28:02 -0500] "GET /BLA/resoluciones/AUTOS%202010/3567.pdf HTTP/1.1" 200 1744966
207.46.13.192 - - [01/Jan/2023:15:29:12 -0500] "GET /BLA/resoluciones/RESOLUCIONES%202020/2249.pdf HTTP/1.1" 304 -
201.245.192.253 - - [01/Jan/2023:15:29:37 -0500] "POST /kwsrmcab/Wsrmcab HTTP/1.1" 200 44230
201.245.192.253 - - [01/Jan/2023:15:29:39 -0500] "POST /kwsrmcab/Wsrmcab HTTP/1.1" 200 44092
216.245.221.92 - - [01/Jan/2023:15:29:56 -0500] "HEAD / HTTP/1.1" 200 -
173.252.111.116 - - [01/Jan/2023:15:30:48 -0500] "GET /images/Entrenubes%201%20(1)%20(1).jpeg HTTP/1.1" 200 70096
201.245.192.253 - - [01/Jan/2023:15:31:20 -0500] "POST /kwsrmcab/Wsrmcab  HTTP/1.1" 200 44193
172.22.2.4 - - [01/Jan/2023:15:30:17 -0500] "HEAD /BLA/boletinlegal/ HTTP/1.1" 200 -
172.22.2.4 - - [01/Jan/2023:15:31:07 -0500] "GET /BLA/boletinlegal/ HTTP/1.1" 200 59404
216.245.221.92 - - [01/Jan/2023:15:34:56 -0500] "HEAD / HTTP/1.1" 200 -
199.16.157.183 - - [01/Jan/2023:15:35:51 -0500] "GET /images/imagen-palomas_optimized.jpg HTTP/1.1" 200 184069
199.16.157.183 - - [01/Jan/2023:15:35:51 -0500] "GET /distrito-realiza-las-primeras-vasectomias-a-palomas-de-plaza.html HTTP/1.1" 200 958
172.22.2.4 - - [01/Jan/2023:15:34:39 -0500] "GET /BLA/boletinlegal/ HTTP/1.1" 200 61323
201.245.192.253 - - [01/Jan/2023:15:36:19 -0500] "POST /kwsrmcab/Wsrmcab  HTTP/1.1" 200 44193
104.152.52.9 - - [01/Jan/2023:15:36:47 -0500] "GET / HTTP/1.0" 200 319
172.22.2.4 - - [01/Jan/2023:15:36:07 -0500] "HEAD /BLA/boletinlegal/ HTTP/1.1" 200 -
172.22.2.4 - - [01/Jan/2023:15:38:36 -0500] "GET /BLA/boletinlegal/Circulares/2019/.pdf HTTP/1.1" 404 1218
172.22.2.4 - - [01/Jan/2023:15:36:57 -0500] "GET /BLA/boletinlegal/ HTTP/1.1" 200 57192
114.119.135.84 - - [01/Jan/2023:15:38:44 -0500] "GET /Autoliquidacion/index.php?dir=TR%C3%83%C2%83%C3%82%C2%83%C3%83%C2%82%C3%82%C2%83%C3%83%C2%83%C3%82%C2%82%C3%83%C2%82%C3%82%C2%AF%C3%83%C2%83%C3%82%C2%83%C3%83%C2%82%C3%82%C2%82%C3%83%C2%83%C3%82%C2%82%C3%83%C2%82%C3%82%C2%BF%C3%83%C2%83%C3%82%C2%83%C3%83%C2%82%C3%82%C2%82%C3%83%C2%83%C3%82%C2%82%C3%83%C2%82%C3%82%C2%BDMITES%2BAGUAS%2BSUPERFICIALES/&sort=date&order=asc HTTP/1.1" 200 7153
172.22.2.4 - - [01/Jan/2023:15:38:46 -0500] "GET /BLA/boletinlegal/Circulares/2012/Circular%20No.%2010%20del%2026%20de%20Enero%20de%202012.pdf HTTP/1.1" 404 1218
201.245.192.253 - - [01/Jan/2023:15:39:37 -0500] "POST /kwsrmcab/Wsrmcab HTTP/1.1" 200 44230
201.245.192.253 - - [01/Jan/2023:15:39:40 -0500] "POST /kwsrmcab/Wsrmcab HTTP/1.1" 200 44092
216.245.221.92 - - [01/Jan/2023:15:39:56 -0500] "HEAD / HTTP/1.1" 200 -
201.245.192.253 - - [01/Jan/2023:15:41:18 -0500] "POST /kwsrmcab/Wsrmcab  HTTP/1.1" 200 44193
40.77.190.191 - - [01/Jan/2023:15:42:56 -0500] "GET /galeria/nivo-slider/themes/default/default.css HTTP/1.1" 200 1569
40.77.189.189 - - [01/Jan/2023:15:42:56 -0500] "GET /galeria/nivo-slider/themes/pascal/pascal.css HTTP/1.1" 200 2258
40.77.188.34 - - [01/Jan/2023:15:42:57 -0500] "GET /galeria/nivo-slider/nivo-slider.css HTTP/1.1" 200 1507
40.77.188.69 - - [01/Jan/2023:15:42:57 -0500] "GET /galeria/nivo-slider/demo/style.css HTTP/1.1" 200 2222
40.77.190.150 - - [01/Jan/2023:15:42:57 -0500] "GET /galeria/nivo-slider/demo/scripts/jquery-1.7.1.min.js HTTP/1.1" 200 93868
40.77.190.126 - - [01/Jan/2023:15:42:57 -0500] "GET /galeria/nivo-slider/jquery.nivo.slider.pack.js HTTP/1.1" 200 11561
172.22.2.4 - - [01/Jan/2023:15:41:57 -0500] "HEAD /BLA/boletinlegal/ HTTP/1.1" 200 -
172.22.2.4 - - [01/Jan/2023:15:42:47 -0500] "GET /BLA/boletinlegal/ HTTP/1.1" 200 56825
191.148.227.50 - - [01/Jan/2023:15:44:35 -0500] "GET /galeria/galeria/fotos/mico1P.jpg HTTP/1.1" 200 28110
191.148.227.50 - - [01/Jan/2023:15:44:35 -0500] "GET /galeria/galeria/fotos/micos6P.jpg HTTP/1.1" 200 31809
191.148.227.50 - - [01/Jan/2023:15:44:35 -0500] "GET /galeria/galeria/fotos/boa11P.jpg HTTP/1.1" 200 25099
191.148.227.50 - - [01/Jan/2023:15:44:35 -0500] "GET /galeria/galeria/fotos/micos7P.jpg HTTP/1.1" 200 30212
191.148.227.50 - - [01/Jan/2023:15:44:35 -0500] "GET /galeria/galeria/fotos/cusumbo4P.jpg HTTP/1.1" 200 34990
191.148.227.50 - - [01/Jan/2023:15:44:35 -0500] "GET /galeria/galeria/fotos/boa10P.jpg HTTP/1.1" 200 19337
191.148.227.50 - - [01/Jan/2023:15:44:38 -0500] "GET /galeria/galeria/fotos/loro3P.jpg HTTP/1.1" 200 24900
191.148.227.50 - - [01/Jan/2023:15:44:39 -0500] "GET /galeria/galeria/fotos/tortuga2P.jpg HTTP/1.1" 200 33472
216.245.221.92 - - [01/Jan/2023:15:44:56 -0500] "HEAD / HTTP/1.1" 200 -
173.252.95.14 - - [01/Jan/2023:15:45:18 -0500] "GET /animales-recuperados-en-san-cristobal-y-ciudad-bolivar-son-atendidos-en-el-centro-de-flora-de-la-secretaria-de-ambiente.html HTTP/1.1" 206 1056
172.22.2.4 - - [01/Jan/2023:15:45:39 -0500] "GET /BLA/boletinlegal/normativa.php HTTP/1.1" 200 8333
172.22.2.4 - - [01/Jan/2023:15:45:57 -0500] "GET /BLA/boletinlegal/js/ajax_normativa.js HTTP/1.1" 200 1154
201.245.192.253 - - [01/Jan/2023:15:46:17 -0500] "POST /kwsrmcab/Wsrmcab  HTTP/1.1" 200 44193
207.46.13.198 - - [01/Jan/2023:15:47:52 -0500] "GET /sipse/faces/autenticacion.xhtml HTTP/1.1" 200 12500
172.22.2.4 - - [01/Jan/2023:15:47:47 -0500] "HEAD /BLA/boletinlegal/ HTTP/1.1" 200 -
216.245.221.92 - - [01/Jan/2023:15:49:56 -0500] "HEAD / HTTP/1.1" 200 -
114.119.145.100 - - [01/Jan/2023:15:49:56 -0500] "GET /Autoliquidacion/index.php?dir=Solicitud%2Bde%2Bexpedici%C3%83%C2%83%C3%82%C2%AF%C3%83%C2%82%C3%82%C2%BF%C3%83%C2%82%C3%82%C2%BDn%2Bde%2Bcertificados%2Bde%2Bestado%2Bde%2Bconservaci%C3%83%C2%83%C3%82%C2%AF%C3%83%C2%82%C3%82%C2%BF%C3%83%C2%82%C3%82%C2%BDn%2Bambiental%2B(CECA)/&sort=date&order=desc HTTP/1.1" 200 7167
172.22.2.4 - - [01/Jan/2023:15:48:37 -0500] "GET /BLA/boletinlegal/ HTTP/1.1" 200 56474
201.245.192.253 - - [01/Jan/2023:15:51:15 -0500] "POST /kwsrmcab/Wsrmcab  HTTP/1.1" 200 44193
172.22.2.4 - - [01/Jan/2023:15:50:04 -0500] "GET /BLA/boletinlegal/ HTTP/1.1" 200 61905
216.245.221.92 - - [01/Jan/2023:15:54:56 -0500] "HEAD / HTTP/1.1" 200 -
172.22.2.4 - - [01/Jan/2023:15:53:37 -0500] "HEAD /BLA/boletinlegal/ HTTP/1.1" 200 -
172.22.2.4 - - [01/Jan/2023:15:54:27 -0500] "GET /BLA/boletinlegal/ HTTP/1.1" 200 55272
201.245.192.253 - - [01/Jan/2023:15:56:14 -0500] "POST /kwsrmcab/Wsrmcab  HTTP/1.1" 200 44193
173.252.107.9 - - [01/Jan/2023:15:57:35 -0500] "GET /images/Acuerdos%2001%20(1)%20(1).jpeg HTTP/1.1" 200 32884
69.171.249.116 - - [01/Jan/2023:15:57:36 -0500] "GET /images/jardines-verticales-plantas-24-mayo.jpg HTTP/1.1" 200 148288
114.119.130.201 - - [01/Jan/2023:15:59:52 -0500] "GET /Autoliquidacion/index.php?dir=Solicitud%2Bde%2Bexpedici%C3%83%C2%83%C3%82%C2%83%C3%83%C2%82%C3%82%C2%83%C3%83%C2%83%C3%82%C2%82%C3%83%C2%82%C3%82%C2%83%C3%83%C2%83%C3%82%C2%83%C3%83%C2%82%C3%82%C2%82%C3%83%C2%83%C3%82%C2%82%C3%83%C2%82%C3%82%C2%AF%C3%83%C2%83%C3%82%C2%83%C3%83%C2%82%C3%82%C2%83%C3%83%C2%83%C3%82%C2%82%C3%83%C2%82%C3%82%C2%82%C3%83%C2%83%C3%82%C2%83%C3%83%C2%82%C3%82%C2%82%C3%83%C2%83%C3%82%C2%82%C3%83%C2%82%C3%82%C2%BF%C3%83%C2%83%C3%82%C2%83%C3%83%C2%82%C3%82%C2%83%C3%83%C2%83%C3%82%C2%82%C3%83%C2%82%C3%82%C2%82%C3%83%C2%83%C3%82%C2%83%C3%83%C2%82%C3%82%C2%82%C3%83%C2%83%C3%82%C2%82%C3%83%C2%82%C3%82%C2%BDn%2Bde%2Bcertificados%2Bde%2Bestado%2Bde%2Bconservaci%C3%83%C2%83%C3%82%C2%83%C3%83%C2%82%C3%82%C2%83%C3%83%C2%83%C3%82%C2%82%C3%83%C2%82%C3%82%C2%83%C3%83%C2%83%C3%82%C2%83%C3%83%C2%82%C3%82%C2%82%C3%83%C2%83%C3%82%C2%82%C3%83%C2%82%C3%82%C2%AF%C3%83%C2%83%C3%82%C2%83%C3%83%C2%82%C3%82%C2%83%C3%83%C2%83%C3%82%C2%82%C3%83%C2%82%C3%82%C2%82%C3%83%C2%83%C3%82%C2%83%C3%83%C2%82%C3%82%C2%82%C3%83%C2%83%C3%82%C2%82%C3%83%C2%82%C3%82%C2%BF%C3%83%C2%83%C3%82%C2%83%C3%83%C2%82%C3%82%C2%83%C3%83%C2%83%C3%82%C2%82%C3%83%C2%82%C3%82%C2%82%C3%83%C2%83%C3%82%C2%83%C3%83%C2%82%C3%82%C2%82%C3%83%C2%83%C3%82%C2%82%C3%83%C2%82%C3%82%C2%BDn%2Bambiental%2B(CECA)/&sort=name&order=asc HTTP/1.1" 200 8176
216.245.221.92 - - [01/Jan/2023:15:59:56 -0500] "HEAD / HTTP/1.1" 200 -
209.141.40.109 - - [01/Jan/2023:16:00:48 -0500] "GET / HTTP/1.1" 200 319
172.22.2.4 - - [01/Jan/2023:15:59:27 -0500] "HEAD /BLA/boletinlegal/ HTTP/1.1" 200 -
201.245.192.253 - - [01/Jan/2023:16:01:13 -0500] "POST /kwsrmcab/Wsrmcab  HTTP/1.1" 200 44193
172.22.2.4 - - [01/Jan/2023:16:00:17 -0500] "GET /BLA/boletinlegal/ HTTP/1.1" 200 57192
216.245.221.92 - - [01/Jan/2023:16:04:56 -0500] "HEAD / HTTP/1.1" 200 -
201.245.192.253 - - [01/Jan/2023:16:06:12 -0500] "POST /kwsrmcab/Wsrmcab  HTTP/1.1" 200 44193
172.22.2.4 - - [01/Jan/2023:16:05:17 -0500] "HEAD /BLA/boletinlegal/ HTTP/1.1" 200 -
172.22.2.4 - - [01/Jan/2023:16:06:07 -0500] "GET /BLA/boletinlegal/ HTTP/1.1" 200 57192
216.245.221.92 - - [01/Jan/2023:16:09:56 -0500] "HEAD / HTTP/1.1" 200 -
69.171.231.118 - - [01/Jan/2023:16:10:49 -0500] "GET /images/pieza-grafica-cronograma-rio-bog.jpg HTTP/1.1" 200 293470
69.171.231.120 - - [01/Jan/2023:16:10:52 -0500] "GET /images/pieza-grafica-cronograma-rio-bog.jpg HTTP/1.1" 200 293470
201.245.192.253 - - [01/Jan/2023:16:11:11 -0500] "POST /kwsrmcab/Wsrmcab  HTTP/1.1" 200 44193
172.22.2.4 - - [01/Jan/2023:16:11:07 -0500] "HEAD /BLA/boletinlegal/ HTTP/1.1" 200 -
172.22.2.4 - - [01/Jan/2023:16:11:57 -0500] "GET /BLA/boletinlegal/ HTTP/1.1" 200 54452
216.245.221.92 - - [01/Jan/2023:16:14:56 -0500] "HEAD / HTTP/1.1" 200 -
114.119.147.204 - - [01/Jan/2023:16:15:10 -0500] "GET /BLA/resoluciones/RESOLUCIONES%202010/5960.pdf HTTP/1.1" 200 74235
108.174.5.112 - - [01/Jan/2023:16:15:43 -0500] "GET /mas-de-400-animales-silvestres-fueron-liberados-y-reubicados-en-el-caribe.html HTTP/1.1" 206 730
108.174.5.112 - - [01/Jan/2023:16:15:44 -0500] "GET /que-orgullo-bogota-obtiene-reconocimiento-por-sus-planes-y-acciones-para-enfrentar-el-cambio-climatico.html HTTP/1.1" 206 773
162.55.175.144 - - [01/Jan/2023:16:15:46 -0500] "GET / HTTP/1.1" 200 319
201.245.192.253 - - [01/Jan/2023:16:16:10 -0500] "POST /kwsrmcab/Wsrmcab  HTTP/1.1" 200 44193
172.22.2.4 - - [01/Jan/2023:16:16:57 -0500] "HEAD /BLA/boletinlegal/ HTTP/1.1" 200 -
172.22.2.4 - - [01/Jan/2023:16:17:47 -0500] "GET /BLA/boletinlegal/ HTTP/1.1" 200 57192
201.245.192.253 - - [01/Jan/2023:16:19:37 -0500] "POST /kwsrmcab/Wsrmcab HTTP/1.1" 200 44240
201.245.192.253 - - [01/Jan/2023:16:19:40 -0500] "POST /kwsrmcab/Wsrmcab HTTP/1.1" 200 43788
216.245.221.92 - - [01/Jan/2023:16:19:56 -0500] "HEAD / HTTP/1.1" 200 -
201.245.192.253 - - [01/Jan/2023:16:21:07 -0500] "POST /kwsrmcab/Wsrmcab  HTTP/1.1" 200 44193
173.252.79.12 - - [01/Jan/2023:16:21:53 -0500] "GET /images/pieza-grafica-cronograma-rio-bog.jpg HTTP/1.1" 200 293470
172.22.2.4 - - [01/Jan/2023:16:22:47 -0500] "HEAD /BLA/boletinlegal/ HTTP/1.1" 200 -
216.245.221.92 - - [01/Jan/2023:16:24:56 -0500] "HEAD / HTTP/1.1" 200 -
172.22.2.4 - - [01/Jan/2023:16:23:37 -0500] "GET /BLA/boletinlegal/ HTTP/1.1" 200 56079
172.22.2.4 - - [01/Jan/2023:16:24:53 -0500] "GET /BLA/boletinlegal/ HTTP/1.1" 200 24523
168.119.251.242 - - [01/Jan/2023:16:25:50 -0500] "GET / HTTP/1.1" 200 319
201.245.192.253 - - [01/Jan/2023:16:26:05 -0500] "POST /kwsrmcab/Wsrmcab  HTTP/1.1" 200 44193
69.171.231.5 - - [01/Jan/2023:16:26:52 -0500] "GET /images/cr\xc3\xb3nica-29-nov-1_optimized.jpeg HTTP/1.1" 404 1034
201.245.192.253 - - [01/Jan/2023:16:29:37 -0500] "POST /kwsrmcab/Wsrmcab HTTP/1.1" 200 44240
201.245.192.253 - - [01/Jan/2023:16:29:40 -0500] "POST /kwsrmcab/Wsrmcab HTTP/1.1" 200 43788
216.245.221.92 - - [01/Jan/2023:16:29:56 -0500] "HEAD / HTTP/1.1" 200 -
172.22.2.4 - - [01/Jan/2023:16:28:37 -0500] "HEAD /BLA/boletinlegal/ HTTP/1.1" 200 -
201.245.192.253 - - [01/Jan/2023:16:31:04 -0500] "POST /kwsrmcab/Wsrmcab  HTTP/1.1" 200 44193
172.22.2.4 - - [01/Jan/2023:16:29:27 -0500] "GET /BLA/boletinlegal/ HTTP/1.1" 200 54452
216.245.221.92 - - [01/Jan/2023:16:34:56 -0500] "HEAD / HTTP/1.1" 200 -
172.22.2.4 - - [01/Jan/2023:16:33:59 -0500] "GET /BLA/boletinlegal/ HTTP/1.1" 200 54100
185.119.81.104 - - [01/Jan/2023:16:35:42 -0500] "GET /portaldeninos/wp-login.php HTTP/1.1" 200 2592
185.119.81.104 - - [01/Jan/2023:16:35:43 -0500] "POST /portaldeninos/wp-login.php HTTP/1.1" 200 3605
201.245.192.253 - - [01/Jan/2023:16:36:03 -0500] "POST /kwsrmcab/Wsrmcab  HTTP/1.1" 200 44193
172.22.2.4 - - [01/Jan/2023:16:34:27 -0500] "HEAD /BLA/boletinlegal/ HTTP/1.1" 200 -
172.22.2.4 - - [01/Jan/2023:16:35:17 -0500] "GET /BLA/boletinlegal/ HTTP/1.1" 200 55680
66.249.79.121 - - [01/Jan/2023:16:37:03 -0500] "-" 408 -
172.22.2.4 - - [01/Jan/2023:16:37:46 -0500] "GET /BLA/boletinlegal/Circulares/2019/.pdf HTTP/1.1" 404 1218
201.245.192.253 - - [01/Jan/2023:16:39:37 -0500] "POST /kwsrmcab/Wsrmcab HTTP/1.1" 200 44240
201.245.192.253 - - [01/Jan/2023:16:39:40 -0500] "POST /kwsrmcab/Wsrmcab HTTP/1.1" 200 43788
216.245.221.92 - - [01/Jan/2023:16:39:56 -0500] "HEAD / HTTP/1.1" 200 -
114.119.157.191 - - [01/Jan/2023:16:40:04 -0500] "GET /BLA/resoluciones/RESOLUCIONES%202011/2729.pdf HTTP/1.1" 200 721258
201.245.192.253 - - [01/Jan/2023:16:41:02 -0500] "POST /kwsrmcab/Wsrmcab  HTTP/1.1" 200 44193
172.22.2.4 - - [01/Jan/2023:16:40:17 -0500] "HEAD /BLA/boletinlegal/ HTTP/1.1" 200 -
172.22.2.4 - - [01/Jan/2023:16:41:07 -0500] "GET /BLA/boletinlegal/ HTTP/1.1" 200 57192
216.245.221.92 - - [01/Jan/2023:16:44:56 -0500] "HEAD / HTTP/1.1" 200 -
201.245.192.253 - - [01/Jan/2023:16:46:02 -0500] "POST /kwsrmcab/Wsrmcab  HTTP/1.1" 200 44193
172.22.2.4 - - [01/Jan/2023:16:46:07 -0500] "HEAD /BLA/boletinlegal/ HTTP/1.1" 200 -
172.22.2.4 - - [01/Jan/2023:16:46:57 -0500] "GET /BLA/boletinlegal/ HTTP/1.1" 200 57192
216.245.221.92 - - [01/Jan/2023:16:49:56 -0500] "HEAD / HTTP/1.1" 200 -
201.245.192.253 - - [01/Jan/2023:16:51:00 -0500] "POST /kwsrmcab/Wsrmcab  HTTP/1.1" 200 44193
13.89.234.70 - - [01/Jan/2023:16:52:17 -0500] "GET /administracion-distrital-recolecto-mas-de-460-llantas-usadas-en-engativa-y-teusaquillo.html HTTP/1.1" 200 1092
172.22.2.4 - - [01/Jan/2023:16:51:57 -0500] "HEAD /BLA/boletinlegal/ HTTP/1.1" 200 -
152.32.200.79 - - [01/Jan/2023:16:53:57 -0500] "\x16\x03\x01\x01\t\x01" 400 226
152.32.200.79 - - [01/Jan/2023:16:54:13 -0500] "GET / HTTP/1.1" 200 319
172.22.2.4 - - [01/Jan/2023:16:52:47 -0500] "GET /BLA/boletinlegal/ HTTP/1.1" 200 52079
152.32.200.79 - - [01/Jan/2023:16:54:37 -0500] "GET /favicon.ico HTTP/1.1" 200 7782
216.245.221.92 - - [01/Jan/2023:16:54:56 -0500] "HEAD / HTTP/1.1" 200 -
172.22.2.4 - - [01/Jan/2023:16:55:35 -0500] "GET /BLA/boletinlegal/normativa.php HTTP/1.1" 200 8333
201.245.192.253 - - [01/Jan/2023:16:56:00 -0500] "POST /kwsrmcab/Wsrmcab  HTTP/1.1" 200 44193
64.124.8.32 - - [01/Jan/2023:16:59:09 -0500] "GET /portaldeninos/wp-content/uploads/2021/07/Banners-pa%CC%81gina-de-nin%CC%83os4.jpg HTTP/1.1" 200 27901
64.124.8.32 - - [01/Jan/2023:16:59:11 -0500] "GET /portaldeninos/wp-content/uploads/2016/02/home_toy_studio1-960x675.jpg HTTP/1.1" 200 162055
172.22.2.4 - - [01/Jan/2023:16:57:47 -0500] "HEAD /BLA/boletinlegal/ HTTP/1.1" 200 -
216.245.221.92 - - [01/Jan/2023:16:59:56 -0500] "HEAD / HTTP/1.1" 200 -
172.22.2.4 - - [01/Jan/2023:16:58:37 -0500] "GET /BLA/boletinlegal/ HTTP/1.1" 200 52453
201.245.192.253 - - [01/Jan/2023:17:00:58 -0500] "POST /kwsrmcab/Wsrmcab  HTTP/1.1" 200 44193
114.119.151.233 - - [01/Jan/2023:17:02:13 -0500] "GET /BLA/resoluciones/index.php?dir=AUTOS%2B2011/&sort=date&order=desc HTTP/1.1" 200 13687
216.245.221.92 - - [01/Jan/2023:17:04:56 -0500] "HEAD / HTTP/1.1" 200 -
207.46.13.192 - - [01/Jan/2023:17:04:57 -0500] "GET /BLA/resoluciones/index.php?dir=RESOLUCIONES+2002%2FRES+2002+201-250%2F HTTP/1.1" 200 12325
172.22.2.4 - - [01/Jan/2023:17:03:37 -0500] "HEAD /BLA/boletinlegal/ HTTP/1.1" 200 -
157.55.39.194 - - [01/Jan/2023:17:05:19 -0500] "GET /BLA/resoluciones/dlf/styles.css HTTP/1.1" 200 3049
201.245.192.253 - - [01/Jan/2023:17:05:57 -0500] "POST /kwsrmcab/Wsrmcab  HTTP/1.1" 200 44193
172.22.2.4 - - [01/Jan/2023:17:04:27 -0500] "GET /BLA/boletinlegal/ HTTP/1.1" 200 52453
34.168.20.183 - - [01/Jan/2023:17:06:16 -0500] "GET /galeria/galeria/jquery.fancybox.css?v=2.1.5 HTTP/1.1" 200 4895
34.168.20.183 - - [01/Jan/2023:17:06:16 -0500] "GET /BLA/boletinlegal/js/jquery.scrollShow.js HTTP/1.1" 200 4586
34.168.20.183 - - [01/Jan/2023:17:06:16 -0500] "GET /galeria/galeria/jquery.fancybox.js?v=2.1.5 HTTP/1.1" 200 48706
34.168.20.183 - - [01/Jan/2023:17:06:17 -0500] "GET /galeria/carrusel/Carrusel/jquery.thumbnailScroller.css HTTP/1.1" 200 2066
34.168.20.183 - - [01/Jan/2023:17:06:18 -0500] "GET /galeria/carrusel/Carrusel/jquery-ui-1.8.13.custom.min.js HTTP/1.1" 200 10800
34.168.20.183 - - [01/Jan/2023:17:06:18 -0500] "GET /galeria/carrusel/Carrusel/jquery.thumbnailScroller.js HTTP/1.1" 200 8157
34.168.20.183 - - [01/Jan/2023:17:06:18 -0500] "GET /galeria/nivo-slider/demo/banner.html HTTP/1.1" 200 5446
34.168.20.183 - - [01/Jan/2023:17:06:19 -0500] "GET /galeria/nivo-slider/themes/default/default.css HTTP/1.1" 200 1569
34.168.20.183 - - [01/Jan/2023:17:06:19 -0500] "GET /galeria/nivo-slider/themes/pascal/pascal.css HTTP/1.1" 200 2258
34.168.20.183 - - [01/Jan/2023:17:06:19 -0500] "GET /galeria/nivo-slider/themes/orman/orman.css HTTP/1.1" 200 2152
34.168.20.183 - - [01/Jan/2023:17:06:19 -0500] "GET /galeria/nivo-slider/nivo-slider.css HTTP/1.1" 200 1507
34.168.20.183 - - [01/Jan/2023:17:06:19 -0500] "GET /galeria/nivo-slider/demo/style.css HTTP/1.1" 200 2222
34.168.20.183 - - [01/Jan/2023:17:06:19 -0500] "GET /galeria/nivo-slider/demo/scripts/jquery-1.7.1.min.js HTTP/1.1" 200 93868
34.168.20.183 - - [01/Jan/2023:17:06:19 -0500] "GET /galeria/nivo-slider/jquery.nivo.slider.pack.js HTTP/1.1" 200 11561
34.168.20.183 - - [01/Jan/2023:17:06:19 -0500] "GET /galeria/nivo-slider/demo/images/bannertortuga_optimized.jpg HTTP/1.1" 200 39066
34.168.20.183 - - [01/Jan/2023:17:06:20 -0500] "GET /galeria/nivo-slider/demo/images/Bannermujeresquereverdecen.jpg HTTP/1.1" 200 46558
34.168.20.183 - - [01/Jan/2023:17:06:20 -0500] "GET /galeria/nivo-slider/demo/images/bannertrafico_optimized.jpg HTTP/1.1" 200 42578
34.168.20.183 - - [01/Jan/2023:17:06:20 -0500] "GET /galeria/nivo-slider/demo/images/Bannersedeelectronica.jpg HTTP/1.1" 200 40383
34.168.20.183 - - [01/Jan/2023:17:06:20 -0500] "GET /galeria/nivo-slider/demo/images/4Simple_Slider.png HTTP/1.1" 200 11722
34.168.20.183 - - [01/Jan/2023:17:06:20 -0500] "GET /galeria/nivo-slider/themes/default/loading.gif HTTP/1.1" 200 1737
34.168.20.183 - - [01/Jan/2023:17:06:21 -0500] "GET /galeria/nivo-slider/demo/images/bannerrutaesperanza.jpg HTTP/1.1" 200 55560
34.168.20.183 - - [01/Jan/2023:17:06:21 -0500] "GET /galeria/nivo-slider/demo/images/banneraire2021.jpg HTTP/1.1" 200 265101
34.168.20.183 - - [01/Jan/2023:17:06:21 -0500] "GET /galeria/nivo-slider/demo/images/Bannerplasticosseptiembre.jpg HTTP/1.1" 200 45633
34.168.20.183 - - [01/Jan/2023:17:06:22 -0500] "GET /galeria/nivo-slider/demo/images/bannerresiduoshospitalariosagosto.jpg HTTP/1.1" 200 36499
34.168.20.183 - - [01/Jan/2023:17:06:22 -0500] "GET /galeria/nivo-slider/demo/images/banneraccionpopularcrr68.jpg HTTP/1.1" 200 51887
34.168.20.183 - - [01/Jan/2023:17:06:22 -0500] "GET /galeria/nivo-slider/demo/images/banneraccionpopular.jpeg HTTP/1.1" 200 41707
34.168.20.183 - - [01/Jan/2023:17:06:22 -0500] "GET /galeria/nivo-slider/demo/images/bannerclases2021.jpg HTTP/1.1" 200 68230
34.168.20.183 - - [01/Jan/2023:17:06:22 -0500] "GET /galeria/nivo-slider/demo/images/bannercapacitacionesbogota.jpg HTTP/1.1" 200 42416
34.168.20.183 - - [01/Jan/2023:17:06:23 -0500] "GET /galeria/nivo-slider/demo/images/Bannerenvases.jpg HTTP/1.1" 200 37316
34.168.20.183 - - [01/Jan/2023:17:06:23 -0500] "GET /galeria/nivo-slider/demo/images/Bannervirtualescanales.jpg HTTP/1.1" 200 174544
34.168.20.183 - - [01/Jan/2023:17:06:26 -0500] "GET /galeria/nivo-slider/themes/default/arrows.png HTTP/1.1" 200 824
34.168.20.183 - - [01/Jan/2023:17:06:26 -0500] "GET /galeria/nivo-slider/themes/default/bullets.png HTTP/1.1" 200 1281
34.168.20.183 - - [01/Jan/2023:17:08:56 -0500] "GET /galeria/galeria/jquery.fancybox.css?v=2.1.5 HTTP/1.1" 200 4895
34.168.20.183 - - [01/Jan/2023:17:08:56 -0500] "GET /BLA/boletinlegal/js/jquery.scrollShow.js HTTP/1.1" 200 4586
34.168.20.183 - - [01/Jan/2023:17:08:56 -0500] "GET /galeria/galeria/jquery.fancybox.js?v=2.1.5 HTTP/1.1" 200 48706
34.168.20.183 - - [01/Jan/2023:17:08:59 -0500] "GET /galeria/carrusel/Carrusel/jquery.thumbnailScroller.css HTTP/1.1" 200 2066
34.168.20.183 - - [01/Jan/2023:17:09:00 -0500] "GET /galeria/carrusel/Carrusel/jquery-ui-1.8.13.custom.min.js HTTP/1.1" 200 10800
34.168.20.183 - - [01/Jan/2023:17:09:00 -0500] "GET /galeria/carrusel/Carrusel/jquery.thumbnailScroller.js HTTP/1.1" 200 8157
34.168.20.183 - - [01/Jan/2023:17:09:00 -0500] "GET /galeria/nivo-slider/demo/banner.html HTTP/1.1" 200 5446
34.168.20.183 - - [01/Jan/2023:17:09:01 -0500] "GET /galeria/nivo-slider/themes/default/default.css HTTP/1.1" 200 1569
34.168.20.183 - - [01/Jan/2023:17:09:01 -0500] "GET /galeria/nivo-slider/themes/pascal/pascal.css HTTP/1.1" 200 2258
34.168.20.183 - - [01/Jan/2023:17:09:01 -0500] "GET /galeria/nivo-slider/themes/orman/orman.css HTTP/1.1" 200 2152
34.168.20.183 - - [01/Jan/2023:17:09:01 -0500] "GET /galeria/nivo-slider/nivo-slider.css HTTP/1.1" 200 1507
34.168.20.183 - - [01/Jan/2023:17:09:01 -0500] "GET /galeria/nivo-slider/demo/style.css HTTP/1.1" 200 2222
34.168.20.183 - - [01/Jan/2023:17:09:01 -0500] "GET /galeria/nivo-slider/demo/scripts/jquery-1.7.1.min.js HTTP/1.1" 200 93868
34.168.20.183 - - [01/Jan/2023:17:09:01 -0500] "GET /galeria/nivo-slider/jquery.nivo.slider.pack.js HTTP/1.1" 200 11561
34.168.20.183 - - [01/Jan/2023:17:09:01 -0500] "GET /galeria/nivo-slider/demo/images/bannertortuga_optimized.jpg HTTP/1.1" 200 39066
34.168.20.183 - - [01/Jan/2023:17:09:02 -0500] "GET /galeria/nivo-slider/demo/images/Bannersedeelectronica.jpg HTTP/1.1" 200 40383
34.168.20.183 - - [01/Jan/2023:17:09:02 -0500] "GET /galeria/nivo-slider/demo/images/bannertrafico_optimized.jpg HTTP/1.1" 200 42578
34.168.20.183 - - [01/Jan/2023:17:09:02 -0500] "GET /galeria/nivo-slider/demo/images/Bannermujeresquereverdecen.jpg HTTP/1.1" 200 46558
34.168.20.183 - - [01/Jan/2023:17:09:02 -0500] "GET /galeria/nivo-slider/demo/images/4Simple_Slider.png HTTP/1.1" 200 11722
34.168.20.183 - - [01/Jan/2023:17:09:03 -0500] "GET /galeria/nivo-slider/themes/default/loading.gif HTTP/1.1" 200 1737
34.168.20.183 - - [01/Jan/2023:17:09:04 -0500] "GET /galeria/nivo-slider/demo/images/bannerrutaesperanza.jpg HTTP/1.1" 200 55560
34.168.20.183 - - [01/Jan/2023:17:09:04 -0500] "GET /galeria/nivo-slider/demo/images/banneraire2021.jpg HTTP/1.1" 200 265101
34.168.20.183 - - [01/Jan/2023:17:09:04 -0500] "GET /galeria/nivo-slider/demo/images/Bannerplasticosseptiembre.jpg HTTP/1.1" 200 45633
34.168.20.183 - - [01/Jan/2023:17:09:06 -0500] "GET /galeria/nivo-slider/demo/images/bannerresiduoshospitalariosagosto.jpg HTTP/1.1" 200 36499
34.168.20.183 - - [01/Jan/2023:17:09:06 -0500] "GET /galeria/nivo-slider/demo/images/banneraccionpopularcrr68.jpg HTTP/1.1" 200 51887
34.168.20.183 - - [01/Jan/2023:17:09:07 -0500] "GET /galeria/nivo-slider/demo/images/banneraccionpopular.jpeg HTTP/1.1" 200 41707
34.168.20.183 - - [01/Jan/2023:17:09:07 -0500] "GET /galeria/nivo-slider/demo/images/bannerclases2021.jpg HTTP/1.1" 200 68230
34.168.20.183 - - [01/Jan/2023:17:09:07 -0500] "GET /galeria/nivo-slider/demo/images/bannercapacitacionesbogota.jpg HTTP/1.1" 200 42416
34.168.20.183 - - [01/Jan/2023:17:09:09 -0500] "GET /galeria/nivo-slider/demo/images/Bannerenvases.jpg HTTP/1.1" 200 37316
34.168.20.183 - - [01/Jan/2023:17:09:09 -0500] "GET /galeria/nivo-slider/demo/images/Bannervirtualescanales.jpg HTTP/1.1" 200 174544
34.168.20.183 - - [01/Jan/2023:17:09:12 -0500] "GET /galeria/nivo-slider/themes/default/arrows.png HTTP/1.1" 200 824
34.168.20.183 - - [01/Jan/2023:17:09:12 -0500] "GET /galeria/nivo-slider/themes/default/bullets.png HTTP/1.1" 200 1281
216.245.221.92 - - [01/Jan/2023:17:09:56 -0500] "HEAD / HTTP/1.1" 200 -
201.245.192.253 - - [01/Jan/2023:17:10:56 -0500] "POST /kwsrmcab/Wsrmcab  HTTP/1.1" 200 44193
172.22.2.4 - - [01/Jan/2023:17:09:27 -0500] "HEAD /BLA/boletinlegal/ HTTP/1.1" 200 -
172.22.2.4 - - [01/Jan/2023:17:10:17 -0500] "GET /BLA/boletinlegal/ HTTP/1.1" 200 57824
157.55.39.172 - - [01/Jan/2023:17:13:37 -0500] "GET /BLA/boletinlegal/images/cabezote%20BLEGAL.jpg HTTP/1.1" 200 118164
216.245.221.92 - - [01/Jan/2023:17:14:56 -0500] "HEAD / HTTP/1.1" 200 -
199.16.157.183 - - [01/Jan/2023:17:15:46 -0500] "-" 408 -
199.16.157.183 - - [01/Jan/2023:17:15:46 -0500] "-" 408 -
201.245.192.253 - - [01/Jan/2023:17:15:54 -0500] "POST /kwsrmcab/Wsrmcab  HTTP/1.1" 200 44193
172.22.2.4 - - [01/Jan/2023:17:15:17 -0500] "HEAD /BLA/boletinlegal/ HTTP/1.1" 200 -
172.22.2.4 - - [01/Jan/2023:17:16:07 -0500] "GET /BLA/boletinlegal/ HTTP/1.1" 200 59404
40.77.167.25 - - [01/Jan/2023:17:18:11 -0500] "GET /BLA/resoluciones/RESOLUCIONES%202020/2605.pdf HTTP/1.1" 304 -
181.214.153.31 - - [01/Jan/2023:17:19:04 -0500] "GET /wp-login.php HTTP/1.1" 404 1018
201.245.192.253 - - [01/Jan/2023:17:19:36 -0500] "POST /kwsrmcab/Wsrmcab HTTP/1.1" 200 44088
201.245.192.253 - - [01/Jan/2023:17:19:39 -0500] "POST /kwsrmcab/Wsrmcab HTTP/1.1" 200 44253
216.245.221.92 - - [01/Jan/2023:17:19:56 -0500] "HEAD / HTTP/1.1" 200 -
201.245.192.253 - - [01/Jan/2023:17:20:53 -0500] "POST /kwsrmcab/Wsrmcab  HTTP/1.1" 200 44193
207.46.13.192 - - [01/Jan/2023:17:21:18 -0500] "GET /BLA/resoluciones/RESOLUCIONES%202016/0147.pdf HTTP/1.1" 304 -
172.22.2.4 - - [01/Jan/2023:17:21:07 -0500] "HEAD /BLA/boletinlegal/ HTTP/1.1" 200 -
172.22.2.4 - - [01/Jan/2023:17:21:57 -0500] "GET /BLA/boletinlegal/ HTTP/1.1" 200 58185
216.245.221.92 - - [01/Jan/2023:17:24:56 -0500] "HEAD / HTTP/1.1" 200 -
201.245.192.253 - - [01/Jan/2023:17:25:52 -0500] "POST /kwsrmcab/Wsrmcab  HTTP/1.1" 200 44193
173.252.83.8 - - [01/Jan/2023:17:26:23 -0500] "GET /images/mercados-campesinos-5-mayo.jpg HTTP/1.1" 200 95848
40.77.167.12 - - [01/Jan/2023:17:28:24 -0500] "GET /autoliquidacion/solicitud%20de%20licencia%20ambiental/Solicitud%20de%20licencia%20ambiental.....pdf HTTP/1.1" 304 -
172.22.2.4 - - [01/Jan/2023:17:28:31 -0500] "GET /BLA/boletinlegal/Circulares/2012/Circular%20No.%209%20del%2021%20de%20Agosto%20de%202012.pdf HTTP/1.1" 304 -
172.22.2.4 - - [01/Jan/2023:17:26:57 -0500] "HEAD /BLA/boletinlegal/ HTTP/1.1" 200 -
172.22.2.4 - - [01/Jan/2023:17:27:47 -0500] "GET /BLA/boletinlegal/ HTTP/1.1" 200 57824
201.245.192.253 - - [01/Jan/2023:17:29:37 -0500] "POST /kwsrmcab/Wsrmcab HTTP/1.1" 200 44088
201.245.192.253 - - [01/Jan/2023:17:29:40 -0500] "POST /kwsrmcab/Wsrmcab HTTP/1.1" 200 44253
216.245.221.92 - - [01/Jan/2023:17:29:56 -0500] "HEAD / HTTP/1.1" 200 -
40.77.167.25 - - [01/Jan/2023:17:30:32 -0500] "GET /BLA/resoluciones/RESOLUCIONES%202014/0858.pdf HTTP/1.1" 304 -
201.245.192.253 - - [01/Jan/2023:17:30:50 -0500] "POST /kwsrmcab/Wsrmcab  HTTP/1.1" 200 44193
172.22.2.4 - - [01/Jan/2023:17:31:45 -0500] "GET /BLA/boletinlegal/actos.php HTTP/1.1" 200 9566
114.119.156.72 - - [01/Jan/2023:17:32:34 -0500] "GET /BLA/resoluciones/RESOLUCIONES%202019/2380.pdf HTTP/1.1" 200 356167
172.22.2.4 - - [01/Jan/2023:17:32:47 -0500] "HEAD /BLA/boletinlegal/ HTTP/1.1" 200 -
216.245.221.92 - - [01/Jan/2023:17:34:55 -0500] "HEAD / HTTP/1.1" 200 -
172.22.2.4 - - [01/Jan/2023:17:33:37 -0500] "GET /BLA/boletinlegal/ HTTP/1.1" 200 51643
172.22.2.4 - - [01/Jan/2023:17:33:53 -0500] "GET /BLA/boletinlegal/ HTTP/1.1" 200 52079
201.245.192.253 - - [01/Jan/2023:17:35:49 -0500] "POST /kwsrmcab/Wsrmcab  HTTP/1.1" 200 44193
207.46.13.198 - - [01/Jan/2023:17:36:04 -0500] "GET /sipse/faces/autenticacion.xhtml HTTP/1.1" 200 12500
172.22.2.4 - - [01/Jan/2023:17:37:42 -0500] "GET /BLA/boletinlegal/Circulares/2019/.pdf HTTP/1.1" 404 1218
201.245.192.253 - - [01/Jan/2023:17:39:37 -0500] "POST /kwsrmcab/Wsrmcab HTTP/1.1" 200 44088
201.245.192.253 - - [01/Jan/2023:17:39:40 -0500] "POST /kwsrmcab/Wsrmcab HTTP/1.1" 200 44253
216.245.221.92 - - [01/Jan/2023:17:39:55 -0500] "HEAD / HTTP/1.1" 200 -
172.22.2.4 - - [01/Jan/2023:17:38:37 -0500] "HEAD /BLA/boletinlegal/ HTTP/1.1" 200 -
201.245.192.253 - - [01/Jan/2023:17:40:48 -0500] "POST /kwsrmcab/Wsrmcab  HTTP/1.1" 200 44193
172.22.2.4 - - [01/Jan/2023:17:39:27 -0500] "GET /BLA/boletinlegal/ HTTP/1.1" 200 58185
40.77.167.25 - - [01/Jan/2023:17:43:22 -0500] "GET /Publicaciones/2022EE190621.pdf HTTP/1.1" 404 228
216.245.221.92 - - [01/Jan/2023:17:44:55 -0500] "HEAD / HTTP/1.1" 200 -
201.245.192.253 - - [01/Jan/2023:17:45:47 -0500] "POST /kwsrmcab/Wsrmcab  HTTP/1.1" 200 44193
172.22.2.4 - - [01/Jan/2023:17:44:27 -0500] "HEAD /BLA/boletinlegal/ HTTP/1.1" 200 -
172.22.2.4 - - [01/Jan/2023:17:45:17 -0500] "GET /BLA/boletinlegal/ HTTP/1.1" 200 59404
114.119.166.212 - - [01/Jan/2023:17:49:36 -0500] "GET /transparencia/financiera/Desagregado%20con%20modificaciones/Vigencia%20actual/11.%20EJECUCION%20RESERVAS%20NOVIEMBRE%202020.pdf HTTP/1.1" 404 1276
216.245.221.92 - - [01/Jan/2023:17:49:55 -0500] "HEAD / HTTP/1.1" 200 -
207.46.13.198 - - [01/Jan/2023:17:50:27 -0500] "GET /BLA/resoluciones/RESOLUCIONES%202019/3731.pdf HTTP/1.1" 304 -
201.245.192.253 - - [01/Jan/2023:17:50:46 -0500] "POST /kwsrmcab/Wsrmcab  HTTP/1.1" 200 44193
172.22.2.4 - - [01/Jan/2023:17:50:17 -0500] "HEAD /BLA/boletinlegal/ HTTP/1.1" 200 -
172.22.2.4 - - [01/Jan/2023:17:51:07 -0500] "GET /BLA/boletinlegal/ HTTP/1.1" 200 57192
