186.102.30.93 - - [01/Jan/2023:19:52:48 -0500] "GET /kwssiamovil/sm/acme/a?s=U2FsdGVkX1/1vw8tMDyuEcHBhJkK2GeqKBYizUru4dTAjGbLNEREmvpaEw4JxS87kv2XrOU/wLkpC6A5XhkD33CzZuPX8KrEGhpH3Q47JcAr0vljSq2/JzOZtJiOaoDNcZ6YELhHOT8gi1kja/xWOoJ04zHwQ/9wtj8aKhGILBplIu5pow6lNUxQEkym0ksdJImBnH4oVldzFzB+wEOUSA==&u=U2FsdGVkX19rXdPyUechtKE1UsPUGnanHf+93afZqvo=&y=U2FsdGVkX1/3eKc2tlZZU/rvOrXoCz/Wa3WQO1ZdxTyAltcBNl9DX2u1OoRzetVe HTTP/1.1" 200 26
114.119.145.174 - - [01/Jan/2023:19:54:25 -0500] "GET /BLA/resoluciones/RESOLUCIONES%202012/1238.pdf HTTP/1.1" 200 515737
172.22.2.4 - - [01/Jan/2023:19:52:46 -0500] "HEAD /BLA/boletinlegal/ HTTP/1.1" 200 -
216.245.221.92 - - [01/Jan/2023:19:54:55 -0500] "HEAD / HTTP/1.1" 200 -
74.125.213.63 - - [01/Jan/2023:19:55:13 -0500] "GET /BLA/boletinlegal/js/jquery.scrollShow.js HTTP/1.1" 200 4586
74.125.213.32 - - [01/Jan/2023:19:55:13 -0500] "GET /galeria/galeria/jquery.fancybox.css?v=2.1.5 HTTP/1.1" 200 4895
74.125.213.35 - - [01/Jan/2023:19:55:13 -0500] "GET /galeria/galeria/jquery.fancybox.js?v=2.1.5 HTTP/1.1" 200 48706
172.22.2.4 - - [01/Jan/2023:19:53:36 -0500] "GET /BLA/boletinlegal/ HTTP/1.1" 200 57824
201.245.192.253 - - [01/Jan/2023:19:55:15 -0500] "POST /kwsrmcab/Wsrmcab  HTTP/1.1" 200 44193
157.55.39.194 - - [01/Jan/2023:19:56:03 -0500] "GET /BLA/resoluciones/RESOLUCIONES%202020/2706.pdf HTTP/1.1" 304 -
114.119.154.211 - - [01/Jan/2023:19:56:04 -0500] "GET /BLA/resoluciones/RESOLUCIONES%202012/0323.pdf HTTP/1.1" 200 315543
186.102.30.93 - - [01/Jan/2023:19:56:27 -0500] "GET /kwssiamovil/sm/acme/a?s=U2FsdGVkX19LbchMUCAuObNfqJTnHEmMNQQCkyCJBs3HiKccRn5JewBESBi4RRjG4U+t7bRSMApJGy6mtHJFRwOiWutZWIeYNQOFL8yIsaOlALXzltEyp9jsJTOO4zxjzT2/hbKZMFZvPMMDKdgdljDV0hkB3tza+/SeDTM8PTS2UJSejpvPQOrrXTl/kHZy+xr2ldvGHoSanrMsSKWR2vUSDnVaiaw6A4DI5UIwpacIvQpH1UFs1TzTmR1u00D0j6RBpKIZ0TnwhQQicm1ZDw==&u=U2FsdGVkX19rXdPyUechtKE1UsPUGnanHf+93afZqvo=&y=U2FsdGVkX1/3eKc2tlZZU/rvOrXoCz/Wa3WQO1ZdxTyAltcBNl9DX2u1OoRzetVe HTTP/1.1" 200 26
186.102.30.93 - - [01/Jan/2023:19:56:27 -0500] "GET /kwssiamovil/sm/acme/a?s=U2FsdGVkX1+iQiBm4GjjALNr5pdlBA9ILxiCIBIncAO2yzLqt0udBS2EsgYRVZSQEbk1PaTPiAIpuaMRS6PTGyVL/2Z2qVRsbyKKHj0cAoei56bMZ0sb2vKxBXlqlxnP9jdSXU/+niwVvFiLG96ibgAZmL3F1+UnR2i5dK2rCPDN3+43bDI70Pa+w61+2qUZzi1TqTkX7dh9VIxtSASC9xJUKe9elwxdcc+bsWNHg1Wf01UWBckpeBl/gkQmQRwi/dgZz9dBrkT5yswv812ZVV9keqWRUJFbwBfSyTJ4rtbTb2bnQOJDBpu74pullgFM31yHcdCH1USmnwCqhF0OIdzbjk8TiHldnkQs3Zgz7wDvxVInD8wup2vzbEFNovTvsF39aIqyI7hPMRL1gVNVY3Yk0NNVzlcOQ3S5ko6RP3P4GabxUxFkz1CcsfH6DgSc14aVLXTRtMOUHuaUgtmge9WDlWAifSXaA2tIuUyb4bTHGqFYSon4KdWHuJGmpM18PldkuKOhDW6iviV+6o5oiWxXRhSiwV/3OMeGI+RdzcjC0uayPv/NjFluyirpQBFAn4rcGm1gFWiIwQKlsSp2qD7TAalYCiY3ZEJMpBtjBP4XNCTjSf0nNNkku9UdKmtO6WKRXnWgWvKrGEm3EjfYPzXNv5sw7oY4UvuLW0cRSMCtHntoFdnnE9r4NgPDIclEW+TYrBKEElrTnslqfwCQ+D8Mn3L/rrmXfDPWRQztWqR5fAop8NkV7LfbuIahY4Use+c1VlQoUeeu1jKtTgfrSvi1O6hIGsqdEmdQzUJ6dcJ0pGzak9U9jiaD2Iapp9/Vu/PSoz0BPogLJBZqZtw06uH2uEVmxgW+Ah1lEO6fWbXfy6yCxURrJwD2vzxvOs6GMqEQqUx1c3PqrHkjsCkPnWLuY9dAdtKucNRVOyZrNXKx1/0v5VTAR83/87LYZ8XanSvBtyd31PMfHl2jGtZBcDGwb/7dYXjRI9MVxs2yReax4pSLjT9rr7f2B/VinmFpAQ9WQJJGDfMNhyezPpdLvjN792XAzbtn+epgBM/vSPHWsUzAyj2I8rCEWtHs34P5WYzEbQDzev1G2lw1Tsg0vQH2VL9gmsx4J37rT0SqT81KkeXbB8y2QTWAN6/d0ONCxlZY/uBv4ghvmK75w/4hjiiuPn9PJxcg6KqOfT4ZmgJRZUzNBmt4wKwBoufQ64pPi5KtQ3VihFHuVeXn43K9iOcvjgU9FeSuK7qx0/d+iNTmOoMmKF7i/Q0hc/QoShlSPbfY84AXJSYS/EgedE1GC8gdiN1OKWQEAT6eLq9toLbbFEfcb9h03JFszT7JyBMONd7GAmtTrU8jkLLsVAcRB7+Pp4hQ5kfPMnbMXBOVk4WJquYb5XYBUr5+cn9eTaoh3QbQVYJ+sT+FVQb6DPEVrQ==&u=U2FsdGVkX19rXdPyUechtKE1UsPUGnanHf+93afZqvo=&y=U2FsdGVkX1/3eKc2tlZZU/rvOrXoCz/Wa3WQO1ZdxTyAltcBNl9DX2u1OoRzetVe HTTP/1.1" 200 26
186.102.30.93 - - [01/Jan/2023:19:56:28 -0500] "GET /kwssiamovil/sm/acme/a?s=U2FsdGVkX18av+KHHOeFDznDvIfsD5XNlPWAme58aoAHshztsUCVmjw0Qx2/NWIi+aUyXk001eZ06A2M5so0RWn8KxpqjnXo9RxMJa8bLcNruwlncIMVKBWfb4aGkdd5WgvWz3NUugerIbvBALF3h/VArXosoHWQODVK4gLL+iA=&u=U2FsdGVkX19rXdPyUechtKE1UsPUGnanHf+93afZqvo=&y=U2FsdGVkX1/3eKc2tlZZU/rvOrXoCz/Wa3WQO1ZdxTyAltcBNl9DX2u1OoRzetVe HTTP/1.1" 200 26
186.102.30.93 - - [01/Jan/2023:19:56:28 -0500] "GET /kwssiamovil/sm/acme/a?s=U2FsdGVkX1+YGHRQz03fWnse3hliyy3iZahMLFqVy0WdYOT9AnOfJeSNvzp/s4A7nMQEWB26ndhaB+G1WnSTVbVsv7JEOUGn4c5LZ1v9wzXrJrFb83ePr8y1PCnVEAv6TMz3mRQzk8+8xsIVNH+Qa/UoPAgHlcoUrjuNlkv10hs=&u=U2FsdGVkX19rXdPyUechtKE1UsPUGnanHf+93afZqvo=&y=U2FsdGVkX1/3eKc2tlZZU/rvOrXoCz/Wa3WQO1ZdxTyAltcBNl9DX2u1OoRzetVe HTTP/1.1" 200 26
186.102.30.93 - - [01/Jan/2023:19:56:28 -0500] "GET /kwssiamovil/sm/acme/a?s=U2FsdGVkX181TSIzEUb4zQ1sUUcLd0HqAZjlGaNw2lGpRHiJmjFY259E6kc7wPqZamJw20kdQHo68J/fdA4FfPbfcxH9sfeqZn+0wVGi+HlvUCDe91i2/kEVTc6BDCbCplrNy62o4XhppM7z0COFptRkEB0gJqeuLz9frKNrt+s=&u=U2FsdGVkX19rXdPyUechtKE1UsPUGnanHf+93afZqvo=&y=U2FsdGVkX1/3eKc2tlZZU/rvOrXoCz/Wa3WQO1ZdxTyAltcBNl9DX2u1OoRzetVe HTTP/1.1" 200 26
186.102.30.93 - - [01/Jan/2023:19:56:28 -0500] "GET /kwssiamovil/sm/acme/a?s=U2FsdGVkX1+Yl+V5SQLbLBu1L5HdtpTzA5kJBupTSnAr2IPueqp1Jgqn7CN+ELE21aY1ItBJHEma0Hdmfdmkz1105GuBiOh0mnLar7pNuK3gB9MUVhX6A/UeqipG8S3iqnMMAweYFoq+HOlHnitsaIrbPdwy7apdPNsd8eF9eR/TlWzvAP/BxPD+fiSVtNq2e40vTfTJ5gF7KqyoTmeNOQ==&u=U2FsdGVkX19rXdPyUechtKE1UsPUGnanHf+93afZqvo=&y=U2FsdGVkX1/3eKc2tlZZU/rvOrXoCz/Wa3WQO1ZdxTyAltcBNl9DX2u1OoRzetVe HTTP/1.1" 200 26
114.119.154.128 - - [01/Jan/2023:19:58:06 -0500] "GET /BLA/resoluciones/RESOLUCIONES%202011/2823.pdf HTTP/1.1" 200 841386
216.245.221.92 - - [01/Jan/2023:19:59:55 -0500] "HEAD / HTTP/1.1" 200 -
201.245.192.253 - - [01/Jan/2023:20:00:14 -0500] "POST /kwsrmcab/Wsrmcab  HTTP/1.1" 200 44193
172.22.2.4 - - [01/Jan/2023:19:58:36 -0500] "HEAD /BLA/boletinlegal/ HTTP/1.1" 200 -
114.119.150.208 - - [01/Jan/2023:20:00:21 -0500] "GET /BLA/resoluciones/RESOLUCIONES%202010/7748.pdf HTTP/1.1" 200 506842
172.22.2.4 - - [01/Jan/2023:19:59:27 -0500] "GET /BLA/boletinlegal/ HTTP/1.1" 200 56825
114.119.159.183 - - [01/Jan/2023:20:02:04 -0500] "GET /BLA/resoluciones/RESOLUCIONES%202010/6276.pdf HTTP/1.1" 200 263429
172.22.2.4 - - [01/Jan/2023:20:03:36 -0500] "GET /BLA/boletinlegal/robots.txt HTTP/1.1" 404 1038
172.22.2.4 - - [01/Jan/2023:20:03:37 -0500] "GET /BLA/boletinlegal/norma_menu.php HTTP/1.1" 200 6318
172.22.2.4 - - [01/Jan/2023:20:03:38 -0500] "GET /BLA/boletinlegal/sitemap.xml HTTP/1.1" 404 1038
114.119.134.155 - - [01/Jan/2023:20:04:15 -0500] "GET /BLA/resoluciones/RESOLUCIONES%202010/5272.pdf HTTP/1.1" 200 694957
216.245.221.92 - - [01/Jan/2023:20:04:55 -0500] "HEAD / HTTP/1.1" 200 -
201.245.192.253 - - [01/Jan/2023:20:05:13 -0500] "POST /kwsrmcab/Wsrmcab  HTTP/1.1" 200 44193
40.77.167.33 - - [01/Jan/2023:20:05:39 -0500] "GET /bla/resoluciones/notificaciones/registros%202017/0939.pdf HTTP/1.1" 304 -
172.22.2.4 - - [01/Jan/2023:20:04:26 -0500] "HEAD /BLA/boletinlegal/ HTTP/1.1" 200 -
114.119.128.233 - - [01/Jan/2023:20:06:16 -0500] "GET /BLA/resoluciones/RESOLUCIONES%202010/5010.pdf HTTP/1.1" 200 753521
172.22.2.4 - - [01/Jan/2023:20:05:16 -0500] "GET /BLA/boletinlegal/ HTTP/1.1" 200 52942
114.119.156.77 - - [01/Jan/2023:20:08:28 -0500] "GET /BLA/resoluciones/RESOLUCIONES%202010/4753.pdf HTTP/1.1" 200 418576
216.245.221.92 - - [01/Jan/2023:20:09:55 -0500] "HEAD / HTTP/1.1" 200 -
114.119.156.223 - - [01/Jan/2023:20:10:13 -0500] "GET /BLA/resoluciones/RESOLUCIONES%202010/4581.pdf HTTP/1.1" 200 1216583
201.245.192.253 - - [01/Jan/2023:20:10:12 -0500] "POST /kwsrmcab/Wsrmcab  HTTP/1.1" 200 44193
172.22.2.4 - - [01/Jan/2023:20:10:16 -0500] "HEAD /BLA/boletinlegal/ HTTP/1.1" 200 -
40.77.167.33 - - [01/Jan/2023:20:12:40 -0500] "GET /sipse/faces/presentacion/sistema/anexos/cargarAnexoSolicitudProceso.xhtml HTTP/1.1" 302 -
40.77.167.33 - - [01/Jan/2023:20:12:41 -0500] "GET /sipse/faces/autenticacion.xhtml HTTP/1.1" 200 12178
172.22.2.4 - - [01/Jan/2023:20:12:43 -0500] "GET /BLA/boletinlegal/Circulares/2022/CIRCULAR%20No.%2000007%20DEL%2025%20DE%20JULIO%20DEL%202022.pdf HTTP/1.1" 304 -
114.119.159.33 - - [01/Jan/2023:20:12:46 -0500] "GET /BLA/resoluciones/RESOLUCIONES%202010/4305.pdf HTTP/1.1" 200 500087
172.22.2.4 - - [01/Jan/2023:20:11:06 -0500] "GET /BLA/boletinlegal/ HTTP/1.1" 200 57824
40.77.167.12 - - [01/Jan/2023:20:14:51 -0500] "GET /BLA/resoluciones/index.php?dir=RESOLUCIONES+2022%2F HTTP/1.1" 200 258205
216.245.221.92 - - [01/Jan/2023:20:14:55 -0500] "HEAD / HTTP/1.1" 200 -
17.241.227.39 - - [01/Jan/2023:20:14:57 -0500] "-" 408 -
114.119.132.101 - - [01/Jan/2023:20:15:12 -0500] "GET /BLA/resoluciones/RESOLUCIONES%202010/4259.pdf HTTP/1.1" 200 633080
201.245.192.253 - - [01/Jan/2023:20:15:11 -0500] "POST /kwsrmcab/Wsrmcab  HTTP/1.1" 200 44193
45.14.165.26 - - [01/Jan/2023:20:17:01 -0500] "GET / HTTP/1.1" 200 319
114.119.132.114 - - [01/Jan/2023:20:17:09 -0500] "GET /BLA/resoluciones/RESOLUCIONES%202018/3444.pdf HTTP/1.1" 200 935129
172.22.2.4 - - [01/Jan/2023:20:16:06 -0500] "HEAD /BLA/boletinlegal/ HTTP/1.1" 200 -
205.185.118.237 - - [01/Jan/2023:20:18:16 -0500] "POST /boaform/admin/formLogin HTTP/1.1" 404 1186
172.22.2.4 - - [01/Jan/2023:20:16:56 -0500] "GET /BLA/boletinlegal/ HTTP/1.1" 200 55680
186.102.30.93 - - [01/Jan/2023:20:18:53 -0500] "GET /kwssiamovil/sm/acme/a?s=U2FsdGVkX1+geOzCcKVjEVbduuoLEC4JHYABehnDMZg1fpc80GiDk57XCq7JGjoBBIEXjZ9EqUSIy95sfOqcFUPULsJs/MO6kQgLKSLsVYW1jB7N8q47Xn5Hvqigqor7bkhNjIORKK0CyCb5kcGKRj+PvpAJxnREEOR/PIeviGniXPpE0mS2dJezOn85dor5zNWxHeZ7iDI66b2x4jGNpAcSviowD/ial61Vo4DZOq9cN/PRSW3ZKtfNEAGB+txrGn9wAKampxJ1xTpl9jpz1Q==&u=U2FsdGVkX19rXdPyUechtKE1UsPUGnanHf+93afZqvo=&y=U2FsdGVkX1/3eKc2tlZZU/rvOrXoCz/Wa3WQO1ZdxTyAltcBNl9DX2u1OoRzetVe HTTP/1.1" 200 26
186.102.30.93 - - [01/Jan/2023:20:18:53 -0500] "GET /kwssiamovil/sm/acme/a?s=U2FsdGVkX1/G0oQd1T9fKFX4UkEQCt7ecr4WZatSKxwBgyB8LiA0OQtAGePAy9Cg0T/Xd+Fh8XUSpmoyZwXTO4xItRy2nwBWpuIL8wsNDXQggbURatrnIoWwDBHbkO5Hv+R5I0gkEUUsfPz6QS1+x4Wql9Juh45aXH/AGmmu2ta3XTdUriNQqPYJbKPgL/FV++Zfy1DGsuJqej1AHq8KG2WbZ2NfcMCheDxKRDUN2KkUXsvlgXNBw31NoBxMz7HfY3CSDHRZJCAEJY6feBEa+OB/bzTSiQ01v5FGCPGarXOqptdOTN5yN0bzXAkbL/FhTuHr58H/PtOmc/6OqokUcVAJN9uLt5s8Y9oVeSjGK+a44K6sWnbmmVyqQgCaZpRmJQP7F2giZ9J440AGb2eiIqrYJasno+EKeOhXZ3F4JJvO5G7HGk8uVxybqVjAAFn12qqmr2hdBu3pcBi0VLBiggrklagYzG5ziyV3LmthfL3LkGzt6lkI+rlIeP76K2b9TJZKjly4xhnRUURKHplWQzAm3j19+vK2FCuuS7WOA4CNsFfP1QfB9E1RGszBVj3EJbeEJ/UVUc4sPMRzAhVVfB72eSVYqOPhsavYq5/W2ftY5fJPY+w99N7cZvJwsH1f5AmMzszg2OcMYjAL8cI6g/lkiUteJ6+SDhUbEuSfYhqg2jR2fy7IsSUhuD6Z7Si9KI0F9Bzc1fjP3nakqHlWyNvQULCuA8U16/b9OGUaK07IWhUSkP+1egcGbth7MYwml4fqvhiOvmtBy1918nxwlVO0sfkzLXvfmg9hg4AjzkBMKHasqddD15lUXRy+5JpBafcQ06i4okhtIN55AZjaiOWF8wZVM/VqZGzx9qtlQEDc/ZWNWAPfphGDKYqcdBdVAN0Kat36BW8ZostaMIAi5UbNupvKlQ4ltM3jqoyvCfJNxjcJ4qKKQ+65Gq/J4pyYtlDheeKJSzp5WKIdrFZfCzEwE+W8Ne5TyB5wJBnPpGGtQaJMvSNnLa6az7IsqpVO6tcL6EflJKeFVEpLaPaf6aWxheR+Y2ls+6PQ3M6SE386p9k2Drw7m3lDNLJTnHHZDEidvsrX2D3URMx1sKMiIvM3mJsopBU8upvZTvQvqebcrdM0Y4FBzOnqaUnxg6i2hRqa1x7kWdwPoiQjJp/6fc3zuQJ8I3Ckf+Ia7J8WmBL7GUAaafgku4sxWTmPUKXaK3GaPEcu4CCO6xy7qM71yixqKZw1jPHyqJR7dbNOcAYy72Lkcu4Wx5go1DfHaFlBifVLhX15JpCIiiay7C39NA+JWwLHmB3o4xzzPo2uC7ZUOU4EqIQCOY9Nzl/m2t8Z23dSrckKVa96hynOsbmkpRoj2GWJKMcGgjH0CXuY8K08ZxdlT4PB8JPxk+LvixhpTY2F4N/vdAe+oNdbNMPbYCJ/429/wBqul4GT++jScoMUn8dmVJ+hwQfmnximgGbPxBBgt1WPUKSgceOCVK30rz0L3uq0la69z0tYoO5wmZ7gGbJWLtc0IRf/xHMVnng/fwVsg5cEgD6NPrvN0cXUm7hk6luKzbWeG7L8TgVdh8mpt6HNGjfRZEVqAlJImrCGRHzx2U2wCxSLcHD4LDawdvVKvUTQIryFUHbwHAixFaMJvcaKcDnoiOMbq4nxRlH5rjvkY7fV2qxl4LmmiMBjAIrtH16NyCxDv4T0gXF7xqFYPXfRBzanv5k8By5qNulS&u=U2FsdGVkX19rXdPyUechtKE1UsPUGnanHf+93afZqvo=&y=U2FsdGVkX1/3eKc2tlZZU/rvOrXoCz/Wa3WQO1ZdxTyAltcBNl9DX2u1OoRzetVe HTTP/1.1" 200 26
186.102.30.93 - - [01/Jan/2023:20:18:54 -0500] "GET /kwssiamovil/sm/acme/a?s=U2FsdGVkX1/msQ+sevU9iO/OJmWBUeWRaD80w2xGmmp+LOZI078XUhazk7nrGgv+1av9hTf3bdMHp2ptaKc0TB2YEWnMvSVstqFRAxLXPMvPS0WX4IsUOXMFgl8ws13hbdjVoB8tcortIY3eCssTQFK/vVFbR9RVy7XTWFQaLak=&u=U2FsdGVkX19rXdPyUechtKE1UsPUGnanHf+93afZqvo=&y=U2FsdGVkX1/3eKc2tlZZU/rvOrXoCz/Wa3WQO1ZdxTyAltcBNl9DX2u1OoRzetVe HTTP/1.1" 200 26
186.102.30.93 - - [01/Jan/2023:20:18:54 -0500] "GET /kwssiamovil/sm/acme/a?s=U2FsdGVkX1+vJbFEdtuBgpZ/Gae8CAt6gtDvpVmRh4TL71FkCEQoLsQxg87y21fhB99C2EDvqHGMZss7TYOS+abfbLodtGhOKDbOOL6VhmR8/0A4l5jJQKLJPip9VivLti4QwS/BEihoDsmpzte36obKIcPOEEUM8vQ+xTsNTOI=&u=U2FsdGVkX19rXdPyUechtKE1UsPUGnanHf+93afZqvo=&y=U2FsdGVkX1/3eKc2tlZZU/rvOrXoCz/Wa3WQO1ZdxTyAltcBNl9DX2u1OoRzetVe HTTP/1.1" 200 26
186.102.30.93 - - [01/Jan/2023:20:18:54 -0500] "GET /kwssiamovil/sm/acme/a?s=U2FsdGVkX18FpFuBgo5X0BEOe0hAc/FefixpfoGF0sPLCb0EbN16WSM1NdxZmJ7zmuwfVZKJv9vltkI5D7Vsn9iXb6CdJitVAJ6yw6kP49vtowLcVuUEMFPuzs9/tG0H7F5yoOeoMkmIZ2YMOFy1OC876njWaV/j2OVX3bzBgWE=&u=U2FsdGVkX19rXdPyUechtKE1UsPUGnanHf+93afZqvo=&y=U2FsdGVkX1/3eKc2tlZZU/rvOrXoCz/Wa3WQO1ZdxTyAltcBNl9DX2u1OoRzetVe HTTP/1.1" 200 26
186.102.30.93 - - [01/Jan/2023:20:18:54 -0500] "GET /kwssiamovil/sm/acme/a?s=U2FsdGVkX184RQVWshBKSmixpdlzS5uHA2bu+hlKtDqXRMLM9ngbHYZjnLnaLhf2qix4GitiO5hM4zza1Pc3A6Bojb8OnXzfj4wNL2sdvinhVeRrUUrYdyonVor1vHN7ieJlnLBTOMMGevZgvrrNA/Od1Q94X0+JKbUsF+cMtIP6rPRZuasujWgQAibWzCpcBZ7AdB/GtbyVnkaq/HtdHg==&u=U2FsdGVkX19rXdPyUechtKE1UsPUGnanHf+93afZqvo=&y=U2FsdGVkX1/3eKc2tlZZU/rvOrXoCz/Wa3WQO1ZdxTyAltcBNl9DX2u1OoRzetVe HTTP/1.1" 200 26
199.16.157.182 - - [01/Jan/2023:20:19:11 -0500] "GET /images/Caminatas%20SDA%20diciembre.jpeg HTTP/1.1" 200 82258
114.119.129.244 - - [01/Jan/2023:20:19:23 -0500] "GET /BLA/resoluciones/RESOLUCIONES%202015/0937.pdf HTTP/1.1" 200 1717025
201.245.192.253 - - [01/Jan/2023:20:19:37 -0500] "POST /kwsrmcab/Wsrmcab HTTP/1.1" 200 44025
201.245.192.253 - - [01/Jan/2023:20:19:40 -0500] "POST /kwsrmcab/Wsrmcab HTTP/1.1" 200 44229
216.245.221.92 - - [01/Jan/2023:20:19:55 -0500] "HEAD / HTTP/1.1" 200 -
201.245.192.253 - - [01/Jan/2023:20:20:09 -0500] "POST /kwsrmcab/Wsrmcab  HTTP/1.1" 200 44193
114.119.141.116 - - [01/Jan/2023:20:21:10 -0500] "GET /BLA/resoluciones/RESOLUCIONES%202010/7112.pdf HTTP/1.1" 200 70493
114.119.136.120 - - [01/Jan/2023:20:23:00 -0500] "GET /BLA/resoluciones/RESOLUCIONES%202010/6864.pdf HTTP/1.1" 200 642560
172.22.2.4 - - [01/Jan/2023:20:21:56 -0500] "HEAD /BLA/boletinlegal/ HTTP/1.1" 200 -
172.22.2.4 - - [01/Jan/2023:20:22:47 -0500] "GET /BLA/boletinlegal/ HTTP/1.1" 200 55272
185.119.81.99 - - [01/Jan/2023:20:24:49 -0500] "GET /portaldeninos/wp-login.php HTTP/1.1" 200 2592
185.119.81.99 - - [01/Jan/2023:20:24:50 -0500] "POST /portaldeninos/wp-login.php HTTP/1.1" 200 3650
216.245.221.92 - - [01/Jan/2023:20:24:55 -0500] "HEAD / HTTP/1.1" 200 -
201.245.192.253 - - [01/Jan/2023:20:25:08 -0500] "POST /kwsrmcab/Wsrmcab  HTTP/1.1" 200 44193
114.119.136.95 - - [01/Jan/2023:20:25:23 -0500] "GET /BLA/resoluciones/RESOLUCIONES%202010/5022.pdf HTTP/1.1" 200 751455
186.29.115.11 - - [01/Jan/2023:20:26:07 -0500] "GET /BLA/boletinlegal/js/jquery.scrollShow.js HTTP/1.1" 200 4586
186.29.115.11 - - [01/Jan/2023:20:26:07 -0500] "GET /galeria/galeria/jquery.fancybox.js?v=2.1.5 HTTP/1.1" 200 48706
186.29.115.11 - - [01/Jan/2023:20:26:07 -0500] "GET /galeria/galeria/jquery.fancybox.css?v=2.1.5 HTTP/1.1" 200 4895
114.119.137.51 - - [01/Jan/2023:20:26:49 -0500] "GET /BLA/resoluciones/RESOLUCIONES%202010/4027.pdf HTTP/1.1" 200 83555
185.119.81.104 - - [01/Jan/2023:20:27:45 -0500] "GET /portaldeninos/wp-login.php HTTP/1.1" 200 2592
185.119.81.104 - - [01/Jan/2023:20:27:46 -0500] "POST /portaldeninos/wp-login.php HTTP/1.1" 200 3605
114.119.134.35 - - [01/Jan/2023:20:28:53 -0500] "GET /BLA/resoluciones/RESOLUCIONES%202010/3864.pdf HTTP/1.1" 200 897220
172.22.2.4 - - [01/Jan/2023:20:27:46 -0500] "HEAD /BLA/boletinlegal/ HTTP/1.1" 200 -
201.245.192.253 - - [01/Jan/2023:20:29:36 -0500] "POST /kwsrmcab/Wsrmcab HTTP/1.1" 200 44025
201.245.192.253 - - [01/Jan/2023:20:29:39 -0500] "POST /kwsrmcab/Wsrmcab HTTP/1.1" 200 44229
94.102.61.10 - - [01/Jan/2023:20:29:43 -0500] "GET / HTTP/1.1" 200 319
173.252.79.117 - - [01/Jan/2023:20:29:52 -0500] "GET /images/cr\xc3\xb3nica-29-nov-1_optimized.jpeg HTTP/1.1" 404 1034
216.245.221.92 - - [01/Jan/2023:20:29:55 -0500] "HEAD / HTTP/1.1" 200 -
201.245.192.253 - - [01/Jan/2023:20:30:07 -0500] "POST /kwsrmcab/Wsrmcab  HTTP/1.1" 200 44193
172.22.2.4 - - [01/Jan/2023:20:28:36 -0500] "GET /BLA/boletinlegal/ HTTP/1.1" 200 52942
114.119.150.239 - - [01/Jan/2023:20:30:49 -0500] "GET /BLA/resoluciones/RESOLUCIONES%202010/3724.pdf HTTP/1.1" 200 501021
173.252.107.23 - - [01/Jan/2023:20:32:42 -0500] "GET /si-tienes-ropa-y-calzado-que-ya-no-usas-aca-te-presentamos-seis-puntos-a-donde-los-puedes-llevar.html HTTP/1.1" 206 872
114.119.138.188 - - [01/Jan/2023:20:32:45 -0500] "GET /BLA/resoluciones/RESOLUCIONES%202010/3618.pdf HTTP/1.1" 200 530247
114.119.148.191 - - [01/Jan/2023:20:34:24 -0500] "GET /BLA/resoluciones/RESOLUCIONES%202010/3209.pdf HTTP/1.1" 200 540176
207.46.13.198 - - [01/Jan/2023:20:34:52 -0500] "GET /BLA/resoluciones/index.php?dir=RESOLUCIONES+2021%2F HTTP/1.1" 200 435562
216.245.221.92 - - [01/Jan/2023:20:34:55 -0500] "HEAD / HTTP/1.1" 200 -
201.245.192.253 - - [01/Jan/2023:20:35:04 -0500] "POST /kwsrmcab/Wsrmcab  HTTP/1.1" 200 44193
172.22.2.4 - - [01/Jan/2023:20:33:36 -0500] "HEAD /BLA/boletinlegal/ HTTP/1.1" 200 -
172.22.2.4 - - [01/Jan/2023:20:33:52 -0500] "GET /BLA/boletinlegal/ HTTP/1.1" 200 47659
172.22.2.4 - - [01/Jan/2023:20:34:26 -0500] "GET /BLA/boletinlegal/ HTTP/1.1" 200 50855
172.22.2.4 - - [01/Jan/2023:20:36:21 -0500] "GET /BLA/boletinlegal/favicon.ico HTTP/1.1" 404 1018
114.119.154.137 - - [01/Jan/2023:20:36:42 -0500] "GET /BLA/resoluciones/RESOLUCIONES%202010/3168.pdf HTTP/1.1" 200 358176
172.22.2.4 - - [01/Jan/2023:20:36:06 -0500] "GET /BLA/boletinlegal/ HTTP/1.1" 200 32715
186.102.30.93 - - [01/Jan/2023:20:37:12 -0500] "GET /kwssiamovil/sm/acme/a?s=U2FsdGVkX1832V4sWdsVFUo53XvTJSh5VhV+9qppZj6IFATugQkNUP9GYZikS3cNzd6TE74YAKmUezHYxvrWKtTbnJ9Bb7h1kR6pWrHrckzOPM9idFTrDwv53AWa9y0BWuQ6US5C6va3f9b7VVzvQngll4cG5UVVuhN9NrHveefOB0GcmH7GViBoit04vUnKj3yEng/ILTcusV688UpW6+DeGjhH85JFrMUISglDAEfMrq9yDgZ0tJK/rxMAev8dHVnJxR/stOxiVZm0FSGXZw==&u=U2FsdGVkX19rXdPyUechtKE1UsPUGnanHf+93afZqvo=&y=U2FsdGVkX1/3eKc2tlZZU/rvOrXoCz/Wa3WQO1ZdxTyAltcBNl9DX2u1OoRzetVe HTTP/1.1" 200 26
186.102.30.93 - - [01/Jan/2023:20:37:13 -0500] "GET /kwssiamovil/sm/acme/a?s=U2FsdGVkX18hEGviRF+JAC4SP3E0ZAaECdKm55m+0Mf7YsXKRakuTc2bAydVrHyvq1kWPQ9WcWaDbKNL+owtj3zubX8qXvwe1b6hZeyqIt5UTAK+zl581WOQ/E/0p00/kKfUrdVc7un/oQi0BnShBTOCfq47X+WNat2M1gSVcnGOggLe200aUIzwoLhm0OqmaxIdaRMN4rSPc7zohwlD/5p0UcPoae+/Ucg/g4QkfWg+y5Hu5ZAFWHIObccU5vcVNCIktXancxhSWLDrOYe0EjqVu+BtzZcARyq2QRM49mqdH0SRPbJVXUjDweePk989Ul1LD2FggXUKJnfkp0Yn5UK9g4hFaGHA0MKVrl9blMVQ878VzbrHFeQaZrkqILi9ivS1+T75Ip6WA0bzUjvs27d5jGbsJDhEH2zKnR/l1WlfLp5v94tGqhMpZdlPOTY/wA5d/6rmF1u2RwXNEJTyUOu8omwt0G4QNOhhWx92I97TxUdUVeQUAEKWrI2DI4Z5E1DqZAzaPTnL5ZZB61Cf1BFU028hQXcQTc+5utzAj2pRh8mFSnFuRoNNyMqK8gGoYktejGP9cFdsS+5KD5bRazf0ckampINBbIsoiSkDWTsZ/ru21/O+MC+IUuxdeDdztYiPH1lP6/J2OchJYbYQnPGG/LI/axIpyklzDAHfLl8YysWBsZpAHkTpJG8KJh4eE1ERzppGfdhgV8X97X5JYkH8e02iQZy10t4C1y5D86OtDeN48PftmnneMOmOyFQ0eDxpQYYcbxKNREYf/b9luJCwo/ifGrLBnEGMrj38gtgHqySMRNmrgt1vALGtD6Kf2vJB9+CAGfToE7V2DLaram2BWopz43hHvmwGVJGUMzEFCYh5tAF/LWsS5QXVhCAFeBE3p9TZgZ+Q+mgXXqowtAcXC/rnIQ63U29NBZwDOBWDpga5AVasHRPxLI9v563iivybBy+lKKjjdEPb83BQXpIol2r0mmaIi/WSsqE0jMuzKdtvztKZqjK6qMO6etGClWcJ9ecCc7CihaWQzJsOQB1wwY5M94fggZvT3mKUkGoZHj70oX9Z5OHMNvldJChzq0UJaXPZdCUyqN0eXCCSer2SH8ct0IVC5LKGVfrnGm2sAusOuWIInP31dxL7x+hFtRsR3FlKVoTPhUtodbEnC01Wg7nWqEqZ9MABdnIT5I+qDyFaPcl44Y/7XjVsASTPCn1DHQPK7bIVLOW0/OfwznnS0tBtnbzp/5JUYftLpnIc0PfemUhnNSZYYpSucdFC4nW3zq4B+9N7dDyaXzqmT+79C51rR6vV5IPh/Idfa5R/X0krH+daXyG3lqjQbjBgax44KXKMsVlWEW0Kvz3lw3ul/MIcrnhimyDCmtMq4VLEUV1s8iRDrfK75ws5Tz6f72fnvfTGhatJs6vRJJWMqE6qw5pT8G/hcyKZVnCq1vjHDT19VlxyOcp2kQgiVEJF9LA+r796kGEmE61vOYfbQzkyVMQyL08pRzLO+svoLF4D3BtNsJ7GxBlA/htdF4UuXgK6p79CaxXnaIAoaaZnI5018jJBDFc6J0ZNa+L3kbn5N+9jGlSayYubBtvm3bIB6z1oYC2LvJ5/ErE6RPTgEBV/6u/bbjrfdhKWBYPc5F4tIT9+BZ9qjWhrdX7Z9WlowREmXRtaOYpARGbHXoJNgQ4UTpDoTzbxPLf3r4jp6B2n3NYQZzIlbQ3K1YFOUIvAiWPST+npHNMy4ssRrDcoYJTebYkcBtrvYhbFk8m6tpWRFSTfa9d5D63g5UQJKcaLRedvFE/WkAjY6SxvX0fUrA==&u=U2FsdGVkX19rXdPyUechtKE1UsPUGnanHf+93afZqvo=&y=U2FsdGVkX1/3eKc2tlZZU/rvOrXoCz/Wa3WQO1ZdxTyAltcBNl9DX2u1OoRzetVe HTTP/1.1" 200 26
186.102.30.93 - - [01/Jan/2023:20:37:13 -0500] "GET /kwssiamovil/sm/acme/a?s=U2FsdGVkX19xs8vdNvxgvtxXkIuYJ7QlArveLQlFD7Nx5z7ni6grHEUT/Zoraoqz7OU4Rko2FAuUqiwHdCtF7qdaJaEkLMwr1Zx3CeRI8SM/927BrFNIESL1+n6fm3NAiRkwvMtAg+HottDisv90Hyc/CIKGSU0WIercElrk9ms=&u=U2FsdGVkX19rXdPyUechtKE1UsPUGnanHf+93afZqvo=&y=U2FsdGVkX1/3eKc2tlZZU/rvOrXoCz/Wa3WQO1ZdxTyAltcBNl9DX2u1OoRzetVe HTTP/1.1" 200 26
186.102.30.93 - - [01/Jan/2023:20:37:13 -0500] "GET /kwssiamovil/sm/acme/a?s=U2FsdGVkX199Rw+mMEcIiSLXYOhfCFU497K4gpcaP0BiISagZ1kq/zP9VCcVD4sX3/lSk97VKz+xtUhsVaUruNbC/s+nDiIEIpTniLOgXOc57TTzzdChPdycxjKkVJveFlHoVUiy85axyD0rI2NGCFE2pCM9TmOFj4cwc3zb+x8=&u=U2FsdGVkX19rXdPyUechtKE1UsPUGnanHf+93afZqvo=&y=U2FsdGVkX1/3eKc2tlZZU/rvOrXoCz/Wa3WQO1ZdxTyAltcBNl9DX2u1OoRzetVe HTTP/1.1" 200 26
186.102.30.93 - - [01/Jan/2023:20:37:13 -0500] "GET /kwssiamovil/sm/acme/a?s=U2FsdGVkX18smpFoZcSNsEI9SBptywEfH2GcgPVdPbrIXK8lzgO9vGRRw62g3Lwnoc018vuNbpHTZYxU1EkLel9w9RVF2n+BDSnc+55tRfglmfhsCtaJZogDuM4IxOQxd1I53m+uO+sPenqWaMkatsBGgbjI32H/o4qfNISKrZI=&u=U2FsdGVkX19rXdPyUechtKE1UsPUGnanHf+93afZqvo=&y=U2FsdGVkX1/3eKc2tlZZU/rvOrXoCz/Wa3WQO1ZdxTyAltcBNl9DX2u1OoRzetVe HTTP/1.1" 200 26
186.102.30.93 - - [01/Jan/2023:20:37:14 -0500] "GET /kwssiamovil/sm/acme/a?s=U2FsdGVkX183fDLKDNycvGXZqQYlW9TzjEpvaTmFvE6iEHyL71+828tbJBRDGGVcCzkQzIZpFd6Pvm6filOLq6csI1JZhBNi5nfnbJDEGr+E1LWkJz7hXZIjDHfL5S9kHuBbJqI7Wd0QUicfkdBHzJkNWlKOmHXsGE/NoYbQ+sDdmRnm0dIu3m3wTmYti+4yi7w0pzUu9XXRTBDi+YVVqg==&u=U2FsdGVkX19rXdPyUechtKE1UsPUGnanHf+93afZqvo=&y=U2FsdGVkX1/3eKc2tlZZU/rvOrXoCz/Wa3WQO1ZdxTyAltcBNl9DX2u1OoRzetVe HTTP/1.1" 200 26
172.22.2.4 - - [01/Jan/2023:20:37:41 -0500] "GET /BLA/boletinlegal/Circulares/2019/.pdf HTTP/1.1" 404 1218
157.55.39.172 - - [01/Jan/2023:20:38:35 -0500] "GET /appsia/controlador HTTP/1.1" 200 4799
114.119.154.22 - - [01/Jan/2023:20:38:51 -0500] "GET /BLA/resoluciones/RESOLUCIONES%202010/2515.pdf HTTP/1.1" 200 349050
40.77.167.12 - - [01/Jan/2023:20:38:52 -0500] "GET /appsia/scripts/validarIngreso.js HTTP/1.1" 200 851
207.46.13.192 - - [01/Jan/2023:20:38:56 -0500] "GET /appsia/css/estilos.css HTTP/1.1" 200 4804
201.245.192.253 - - [01/Jan/2023:20:39:36 -0500] "POST /kwsrmcab/Wsrmcab HTTP/1.1" 200 44025
201.245.192.253 - - [01/Jan/2023:20:39:39 -0500] "POST /kwsrmcab/Wsrmcab HTTP/1.1" 200 44229
216.245.221.92 - - [01/Jan/2023:20:39:55 -0500] "HEAD / HTTP/1.1" 200 -
201.245.192.253 - - [01/Jan/2023:20:40:04 -0500] "POST /kwsrmcab/Wsrmcab  HTTP/1.1" 200 44193
114.119.131.200 - - [01/Jan/2023:20:40:22 -0500] "GET /BLA/resoluciones/RESOLUCIONES%202010/2489.pdf HTTP/1.1" 200 408054
172.22.2.4 - - [01/Jan/2023:20:39:26 -0500] "HEAD /BLA/boletinlegal/ HTTP/1.1" 200 -
172.22.2.4 - - [01/Jan/2023:20:40:16 -0500] "GET /BLA/boletinlegal/ HTTP/1.1" 200 59035
68.205.195.186 - - [01/Jan/2023:20:42:55 -0500] "GET /appsia/controlador HTTP/1.1" 200 4799
68.205.195.186 - - [01/Jan/2023:20:42:55 -0500] "GET /appsia/css/estilos.css HTTP/1.1" 200 4804
68.205.195.186 - - [01/Jan/2023:20:42:55 -0500] "GET /appsia/scripts/validarIngreso.js HTTP/1.1" 200 851
68.205.195.186 - - [01/Jan/2023:20:42:55 -0500] "GET /appsia/images/cabezoteHojaVida.png HTTP/1.1" 200 32493
173.252.111.8 - - [01/Jan/2023:20:42:58 -0500] "GET /images/Entrenubes%201%20(1)%20(1).jpeg HTTP/1.1" 200 70096
68.205.195.186 - - [01/Jan/2023:20:42:58 -0500] "GET /appsia/images/logo_bogota_p.png HTTP/1.1" 200 14951
114.119.141.127 - - [01/Jan/2023:20:43:32 -0500] "GET /BLA/resoluciones/RESOLUCIONES%202010/2079.pdf HTTP/1.1" 200 198695
216.245.221.92 - - [01/Jan/2023:20:44:55 -0500] "HEAD / HTTP/1.1" 200 -
201.245.192.253 - - [01/Jan/2023:20:45:02 -0500] "POST /kwsrmcab/Wsrmcab  HTTP/1.1" 200 44193
68.205.195.186 - - [01/Jan/2023:20:45:51 -0500] "POST /appsia/controlador HTTP/1.1" 200 4621
114.119.149.195 - - [01/Jan/2023:20:45:58 -0500] "GET /BLA/resoluciones/RESOLUCIONES%202010/2069.pdf HTTP/1.1" 200 196879
68.205.195.186 - - [01/Jan/2023:20:45:59 -0500] "POST /appsia/controlador HTTP/1.1" 200 7733
68.205.195.186 - - [01/Jan/2023:20:45:59 -0500] "GET /appsia/images/logo_escudo.png HTTP/1.1" 200 36965
172.22.2.4 - - [01/Jan/2023:20:45:16 -0500] "HEAD /BLA/boletinlegal/ HTTP/1.1" 200 -
172.22.2.4 - - [01/Jan/2023:20:46:06 -0500] "GET /BLA/boletinlegal/ HTTP/1.1" 200 57192
114.119.133.228 - - [01/Jan/2023:20:48:27 -0500] "GET /BLA/resoluciones/RESOLUCIONES%202013/0936.pdf HTTP/1.1" 200 1233407
114.119.157.96 - - [01/Jan/2023:20:49:47 -0500] "GET /BLA/resoluciones/RESOLUCIONES%202010/1974.pdf HTTP/1.1" 200 476525
172.22.2.4 - - [01/Jan/2023:20:49:48 -0500] "GET /BLA/boletinlegal/actos.php HTTP/1.1" 200 9566
216.245.221.92 - - [01/Jan/2023:20:49:55 -0500] "HEAD / HTTP/1.1" 200 -
201.245.192.253 - - [01/Jan/2023:20:50:02 -0500] "POST /kwsrmcab/Wsrmcab  HTTP/1.1" 200 44193
114.119.157.37 - - [01/Jan/2023:20:51:36 -0500] "GET /BLA/resoluciones/RESOLUCIONES%202010/1882.pdf HTTP/1.1" 200 354232
172.22.2.4 - - [01/Jan/2023:20:51:06 -0500] "HEAD /BLA/boletinlegal/ HTTP/1.1" 200 -
114.119.131.231 - - [01/Jan/2023:20:53:20 -0500] "GET /BLA/resoluciones/RESOLUCIONES%202010/1761.pdf HTTP/1.1" 200 647958
173.252.95.3 - - [01/Jan/2023:20:53:23 -0500] "GET /images/jardines-verticales-plantas-24-mayo.jpg HTTP/1.1" 200 148288
172.22.2.4 - - [01/Jan/2023:20:51:56 -0500] "GET /BLA/boletinlegal/ HTTP/1.1" 200 54452
173.252.95.7 - - [01/Jan/2023:20:54:38 -0500] "GET /images/eficiencia-energetica-11-marzo.jpg HTTP/1.1" 200 46478
173.252.107.4 - - [01/Jan/2023:20:54:47 -0500] "GET /semana-ecoempresarial-herramientas-para-que-el-sector-economico-de-bogota-pueda-tener-un-crecimiento-verde.html HTTP/1.1" 206 918
216.245.221.92 - - [01/Jan/2023:20:54:55 -0500] "HEAD / HTTP/1.1" 200 -
201.245.192.253 - - [01/Jan/2023:20:55:01 -0500] "POST /kwsrmcab/Wsrmcab  HTTP/1.1" 200 44193
114.119.151.104 - - [01/Jan/2023:20:55:11 -0500] "GET /BLA/resoluciones/RESOLUCIONES%202010/1240.pdf HTTP/1.1" 200 132878
209.141.40.109 - - [01/Jan/2023:20:55:47 -0500] "GET / HTTP/1.1" 200 319
185.119.81.99 - - [01/Jan/2023:20:55:57 -0500] "GET /portaldeninos/wp-login.php HTTP/1.1" 200 2592
185.119.81.99 - - [01/Jan/2023:20:55:57 -0500] "POST /portaldeninos/wp-login.php HTTP/1.1" 200 3650
114.119.146.208 - - [01/Jan/2023:20:56:50 -0500] "GET /BLA/resoluciones/RESOLUCIONES%202010/1204.pdf HTTP/1.1" 200 112052
104.194.192.26 - - [01/Jan/2023:20:58:32 -0500] "-" 408 -
104.224.66.143 - - [01/Jan/2023:20:58:32 -0500] "-" 408 -
172.22.2.4 - - [01/Jan/2023:20:56:56 -0500] "HEAD /BLA/boletinlegal/ HTTP/1.1" 200 -
114.119.155.149 - - [01/Jan/2023:20:58:43 -0500] "GET /BLA/resoluciones/RESOLUCIONES%202010/1178.pdf HTTP/1.1" 200 98361
172.22.2.4 - - [01/Jan/2023:20:57:46 -0500] "GET /BLA/boletinlegal/ HTTP/1.1" 200 57192
216.245.221.92 - - [01/Jan/2023:20:59:55 -0500] "HEAD / HTTP/1.1" 200 -
201.245.192.253 - - [01/Jan/2023:20:59:59 -0500] "POST /kwsrmcab/Wsrmcab  HTTP/1.1" 200 44193
114.119.129.179 - - [01/Jan/2023:21:00:15 -0500] "GET /BLA/resoluciones/RESOLUCIONES%202010/1127.pdf HTTP/1.1" 200 105940
114.119.137.184 - - [01/Jan/2023:21:01:40 -0500] "GET /BLA/resoluciones/RESOLUCIONES%202010/0729.pdf HTTP/1.1" 200 103550
114.119.159.61 - - [01/Jan/2023:21:02:54 -0500] "GET /BLA/resoluciones/RESOLUCIONES%202010/0658.pdf HTTP/1.1" 200 501211
172.22.2.4 - - [01/Jan/2023:21:02:46 -0500] "HEAD /BLA/boletinlegal/ HTTP/1.1" 200 -
216.245.221.92 - - [01/Jan/2023:21:04:55 -0500] "HEAD / HTTP/1.1" 200 -
201.245.192.253 - - [01/Jan/2023:21:04:58 -0500] "POST /kwsrmcab/Wsrmcab  HTTP/1.1" 200 44193
114.119.150.210 - - [01/Jan/2023:21:05:12 -0500] "GET /BLA/resoluciones/RESOLUCIONES%202010/0345.pdf HTTP/1.1" 200 349562
172.22.2.4 - - [01/Jan/2023:21:03:36 -0500] "GET /BLA/boletinlegal/ HTTP/1.1" 200 59035
185.174.137.252 - - [01/Jan/2023:21:06:29 -0500] "GET /wp-login.php HTTP/1.1" 404 1018
114.119.156.132 - - [01/Jan/2023:21:07:04 -0500] "GET /BLA/resoluciones/RESOLUCIONES%202010/0307.pdf HTTP/1.1" 200 544341
40.77.167.25 - - [01/Jan/2023:21:07:10 -0500] "GET /calculadora/? HTTP/1.1" 200 5879
172.22.2.4 - - [01/Jan/2023:21:08:19 -0500] "GET /BLA/boletinlegal/images/img_3.jpg HTTP/1.1" 200 1841
114.119.132.43 - - [01/Jan/2023:21:08:31 -0500] "GET /BLA/resoluciones/Notificaciones/REGISTROS%202018/01004.pdf HTTP/1.1" 200 264517
216.245.221.92 - - [01/Jan/2023:21:09:55 -0500] "HEAD / HTTP/1.1" 200 -
201.245.192.253 - - [01/Jan/2023:21:09:57 -0500] "POST /kwsrmcab/Wsrmcab  HTTP/1.1" 200 44193
172.22.2.4 - - [01/Jan/2023:21:08:36 -0500] "HEAD /BLA/boletinlegal/ HTTP/1.1" 200 -
114.119.135.204 - - [01/Jan/2023:21:10:49 -0500] "GET /BLA/resoluciones/Notificaciones/AUTOS%202014/5622.doc HTTP/1.1" 200 174592
172.22.2.4 - - [01/Jan/2023:21:09:26 -0500] "GET /BLA/boletinlegal/ HTTP/1.1" 200 57192
114.119.139.172 - - [01/Jan/2023:21:12:35 -0500] "GET /BLA/resoluciones/AUTOS%202018/0521.pdf HTTP/1.1" 200 297395
172.22.2.4 - - [01/Jan/2023:21:13:39 -0500] "GET /BLA/boletinlegal/Circulares/2020/CIRCULAR%20No.%2000019%20DEL%2018%20DE%20DICIEMBRE%20DEL%202020.pdf HTTP/1.1" 304 -
114.119.159.61 - - [01/Jan/2023:21:14:03 -0500] "GET /BLA/resoluciones/AUTOS%202017/4944.pdf HTTP/1.1" 200 2029736
40.77.167.21 - - [01/Jan/2023:21:14:14 -0500] "GET /portaldeninos/parque-ecologico-distrital-humedal-santa-maria-del-lago/ HTTP/1.1" 200 90199
40.77.167.21 - - [01/Jan/2023:21:14:24 -0500] "GET /portaldeninos/parque-ecologico-distrital-humedal-santa-maria-del-lago/ HTTP/1.1" 200 90199
216.245.221.92 - - [01/Jan/2023:21:14:55 -0500] "HEAD / HTTP/1.1" 200 -
201.245.192.253 - - [01/Jan/2023:21:14:55 -0500] "POST /kwsrmcab/Wsrmcab  HTTP/1.1" 200 44193
172.22.2.4 - - [01/Jan/2023:21:15:30 -0500] "GET /BLA/boletinlegal/jurisprudencia/analisis/AnalisisT-606-15.docx HTTP/1.1" 200 26698
172.22.2.4 - - [01/Jan/2023:21:15:31 -0500] "GET /BLA/boletinlegal/apple-touch-icon-120x120-precomposed.png HTTP/1.1" 404 1140
172.22.2.4 - - [01/Jan/2023:21:15:31 -0500] "GET /BLA/boletinlegal/apple-touch-icon-120x120.png HTTP/1.1" 404 1140
172.22.2.4 - - [01/Jan/2023:21:15:31 -0500] "GET /BLA/boletinlegal/apple-touch-icon-precomposed.png HTTP/1.1" 404 1140
172.22.2.4 - - [01/Jan/2023:21:15:31 -0500] "GET /BLA/boletinlegal/apple-touch-icon.png HTTP/1.1" 404 1140
172.22.2.4 - - [01/Jan/2023:21:15:31 -0500] "GET /BLA/boletinlegal/favicon.ico HTTP/1.1" 404 1140
172.22.2.4 - - [01/Jan/2023:21:15:32 -0500] "GET /BLA/boletinlegal/apple-touch-icon-120x120-precomposed.png HTTP/1.1" 404 1140
172.22.2.4 - - [01/Jan/2023:21:15:32 -0500] "GET /BLA/boletinlegal/apple-touch-icon-120x120.png HTTP/1.1" 404 1140
172.22.2.4 - - [01/Jan/2023:21:15:32 -0500] "GET /BLA/boletinlegal/apple-touch-icon-precomposed.png HTTP/1.1" 404 1140
172.22.2.4 - - [01/Jan/2023:21:15:32 -0500] "GET /BLA/boletinlegal/apple-touch-icon.png HTTP/1.1" 404 1140
172.22.2.4 - - [01/Jan/2023:21:15:32 -0500] "GET /BLA/boletinlegal/favicon.ico HTTP/1.1" 404 1140
186.102.3.227 - - [01/Jan/2023:21:15:41 -0500] "GET /galeria/galeria/jquery.fancybox.js?v=2.1.5 HTTP/1.1" 200 48706
186.102.3.227 - - [01/Jan/2023:21:15:41 -0500] "GET /galeria/galeria/jquery.fancybox.css?v=2.1.5 HTTP/1.1" 200 4895
186.102.3.227 - - [01/Jan/2023:21:15:41 -0500] "GET /BLA/boletinlegal/js/jquery.scrollShow.js HTTP/1.1" 200 4586
172.22.2.4 - - [01/Jan/2023:21:14:26 -0500] "HEAD /BLA/boletinlegal/ HTTP/1.1" 200 -
172.22.2.4 - - [01/Jan/2023:21:15:16 -0500] "GET /BLA/boletinlegal/ HTTP/1.1" 200 57192
185.119.81.104 - - [01/Jan/2023:21:17:02 -0500] "GET /portaldeninos/wp-login.php HTTP/1.1" 200 2592
185.119.81.104 - - [01/Jan/2023:21:17:03 -0500] "POST /portaldeninos/wp-login.php HTTP/1.1" 200 3670
114.119.154.156 - - [01/Jan/2023:21:17:05 -0500] "GET /BLA/resoluciones/AUTOS%202017/4463.pdf HTTP/1.1" 200 305180
186.102.3.227 - - [01/Jan/2023:21:17:33 -0500] "GET /galeria/carrusel/Carrusel/jquery.thumbnailScroller.css HTTP/1.1" 200 2066
186.102.3.227 - - [01/Jan/2023:21:17:33 -0500] "GET /galeria/carrusel/Carrusel/jquery.thumbnailScroller.js HTTP/1.1" 200 8157
186.102.3.227 - - [01/Jan/2023:21:17:33 -0500] "GET /galeria/carrusel/Carrusel/jquery-ui-1.8.13.custom.min.js HTTP/1.1" 200 10800
186.102.3.227 - - [01/Jan/2023:21:17:34 -0500] "GET /galeria/nivo-slider/demo/banner.html HTTP/1.1" 200 5446
186.102.3.227 - - [01/Jan/2023:21:17:34 -0500] "GET /galeria/nivo-slider/themes/default/default.css HTTP/1.1" 200 1569
186.102.3.227 - - [01/Jan/2023:21:17:34 -0500] "GET /galeria/nivo-slider/themes/pascal/pascal.css HTTP/1.1" 200 2258
186.102.3.227 - - [01/Jan/2023:21:17:34 -0500] "GET /galeria/nivo-slider/themes/orman/orman.css HTTP/1.1" 200 2152
186.102.3.227 - - [01/Jan/2023:21:17:34 -0500] "GET /galeria/nivo-slider/demo/style.css HTTP/1.1" 200 2222
186.102.3.227 - - [01/Jan/2023:21:17:34 -0500] "GET /galeria/nivo-slider/nivo-slider.css HTTP/1.1" 200 1507
186.102.3.227 - - [01/Jan/2023:21:17:34 -0500] "GET /galeria/nivo-slider/demo/images/Bannersedeelectronica.jpg HTTP/1.1" 200 40383
186.102.3.227 - - [01/Jan/2023:21:17:34 -0500] "GET /galeria/nivo-slider/demo/images/banneraire2021.jpg HTTP/1.1" 200 265101
186.102.3.227 - - [01/Jan/2023:21:17:34 -0500] "GET /galeria/nivo-slider/demo/images/bannertortuga_optimized.jpg HTTP/1.1" 200 39066
186.102.3.227 - - [01/Jan/2023:21:17:34 -0500] "GET /galeria/nivo-slider/demo/images/bannerclases2021.jpg HTTP/1.1" 200 68230
186.102.3.227 - - [01/Jan/2023:21:17:34 -0500] "GET /galeria/nivo-slider/demo/images/bannertrafico_optimized.jpg HTTP/1.1" 200 42578
186.102.3.227 - - [01/Jan/2023:21:17:34 -0500] "GET /galeria/nivo-slider/demo/images/Bannervirtualescanales.jpg HTTP/1.1" 200 174544
186.102.3.227 - - [01/Jan/2023:21:17:35 -0500] "GET /galeria/nivo-slider/demo/images/banneraccionpopular.jpeg HTTP/1.1" 200 41707
186.102.3.227 - - [01/Jan/2023:21:17:35 -0500] "GET /galeria/nivo-slider/demo/images/Bannermujeresquereverdecen.jpg HTTP/1.1" 200 46558
186.102.3.227 - - [01/Jan/2023:21:17:35 -0500] "GET /galeria/nivo-slider/demo/images/bannerrutaesperanza.jpg HTTP/1.1" 200 55560
186.102.3.227 - - [01/Jan/2023:21:17:36 -0500] "GET /galeria/nivo-slider/demo/images/Bannerplasticosseptiembre.jpg HTTP/1.1" 200 45633
186.102.3.227 - - [01/Jan/2023:21:17:36 -0500] "GET /galeria/nivo-slider/demo/images/Bannerenvases.jpg HTTP/1.1" 200 37316
186.102.3.227 - - [01/Jan/2023:21:17:36 -0500] "GET /galeria/nivo-slider/demo/images/bannercapacitacionesbogota.jpg HTTP/1.1" 200 42416
186.102.3.227 - - [01/Jan/2023:21:17:36 -0500] "GET /galeria/nivo-slider/demo/images/bannerresiduoshospitalariosagosto.jpg HTTP/1.1" 200 36499
186.102.3.227 - - [01/Jan/2023:21:17:37 -0500] "GET /galeria/nivo-slider/demo/images/banneraccionpopularcrr68.jpg HTTP/1.1" 200 51887
186.102.3.227 - - [01/Jan/2023:21:17:37 -0500] "GET /galeria/nivo-slider/demo/images/4Simple_Slider.png HTTP/1.1" 200 11722
186.102.3.227 - - [01/Jan/2023:21:17:37 -0500] "GET /galeria/nivo-slider/themes/default/loading.gif HTTP/1.1" 200 1737
186.102.3.227 - - [01/Jan/2023:21:17:37 -0500] "GET /galeria/nivo-slider/demo/scripts/jquery-1.7.1.min.js HTTP/1.1" 200 93868
186.102.3.227 - - [01/Jan/2023:21:17:37 -0500] "GET /galeria/nivo-slider/jquery.nivo.slider.pack.js HTTP/1.1" 200 11561
186.102.3.227 - - [01/Jan/2023:21:17:38 -0500] "GET /galeria/nivo-slider/themes/default/bullets.png HTTP/1.1" 200 1281
186.102.3.227 - - [01/Jan/2023:21:17:38 -0500] "GET /galeria/nivo-slider/themes/default/arrows.png HTTP/1.1" 200 824
114.119.159.135 - - [01/Jan/2023:21:17:56 -0500] "GET /BLA/resoluciones/AUTOS%202017/0628.pdf HTTP/1.1" 200 1979150
201.245.192.253 - - [01/Jan/2023:21:19:36 -0500] "POST /kwsrmcab/Wsrmcab HTTP/1.1" 200 44212
114.119.146.7 - - [01/Jan/2023:21:19:40 -0500] "GET /BLA/resoluciones/AUTOS%202017/0627.pdf HTTP/1.1" 200 1112972
201.245.192.253 - - [01/Jan/2023:21:19:39 -0500] "POST /kwsrmcab/Wsrmcab HTTP/1.1" 200 44061
216.245.221.92 - - [01/Jan/2023:21:19:55 -0500] "HEAD / HTTP/1.1" 200 -
201.245.192.253 - - [01/Jan/2023:21:19:53 -0500] "POST /kwsrmcab/Wsrmcab  HTTP/1.1" 200 44193
114.119.132.6 - - [01/Jan/2023:21:21:49 -0500] "GET /BLA/resoluciones/AUTOS%202016/1029.pdf HTTP/1.1" 200 488229
172.22.2.4 - - [01/Jan/2023:21:20:16 -0500] "HEAD /BLA/boletinlegal/ HTTP/1.1" 200 -
157.55.39.172 - - [01/Jan/2023:21:22:01 -0500] "GET /bla/resoluciones/notificaciones/autos%202018/01018.pdf HTTP/1.1" 304 -
172.22.2.4 - - [01/Jan/2023:21:21:06 -0500] "GET /BLA/boletinlegal/ HTTP/1.1" 200 56825
185.119.81.99 - - [01/Jan/2023:21:22:58 -0500] "GET /portaldeninos/wp-login.php HTTP/1.1" 200 2592
185.119.81.99 - - [01/Jan/2023:21:22:59 -0500] "POST /portaldeninos/wp-login.php HTTP/1.1" 200 3605
40.77.202.49 - - [01/Jan/2023:21:23:04 -0500] "GET /calculadora/vendor/bootstrap/css/bootstrap.min.css HTTP/1.1" 200 124962
40.77.202.49 - - [01/Jan/2023:21:23:04 -0500] "GET /calculadora/fonts/Linearicons-Free-v1.0.0/icon-font.min.css HTTP/1.1" 200 7354
40.77.202.49 - - [01/Jan/2023:21:23:04 -0500] "GET /calculadora/vendor/animate/animate.css HTTP/1.1" 200 23848
40.77.202.49 - - [01/Jan/2023:21:23:04 -0500] "GET /calculadora/vendor/css-hamburgers/hamburgers.min.css HTTP/1.1" 200 19686
40.77.202.49 - - [01/Jan/2023:21:23:04 -0500] "GET /calculadora/vendor/animsition/css/animsition.min.css HTTP/1.1" 200 27478
40.77.202.49 - - [01/Jan/2023:21:23:04 -0500] "GET /calculadora/vendor/select2/select2.min.css HTTP/1.1" 200 15196
40.77.202.49 - - [01/Jan/2023:21:23:04 -0500] "GET /calculadora/fonts/font-awesome-4.7.0/css/font-awesome.min.css HTTP/1.1" 200 31000
40.77.202.49 - - [01/Jan/2023:21:23:04 -0500] "GET /calculadora/vendor/daterangepicker/daterangepicker.css HTTP/1.1" 200 8163
40.77.202.49 - - [01/Jan/2023:21:23:04 -0500] "GET /calculadora/css/util.css HTTP/1.1" 200 86814
40.77.202.49 - - [01/Jan/2023:21:23:04 -0500] "GET /calculadora/css/main.css HTTP/1.1" 200 9984
40.77.202.49 - - [01/Jan/2023:21:23:04 -0500] "GET /calculadora/ajax_calculadora.js HTTP/1.1" 200 1470
40.77.202.49 - - [01/Jan/2023:21:23:04 -0500] "GET /calculadora/js/main.js HTTP/1.1" 200 1424
40.77.202.49 - - [01/Jan/2023:21:23:05 -0500] "GET /calculadora/fonts/montserrat/Montserrat-Bold.ttf HTTP/1.1" 200 261588
40.77.202.49 - - [01/Jan/2023:21:23:05 -0500] "GET /calculadora/fonts/poppins/Poppins-Regular.ttf HTTP/1.1" 200 145312
114.119.134.107 - - [01/Jan/2023:21:23:25 -0500] "GET /BLA/resoluciones/RESOLUCIONES%202010/1106.pdf HTTP/1.1" 200 106104
152.89.196.211 - - [01/Jan/2023:21:24:00 -0500] "GET /?XDEBUG_SESSION_START=phpstorm HTTP/1.1" 200 319
181.53.12.7 - - [01/Jan/2023:21:24:31 -0500] "GET /sipse/faces/index.xhtml HTTP/1.1" 200 677
181.53.12.7 - - [01/Jan/2023:21:24:31 -0500] "GET /sipse/faces/javax.faces.resource/theme.css?ln=primefaces-sipse HTTP/1.1" 304 -
181.53.12.7 - - [01/Jan/2023:21:24:31 -0500] "GET /sipse/faces/faces/autenticacion.xhtml HTTP/1.1" 200 12178
181.53.12.7 - - [01/Jan/2023:21:24:31 -0500] "GET /sipse/faces/javax.faces.resource/theme.css?ln=primefaces-sipse HTTP/1.1" 304 -
181.53.12.7 - - [01/Jan/2023:21:24:31 -0500] "GET /sipse/faces/javax.faces.resource/primefaces.css?ln=primefaces&v=4.0 HTTP/1.1" 304 -
181.53.12.7 - - [01/Jan/2023:21:24:31 -0500] "GET /sipse/faces/javax.faces.resource/layout/layout.css?ln=primefaces&v=4.0 HTTP/1.1" 304 -
181.53.12.7 - - [01/Jan/2023:21:24:31 -0500] "GET /sipse/faces/javax.faces.resource/layout/layout.js?ln=primefaces&v=4.0 HTTP/1.1" 304 -
181.53.12.7 - - [01/Jan/2023:21:24:31 -0500] "GET /sipse/faces/javax.faces.resource/primefaces.js?ln=primefaces&v=4.0 HTTP/1.1" 304 -
181.53.12.7 - - [01/Jan/2023:21:24:31 -0500] "GET /sipse/faces/javax.faces.resource/jquery/jquery-plugins.js?ln=primefaces&v=4.0 HTTP/1.1" 304 -
181.53.12.7 - - [01/Jan/2023:21:24:31 -0500] "GET /sipse/faces/javax.faces.resource/jquery/jquery.js?ln=primefaces&v=4.0 HTTP/1.1" 304 -
181.53.12.7 - - [01/Jan/2023:21:24:31 -0500] "GET /sipse/faces/javax.faces.resource/images/ui-icons_898989_256x240.png?ln=primefaces-aristo HTTP/1.1" 304 -
181.53.12.7 - - [01/Jan/2023:21:24:36 -0500] "POST /sipse/faces/autenticacion.xhtml HTTP/1.1" 200 2228
181.53.12.7 - - [01/Jan/2023:21:24:36 -0500] "GET /sipse/faces/javax.faces.resource/messages/messages.png?ln=primefaces&v=4.0 HTTP/1.1" 304 -
181.53.12.7 - - [01/Jan/2023:21:24:37 -0500] "POST /sipse/faces/autenticacion.xhtml HTTP/1.1" 200 16305
181.53.12.7 - - [01/Jan/2023:21:24:38 -0500] "GET /sipse/faces/javax.faces.resource/layout/layout.css?ln=primefaces&v=4.0 HTTP/1.1" 304 -
181.53.12.7 - - [01/Jan/2023:21:24:38 -0500] "GET /sipse/faces/javax.faces.resource/primefaces.css?ln=primefaces&v=4.0 HTTP/1.1" 304 -
181.53.12.7 - - [01/Jan/2023:21:24:38 -0500] "GET /sipse/faces/javax.faces.resource/theme.css?ln=primefaces-sipse HTTP/1.1" 304 -
181.53.12.7 - - [01/Jan/2023:21:24:38 -0500] "GET /sipse/faces/javax.faces.resource/jquery/jquery.js?ln=primefaces&v=4.0 HTTP/1.1" 304 -
181.53.12.7 - - [01/Jan/2023:21:24:38 -0500] "GET /sipse/faces/javax.faces.resource/jquery/jquery-plugins.js?ln=primefaces&v=4.0 HTTP/1.1" 304 -
181.53.12.7 - - [01/Jan/2023:21:24:38 -0500] "GET /sipse/faces/javax.faces.resource/primefaces.js?ln=primefaces&v=4.0 HTTP/1.1" 304 -
181.53.12.7 - - [01/Jan/2023:21:24:38 -0500] "GET /sipse/faces/javax.faces.resource/layout/layout.js?ln=primefaces&v=4.0 HTTP/1.1" 304 -
181.53.12.7 - - [01/Jan/2023:21:24:38 -0500] "GET /sipse/css/imagen/contrasena.png HTTP/1.1" 404 383
181.53.12.7 - - [01/Jan/2023:21:24:40 -0500] "GET /sipse/faces/javax.faces.resource/images/ui-bg_flat_0_2d5972_40x100.png?ln=primefaces-aristo HTTP/1.1" 304 -
181.53.12.7 - - [01/Jan/2023:21:24:40 -0500] "POST /sipse/faces/bienvenido.xhtml HTTP/1.1" 200 2658
181.53.12.7 - - [01/Jan/2023:21:24:41 -0500] "POST /sipse/faces/bienvenido.xhtml HTTP/1.1" 200 65845
181.53.12.7 - - [01/Jan/2023:21:24:42 -0500] "GET /sipse/faces/javax.faces.resource/theme.css?ln=primefaces-sipse HTTP/1.1" 304 -
181.53.12.7 - - [01/Jan/2023:21:24:42 -0500] "GET /sipse/faces/javax.faces.resource/primefaces.css?ln=primefaces&v=4.0 HTTP/1.1" 304 -
181.53.12.7 - - [01/Jan/2023:21:24:42 -0500] "GET /sipse/faces/javax.faces.resource/layout/layout.css?ln=primefaces&v=4.0 HTTP/1.1" 304 -
181.53.12.7 - - [01/Jan/2023:21:24:42 -0500] "GET /sipse/faces/javax.faces.resource/jquery/jquery.js?ln=primefaces&v=4.0 HTTP/1.1" 304 -
181.53.12.7 - - [01/Jan/2023:21:24:42 -0500] "GET /sipse/faces/javax.faces.resource/jquery/jquery-plugins.js?ln=primefaces&v=4.0 HTTP/1.1" 304 -
181.53.12.7 - - [01/Jan/2023:21:24:43 -0500] "GET /sipse/faces/javax.faces.resource/primefaces.js?ln=primefaces&v=4.0 HTTP/1.1" 304 -
181.53.12.7 - - [01/Jan/2023:21:24:43 -0500] "GET /sipse/faces/javax.faces.resource/layout/layout.js?ln=primefaces&v=4.0 HTTP/1.1" 304 -
181.53.12.7 - - [01/Jan/2023:21:24:43 -0500] "POST /sipse/faces/presentacion/financiero/solicitudProceso/listarSolicitudProceso.xhtml HTTP/1.1" 200 1556
201.245.192.253 - - [01/Jan/2023:21:24:52 -0500] "POST /kwsrmcab/Wsrmcab  HTTP/1.1" 200 44193
216.245.221.92 - - [01/Jan/2023:21:24:55 -0500] "HEAD / HTTP/1.1" 200 -
114.119.156.102 - - [01/Jan/2023:21:25:05 -0500] "GET /BLA/resoluciones/AUTOS%202016/1013.pdf HTTP/1.1" 200 481053
181.53.12.7 - - [01/Jan/2023:21:26:24 -0500] "POST /sipse/faces/presentacion/financiero/solicitudProceso/listarSolicitudProceso.xhtml HTTP/1.1" 200 42703
181.53.12.7 - - [01/Jan/2023:21:26:25 -0500] "POST /sipse/faces/presentacion/financiero/solicitudProceso/listarSolicitudProceso.xhtml HTTP/1.1" 200 42699
181.53.12.7 - - [01/Jan/2023:21:26:26 -0500] "POST /sipse/faces/presentacion/financiero/solicitudProceso/listarSolicitudProceso.xhtml HTTP/1.1" 200 42699
181.53.12.7 - - [01/Jan/2023:21:26:27 -0500] "POST /sipse/faces/presentacion/financiero/solicitudProceso/listarSolicitudProceso.xhtml HTTP/1.1" 200 42699
181.53.12.7 - - [01/Jan/2023:21:26:29 -0500] "POST /sipse/faces/presentacion/financiero/solicitudProceso/listarSolicitudProceso.xhtml HTTP/1.1" 200 14934
181.53.12.7 - - [01/Jan/2023:21:26:31 -0500] "POST /sipse/faces/presentacion/financiero/solicitudProceso/listarSolicitudProceso.xhtml HTTP/1.1" 200 116988
181.53.12.7 - - [01/Jan/2023:21:26:32 -0500] "GET /sipse/faces/javax.faces.resource/theme.css?ln=primefaces-sipse HTTP/1.1" 304 -
181.53.12.7 - - [01/Jan/2023:21:26:32 -0500] "GET /sipse/faces/javax.faces.resource/layout/layout.css?ln=primefaces&v=4.0 HTTP/1.1" 304 -
181.53.12.7 - - [01/Jan/2023:21:26:32 -0500] "GET /sipse/faces/javax.faces.resource/primefaces.css?ln=primefaces&v=4.0 HTTP/1.1" 304 -
181.53.12.7 - - [01/Jan/2023:21:26:32 -0500] "GET /sipse/faces/javax.faces.resource/jquery/jquery.js?ln=primefaces&v=4.0 HTTP/1.1" 304 -
181.53.12.7 - - [01/Jan/2023:21:26:32 -0500] "GET /sipse/faces/javax.faces.resource/jquery/jquery-plugins.js?ln=primefaces&v=4.0 HTTP/1.1" 304 -
181.53.12.7 - - [01/Jan/2023:21:26:32 -0500] "GET /sipse/faces/javax.faces.resource/primefaces.js?ln=primefaces&v=4.0 HTTP/1.1" 304 -
181.53.12.7 - - [01/Jan/2023:21:26:32 -0500] "GET /sipse/faces/javax.faces.resource/layout/layout.js?ln=primefaces&v=4.0 HTTP/1.1" 304 -
181.53.12.7 - - [01/Jan/2023:21:26:48 -0500] "POST /sipse/faces/presentacion/financiero/solicitudProceso/consultarSolicitudProceso.xhtml HTTP/1.1" 200 168798
114.119.144.184 - - [01/Jan/2023:21:26:50 -0500] "GET /BLA/resoluciones/AUTOS%202015/6565.pdf HTTP/1.1" 200 620735
173.252.87.14 - - [01/Jan/2023:21:27:39 -0500] "GET /images/negocios-verdes-mayo-2022.jpg HTTP/1.1" 200 48000
172.22.2.4 - - [01/Jan/2023:21:26:06 -0500] "HEAD /BLA/boletinlegal/ HTTP/1.1" 200 -
172.22.2.4 - - [01/Jan/2023:21:26:56 -0500] "GET /BLA/boletinlegal/ HTTP/1.1" 200 59404
114.119.135.107 - - [01/Jan/2023:21:28:53 -0500] "GET /Publicaciones/2020EE221833.pdf HTTP/1.1" 404 228
201.245.192.253 - - [01/Jan/2023:21:29:36 -0500] "POST /kwsrmcab/Wsrmcab HTTP/1.1" 200 44212
201.245.192.253 - - [01/Jan/2023:21:29:39 -0500] "POST /kwsrmcab/Wsrmcab HTTP/1.1" 200 44061
201.245.192.253 - - [01/Jan/2023:21:29:50 -0500] "POST /kwsrmcab/Wsrmcab  HTTP/1.1" 200 44193
216.245.221.92 - - [01/Jan/2023:21:29:55 -0500] "HEAD / HTTP/1.1" 200 -
186.102.61.93 - - [01/Jan/2023:21:30:08 -0500] "GET /kwssiamovil/sm/acme/a?s=U2FsdGVkX1+MjnZ6T0y2Tuel9FVaz8qMJtriP7haKTUGWaGrEOEfnQYtV5AAC2dOs1W1Q0kiS89O7XDYKsJAttPFr1rfp6rZMA87DQisYHf/4l3LcZrzqzPTE7lJzJnetaELcHErvR2tqsPZ7r3zJEF/A9XSuuRBsOZCzb3sGr1SYN8d0wocYnFzdMCLcClTNz80z90z2OmSvzewA+ke9kTkljrpqbdBueHBPlO7Xh9H20elQqOiOmGf5zQ6NsW0qHqyTXqB7Ig7Q9j+yNi6kQ==&u=U2FsdGVkX19rXdPyUechtKE1UsPUGnanHf+93afZqvo=&y=U2FsdGVkX1/3eKc2tlZZU/rvOrXoCz/Wa3WQO1ZdxTyAltcBNl9DX2u1OoRzetVe HTTP/1.1" 200 26
186.102.61.93 - - [01/Jan/2023:21:30:09 -0500] "GET /kwssiamovil/sm/acme/a?s=U2FsdGVkX1/CGtKt5NhvVRpckn/crCgIwHk8PIX477DbSsV3EbigczDmaszoE/1t3OcLXfrvr1lwk/bvcMzn6d5TJ20xvLDCDqmx569P55UfMKlcuVTGRuKYJ1ZlKSOnsD8XnmBeiVObx2zl5dHW+Z/NfY9gLP5iN5Z3gmwqw5Q4zPbRv18mxNI4DJP0zCqKFgLbyMLma+HufPJSuq8/fgsCZ3d/veE/ieBn27hbNvGIKSAeEPp5mJda90nGyVhOTaJoUZX2sWy+AXgLfZLadiTC2hofWu03+vhq+y7BaGlhhvsLsDrs/DC2sN2Cv8iFmk6PoH10ryGTHUtQTdx8ziDaE7RF6/SNJIwGhHhVMzKBNmYByAfsxJdjgFEzWrBd0TusuRzTtuyRArUI8/fatkd96Xkls3fyqGuV2kq4dXI30/mdkEFmleaeX0X9lzxyclY/hJfhxjkMjzeBjrg6N1YFimy1eIgDU3zRTReLgJIZEWJysAwvKICyxcq02qMPau6IN1QlLPYpliqrDf2aa5ltSxwF8oPaumxepDRbX/6d2jhK+cppoBr6UHEuxSzzIH1eW/oIlPj+HDkAuLdxkul+fl2q8whcbnGz4xoUuuyD4yAcKAxX2rL6hzEHHvb4ZdxBU6WqSBB7GpcpcMZprcJAuUyEn3Gy2siw65JPUzKa8/CCT2q/LGzl9ryoX40qvaxMfr+Kc06qw54aYHw9oGZxSXiBPgoEVPUrrRyTYLZjLMMO1/jgYtIPZHtSqi15DNCrBxcoolYviYD8+K1XCl1SMnHVxVDykYclhfQa8u1TFqeTkDCdW4ZkD1hPVYdgTlsgrDKeecUp8oaQUqw6SjKetaqEqEpXgVl7xmcIExKmgEMGV6D9NoupCchk/CCWdIYpY5ngLL8+DI9k2kDma9VWVmWLxkNfZ2NoI4hc/fTUJQexWpWyE/eNPsavrip7tOZW1zPQTB7D2CS6L/0SVt4NvB0QE/x6EolYUpkQtCuvEZdwtzkyS84FolKZGqJCgfGnnGvbgXIC3rxowRtbx4FmAYAhGyhpDFRHSYksyQKnLUleeCbwyE53+6zjzzEofKl4Y3Td1oB+iAB5t6o+sgKZYfZznPYwVCbQE/S99Sm56yL4JOjRRshLxTFNWhV8ywKkbUwbcqafzjmF2u8pdeDKui6cjQ1mJtxxAeYLr6Zjcl2KhOZFmTr48VdGXRr47cg0TGJz16h9C955V91ZJRprV00Pg3imHixMbfMe/TvUijeH8CHynKS9Kg3/7eVDDg2trmVUqk9BXD90YzK0moBQlr29f6SE5I1l4Ob2u+xLHBfHVglWaVCxTh6HYdqAAAUSfDoK6zUS1IJaSRAyJZfQvchNrQ01oiB1d6xmEsckj7J4v9urhrUMXQx1N1uUKRnZaWdlzfYeigE5JBIrcJgIYR3goGG+kB29sbbsAiEEC5NhvM4x7ze+xu+lBhFE&u=U2FsdGVkX19rXdPyUechtKE1UsPUGnanHf+93afZqvo=&y=U2FsdGVkX1/3eKc2tlZZU/rvOrXoCz/Wa3WQO1ZdxTyAltcBNl9DX2u1OoRzetVe HTTP/1.1" 200 26
186.102.61.93 - - [01/Jan/2023:21:30:09 -0500] "GET /kwssiamovil/sm/acme/a?s=U2FsdGVkX18R3uE8UGuB8YPZKjOllKrowD589E3cgorqiEUo+aB8/1rKVk/szeBgsg8lmphNEvIhGEbn6ApTvOHXe7CFndCJlqFM14xQq0xIPMZ0nXXDx5skWlcSxx72q0gowWvyMlhd0Eqx1RfpQU+EMIJ26UNnYoIRzJHMIOk=&u=U2FsdGVkX19rXdPyUechtKE1UsPUGnanHf+93afZqvo=&y=U2FsdGVkX1/3eKc2tlZZU/rvOrXoCz/Wa3WQO1ZdxTyAltcBNl9DX2u1OoRzetVe HTTP/1.1" 200 26
186.102.61.93 - - [01/Jan/2023:21:30:09 -0500] "GET /kwssiamovil/sm/acme/a?s=U2FsdGVkX1+/Dgk1lTN3h7pKNuTJckMqXEflsaRxiE5pJ7DS1G8lv2gJcm/Y7Buk4W2X+m8sNWXQw7qFrw3dzYd7UiJR2I4cBtvnfTg2Ji1FWpKlyrKz+pU46t+bNbg8ONvKJyb0i8CGlYY9fjZcKNiSoZYjqdZclLrBAy1QlhA=&u=U2FsdGVkX19rXdPyUechtKE1UsPUGnanHf+93afZqvo=&y=U2FsdGVkX1/3eKc2tlZZU/rvOrXoCz/Wa3WQO1ZdxTyAltcBNl9DX2u1OoRzetVe HTTP/1.1" 200 26
186.102.61.93 - - [01/Jan/2023:21:30:09 -0500] "GET /kwssiamovil/sm/acme/a?s=U2FsdGVkX1+naQCVq5aWHlD/0crU6+VhxOXcW8zhCPgVSFu6baXjejZU0KXJytDQdxY4s0VV8VduLjLkNNoFEnY/aaLVqZNareiVhf9rSqUQpPyRkaPzMIFgYiqN3b0xtMyvpbmPZW5HVNnk9t9XHDRhikjZ9Oy6d0N1dsGSjvo=&u=U2FsdGVkX19rXdPyUechtKE1UsPUGnanHf+93afZqvo=&y=U2FsdGVkX1/3eKc2tlZZU/rvOrXoCz/Wa3WQO1ZdxTyAltcBNl9DX2u1OoRzetVe HTTP/1.1" 200 26
186.102.61.93 - - [01/Jan/2023:21:30:10 -0500] "GET /kwssiamovil/sm/acme/a?s=U2FsdGVkX189xDlJd2+oay3yVO3o1usaXFpBFAdShjK+THVUOg+PJvzaSOFXpZIJjZCDd8vzmkVoZl2CxAYGivADZmOfUgqS0ES8Uu6MF200Fe4SZYHxu8J625C5XZAykqXeq09aTsoEOoqMlO7/13YwvYDOElIenIkxvGPoo/sLviUa0uC0czqZWcWl2hPXAjsbLYCyjdYDOeWaDPQ+GA==&u=U2FsdGVkX19rXdPyUechtKE1UsPUGnanHf+93afZqvo=&y=U2FsdGVkX1/3eKc2tlZZU/rvOrXoCz/Wa3WQO1ZdxTyAltcBNl9DX2u1OoRzetVe HTTP/1.1" 200 26
114.119.142.7 - - [01/Jan/2023:21:30:24 -0500] "GET /BLA/resoluciones/AUTOS%202015/1451.pdf HTTP/1.1" 200 764547
172.22.2.4 - - [01/Jan/2023:21:30:51 -0500] "GET /BLA/boletinlegal/Circulares/2011/Circular%20No.%203%20del%2016%20de%20Junio%20de%202011.pdf HTTP/1.1" 304 -
114.119.129.24 - - [01/Jan/2023:21:31:49 -0500] "GET /BLA/resoluciones/AUTOS%202014/7362.pdf HTTP/1.1" 200 537615
172.22.2.4 - - [01/Jan/2023:21:31:56 -0500] "HEAD /BLA/boletinlegal/ HTTP/1.1" 200 -
114.119.129.191 - - [01/Jan/2023:21:33:40 -0500] "GET /BLA/resoluciones/AUTOS%202014/6950.pdf HTTP/1.1" 200 272952
172.22.2.4 - - [01/Jan/2023:21:32:46 -0500] "GET /BLA/boletinlegal/ HTTP/1.1" 200 56825
