172.22.2.4 - - [01/Jan/2023:07:50:18 -0500] "GET /BLA/boletinlegal/ HTTP/1.1" 200 57192
201.245.192.253 - - [01/Jan/2023:07:53:08 -0500] "POST /kwsrmcab/Wsrmcab  HTTP/1.1" 200 44193
216.245.221.92 - - [01/Jan/2023:07:54:57 -0500] "HEAD / HTTP/1.1" 200 -
168.119.252.243 - - [01/Jan/2023:07:55:52 -0500] "GET / HTTP/1.1" 200 319
172.22.2.4 - - [01/Jan/2023:07:55:18 -0500] "HEAD /BLA/boletinlegal/ HTTP/1.1" 200 -
172.22.2.4 - - [01/Jan/2023:07:56:08 -0500] "GET /BLA/boletinlegal/ HTTP/1.1" 200 57192
201.245.192.253 - - [01/Jan/2023:07:58:06 -0500] "POST /kwsrmcab/Wsrmcab  HTTP/1.1" 200 44193
216.245.221.92 - - [01/Jan/2023:07:59:57 -0500] "HEAD / HTTP/1.1" 200 -
185.119.81.100 - - [01/Jan/2023:08:00:14 -0500] "GET /portaldeninos/wp-login.php HTTP/1.1" 200 2592
185.119.81.100 - - [01/Jan/2023:08:00:15 -0500] "POST /portaldeninos/wp-login.php HTTP/1.1" 200 3670
172.22.2.4 - - [01/Jan/2023:08:01:08 -0500] "HEAD /BLA/boletinlegal/ HTTP/1.1" 200 -
220.181.108.147 - - [01/Jan/2023:08:02:54 -0500] "GET /galeria/galeria/fotos/1humedal-Burro1P.jpg HTTP/1.1" 200 7921
201.245.192.253 - - [01/Jan/2023:08:03:05 -0500] "POST /kwsrmcab/Wsrmcab  HTTP/1.1" 200 44193
172.22.2.4 - - [01/Jan/2023:08:01:58 -0500] "GET /BLA/boletinlegal/ HTTP/1.1" 200 53739
216.245.221.92 - - [01/Jan/2023:08:04:57 -0500] "HEAD / HTTP/1.1" 200 -
157.55.39.212 - - [01/Jan/2023:08:05:34 -0500] "GET / HTTP/1.1" 200 319
201.245.192.253 - - [01/Jan/2023:08:08:04 -0500] "POST /kwsrmcab/Wsrmcab  HTTP/1.1" 200 44193
172.22.2.4 - - [01/Jan/2023:08:06:58 -0500] "HEAD /BLA/boletinlegal/ HTTP/1.1" 200 -
172.22.2.4 - - [01/Jan/2023:08:07:48 -0500] "GET /BLA/boletinlegal/ HTTP/1.1" 200 57192
216.245.221.92 - - [01/Jan/2023:08:09:57 -0500] "HEAD / HTTP/1.1" 200 -
201.245.192.253 - - [01/Jan/2023:08:13:02 -0500] "POST /kwsrmcab/Wsrmcab  HTTP/1.1" 200 44193
172.22.2.4 - - [01/Jan/2023:08:12:48 -0500] "HEAD /BLA/boletinlegal/ HTTP/1.1" 200 -
216.245.221.92 - - [01/Jan/2023:08:14:57 -0500] "HEAD / HTTP/1.1" 200 -
172.22.2.4 - - [01/Jan/2023:08:13:24 -0500] "GET /BLA/boletinlegal/ HTTP/1.1" 200 45356
172.22.2.4 - - [01/Jan/2023:08:13:38 -0500] "GET /BLA/boletinlegal/ HTTP/1.1" 200 46778
157.55.39.172 - - [01/Jan/2023:08:17:39 -0500] "GET /BLA/resoluciones/RESOLUCIONES%202019/3332.pdf HTTP/1.1" 304 -
201.245.192.253 - - [01/Jan/2023:08:18:01 -0500] "POST /kwsrmcab/Wsrmcab  HTTP/1.1" 200 44193
201.245.192.253 - - [01/Jan/2023:08:19:39 -0500] "POST /kwsrmcab/Wsrmcab HTTP/1.1" 200 40726
201.245.192.253 - - [01/Jan/2023:08:19:41 -0500] "POST /kwsrmcab/Wsrmcab HTTP/1.1" 200 43785
216.245.221.92 - - [01/Jan/2023:08:19:57 -0500] "HEAD / HTTP/1.1" 200 -
172.22.2.4 - - [01/Jan/2023:08:18:38 -0500] "HEAD /BLA/boletinlegal/ HTTP/1.1" 200 -
172.22.2.4 - - [01/Jan/2023:08:19:28 -0500] "GET /BLA/boletinlegal/ HTTP/1.1" 200 52453
201.245.192.253 - - [01/Jan/2023:08:23:01 -0500] "POST /kwsrmcab/Wsrmcab  HTTP/1.1" 200 44193
168.119.52.80 - - [01/Jan/2023:08:24:38 -0500] "GET / HTTP/1.1" 200 319
216.245.221.92 - - [01/Jan/2023:08:24:57 -0500] "HEAD / HTTP/1.1" 200 -
172.22.2.4 - - [01/Jan/2023:08:24:28 -0500] "HEAD /BLA/boletinlegal/ HTTP/1.1" 200 -
172.22.2.4 - - [01/Jan/2023:08:25:37 -0500] "GET /BLA/boletinlegal/ HTTP/1.1" 200 28619
172.22.2.4 - - [01/Jan/2023:08:25:18 -0500] "GET /BLA/boletinlegal/ HTTP/1.1" 200 43662
201.245.192.253 - - [01/Jan/2023:08:27:59 -0500] "POST /kwsrmcab/Wsrmcab  HTTP/1.1" 200 44193
201.245.192.253 - - [01/Jan/2023:08:29:39 -0500] "POST /kwsrmcab/Wsrmcab HTTP/1.1" 200 40726
201.245.192.253 - - [01/Jan/2023:08:29:41 -0500] "POST /kwsrmcab/Wsrmcab HTTP/1.1" 200 43785
216.245.221.92 - - [01/Jan/2023:08:29:57 -0500] "HEAD / HTTP/1.1" 200 -
185.119.81.100 - - [01/Jan/2023:08:31:01 -0500] "GET /portaldeninos/wp-login.php HTTP/1.1" 200 2592
185.119.81.100 - - [01/Jan/2023:08:31:02 -0500] "POST /portaldeninos/wp-login.php HTTP/1.1" 200 3650
172.22.2.4 - - [01/Jan/2023:08:30:18 -0500] "HEAD /BLA/boletinlegal/ HTTP/1.1" 200 -
172.22.2.4 - - [01/Jan/2023:08:31:08 -0500] "GET /BLA/boletinlegal/ HTTP/1.1" 200 57824
201.245.192.253 - - [01/Jan/2023:08:32:58 -0500] "POST /kwsrmcab/Wsrmcab  HTTP/1.1" 200 44193
66.249.64.17 - - [01/Jan/2023:08:33:21 -0500] "-" 408 -
216.245.221.92 - - [01/Jan/2023:08:34:57 -0500] "HEAD / HTTP/1.1" 200 -
185.119.81.104 - - [01/Jan/2023:08:35:03 -0500] "GET /portaldeninos/wp-login.php HTTP/1.1" 200 2592
185.119.81.104 - - [01/Jan/2023:08:35:04 -0500] "POST /portaldeninos/wp-login.php HTTP/1.1" 200 3670
173.252.95.5 - - [01/Jan/2023:08:35:23 -0500] "GET /images/jardines-verticales-plantas-24-mayo.jpg HTTP/1.1" 200 148288
66.220.149.9 - - [01/Jan/2023:08:36:16 -0500] "GET /images/eficiencia-energetica-11-marzo.jpg HTTP/1.1" 200 46478
69.63.189.118 - - [01/Jan/2023:08:36:34 -0500] "GET /se-viene-la-reciclaton-2022-una-oportunidad-para-que-las-empresas-contribuyan-con-el-medioambiente.html HTTP/1.1" 206 960
173.252.79.14 - - [01/Jan/2023:08:36:35 -0500] "GET /images/rec-21_optimized.jpg HTTP/1.1" 200 143715
172.22.2.4 - - [01/Jan/2023:08:36:08 -0500] "HEAD /BLA/boletinlegal/ HTTP/1.1" 200 -
69.171.249.5 - - [01/Jan/2023:08:37:51 -0500] "GET /quieres-saber-como-ahorrar-energia-en-tu-empresa-secretaria-de-ambiente-lanza-guia-que-te-ayudara.html HTTP/1.1" 206 998
69.171.249.2 - - [01/Jan/2023:08:37:52 -0500] "GET /secretaria-de-ambiente-abre-inscripciones-para-la-ruta-de-emprendimiento-verde-2022.html HTTP/1.1" 206 902
201.245.192.253 - - [01/Jan/2023:08:37:56 -0500] "POST /kwsrmcab/Wsrmcab  HTTP/1.1" 200 44193
172.22.2.4 - - [01/Jan/2023:08:36:58 -0500] "GET /BLA/boletinlegal/ HTTP/1.1" 200 58185
201.245.192.253 - - [01/Jan/2023:08:39:38 -0500] "POST /kwsrmcab/Wsrmcab HTTP/1.1" 200 40726
201.245.192.253 - - [01/Jan/2023:08:39:41 -0500] "POST /kwsrmcab/Wsrmcab HTTP/1.1" 200 43785
216.245.221.92 - - [01/Jan/2023:08:39:57 -0500] "HEAD / HTTP/1.1" 200 -
40.77.167.33 - - [01/Jan/2023:08:41:15 -0500] "GET /catalogoisis/ HTTP/1.1" 200 8575
201.245.192.253 - - [01/Jan/2023:08:42:55 -0500] "POST /kwsrmcab/Wsrmcab  HTTP/1.1" 200 44193
40.77.167.99 - - [01/Jan/2023:08:43:06 -0500] "-" 408 -
172.22.2.4 - - [01/Jan/2023:08:41:58 -0500] "HEAD /BLA/boletinlegal/ HTTP/1.1" 200 -
172.22.2.4 - - [01/Jan/2023:08:42:48 -0500] "GET /BLA/boletinlegal/ HTTP/1.1" 200 49193
172.22.2.4 - - [01/Jan/2023:08:43:54 -0500] "GET /BLA/boletinlegal/ HTTP/1.1" 200 32715
216.245.221.92 - - [01/Jan/2023:08:44:57 -0500] "HEAD / HTTP/1.1" 200 -
69.171.249.22 - - [01/Jan/2023:08:45:37 -0500] "GET /dia-internacional-de-la-tierra-actividades-para-celebrar-esta-fecha-en-bogota.html HTTP/1.1" 206 879
69.171.249.12 - - [01/Jan/2023:08:45:40 -0500] "GET /secretaria-de-ambiente-exalta-a-organizaciones-y-colectivos-en-conmemoracion-del-dia-del-voluntariado-ambiental.html HTTP/1.1" 206 1093
201.245.192.253 - - [01/Jan/2023:08:47:54 -0500] "POST /kwsrmcab/Wsrmcab  HTTP/1.1" 200 44193
114.119.134.116 - - [01/Jan/2023:08:48:00 -0500] "GET /autoliquidacion/index.php?dir=Solicitudes%2Brelacionadas%2Bcon%2Bocupaci%C3%83%C2%AF%C3%82%C2%BF%C3%82%C2%BDn%2Bde%2Bcauce/&sort=size&order=desc HTTP/1.1" 200 6957
172.22.2.4 - - [01/Jan/2023:08:47:48 -0500] "HEAD /BLA/boletinlegal/ HTTP/1.1" 200 -
216.245.221.92 - - [01/Jan/2023:08:49:57 -0500] "HEAD / HTTP/1.1" 200 -
172.22.2.4 - - [01/Jan/2023:08:48:38 -0500] "GET /BLA/boletinlegal/ HTTP/1.1" 200 52942
201.245.192.253 - - [01/Jan/2023:08:52:53 -0500] "POST /kwsrmcab/Wsrmcab  HTTP/1.1" 200 44193
185.119.81.104 - - [01/Jan/2023:08:54:49 -0500] "GET /portaldeninos/wp-login.php HTTP/1.1" 200 2592
185.119.81.104 - - [01/Jan/2023:08:54:50 -0500] "POST /portaldeninos/wp-login.php HTTP/1.1" 200 3605
216.245.221.92 - - [01/Jan/2023:08:54:57 -0500] "HEAD / HTTP/1.1" 200 -
172.22.2.4 - - [01/Jan/2023:08:53:38 -0500] "HEAD /BLA/boletinlegal/ HTTP/1.1" 200 -
172.22.2.4 - - [01/Jan/2023:08:54:28 -0500] "GET /BLA/boletinlegal/ HTTP/1.1" 200 59404
201.245.192.253 - - [01/Jan/2023:08:57:52 -0500] "POST /kwsrmcab/Wsrmcab  HTTP/1.1" 200 44193
216.245.221.92 - - [01/Jan/2023:08:59:57 -0500] "HEAD / HTTP/1.1" 200 -
207.46.13.198 - - [01/Jan/2023:09:01:06 -0500] "GET /BLA/resoluciones/RESOLUCIONES%202014/3881.pdf HTTP/1.1" 304 -
172.22.2.4 - - [01/Jan/2023:08:59:28 -0500] "HEAD /BLA/boletinlegal/ HTTP/1.1" 200 -
172.22.2.4 - - [01/Jan/2023:09:00:18 -0500] "GET /BLA/boletinlegal/ HTTP/1.1" 200 57192
201.245.192.253 - - [01/Jan/2023:09:02:51 -0500] "POST /kwsrmcab/Wsrmcab  HTTP/1.1" 200 44193
69.171.249.116 - - [01/Jan/2023:09:03:37 -0500] "GET /images/cr\xc3\xb3nica-29-nov-1_optimized.jpeg HTTP/1.1" 404 1034
207.46.13.192 - - [01/Jan/2023:09:03:41 -0500] "GET /BLA/resoluciones/RESOLUCIONES%202014/1911.pdf HTTP/1.1" 304 -
216.245.221.92 - - [01/Jan/2023:09:04:57 -0500] "HEAD / HTTP/1.1" 200 -
172.22.2.4 - - [01/Jan/2023:09:05:36 -0500] "GET /BLA/boletinlegal/ab2g HTTP/1.1" 404 1018
172.22.2.4 - - [01/Jan/2023:09:05:36 -0500] "GET /BLA/boletinlegal/ab2h HTTP/1.1" 404 1018
172.22.2.4 - - [01/Jan/2023:09:05:38 -0500] "GET /BLA/boletinlegal/ HTTP/1.1" 200 24523
172.22.2.4 - - [01/Jan/2023:09:05:18 -0500] "HEAD /BLA/boletinlegal/ HTTP/1.1" 200 -
172.22.2.4 - - [01/Jan/2023:09:05:23 -0500] "GET /BLA/boletinlegal/index.php HTTP/1.1" 200 44920
172.22.2.4 - - [01/Jan/2023:09:06:08 -0500] "GET /BLA/boletinlegal/ HTTP/1.1" 200 51248
201.245.192.253 - - [01/Jan/2023:09:07:50 -0500] "POST /kwsrmcab/Wsrmcab  HTTP/1.1" 200 44193
40.77.167.12 - - [01/Jan/2023:09:08:27 -0500] "GET /BLA/resoluciones/RESOLUCIONES%202000/2000%20700-749.tif HTTP/1.1" 200 4710687
216.245.221.92 - - [01/Jan/2023:09:09:57 -0500] "HEAD / HTTP/1.1" 200 -
172.22.2.4 - - [01/Jan/2023:09:11:08 -0500] "HEAD /BLA/boletinlegal/ HTTP/1.1" 200 -
201.245.192.253 - - [01/Jan/2023:09:12:49 -0500] "POST /kwsrmcab/Wsrmcab  HTTP/1.1" 200 44193
172.22.2.4 - - [01/Jan/2023:09:11:58 -0500] "GET /BLA/boletinlegal/ HTTP/1.1" 200 57192
216.245.221.92 - - [01/Jan/2023:09:14:57 -0500] "HEAD / HTTP/1.1" 200 -
185.119.81.100 - - [01/Jan/2023:09:15:58 -0500] "GET /portaldeninos/wp-login.php HTTP/1.1" 200 2592
185.119.81.100 - - [01/Jan/2023:09:15:59 -0500] "POST /portaldeninos/wp-login.php HTTP/1.1" 200 3650
201.245.192.253 - - [01/Jan/2023:09:17:48 -0500] "POST /kwsrmcab/Wsrmcab  HTTP/1.1" 200 44193
66.249.64.17 - - [01/Jan/2023:09:18:21 -0500] "-" 408 -
172.22.2.4 - - [01/Jan/2023:09:16:58 -0500] "HEAD /BLA/boletinlegal/ HTTP/1.1" 200 -
172.22.2.4 - - [01/Jan/2023:09:17:48 -0500] "GET /BLA/boletinlegal/ HTTP/1.1" 200 52079
201.245.192.253 - - [01/Jan/2023:09:19:38 -0500] "POST /kwsrmcab/Wsrmcab HTTP/1.1" 200 41514
201.245.192.253 - - [01/Jan/2023:09:19:41 -0500] "POST /kwsrmcab/Wsrmcab HTTP/1.1" 200 43648
216.245.221.92 - - [01/Jan/2023:09:19:57 -0500] "HEAD / HTTP/1.1" 200 -
172.22.2.4 - - [01/Jan/2023:09:22:07 -0500] "GET /BLA/boletinlegal/Directivas/2009/Directiva%20No.%20del%2023%20de%20Diciembre%20de%202009.pdf HTTP/1.1" 200 1636862
64.124.8.30 - - [01/Jan/2023:09:22:17 -0500] "GET /galeria/galeria/fotos/Entrenube4P.jpg HTTP/1.1" 200 10881
64.124.8.30 - - [01/Jan/2023:09:22:17 -0500] "GET /galeria/galeria/fotos/Humedal-la-Isla2P.jpg HTTP/1.1" 200 13603
64.124.8.30 - - [01/Jan/2023:09:22:17 -0500] "GET /galeria/galeria/fotos/Huemdal-el-Tunjo3P.jpg HTTP/1.1" 200 20644
64.124.8.30 - - [01/Jan/2023:09:22:18 -0500] "GET /galeria/galeria/fotos/MeandrodelSay3g.jpg HTTP/1.1" 200 365658
64.124.8.30 - - [01/Jan/2023:09:22:34 -0500] "GET /desprendiblespago/images/logo_bogota_p.jpg HTTP/1.1" 200 48415
201.245.192.253 - - [01/Jan/2023:09:22:47 -0500] "POST /kwsrmcab/Wsrmcab  HTTP/1.1" 200 44193
172.22.2.4 - - [01/Jan/2023:09:22:48 -0500] "HEAD /BLA/boletinlegal/ HTTP/1.1" 200 -
192.109.145.231 - - [01/Jan/2023:09:24:33 -0500] "GET /galeria/nivo-slider/demo/images/bannerlumina2017web.jpg HTTP/1.1" 304 -
216.245.221.92 - - [01/Jan/2023:09:24:57 -0500] "HEAD / HTTP/1.1" 200 -
172.22.2.4 - - [01/Jan/2023:09:23:38 -0500] "GET /BLA/boletinlegal/ HTTP/1.1" 200 57192
201.245.192.253 - - [01/Jan/2023:09:27:46 -0500] "POST /kwsrmcab/Wsrmcab  HTTP/1.1" 200 44193
201.245.192.253 - - [01/Jan/2023:09:29:39 -0500] "POST /kwsrmcab/Wsrmcab HTTP/1.1" 200 41514
201.245.192.253 - - [01/Jan/2023:09:29:41 -0500] "POST /kwsrmcab/Wsrmcab HTTP/1.1" 200 43648
157.55.39.194 - - [01/Jan/2023:09:29:55 -0500] "GET /Publicaciones/2022EE20058.pdf HTTP/1.1" 404 227
216.245.221.92 - - [01/Jan/2023:09:29:57 -0500] "HEAD / HTTP/1.1" 200 -
185.119.81.104 - - [01/Jan/2023:09:30:08 -0500] "GET /portaldeninos/wp-login.php HTTP/1.1" 200 2592
185.119.81.104 - - [01/Jan/2023:09:30:09 -0500] "POST /portaldeninos/wp-login.php HTTP/1.1" 200 3605
172.22.2.4 - - [01/Jan/2023:09:28:38 -0500] "HEAD /BLA/boletinlegal/ HTTP/1.1" 200 -
209.141.40.109 - - [01/Jan/2023:09:30:21 -0500] "GET / HTTP/1.1" 200 319
172.22.2.4 - - [01/Jan/2023:09:29:28 -0500] "GET /BLA/boletinlegal/ HTTP/1.1" 200 59404
207.46.13.192 - - [01/Jan/2023:09:32:27 -0500] "GET / HTTP/1.1" 200 319
201.245.192.253 - - [01/Jan/2023:09:32:45 -0500] "POST /kwsrmcab/Wsrmcab  HTTP/1.1" 200 44193
216.245.221.92 - - [01/Jan/2023:09:34:57 -0500] "HEAD / HTTP/1.1" 200 -
172.22.2.4 - - [01/Jan/2023:09:34:28 -0500] "HEAD /BLA/boletinlegal/ HTTP/1.1" 200 -
172.22.2.4 - - [01/Jan/2023:09:35:18 -0500] "GET /BLA/boletinlegal/ HTTP/1.1" 200 56474
201.245.192.253 - - [01/Jan/2023:09:37:43 -0500] "POST /kwsrmcab/Wsrmcab  HTTP/1.1" 200 44193
201.245.192.253 - - [01/Jan/2023:09:39:38 -0500] "POST /kwsrmcab/Wsrmcab HTTP/1.1" 200 41514
201.245.192.253 - - [01/Jan/2023:09:39:41 -0500] "POST /kwsrmcab/Wsrmcab HTTP/1.1" 200 43648
216.245.221.92 - - [01/Jan/2023:09:39:57 -0500] "HEAD / HTTP/1.1" 200 -
172.22.2.4 - - [01/Jan/2023:09:40:18 -0500] "HEAD /BLA/boletinlegal/ HTTP/1.1" 200 -
201.245.192.253 - - [01/Jan/2023:09:42:42 -0500] "POST /kwsrmcab/Wsrmcab  HTTP/1.1" 200 44193
172.22.2.4 - - [01/Jan/2023:09:41:08 -0500] "GET /BLA/boletinlegal/ HTTP/1.1" 200 52453
94.102.61.10 - - [01/Jan/2023:09:43:29 -0500] "GET /portaldeninos/ HTTP/1.1" 200 14393
216.245.221.92 - - [01/Jan/2023:09:44:57 -0500] "HEAD / HTTP/1.1" 200 -
114.119.134.35 - - [01/Jan/2023:09:45:19 -0500] "GET /portaldeninos/wp-content/uploads/2020/01/Fauna-gif.gif HTTP/1.1" 200 3779027
201.245.192.253 - - [01/Jan/2023:09:47:40 -0500] "POST /kwsrmcab/Wsrmcab  HTTP/1.1" 200 44193
172.22.2.4 - - [01/Jan/2023:09:46:08 -0500] "HEAD /BLA/boletinlegal/ HTTP/1.1" 200 -
172.22.2.4 - - [01/Jan/2023:09:47:02 -0500] "GET /BLA/boletinlegal/ HTTP/1.1" 200 32715
172.22.2.4 - - [01/Jan/2023:09:46:58 -0500] "GET /BLA/boletinlegal/ HTTP/1.1" 200 56079
216.245.221.92 - - [01/Jan/2023:09:49:57 -0500] "HEAD / HTTP/1.1" 200 -
27.7.97.86 - - [01/Jan/2023:09:51:05 -0500] "GET / HTTP/1.1" 200 319
172.22.2.4 - - [01/Jan/2023:09:51:10 -0500] "GET /BLA/boletinlegal/a2billing/customer/templates/default/footer.tpl HTTP/1.1" 404 1018
114.119.141.67 - - [01/Jan/2023:09:51:14 -0500] "GET /autoliquidacion/index.php?dir=RECEPCI%C3%83%C2%83%C3%82%C2%83%C3%83%C2%82%C3%82%C2%83%C3%83%C2%83%C3%82%C2%82%C3%83%C2%82%C3%82%C2%AF%C3%83%C2%83%C3%82%C2%83%C3%83%C2%82%C3%82%C2%82%C3%83%C2%83%C3%82%C2%82%C3%83%C2%82%C3%82%C2%BF%C3%83%C2%83%C3%82%C2%83%C3%83%C2%82%C3%82%C2%82%C3%83%C2%83%C3%82%C2%82%C3%83%C2%82%C3%82%C2%BDN%2BDE%2BPETICIONES%2BPQRSF/&sort=name&order=desc HTTP/1.1" 200 7155
201.245.192.253 - - [01/Jan/2023:09:51:23 -0500] "GET /sipse/faces/index.xhtml HTTP/1.1" 200 677
201.245.192.253 - - [01/Jan/2023:09:51:23 -0500] "GET /sipse/faces/javax.faces.resource/theme.css?ln=primefaces-sipse HTTP/1.1" 304 -
201.245.192.253 - - [01/Jan/2023:09:51:24 -0500] "GET /sipse/faces/faces/autenticacion.xhtml HTTP/1.1" 200 12178
201.245.192.253 - - [01/Jan/2023:09:51:24 -0500] "GET /sipse/css/custom_css_sg.css HTTP/1.1" 200 9694
201.245.192.253 - - [01/Jan/2023:09:51:24 -0500] "GET /sipse/faces/javax.faces.resource/theme.css?ln=primefaces-sipse HTTP/1.1" 304 -
201.245.192.253 - - [01/Jan/2023:09:51:24 -0500] "GET /sipse/faces/javax.faces.resource/layout/layout.css?ln=primefaces&v=4.0 HTTP/1.1" 200 542
201.245.192.253 - - [01/Jan/2023:09:51:24 -0500] "GET /sipse/faces/javax.faces.resource/jquery/jquery.js?ln=primefaces&v=4.0 HTTP/1.1" 304 -
201.245.192.253 - - [01/Jan/2023:09:51:24 -0500] "GET /sipse/faces/javax.faces.resource/jquery/jquery-plugins.js?ln=primefaces&v=4.0 HTTP/1.1" 304 -
201.245.192.253 - - [01/Jan/2023:09:51:24 -0500] "GET /sipse/faces/javax.faces.resource/primefaces.js?ln=primefaces&v=4.0 HTTP/1.1" 304 -
201.245.192.253 - - [01/Jan/2023:09:51:24 -0500] "GET /sipse/faces/javax.faces.resource/layout/layout.js?ln=primefaces&v=4.0 HTTP/1.1" 304 -
201.245.192.253 - - [01/Jan/2023:09:51:24 -0500] "GET /sipse/faces/javax.faces.resource/primefaces.css?ln=primefaces&v=4.0 HTTP/1.1" 200 53295
201.245.192.253 - - [01/Jan/2023:09:51:24 -0500] "GET /sipse/faces/javax.faces.resource/images/ui-icons_898989_256x240.png?ln=primefaces-aristo HTTP/1.1" 200 5355
201.245.192.253 - - [01/Jan/2023:09:51:24 -0500] "GET /sipse/css/imagen/loginimg.png HTTP/1.1" 200 21242
201.245.192.253 - - [01/Jan/2023:09:51:24 -0500] "GET /sipse/css/imagen/logoSDG.png HTTP/1.1" 200 33074
201.245.192.253 - - [01/Jan/2023:09:51:26 -0500] "POST /sipse/faces/autenticacion.xhtml HTTP/1.1" 200 11820
201.245.192.253 - - [01/Jan/2023:09:51:26 -0500] "GET /sipse/css/custom_css_sg_prime.css HTTP/1.1" 200 5201
201.245.192.253 - - [01/Jan/2023:09:51:26 -0500] "GET /sipse/faces/javax.faces.resource/jquery/jquery.js?ln=primefaces&v=4.0 HTTP/1.1" 304 -
201.245.192.253 - - [01/Jan/2023:09:51:26 -0500] "GET /sipse/faces/javax.faces.resource/jquery/jquery-plugins.js?ln=primefaces&v=4.0 HTTP/1.1" 304 -
201.245.192.253 - - [01/Jan/2023:09:51:26 -0500] "GET /sipse/faces/javax.faces.resource/primefaces.js?ln=primefaces&v=4.0 HTTP/1.1" 304 -
201.245.192.253 - - [01/Jan/2023:09:51:26 -0500] "GET /sipse/faces/javax.faces.resource/layout/layout.js?ln=primefaces&v=4.0 HTTP/1.1" 304 -
201.245.192.253 - - [01/Jan/2023:09:51:27 -0500] "GET /sipse/faces/javax.faces.resource/messages/messages.png?ln=primefaces&v=4.0 HTTP/1.1" 200 27209
201.245.192.253 - - [01/Jan/2023:09:52:39 -0500] "POST /kwsrmcab/Wsrmcab  HTTP/1.1" 200 44193
172.22.2.4 - - [01/Jan/2023:09:51:58 -0500] "HEAD /BLA/boletinlegal/ HTTP/1.1" 200 -
172.22.2.4 - - [01/Jan/2023:09:52:48 -0500] "GET /BLA/boletinlegal/ HTTP/1.1" 200 57192
216.245.221.92 - - [01/Jan/2023:09:54:57 -0500] "HEAD / HTTP/1.1" 200 -
172.22.2.4 - - [01/Jan/2023:09:55:32 -0500] "GET /BLA/boletinlegal/robots.txt HTTP/1.1" 404 1037
172.22.2.4 - - [01/Jan/2023:09:55:33 -0500] "GET /BLA/boletinlegal/robots.txt HTTP/1.1" 404 1037
40.77.167.25 - - [01/Jan/2023:09:56:30 -0500] "GET /BLA/resoluciones/RESOLUCIONES%202020/2609.pdf HTTP/1.1" 304 -
172.22.2.4 - - [01/Jan/2023:09:55:33 -0500] "GET /BLA/boletinlegal/index.php HTTP/1.1" 200 62423
201.245.192.253 - - [01/Jan/2023:09:57:38 -0500] "POST /kwsrmcab/Wsrmcab  HTTP/1.1" 200 44193
172.22.2.4 - - [01/Jan/2023:09:57:48 -0500] "HEAD /BLA/boletinlegal/ HTTP/1.1" 200 -
216.245.221.92 - - [01/Jan/2023:09:59:57 -0500] "HEAD / HTTP/1.1" 200 -
172.22.2.4 - - [01/Jan/2023:09:58:38 -0500] "GET /BLA/boletinlegal/ HTTP/1.1" 200 52079
114.119.135.83 - - [01/Jan/2023:10:00:58 -0500] "GET /BLA/resoluciones/index.php?dir=RESOLUCIONES%2B2000/&sort=name&order=asc HTTP/1.1" 200 13709
40.77.167.25 - - [01/Jan/2023:10:01:19 -0500] "GET /BLA/resoluciones/RESOLUCIONES%202007/RES%202007%204001%20AL%204100/RESOLUCION%204090%20DE%202007.pdf HTTP/1.1" 304 -
201.245.192.253 - - [01/Jan/2023:10:02:37 -0500] "POST /kwsrmcab/Wsrmcab  HTTP/1.1" 200 44193
66.249.64.17 - - [01/Jan/2023:10:03:21 -0500] "-" 408 -
52.139.154.151 - - [01/Jan/2023:10:04:05 -0500] "GET / HTTP/1.1" 200 319
216.245.221.92 - - [01/Jan/2023:10:04:57 -0500] "HEAD / HTTP/1.1" 200 -
114.119.158.36 - - [01/Jan/2023:10:04:56 -0500] "GET /BLA/resoluciones/index.php?dir=AUTOS%2B2004/&sort=name&order=desc HTTP/1.1" 200 13687
172.22.2.4 - - [01/Jan/2023:10:03:38 -0500] "HEAD /BLA/boletinlegal/ HTTP/1.1" 200 -
201.245.192.253 - - [01/Jan/2023:10:05:21 -0500] "POST /sipse/faces/presentacion/sistema/seguridad/seleccionRol.xhtml HTTP/1.1" 200 6258
201.245.192.253 - - [01/Jan/2023:10:05:29 -0500] "POST /sipse/faces/presentacion/sistema/seguridad/seleccionRol.xhtml HTTP/1.1" 200 18731
201.245.192.253 - - [01/Jan/2023:10:05:30 -0500] "GET /sipse/faces/javax.faces.resource/jquery/jquery.js?ln=primefaces&v=4.0 HTTP/1.1" 304 -
201.245.192.253 - - [01/Jan/2023:10:05:30 -0500] "GET /sipse/faces/javax.faces.resource/jquery/jquery-plugins.js?ln=primefaces&v=4.0 HTTP/1.1" 304 -
201.245.192.253 - - [01/Jan/2023:10:05:30 -0500] "GET /sipse/faces/javax.faces.resource/primefaces.js?ln=primefaces&v=4.0 HTTP/1.1" 304 -
201.245.192.253 - - [01/Jan/2023:10:05:30 -0500] "GET /sipse/faces/javax.faces.resource/layout/layout.js?ln=primefaces&v=4.0 HTTP/1.1" 304 -
201.245.192.253 - - [01/Jan/2023:10:05:30 -0500] "GET /sipse/imagenes/cargando.gif HTTP/1.1" 200 36959
201.245.192.253 - - [01/Jan/2023:10:05:30 -0500] "GET /sipse/css/imagen/contrasena.png HTTP/1.1" 404 383
201.245.192.253 - - [01/Jan/2023:10:05:30 -0500] "GET /sipse/imagenes/logoAplicacion.jpg HTTP/1.1" 200 155084
64.124.8.25 - - [01/Jan/2023:10:05:37 -0500] "GET /BLA/boletinlegal/images/screen_1.png HTTP/1.1" 200 202547
172.22.2.4 - - [01/Jan/2023:10:04:28 -0500] "GET /BLA/boletinlegal/ HTTP/1.1" 200 57192
201.245.192.253 - - [01/Jan/2023:10:07:36 -0500] "POST /kwsrmcab/Wsrmcab  HTTP/1.1" 200 44193
114.119.156.144 - - [01/Jan/2023:10:07:52 -0500] "GET /BLA/resoluciones/RESOLUCIONES%202019/3643.pdf HTTP/1.1" 200 9942149
201.245.192.253 - - [01/Jan/2023:10:07:57 -0500] "GET /sipsesda/ HTTP/1.1" 302 201
185.119.81.100 - - [01/Jan/2023:10:08:02 -0500] "GET /portaldeninos/wp-login.php HTTP/1.1" 200 2592
185.119.81.100 - - [01/Jan/2023:10:08:03 -0500] "POST /portaldeninos/wp-login.php HTTP/1.1" 200 3605
201.245.192.253 - - [01/Jan/2023:10:08:49 -0500] "GET /sipse/faces/javax.faces.resource/images/ui-bg_flat_0_2d5972_40x100.png?ln=primefaces-aristo HTTP/1.1" 200 183
201.245.192.253 - - [01/Jan/2023:10:08:49 -0500] "POST /sipse/faces/bienvenido.xhtml HTTP/1.1" 200 2055
201.245.192.253 - - [01/Jan/2023:10:08:50 -0500] "POST /sipse/faces/bienvenido.xhtml HTTP/1.1" 200 82857
201.245.192.253 - - [01/Jan/2023:10:09:04 -0500] "GET /sipse/faces/javax.faces.resource/jquery/jquery.js?ln=primefaces&v=4.0 HTTP/1.1" 304 -
201.245.192.253 - - [01/Jan/2023:10:09:04 -0500] "GET /sipse/faces/javax.faces.resource/jquery/jquery-plugins.js?ln=primefaces&v=4.0 HTTP/1.1" 304 -
201.245.192.253 - - [01/Jan/2023:10:09:05 -0500] "GET /sipse/faces/javax.faces.resource/primefaces.js?ln=primefaces&v=4.0 HTTP/1.1" 304 -
201.245.192.253 - - [01/Jan/2023:10:09:05 -0500] "GET /sipse/faces/javax.faces.resource/layout/layout.js?ln=primefaces&v=4.0 HTTP/1.1" 304 -
201.245.192.253 - - [01/Jan/2023:10:09:12 -0500] "POST /sipse/faces/presentacion/proyectos/proyecto/listarProyecto.xhtml HTTP/1.1" 200 4953
201.245.192.253 - - [01/Jan/2023:10:09:13 -0500] "POST /sipse/faces/presentacion/proyectos/proyecto/listarProyecto.xhtml HTTP/1.1" 200 163
201.245.192.253 - - [01/Jan/2023:10:09:14 -0500] "GET /sipse/faces/presentacion/proyectos/proyecto/proyecto.xhtml HTTP/1.1" 200 89355
201.245.192.253 - - [01/Jan/2023:10:09:15 -0500] "GET /sipse/faces/javax.faces.resource/theme.css?ln=primefaces-sipse HTTP/1.1" 304 -
201.245.192.253 - - [01/Jan/2023:10:09:15 -0500] "GET /sipse/faces/javax.faces.resource/layout/layout.css?ln=primefaces&v=4.0 HTTP/1.1" 200 542
201.245.192.253 - - [01/Jan/2023:10:09:15 -0500] "GET /sipse/faces/javax.faces.resource/jquery/jquery.js?ln=primefaces&v=4.0 HTTP/1.1" 304 -
201.245.192.253 - - [01/Jan/2023:10:09:15 -0500] "GET /sipse/faces/javax.faces.resource/jquery/jquery-plugins.js?ln=primefaces&v=4.0 HTTP/1.1" 304 -
201.245.192.253 - - [01/Jan/2023:10:09:15 -0500] "GET /sipse/faces/javax.faces.resource/primefaces.js?ln=primefaces&v=4.0 HTTP/1.1" 304 -
201.245.192.253 - - [01/Jan/2023:10:09:15 -0500] "GET /sipse/faces/javax.faces.resource/layout/layout.js?ln=primefaces&v=4.0 HTTP/1.1" 304 -
201.245.192.253 - - [01/Jan/2023:10:09:15 -0500] "GET /sipse/faces/javax.faces.resource/primefaces.css?ln=primefaces&v=4.0 HTTP/1.1" 200 53295
201.245.192.253 - - [01/Jan/2023:10:09:15 -0500] "GET /sipse/faces/javax.faces.resource/images/ui-icons_898989_256x240.png?ln=primefaces-aristo HTTP/1.1" 200 5355
201.245.192.253 - - [01/Jan/2023:10:09:15 -0500] "GET /favicon.ico HTTP/1.1" 200 7782
201.245.192.253 - - [01/Jan/2023:10:09:15 -0500] "GET /sipse/faces/javax.faces.resource/images/ui-bg_flat_0_2d5972_40x100.png?ln=primefaces-aristo HTTP/1.1" 200 183
201.245.192.253 - - [01/Jan/2023:10:09:15 -0500] "POST /sipse/faces/presentacion/proyectos/proyecto/proyecto.xhtml HTTP/1.1" 200 3265
45.79.181.94 - - [01/Jan/2023:10:09:44 -0500] "\x16\x03\x01" 400 226
201.245.192.253 - - [01/Jan/2023:10:09:48 -0500] "POST /sipse/faces/presentacion/proyectos/proyecto/proyecto.xhtml HTTP/1.1" 200 25345
201.245.192.253 - - [01/Jan/2023:10:09:49 -0500] "GET /sipse/faces/javax.faces.resource/jquery/jquery.js?ln=primefaces&v=4.0 HTTP/1.1" 304 -
201.245.192.253 - - [01/Jan/2023:10:09:49 -0500] "GET /sipse/faces/javax.faces.resource/jquery/jquery-plugins.js?ln=primefaces&v=4.0 HTTP/1.1" 304 -
201.245.192.253 - - [01/Jan/2023:10:09:49 -0500] "GET /sipse/faces/javax.faces.resource/primefaces.js?ln=primefaces&v=4.0 HTTP/1.1" 304 -
201.245.192.253 - - [01/Jan/2023:10:09:49 -0500] "GET /sipse/faces/javax.faces.resource/layout/layout.js?ln=primefaces&v=4.0 HTTP/1.1" 304 -
172.22.2.4 - - [01/Jan/2023:10:09:49 -0500] "GET /BLA/boletinlegal/robots.txt HTTP/1.1" 404 1038
172.22.2.4 - - [01/Jan/2023:10:09:50 -0500] "GET /BLA/boletinlegal/Directivas/2011/Directiva%20No.%205%20del%2029%20de%20Agosto%20de%202011.pdf HTTP/1.1" 304 -
216.245.221.92 - - [01/Jan/2023:10:09:57 -0500] "HEAD / HTTP/1.1" 200 -
201.245.192.253 - - [01/Jan/2023:10:10:17 -0500] "POST /sipse/faces/presentacion/proyectos/proyecto/proyectoAdministrador/editarAdministrador.xhtml HTTP/1.1" 200 89018
201.245.192.253 - - [01/Jan/2023:10:10:18 -0500] "GET /sipse/faces/javax.faces.resource/theme.css?ln=primefaces-sipse HTTP/1.1" 304 -
201.245.192.253 - - [01/Jan/2023:10:10:18 -0500] "GET /sipse/faces/javax.faces.resource/layout/layout.css?ln=primefaces&v=4.0 HTTP/1.1" 200 542
201.245.192.253 - - [01/Jan/2023:10:10:18 -0500] "GET /sipse/faces/javax.faces.resource/primefaces.js?ln=primefaces&v=4.0 HTTP/1.1" 304 -
201.245.192.253 - - [01/Jan/2023:10:10:18 -0500] "GET /sipse/faces/javax.faces.resource/jquery/jquery-plugins.js?ln=primefaces&v=4.0 HTTP/1.1" 304 -
201.245.192.253 - - [01/Jan/2023:10:10:18 -0500] "GET /sipse/faces/javax.faces.resource/jquery/jquery.js?ln=primefaces&v=4.0 HTTP/1.1" 304 -
201.245.192.253 - - [01/Jan/2023:10:10:18 -0500] "GET /sipse/faces/javax.faces.resource/layout/layout.js?ln=primefaces&v=4.0 HTTP/1.1" 304 -
201.245.192.253 - - [01/Jan/2023:10:10:18 -0500] "GET /sipse/faces/javax.faces.resource/primefaces.css?ln=primefaces&v=4.0 HTTP/1.1" 200 53295
201.245.192.253 - - [01/Jan/2023:10:10:18 -0500] "GET /sipse/faces/javax.faces.resource/images/ui-icons_898989_256x240.png?ln=primefaces-aristo HTTP/1.1" 200 5355
201.245.192.253 - - [01/Jan/2023:10:10:18 -0500] "GET /sipse/faces/javax.faces.resource/images/ui-bg_flat_0_2d5972_40x100.png?ln=primefaces-aristo HTTP/1.1" 200 183
201.245.192.253 - - [01/Jan/2023:10:10:18 -0500] "POST /sipse/faces/presentacion/proyectos/proyecto/proyecto.xhtml HTTP/1.1" 200 3265
114.119.156.238 - - [01/Jan/2023:10:10:28 -0500] "GET /BLA/resoluciones/RESOLUCIONES%202017/0444.pdf HTTP/1.1" 200 4131835
172.22.2.4 - - [01/Jan/2023:10:09:28 -0500] "HEAD /BLA/boletinlegal/ HTTP/1.1" 200 -
184.105.247.228 - - [01/Jan/2023:10:11:08 -0500] "GET /favicon.ico HTTP/1.1" 200 7782
186.102.18.21 - - [01/Jan/2023:10:11:34 -0500] "GET /kwssiamovil/sm/ldap/au?x=U2FsdGVkX18f1KDxWd4n1vxqMWK1BfHLZ5HtnTxZ8mXT0AsIpcIhKLmdA+r440X5&y=U2FsdGVkX19jGQGrUXIYl/votd9d6w7YGwi7G9RAec3IaxOzP5Ed/LKprMhvgKyp HTTP/1.1" 200 30
186.102.18.21 - - [01/Jan/2023:10:11:35 -0500] "GET /kwssiamovil/sm/acme/s?s=U2FsdGVkX1/bNzp78qCdpULeTShyrHz57opGtmzWpvn3pdWg4kZkHQl5/s/d/d+kjbGx9cNc7JWEQfuaM4uC60+B93U6enVPQNS9d3nsxJo=&u=U2FsdGVkX1+M9NJzfUb/s5dzuLJXrVnp+c3u7HAp+vM=&y=U2FsdGVkX19jGQGrUXIYl/votd9d6w7YGwi7G9RAec3IaxOzP5Ed/LKprMhvgKyp HTTP/1.1" 200 97
186.102.18.21 - - [01/Jan/2023:10:11:35 -0500] "GET /kwssiamovil/sm/acme/s?s=U2FsdGVkX1/JLu8HrN+a8ebEVJH+pcrzUQlWiSjIIl84rAKY1uR3FHvpXCBKEALYmBxC74+AFcpIOI6qmWnzbAICMmMH6ss2ByVw9DkFrWLE7DxCL12KGUjhk5nY1teJQKNc2RdGReyyEMuLdtBGPSHTfMGdnATkHgITQCmXXNFUWW3QMbVd+B3RGI/FYYXLNOLtVmfap05aVQFn/Youh5yarcHU4vvG9pipfN5shzCWGxb84Fy7r1zYAkCm1a0hiJAPdaEkHOJREhaadqDCiP40utzll/Rl19r2zfe5eY9ctAT+x3X5OkSurIW/gWRmFZiCmPjm08UOPBsc/lP5zEhUoBz5JzIiDaAuL/yyPSkVVHHWyr+p9aTwBollGSz/ma/pMJ//YwS0PTGAJiPyWzz7ndBQulP4Rx2cwgzcpNLyvqOzGkQIDnq1YRustu7MDX6nziDZV68k/4PCOViNLQEjudAEWowN+4YVojTLW9GNpP2+lB1J7buJYYDdZEoYpWGxXBHsEeh7b/p0PRx7BqasXr2ZzSr055ba7l+tli9vRI8WVYWXDZQlotm5axCHVb18qK481kwpUTYdP6/mxx527TnjvvLLeFG2SL0nW437789+JperOHvrY59o2Sh5GjOInky1hEQ9nkTnktcCPvszajMTrrf6ihXpFwoSURZC0TifuNRdUxI0moFYQt+UxuoAoykYmqZjAUNCv0yXnhmPiW3nk79n2G6DNCzkyxDHuElK55c8yW+mP2uMsa+YELJ6NOYzd87lyNtYSPCeN0ntBPFEG7J/SpPDpy3dnMPeDhz2osdt447U3CenvDsJOO8xIKMnVv+fkCf59+uh7a/OiQUnJME8Azbb3Ty8LwyV8R/weti4v/HlQLdiL6g7nEEGGorTjvzlONaxmiLoHk6ShwbDGm3YrynXKtwZmkb+QpQWYMr5k5UJPkO+IzDZVEeyf6lyz7I/JHy9/H6dbl2WJcaBTPBk6+WtFt+KBCXBJ3aOsrUmt0WOkOA1PP7cWpYQHBV/CTGyDVKuQgKlmHwQzpj0S7V4DzB4HITKy4kv48+7wLnUSxEGlwTBaREkTewRaSBOrvjKUdw5xrUljzUIFUrwfsBOZq49oQjsFDsV1ZtB5viMYcgKTn19AlqXRxxXIQ/nVSgJFyHJMivArKmRCZ6/HOKtsT2yf8suGTWC07UhPIZlmdJbhfCwgQo7HGwsrRtJ3ez9/vTwJDoH2MUm9awec0a8BhhMIz5vfIa4aw+C+qy+BYRdu4fdTmFg3SAf5aEeGj2fgEkm38pl3TW3BljPqQ5Bd/N0cRF0Z1mdhk642uqXq32gQH0EQNjID+CQr69Zx7msG7y68D+1QG78J9GXX9dCyTKbqbrVNaytlLO+vvuLu3h/HXEzf1AaOve0iuJlsb4eqv/yYAKqALN7mt2qjgGivwez4xUSwlkCobaym61cPwTOROkhRjyibTk9jBRbi6ZhRB/04PYzvZGNzNY7N0hPrrV2NMzHPOQS8kGLfwxr53VlRrLg/SEEMFyX7U+AF2Zc0s4Sp49hZ4F8DgX+6d6uArHPO0R5/ovZVdMaU3z0MrkgvJt6TCVdXrxCU9lR95oEw3tQPofGcDFM78wqKZOQgqIbCSRcqVeVQ7Kk8VvyalXMrITZDtsGc+xodQfpiQVgDWNqa6Pg/ot9UFQ4nOw6pIFOhYz5XJAbDvBRPI+I79vaBEFwDV7M7OWDu6rSm93E79v0ydrIyiia9svglWpUlEkrt0FycJ8=&u=U2FsdGVkX1+M9NJzfUb/s5dzuLJXrVnp+c3u7HAp+vM=&y=U2FsdGVkX19jGQGrUXIYl/votd9d6w7YGwi7G9RAec3IaxOzP5Ed/LKprMhvgKyp HTTP/1.1" 200 731
186.102.18.21 - - [01/Jan/2023:10:11:35 -0500] "GET /kwssiamovil/sm/acme/s?s=U2FsdGVkX1/ZBtL8W0BRXX8VJN6hKZZs1DbFUMAmtt+Diw3eF49UmLK5Ku3Td2B18ra1m1gI4uEEa6wZtV8HcySs95k6GYqIzNORmIRgN/101cZ22w8zhjT4PtDexOV85HoWf75Ya87claS5FOmD+3kvlMpa3jdsweB6TK3QxAy4dRPnlRB6BXqxniajE0VkS1gQFkQQ0+jhP6PyxR7FL7wz8D1CjRwQA4+FmgfkfrzD3odIuiaHQVBdORRuJ3ZvTI/7f3lNv6NdxeueSKLX/MsAA3EhDrJWVT/QIk8hOVg6rjn1SOXr8J+DoDXwEXJBHeTpbdq1Y8lWV4+Xg4YrrYuUGLaPvVOEnRbVc8rlBCqCwnOu29130LVFTgfqMqKwGgr1s210hMqD5BwL+3Z7xZB3Bn5Mxrq4Z8DcR/H3LzunHHfZwIOFvQFa/peD7EdDSotR63R9fLik+WYG8gw9g13Y1fkb45SCkMQssmhi+4Fz8B3rXKHjBJfjyIrnXl8wX1Q7OTS3v1InhvoFFpiq+3urJ+OnIZY/x/YTgYmTWDyoBvKpJLj11vlcc+gBIoXM59c9n1METbUYVSKR5On2MzmDN30ZEx3LlCIz6NEcyxdSEmBdTED2WFJiPo4m0P4oxgas2gpqtscF5m+mqugZnkd6wvhMFpk0wFT2wcsVXeQkXoO/KGzkYiUudKHGdWVMVI7D1lNlO2yW6dvmnzJmtTFtVv2CJ1quwiOcr4rBdPvezRRyeDuixq2C5iUhUlfm&u=U2FsdGVkX1+M9NJzfUb/s5dzuLJXrVnp+c3u7HAp+vM=&y=U2FsdGVkX19jGQGrUXIYl/votd9d6w7YGwi7G9RAec3IaxOzP5Ed/LKprMhvgKyp HTTP/1.1" 200 208
186.102.18.21 - - [01/Jan/2023:10:11:35 -0500] "GET /kwssiamovil/sm/cjson/pre?f=1&x=U2FsdGVkX18f1KDxWd4n1vxqMWK1BfHLZ5HtnTxZ8mXT0AsIpcIhKLmdA+r440X5 HTTP/1.1" 200 31032
172.22.2.4 - - [01/Jan/2023:10:10:18 -0500] "GET /BLA/boletinlegal/ HTTP/1.1" 200 56079
201.245.192.253 - - [01/Jan/2023:10:12:04 -0500] "POST /sipse/faces/presentacion/proyectos/proyecto/proyecto.xhtml HTTP/1.1" 200 82857
201.245.192.253 - - [01/Jan/2023:10:12:04 -0500] "GET /sipse/faces/javax.faces.resource/jquery/jquery.js?ln=primefaces&v=4.0 HTTP/1.1" 304 -
201.245.192.253 - - [01/Jan/2023:10:12:04 -0500] "GET /sipse/faces/javax.faces.resource/jquery/jquery-plugins.js?ln=primefaces&v=4.0 HTTP/1.1" 304 -
201.245.192.253 - - [01/Jan/2023:10:12:04 -0500] "GET /sipse/faces/javax.faces.resource/primefaces.js?ln=primefaces&v=4.0 HTTP/1.1" 304 -
201.245.192.253 - - [01/Jan/2023:10:12:04 -0500] "GET /sipse/faces/javax.faces.resource/layout/layout.js?ln=primefaces&v=4.0 HTTP/1.1" 304 -
201.245.192.253 - - [01/Jan/2023:10:12:07 -0500] "POST /sipse/faces/presentacion/proyectos/proyecto/listarProyecto.xhtml HTTP/1.1" 200 58392
201.245.192.253 - - [01/Jan/2023:10:12:07 -0500] "POST /sipse/faces/presentacion/proyectos/proyecto/listarProyecto.xhtml HTTP/1.1" 200 4849
201.245.192.253 - - [01/Jan/2023:10:12:10 -0500] "POST /sipse/faces/presentacion/proyectos/proyecto/listarProyecto.xhtml HTTP/1.1" 200 30180
201.245.192.253 - - [01/Jan/2023:10:12:10 -0500] "POST /sipse/faces/presentacion/proyectos/proyecto/listarProyecto.xhtml HTTP/1.1" 200 4965
201.245.192.253 - - [01/Jan/2023:10:12:11 -0500] "POST /sipse/faces/presentacion/proyectos/proyecto/listarProyecto.xhtml HTTP/1.1" 200 4953
201.245.192.253 - - [01/Jan/2023:10:12:12 -0500] "POST /sipse/faces/presentacion/proyectos/proyecto/listarProyecto.xhtml HTTP/1.1" 200 163
201.245.192.253 - - [01/Jan/2023:10:12:12 -0500] "GET /sipse/faces/presentacion/proyectos/proyecto/proyecto.xhtml HTTP/1.1" 200 90849
201.245.192.253 - - [01/Jan/2023:10:12:13 -0500] "GET /sipse/faces/javax.faces.resource/theme.css?ln=primefaces-sipse HTTP/1.1" 304 -
201.245.192.253 - - [01/Jan/2023:10:12:13 -0500] "GET /sipse/faces/javax.faces.resource/jquery/jquery-plugins.js?ln=primefaces&v=4.0 HTTP/1.1" 304 -
201.245.192.253 - - [01/Jan/2023:10:12:13 -0500] "GET /sipse/faces/javax.faces.resource/layout/layout.css?ln=primefaces&v=4.0 HTTP/1.1" 200 542
201.245.192.253 - - [01/Jan/2023:10:12:13 -0500] "GET /sipse/faces/javax.faces.resource/jquery/jquery.js?ln=primefaces&v=4.0 HTTP/1.1" 304 -
201.245.192.253 - - [01/Jan/2023:10:12:13 -0500] "GET /sipse/faces/javax.faces.resource/primefaces.js?ln=primefaces&v=4.0 HTTP/1.1" 304 -
201.245.192.253 - - [01/Jan/2023:10:12:13 -0500] "GET /sipse/faces/javax.faces.resource/layout/layout.js?ln=primefaces&v=4.0 HTTP/1.1" 304 -
201.245.192.253 - - [01/Jan/2023:10:12:13 -0500] "GET /sipse/faces/javax.faces.resource/primefaces.css?ln=primefaces&v=4.0 HTTP/1.1" 200 53295
201.245.192.253 - - [01/Jan/2023:10:12:13 -0500] "GET /sipse/faces/javax.faces.resource/images/ui-icons_898989_256x240.png?ln=primefaces-aristo HTTP/1.1" 200 5355
201.245.192.253 - - [01/Jan/2023:10:12:13 -0500] "GET /sipse/faces/javax.faces.resource/images/ui-bg_flat_0_2d5972_40x100.png?ln=primefaces-aristo HTTP/1.1" 200 183
201.245.192.253 - - [01/Jan/2023:10:12:13 -0500] "POST /sipse/faces/presentacion/proyectos/proyecto/proyecto.xhtml HTTP/1.1" 200 3265
201.245.192.253 - - [01/Jan/2023:10:12:25 -0500] "POST /sipse/faces/presentacion/proyectos/proyecto/proyecto.xhtml HTTP/1.1" 200 25744
201.245.192.253 - - [01/Jan/2023:10:12:26 -0500] "GET /sipse/faces/javax.faces.resource/jquery/jquery.js?ln=primefaces&v=4.0 HTTP/1.1" 304 -
201.245.192.253 - - [01/Jan/2023:10:12:26 -0500] "GET /sipse/faces/javax.faces.resource/jquery/jquery-plugins.js?ln=primefaces&v=4.0 HTTP/1.1" 304 -
201.245.192.253 - - [01/Jan/2023:10:12:26 -0500] "GET /sipse/faces/javax.faces.resource/primefaces.js?ln=primefaces&v=4.0 HTTP/1.1" 304 -
201.245.192.253 - - [01/Jan/2023:10:12:26 -0500] "GET /sipse/faces/javax.faces.resource/layout/layout.js?ln=primefaces&v=4.0 HTTP/1.1" 304 -
186.102.18.21 - - [01/Jan/2023:10:12:28 -0500] "GET /kwssiamovil/sm/acme/a?s=U2FsdGVkX1+XRXmT5ecvLSkIEv7zSxy2x3GbZ5/fyeZ1ZVx1w3hh1x1PUYAFGZt3BhHApY09eBHkNCMrOh8DxNphv8IUS7NP4HiPGhQY6K0ITScGWRYGP895wqCXJTOj3lZQ9sSn3uJJbKOeeTwKjQHBKvx4J2CFbFUYNbTwoqkqF16v+F/Rqww07xDkMhfomI/l4K7anFpWFiepEV/rAEB2OJz74dV2mitaQFkm2jjorfRS9hYXMUP14wt54Jd/WshMKOhsPqpALBiNJbN8AA==&u=U2FsdGVkX1+M9NJzfUb/s5dzuLJXrVnp+c3u7HAp+vM=&y=U2FsdGVkX19jGQGrUXIYl/votd9d6w7YGwi7G9RAec3IaxOzP5Ed/LKprMhvgKyp HTTP/1.1" 200 26
201.245.192.253 - - [01/Jan/2023:10:12:35 -0500] "POST /kwsrmcab/Wsrmcab  HTTP/1.1" 200 44193
207.46.13.198 - - [01/Jan/2023:10:13:09 -0500] "GET /BLA/resoluciones/RESOLUCIONES%202021/1865.pdf HTTP/1.1" 304 -
114.119.162.62 - - [01/Jan/2023:10:13:29 -0500] "GET /BLA/resoluciones/RESOLUCIONES%202014/2679.pdf HTTP/1.1" 200 7474083
201.245.192.253 - - [01/Jan/2023:10:13:38 -0500] "POST /sipse/faces/presentacion/proyectos/proyecto/proyectoAdministrador/editarAdministrador.xhtml HTTP/1.1" 200 19097
201.245.192.253 - - [01/Jan/2023:10:13:46 -0500] "POST /sipse/faces/presentacion/proyectos/proyecto/proyectoAdministrador/editarAdministrador.xhtml HTTP/1.1" 200 2353
201.245.192.253 - - [01/Jan/2023:10:13:49 -0500] "POST /sipse/faces/presentacion/proyectos/proyecto/proyectoAdministrador/editarAdministrador.xhtml HTTP/1.1" 200 2711
201.245.192.253 - - [01/Jan/2023:10:13:56 -0500] "POST /sipse/faces/presentacion/proyectos/proyecto/proyectoAdministrador/editarAdministrador.xhtml HTTP/1.1" 200 2218
186.102.18.21 - - [01/Jan/2023:10:14:09 -0500] "GET /kwssiamovil/sm/acme/a?s=U2FsdGVkX18Fa4Dx1wPee8EesyZWm5uz7SCU+0rxViQAHeKTFxD7Me8rP9Vdfa4dPw/iGyH74ScVwT9DbS+AlMn3NKwExsyYr/hYi9qYLu2UgqVwLqRQEE6G3ZTFvC1qYZsH/GiTXOama3UoM51bzHX0wmw7Yvpm1VjL2VXom4E/xWWQ0hk0l60KLhbVAQyQievHO0z7JsMD9y94JXtLfN3h5Ihh2LUyBk6txXgUZWtCJSqOyflgIXWX833CwxYsQ3izKMpA6ITddEox5pPthg==&u=U2FsdGVkX1+M9NJzfUb/s5dzuLJXrVnp+c3u7HAp+vM=&y=U2FsdGVkX19jGQGrUXIYl/votd9d6w7YGwi7G9RAec3IaxOzP5Ed/LKprMhvgKyp HTTP/1.1" 200 26
186.102.18.21 - - [01/Jan/2023:10:14:09 -0500] "GET /kwssiamovil/sm/acme/a?s=U2FsdGVkX1+s1p4XE9J4FsziONsUNBHmUsN6CvfpT4BIF9XWio4MweExAb7mL8fwQXNNi7KmMyiX67S4crvTQLxnT19+dnFFhVLMjSxBoJklJghZWOPYHKSdw47r/AicbpRSHkHetkuWVha8usovRC1JHivvdG4K9q31P3g6gl3r9IUI+L1VirMO8EIH+RPVSMfOFqnRB7re0c9hTHumNYIkGM9uQDCqUKuwxYC8BdKmlZEd/witopijU+NF1PYqaSl3PDD8ZbTLW40OuMb04j/26GFekgJb978mhekHpEy5OTYo+p5l4Fv2m6m0VDfMNXzzDTXapXBFndGjQKc1Na2ETMPYqnAkTjEsDDHgizux+HxPOv99x468iWqpBT1/gbM/XnS22bIkE42OKyFQ6v3bdxWL6WMBvwoigFDn7MQC8BSZrlFAIOeb6XMERjkqQkPMOk1uL6aceEM63zuAga0YMm9quI2fZWk9hbtXMXTX6HaOEa0WH3dXc5Uvv1YqXYzNpqBSsq+bwFnloyrIJQ==&u=U2FsdGVkX1+M9NJzfUb/s5dzuLJXrVnp+c3u7HAp+vM=&y=U2FsdGVkX19jGQGrUXIYl/votd9d6w7YGwi7G9RAec3IaxOzP5Ed/LKprMhvgKyp HTTP/1.1" 200 1127
186.102.18.21 - - [01/Jan/2023:10:14:10 -0500] "GET /kwssiamovil/sm/acme/a?s=U2FsdGVkX1+j1ROB/OP2WR+Rir0T4QdKEPqAU5CgZ+7QyhKAO0MREpEO4gwjsXtOGF6rPG795dbYrSAj86A+7N5wdBr/A6wCNpvcX3PQap9LIDQm0pHFsGGB8IX8HxVVXElUEU93Cxjb5OzGbWDAg8zEk6z9l31T4TRBCiW4Rbk=&u=U2FsdGVkX1+M9NJzfUb/s5dzuLJXrVnp+c3u7HAp+vM=&y=U2FsdGVkX19jGQGrUXIYl/votd9d6w7YGwi7G9RAec3IaxOzP5Ed/LKprMhvgKyp HTTP/1.1" 200 26
186.102.18.21 - - [01/Jan/2023:10:14:10 -0500] "GET /kwssiamovil/sm/acme/a?s=U2FsdGVkX1+InAYAlZk2JeYudzUx18Ro6NH1/9Hpsa8STaemq5nwZgxsalS8R3bulc7i3UZrnlPWxqFmltJTVShBFSYu5fBZxPctemDgG9ND211NjeDdMOznu0NoLEbtZLyxYms/XfhCCFpdi4AdKdbmtUgILDkanyOLzgT0/iU=&u=U2FsdGVkX1+M9NJzfUb/s5dzuLJXrVnp+c3u7HAp+vM=&y=U2FsdGVkX19jGQGrUXIYl/votd9d6w7YGwi7G9RAec3IaxOzP5Ed/LKprMhvgKyp HTTP/1.1" 200 364
186.102.18.21 - - [01/Jan/2023:10:14:10 -0500] "GET /kwssiamovil/sm/acme/a?s=U2FsdGVkX19WMNxKfFouzYSiJwjZQQAxEhUn8ogMcfJZKBXU4E3bb3//+FH+LGcjTbzHla+WxVFfp6h3Va3z8Z6TN3v0QLDuNUM0YpQEpdQltbixfs7eG0ampUvv4+4MWn8Kn9IxliaxV9JvnIYM1BJOzdMGvicUYHmU6PwXcxs=&u=U2FsdGVkX1+M9NJzfUb/s5dzuLJXrVnp+c3u7HAp+vM=&y=U2FsdGVkX19jGQGrUXIYl/votd9d6w7YGwi7G9RAec3IaxOzP5Ed/LKprMhvgKyp HTTP/1.1" 200 364
186.102.18.21 - - [01/Jan/2023:10:14:10 -0500] "GET /kwssiamovil/sm/acme/a?s=U2FsdGVkX1955e+ll3ZmKru1ErZcOJ6MGRrVnUqgB+0q58d+Zw+eTRG2pU2k+pfv7uACM+B5rsQLg+C/EgiKUu6hd3h1mA6HYKk/ptNvtodFoVzTEWoqSNZBi51mFy4YT1hPvKHczgB0dvMQDMtd774KTL+ITQ5bgE/de+RQp7c97SMSBaYBEhIoCn336Q1OMeyfZgHAXDs8HHN7wHNJGQ==&u=U2FsdGVkX1+M9NJzfUb/s5dzuLJXrVnp+c3u7HAp+vM=&y=U2FsdGVkX19jGQGrUXIYl/votd9d6w7YGwi7G9RAec3IaxOzP5Ed/LKprMhvgKyp HTTP/1.1" 200 437
216.245.221.92 - - [01/Jan/2023:10:14:57 -0500] "HEAD / HTTP/1.1" 200 -
201.245.192.253 - - [01/Jan/2023:10:15:04 -0500] "POST /sipse/faces/presentacion/proyectos/proyecto/proyectoAdministrador/editarAdministrador.xhtml HTTP/1.1" 200 19115
201.245.192.253 - - [01/Jan/2023:10:15:07 -0500] "POST /sipse/faces/presentacion/proyectos/proyecto/proyectoAdministrador/editarAdministrador.xhtml HTTP/1.1" 200 2357
201.245.192.253 - - [01/Jan/2023:10:15:08 -0500] "POST /sipse/faces/presentacion/proyectos/proyecto/proyectoAdministrador/editarAdministrador.xhtml HTTP/1.1" 200 2711
201.245.192.253 - - [01/Jan/2023:10:15:10 -0500] "POST /sipse/faces/presentacion/proyectos/proyecto/proyectoAdministrador/editarAdministrador.xhtml HTTP/1.1" 200 2214
201.245.192.253 - - [01/Jan/2023:10:15:10 -0500] "POST /sipse/faces/presentacion/proyectos/proyecto/proyectoAdministrador/editarAdministrador.xhtml HTTP/1.1" 200 2218
201.245.192.253 - - [01/Jan/2023:10:15:22 -0500] "POST /sipse/faces/presentacion/proyectos/proyecto/proyectoAdministrador/editarAdministrador.xhtml HTTP/1.1" 200 82052
201.245.192.253 - - [01/Jan/2023:10:15:22 -0500] "GET /sipse/faces/javax.faces.resource/jquery/jquery.js?ln=primefaces&v=4.0 HTTP/1.1" 304 -
201.245.192.253 - - [01/Jan/2023:10:15:22 -0500] "GET /sipse/faces/javax.faces.resource/jquery/jquery-plugins.js?ln=primefaces&v=4.0 HTTP/1.1" 304 -
201.245.192.253 - - [01/Jan/2023:10:15:22 -0500] "GET /sipse/faces/javax.faces.resource/primefaces.js?ln=primefaces&v=4.0 HTTP/1.1" 304 -
201.245.192.253 - - [01/Jan/2023:10:15:22 -0500] "GET /sipse/faces/javax.faces.resource/layout/layout.js?ln=primefaces&v=4.0 HTTP/1.1" 304 -
201.245.192.253 - - [01/Jan/2023:10:15:23 -0500] "GET /sipse/faces/javax.faces.resource/messages/messages.png?ln=primefaces&v=4.0 HTTP/1.1" 200 27209
201.245.192.253 - - [01/Jan/2023:10:15:23 -0500] "POST /sipse/faces/presentacion/proyectos/proyecto/proyecto.xhtml HTTP/1.1" 200 3265
201.245.192.253 - - [01/Jan/2023:10:15:26 -0500] "POST /sipse/faces/presentacion/proyectos/proyecto/proyecto.xhtml HTTP/1.1" 200 25747
201.245.192.253 - - [01/Jan/2023:10:15:27 -0500] "GET /sipse/faces/javax.faces.resource/jquery/jquery.js?ln=primefaces&v=4.0 HTTP/1.1" 304 -
201.245.192.253 - - [01/Jan/2023:10:15:27 -0500] "GET /sipse/faces/javax.faces.resource/jquery/jquery-plugins.js?ln=primefaces&v=4.0 HTTP/1.1" 304 -
201.245.192.253 - - [01/Jan/2023:10:15:27 -0500] "GET /sipse/faces/javax.faces.resource/primefaces.js?ln=primefaces&v=4.0 HTTP/1.1" 304 -
201.245.192.253 - - [01/Jan/2023:10:15:27 -0500] "GET /sipse/faces/javax.faces.resource/layout/layout.js?ln=primefaces&v=4.0 HTTP/1.1" 304 -
201.245.192.253 - - [01/Jan/2023:10:15:36 -0500] "POST /sipse/faces/presentacion/proyectos/proyecto/proyectoAdministrador/editarAdministrador.xhtml HTTP/1.1" 200 3133
201.245.192.253 - - [01/Jan/2023:10:15:50 -0500] "POST /sipse/faces/presentacion/proyectos/proyecto/proyectoAdministrador/editarAdministrador.xhtml HTTP/1.1" 200 19106
201.245.192.253 - - [01/Jan/2023:10:15:53 -0500] "POST /sipse/faces/presentacion/proyectos/proyecto/proyectoAdministrador/editarAdministrador.xhtml HTTP/1.1" 200 4894
201.245.192.253 - - [01/Jan/2023:10:15:54 -0500] "POST /sipse/faces/presentacion/proyectos/proyecto/proyectoAdministrador/editarAdministrador.xhtml HTTP/1.1" 200 2218
201.245.192.253 - - [01/Jan/2023:10:16:05 -0500] "POST /sipse/faces/presentacion/proyectos/proyecto/proyectoAdministrador/editarAdministrador.xhtml HTTP/1.1" 200 82055
201.245.192.253 - - [01/Jan/2023:10:16:05 -0500] "GET /sipse/faces/javax.faces.resource/jquery/jquery.js?ln=primefaces&v=4.0 HTTP/1.1" 304 -
201.245.192.253 - - [01/Jan/2023:10:16:05 -0500] "GET /sipse/faces/javax.faces.resource/jquery/jquery-plugins.js?ln=primefaces&v=4.0 HTTP/1.1" 304 -
201.245.192.253 - - [01/Jan/2023:10:16:05 -0500] "GET /sipse/faces/javax.faces.resource/primefaces.js?ln=primefaces&v=4.0 HTTP/1.1" 304 -
201.245.192.253 - - [01/Jan/2023:10:16:05 -0500] "GET /sipse/faces/javax.faces.resource/layout/layout.js?ln=primefaces&v=4.0 HTTP/1.1" 304 -
201.245.192.253 - - [01/Jan/2023:10:16:06 -0500] "POST /sipse/faces/presentacion/proyectos/proyecto/proyecto.xhtml HTTP/1.1" 200 3265
201.245.192.253 - - [01/Jan/2023:10:16:10 -0500] "POST /sipse/faces/presentacion/proyectos/proyecto/proyecto.xhtml HTTP/1.1" 200 82857
201.245.192.253 - - [01/Jan/2023:10:16:10 -0500] "GET /sipse/faces/javax.faces.resource/jquery/jquery.js?ln=primefaces&v=4.0 HTTP/1.1" 304 -
201.245.192.253 - - [01/Jan/2023:10:16:10 -0500] "GET /sipse/faces/javax.faces.resource/jquery/jquery-plugins.js?ln=primefaces&v=4.0 HTTP/1.1" 304 -
201.245.192.253 - - [01/Jan/2023:10:16:10 -0500] "GET /sipse/faces/javax.faces.resource/primefaces.js?ln=primefaces&v=4.0 HTTP/1.1" 304 -
201.245.192.253 - - [01/Jan/2023:10:16:10 -0500] "GET /sipse/faces/javax.faces.resource/layout/layout.js?ln=primefaces&v=4.0 HTTP/1.1" 304 -
201.245.192.253 - - [01/Jan/2023:10:16:11 -0500] "POST /sipse/faces/presentacion/proyectos/proyecto/listarProyecto.xhtml HTTP/1.1" 200 76232
201.245.192.253 - - [01/Jan/2023:10:16:11 -0500] "POST /sipse/faces/presentacion/proyectos/proyecto/listarProyecto.xhtml HTTP/1.1" 200 76232
201.245.192.253 - - [01/Jan/2023:10:16:11 -0500] "POST /sipse/faces/presentacion/proyectos/proyecto/listarProyecto.xhtml HTTP/1.1" 200 76232
201.245.192.253 - - [01/Jan/2023:10:16:11 -0500] "POST /sipse/faces/presentacion/proyectos/proyecto/listarProyecto.xhtml HTTP/1.1" 200 76232
201.245.192.253 - - [01/Jan/2023:10:16:14 -0500] "POST /sipse/faces/presentacion/proyectos/proyecto/listarProyecto.xhtml HTTP/1.1" 200 7819
172.22.2.4 - - [01/Jan/2023:10:15:18 -0500] "HEAD /BLA/boletinlegal/ HTTP/1.1" 200 -
201.245.192.253 - - [01/Jan/2023:10:17:34 -0500] "POST /kwsrmcab/Wsrmcab  HTTP/1.1" 200 44193
172.22.2.4 - - [01/Jan/2023:10:16:08 -0500] "GET /BLA/boletinlegal/ HTTP/1.1" 200 52079
201.245.192.253 - - [01/Jan/2023:10:18:33 -0500] "POST /sipse/faces/presentacion/proyectos/proyecto/listarProyecto.xhtml HTTP/1.1" 200 4966
173.252.79.19 - - [01/Jan/2023:10:19:05 -0500] "GET /images/ecosistema-dia-internacional-tierra-21-abril.jpg HTTP/1.1" 200 30098
201.245.192.253 - - [01/Jan/2023:10:19:25 -0500] "POST /sipse/faces/presentacion/proyectos/proyecto/listarProyecto.xhtml HTTP/1.1" 200 163
201.245.192.253 - - [01/Jan/2023:10:19:25 -0500] "GET /sipse/faces/presentacion/proyectos/proyecto/proyecto.xhtml HTTP/1.1" 200 89340
201.245.192.253 - - [01/Jan/2023:10:19:26 -0500] "GET /sipse/faces/javax.faces.resource/theme.css?ln=primefaces-sipse HTTP/1.1" 304 -
201.245.192.253 - - [01/Jan/2023:10:19:26 -0500] "GET /sipse/faces/javax.faces.resource/jquery/jquery-plugins.js?ln=primefaces&v=4.0 HTTP/1.1" 304 -
201.245.192.253 - - [01/Jan/2023:10:19:26 -0500] "GET /sipse/faces/javax.faces.resource/jquery/jquery.js?ln=primefaces&v=4.0 HTTP/1.1" 304 -
201.245.192.253 - - [01/Jan/2023:10:19:26 -0500] "GET /sipse/faces/javax.faces.resource/layout/layout.css?ln=primefaces&v=4.0 HTTP/1.1" 200 542
201.245.192.253 - - [01/Jan/2023:10:19:26 -0500] "GET /sipse/faces/javax.faces.resource/primefaces.js?ln=primefaces&v=4.0 HTTP/1.1" 304 -
201.245.192.253 - - [01/Jan/2023:10:19:26 -0500] "GET /sipse/faces/javax.faces.resource/layout/layout.js?ln=primefaces&v=4.0 HTTP/1.1" 304 -
201.245.192.253 - - [01/Jan/2023:10:19:26 -0500] "GET /sipse/faces/javax.faces.resource/primefaces.css?ln=primefaces&v=4.0 HTTP/1.1" 200 53295
201.245.192.253 - - [01/Jan/2023:10:19:26 -0500] "GET /sipse/faces/javax.faces.resource/images/ui-icons_898989_256x240.png?ln=primefaces-aristo HTTP/1.1" 200 5355
201.245.192.253 - - [01/Jan/2023:10:19:26 -0500] "GET /sipse/faces/javax.faces.resource/images/ui-bg_flat_0_2d5972_40x100.png?ln=primefaces-aristo HTTP/1.1" 200 183
201.245.192.253 - - [01/Jan/2023:10:19:26 -0500] "POST /sipse/faces/presentacion/proyectos/proyecto/proyecto.xhtml HTTP/1.1" 200 3265
201.245.192.253 - - [01/Jan/2023:10:19:36 -0500] "POST /sipse/faces/presentacion/proyectos/proyecto/proyecto.xhtml HTTP/1.1" 200 25745
201.245.192.253 - - [01/Jan/2023:10:19:37 -0500] "GET /sipse/faces/javax.faces.resource/jquery/jquery.js?ln=primefaces&v=4.0 HTTP/1.1" 304 -
201.245.192.253 - - [01/Jan/2023:10:19:37 -0500] "GET /sipse/faces/javax.faces.resource/jquery/jquery-plugins.js?ln=primefaces&v=4.0 HTTP/1.1" 304 -
201.245.192.253 - - [01/Jan/2023:10:19:37 -0500] "GET /sipse/faces/javax.faces.resource/primefaces.js?ln=primefaces&v=4.0 HTTP/1.1" 304 -
201.245.192.253 - - [01/Jan/2023:10:19:37 -0500] "GET /sipse/faces/javax.faces.resource/layout/layout.js?ln=primefaces&v=4.0 HTTP/1.1" 304 -
201.245.192.253 - - [01/Jan/2023:10:19:38 -0500] "POST /kwsrmcab/Wsrmcab HTTP/1.1" 200 41772
201.245.192.253 - - [01/Jan/2023:10:19:41 -0500] "POST /kwsrmcab/Wsrmcab HTTP/1.1" 200 43618
201.245.192.253 - - [01/Jan/2023:10:19:47 -0500] "POST /sipse/faces/presentacion/proyectos/proyecto/proyectoAdministrador/editarAdministrador.xhtml HTTP/1.1" 200 19097
201.245.192.253 - - [01/Jan/2023:10:19:52 -0500] "POST /sipse/faces/presentacion/proyectos/proyecto/proyectoAdministrador/editarAdministrador.xhtml HTTP/1.1" 200 2214
216.245.221.92 - - [01/Jan/2023:10:19:57 -0500] "HEAD / HTTP/1.1" 200 -
173.252.111.19 - - [01/Jan/2023:10:19:57 -0500] "GET /images/Entrenubes%201%20(1)%20(1).jpeg HTTP/1.1" 200 70096
201.245.192.253 - - [01/Jan/2023:10:22:19 -0500] "POST /sipse/faces/presentacion/proyectos/proyecto/proyectoAdministrador/editarAdministrador.xhtml HTTP/1.1" 200 80543
201.245.192.253 - - [01/Jan/2023:10:22:20 -0500] "GET /sipse/faces/javax.faces.resource/jquery/jquery.js?ln=primefaces&v=4.0 HTTP/1.1" 304 -
201.245.192.253 - - [01/Jan/2023:10:22:20 -0500] "GET /sipse/faces/javax.faces.resource/jquery/jquery-plugins.js?ln=primefaces&v=4.0 HTTP/1.1" 304 -
201.245.192.253 - - [01/Jan/2023:10:22:20 -0500] "GET /sipse/faces/javax.faces.resource/primefaces.js?ln=primefaces&v=4.0 HTTP/1.1" 304 -
201.245.192.253 - - [01/Jan/2023:10:22:20 -0500] "GET /sipse/faces/javax.faces.resource/layout/layout.js?ln=primefaces&v=4.0 HTTP/1.1" 304 -
201.245.192.253 - - [01/Jan/2023:10:22:20 -0500] "GET /sipse/faces/javax.faces.resource/messages/messages.png?ln=primefaces&v=4.0 HTTP/1.1" 200 27209
201.245.192.253 - - [01/Jan/2023:10:22:20 -0500] "POST /sipse/faces/presentacion/proyectos/proyecto/proyecto.xhtml HTTP/1.1" 200 3265
162.55.162.137 - - [01/Jan/2023:10:22:30 -0500] "GET / HTTP/1.1" 200 319
201.245.192.253 - - [01/Jan/2023:10:22:33 -0500] "POST /kwsrmcab/Wsrmcab  HTTP/1.1" 200 44193
