216.245.221.92 - - [01/Jan/2023:17:54:55 -0500] "HEAD / HTTP/1.1" 200 -
199.16.157.183 - - [01/Jan/2023:17:55:18 -0500] "GET /images/imagen-palomas_optimized.jpg HTTP/1.1" 200 184069
201.245.192.253 - - [01/Jan/2023:17:55:45 -0500] "POST /kwsrmcab/Wsrmcab  HTTP/1.1" 200 44193
190.66.248.131 - - [01/Jan/2023:17:57:10 -0500] "GET /sipse/faces/faces/faces/autenticacion.xhtml HTTP/1.1" 200 12500
190.66.248.131 - - [01/Jan/2023:17:57:11 -0500] "GET /sipse/css/custom_css_sg.css HTTP/1.1" 200 9694
190.66.248.131 - - [01/Jan/2023:17:57:11 -0500] "GET /sipse/css/custom_css_sg_prime_login.css HTTP/1.1" 200 443
190.66.248.131 - - [01/Jan/2023:17:57:11 -0500] "GET /sipse/faces/javax.faces.resource/layout/layout.css;jsessionid=sPbau9x5lC4K43NjEmEyOXx+.undefined?ln=primefaces&v=4.0 HTTP/1.1" 200 542
190.66.248.131 - - [01/Jan/2023:17:57:11 -0500] "GET /sipse/faces/javax.faces.resource/jquery/jquery-plugins.js;jsessionid=sPbau9x5lC4K43NjEmEyOXx+.undefined?ln=primefaces&v=4.0 HTTP/1.1" 200 220526
190.66.248.131 - - [01/Jan/2023:17:57:11 -0500] "GET /sipse/faces/javax.faces.resource/primefaces.css;jsessionid=sPbau9x5lC4K43NjEmEyOXx+.undefined?ln=primefaces&v=4.0 HTTP/1.1" 200 53295
190.66.248.131 - - [01/Jan/2023:17:57:11 -0500] "GET /sipse/faces/javax.faces.resource/layout/layout.js;jsessionid=sPbau9x5lC4K43NjEmEyOXx+.undefined?ln=primefaces&v=4.0 HTTP/1.1" 200 87560
190.66.248.131 - - [01/Jan/2023:17:57:11 -0500] "GET /sipse/faces/javax.faces.resource/theme.css?ln=primefaces-sipse HTTP/1.1" 200 50058
190.66.248.131 - - [01/Jan/2023:17:57:11 -0500] "GET /sipse/faces/javax.faces.resource/jquery/jquery.js;jsessionid=sPbau9x5lC4K43NjEmEyOXx+.undefined?ln=primefaces&v=4.0 HTTP/1.1" 200 105384
190.66.248.131 - - [01/Jan/2023:17:57:11 -0500] "GET /sipse/faces/javax.faces.resource/primefaces.js;jsessionid=sPbau9x5lC4K43NjEmEyOXx+.undefined?ln=primefaces&v=4.0 HTTP/1.1" 200 276924
190.66.248.131 - - [01/Jan/2023:17:57:21 -0500] "GET /sipse/js/disable_browser_buttons.js HTTP/1.1" 304 -
190.66.248.131 - - [01/Jan/2023:17:57:22 -0500] "GET /sipse/js/funciones.js HTTP/1.1" 304 -
172.22.2.4 - - [01/Jan/2023:17:57:29 -0500] "GET /BLA/boletinlegal/robots.txt HTTP/1.1" 404 1038
190.66.248.131 - - [01/Jan/2023:17:57:33 -0500] "GET /sipse/css/imagen/logoSDG.png HTTP/1.1" 200 53064
190.66.248.131 - - [01/Jan/2023:17:57:33 -0500] "GET /sipse/css/imagen/loginimg.png HTTP/1.1" 200 71635
190.66.248.131 - - [01/Jan/2023:17:57:33 -0500] "GET /sipse/faces/javax.faces.resource/images/ui-icons_898989_256x240.png?ln=primefaces-aristo HTTP/1.1" 200 5355
190.66.248.131 - - [01/Jan/2023:17:57:42 -0500] "GET /sipse/faces/faces/faces/index.xhtml HTTP/1.1" 200 677
190.66.248.131 - - [01/Jan/2023:17:57:43 -0500] "GET /sipse/faces/javax.faces.resource/theme.css?ln=primefaces-sipse HTTP/1.1" 304 -
190.66.248.131 - - [01/Jan/2023:17:57:43 -0500] "GET /sipse/faces/faces/faces/faces/autenticacion.xhtml HTTP/1.1" 200 12178
190.66.248.131 - - [01/Jan/2023:17:57:45 -0500] "GET /favicon.ico HTTP/1.1" 200 7782
190.66.248.131 - - [01/Jan/2023:17:57:45 -0500] "GET /sipse/faces/javax.faces.resource/theme.css?ln=primefaces-sipse HTTP/1.1" 304 -
190.66.248.131 - - [01/Jan/2023:17:57:45 -0500] "GET /sipse/faces/javax.faces.resource/layout/layout.css?ln=primefaces&v=4.0 HTTP/1.1" 200 542
190.66.248.131 - - [01/Jan/2023:17:57:45 -0500] "GET /sipse/faces/javax.faces.resource/primefaces.css?ln=primefaces&v=4.0 HTTP/1.1" 200 53295
172.22.2.4 - - [01/Jan/2023:17:56:07 -0500] "HEAD /BLA/boletinlegal/ HTTP/1.1" 200 -
190.66.248.131 - - [01/Jan/2023:17:57:57 -0500] "GET /sipse/faces/javax.faces.resource/jquery/jquery.js?ln=primefaces&v=4.0 HTTP/1.1" 304 -
190.66.248.131 - - [01/Jan/2023:17:57:57 -0500] "GET /sipse/faces/javax.faces.resource/jquery/jquery-plugins.js?ln=primefaces&v=4.0 HTTP/1.1" 304 -
190.66.248.131 - - [01/Jan/2023:17:57:58 -0500] "GET /sipse/faces/javax.faces.resource/primefaces.js?ln=primefaces&v=4.0 HTTP/1.1" 304 -
190.66.248.131 - - [01/Jan/2023:17:57:58 -0500] "GET /sipse/faces/javax.faces.resource/layout/layout.js?ln=primefaces&v=4.0 HTTP/1.1" 304 -
190.66.248.131 - - [01/Jan/2023:17:58:07 -0500] "GET /sipse/faces/javax.faces.resource/images/ui-icons_898989_256x240.png?ln=primefaces-aristo HTTP/1.1" 304 -
190.66.248.131 - - [01/Jan/2023:17:58:33 -0500] "POST /sipse/faces/autenticacion.xhtml HTTP/1.1" 200 11650
172.22.2.4 - - [01/Jan/2023:17:56:57 -0500] "GET /BLA/boletinlegal/ HTTP/1.1" 200 48801
190.66.248.131 - - [01/Jan/2023:17:58:43 -0500] "GET /sipse/faces/javax.faces.resource/jquery/jquery.js?ln=primefaces&v=4.0 HTTP/1.1" 304 -
190.66.248.131 - - [01/Jan/2023:17:58:43 -0500] "GET /sipse/css/custom_css_sg_prime.css HTTP/1.1" 200 5201
190.66.248.131 - - [01/Jan/2023:17:58:47 -0500] "GET /sipse/faces/javax.faces.resource/jquery/jquery-plugins.js?ln=primefaces&v=4.0 HTTP/1.1" 304 -
190.66.248.131 - - [01/Jan/2023:17:58:48 -0500] "GET /sipse/faces/javax.faces.resource/primefaces.js?ln=primefaces&v=4.0 HTTP/1.1" 304 -
190.66.248.131 - - [01/Jan/2023:17:58:49 -0500] "GET /sipse/faces/javax.faces.resource/layout/layout.js?ln=primefaces&v=4.0 HTTP/1.1" 304 -
190.66.248.131 - - [01/Jan/2023:17:58:52 -0500] "GET /sipse/faces/javax.faces.resource/messages/messages.png?ln=primefaces&v=4.0 HTTP/1.1" 200 27209
190.66.248.131 - - [01/Jan/2023:17:59:04 -0500] "POST /sipse/faces/presentacion/sistema/seguridad/seleccionRol.xhtml HTTP/1.1" 200 6085
172.22.2.4 - - [01/Jan/2023:17:57:31 -0500] "GET /BLA/boletinlegal/index.php HTTP/1.1" 200 54452
190.66.248.131 - - [01/Jan/2023:17:59:19 -0500] "POST /sipse/faces/presentacion/sistema/seguridad/seleccionRol.xhtml HTTP/1.1" 200 18726
190.66.248.131 - - [01/Jan/2023:17:59:20 -0500] "GET /sipse/js/jquery.min.js HTTP/1.1" 304 -
190.66.248.131 - - [01/Jan/2023:17:59:20 -0500] "GET /sipse/faces/javax.faces.resource/jquery/jquery.js?ln=primefaces&v=4.0 HTTP/1.1" 304 -
190.66.248.131 - - [01/Jan/2023:17:59:20 -0500] "GET /sipse/faces/javax.faces.resource/jquery/jquery-plugins.js?ln=primefaces&v=4.0 HTTP/1.1" 304 -
190.66.248.131 - - [01/Jan/2023:17:59:20 -0500] "GET /sipse/faces/javax.faces.resource/primefaces.js?ln=primefaces&v=4.0 HTTP/1.1" 304 -
190.66.248.131 - - [01/Jan/2023:17:59:20 -0500] "GET /sipse/faces/javax.faces.resource/layout/layout.js?ln=primefaces&v=4.0 HTTP/1.1" 304 -
190.66.248.131 - - [01/Jan/2023:17:59:21 -0500] "GET /sipse/css/imagen/contrasena.png HTTP/1.1" 404 383
190.66.248.131 - - [01/Jan/2023:17:59:21 -0500] "GET /sipse/imagenes/cargando.gif HTTP/1.1" 200 36959
190.66.248.131 - - [01/Jan/2023:17:59:21 -0500] "GET /sipse/imagenes/logoAplicacion.jpg HTTP/1.1" 200 155084
216.245.221.92 - - [01/Jan/2023:17:59:55 -0500] "HEAD / HTTP/1.1" 200 -
201.245.192.253 - - [01/Jan/2023:18:00:44 -0500] "POST /kwsrmcab/Wsrmcab  HTTP/1.1" 200 44193
172.22.2.4 - - [01/Jan/2023:18:01:57 -0500] "HEAD /BLA/boletinlegal/ HTTP/1.1" 200 -
185.119.81.104 - - [01/Jan/2023:18:03:53 -0500] "GET /portaldeninos/wp-login.php HTTP/1.1" 200 2592
185.119.81.104 - - [01/Jan/2023:18:03:54 -0500] "POST /portaldeninos/wp-login.php HTTP/1.1" 200 3605
172.22.2.4 - - [01/Jan/2023:18:02:47 -0500] "GET /BLA/boletinlegal/ HTTP/1.1" 200 59404
216.245.221.92 - - [01/Jan/2023:18:04:55 -0500] "HEAD / HTTP/1.1" 200 -
201.245.192.253 - - [01/Jan/2023:18:05:43 -0500] "POST /kwsrmcab/Wsrmcab  HTTP/1.1" 200 44193
114.119.146.77 - - [01/Jan/2023:18:06:46 -0500] "GET /catalogoisis/imagenes/Header.gif HTTP/1.1" 200 30313
185.119.81.99 - - [01/Jan/2023:18:06:54 -0500] "GET /portaldeninos/wp-login.php HTTP/1.1" 200 2592
185.119.81.99 - - [01/Jan/2023:18:06:55 -0500] "POST /portaldeninos/wp-login.php HTTP/1.1" 200 3670
185.119.81.100 - - [01/Jan/2023:18:07:26 -0500] "GET /portaldeninos/wp-login.php HTTP/1.1" 200 2592
185.119.81.100 - - [01/Jan/2023:18:07:27 -0500] "POST /portaldeninos/wp-login.php HTTP/1.1" 200 3605
172.22.2.4 - - [01/Jan/2023:18:07:47 -0500] "HEAD /BLA/boletinlegal/ HTTP/1.1" 200 -
216.245.221.92 - - [01/Jan/2023:18:09:55 -0500] "HEAD / HTTP/1.1" 200 -
172.22.2.4 - - [01/Jan/2023:18:08:37 -0500] "GET /BLA/boletinlegal/ HTTP/1.1" 200 52079
201.245.192.253 - - [01/Jan/2023:18:10:41 -0500] "POST /kwsrmcab/Wsrmcab  HTTP/1.1" 200 44193
216.245.221.92 - - [01/Jan/2023:18:14:55 -0500] "HEAD / HTTP/1.1" 200 -
172.22.2.4 - - [01/Jan/2023:18:13:36 -0500] "HEAD /BLA/boletinlegal/ HTTP/1.1" 200 -
201.245.192.253 - - [01/Jan/2023:18:15:40 -0500] "POST /kwsrmcab/Wsrmcab  HTTP/1.1" 200 44193
172.22.2.4 - - [01/Jan/2023:18:14:27 -0500] "GET /BLA/boletinlegal/ HTTP/1.1" 200 57192
66.220.149.116 - - [01/Jan/2023:18:16:16 -0500] "GET /secretaria-de-ambiente-realizo-piloto-antes-de-apertura-oficial-del-camino-de-los-cerros-guadalupe-aguanoso.html HTTP/1.1" 206 982
185.119.81.99 - - [01/Jan/2023:18:17:49 -0500] "GET /portaldeninos/wp-login.php HTTP/1.1" 200 2592
185.119.81.99 - - [01/Jan/2023:18:17:50 -0500] "POST /portaldeninos/wp-login.php HTTP/1.1" 200 3670
201.245.192.253 - - [01/Jan/2023:18:19:36 -0500] "POST /kwsrmcab/Wsrmcab HTTP/1.1" 200 44244
201.245.192.253 - - [01/Jan/2023:18:19:39 -0500] "POST /kwsrmcab/Wsrmcab HTTP/1.1" 200 44243
216.245.221.92 - - [01/Jan/2023:18:19:55 -0500] "HEAD / HTTP/1.1" 200 -
114.119.128.37 - - [01/Jan/2023:18:20:37 -0500] "GET /BLA/resoluciones/index.php?dir=RESOLUCIONES%2B2002/&sort=size&order=asc HTTP/1.1" 200 13709
201.245.192.253 - - [01/Jan/2023:18:20:39 -0500] "POST /kwsrmcab/Wsrmcab  HTTP/1.1" 200 44193
172.22.2.4 - - [01/Jan/2023:18:19:27 -0500] "HEAD /BLA/boletinlegal/ HTTP/1.1" 200 -
172.22.2.4 - - [01/Jan/2023:18:20:17 -0500] "GET /BLA/boletinlegal/ HTTP/1.1" 200 57192
168.119.253.85 - - [01/Jan/2023:18:23:41 -0500] "GET / HTTP/1.1" 200 319
64.124.8.25 - - [01/Jan/2023:18:24:38 -0500] "GET /catalogoisis/imagenes/br1c1.gif HTTP/1.1" 200 172
64.124.8.25 - - [01/Jan/2023:18:24:38 -0500] "GET /galeria/galeria/fotos/Capellania3G.jpg HTTP/1.1" 200 515718
64.124.8.25 - - [01/Jan/2023:18:24:38 -0500] "GET /galeria/galeria/fotos/Jaboque3G.jpg HTTP/1.1" 200 422286
64.124.8.25 - - [01/Jan/2023:18:24:38 -0500] "GET /galeria/galeria/fotos/Humedal-techo3G.jpg HTTP/1.1" 200 378344
64.124.8.25 - - [01/Jan/2023:18:24:38 -0500] "GET /galeria/galeria/fotos/Humedal-vaca6G.jpg HTTP/1.1" 200 176858
64.124.8.25 - - [01/Jan/2023:18:24:38 -0500] "GET /galeria/galeria/fotos/Humedal-la-conejera2G.jpg HTTP/1.1" 200 298801
64.124.8.25 - - [01/Jan/2023:18:24:38 -0500] "GET /galeria/galeria/fotos/2GuaymaralTorcaP2.jpg HTTP/1.1" 200 7622
64.124.8.25 - - [01/Jan/2023:18:24:38 -0500] "GET /galeria/galeria/fotos/%0A%0AHumedal-la-conejera1G.jpg HTTP/1.1" 403 1006
64.124.8.25 - - [01/Jan/2023:18:24:38 -0500] "GET /galeria/galeria/fotos/Soratama3G.jpg HTTP/1.1" 200 159434
64.124.8.25 - - [01/Jan/2023:18:24:39 -0500] "GET /galeria/galeria/fotos/Humedal-Tibanica2P.jpg HTTP/1.1" 200 29568
64.124.8.25 - - [01/Jan/2023:18:24:39 -0500] "GET /galeria/galeria/fotos/Humedal-Vaca2G.jpg HTTP/1.1" 200 279730
64.124.8.25 - - [01/Jan/2023:18:24:43 -0500] "GET /galeria/galeria/fotos/Humedal-la-Isla4G.jpg HTTP/1.1" 200 238346
64.124.8.25 - - [01/Jan/2023:18:24:52 -0500] "GET /galeria/galeria/fotos/2humedal-Burro2P.jpg HTTP/1.1" 200 8996
216.245.221.92 - - [01/Jan/2023:18:24:55 -0500] "HEAD / HTTP/1.1" 200 -
69.171.249.116 - - [01/Jan/2023:18:25:37 -0500] "GET /asi-se-mueve-bogota-en-el-dia-sin-carro-y-sin-moto.html HTTP/1.1" 206 847
201.245.192.253 - - [01/Jan/2023:18:25:37 -0500] "POST /kwsrmcab/Wsrmcab  HTTP/1.1" 200 44193
172.22.2.4 - - [01/Jan/2023:18:25:17 -0500] "HEAD /BLA/boletinlegal/ HTTP/1.1" 200 -
172.22.2.4 - - [01/Jan/2023:18:26:07 -0500] "GET /BLA/boletinlegal/ HTTP/1.1" 200 58185
157.55.39.100 - - [01/Jan/2023:18:29:32 -0500] "GET /no-uses-musgo-en-la-elaboracion-de-tu-pesebre.html HTTP/1.1" 200 846
201.245.192.253 - - [01/Jan/2023:18:29:37 -0500] "POST /kwsrmcab/Wsrmcab HTTP/1.1" 200 44244
201.245.192.253 - - [01/Jan/2023:18:29:40 -0500] "POST /kwsrmcab/Wsrmcab HTTP/1.1" 200 44243
114.119.136.32 - - [01/Jan/2023:18:29:46 -0500] "GET /BLA/resoluciones/index.php?dir=AUTOS%2B2012/&sort=size&order=asc HTTP/1.1" 200 13688
216.245.221.92 - - [01/Jan/2023:18:29:55 -0500] "HEAD / HTTP/1.1" 200 -
201.245.192.253 - - [01/Jan/2023:18:30:37 -0500] "POST /kwsrmcab/Wsrmcab  HTTP/1.1" 200 44193
185.119.81.99 - - [01/Jan/2023:18:32:11 -0500] "GET /portaldeninos/wp-login.php HTTP/1.1" 200 2592
185.119.81.99 - - [01/Jan/2023:18:32:12 -0500] "POST /portaldeninos/wp-login.php HTTP/1.1" 200 3670
172.22.2.4 - - [01/Jan/2023:18:31:06 -0500] "HEAD /BLA/boletinlegal/ HTTP/1.1" 200 -
172.22.2.4 - - [01/Jan/2023:18:31:57 -0500] "GET /BLA/boletinlegal/ HTTP/1.1" 200 54452
185.119.81.104 - - [01/Jan/2023:18:33:43 -0500] "GET /portaldeninos/wp-login.php HTTP/1.1" 200 2592
185.119.81.104 - - [01/Jan/2023:18:33:44 -0500] "POST /portaldeninos/wp-login.php HTTP/1.1" 200 3670
152.32.200.79 - - [01/Jan/2023:18:34:40 -0500] "-" 408 -
216.245.221.92 - - [01/Jan/2023:18:34:55 -0500] "HEAD / HTTP/1.1" 200 -
172.22.2.4 - - [01/Jan/2023:18:33:50 -0500] "GET /BLA/boletinlegal/ HTTP/1.1" 200 62423
201.245.192.253 - - [01/Jan/2023:18:35:35 -0500] "POST /kwsrmcab/Wsrmcab  HTTP/1.1" 200 44193
114.119.157.196 - - [01/Jan/2023:18:37:16 -0500] "GET /BLA/resoluciones/RESOLUCIONES%202019/2265.pdf HTTP/1.1" 200 248672
172.22.2.4 - - [01/Jan/2023:18:37:41 -0500] "GET /BLA/boletinlegal/Circulares/2019/.pdf HTTP/1.1" 404 1218
172.22.2.4 - - [01/Jan/2023:18:37:50 -0500] "GET /BLA/boletinlegal/Circulares/2012/Circular%20No.%2010%20del%2026%20de%20Enero%20de%202012.pdf HTTP/1.1" 404 1218
172.22.2.4 - - [01/Jan/2023:18:36:56 -0500] "HEAD /BLA/boletinlegal/ HTTP/1.1" 200 -
172.22.2.4 - - [01/Jan/2023:18:37:47 -0500] "GET /BLA/boletinlegal/ HTTP/1.1" 200 57192
201.245.192.253 - - [01/Jan/2023:18:39:36 -0500] "POST /kwsrmcab/Wsrmcab HTTP/1.1" 200 44244
201.245.192.253 - - [01/Jan/2023:18:39:39 -0500] "POST /kwsrmcab/Wsrmcab HTTP/1.1" 200 44243
216.245.221.92 - - [01/Jan/2023:18:39:55 -0500] "HEAD / HTTP/1.1" 200 -
201.245.192.253 - - [01/Jan/2023:18:40:34 -0500] "POST /kwsrmcab/Wsrmcab  HTTP/1.1" 200 44193
185.119.81.100 - - [01/Jan/2023:18:42:16 -0500] "GET /portaldeninos/wp-login.php HTTP/1.1" 200 2592
185.119.81.100 - - [01/Jan/2023:18:42:17 -0500] "POST /portaldeninos/wp-login.php HTTP/1.1" 200 3605
185.119.81.99 - - [01/Jan/2023:18:42:57 -0500] "GET /portaldeninos/wp-login.php HTTP/1.1" 200 2592
185.119.81.99 - - [01/Jan/2023:18:42:58 -0500] "POST /portaldeninos/wp-login.php HTTP/1.1" 200 3605
172.22.2.4 - - [01/Jan/2023:18:42:46 -0500] "HEAD /BLA/boletinlegal/ HTTP/1.1" 200 -
216.245.221.92 - - [01/Jan/2023:18:44:55 -0500] "HEAD / HTTP/1.1" 200 -
172.22.2.4 - - [01/Jan/2023:18:43:37 -0500] "GET /BLA/boletinlegal/ HTTP/1.1" 200 52079
201.245.192.253 - - [01/Jan/2023:18:45:32 -0500] "POST /kwsrmcab/Wsrmcab  HTTP/1.1" 200 44193
114.119.158.137 - - [01/Jan/2023:18:46:34 -0500] "GET /pdc/actos/432.pdf HTTP/1.1" 200 523513
172.22.2.4 - - [01/Jan/2023:18:46:38 -0500] "GET /BLA/boletinlegal/sugerencias.php HTTP/1.1" 200 8615
173.252.107.116 - - [01/Jan/2023:18:49:48 -0500] "GET /images/cr\xc3\xb3nica-29-nov-1_optimized.jpeg HTTP/1.1" 404 1034
216.245.221.92 - - [01/Jan/2023:18:49:55 -0500] "HEAD / HTTP/1.1" 200 -
172.22.2.4 - - [01/Jan/2023:18:48:36 -0500] "HEAD /BLA/boletinlegal/ HTTP/1.1" 200 -
201.245.192.253 - - [01/Jan/2023:18:50:31 -0500] "POST /kwsrmcab/Wsrmcab  HTTP/1.1" 200 44193
172.22.2.4 - - [01/Jan/2023:18:49:27 -0500] "GET /BLA/boletinlegal/ HTTP/1.1" 200 57192
172.22.2.4 - - [01/Jan/2023:18:52:13 -0500] "GET /BLA/boletinlegal/Circulares/2010/Circular%2005%20de%208%20de%20septiembre%20de%202010.pdf HTTP/1.1" 304 -
114.119.152.33 - - [01/Jan/2023:18:53:22 -0500] "GET /autoliquidacion2020/index.php?dir=Grupo%2BForestal%2B-%2BIndustria%2Bde%2Bla%2BMadera/ HTTP/1.1" 200 6422
157.55.39.172 - - [01/Jan/2023:18:53:59 -0500] "GET /sipse/faces/faces/autenticacion.xhtml HTTP/1.1" 200 12500
45.65.232.170 - - [01/Jan/2023:18:54:47 -0500] "GET /sipse/faces/javax.faces.resource/theme.css?ln=primefaces-sipse HTTP/1.1" 304 -
45.65.232.170 - - [01/Jan/2023:18:54:47 -0500] "GET /sipse/faces/javax.faces.resource/primefaces.css?ln=primefaces&v=4.0 HTTP/1.1" 304 -
45.65.232.170 - - [01/Jan/2023:18:54:47 -0500] "GET /sipse/faces/javax.faces.resource/jquery/jquery.js?ln=primefaces&v=4.0 HTTP/1.1" 304 -
45.65.232.170 - - [01/Jan/2023:18:54:47 -0500] "GET /sipse/faces/javax.faces.resource/layout/layout.css?ln=primefaces&v=4.0 HTTP/1.1" 304 -
45.65.232.170 - - [01/Jan/2023:18:54:47 -0500] "GET /sipse/faces/javax.faces.resource/jquery/jquery-plugins.js?ln=primefaces&v=4.0 HTTP/1.1" 304 -
45.65.232.170 - - [01/Jan/2023:18:54:47 -0500] "GET /sipse/faces/javax.faces.resource/primefaces.js?ln=primefaces&v=4.0 HTTP/1.1" 304 -
45.65.232.170 - - [01/Jan/2023:18:54:47 -0500] "GET /sipse/faces/javax.faces.resource/layout/layout.js?ln=primefaces&v=4.0 HTTP/1.1" 304 -
45.65.232.170 - - [01/Jan/2023:18:54:47 -0500] "GET /sipse/faces/javax.faces.resource/images/ui-icons_898989_256x240.png?ln=primefaces-aristo HTTP/1.1" 304 -
45.65.232.170 - - [01/Jan/2023:18:54:47 -0500] "GET /sipse/faces/faces/faces/index.xhtml HTTP/1.1" 200 677
45.65.232.170 - - [01/Jan/2023:18:54:47 -0500] "GET /sipse/faces/javax.faces.resource/theme.css?ln=primefaces-sipse HTTP/1.1" 304 -
45.65.232.170 - - [01/Jan/2023:18:54:48 -0500] "GET /sipse/faces/faces/faces/faces/autenticacion.xhtml HTTP/1.1" 200 12178
45.65.232.170 - - [01/Jan/2023:18:54:48 -0500] "GET /sipse/faces/javax.faces.resource/primefaces.css?ln=primefaces&v=4.0 HTTP/1.1" 304 -
45.65.232.170 - - [01/Jan/2023:18:54:48 -0500] "GET /sipse/faces/javax.faces.resource/layout/layout.css?ln=primefaces&v=4.0 HTTP/1.1" 304 -
45.65.232.170 - - [01/Jan/2023:18:54:48 -0500] "GET /sipse/faces/javax.faces.resource/theme.css?ln=primefaces-sipse HTTP/1.1" 304 -
45.65.232.170 - - [01/Jan/2023:18:54:48 -0500] "GET /sipse/faces/javax.faces.resource/jquery/jquery.js?ln=primefaces&v=4.0 HTTP/1.1" 304 -
45.65.232.170 - - [01/Jan/2023:18:54:48 -0500] "GET /sipse/faces/javax.faces.resource/jquery/jquery-plugins.js?ln=primefaces&v=4.0 HTTP/1.1" 304 -
45.65.232.170 - - [01/Jan/2023:18:54:48 -0500] "GET /sipse/faces/javax.faces.resource/layout/layout.js?ln=primefaces&v=4.0 HTTP/1.1" 304 -
45.65.232.170 - - [01/Jan/2023:18:54:48 -0500] "GET /sipse/faces/javax.faces.resource/primefaces.js?ln=primefaces&v=4.0 HTTP/1.1" 304 -
216.245.221.92 - - [01/Jan/2023:18:54:55 -0500] "HEAD / HTTP/1.1" 200 -
201.245.192.253 - - [01/Jan/2023:18:55:30 -0500] "POST /kwsrmcab/Wsrmcab  HTTP/1.1" 200 44193
172.22.2.4 - - [01/Jan/2023:18:54:26 -0500] "HEAD /BLA/boletinlegal/ HTTP/1.1" 200 -
172.22.2.4 - - [01/Jan/2023:18:55:17 -0500] "GET /BLA/boletinlegal/ HTTP/1.1" 200 54452
45.65.232.170 - - [01/Jan/2023:18:58:35 -0500] "GET /sipse/faces/faces/faces/faces/autenticacion.xhtml HTTP/1.1" 200 12178
45.65.232.170 - - [01/Jan/2023:18:58:35 -0500] "GET /sipse/faces/javax.faces.resource/theme.css?ln=primefaces-sipse HTTP/1.1" 304 -
45.65.232.170 - - [01/Jan/2023:18:58:35 -0500] "GET /sipse/faces/javax.faces.resource/primefaces.css?ln=primefaces&v=4.0 HTTP/1.1" 304 -
45.65.232.170 - - [01/Jan/2023:18:58:35 -0500] "GET /sipse/faces/javax.faces.resource/jquery/jquery-plugins.js?ln=primefaces&v=4.0 HTTP/1.1" 304 -
45.65.232.170 - - [01/Jan/2023:18:58:35 -0500] "GET /sipse/faces/javax.faces.resource/layout/layout.css?ln=primefaces&v=4.0 HTTP/1.1" 304 -
45.65.232.170 - - [01/Jan/2023:18:58:35 -0500] "GET /sipse/faces/javax.faces.resource/jquery/jquery.js?ln=primefaces&v=4.0 HTTP/1.1" 304 -
45.65.232.170 - - [01/Jan/2023:18:58:35 -0500] "GET /sipse/faces/javax.faces.resource/primefaces.js?ln=primefaces&v=4.0 HTTP/1.1" 304 -
45.65.232.170 - - [01/Jan/2023:18:58:35 -0500] "GET /sipse/faces/javax.faces.resource/layout/layout.js?ln=primefaces&v=4.0 HTTP/1.1" 304 -
45.65.232.170 - - [01/Jan/2023:18:58:36 -0500] "GET /sipse/faces/javax.faces.resource/images/ui-icons_898989_256x240.png?ln=primefaces-aristo HTTP/1.1" 304 -
216.245.221.92 - - [01/Jan/2023:18:59:55 -0500] "HEAD / HTTP/1.1" 200 -
201.245.192.253 - - [01/Jan/2023:19:00:28 -0500] "POST /kwsrmcab/Wsrmcab  HTTP/1.1" 200 44193
172.22.2.4 - - [01/Jan/2023:19:00:16 -0500] "HEAD /BLA/boletinlegal/ HTTP/1.1" 200 -
40.77.167.33 - - [01/Jan/2023:19:02:04 -0500] "GET /BLA/resoluciones/index.php?dir=Notificaciones%2F HTTP/1.1" 200 11017
172.22.2.4 - - [01/Jan/2023:19:01:07 -0500] "GET /BLA/boletinlegal/ HTTP/1.1" 200 56825
114.119.143.123 - - [01/Jan/2023:19:03:24 -0500] "GET /BLA/resoluciones/RESOLUCIONES%202018/1898.pdf HTTP/1.1" 200 268203
216.245.221.92 - - [01/Jan/2023:19:04:55 -0500] "HEAD / HTTP/1.1" 200 -
185.119.81.104 - - [01/Jan/2023:19:05:00 -0500] "GET /portaldeninos/wp-login.php HTTP/1.1" 200 2592
185.119.81.104 - - [01/Jan/2023:19:05:01 -0500] "POST /portaldeninos/wp-login.php HTTP/1.1" 200 3605
201.245.192.253 - - [01/Jan/2023:19:05:27 -0500] "POST /kwsrmcab/Wsrmcab  HTTP/1.1" 200 44193
172.22.2.4 - - [01/Jan/2023:19:06:06 -0500] "HEAD /BLA/boletinlegal/ HTTP/1.1" 200 -
185.119.81.99 - - [01/Jan/2023:19:08:31 -0500] "GET /portaldeninos/wp-login.php HTTP/1.1" 200 2592
185.119.81.99 - - [01/Jan/2023:19:08:32 -0500] "POST /portaldeninos/wp-login.php HTTP/1.1" 200 3605
172.22.2.4 - - [01/Jan/2023:19:06:57 -0500] "GET /BLA/boletinlegal/ HTTP/1.1" 200 58185
109.237.98.226 - - [01/Jan/2023:19:09:03 -0500] "GET /.env HTTP/1.1" 404 1018
109.237.98.226 - - [01/Jan/2023:19:09:03 -0500] "\x16\x03\x01\x01H\x01" 400 226
87.251.152.60 - - [01/Jan/2023:19:09:39 -0500] "GET / HTTP/1.1" 200 319
216.245.221.92 - - [01/Jan/2023:19:09:55 -0500] "HEAD / HTTP/1.1" 200 -
114.119.130.57 - - [01/Jan/2023:19:10:04 -0500] "GET /BLA/resoluciones/RESOLUCIONES%202018/0757.pdf HTTP/1.1" 200 333901
201.245.192.253 - - [01/Jan/2023:19:10:27 -0500] "POST /kwsrmcab/Wsrmcab  HTTP/1.1" 200 44193
201.245.192.253 - - [01/Jan/2023:19:11:17 -0500] "GET /sipsesda/ HTTP/1.1" 200 1477
201.245.192.253 - - [01/Jan/2023:19:11:17 -0500] "GET /css/segobdis.css HTTP/1.1" 404 1264
201.245.192.253 - - [01/Jan/2023:19:11:17 -0500] "GET /sipsesda/faces/login.jspx HTTP/1.1" 200 7861
201.245.192.253 - - [01/Jan/2023:19:11:17 -0500] "GET /sipsesda/js/disable_browser_buttons.js;jsessionid=ac16012b22b8bf7aba8619514e9c8bbca65d3112e908.e34Lc3uRbN4Oc40Lahn0 HTTP/1.1" 200 2767
201.245.192.253 - - [01/Jan/2023:19:11:17 -0500] "GET /sipsesda/adf/styles/cache/segobdis16-desktop-10_1_3_4_0-gecko.css;jsessionid=ac16012b22b8bf7aba8619514e9c8bbca65d3112e908.e34Lc3uRbN4Oc40Lahn0 HTTP/1.1" 200 57778
201.245.192.253 - - [01/Jan/2023:19:11:17 -0500] "GET /sipsesda/js/funciones.js;jsessionid=ac16012b22b8bf7aba8619514e9c8bbca65d3112e908.e34Lc3uRbN4Oc40Lahn0 HTTP/1.1" 200 36377
201.245.192.253 - - [01/Jan/2023:19:11:17 -0500] "GET /sipsesda/adf/images/t.gif;jsessionid=ac16012b22b8bf7aba8619514e9c8bbca65d3112e908.e34Lc3uRbN4Oc40Lahn0 HTTP/1.1" 200 86
201.245.192.253 - - [01/Jan/2023:19:11:17 -0500] "GET /sipsesda/imagenes/encabezado.jpg;jsessionid=ac16012b22b8bf7aba8619514e9c8bbca65d3112e908.e34Lc3uRbN4Oc40Lahn0 HTTP/1.1" 200 18018
201.245.192.253 - - [01/Jan/2023:19:11:17 -0500] "GET /sipsesda/adf/jsLibs/Common10_1_3_4_0.js;jsessionid=ac16012b22b8bf7aba8619514e9c8bbca65d3112e908.e34Lc3uRbN4Oc40Lahn0 HTTP/1.1" 200 132959
201.245.192.253 - - [01/Jan/2023:19:11:21 -0500] "POST /sipsesda/faces/login.jspx;jsessionid=ac16012b22b8bf7aba8619514e9c8bbca65d3112e908.e34Lc3uRbN4Oc40Lahn0 HTTP/1.1" 200 5729
201.245.192.253 - - [01/Jan/2023:19:11:27 -0500] "POST /sipsesda/faces/vista/sistema/seleccionRol.jspx HTTP/1.1" 200 32819
201.245.192.253 - - [01/Jan/2023:19:11:27 -0500] "GET /sipsesda/imagenes/logoAplicacion.jpg HTTP/1.1" 200 155084
201.245.192.253 - - [01/Jan/2023:19:11:28 -0500] "GET /sipsesda/faces/imagenes/vinetaAbajo.gif HTTP/1.1" 200 72
201.245.192.253 - - [01/Jan/2023:19:11:28 -0500] "GET /sipsesda/faces/imagenes/vinetaDerecha.gif HTTP/1.1" 200 107
186.84.88.155 - - [01/Jan/2023:19:11:32 -0500] "GET /sipse/faces/faces/autenticacion.xhtml HTTP/1.1" 200 12178
186.84.88.155 - - [01/Jan/2023:19:11:32 -0500] "GET /sipse/js/disable_browser_buttons.js HTTP/1.1" 304 -
186.84.88.155 - - [01/Jan/2023:19:11:32 -0500] "GET /sipse/js/funciones.js HTTP/1.1" 304 -
186.84.88.155 - - [01/Jan/2023:19:11:32 -0500] "GET /sipse/css/custom_css_sg.css HTTP/1.1" 304 -
186.84.88.155 - - [01/Jan/2023:19:11:32 -0500] "GET /sipse/css/custom_css_sg_prime_login.css HTTP/1.1" 304 -
186.84.88.155 - - [01/Jan/2023:19:11:32 -0500] "GET /sipse/faces/javax.faces.resource/theme.css?ln=primefaces-sipse HTTP/1.1" 304 -
186.84.88.155 - - [01/Jan/2023:19:11:32 -0500] "GET /sipse/faces/javax.faces.resource/layout/layout.css?ln=primefaces&v=4.0 HTTP/1.1" 304 -
186.84.88.155 - - [01/Jan/2023:19:11:32 -0500] "GET /sipse/faces/javax.faces.resource/jquery/jquery.js?ln=primefaces&v=4.0 HTTP/1.1" 304 -
186.84.88.155 - - [01/Jan/2023:19:11:32 -0500] "GET /sipse/faces/javax.faces.resource/primefaces.css?ln=primefaces&v=4.0 HTTP/1.1" 304 -
186.84.88.155 - - [01/Jan/2023:19:11:32 -0500] "GET /sipse/faces/javax.faces.resource/jquery/jquery-plugins.js?ln=primefaces&v=4.0 HTTP/1.1" 304 -
186.84.88.155 - - [01/Jan/2023:19:11:32 -0500] "GET /sipse/faces/javax.faces.resource/primefaces.js?ln=primefaces&v=4.0 HTTP/1.1" 304 -
186.84.88.155 - - [01/Jan/2023:19:11:33 -0500] "GET /sipse/faces/javax.faces.resource/layout/layout.js?ln=primefaces&v=4.0 HTTP/1.1" 304 -
186.84.88.155 - - [01/Jan/2023:19:11:33 -0500] "GET /sipse/css/imagen/logoSDG.png HTTP/1.1" 304 -
186.84.88.155 - - [01/Jan/2023:19:11:33 -0500] "GET /sipse/css/imagen/loginimg.png HTTP/1.1" 304 -
186.84.88.155 - - [01/Jan/2023:19:11:33 -0500] "GET /sipse/faces/javax.faces.resource/images/ui-icons_898989_256x240.png?ln=primefaces-aristo HTTP/1.1" 304 -
186.84.88.155 - - [01/Jan/2023:19:11:33 -0500] "GET /sipse/faces/faces/index.xhtml HTTP/1.1" 200 677
186.84.88.155 - - [01/Jan/2023:19:11:33 -0500] "GET /sipse/faces/javax.faces.resource/theme.css?ln=primefaces-sipse HTTP/1.1" 304 -
186.84.88.155 - - [01/Jan/2023:19:11:33 -0500] "GET /sipse/faces/faces/faces/autenticacion.xhtml HTTP/1.1" 200 12178
186.84.88.155 - - [01/Jan/2023:19:11:33 -0500] "GET /sipse/faces/javax.faces.resource/theme.css?ln=primefaces-sipse HTTP/1.1" 304 -
186.84.88.155 - - [01/Jan/2023:19:11:33 -0500] "GET /sipse/faces/javax.faces.resource/primefaces.css?ln=primefaces&v=4.0 HTTP/1.1" 304 -
186.84.88.155 - - [01/Jan/2023:19:11:33 -0500] "GET /sipse/faces/javax.faces.resource/jquery/jquery.js?ln=primefaces&v=4.0 HTTP/1.1" 304 -
186.84.88.155 - - [01/Jan/2023:19:11:33 -0500] "GET /sipse/faces/javax.faces.resource/primefaces.js?ln=primefaces&v=4.0 HTTP/1.1" 304 -
186.84.88.155 - - [01/Jan/2023:19:11:33 -0500] "GET /sipse/faces/javax.faces.resource/jquery/jquery-plugins.js?ln=primefaces&v=4.0 HTTP/1.1" 304 -
186.84.88.155 - - [01/Jan/2023:19:11:33 -0500] "GET /sipse/faces/javax.faces.resource/layout/layout.css?ln=primefaces&v=4.0 HTTP/1.1" 304 -
186.84.88.155 - - [01/Jan/2023:19:11:33 -0500] "GET /sipse/faces/javax.faces.resource/layout/layout.js?ln=primefaces&v=4.0 HTTP/1.1" 304 -
201.245.192.253 - - [01/Jan/2023:19:11:34 -0500] "GET /sipsesda/faces/vista/sistema/cargarMenu.jspx?accionMenu=listadoFuncionario&menuID=18 HTTP/1.1" 200 33026
201.245.192.253 - - [01/Jan/2023:19:11:34 -0500] "GET /sipsesda/imagenes/cargando.gif HTTP/1.1" 200 1287
201.245.192.253 - - [01/Jan/2023:19:11:35 -0500] "POST /sipsesda/faces/vista/sistema/cargarMenu.jspx HTTP/1.1" 200 36921
201.245.192.253 - - [01/Jan/2023:19:11:57 -0500] "POST /sipsesda/faces/vista/administracion/funcionario/listadoFuncionario.jspx HTTP/1.1" 200 37226
201.245.192.253 - - [01/Jan/2023:19:12:01 -0500] "POST /sipsesda/faces/vista/administracion/funcionario/listadoFuncionario.jspx HTTP/1.1" 200 37226
201.245.192.253 - - [01/Jan/2023:19:12:29 -0500] "POST /sipsesda/faces/vista/administracion/funcionario/listadoFuncionario.jspx HTTP/1.1" 200 37367
200.89.245.247 - - [01/Jan/2023:19:12:52 -0500] "GET /appsia/controlador, HTTP/1.1" 404 68
200.89.245.247 - - [01/Jan/2023:19:13:02 -0500] "GET /appsia/controlador HTTP/1.1" 200 4799
200.89.245.247 - - [01/Jan/2023:19:13:02 -0500] "GET /appsia/css/estilos.css HTTP/1.1" 200 4804
200.89.245.247 - - [01/Jan/2023:19:13:02 -0500] "GET /appsia/scripts/validarIngreso.js HTTP/1.1" 200 851
200.89.245.247 - - [01/Jan/2023:19:13:02 -0500] "GET /appsia/images/logo_bogota_p.png HTTP/1.1" 200 14951
200.89.245.247 - - [01/Jan/2023:19:13:02 -0500] "GET /appsia/images/cabezoteHojaVida.png HTTP/1.1" 200 32493
172.22.2.4 - - [01/Jan/2023:19:11:56 -0500] "HEAD /BLA/boletinlegal/ HTTP/1.1" 200 -
200.89.245.247 - - [01/Jan/2023:19:13:38 -0500] "POST /appsia/controlador HTTP/1.1" 200 4621
200.89.245.247 - - [01/Jan/2023:19:13:42 -0500] "POST /appsia/controlador HTTP/1.1" 200 7733
200.89.245.247 - - [01/Jan/2023:19:13:42 -0500] "GET /appsia/images/logo_escudo.png HTTP/1.1" 200 36965
172.22.2.4 - - [01/Jan/2023:19:12:47 -0500] "GET /BLA/boletinlegal/ HTTP/1.1" 200 57192
216.245.221.92 - - [01/Jan/2023:19:14:55 -0500] "HEAD / HTTP/1.1" 200 -
114.119.157.191 - - [01/Jan/2023:19:15:18 -0500] "GET /BLA/resoluciones/RESOLUCIONES%202019/0715.pdf HTTP/1.1" 200 567398
201.245.192.253 - - [01/Jan/2023:19:15:26 -0500] "POST /kwsrmcab/Wsrmcab  HTTP/1.1" 200 44193
172.22.2.4 - - [01/Jan/2023:19:18:16 -0500] "GET /BLA/boletinlegal/robots.txt HTTP/1.1" 404 1037
104.143.88.44 - - [01/Jan/2023:19:18:36 -0500] "GET / HTTP/1.1" 200 319
107.172.123.24 - - [01/Jan/2023:19:18:36 -0500] "GET / HTTP/1.1" 200 319
185.174.137.252 - - [01/Jan/2023:19:18:47 -0500] "GET /wp-login.php HTTP/1.1" 404 1018
172.22.2.4 - - [01/Jan/2023:19:17:35 -0500] "GET /BLA/boletinlegal/ HTTP/1.1" 200 19339
162.55.175.24 - - [01/Jan/2023:19:19:21 -0500] "GET / HTTP/1.1" 200 319
172.22.2.4 - - [01/Jan/2023:19:17:41 -0500] "GET /BLA/boletinlegal/ HTTP/1.1" 200 17333
172.22.2.4 - - [01/Jan/2023:19:17:46 -0500] "HEAD /BLA/boletinlegal/ HTTP/1.1" 200 -
172.22.2.4 - - [01/Jan/2023:19:17:47 -0500] "GET /BLA/boletinlegal/ HTTP/1.1" 200 16860
172.22.2.4 - - [01/Jan/2023:19:17:52 -0500] "GET /BLA/boletinlegal/ HTTP/1.1" 200 15829
201.245.192.253 - - [01/Jan/2023:19:19:37 -0500] "POST /kwsrmcab/Wsrmcab HTTP/1.1" 200 44062
172.22.2.4 - - [01/Jan/2023:19:18:01 -0500] "GET /BLA/boletinlegal/ HTTP/1.1" 200 16266
201.245.192.253 - - [01/Jan/2023:19:19:40 -0500] "POST /kwsrmcab/Wsrmcab HTTP/1.1" 200 44241
172.22.2.4 - - [01/Jan/2023:19:18:06 -0500] "GET /BLA/boletinlegal/ HTTP/1.1" 200 16266
172.22.2.4 - - [01/Jan/2023:19:18:11 -0500] "GET /BLA/boletinlegal/ HTTP/1.1" 200 16266
216.245.221.92 - - [01/Jan/2023:19:19:55 -0500] "HEAD / HTTP/1.1" 200 -
172.22.2.4 - - [01/Jan/2023:19:18:17 -0500] "GET /BLA/boletinlegal/ HTTP/1.1" 200 17333
172.22.2.4 - - [01/Jan/2023:19:18:21 -0500] "GET /BLA/boletinlegal/ HTTP/1.1" 200 16860
114.119.156.250 - - [01/Jan/2023:19:20:02 -0500] "GET /BLA/resoluciones/RESOLUCIONES%202018/0065.pdf HTTP/1.1" 200 648506
172.22.2.4 - - [01/Jan/2023:19:18:26 -0500] "GET /BLA/boletinlegal/ HTTP/1.1" 200 18397
172.22.2.4 - - [01/Jan/2023:19:18:37 -0500] "GET /BLA/boletinlegal/ HTTP/1.1" 200 21613
201.245.192.253 - - [01/Jan/2023:19:20:25 -0500] "POST /kwsrmcab/Wsrmcab  HTTP/1.1" 200 44193
172.22.2.4 - - [01/Jan/2023:19:19:55 -0500] "GET /BLA/boletinlegal/ HTTP/1.1" 200 40626
172.22.2.4 - - [01/Jan/2023:19:19:56 -0500] "GET /BLA/boletinlegal/ HTTP/1.1" 200 40218
207.46.13.192 - - [01/Jan/2023:19:22:54 -0500] "GET /BLA/resoluciones/RESOLUCIONES%202014/0528.pdf HTTP/1.1" 304 -
172.22.2.4 - - [01/Jan/2023:19:23:18 -0500] "GET /BLA/boletinlegal/jurisprudencia/analisis/AnalisisT-606-15.docx HTTP/1.1" 304 -
216.245.221.92 - - [01/Jan/2023:19:24:55 -0500] "HEAD / HTTP/1.1" 200 -
172.22.2.4 - - [01/Jan/2023:19:23:36 -0500] "HEAD /BLA/boletinlegal/ HTTP/1.1" 200 -
201.245.192.253 - - [01/Jan/2023:19:25:23 -0500] "POST /kwsrmcab/Wsrmcab  HTTP/1.1" 200 44193
172.22.2.4 - - [01/Jan/2023:19:24:27 -0500] "GET /BLA/boletinlegal/ HTTP/1.1" 200 59404
172.22.2.4 - - [01/Jan/2023:19:27:43 -0500] "GET /BLA/boletinlegal/Circulares/2011/Circular%20No.%204%20del%2012%20de%20Agosto%20de%202011.pdf HTTP/1.1" 304 -
172.22.2.4 - - [01/Jan/2023:19:27:58 -0500] "GET /BLA/boletinlegal/robots.txt HTTP/1.1" 404 1038
172.22.2.4 - - [01/Jan/2023:19:28:01 -0500] "GET /BLA/boletinlegal/Directivas/2018/Directiva%20No.%2027%20del%2028%20de%20diciembre%20de%202018.pdf HTTP/1.1" 200 2831879
114.119.128.46 - - [01/Jan/2023:19:28:19 -0500] "GET /BLA/resoluciones/RESOLUCIONES%202014/03925.pdf HTTP/1.1" 200 587315
201.245.192.253 - - [01/Jan/2023:19:29:36 -0500] "POST /kwsrmcab/Wsrmcab HTTP/1.1" 200 44062
201.245.192.253 - - [01/Jan/2023:19:29:39 -0500] "POST /kwsrmcab/Wsrmcab HTTP/1.1" 200 44241
216.245.221.92 - - [01/Jan/2023:19:29:55 -0500] "HEAD / HTTP/1.1" 200 -
173.252.79.21 - - [01/Jan/2023:19:30:10 -0500] "GET /images/siembra-parque-distrital-entrenubes-29-noviembre.jpg HTTP/1.1" 200 62799
201.245.192.253 - - [01/Jan/2023:19:30:22 -0500] "POST /kwsrmcab/Wsrmcab  HTTP/1.1" 200 44193
172.22.2.4 - - [01/Jan/2023:19:29:26 -0500] "HEAD /BLA/boletinlegal/ HTTP/1.1" 200 -
114.119.136.146 - - [01/Jan/2023:19:31:27 -0500] "GET /BLA/resoluciones/RESOLUCIONES%202011/6783.pdf HTTP/1.1" 200 388068
172.22.2.4 - - [01/Jan/2023:19:30:17 -0500] "GET /BLA/boletinlegal/ HTTP/1.1" 200 57192
114.119.144.41 - - [01/Jan/2023:19:34:26 -0500] "GET /BLA/resoluciones/RESOLUCIONES%202011/6188.pdf HTTP/1.1" 200 909128
216.245.221.92 - - [01/Jan/2023:19:34:55 -0500] "HEAD / HTTP/1.1" 200 -
201.245.192.253 - - [01/Jan/2023:19:35:19 -0500] "POST /kwsrmcab/Wsrmcab  HTTP/1.1" 200 44193
172.22.2.4 - - [01/Jan/2023:19:34:12 -0500] "GET /BLA/boletinlegal/ HTTP/1.1" 200 59779
172.22.2.4 - - [01/Jan/2023:19:35:16 -0500] "HEAD /BLA/boletinlegal/ HTTP/1.1" 200 -
114.119.157.190 - - [01/Jan/2023:19:37:31 -0500] "GET /BLA/resoluciones/RESOLUCIONES%202011/4199.pdf HTTP/1.1" 200 788002
172.22.2.4 - - [01/Jan/2023:19:36:06 -0500] "GET /BLA/boletinlegal/ HTTP/1.1" 200 55272
172.22.2.4 - - [01/Jan/2023:19:38:02 -0500] "GET /BLA/boletinlegal/Circulares/2019/.pdf HTTP/1.1" 404 1218
172.22.2.4 - - [01/Jan/2023:19:38:11 -0500] "GET /BLA/boletinlegal/Circulares/2012/Circular%20No.%2010%20del%2026%20de%20Enero%20de%202012.pdf HTTP/1.1" 404 1218
114.119.155.210 - - [01/Jan/2023:19:38:13 -0500] "GET /portaldeninos/wp-content/uploads/2020/11/La-Conejera-B-1024x576.jpg HTTP/1.1" 200 133196
173.252.79.22 - - [01/Jan/2023:19:38:18 -0500] "GET /images/cr\xc3\xb3nica-29-nov-1_optimized.jpeg HTTP/1.1" 404 1034
191.109.107.180 - - [01/Jan/2023:19:38:58 -0500] "GET /sipse/faces/index.xhtml HTTP/1.1" 200 677
191.109.107.180 - - [01/Jan/2023:19:38:59 -0500] "GET /sipse/faces/javax.faces.resource/theme.css?ln=primefaces-sipse HTTP/1.1" 304 -
191.109.107.180 - - [01/Jan/2023:19:39:01 -0500] "GET /sipse/faces/faces/autenticacion.xhtml HTTP/1.1" 200 12178
191.109.107.180 - - [01/Jan/2023:19:39:02 -0500] "GET /sipse/faces/javax.faces.resource/theme.css?ln=primefaces-sipse HTTP/1.1" 304 -
191.109.107.180 - - [01/Jan/2023:19:39:02 -0500] "GET /sipse/faces/javax.faces.resource/jquery/jquery.js?ln=primefaces&v=4.0 HTTP/1.1" 304 -
191.109.107.180 - - [01/Jan/2023:19:39:02 -0500] "GET /sipse/faces/javax.faces.resource/layout/layout.css?ln=primefaces&v=4.0 HTTP/1.1" 304 -
191.109.107.180 - - [01/Jan/2023:19:39:02 -0500] "GET /sipse/faces/javax.faces.resource/jquery/jquery-plugins.js?ln=primefaces&v=4.0 HTTP/1.1" 304 -
191.109.107.180 - - [01/Jan/2023:19:39:02 -0500] "GET /sipse/faces/javax.faces.resource/primefaces.css?ln=primefaces&v=4.0 HTTP/1.1" 304 -
191.109.107.180 - - [01/Jan/2023:19:39:02 -0500] "GET /sipse/faces/javax.faces.resource/primefaces.js?ln=primefaces&v=4.0 HTTP/1.1" 304 -
191.109.107.180 - - [01/Jan/2023:19:39:03 -0500] "GET /sipse/faces/javax.faces.resource/layout/layout.js?ln=primefaces&v=4.0 HTTP/1.1" 304 -
191.109.107.180 - - [01/Jan/2023:19:39:03 -0500] "GET /sipse/faces/javax.faces.resource/images/ui-icons_898989_256x240.png?ln=primefaces-aristo HTTP/1.1" 304 -
191.109.107.180 - - [01/Jan/2023:19:39:07 -0500] "POST /sipse/faces/autenticacion.xhtml HTTP/1.1" 200 2225
191.109.107.180 - - [01/Jan/2023:19:39:10 -0500] "GET /sipse/faces/javax.faces.resource/messages/messages.png?ln=primefaces&v=4.0 HTTP/1.1" 304 -
191.109.107.180 - - [01/Jan/2023:19:39:11 -0500] "POST /sipse/faces/autenticacion.xhtml HTTP/1.1" 200 16281
191.109.107.180 - - [01/Jan/2023:19:39:12 -0500] "GET /sipse/faces/javax.faces.resource/theme.css?ln=primefaces-sipse HTTP/1.1" 304 -
191.109.107.180 - - [01/Jan/2023:19:39:12 -0500] "GET /sipse/faces/javax.faces.resource/primefaces.css?ln=primefaces&v=4.0 HTTP/1.1" 304 -
191.109.107.180 - - [01/Jan/2023:19:39:12 -0500] "GET /sipse/faces/javax.faces.resource/layout/layout.css?ln=primefaces&v=4.0 HTTP/1.1" 304 -
191.109.107.180 - - [01/Jan/2023:19:39:12 -0500] "GET /sipse/faces/javax.faces.resource/jquery/jquery.js?ln=primefaces&v=4.0 HTTP/1.1" 304 -
191.109.107.180 - - [01/Jan/2023:19:39:12 -0500] "GET /sipse/faces/javax.faces.resource/jquery/jquery-plugins.js?ln=primefaces&v=4.0 HTTP/1.1" 304 -
191.109.107.180 - - [01/Jan/2023:19:39:12 -0500] "GET /sipse/faces/javax.faces.resource/primefaces.js?ln=primefaces&v=4.0 HTTP/1.1" 304 -
191.109.107.180 - - [01/Jan/2023:19:39:13 -0500] "GET /sipse/faces/javax.faces.resource/layout/layout.js?ln=primefaces&v=4.0 HTTP/1.1" 304 -
191.109.107.180 - - [01/Jan/2023:19:39:13 -0500] "GET /sipse/css/imagen/contrasena.png HTTP/1.1" 404 383
191.109.107.180 - - [01/Jan/2023:19:39:15 -0500] "GET /sipse/faces/javax.faces.resource/images/ui-bg_flat_0_2d5972_40x100.png?ln=primefaces-aristo HTTP/1.1" 304 -
191.109.107.180 - - [01/Jan/2023:19:39:15 -0500] "POST /sipse/faces/bienvenido.xhtml HTTP/1.1" 200 2658
191.109.107.180 - - [01/Jan/2023:19:39:20 -0500] "POST /sipse/faces/bienvenido.xhtml HTTP/1.1" 200 65159
191.109.107.180 - - [01/Jan/2023:19:39:23 -0500] "GET /sipse/faces/javax.faces.resource/theme.css?ln=primefaces-sipse HTTP/1.1" 304 -
191.109.107.180 - - [01/Jan/2023:19:39:23 -0500] "GET /sipse/faces/javax.faces.resource/primefaces.css?ln=primefaces&v=4.0 HTTP/1.1" 304 -
191.109.107.180 - - [01/Jan/2023:19:39:23 -0500] "GET /sipse/faces/javax.faces.resource/layout/layout.css?ln=primefaces&v=4.0 HTTP/1.1" 304 -
191.109.107.180 - - [01/Jan/2023:19:39:23 -0500] "GET /sipse/faces/javax.faces.resource/jquery/jquery.js?ln=primefaces&v=4.0 HTTP/1.1" 304 -
191.109.107.180 - - [01/Jan/2023:19:39:23 -0500] "GET /sipse/faces/javax.faces.resource/jquery/jquery-plugins.js?ln=primefaces&v=4.0 HTTP/1.1" 304 -
191.109.107.180 - - [01/Jan/2023:19:39:23 -0500] "GET /sipse/faces/javax.faces.resource/primefaces.js?ln=primefaces&v=4.0 HTTP/1.1" 304 -
191.109.107.180 - - [01/Jan/2023:19:39:23 -0500] "GET /sipse/faces/javax.faces.resource/layout/layout.js?ln=primefaces&v=4.0 HTTP/1.1" 304 -
191.109.107.180 - - [01/Jan/2023:19:39:24 -0500] "POST /sipse/faces/presentacion/financiero/solicitudProceso/listarSolicitudProceso.xhtml HTTP/1.1" 200 1556
191.109.107.180 - - [01/Jan/2023:19:39:34 -0500] "POST /sipse/faces/presentacion/financiero/solicitudProceso/listarSolicitudProceso.xhtml HTTP/1.1" 200 120122
191.109.107.180 - - [01/Jan/2023:19:39:36 -0500] "GET /sipse/faces/javax.faces.resource/theme.css?ln=primefaces-sipse HTTP/1.1" 304 -
191.109.107.180 - - [01/Jan/2023:19:39:36 -0500] "GET /sipse/faces/javax.faces.resource/primefaces.css?ln=primefaces&v=4.0 HTTP/1.1" 304 -
191.109.107.180 - - [01/Jan/2023:19:39:36 -0500] "GET /sipse/faces/javax.faces.resource/layout/layout.css?ln=primefaces&v=4.0 HTTP/1.1" 304 -
191.109.107.180 - - [01/Jan/2023:19:39:37 -0500] "GET /sipse/faces/javax.faces.resource/jquery/jquery.js?ln=primefaces&v=4.0 HTTP/1.1" 304 -
191.109.107.180 - - [01/Jan/2023:19:39:37 -0500] "GET /sipse/faces/javax.faces.resource/jquery/jquery-plugins.js?ln=primefaces&v=4.0 HTTP/1.1" 304 -
191.109.107.180 - - [01/Jan/2023:19:39:37 -0500] "GET /sipse/faces/javax.faces.resource/primefaces.js?ln=primefaces&v=4.0 HTTP/1.1" 304 -
191.109.107.180 - - [01/Jan/2023:19:39:37 -0500] "GET /sipse/faces/javax.faces.resource/layout/layout.js?ln=primefaces&v=4.0 HTTP/1.1" 304 -
201.245.192.253 - - [01/Jan/2023:19:39:36 -0500] "POST /kwsrmcab/Wsrmcab HTTP/1.1" 200 44062
201.245.192.253 - - [01/Jan/2023:19:39:39 -0500] "POST /kwsrmcab/Wsrmcab HTTP/1.1" 200 44241
216.245.221.92 - - [01/Jan/2023:19:39:55 -0500] "HEAD / HTTP/1.1" 200 -
114.119.156.124 - - [01/Jan/2023:19:39:57 -0500] "GET /BLA/resoluciones/RESOLUCIONES%202011/2799.pdf HTTP/1.1" 200 688833
201.245.192.253 - - [01/Jan/2023:19:40:18 -0500] "POST /kwsrmcab/Wsrmcab  HTTP/1.1" 200 44193
173.252.107.15 - - [01/Jan/2023:19:41:19 -0500] "GET /en-esta-navidad-bogota-esta-mejorando-con-mas-espacios-verdes-para-el-disfrute-de-la-ciudadania.html HTTP/1.1" 206 1114
172.22.2.4 - - [01/Jan/2023:19:41:06 -0500] "HEAD /BLA/boletinlegal/ HTTP/1.1" 200 -
114.119.133.26 - - [01/Jan/2023:19:43:28 -0500] "GET /BLA/resoluciones/RESOLUCIONES%202010/5863.pdf HTTP/1.1" 200 114280
172.22.2.4 - - [01/Jan/2023:19:41:57 -0500] "GET /BLA/boletinlegal/ HTTP/1.1" 200 55272
66.102.8.93 - - [01/Jan/2023:19:44:06 -0500] "GET /galeria/galeria/fotos/Soratama1G.jpg HTTP/1.1" 200 127762
216.245.221.92 - - [01/Jan/2023:19:44:55 -0500] "HEAD / HTTP/1.1" 200 -
66.102.8.93 - - [01/Jan/2023:19:45:03 -0500] "GET /galeria/galeria/fotos/Soratama1G.jpg HTTP/1.1" 200 127762
201.245.192.253 - - [01/Jan/2023:19:45:18 -0500] "POST /kwsrmcab/Wsrmcab  HTTP/1.1" 200 44193
191.109.107.180 - - [01/Jan/2023:19:45:47 -0500] "POST /sipse/faces/presentacion/financiero/solicitudProceso/consultarSolicitudProceso.xhtml HTTP/1.1" 200 65159
191.109.107.180 - - [01/Jan/2023:19:45:52 -0500] "GET /sipse/faces/javax.faces.resource/theme.css?ln=primefaces-sipse HTTP/1.1" 304 -
191.109.107.180 - - [01/Jan/2023:19:45:52 -0500] "GET /sipse/faces/javax.faces.resource/primefaces.css?ln=primefaces&v=4.0 HTTP/1.1" 304 -
191.109.107.180 - - [01/Jan/2023:19:45:52 -0500] "GET /sipse/faces/javax.faces.resource/jquery/jquery.js?ln=primefaces&v=4.0 HTTP/1.1" 304 -
191.109.107.180 - - [01/Jan/2023:19:45:52 -0500] "GET /sipse/faces/javax.faces.resource/layout/layout.css?ln=primefaces&v=4.0 HTTP/1.1" 304 -
191.109.107.180 - - [01/Jan/2023:19:45:53 -0500] "GET /sipse/faces/javax.faces.resource/jquery/jquery-plugins.js?ln=primefaces&v=4.0 HTTP/1.1" 304 -
191.109.107.180 - - [01/Jan/2023:19:45:53 -0500] "GET /sipse/faces/javax.faces.resource/primefaces.js?ln=primefaces&v=4.0 HTTP/1.1" 304 -
191.109.107.180 - - [01/Jan/2023:19:45:53 -0500] "GET /sipse/faces/javax.faces.resource/layout/layout.js?ln=primefaces&v=4.0 HTTP/1.1" 304 -
191.109.107.180 - - [01/Jan/2023:19:45:54 -0500] "POST /sipse/faces/presentacion/financiero/solicitudProceso/listarSolicitudProceso.xhtml HTTP/1.1" 200 58506
191.109.107.180 - - [01/Jan/2023:19:45:55 -0500] "POST /sipse/faces/presentacion/financiero/solicitudProceso/listarSolicitudProceso.xhtml HTTP/1.1" 200 58506
191.109.107.180 - - [01/Jan/2023:19:45:57 -0500] "POST /sipse/faces/presentacion/financiero/solicitudProceso/listarSolicitudProceso.xhtml HTTP/1.1" 200 1556
191.109.107.180 - - [01/Jan/2023:19:45:57 -0500] "POST /sipse/faces/presentacion/financiero/solicitudProceso/listarSolicitudProceso.xhtml HTTP/1.1" 200 1552
191.109.107.180 - - [01/Jan/2023:19:45:58 -0500] "POST /sipse/faces/presentacion/financiero/solicitudProceso/listarSolicitudProceso.xhtml HTTP/1.1" 200 1560
114.119.156.56 - - [01/Jan/2023:19:46:16 -0500] "GET /BLA/resoluciones/RESOLUCIONES%202010/5316.pdf HTTP/1.1" 200 522339
20.0.29.210 - - [01/Jan/2023:19:48:22 -0500] "GET /.git/config HTTP/1.1" 404 1018
172.22.2.4 - - [01/Jan/2023:19:46:56 -0500] "HEAD /BLA/boletinlegal/ HTTP/1.1" 200 -
114.119.137.180 - - [01/Jan/2023:19:48:38 -0500] "GET /BLA/resoluciones/RESOLUCIONES%202019/2029.pdf HTTP/1.1" 200 339579
191.109.107.180 - - [01/Jan/2023:19:49:06 -0500] "POST /sipse/faces/presentacion/financiero/solicitudProceso/listarSolicitudProceso.xhtml HTTP/1.1" 200 32441
207.46.13.198 - - [01/Jan/2023:19:49:10 -0500] "GET /Publicaciones/2022EE131238.pdf HTTP/1.1" 404 228
172.22.2.4 - - [01/Jan/2023:19:47:47 -0500] "GET /BLA/boletinlegal/ HTTP/1.1" 200 57824
216.245.221.92 - - [01/Jan/2023:19:49:55 -0500] "HEAD / HTTP/1.1" 200 -
191.109.107.180 - - [01/Jan/2023:19:49:54 -0500] "POST /sipse/faces/presentacion/financiero/solicitudProceso/listarSolicitudProceso.xhtml HTTP/1.1" 200 31726
191.109.107.180 - - [01/Jan/2023:19:50:02 -0500] "POST /sipse/faces/presentacion/financiero/solicitudProceso/listarSolicitudProceso.xhtml HTTP/1.1" 200 32116
191.109.107.180 - - [01/Jan/2023:19:50:07 -0500] "POST /sipse/faces/presentacion/financiero/solicitudProceso/listarSolicitudProceso.xhtml HTTP/1.1" 200 32285
159.65.178.218 - - [01/Jan/2023:19:50:14 -0500] "GET / HTTP/1.0" 200 319
191.109.107.180 - - [01/Jan/2023:19:50:12 -0500] "POST /sipse/faces/presentacion/financiero/solicitudProceso/listarSolicitudProceso.xhtml HTTP/1.1" 200 119586
201.245.192.253 - - [01/Jan/2023:19:50:16 -0500] "POST /kwsrmcab/Wsrmcab  HTTP/1.1" 200 44193
191.109.107.180 - - [01/Jan/2023:19:50:18 -0500] "GET /sipse/faces/javax.faces.resource/theme.css?ln=primefaces-sipse HTTP/1.1" 304 -
191.109.107.180 - - [01/Jan/2023:19:50:19 -0500] "GET /sipse/faces/javax.faces.resource/jquery/jquery.js?ln=primefaces&v=4.0 HTTP/1.1" 304 -
191.109.107.180 - - [01/Jan/2023:19:50:19 -0500] "GET /sipse/faces/javax.faces.resource/primefaces.css?ln=primefaces&v=4.0 HTTP/1.1" 304 -
191.109.107.180 - - [01/Jan/2023:19:50:19 -0500] "GET /sipse/faces/javax.faces.resource/layout/layout.css?ln=primefaces&v=4.0 HTTP/1.1" 304 -
191.109.107.180 - - [01/Jan/2023:19:50:20 -0500] "GET /sipse/faces/javax.faces.resource/jquery/jquery-plugins.js?ln=primefaces&v=4.0 HTTP/1.1" 304 -
191.109.107.180 - - [01/Jan/2023:19:50:20 -0500] "GET /sipse/faces/javax.faces.resource/primefaces.js?ln=primefaces&v=4.0 HTTP/1.1" 304 -
191.109.107.180 - - [01/Jan/2023:19:50:20 -0500] "GET /sipse/faces/javax.faces.resource/layout/layout.js?ln=primefaces&v=4.0 HTTP/1.1" 304 -
114.119.146.16 - - [01/Jan/2023:19:50:30 -0500] "GET /BLA/resoluciones/RESOLUCIONES%202019/1949.pdf HTTP/1.1" 200 222603
138.122.229.249 - - [01/Jan/2023:19:51:25 -0500] "GET / HTTP/1.1" 200 319
186.28.79.152 - - [01/Jan/2023:19:52:10 -0500] "GET /mesa/contrasena.pdf HTTP/1.1" 200 443199
186.28.79.152 - - [01/Jan/2023:19:52:11 -0500] "GET /mesa/contrasena.pdf HTTP/1.1" 206 1
186.28.79.152 - - [01/Jan/2023:19:52:11 -0500] "GET /mesa/contrasena.pdf HTTP/1.1" 206 435071
114.119.148.33 - - [01/Jan/2023:19:52:17 -0500] "GET /BLA/resoluciones/RESOLUCIONES%202019/0255.pdf HTTP/1.1" 200 346606
186.102.30.93 - - [01/Jan/2023:19:52:46 -0500] "GET /kwssiamovil/sm/acme/a?s=U2FsdGVkX1/IZbaSdMGO2OJntZCXr2ThcdPfkDBdBReUM7uIU0ckJCAfZMYqnozgnpWYNdn4ATb9KB7GrSgX6uDyJ6t6799M8WPDbEFaxoM8lYRydhG64u5+lpI4K1qSNgpNClEUjtAJCVwq8Qx4kLCQMogCs7PHStgwvawKTlIafycQM5llTv9qeOZZLyyXd2UHqJuzCj7LaCZwzdpHfdOyy6on9oK4az79K7/i5q+Al9e0t1dha4nUcBa8J+ufKemu3ctmigIjaPElVrWmDQ==&u=U2FsdGVkX19rXdPyUechtKE1UsPUGnanHf+93afZqvo=&y=U2FsdGVkX1/3eKc2tlZZU/rvOrXoCz/Wa3WQO1ZdxTyAltcBNl9DX2u1OoRzetVe HTTP/1.1" 200 26
186.102.30.93 - - [01/Jan/2023:19:52:47 -0500] "GET /kwssiamovil/sm/acme/a?s=U2FsdGVkX19Mv6KTK08RIrvm/1tIjXw7jL3R8rV5lao3QcKDeLqGPQ0yMmuPkC6DOwYulHMsWwQpTT2SXUL9Qv4FUIbOtfVN//5+TdvD1/FooE8cUO7ihhNaOABEB7Gy2xRbcGMAdMzm0q4YSscNOgKSBfw93PhEbUNfVqU4GAfo4TwT5lfIN/xxMLptlzWTBdPdRpRSrj0buc5WERbeFC0qikEyjwPlA03hkfSnDG/T2PQNnJicw2KakBGPCaTDsOxbcelGU4KmKhlRugsKb900rPlhQDxi3wo6BXs1pOCBneo5ItG4Yj+JHyua0DYcX8b7eXnjMjI+1PBsCZJ/8HmE4mjnQaQ2g60ICk0sbI2ds44kqFnzKbHPXPHbiQk3ca+QKX0zD0yT0rosSTyui8+5uWhKnjhoJNlFxKEmzIkHwcWqT09WQGTNFmhzmi8HNBZxJx2s9U2n3mIB9b8QJuNN/IHNuMjXjUInWrz+LSCFyV8vOIyZe7TbNRsuNa4mWvrxzag5WP7RY6YjpsHAnK79C/6kJCdNOkyWSL4Eubhgk7N0XVb5sE1GO69TH1uGg31GB8sorFZbuZJXIbrJkRKRLkrFlFS+kzE1z5DftcfgKfvYXjo9181laAYrMGllRVZvOAEI8XtD4waK8p8r+ryLyfEehycltUTYhP88MumYQA0CpGgrd4dVGWJMqSdD/rwpHZ4lno1OzRaG2WrCwupqGVTjxKJcPpYgfnRiSYPZDOwcttlmfn2iLzVMw3uKtNkzrpbWTSu4ZRRn1lwq8nlrSweYc+3+9vMWAA/YQquanYyMv8yOH8zlPJZQJhtG6cGCtbYF10FcMA5OUUTls9iGfGaySo98Z3Ir+o4jgA0Qq/iWkvnAwryBBRs0/dimTEJyM9LgpcmPWAKj+opaVjWy0zeQr1FOcFxU6l1gXuWOsNMZkGJGla8jh622s8HRu7895ras2S/3lz9AV0SwoVNj3sl5mExowgi1rzjtfLFNIkY9INAs8VYFaFFB9exGwSiOz1O9rPZ4GZ0AOq5LVFLmvN0homeSj7NbzIjrGmvipKemEjGf9Lge8/X13elCkEEu/Kky3meMWWqKnAcyaX7PUZ4EDHzq1G0JwL0GGZlTJ58zEkj/tQIkwsSSmZX2fJrwPLsBIlTMet1e5G1SAYqvxQUHXJt5nKX4OBkrnhcjuJNmOHJZRcaR9vu384PoJhFJvYnLPlYe7ykiZU710sAs9I+0zQAAsDsNA145tc0GGNQYOx99dU4YUxwNQZ9I9ofDEzC6cuTxyjmDzIZNq5leo/J3WqN2WsL3W2548F1Dx5hID+ywAvcCjUG5q73949Cb3PokWpinO6PsArYOcZcQTeRKBE1qnlLPQIYjAtYCKFuzcDSwr9NmZuE7GMgBF/+hyPuvJl5cK0wcvW/sQalKrW1Aqr2G+D33HRfboIk=&u=U2FsdGVkX19rXdPyUechtKE1UsPUGnanHf+93afZqvo=&y=U2FsdGVkX1/3eKc2tlZZU/rvOrXoCz/Wa3WQO1ZdxTyAltcBNl9DX2u1OoRzetVe HTTP/1.1" 200 26
186.102.30.93 - - [01/Jan/2023:19:52:47 -0500] "GET /kwssiamovil/sm/acme/a?s=U2FsdGVkX18wxXJspYZ5ai4dXUZ6Q9TSv726GryKTiablyicXZbWnlZDELQ+AfIstEoliTn9Ce/V50SnPtESNNytzW4LTuuodFf2vCXW1Xor+RXKm2dsbHbbnasXpfzaYfjiEdg8AHgZaRLcfFr8ufVWz1Wy26tvFQWjE4U5QMM=&u=U2FsdGVkX19rXdPyUechtKE1UsPUGnanHf+93afZqvo=&y=U2FsdGVkX1/3eKc2tlZZU/rvOrXoCz/Wa3WQO1ZdxTyAltcBNl9DX2u1OoRzetVe HTTP/1.1" 200 26
186.102.30.93 - - [01/Jan/2023:19:52:47 -0500] "GET /kwssiamovil/sm/acme/a?s=U2FsdGVkX1+Gyku20F0q9yRr3PTPxLW0ITByCmB73OQ1dK8wrZ0Tg12z4D+//V3IAm9ecSvAwvPSM00t+sqCuPj2YrArQk5QFbE7Cah8om6luI78vVGqyiWAPsjQ+bp5BgqjiRd6ygtU8SaXUL+ElUcLBgTc7vfSyqMmCnNtj+s=&u=U2FsdGVkX19rXdPyUechtKE1UsPUGnanHf+93afZqvo=&y=U2FsdGVkX1/3eKc2tlZZU/rvOrXoCz/Wa3WQO1ZdxTyAltcBNl9DX2u1OoRzetVe HTTP/1.1" 200 26
186.102.30.93 - - [01/Jan/2023:19:52:47 -0500] "GET /kwssiamovil/sm/acme/a?s=U2FsdGVkX1/DvV+tqweaufNhEEnMMV9JH+WALfxlTZugx63cRMum/A4XrlDRJ1JS3l6sE8XMsG0HjLI+8DQjYTTR/SaxDR/FG7Oc8OV/x0PkcQi4fB9cjnQo5ecW4u7RuIbcGVX0JMFUCnImzpsjoQ5v8lYmHGwLFsqoizGMaC0=&u=U2FsdGVkX19rXdPyUechtKE1UsPUGnanHf+93afZqvo=&y=U2FsdGVkX1/3eKc2tlZZU/rvOrXoCz/Wa3WQO1ZdxTyAltcBNl9DX2u1OoRzetVe HTTP/1.1" 200 26
