201.245.192.253 - - [01/Jan/2023:21:34:49 -0500] "POST /kwsrmcab/Wsrmcab  HTTP/1.1" 200 44193
216.245.221.92 - - [01/Jan/2023:21:34:55 -0500] "HEAD / HTTP/1.1" 200 -
114.119.138.250 - - [01/Jan/2023:21:35:50 -0500] "GET /BLA/resoluciones/AUTOS%202013/2422.pdf HTTP/1.1" 200 419532
172.22.2.4 - - [01/Jan/2023:21:34:12 -0500] "GET /BLA/boletinlegal/ HTTP/1.1" 200 59779
45.9.110.186 - - [01/Jan/2023:21:36:48 -0500] "GET / HTTP/1.1" 200 319
114.119.154.81 - - [01/Jan/2023:21:37:36 -0500] "GET /BLA/resoluciones/AUTOS%202013/0451.pdf HTTP/1.1" 200 1987451
172.22.2.4 - - [01/Jan/2023:21:38:02 -0500] "GET /BLA/boletinlegal/Circulares/2019/.pdf HTTP/1.1" 404 1218
172.22.2.4 - - [01/Jan/2023:21:38:18 -0500] "GET /BLA/boletinlegal/Circulares/2012/Circular%20No.%2010%20del%2026%20de%20Enero%20de%202012.pdf HTTP/1.1" 404 1218
185.119.81.99 - - [01/Jan/2023:21:38:34 -0500] "GET /portaldeninos/wp-login.php HTTP/1.1" 200 2592
185.119.81.99 - - [01/Jan/2023:21:38:35 -0500] "POST /portaldeninos/wp-login.php HTTP/1.1" 200 3605
157.55.39.150 - - [01/Jan/2023:21:38:52 -0500] "GET /portaldeninos/2021/06/06/ciudadanos-disfrutaron-del-tunel-ambiental-en-el-parque-de-los-novios/ HTTP/1.1" 200 105118
172.22.2.4 - - [01/Jan/2023:21:37:46 -0500] "HEAD /BLA/boletinlegal/ HTTP/1.1" 200 -
114.119.133.26 - - [01/Jan/2023:21:39:32 -0500] "GET /BLA/resoluciones/AUTOS%202013/0161.pdf HTTP/1.1" 200 3380609
201.245.192.253 - - [01/Jan/2023:21:39:35 -0500] "POST /kwsrmcab/Wsrmcab HTTP/1.1" 200 44212
201.245.192.253 - - [01/Jan/2023:21:39:38 -0500] "POST /kwsrmcab/Wsrmcab HTTP/1.1" 200 44061
201.245.192.253 - - [01/Jan/2023:21:39:48 -0500] "POST /kwsrmcab/Wsrmcab  HTTP/1.1" 200 44193
216.245.221.92 - - [01/Jan/2023:21:39:55 -0500] "HEAD / HTTP/1.1" 200 -
172.22.2.4 - - [01/Jan/2023:21:38:36 -0500] "GET /BLA/boletinlegal/ HTTP/1.1" 200 56825
162.55.171.138 - - [01/Jan/2023:21:41:28 -0500] "GET / HTTP/1.1" 200 319
114.119.132.76 - - [01/Jan/2023:21:41:34 -0500] "GET /BLA/resoluciones/AUTOS%202012/2237.pdf HTTP/1.1" 200 643323
205.185.118.237 - - [01/Jan/2023:21:42:33 -0500] "POST /boaform/admin/formLogin HTTP/1.1" 404 1186
114.119.159.232 - - [01/Jan/2023:21:43:20 -0500] "GET /BLA/resoluciones/AUTOS%202011/4394.pdf HTTP/1.1" 200 241667
152.89.196.211 - - [01/Jan/2023:21:43:27 -0500] "-" 408 -
186.102.61.93 - - [01/Jan/2023:21:44:49 -0500] "GET /kwssiamovil/sm/acme/a?s=U2FsdGVkX1/xpFxvceHcBe34dZWEWhdLuHvkl3V90MuOfgk7iiKkIODHqHMx/yVOo8wgeip02nhWVWgya+pwezpCOdhix9RwxbCQlc3UPcpd8zDATLXW4l3hGRAf3qqd3GsTIdb8GOj7IffQe7sw3eciPd2817lRLWPyTCwcJbrqZP6tcMgBY3ihfAI4y/F1sh9wEKN3m2e5Or5QkBBwJFG0ox9PI0Wsbsk6E//TUiEAxf0aCb/pssrWcP2urmtpIQ9Ejz+ZT99nLOrkajYFTQ==&u=U2FsdGVkX19rXdPyUechtKE1UsPUGnanHf+93afZqvo=&y=U2FsdGVkX1/3eKc2tlZZU/rvOrXoCz/Wa3WQO1ZdxTyAltcBNl9DX2u1OoRzetVe HTTP/1.1" 200 26
186.102.61.93 - - [01/Jan/2023:21:44:49 -0500] "GET /kwssiamovil/sm/acme/a?s=U2FsdGVkX19+EvpWLGcdpkaa0PPeUE10udAUacMLgj3T2gCLFl4tv+pMm3BMVtQbn1lTwulgn6Cr5a5D41bs54C+TScqueJtP6l4tELzG+GRel6b3HpDw9pVmY2UTHFa3iI7Q8ymYH6rtOvwdX7LIxkntTA1W22B84bJmyFfXNz7USdVCzqA0BcHKjqwnuJs6SgF1RXAD2g+7VGoDhe7MxHplkjqp0rGM6YzT8lzht8f+NUzD3P5ttxFxgn8WtSZ1ZfQu8p3E47BOln4yTg9h8MBhVi/ym3TqKnXoTZidY2tNHlnY6AWI+NO9IqugChIdsQ14DZLTXrLu0SzNev3WMuLScJYvw887DbsPZD8cNBGd+dosmb5BTr2aZfpfPUzaE3u4RlHJtzmLddhuBpoRe/p81C47xmRif8dFzsdUK9XzSV0EbZ0b9CFMhw4c+VFMFmX80ZyTtBuRBiscQd1HMP+U+YR/rN8P2LlcEeS+cAHoZRgPPHzvCVdKXksB4UaY8VTBuBcd0SihA3jzZvsAeQ2CsBSI5F7zif0oiAvNiPgsr810D5SAUzwAUulV5Yngq1qQzqzj3WOZdddmmJdh93OF8mxlG48V2MfuZvdZ2//XgMCCrR7M/sqBCA+l21gfnIbak+1RFqr2WhbxIvO6Rxzk29JnqAIngohmrKrIlJ7a4otYGHc4HBysA7ea//mQj6jtV2PvMFukjJnrdEl74q+b+tusHtNeaS1A2pXchZFKlwd2ud7YLPz9tPdMAabmkpt0VNed8+n8gSEENiipJF0FT2SBCn4bWDF2OpMDDQiyEggHOcwN5dgLx0bdDsLEDSihSwJX3Ef5QTNUo4KfBtWjFE0aJfrl3ezX+9IW8ZUQ4q2/+vxi7985jzjJCXADn7AMpdHtr82H/LvdnW5TMr99+xWaqZHp0fAU5V5dpbs1ao0vmUAqk5/zjB98si0lvgDiydUjUdYxGLmRDY/FIvPxhVI6Ta9is80r/Kq1eWFUYkApFBrMSYcDaFWjZcPNrW6zuR6xZ0SCCcZjtcafWgVPhVtcwXTifg827eNSp4KLcGbdOtC0KAAB62GLJVqpNUVnIei4/Q7CIqTISeZtoKotTcCyX+fPacS13mNhB0y0sYs2j1N9kG2N1ju9cNgcdkgkw2kVzAFXC+REbSOoyzGAzEdo0AJ+S6j7H1HMG3l4C2KnNKaUlcMDedCJ9DRzVt3PuTSCeHvrZVQQaOqQD2P7bCuR6bUAbNx1js5YLf57DKtc7K6/bKamZuNpir8bbJHjzQl4xkzWx9R/T/4Fc68jk872OieUmuSX+aqvZqi9w7lSGcHDLHadRmvLhsNgBtNIFF0C9LR7KHBG0DbONwcCHrKXV0xRO70g4oFW56mesMZP6aQmXD3Qd6OlUos1Ec7fSwesSfk939OazNAMrSOIvDE1o2Dnm8vWXXXKM+TR727ln6co8gp4rESEfeCuZzJ8e59zMJxsjp/BY+5Mix2QgNmqTOp2qnxs8gEiMaLKKWMSEspIssKmkhh+aBA3b4JWQwWSKBUEk6mJ9+8XQ84DBxKmyajJAedBwsDkZegeloQTUBFY6UOXE77AjeXvVKUNGfhaY2MCzpZbwfZwbMZoypufWw+k6R6V3uNaZWvH2veCftaNzfEYZCOVdWOABE+MtHX+it9W6LSjpyDwVQnJLgDPbJgdjisHgHJHEFzqzIDD74vTUna+PCFZ3ApqzXmb7Y+b/OEL59qVaJAl5yR4BYcUtpLzsqsaxJJZV8AzNPqHaIYiSj42WftEtRKLZ1GEXiL070G3r3ib5DdVnahShtgC7FhJH0Hh6e+Z5rYoUEc12RsDNjKE8HHq6t/Yj2bJ/NzCwWXgNFdpHu9DA==&u=U2FsdGVkX19rXdPyUechtKE1UsPUGnanHf+93afZqvo=&y=U2FsdGVkX1/3eKc2tlZZU/rvOrXoCz/Wa3WQO1ZdxTyAltcBNl9DX2u1OoRzetVe HTTP/1.1" 200 26
186.102.61.93 - - [01/Jan/2023:21:44:49 -0500] "GET /kwssiamovil/sm/acme/a?s=U2FsdGVkX1/Mm+WEfHtrLj9uT/hrwgfZOjUBlGmQLk7hZN14Dvm1LS+iub1EYJUsV0O5UjZIPPw92NCGWK2dS8fIyS2YHVf/FUmDLapDEXfl+LsApptXfBa19BUpPk1vnaKPhMInW6l2koigb8gnJpVl9gDhEs9+RshnW05Tmv4=&u=U2FsdGVkX19rXdPyUechtKE1UsPUGnanHf+93afZqvo=&y=U2FsdGVkX1/3eKc2tlZZU/rvOrXoCz/Wa3WQO1ZdxTyAltcBNl9DX2u1OoRzetVe HTTP/1.1" 200 26
201.245.192.253 - - [01/Jan/2023:21:44:47 -0500] "POST /kwsrmcab/Wsrmcab  HTTP/1.1" 200 44193
186.102.61.93 - - [01/Jan/2023:21:44:49 -0500] "GET /kwssiamovil/sm/acme/a?s=U2FsdGVkX1/XqtfKcXt3k/r0krRgXQYvgTWFvGZF3nRW0d78yFosUPOnnzTuMLmXHFAGM0T4jLaFTI7cKQfVJZmn2Hf+AfWOezEr6ud2rZozOk/oo+Fd/sMDGESXw6W7Q7xK/EOtp9CLyOCuCM151unZ5zQ0R1tZrva5u1A7CTs=&u=U2FsdGVkX19rXdPyUechtKE1UsPUGnanHf+93afZqvo=&y=U2FsdGVkX1/3eKc2tlZZU/rvOrXoCz/Wa3WQO1ZdxTyAltcBNl9DX2u1OoRzetVe HTTP/1.1" 200 26
186.102.61.93 - - [01/Jan/2023:21:44:49 -0500] "GET /kwssiamovil/sm/acme/a?s=U2FsdGVkX18RXcp9Q3T4CHCtZkT1fxiC18dIxnOktwgHsFwI0a9VTkA34uVExLgjv9VW+nGqazJR7WvJ7zF/UkVFFsf++c3roKdXPIlsH4/gUGU3RqEw9I2PlAxTW4N/WuQM1DkOo7kXFFSPJsycN3i+vUWpsV6mbpmomVyWB4U=&u=U2FsdGVkX19rXdPyUechtKE1UsPUGnanHf+93afZqvo=&y=U2FsdGVkX1/3eKc2tlZZU/rvOrXoCz/Wa3WQO1ZdxTyAltcBNl9DX2u1OoRzetVe HTTP/1.1" 200 26
186.102.61.93 - - [01/Jan/2023:21:44:50 -0500] "GET /kwssiamovil/sm/acme/a?s=U2FsdGVkX1/QlvN/lXSjFdlUgb769VBvhVPAqkZ88Q+sttPxW6GgX3cHjpLiHS3rQOh7a/B9Z6KmHRzqMyXZ9qvGfyjUMBR0JHnHtM5ziz1dNYHyHX03a63kgdJ7nu8iQFLMCiXhv9aipvhBR0A5EqFDUxsNe/xPV9C7G8lpWghtiItA5lIJZZ4+zID9PdfcZ+d08EPORdvDjESyNXAHzA==&u=U2FsdGVkX19rXdPyUechtKE1UsPUGnanHf+93afZqvo=&y=U2FsdGVkX1/3eKc2tlZZU/rvOrXoCz/Wa3WQO1ZdxTyAltcBNl9DX2u1OoRzetVe HTTP/1.1" 200 26
216.245.221.92 - - [01/Jan/2023:21:44:55 -0500] "HEAD / HTTP/1.1" 200 -
114.119.130.218 - - [01/Jan/2023:21:45:10 -0500] "GET /BLA/resoluciones/AUTOS%202008/0622.pdf HTTP/1.1" 200 161720
172.22.2.4 - - [01/Jan/2023:21:43:36 -0500] "HEAD /BLA/boletinlegal/ HTTP/1.1" 200 -
162.55.165.184 - - [01/Jan/2023:21:45:25 -0500] "GET / HTTP/1.1" 200 319
172.22.2.4 - - [01/Jan/2023:21:44:26 -0500] "GET /BLA/boletinlegal/ HTTP/1.1" 200 57192
172.22.2.4 - - [01/Jan/2023:21:47:23 -0500] "GET /BLA/boletinlegal/robots.txt HTTP/1.1" 404 1038
114.119.135.224 - - [01/Jan/2023:21:47:29 -0500] "GET /BLA/resoluciones/AUTOS%202007/0705.pdf HTTP/1.1" 200 332623
172.22.2.4 - - [01/Jan/2023:21:47:49 -0500] "GET /BLA/boletinlegal/actos.php HTTP/1.1" 200 9566
201.245.192.253 - - [01/Jan/2023:21:49:46 -0500] "POST /kwsrmcab/Wsrmcab  HTTP/1.1" 200 44193
114.119.159.61 - - [01/Jan/2023:21:49:53 -0500] "GET /Autoliquidacion/index.php?dir=TR%C3%83%C2%AF%C3%82%C2%BF%C3%82%C2%BDMITES%2BAGUAS%2BSUPERFICIALES/&sort=name&order=asc HTTP/1.1" 200 6901
216.245.221.92 - - [01/Jan/2023:21:49:55 -0500] "HEAD / HTTP/1.1" 200 -
172.22.2.4 - - [01/Jan/2023:21:49:26 -0500] "HEAD /BLA/boletinlegal/ HTTP/1.1" 200 -
114.119.135.217 - - [01/Jan/2023:21:51:45 -0500] "GET /Autoliquidacion/index.php?dir=TR%C3%83%C2%83%C3%82%C2%83%C3%83%C2%82%C3%82%C2%AF%C3%83%C2%83%C3%82%C2%82%C3%83%C2%82%C3%82%C2%BF%C3%83%C2%83%C3%82%C2%82%C3%83%C2%82%C3%82%C2%BDMITES%2BAGUAS%2BSUPERFICIALES/&sort=size&order=desc HTTP/1.1" 200 7008
172.22.2.4 - - [01/Jan/2023:21:50:16 -0500] "GET /BLA/boletinlegal/ HTTP/1.1" 200 57192
114.119.156.138 - - [01/Jan/2023:21:53:45 -0500] "GET /Autoliquidacion/index.php?dir=Solicitud%20de%20Clasificaci%C3%83%C2%AF%C3%82%C2%BF%C3%82%C2%BDn%20de%20Impacto%20Ambiental/&sort=date&order=desc HTTP/1.1" 200 6957
161.10.20.96 - - [01/Jan/2023:21:54:37 -0500] "GET /appsia/controlador HTTP/1.1" 200 4799
161.10.20.96 - - [01/Jan/2023:21:54:37 -0500] "GET /appsia/css/estilos.css HTTP/1.1" 200 4804
161.10.20.96 - - [01/Jan/2023:21:54:37 -0500] "GET /appsia/scripts/validarIngreso.js HTTP/1.1" 200 851
161.10.20.96 - - [01/Jan/2023:21:54:37 -0500] "GET /appsia/images/cabezoteHojaVida.png HTTP/1.1" 200 32493
161.10.20.96 - - [01/Jan/2023:21:54:37 -0500] "GET /appsia/images/logo_bogota_p.png HTTP/1.1" 200 14951
161.10.20.96 - - [01/Jan/2023:21:54:37 -0500] "GET /favicon.ico HTTP/1.1" 200 7782
201.245.192.253 - - [01/Jan/2023:21:54:44 -0500] "POST /kwsrmcab/Wsrmcab  HTTP/1.1" 200 44193
216.245.221.92 - - [01/Jan/2023:21:54:55 -0500] "HEAD / HTTP/1.1" 200 -
114.119.129.81 - - [01/Jan/2023:21:55:28 -0500] "GET /BLA/resoluciones/AUTOS%202015/2024.pdf HTTP/1.1" 200 1114289
161.10.20.96 - - [01/Jan/2023:21:55:30 -0500] "GET /BLA/boletinlegal/js/jquery.scrollShow.js HTTP/1.1" 200 4586
161.10.20.96 - - [01/Jan/2023:21:55:30 -0500] "GET /galeria/galeria/jquery.fancybox.css?v=2.1.5 HTTP/1.1" 200 4895
161.10.20.96 - - [01/Jan/2023:21:55:30 -0500] "GET /galeria/galeria/jquery.fancybox.js?v=2.1.5 HTTP/1.1" 200 48706
172.22.2.4 - - [01/Jan/2023:21:55:16 -0500] "HEAD /BLA/boletinlegal/ HTTP/1.1" 200 -
34.250.12.251 - - [01/Jan/2023:21:57:00 -0500] "GET /BLA/resoluciones/RESOLUCIONES%202013/0715.pdf HTTP/1.1" 200 497969
114.119.150.186 - - [01/Jan/2023:21:57:38 -0500] "GET /Autoliquidacion/index.php?dir=RECEPCI%C3%83%C2%83%C3%82%C2%AF%C3%83%C2%82%C3%82%C2%BF%C3%83%C2%82%C3%82%C2%BDN%2BDE%2BPETICIONES%2BPQRSF/&sort=date&order=desc HTTP/1.1" 200 6939
172.22.2.4 - - [01/Jan/2023:21:56:06 -0500] "GET /BLA/boletinlegal/ HTTP/1.1" 200 54816
201.245.192.253 - - [01/Jan/2023:21:59:43 -0500] "POST /kwsrmcab/Wsrmcab  HTTP/1.1" 200 44193
216.245.221.92 - - [01/Jan/2023:21:59:55 -0500] "HEAD / HTTP/1.1" 200 -
186.102.61.93 - - [01/Jan/2023:22:00:13 -0500] "GET /kwssiamovil/sm/acme/a?s=U2FsdGVkX19g9ZCMP09DFplpurkbm1fuu04JSZKOiuDfLp+O4HrjKx7NtpcX7mijAI+mHEqXHXPHeJXeaGX32ZLfbAqtA3mbXUb6Kb2EKTs92FPL0N2C9mDBom5LF1OUE06DVH6e/t5Tv0wFc9lSNM94Osf2b0GFpZ9VBPIIADKEsxxHZ5OsWQU6m/Cx5VWMOLFxH9Z9S0uXS8nr1XrP1m//Mr0hlTn7Ut0j/xh3zZVv0sw1983kgCAPsQ48dkE1APd33815wBtXH5JW7nyU8w==&u=U2FsdGVkX19rXdPyUechtKE1UsPUGnanHf+93afZqvo=&y=U2FsdGVkX1/3eKc2tlZZU/rvOrXoCz/Wa3WQO1ZdxTyAltcBNl9DX2u1OoRzetVe HTTP/1.1" 200 26
186.102.61.93 - - [01/Jan/2023:22:00:14 -0500] "GET /kwssiamovil/sm/acme/a?s=U2FsdGVkX1/TNNiWyFo0SXNKD23eIPOWPFDE9SCfhX+dwuhrOtdnSEDbX1lUyCE2zsgz0fN+0xAdwRf05Bb5dm06JSJuvYkL5vGRkixb2CBAhu1AWQbmlAGuWHpym4teoq+BCqOh3rnM6FthB59IWl+GbliLc1EuMIvspofMBDc3RNiJLobhfexWrqzLdJmpoaz4p9M9FYQY1JgKirw6Ms8O+2jSJV1S6q0f2MS3+rJ+jU/k+RjjVRXxSiLlRZAW/HhuAXpwoqitoP8tG1hzH+xMgCTnJxb7LAJHB8idY+QOufyu0huo45tzK6UJ2+4yUpCD1PF6EojnCUVtmX8A/3YylwH+Ubu2Rz/T1Y5nEijlYKYEIKJCbmxFPHG93+xx1kbtrqI+PburLIGu99FArxLydgquUTSv0/W6Dhyw9BqZfNGYhRQkTna5K9ppaTIExKiDR76mZ8gQp5UbnD6mMVWnFlt+3fEv2OWXH94PY5y2sLIfdFgTfBe26PXf2BdYP5cVXgL5xKFDciNRbAD/av0dHy9krF10/s/g28JcejXsrKZ0Ijrop9RU8eECoxb4aO8QeAU6N9zl19aDQ9R2WD4kqUd4DkYA2RuLLii342eSYboC9lKkTy1XhBJCqHSv6AonQ7vzR15mLG3Ek4wcZa3ntEm6AfULNIUWWvEkofp5riI6Gfv2EFeaN1ocegvic0uYZ2leKB/fuGEeuNdJitmKTGs9MxddGy0KF6V3urW8Nh5IjnaeqDywZ1o/HYZt4PdLN9EcK4oa6VkrlaCPKrof7dHtzZSpVdzcEqGvXjn0p3uAhtsDZUC73throRGJeGMyeOWElmNmxIcl6pkNwKNOQRNNJI2JxKQeFNUqCfU/EkJFqrmn8MNiqGzep8xVZD6Ih/fScdI/L9peF68xdyoTUu8eIAXWev8xaW/xnG1jKvHvsJk1Dn/oN5kFqmCI0GMasGabzP5Kqim3mVjkTnKgbFHx9EnRqF3LsB0UxFcxovWfGcCMzfshvVdv+wCaVuWqwJps4Te18YLRtc8beuwdWctPf26VvUPKP2vfTya9HjV/7Xfyf4Karf9IG28Ditd7WtdF4mCPVadT6SaG5DI14xe5JN0S0vAluO+mxxB7CK6NX2YCqMBW/wrewRDuID/J5VSKCgSlyieeQXJ5DzhpSj/JQoZRZWoEtG0KUTyYZnepT/t/ma91rvJS4RsVPb2jcAFxvmFQlXdc7DKGu3/apAOVQoS+U4ZuvpyKJjatVHd0d4u8DFYO6ghEjKEZNb9q8iJ1PyajudRpj0YN4VubJMrw8AsQ8Q2UaoxiuaD76See3rPNWPYdU8LPBeZgtdzn68S2ySIzSt48H3t2gBqHF9aPqkSOkTjk4fD7uNY+kMwnZaYmHv2wQGUmScYZH/+28q7Xre3ZK+eRF8oDIwzihA18MbJZ8gxR+JCcxx07nU0TOrrpcqUyrHs1cs8F0OdrcglzSD1C2WxWZQda8UwT70/aTvzK05taO10I+uuZFrDvMXAVZK+gMCW5+V+UkGXVLBafY4T13wHHr58Z1fLRuQ3Ku54QUR58G6HJ2DlWGcfmXt4N88pcI7my7jVEIGNdvispZKEaOHKVtLrY942/Xilsh+umP3KxDd7cLAva5FVWO166w0iIkoGTucvXL0edquiPB/jRS3jKnlbVDrBLLBAa2GkTIbqH6U11wNWsEXB0KXblRoIePDrSAesJooOMBVu1GCnP7XbduyS7g/NO1n7wRUY5szArfHFUOmvZvCiuoyjjPorn8iEYy58f5H9eQZ0JM5Qt5nui90rBpuoe6OQK5LyTR5y44Isb1N2HM+W7Vgl4dK2TfL6R0h8+SdE+Kh1GODreS1UdBTX09qjp5fxvQEIhLjkAU2vLNMr+0MRbCDElLN2yY6iv9hFKLTZuvzr6UvxaJNiIj4aDou39P8Pv3h+ax705GobRjHI=&u=U2FsdGVkX19rXdPyUechtKE1UsPUGnanHf+93afZqvo=&y=U2FsdGVkX1/3eKc2tlZZU/rvOrXoCz/Wa3WQO1ZdxTyAltcBNl9DX2u1OoRzetVe HTTP/1.1" 200 26
186.102.61.93 - - [01/Jan/2023:22:00:14 -0500] "GET /kwssiamovil/sm/acme/a?s=U2FsdGVkX19aPDNrCfU1Uljr9E0lkGcsztrZV+2X4FQprQ30j9QrcQ9s6qsH/OeTVKY4IpJ0hIwFiYrDMMGpe74kX6CBJy7BO0LdGqv2rkSxCCxZzaKyz97DrV/ujWNvaVThJ/yL0Io5dqfSwMSS7CJHVtFzv+yYAdoEaLiQ81g=&u=U2FsdGVkX19rXdPyUechtKE1UsPUGnanHf+93afZqvo=&y=U2FsdGVkX1/3eKc2tlZZU/rvOrXoCz/Wa3WQO1ZdxTyAltcBNl9DX2u1OoRzetVe HTTP/1.1" 200 26
186.102.61.93 - - [01/Jan/2023:22:00:14 -0500] "GET /kwssiamovil/sm/acme/a?s=U2FsdGVkX1/VW/r91W1Y/EMPTia+HIKZazW0I8kuOyUJxsJVpvA6sqqznJ7jG9AKW3xdCsrdssbIsG7oFxxv7YI5mk/nDCC23D+LgN34txS9n5YhSmG2eQHLnSkVU54iE0KPFtbthVGLXJLCgd01/JgfPFd0axjdBvtOiPWEr2M=&u=U2FsdGVkX19rXdPyUechtKE1UsPUGnanHf+93afZqvo=&y=U2FsdGVkX1/3eKc2tlZZU/rvOrXoCz/Wa3WQO1ZdxTyAltcBNl9DX2u1OoRzetVe HTTP/1.1" 200 26
186.102.61.93 - - [01/Jan/2023:22:00:14 -0500] "GET /kwssiamovil/sm/acme/a?s=U2FsdGVkX198FeQDn+au44rZdTfuvqb2SVIqVaQnKbdk5/jSpEjrEDNLR4O60Jh0uGvneGRz0cBSn4ewoePHz0RFEDW5D+tTq5hxL2Dgib+QeXhEzyBlgCL0m/d0W6nWqdW749s4Yj32mi8gzdxs8ZWh2dpHPeRshwJRpApx8nQ=&u=U2FsdGVkX19rXdPyUechtKE1UsPUGnanHf+93afZqvo=&y=U2FsdGVkX1/3eKc2tlZZU/rvOrXoCz/Wa3WQO1ZdxTyAltcBNl9DX2u1OoRzetVe HTTP/1.1" 200 26
186.102.61.93 - - [01/Jan/2023:22:00:14 -0500] "GET /kwssiamovil/sm/acme/a?s=U2FsdGVkX18Tz7iPcykZhCpmLgh0PywxpcEHaqcZrV+cTY5ILzAM3kYWayuLPTCXVd58VIKINfkBoYvUxgR72VPtkky0t6O+NPL2xc+A8MFrrPtxTSsZZjk76werhs6CjwPxYRbB2XK51NzTTCdHALFX4IdGUMV+aGT2gw6QRqVasqeJv442VMFrWBtHr7dXLwIFDg6AthFRc7S1250sxQ==&u=U2FsdGVkX19rXdPyUechtKE1UsPUGnanHf+93afZqvo=&y=U2FsdGVkX1/3eKc2tlZZU/rvOrXoCz/Wa3WQO1ZdxTyAltcBNl9DX2u1OoRzetVe HTTP/1.1" 200 26
157.55.39.150 - - [01/Jan/2023:22:02:05 -0500] "GET /dos-mamiferos-y-63-aves-volvieron-a-la-libertad-en-el-humedal-la-conejera.html HTTP/1.1" 200 877
172.22.2.4 - - [01/Jan/2023:22:01:06 -0500] "HEAD /BLA/boletinlegal/ HTTP/1.1" 200 -
207.46.13.192 - - [01/Jan/2023:22:02:46 -0500] "GET / HTTP/1.1" 200 319
172.22.2.4 - - [01/Jan/2023:22:01:56 -0500] "GET /BLA/boletinlegal/ HTTP/1.1" 200 57192
201.245.192.253 - - [01/Jan/2023:22:04:42 -0500] "POST /kwsrmcab/Wsrmcab  HTTP/1.1" 200 44193
216.245.221.92 - - [01/Jan/2023:22:04:55 -0500] "HEAD / HTTP/1.1" 200 -
172.22.2.4 - - [01/Jan/2023:22:07:07 -0500] "GET /BLA/boletinlegal/Directivas/2018/Directiva%20No.%2024%20del%2027%20de%20diciembre%20de%202018.pdf HTTP/1.1" 304 -
66.249.64.17 - - [01/Jan/2023:22:07:12 -0500] "-" 408 -
172.22.2.4 - - [01/Jan/2023:22:06:56 -0500] "HEAD /BLA/boletinlegal/ HTTP/1.1" 200 -
191.95.61.232 - - [01/Jan/2023:22:08:43 -0500] "GET /sipse/faces/presentacion/financiero/solicitudAnulacion/solicitudAnulacion.xhtml HTTP/1.1" 302 -
191.95.61.232 - - [01/Jan/2023:22:08:43 -0500] "GET /sipse/faces/autenticacion.xhtml HTTP/1.1" 200 12178
191.95.61.232 - - [01/Jan/2023:22:08:44 -0500] "GET /sipse/css/custom_css_sg.css HTTP/1.1" 304 -
191.95.61.232 - - [01/Jan/2023:22:08:44 -0500] "GET /sipse/js/disable_browser_buttons.js HTTP/1.1" 304 -
191.95.61.232 - - [01/Jan/2023:22:08:44 -0500] "GET /sipse/css/custom_css_sg_prime_login.css HTTP/1.1" 304 -
191.95.61.232 - - [01/Jan/2023:22:08:44 -0500] "GET /sipse/faces/javax.faces.resource/theme.css?ln=primefaces-sipse HTTP/1.1" 304 -
191.95.61.232 - - [01/Jan/2023:22:08:44 -0500] "GET /sipse/js/funciones.js HTTP/1.1" 304 -
191.95.61.232 - - [01/Jan/2023:22:08:44 -0500] "GET /sipse/faces/javax.faces.resource/layout/layout.css?ln=primefaces&v=4.0 HTTP/1.1" 304 -
191.95.61.232 - - [01/Jan/2023:22:08:44 -0500] "GET /sipse/faces/javax.faces.resource/primefaces.css?ln=primefaces&v=4.0 HTTP/1.1" 304 -
191.95.61.232 - - [01/Jan/2023:22:08:44 -0500] "GET /sipse/faces/javax.faces.resource/jquery/jquery.js?ln=primefaces&v=4.0 HTTP/1.1" 304 -
191.95.61.232 - - [01/Jan/2023:22:08:44 -0500] "GET /sipse/faces/javax.faces.resource/layout/layout.js?ln=primefaces&v=4.0 HTTP/1.1" 304 -
191.95.61.232 - - [01/Jan/2023:22:08:44 -0500] "GET /sipse/faces/javax.faces.resource/jquery/jquery-plugins.js?ln=primefaces&v=4.0 HTTP/1.1" 200 220526
191.95.61.232 - - [01/Jan/2023:22:08:44 -0500] "GET /sipse/faces/javax.faces.resource/primefaces.js?ln=primefaces&v=4.0 HTTP/1.1" 200 276924
191.95.61.232 - - [01/Jan/2023:22:08:45 -0500] "GET /sipse/css/imagen/logoSDG.png HTTP/1.1" 304 -
191.95.61.232 - - [01/Jan/2023:22:08:45 -0500] "GET /sipse/css/imagen/loginimg.png HTTP/1.1" 304 -
191.95.61.232 - - [01/Jan/2023:22:08:46 -0500] "GET /sipse/faces/javax.faces.resource/images/ui-icons_898989_256x240.png?ln=primefaces-aristo HTTP/1.1" 304 -
191.95.61.232 - - [01/Jan/2023:22:08:46 -0500] "GET /sipse/faces/index.xhtml HTTP/1.1" 200 677
191.95.61.232 - - [01/Jan/2023:22:08:46 -0500] "GET /sipse/faces/javax.faces.resource/theme.css?ln=primefaces-sipse HTTP/1.1" 304 -
191.95.61.232 - - [01/Jan/2023:22:08:46 -0500] "GET /sipse/faces/faces/autenticacion.xhtml HTTP/1.1" 200 12178
191.95.61.232 - - [01/Jan/2023:22:08:46 -0500] "GET /sipse/faces/javax.faces.resource/theme.css?ln=primefaces-sipse HTTP/1.1" 304 -
191.95.61.232 - - [01/Jan/2023:22:08:46 -0500] "GET /sipse/faces/javax.faces.resource/layout/layout.css?ln=primefaces&v=4.0 HTTP/1.1" 304 -
191.95.61.232 - - [01/Jan/2023:22:08:46 -0500] "GET /sipse/faces/javax.faces.resource/primefaces.css?ln=primefaces&v=4.0 HTTP/1.1" 304 -
191.95.61.232 - - [01/Jan/2023:22:08:46 -0500] "GET /sipse/faces/javax.faces.resource/jquery/jquery-plugins.js?ln=primefaces&v=4.0 HTTP/1.1" 304 -
191.95.61.232 - - [01/Jan/2023:22:08:46 -0500] "GET /sipse/faces/javax.faces.resource/jquery/jquery.js?ln=primefaces&v=4.0 HTTP/1.1" 304 -
191.95.61.232 - - [01/Jan/2023:22:08:46 -0500] "GET /sipse/faces/javax.faces.resource/primefaces.js?ln=primefaces&v=4.0 HTTP/1.1" 304 -
191.95.61.232 - - [01/Jan/2023:22:08:46 -0500] "GET /sipse/faces/javax.faces.resource/layout/layout.js?ln=primefaces&v=4.0 HTTP/1.1" 304 -
191.95.61.232 - - [01/Jan/2023:22:08:47 -0500] "GET /sipse/faces/javax.faces.resource/images/ui-icons_898989_256x240.png?ln=primefaces-aristo HTTP/1.1" 304 -
172.22.2.4 - - [01/Jan/2023:22:07:46 -0500] "GET /BLA/boletinlegal/ HTTP/1.1" 200 57192
201.245.192.253 - - [01/Jan/2023:22:09:41 -0500] "POST /kwsrmcab/Wsrmcab  HTTP/1.1" 200 44193
216.245.221.92 - - [01/Jan/2023:22:09:55 -0500] "HEAD / HTTP/1.1" 200 -
104.236.128.17 - - [01/Jan/2023:22:13:39 -0500] "MGLNDD_190.27.245.106_80" 501 953
157.55.39.172 - - [01/Jan/2023:22:13:46 -0500] "GET /BLA/resoluciones/AUTOS%202022/6059.pdf HTTP/1.1" 304 -
172.22.2.4 - - [01/Jan/2023:22:12:46 -0500] "HEAD /BLA/boletinlegal/ HTTP/1.1" 200 -
185.119.81.104 - - [01/Jan/2023:22:14:39 -0500] "GET /portaldeninos/wp-login.php HTTP/1.1" 200 2592
185.119.81.104 - - [01/Jan/2023:22:14:39 -0500] "POST /portaldeninos/wp-login.php HTTP/1.1" 200 3605
201.245.192.253 - - [01/Jan/2023:22:14:40 -0500] "POST /kwsrmcab/Wsrmcab  HTTP/1.1" 200 44193
216.245.221.92 - - [01/Jan/2023:22:14:55 -0500] "HEAD / HTTP/1.1" 200 -
172.22.2.4 - - [01/Jan/2023:22:13:36 -0500] "GET /BLA/boletinlegal/ HTTP/1.1" 200 57192
40.77.167.21 - - [01/Jan/2023:22:18:08 -0500] "GET /portaldeninos/wp-content/uploads/2021/11/Pieza-concurso-corresponsal-ambiental-16-mayo-1200x480.jpg HTTP/1.1" 200 82333
173.252.107.8 - - [01/Jan/2023:22:19:09 -0500] "GET /que-orgullo-bogota-obtiene-reconocimiento-por-sus-planes-y-acciones-para-enfrentar-el-cambio-climatico.html HTTP/1.1" 206 773
201.245.192.253 - - [01/Jan/2023:22:19:36 -0500] "POST /kwsrmcab/Wsrmcab HTTP/1.1" 200 44212
201.245.192.253 - - [01/Jan/2023:22:19:39 -0500] "POST /kwsrmcab/Wsrmcab  HTTP/1.1" 200 44193
201.245.192.253 - - [01/Jan/2023:22:19:40 -0500] "POST /kwsrmcab/Wsrmcab HTTP/1.1" 200 44218
167.94.146.60 - - [01/Jan/2023:22:19:48 -0500] "GET / HTTP/1.1" 200 319
167.94.146.60 - - [01/Jan/2023:22:19:48 -0500] "GET / HTTP/1.1" 200 319
167.94.146.60 - - [01/Jan/2023:22:19:49 -0500] "PRI * HTTP/2.0" 400 946
167.94.146.60 - - [01/Jan/2023:22:19:49 -0500] "GET /favicon.ico HTTP/1.1" 200 7782
216.245.221.92 - - [01/Jan/2023:22:19:55 -0500] "HEAD / HTTP/1.1" 200 -
172.22.2.4 - - [01/Jan/2023:22:18:36 -0500] "HEAD /BLA/boletinlegal/ HTTP/1.1" 200 -
172.22.2.4 - - [01/Jan/2023:22:19:26 -0500] "GET /BLA/boletinlegal/ HTTP/1.1" 200 59404
201.245.192.253 - - [01/Jan/2023:22:24:38 -0500] "POST /kwsrmcab/Wsrmcab  HTTP/1.1" 200 44193
216.245.221.92 - - [01/Jan/2023:22:24:55 -0500] "HEAD / HTTP/1.1" 200 -
172.22.2.4 - - [01/Jan/2023:22:24:26 -0500] "HEAD /BLA/boletinlegal/ HTTP/1.1" 200 -
172.22.2.4 - - [01/Jan/2023:22:25:16 -0500] "GET /BLA/boletinlegal/ HTTP/1.1" 200 56825
141.255.167.130 - - [01/Jan/2023:22:29:20 -0500] "GET / HTTP/1.1" 200 319
201.245.192.253 - - [01/Jan/2023:22:29:35 -0500] "POST /kwsrmcab/Wsrmcab HTTP/1.1" 200 44212
201.245.192.253 - - [01/Jan/2023:22:29:36 -0500] "POST /kwsrmcab/Wsrmcab  HTTP/1.1" 200 44193
201.245.192.253 - - [01/Jan/2023:22:29:38 -0500] "POST /kwsrmcab/Wsrmcab HTTP/1.1" 200 44218
216.245.221.92 - - [01/Jan/2023:22:29:55 -0500] "HEAD / HTTP/1.1" 200 -
172.22.2.4 - - [01/Jan/2023:22:30:58 -0500] "GET /BLA/boletinlegal/robots.txt HTTP/1.1" 404 1140
172.22.2.4 - - [01/Jan/2023:22:31:43 -0500] "GET /BLA/boletinlegal/robots.txt HTTP/1.1" 404 1038
172.22.2.4 - - [01/Jan/2023:22:31:44 -0500] "GET /BLA/boletinlegal/Circulares/2018/CIRCULAR%20COJUNTA%20042%20DE%202018.pdf HTTP/1.1" 304 -
172.22.2.4 - - [01/Jan/2023:22:30:16 -0500] "HEAD /BLA/boletinlegal/ HTTP/1.1" 200 -
172.22.2.4 - - [01/Jan/2023:22:31:06 -0500] "GET /BLA/boletinlegal/ HTTP/1.1" 200 42583
66.249.64.13 - - [01/Jan/2023:22:34:06 -0500] "-" 408 -
201.245.192.253 - - [01/Jan/2023:22:34:35 -0500] "POST /kwsrmcab/Wsrmcab  HTTP/1.1" 200 44193
216.245.221.92 - - [01/Jan/2023:22:34:55 -0500] "HEAD / HTTP/1.1" 200 -
172.22.2.4 - - [01/Jan/2023:22:33:42 -0500] "GET /BLA/boletinlegal/ HTTP/1.1" 200 62423
172.22.2.4 - - [01/Jan/2023:22:37:34 -0500] "GET /BLA/boletinlegal/Circulares/2019/.pdf HTTP/1.1" 404 1218
172.22.2.4 - - [01/Jan/2023:22:37:44 -0500] "GET /BLA/boletinlegal/Circulares/2012/Circular%20No.%2010%20del%2026%20de%20Enero%20de%202012.pdf HTTP/1.1" 404 1218
172.22.2.4 - - [01/Jan/2023:22:36:06 -0500] "HEAD /BLA/boletinlegal/ HTTP/1.1" 200 -
172.22.2.4 - - [01/Jan/2023:22:36:56 -0500] "GET /BLA/boletinlegal/ HTTP/1.1" 200 57192
201.245.192.253 - - [01/Jan/2023:22:39:33 -0500] "POST /kwsrmcab/Wsrmcab  HTTP/1.1" 200 44193
201.245.192.253 - - [01/Jan/2023:22:39:36 -0500] "POST /kwsrmcab/Wsrmcab HTTP/1.1" 200 44212
201.245.192.253 - - [01/Jan/2023:22:39:39 -0500] "POST /kwsrmcab/Wsrmcab HTTP/1.1" 200 44218
216.245.221.92 - - [01/Jan/2023:22:39:55 -0500] "HEAD / HTTP/1.1" 200 -
172.22.2.4 - - [01/Jan/2023:22:41:56 -0500] "HEAD /BLA/boletinlegal/ HTTP/1.1" 200 -
92.118.39.29 - - [01/Jan/2023:22:43:54 -0500] "GET / HTTP/1.1" 200 319
172.22.2.4 - - [01/Jan/2023:22:42:46 -0500] "GET /BLA/boletinlegal/ HTTP/1.1" 200 56825
201.245.192.253 - - [01/Jan/2023:22:44:32 -0500] "POST /kwsrmcab/Wsrmcab  HTTP/1.1" 200 44193
216.245.221.92 - - [01/Jan/2023:22:44:55 -0500] "HEAD / HTTP/1.1" 200 -
172.22.2.4 - - [01/Jan/2023:22:47:46 -0500] "HEAD /BLA/boletinlegal/ HTTP/1.1" 200 -
201.245.192.253 - - [01/Jan/2023:22:49:31 -0500] "POST /kwsrmcab/Wsrmcab  HTTP/1.1" 200 44193
216.245.221.92 - - [01/Jan/2023:22:49:55 -0500] "HEAD / HTTP/1.1" 200 -
172.22.2.4 - - [01/Jan/2023:22:48:36 -0500] "GET /BLA/boletinlegal/ HTTP/1.1" 200 53739
172.22.2.4 - - [01/Jan/2023:22:53:08 -0500] "GET /BLA/boletinlegal/version HTTP/1.1" 404 1018
173.252.79.1 - - [01/Jan/2023:22:53:20 -0500] "GET /images/reunion-planta-termovalorizacion-11-mayo.jpg HTTP/1.1" 200 34782
201.245.192.253 - - [01/Jan/2023:22:54:30 -0500] "POST /kwsrmcab/Wsrmcab  HTTP/1.1" 200 44193
114.119.141.178 - - [01/Jan/2023:22:54:35 -0500] "GET /BLA/resoluciones/RESOLUCIONES%202012/1090.pdf HTTP/1.1" 200 325623
216.245.221.92 - - [01/Jan/2023:22:54:55 -0500] "HEAD / HTTP/1.1" 200 -
172.22.2.4 - - [01/Jan/2023:22:53:36 -0500] "HEAD /BLA/boletinlegal/ HTTP/1.1" 200 -
172.22.2.4 - - [01/Jan/2023:22:54:26 -0500] "GET /BLA/boletinlegal/ HTTP/1.1" 200 57192
114.119.128.85 - - [01/Jan/2023:22:56:13 -0500] "GET /BLA/resoluciones/AUTOS%202013/3128.pdf HTTP/1.1" 200 1507954
40.77.167.12 - - [01/Jan/2023:22:56:15 -0500] "GET /BLA/resoluciones/ HTTP/1.1" 200 13502
20.127.28.199 - - [01/Jan/2023:22:58:04 -0500] "GET /.git/config HTTP/1.1" 404 1018
172.22.2.4 - - [01/Jan/2023:22:58:36 -0500] "GET /BLA/boletinlegal/Circulares/2012/Circular%20No.%2015%20del%2022%20de%20octubre%20de%202012.pdf HTTP/1.1" 304 -
114.119.141.116 - - [01/Jan/2023:22:58:37 -0500] "GET /BLA/resoluciones/AUTOS%202014/6613.pdf HTTP/1.1" 200 710019
157.55.39.100 - - [01/Jan/2023:22:59:11 -0500] "GET / HTTP/1.1" 200 4720
201.245.192.253 - - [01/Jan/2023:22:59:29 -0500] "POST /kwsrmcab/Wsrmcab  HTTP/1.1" 200 44193
216.245.221.92 - - [01/Jan/2023:22:59:55 -0500] "HEAD / HTTP/1.1" 200 -
40.77.167.12 - - [01/Jan/2023:23:00:16 -0500] "GET /BLA/resoluciones/AUTOS%201997/1945.pdf HTTP/1.1" 304 -
172.22.2.4 - - [01/Jan/2023:22:59:26 -0500] "HEAD /BLA/boletinlegal/ HTTP/1.1" 200 -
172.22.2.4 - - [01/Jan/2023:23:00:16 -0500] "GET /BLA/boletinlegal/ HTTP/1.1" 200 58185
172.22.2.4 - - [01/Jan/2023:23:04:10 -0500] "POST /BLA/boletinlegal/phpinfo HTTP/1.1" 404 1018
201.245.192.253 - - [01/Jan/2023:23:04:28 -0500] "POST /kwsrmcab/Wsrmcab  HTTP/1.1" 200 44193
216.245.221.92 - - [01/Jan/2023:23:04:55 -0500] "HEAD / HTTP/1.1" 200 -
152.89.196.211 - - [01/Jan/2023:23:06:30 -0500] "GET /actuator/gateway/routes HTTP/1.1" 404 1018
172.22.2.4 - - [01/Jan/2023:23:05:16 -0500] "HEAD /BLA/boletinlegal/ HTTP/1.1" 200 -
172.22.2.4 - - [01/Jan/2023:23:06:06 -0500] "GET /BLA/boletinlegal/ HTTP/1.1" 200 57824
201.245.192.253 - - [01/Jan/2023:23:09:27 -0500] "POST /kwsrmcab/Wsrmcab  HTTP/1.1" 200 44193
114.119.132.43 - - [01/Jan/2023:23:09:49 -0500] "GET /BLA/resoluciones/RESOLUCIONES%202018/1567.pdf HTTP/1.1" 200 409812
216.245.221.92 - - [01/Jan/2023:23:09:55 -0500] "HEAD / HTTP/1.1" 200 -
172.22.2.4 - - [01/Jan/2023:23:11:06 -0500] "HEAD /BLA/boletinlegal/ HTTP/1.1" 200 -
94.102.61.10 - - [01/Jan/2023:23:13:06 -0500] "GET /portaldeninos/ HTTP/1.1" 200 110197
172.22.2.4 - - [01/Jan/2023:23:11:56 -0500] "GET /BLA/boletinlegal/ HTTP/1.1" 200 57192
201.245.192.253 - - [01/Jan/2023:23:13:49 -0500] "GET /sipsesda/ HTTP/1.1" 302 201
201.245.192.253 - - [01/Jan/2023:23:14:26 -0500] "POST /kwsrmcab/Wsrmcab  HTTP/1.1" 200 44193
216.245.221.92 - - [01/Jan/2023:23:14:55 -0500] "HEAD / HTTP/1.1" 200 -
186.31.119.75 - - [01/Jan/2023:23:16:12 -0500] "-" 408 -
172.22.2.4 - - [01/Jan/2023:23:16:56 -0500] "HEAD /BLA/boletinlegal/ HTTP/1.1" 200 -
172.22.2.4 - - [01/Jan/2023:23:17:46 -0500] "GET /BLA/boletinlegal/ HTTP/1.1" 200 52079
201.245.192.253 - - [01/Jan/2023:23:19:24 -0500] "POST /kwsrmcab/Wsrmcab  HTTP/1.1" 200 44193
201.245.192.253 - - [01/Jan/2023:23:19:35 -0500] "POST /kwsrmcab/Wsrmcab HTTP/1.1" 200 44192
201.245.192.253 - - [01/Jan/2023:23:19:38 -0500] "POST /kwsrmcab/Wsrmcab HTTP/1.1" 200 44206
216.245.221.92 - - [01/Jan/2023:23:19:55 -0500] "HEAD / HTTP/1.1" 200 -
66.249.79.119 - - [01/Jan/2023:23:20:12 -0500] "-" 408 -
201.245.192.253 - - [01/Jan/2023:23:24:23 -0500] "POST /kwsrmcab/Wsrmcab  HTTP/1.1" 200 44193
172.22.2.4 - - [01/Jan/2023:23:22:46 -0500] "HEAD /BLA/boletinlegal/ HTTP/1.1" 200 -
201.245.192.253 - - [01/Jan/2023:23:24:44 -0500] "GET /sipse/faces/index.xhtml HTTP/1.1" 200 677
201.245.192.253 - - [01/Jan/2023:23:24:44 -0500] "GET /sipse/faces/javax.faces.resource/theme.css?ln=primefaces-sipse HTTP/1.1" 200 50058
201.245.192.253 - - [01/Jan/2023:23:24:44 -0500] "GET /sipse/faces/faces/autenticacion.xhtml HTTP/1.1" 200 12178
201.245.192.253 - - [01/Jan/2023:23:24:44 -0500] "GET /sipse/faces/javax.faces.resource/theme.css?ln=primefaces-sipse HTTP/1.1" 304 -
201.245.192.253 - - [01/Jan/2023:23:24:44 -0500] "GET /sipse/faces/javax.faces.resource/primefaces.css?ln=primefaces&v=4.0 HTTP/1.1" 304 -
201.245.192.253 - - [01/Jan/2023:23:24:44 -0500] "GET /sipse/faces/javax.faces.resource/jquery/jquery.js?ln=primefaces&v=4.0 HTTP/1.1" 304 -
201.245.192.253 - - [01/Jan/2023:23:24:44 -0500] "GET /sipse/faces/javax.faces.resource/layout/layout.css?ln=primefaces&v=4.0 HTTP/1.1" 304 -
201.245.192.253 - - [01/Jan/2023:23:24:44 -0500] "GET /sipse/faces/javax.faces.resource/jquery/jquery-plugins.js?ln=primefaces&v=4.0 HTTP/1.1" 304 -
201.245.192.253 - - [01/Jan/2023:23:24:44 -0500] "GET /sipse/faces/javax.faces.resource/primefaces.js?ln=primefaces&v=4.0 HTTP/1.1" 304 -
201.245.192.253 - - [01/Jan/2023:23:24:44 -0500] "GET /sipse/faces/javax.faces.resource/layout/layout.js?ln=primefaces&v=4.0 HTTP/1.1" 304 -
201.245.192.253 - - [01/Jan/2023:23:24:44 -0500] "GET /sipse/faces/javax.faces.resource/images/ui-icons_898989_256x240.png?ln=primefaces-aristo HTTP/1.1" 200 5355
201.245.192.253 - - [01/Jan/2023:23:24:44 -0500] "GET /sipse/css/imagen/loginimg.png HTTP/1.1" 200 71635
201.245.192.253 - - [01/Jan/2023:23:24:44 -0500] "GET /sipse/css/imagen/logoSDG.png HTTP/1.1" 200 53064
216.245.221.92 - - [01/Jan/2023:23:24:55 -0500] "HEAD / HTTP/1.1" 200 -
201.245.192.253 - - [01/Jan/2023:23:25:03 -0500] "POST /sipse/faces/autenticacion.xhtml HTTP/1.1" 200 11650
201.245.192.253 - - [01/Jan/2023:23:25:03 -0500] "GET /sipse/css/custom_css_sg_prime.css HTTP/1.1" 200 5201
201.245.192.253 - - [01/Jan/2023:23:25:03 -0500] "GET /sipse/faces/javax.faces.resource/jquery/jquery.js?ln=primefaces&v=4.0 HTTP/1.1" 304 -
201.245.192.253 - - [01/Jan/2023:23:25:03 -0500] "GET /sipse/faces/javax.faces.resource/jquery/jquery-plugins.js?ln=primefaces&v=4.0 HTTP/1.1" 304 -
201.245.192.253 - - [01/Jan/2023:23:25:03 -0500] "GET /sipse/faces/javax.faces.resource/primefaces.js?ln=primefaces&v=4.0 HTTP/1.1" 304 -
201.245.192.253 - - [01/Jan/2023:23:25:04 -0500] "GET /sipse/faces/javax.faces.resource/layout/layout.js?ln=primefaces&v=4.0 HTTP/1.1" 304 -
201.245.192.253 - - [01/Jan/2023:23:25:04 -0500] "GET /sipse/faces/javax.faces.resource/messages/messages.png?ln=primefaces&v=4.0 HTTP/1.1" 200 27209
201.245.192.253 - - [01/Jan/2023:23:25:10 -0500] "POST /sipse/faces/presentacion/sistema/seguridad/seleccionRol.xhtml HTTP/1.1" 200 6085
201.245.192.253 - - [01/Jan/2023:23:25:11 -0500] "POST /sipse/faces/presentacion/sistema/seguridad/seleccionRol.xhtml HTTP/1.1" 200 18726
201.245.192.253 - - [01/Jan/2023:23:25:11 -0500] "GET /sipse/faces/javax.faces.resource/jquery/jquery.js?ln=primefaces&v=4.0 HTTP/1.1" 304 -
201.245.192.253 - - [01/Jan/2023:23:25:11 -0500] "GET /sipse/faces/javax.faces.resource/jquery/jquery-plugins.js?ln=primefaces&v=4.0 HTTP/1.1" 304 -
201.245.192.253 - - [01/Jan/2023:23:25:11 -0500] "GET /sipse/faces/javax.faces.resource/primefaces.js?ln=primefaces&v=4.0 HTTP/1.1" 304 -
201.245.192.253 - - [01/Jan/2023:23:25:11 -0500] "GET /sipse/faces/javax.faces.resource/layout/layout.js?ln=primefaces&v=4.0 HTTP/1.1" 304 -
201.245.192.253 - - [01/Jan/2023:23:25:11 -0500] "GET /sipse/imagenes/cargando.gif HTTP/1.1" 200 36959
201.245.192.253 - - [01/Jan/2023:23:25:11 -0500] "GET /sipse/css/imagen/contrasena.png HTTP/1.1" 404 383
201.245.192.253 - - [01/Jan/2023:23:25:11 -0500] "GET /sipse/imagenes/logoAplicacion.jpg HTTP/1.1" 200 155084
201.245.192.253 - - [01/Jan/2023:23:25:16 -0500] "GET /sipse/faces/javax.faces.resource/images/ui-bg_flat_0_2d5972_40x100.png?ln=primefaces-aristo HTTP/1.1" 200 183
201.245.192.253 - - [01/Jan/2023:23:25:16 -0500] "POST /sipse/faces/bienvenido.xhtml HTTP/1.1" 200 2055
172.22.2.4 - - [01/Jan/2023:23:23:36 -0500] "GET /BLA/boletinlegal/ HTTP/1.1" 200 57192
201.245.192.253 - - [01/Jan/2023:23:25:17 -0500] "POST /sipse/faces/bienvenido.xhtml HTTP/1.1" 200 82852
201.245.192.253 - - [01/Jan/2023:23:25:31 -0500] "GET /sipse/faces/javax.faces.resource/jquery/jquery.js?ln=primefaces&v=4.0 HTTP/1.1" 304 -
201.245.192.253 - - [01/Jan/2023:23:25:31 -0500] "GET /sipse/faces/javax.faces.resource/jquery/jquery-plugins.js?ln=primefaces&v=4.0 HTTP/1.1" 304 -
201.245.192.253 - - [01/Jan/2023:23:25:31 -0500] "GET /sipse/faces/javax.faces.resource/primefaces.js?ln=primefaces&v=4.0 HTTP/1.1" 304 -
201.245.192.253 - - [01/Jan/2023:23:25:31 -0500] "GET /sipse/faces/javax.faces.resource/layout/layout.js?ln=primefaces&v=4.0 HTTP/1.1" 304 -
185.119.81.104 - - [01/Jan/2023:23:25:38 -0500] "GET /portaldeninos/wp-login.php HTTP/1.1" 200 2592
185.119.81.104 - - [01/Jan/2023:23:25:39 -0500] "POST /portaldeninos/wp-login.php HTTP/1.1" 200 3605
66.249.79.117 - - [01/Jan/2023:23:26:12 -0500] "-" 408 -
185.119.81.100 - - [01/Jan/2023:23:26:27 -0500] "GET /portaldeninos/wp-login.php HTTP/1.1" 200 2592
185.119.81.100 - - [01/Jan/2023:23:26:27 -0500] "POST /portaldeninos/wp-login.php HTTP/1.1" 200 3670
201.245.192.253 - - [01/Jan/2023:23:29:22 -0500] "POST /kwsrmcab/Wsrmcab  HTTP/1.1" 200 44193
201.245.192.253 - - [01/Jan/2023:23:29:35 -0500] "POST /kwsrmcab/Wsrmcab HTTP/1.1" 200 44192
201.245.192.253 - - [01/Jan/2023:23:29:38 -0500] "POST /kwsrmcab/Wsrmcab HTTP/1.1" 200 44206
216.245.221.92 - - [01/Jan/2023:23:29:55 -0500] "HEAD / HTTP/1.1" 200 -
172.22.2.4 - - [01/Jan/2023:23:28:36 -0500] "HEAD /BLA/boletinlegal/ HTTP/1.1" 200 -
172.22.2.4 - - [01/Jan/2023:23:29:26 -0500] "GET /BLA/boletinlegal/ HTTP/1.1" 200 52453
201.245.192.253 - - [01/Jan/2023:23:34:20 -0500] "POST /kwsrmcab/Wsrmcab  HTTP/1.1" 200 44193
216.245.221.92 - - [01/Jan/2023:23:34:55 -0500] "HEAD / HTTP/1.1" 200 -
172.22.2.4 - - [01/Jan/2023:23:33:59 -0500] "GET /BLA/boletinlegal/ HTTP/1.1" 200 54100
172.22.2.4 - - [01/Jan/2023:23:34:26 -0500] "HEAD /BLA/boletinlegal/ HTTP/1.1" 200 -
52.209.144.229 - - [01/Jan/2023:23:36:46 -0500] "-" 408 -
172.22.2.4 - - [01/Jan/2023:23:35:16 -0500] "GET /BLA/boletinlegal/ HTTP/1.1" 200 56474
172.22.2.4 - - [01/Jan/2023:23:37:48 -0500] "GET /BLA/boletinlegal/Circulares/2019/.pdf HTTP/1.1" 404 1218
201.245.192.253 - - [01/Jan/2023:23:39:19 -0500] "POST /kwsrmcab/Wsrmcab  HTTP/1.1" 200 44193
201.245.192.253 - - [01/Jan/2023:23:39:35 -0500] "POST /kwsrmcab/Wsrmcab HTTP/1.1" 200 44192
201.245.192.253 - - [01/Jan/2023:23:39:38 -0500] "POST /kwsrmcab/Wsrmcab HTTP/1.1" 200 44206
216.245.221.92 - - [01/Jan/2023:23:39:55 -0500] "HEAD / HTTP/1.1" 200 -
172.22.2.4 - - [01/Jan/2023:23:40:16 -0500] "HEAD /BLA/boletinlegal/ HTTP/1.1" 200 -
172.22.2.4 - - [01/Jan/2023:23:41:06 -0500] "GET /BLA/boletinlegal/ HTTP/1.1" 200 59404
117.243.199.86 - - [01/Jan/2023:23:43:18 -0500] "GET / HTTP/1.1" 200 319
201.245.192.253 - - [01/Jan/2023:23:44:18 -0500] "POST /kwsrmcab/Wsrmcab  HTTP/1.1" 200 44193
216.245.221.92 - - [01/Jan/2023:23:44:55 -0500] "HEAD / HTTP/1.1" 200 -
173.252.107.3 - - [01/Jan/2023:23:45:00 -0500] "GET /mirla-un-ave-que-recorre-y-habita-diferentes-ecosistemas-de-bogota.html HTTP/1.1" 206 728
172.22.2.4 - - [01/Jan/2023:23:46:06 -0500] "HEAD /BLA/boletinlegal/ HTTP/1.1" 200 -
201.245.192.253 - - [01/Jan/2023:23:49:16 -0500] "POST /kwsrmcab/Wsrmcab  HTTP/1.1" 200 44193
216.245.221.92 - - [01/Jan/2023:23:49:55 -0500] "HEAD / HTTP/1.1" 200 -
172.22.2.4 - - [01/Jan/2023:23:48:17 -0500] "GET /BLA/boletinlegal/ HTTP/1.1" 200 57192
172.22.2.4 - - [01/Jan/2023:23:48:28 -0500] "GET /BLA/boletinlegal/ HTTP/1.1" 200 56825
114.119.143.75 - - [01/Jan/2023:23:51:23 -0500] "GET /BLA/resoluciones/RESOLUCIONES%202010/1150.pdf HTTP/1.1" 200 130990
186.118.245.165 - - [01/Jan/2023:23:52:09 -0500] "GET /kwssiamovil/sm/acme/a?s=U2FsdGVkX1/TAPcFG5W8SJTq95E9fYzdPuVLpkaXP0PwHrYSpV4gNQUg+GUnZplqEk0uxza8XM169u3RU0yCF8cf4gA8QFbey/NdP9+c2sk8i5xaRFRStI//yRri2ya3TAQzMoNL8cSQLzt3AZPZTVTp3CvDuhJC7BG7X2m9zydEE+dpiD5jMlLSQZiBDtzElL6oualHMGVjPPdW9byUUrDFX3u9hS0XXENVW3jsjv/uBjxkTb1jISylimFBYZIwQr/zL1hx74QvhNfJ43o5vQ==&u=U2FsdGVkX184QvDpH8/hJA3ajhRejcgW77+xO6UBepHvd4JIYvB+Zfil7Ct+OuL2&y=U2FsdGVkX19OS5fiGjhoGLOVt/Grc2U68VZV3hLAw2GWnzRthR03oy/7IyvRE7Nx HTTP/1.1" 200 26
186.118.245.165 - - [01/Jan/2023:23:52:10 -0500] "GET /kwssiamovil/sm/acme/a?s=U2FsdGVkX18ewKQk/vuT84s2hZO15vNU51cJ5jeLsciqgdQnoxBESN28xxR7IrZK7iMySHyT66I36I2x975tr/dk4ZqV9UQmxfMdBn/DVbEz/8a/IJyTJGo0kWqxIH6IL6FvuOO9oj3Fw8yddNOdb2bxZLWLB7uqiEE8ELjOUYdcwzkzuWfJrKwZHhUTD4m6tF+EaEggATKvQgQrC/CfzezxkS1WriARAKeD/yJTo8n5B+SWlzZqgNVlcm5Jwbhh4GrIz8bkMEKdxeqoQ/2Gu7InpKusmvMjxBCYFyxgKhWGC1efkreJOuRyxDlC3kI6VKZBmKDWHhThDKLpBS1KjpN4iYlWMLrIBDK0hJRomkXJMPVitmoUt7o2KwE+IbW2wXy/JvwLTv6wRl71UmJL+hFl69bj4O9gdArvqbR3ZWr8yiD5wTqqWDMr7J6EK3txp6z9SUSFUuI6cPz+E+qHjssVhleU1k1S1pfGkmovxGLu1lGjKSPpzkDat7H7XP6m84M4gDZgSlVOBpPFSSIoTn3FzzsdXLFSTy2BP5bfOtsPdaCaTiZ4191UV34J5DGt6VcogAPNP9r5hm4WxNOYXdcikTuW96a0KYtCzeYR2Ndf85/IkdVNfCSyYm4UDfzkjCm/HxJ5NfmqjHdqR0sHbPZcuQkKKpI52JJV92b6GBesgN0HXWhATa5sMAPjDjB6+EHjKJH3peX7XtQpgDvKgxg1oJZekjq/ixu/N2WHUcCR1tM7l3bIl33DpPUwUA0XacWs05U65AUT4pBDnHRipGuOiekjsw6UTqLHicr9Wnil3N25ECXWOEXe1o6Z8ioDBSfxwnKKN9+kmLsnSZpctPcXp317YO1uNe1spbK1Sf2nWpXCOTrUANIPg4IngSY9UQvyxG8AqnbmmmBoTB77YvHBzTP/bX2nN5+AO9iWhSYPP6r4iwrkexwDzhZfYP6G731q8wJSPwu8sIMG1Fi6QWdWl+rrsfgg2JC19acbbeNCQnmNicwggLBjzMHjvYBEnPUsG6UXxpEu29P/Wb4uRY8I2hQtR/NG9xQEy8pKvX1IULuHVsgfDkQso94jJvMkjiknDSuMM0YgB+sZK/uudWZ5W8VyLbxtVx1XZ7cOderajlbrbfEYZdbGJ0sVfdxVlRj2+ZkFK2W56ip+fxwhtmvNxIACK5Q2eoowJQjveGKw9Bs0CY/yR1L8gY0jJm7KsjzFdzRku3I0mw0fGbZuwjfXIyQCbwI70sDgafkStNGjL2iEFauRf1/7sB5U7NqPpDcw2jM6HeJ1Evu13uYr9C5BeTtqGlM05VTvf5X0bGGZ2+VPJ8kicwp+f12CyY5IprgTWSu7HOvKmdtR5s+O4iGaP2QY1ylEM2ZDegEu/wvOWpwOuQNhvcHmwr4GAvcgQng9HRIc2JKCp7ygBD5oWnCouYvHXCSPaD7uZUCxK91rsCOiMMuxNdoLiEgsghA2ZvpAIFFrltpZ8HsSQc1P4kNfszFvZMRSFwRbCwzpOG55kJRooS0nRotG14ZSFwN5hcy5LKamG32PRkyS8Jjs3uCKJjNEWQasp02ZFh3+DcMFLuGrDtTXkfQZWVG6JUqoEWslye23GMqQ+AiQaWYHxTHLEdazIDMab2NYE+sPVnfMI+w+SG2+CJiYErfjYoBIPRHZrj1ZTixYndU+1l9DSjlcZ3bmurV6spLAWVaNGxgaga0fpDWGlsYTpIiK5wPT4wHmniBOsR1LH2Cailup/JqDO7cXHBkPAke0LNMKlRQBskURpQQ9SUFSNO7TX7bBBG2VtIKZywo3JfIKU/g8mM7yOmV27D4M20MlqXoVZI2Z/HWPLjfHkWbnLhXX/B5VzlBRQra5Rh6OElbrODYNGjjUx07zJj/k5HbC/d33TBkGjkMBa2093qsbyewbkxfedDUEUBWYPnzBX/3zw1NvASlNzII7OqvEYl3aH5NL6sRXedeRzjifeH0HCcVLeGCeT8aLpb8oMnVJhSRNMZDwiG9nVw/vg/qNgfElTkB6+cZ0gcj5BMAK3XxYGqKm27EWoxUhWnuUanT82XCnSdero1x/ZEM4OLh07KoIz/FmncjLPLSBEPnu/RmKjcepFxpIwwBmkz31HyViP8LMi1B/Obsuwii9FwkBCSTAB/YLaTzh/ZG4MjSM1yIqXRK6iCDkC290tivuRNyztW+VrJr4MOj/Fe/5z/tFbkCLR4pf5qVqjUuWwCYty0QVDy9hSR180V64KEZWkM+s7AxfIOjyOoshKCb24U7n1babS3MxA/uI5lFOeU4XcC9YZzniGavZvlm4OtFnrRyRT3YTR4rXM20atgFClV+VUfiFVEKi+ZjXa+aapVc72jhoL/Ia0tpxlsgYRtZerx26Nvihvn1lgA==&u=U2FsdGVkX184QvDpH8/hJA3ajhRejcgW77+xO6UBepHvd4JIYvB+Zfil7Ct+OuL2&y=U2FsdGVkX19OS5fiGjhoGLOVt/Grc2U68VZV3hLAw2GWnzRthR03oy/7IyvRE7Nx HTTP/1.1" 200 26
186.118.245.165 - - [01/Jan/2023:23:52:10 -0500] "GET /kwssiamovil/sm/acme/a?s=U2FsdGVkX1/xZOjih02SMTG/S1OJelmEOY8HshzN2ipifBSwVAncEt9KFKdO6/9RHrVEXzFuWlCLt+x/enwAQc4YP9HjhnTP0ANvgAjxpoMEF76Ti29xSReARcfZQkVI0rW6p6WrqifcrO0iKu67tvk3QVpE3NB9S6xKGb8r6Ps=&u=U2FsdGVkX184QvDpH8/hJA3ajhRejcgW77+xO6UBepHvd4JIYvB+Zfil7Ct+OuL2&y=U2FsdGVkX19OS5fiGjhoGLOVt/Grc2U68VZV3hLAw2GWnzRthR03oy/7IyvRE7Nx HTTP/1.1" 200 26
186.118.245.165 - - [01/Jan/2023:23:52:10 -0500] "GET /kwssiamovil/sm/acme/a?s=U2FsdGVkX19gUbs97PHubnXF5AgNUeO3ecttMpUQndUH24JiA5RMT//xypKp1cky+DvXnAqe0TG6c/P7hKlPPbirIrzQV81JGueGLzvLP5QZVFPT4oE+078KroxlqwPsmqEHOIjn9shFm2g0JHHK9w1TbzCp+Ap6LE185AB/UZ4=&u=U2FsdGVkX184QvDpH8/hJA3ajhRejcgW77+xO6UBepHvd4JIYvB+Zfil7Ct+OuL2&y=U2FsdGVkX19OS5fiGjhoGLOVt/Grc2U68VZV3hLAw2GWnzRthR03oy/7IyvRE7Nx HTTP/1.1" 200 26
186.118.245.165 - - [01/Jan/2023:23:52:11 -0500] "GET /kwssiamovil/sm/acme/a?s=U2FsdGVkX1+cf5oTxbN4H6Arrdc8TpEt973RK769MZc8Ip7mFT+/B/5WD/fVQAhkGBz+t1foyV9T9fPULmZxEe76Gz9s82ouybGxeSMKpsoBS9dcUoOfnJmO0NwDX7agpDEpSyR9eythO0y0dVz13SES9KUmebswCWKI+g0EWyE=&u=U2FsdGVkX184QvDpH8/hJA3ajhRejcgW77+xO6UBepHvd4JIYvB+Zfil7Ct+OuL2&y=U2FsdGVkX19OS5fiGjhoGLOVt/Grc2U68VZV3hLAw2GWnzRthR03oy/7IyvRE7Nx HTTP/1.1" 200 26
186.118.245.165 - - [01/Jan/2023:23:52:11 -0500] "GET /kwssiamovil/sm/acme/a?s=U2FsdGVkX19IxhBZD6BupPTTeGv1eQr4iLYPVXUPGD2hIHBB/VaRE07TScjooQ4TSdbINyGWl+ebjq/+t2d4GIOFby+HPeRvHair8kusI1K05bKyixsae1IkzEFPV0jNUO7nbQhh23BohLmQALer5AhngRePTdp67UyTmMhfRed1WCgaBpk0hzUBNcKU292EZ/WC0WVPjFPEaSbJdkACUQ==&u=U2FsdGVkX184QvDpH8/hJA3ajhRejcgW77+xO6UBepHvd4JIYvB+Zfil7Ct+OuL2&y=U2FsdGVkX19OS5fiGjhoGLOVt/Grc2U68VZV3hLAw2GWnzRthR03oy/7IyvRE7Nx HTTP/1.1" 200 26
168.119.252.242 - - [01/Jan/2023:23:53:09 -0500] "GET / HTTP/1.1" 200 319
172.22.2.4 - - [01/Jan/2023:23:51:56 -0500] "HEAD /BLA/boletinlegal/ HTTP/1.1" 200 -
157.55.39.172 - - [01/Jan/2023:23:53:44 -0500] "GET /BLA/resoluciones/RESOLUCIONES%202000/2000%20900-949.tif HTTP/1.1" 200 4091182
201.245.192.253 - - [01/Jan/2023:23:54:14 -0500] "POST /kwsrmcab/Wsrmcab  HTTP/1.1" 200 44193
216.245.221.92 - - [01/Jan/2023:23:54:55 -0500] "HEAD / HTTP/1.1" 200 -
201.245.192.253 - - [01/Jan/2023:23:59:14 -0500] "POST /kwsrmcab/Wsrmcab  HTTP/1.1" 200 44193
201.245.192.253 - - [01/Jan/2023:23:59:34 -0500] "GET /sipsesda/ HTTP/1.1" 200 1477
201.245.192.253 - - [01/Jan/2023:23:59:34 -0500] "GET /css/segobdis.css HTTP/1.1" 404 1264
201.245.192.253 - - [01/Jan/2023:23:59:34 -0500] "GET /sipsesda/faces/login.jspx HTTP/1.1" 200 6860
201.245.192.253 - - [01/Jan/2023:23:59:49 -0500] "GET /sipsesda/ HTTP/1.1" 200 1477
201.245.192.253 - - [01/Jan/2023:23:59:49 -0500] "GET /css/segobdis.css HTTP/1.1" 404 1264
201.245.192.253 - - [01/Jan/2023:23:59:50 -0500] "GET /sipsesda/faces/login.jspx HTTP/1.1" 200 6860
216.245.221.92 - - [01/Jan/2023:23:59:55 -0500] "HEAD / HTTP/1.1" 200 -

:: Command execute ::

Enter:
 
Select:
 

:: Search ::
regexp 

:: Upload ::
 
[ ok ]

:: Make Dir ::
 
[ ok ]
:: Make File ::
 
[ ok ]

:: Go Dir ::
 
:: Go File ::
 

--[ c99shell v. 1.0 pre-release build #13 powered by Captain Crunch Security Team | http://ccteam.ru | Generation time: 0.6708 ]--