172.22.2.4 - - [01/Jan/2023:11:55:18 -0500] "GET /BLA/boletinlegal/ HTTP/1.1" 200 57824
201.245.192.253 - - [01/Jan/2023:11:57:10 -0500] "POST /kwsrmcab/Wsrmcab  HTTP/1.1" 200 44193
186.102.44.76 - - [01/Jan/2023:11:58:49 -0500] "GET /kwssiamovil/sm/ldap/au?x=U2FsdGVkX18aBcsus+awWZgMGp7BxffUO+h4iIr1c5/Q3BLlA7v5g1Q4dLFO6TRD&y=U2FsdGVkX19TZSH/uVXznuyIDqDxbtR1XM+JDAPDOD+3dWx6WtFAa8IUwcNOiX5G HTTP/1.1" 200 30
186.102.44.76 - - [01/Jan/2023:11:58:50 -0500] "GET /kwssiamovil/sm/acme/s?s=U2FsdGVkX190E4d2+My7WVoCmIOAgj3c0IfbwGSTOhXeAHw1aNvd6JDBONE8TlVaGPKoDnEh3mWEUsfllo+FJkXZ5x+1GkmLlRtG40sKimc=&u=U2FsdGVkX1/ej83ruKd5b4U8gmgJIxQ9QPv5GFy7lAE=&y=U2FsdGVkX19TZSH/uVXznuyIDqDxbtR1XM+JDAPDOD+3dWx6WtFAa8IUwcNOiX5G HTTP/1.1" 200 97
186.102.44.76 - - [01/Jan/2023:11:58:50 -0500] "GET /kwssiamovil/sm/acme/s?s=U2FsdGVkX18mzsHQOUbLsPtjo0INOYFwrNIoClhietxde9xlQzwWWRM3r72cQ0z+QwP8/zlXjQm0XuOHoV4GgGhSmR4xA8dj9uAmCIWY1HDywSPiwivW2cyHYuKHIKFT02J00mLrQQCR6mzSrGNWM6rw/bdqb7T/6deQHTlY+zfsORRrSHaPc9BdnCRR0ME5f0TF29ePuZAEV67He9Fka7X4E6spBe3Rapv0jRsJi9TcJl4qFIrUAgCxvlMz73WBss84Nqw4AZwAh7H/HjlpvaUS5O+kUZZdqwNOnLp14bfumgFzyit2jqzlU94fALkt+Kbl8DqouALhC2NvSpU708KkU3omxo52P//WmTHBSb1wp+fiblC+6DQsfegcfQ31BknH4R8Tq4Lm+QVUmPcjdfv8XvCyoM70rPj4T7hSjp5b52hz+PnoyHbD4NaPr9jNs32mHaJGsSPkB88M62MPPvm4fJMw5UxwCx+Vtu/3+1VcjLe8pbI7naW6fikK68hLh4WRybvwaDUhAr1Sxl5ZHp1N+nNpEi/3yUZhDpkbBqgleL3aTYN1XcXXR/q6LOh9T8NN437lohpsjmgIs/gO9gpdsoff327Cy4le2lI79NrX7+ttTRh5C/ey19Nuduv3LPQSg0ClJl3XWQWatjNqPpJIrk0n3NcwFr12GvgkrzV2lI5dFbBvuJtvf+pwgko8VeHUFA73WtYsU9ti8Go5GODdwoSJM8BqEKN/RY/C1yKtawsrLUXjqVyAmY0O1s0GsHwrdin8x4cXhcGt1ZbP8iaV9oad7jc64HukTVjbHDF7IbOgBNvXG1oupPeYoEFDUN4MC7jtAwM0R5zJQ0aLMUzL3giexjT0XAIQZgeUbqA/nTMHqmlCC4504oFmoILE24CNKugJABapEfmTyVeXndDkxxnobLbMipfJXUNnG7TPIExuwoVRh0EbtcDj3xHe0E+8tr0Bb2j6OYOixlw5kCwDY2IGSS9DNEZGWP7WeptdU5obRGqDFYVLeu1eq0xVecNVkq+U1nm6MHsizo3wr4yoVsHE1t/w+vYPGhDpaKm85Vz5wtdgy7J6HlxFcCnJyK3oEydblveOI3FEPBwn47FOANoDk+b9ZSy1C44iMoX5yjQMooBUgp9/YZxZM5NDb/uOmjkGusIxn+w5obtAMJjDmqA+2HBvXTVsfkph8WlnLQkpy8fWvuh1aMZX9Gxmuzt9Flk1PYwADuXccCn+E8+PfgCm57L8VEtAT57wYeZr3Fol7Nu3MtdzdJ98rG0ZZmf7R55nKbpfaxug/A4LQMQldlNJc2zEBVVKOiFAUgHp0GHFJ/KH8ZSd3gWfCC1/38dy2X/ru+62M733xIJaQHr6RFwHT/iSDGVcCDIhspQhMRaqdj9Kn9E9xjzXTMVXhxdzvqst68t298ur2Jhjza++tfxdYHDsHk9Sz1k1Qp1U9UuPMmtSDe69vwMUAo0HUVrFGV8XZibOU9ChL/dL11OcOXAWJgddDnabOiAawKB/3itzWkrqZ0dW+KQ3EPq9QJfyhcKqAMCh+I37NqA1Qc2CxTbXsro3mUNwOHOOUEf1fnQ1L6HaURzFK+IncWhCLEOZ8i7uzdeBD1NsumyCmBmHEplgzTUqV/mCJRzhS0KgGYvYcRCA/uZdI5WFcyzi6SlOSo0JpI2dwKj8OYr/WDZWjtEhTq+xr5OmZovjeNcYns4PwRiDpjhka+j+pcX+MflfiN2Hjm+sGUYjnH0hXYWCi4nuHmbGnsNyibh1lhs=&u=U2FsdGVkX1/ej83ruKd5b4U8gmgJIxQ9QPv5GFy7lAE=&y=U2FsdGVkX19TZSH/uVXznuyIDqDxbtR1XM+JDAPDOD+3dWx6WtFAa8IUwcNOiX5G HTTP/1.1" 200 1062
186.102.44.76 - - [01/Jan/2023:11:58:50 -0500] "GET /kwssiamovil/sm/acme/s?s=U2FsdGVkX18sG5UPSzKxrKQWKo/NrmlRaOix8VQ1vqOIAWUB9ytReKOt6ALnAUd2Cw8qqwUiQZNRYOJR7CXb+viO0OxM5JLL1x3CHYw0JhDSm6jGcys/RxRLC/XlS/t9jLGdgp1IpzfpGmko1u2i04HDwDV5tU1bkAtM6exNhbi7VzyFV84qal57G7CgHEHvJJhtcoFAU8g7xxnfK74lBIfEw+DBLDSiyyP3rg/w5Y7poAp0RlTdcBdr4/WeHS3/LTCotJjL4cvgLvYYsHN3m/2zQYXNHttqx8gJyAAjHMckaA5JXzjOv/Nl2Kp0y8+FZp30nSQ80v0sbaSrbe5qQjTlFUbBNtMN5kuWbNZr/C/eUF+4F7OekWwbSghfoNtGImFKnsmldvYs78vTvSMKKRpyT8d0sI8vWBKZFBGA+ldNxUy1SVDLGbjf28SFMW/7U9MdCPYYnCbC3Yo9HhbqUCh5NCj8XNlOnQffwTnQsj9JHy77GiYKsbdUr3Hwr3BFCNfc6YE24mHHST4ZKYAalLvY+WHl+Slycvrcmus5Y8qDFiRjBDMbDRbuvoDglUB5EOXHO5N2PCx36s+YyW0Les57hrQC+eT201a2UTz7a+cMGffSZr1loWWNgBEXH2luCxor5WUo70Ai7cvu+Q2uLcExyBH5zwjbmt3cHOgiL0PD4b4sv2OucAggzwHs+XSyto19feC120Aug2zLzib1Z0Us3Tj+y4xfdZvMP3DLO4RIpkgn8VunSZYMHsqoH3+L&u=U2FsdGVkX1/ej83ruKd5b4U8gmgJIxQ9QPv5GFy7lAE=&y=U2FsdGVkX19TZSH/uVXznuyIDqDxbtR1XM+JDAPDOD+3dWx6WtFAa8IUwcNOiX5G HTTP/1.1" 200 208
186.102.44.76 - - [01/Jan/2023:11:58:50 -0500] "GET /kwssiamovil/sm/cjson/pre?f=1&x=U2FsdGVkX18aBcsus+awWZgMGp7BxffUO+h4iIr1c5/Q3BLlA7v5g1Q4dLFO6TRD HTTP/1.1" 200 31032
104.152.52.162 - - [01/Jan/2023:11:59:22 -0500] "GET / HTTP/1.0" 200 319
216.245.221.92 - - [01/Jan/2023:11:59:56 -0500] "HEAD / HTTP/1.1" 200 -
114.119.137.28 - - [01/Jan/2023:12:00:37 -0500] "GET /BLA/resoluciones/RESOLUCIONES%202011/2125.pdf HTTP/1.1" 200 553996
172.22.2.4 - - [01/Jan/2023:12:00:17 -0500] "HEAD /BLA/boletinlegal/ HTTP/1.1" 200 -
201.245.192.253 - - [01/Jan/2023:12:02:08 -0500] "POST /kwsrmcab/Wsrmcab  HTTP/1.1" 200 44193
172.22.2.4 - - [01/Jan/2023:12:01:08 -0500] "GET /BLA/boletinlegal/ HTTP/1.1" 200 52079
114.119.159.135 - - [01/Jan/2023:12:04:27 -0500] "GET /BLA/resoluciones/RESOLUCIONES%202010/7827.pdf HTTP/1.1" 200 427659
216.245.221.92 - - [01/Jan/2023:12:04:56 -0500] "HEAD / HTTP/1.1" 200 -
201.245.192.253 - - [01/Jan/2023:12:07:07 -0500] "POST /kwsrmcab/Wsrmcab  HTTP/1.1" 200 44193
172.22.2.4 - - [01/Jan/2023:12:07:23 -0500] "GET /BLA/boletinlegal/Circulares/2021/CIRCULAR%20No.%2000007%20DEL%2010%20DE%20AGOSTO%20DEL%202021.pdf HTTP/1.1" 304 -
172.22.2.4 - - [01/Jan/2023:12:06:07 -0500] "HEAD /BLA/boletinlegal/ HTTP/1.1" 200 -
185.119.81.104 - - [01/Jan/2023:12:07:48 -0500] "GET /portaldeninos/wp-login.php HTTP/1.1" 200 2592
185.119.81.104 - - [01/Jan/2023:12:07:50 -0500] "POST /portaldeninos/wp-login.php HTTP/1.1" 200 3650
114.119.142.236 - - [01/Jan/2023:12:08:10 -0500] "GET /BLA/resoluciones/RESOLUCIONES%202010/7610.pdf HTTP/1.1" 200 2992141
172.22.2.4 - - [01/Jan/2023:12:06:58 -0500] "GET /BLA/boletinlegal/ HTTP/1.1" 200 56079
201.245.192.253 - - [01/Jan/2023:12:09:32 -0500] "POST /sipse/faces/presentacion/proyectos/proyecto/proyecto.xhtml HTTP/1.1" 200 82857
201.245.192.253 - - [01/Jan/2023:12:09:32 -0500] "GET /sipse/faces/javax.faces.resource/jquery/jquery.js?ln=primefaces&v=4.0 HTTP/1.1" 304 -
201.245.192.253 - - [01/Jan/2023:12:09:32 -0500] "GET /sipse/faces/javax.faces.resource/jquery/jquery-plugins.js?ln=primefaces&v=4.0 HTTP/1.1" 304 -
201.245.192.253 - - [01/Jan/2023:12:09:32 -0500] "GET /sipse/faces/javax.faces.resource/primefaces.js?ln=primefaces&v=4.0 HTTP/1.1" 304 -
201.245.192.253 - - [01/Jan/2023:12:09:33 -0500] "GET /sipse/faces/javax.faces.resource/layout/layout.js?ln=primefaces&v=4.0 HTTP/1.1" 304 -
201.245.192.253 - - [01/Jan/2023:12:09:33 -0500] "POST /sipse/faces/presentacion/proyectos/proyecto/listarProyecto.xhtml HTTP/1.1" 200 76232
201.245.192.253 - - [01/Jan/2023:12:09:33 -0500] "POST /sipse/faces/presentacion/proyectos/proyecto/listarProyecto.xhtml HTTP/1.1" 200 76232
201.245.192.253 - - [01/Jan/2023:12:09:33 -0500] "POST /sipse/faces/presentacion/proyectos/proyecto/listarProyecto.xhtml HTTP/1.1" 200 76232
201.245.192.253 - - [01/Jan/2023:12:09:33 -0500] "POST /sipse/faces/presentacion/proyectos/proyecto/listarProyecto.xhtml HTTP/1.1" 200 76232
201.245.192.253 - - [01/Jan/2023:12:09:36 -0500] "POST /sipse/faces/presentacion/proyectos/proyecto/listarProyecto.xhtml HTTP/1.1" 200 163
201.245.192.253 - - [01/Jan/2023:12:09:36 -0500] "POST /sipse/faces/presentacion/proyectos/proyecto/listarProyecto.xhtml HTTP/1.1" 200 4874
201.245.192.253 - - [01/Jan/2023:12:09:36 -0500] "POST /sipse/faces/presentacion/proyectos/proyecto/listarProyecto.xhtml HTTP/1.1" 200 4886
201.245.192.253 - - [01/Jan/2023:12:09:36 -0500] "GET /sipse/faces/presentacion/proyectos/proyecto/proyecto.xhtml HTTP/1.1" 200 87909
201.245.192.253 - - [01/Jan/2023:12:09:37 -0500] "GET /sipse/faces/javax.faces.resource/theme.css?ln=primefaces-sipse HTTP/1.1" 304 -
201.245.192.253 - - [01/Jan/2023:12:09:37 -0500] "GET /sipse/faces/javax.faces.resource/primefaces.css?ln=primefaces&v=4.0 HTTP/1.1" 304 -
201.245.192.253 - - [01/Jan/2023:12:09:37 -0500] "GET /sipse/faces/javax.faces.resource/layout/layout.css?ln=primefaces&v=4.0 HTTP/1.1" 304 -
201.245.192.253 - - [01/Jan/2023:12:09:37 -0500] "GET /sipse/faces/javax.faces.resource/jquery/jquery.js?ln=primefaces&v=4.0 HTTP/1.1" 304 -
201.245.192.253 - - [01/Jan/2023:12:09:37 -0500] "GET /sipse/faces/javax.faces.resource/jquery/jquery-plugins.js?ln=primefaces&v=4.0 HTTP/1.1" 304 -
201.245.192.253 - - [01/Jan/2023:12:09:37 -0500] "GET /sipse/faces/javax.faces.resource/primefaces.js?ln=primefaces&v=4.0 HTTP/1.1" 304 -
201.245.192.253 - - [01/Jan/2023:12:09:37 -0500] "GET /sipse/faces/javax.faces.resource/layout/layout.js?ln=primefaces&v=4.0 HTTP/1.1" 304 -
201.245.192.253 - - [01/Jan/2023:12:09:38 -0500] "GET /sipse/faces/javax.faces.resource/images/ui-icons_898989_256x240.png?ln=primefaces-aristo HTTP/1.1" 200 5355
201.245.192.253 - - [01/Jan/2023:12:09:38 -0500] "GET /sipse/faces/javax.faces.resource/images/ui-bg_flat_0_2d5972_40x100.png?ln=primefaces-aristo HTTP/1.1" 200 183
201.245.192.253 - - [01/Jan/2023:12:09:38 -0500] "POST /sipse/faces/presentacion/proyectos/proyecto/proyecto.xhtml HTTP/1.1" 200 3229
201.245.192.253 - - [01/Jan/2023:12:09:42 -0500] "POST /sipse/faces/presentacion/proyectos/proyecto/proyecto.xhtml HTTP/1.1" 200 82857
201.245.192.253 - - [01/Jan/2023:12:09:42 -0500] "GET /sipse/faces/javax.faces.resource/jquery/jquery.js?ln=primefaces&v=4.0 HTTP/1.1" 304 -
201.245.192.253 - - [01/Jan/2023:12:09:42 -0500] "GET /sipse/faces/javax.faces.resource/jquery/jquery-plugins.js?ln=primefaces&v=4.0 HTTP/1.1" 304 -
201.245.192.253 - - [01/Jan/2023:12:09:42 -0500] "GET /sipse/faces/javax.faces.resource/primefaces.js?ln=primefaces&v=4.0 HTTP/1.1" 304 -
201.245.192.253 - - [01/Jan/2023:12:09:42 -0500] "GET /sipse/faces/javax.faces.resource/layout/layout.js?ln=primefaces&v=4.0 HTTP/1.1" 304 -
201.245.192.253 - - [01/Jan/2023:12:09:46 -0500] "POST /sipse/faces/presentacion/proyectos/proyecto/listarProyecto.xhtml HTTP/1.1" 200 2221
201.245.192.253 - - [01/Jan/2023:12:09:49 -0500] "POST /sipse/faces/presentacion/proyectos/proyecto/listarProyecto.xhtml HTTP/1.1" 200 58408
201.245.192.253 - - [01/Jan/2023:12:09:54 -0500] "POST /sipse/faces/presentacion/proyectos/proyecto/listarProyecto.xhtml HTTP/1.1" 200 4874
201.245.192.253 - - [01/Jan/2023:12:09:55 -0500] "POST /sipse/faces/presentacion/proyectos/proyecto/listarProyecto.xhtml HTTP/1.1" 200 163
216.245.221.92 - - [01/Jan/2023:12:09:56 -0500] "HEAD / HTTP/1.1" 200 -
201.245.192.253 - - [01/Jan/2023:12:09:56 -0500] "GET /sipse/faces/presentacion/proyectos/proyecto/proyecto.xhtml HTTP/1.1" 200 87098
201.245.192.253 - - [01/Jan/2023:12:09:57 -0500] "GET /sipse/faces/javax.faces.resource/theme.css?ln=primefaces-sipse HTTP/1.1" 304 -
201.245.192.253 - - [01/Jan/2023:12:09:57 -0500] "GET /sipse/faces/javax.faces.resource/primefaces.css?ln=primefaces&v=4.0 HTTP/1.1" 304 -
201.245.192.253 - - [01/Jan/2023:12:09:57 -0500] "GET /sipse/faces/javax.faces.resource/jquery/jquery.js?ln=primefaces&v=4.0 HTTP/1.1" 304 -
201.245.192.253 - - [01/Jan/2023:12:09:57 -0500] "GET /sipse/faces/javax.faces.resource/layout/layout.css?ln=primefaces&v=4.0 HTTP/1.1" 304 -
201.245.192.253 - - [01/Jan/2023:12:09:57 -0500] "GET /sipse/faces/javax.faces.resource/jquery/jquery-plugins.js?ln=primefaces&v=4.0 HTTP/1.1" 304 -
201.245.192.253 - - [01/Jan/2023:12:09:57 -0500] "GET /sipse/faces/javax.faces.resource/primefaces.js?ln=primefaces&v=4.0 HTTP/1.1" 304 -
201.245.192.253 - - [01/Jan/2023:12:09:57 -0500] "GET /sipse/faces/javax.faces.resource/layout/layout.js?ln=primefaces&v=4.0 HTTP/1.1" 304 -
201.245.192.253 - - [01/Jan/2023:12:09:57 -0500] "GET /sipse/faces/javax.faces.resource/images/ui-icons_898989_256x240.png?ln=primefaces-aristo HTTP/1.1" 304 -
201.245.192.253 - - [01/Jan/2023:12:09:57 -0500] "GET /sipse/faces/javax.faces.resource/images/ui-bg_flat_0_2d5972_40x100.png?ln=primefaces-aristo HTTP/1.1" 304 -
201.245.192.253 - - [01/Jan/2023:12:09:57 -0500] "POST /sipse/faces/presentacion/proyectos/proyecto/proyecto.xhtml HTTP/1.1" 200 3265
183.136.225.32 - - [01/Jan/2023:12:10:29 -0500] "GET / HTTP/1.1" 200 319
201.245.192.253 - - [01/Jan/2023:12:10:55 -0500] "POST /sipse/faces/presentacion/proyectos/proyecto/proyecto.xhtml HTTP/1.1" 200 82857
201.245.192.253 - - [01/Jan/2023:12:10:55 -0500] "GET /sipse/faces/javax.faces.resource/jquery/jquery.js?ln=primefaces&v=4.0 HTTP/1.1" 304 -
201.245.192.253 - - [01/Jan/2023:12:10:55 -0500] "GET /sipse/faces/javax.faces.resource/jquery/jquery-plugins.js?ln=primefaces&v=4.0 HTTP/1.1" 304 -
201.245.192.253 - - [01/Jan/2023:12:10:56 -0500] "GET /sipse/faces/javax.faces.resource/primefaces.js?ln=primefaces&v=4.0 HTTP/1.1" 304 -
201.245.192.253 - - [01/Jan/2023:12:10:56 -0500] "GET /sipse/faces/javax.faces.resource/layout/layout.js?ln=primefaces&v=4.0 HTTP/1.1" 304 -
201.245.192.253 - - [01/Jan/2023:12:10:58 -0500] "POST /sipse/faces/presentacion/proyectos/proyecto/listarProyecto.xhtml HTTP/1.1" 200 4874
201.245.192.253 - - [01/Jan/2023:12:10:59 -0500] "POST /sipse/faces/presentacion/proyectos/proyecto/listarProyecto.xhtml HTTP/1.1" 200 4886
114.119.151.113 - - [01/Jan/2023:12:10:59 -0500] "GET /BLA/resoluciones/RESOLUCIONES%202010/7445.pdf HTTP/1.1" 200 573962
201.245.192.253 - - [01/Jan/2023:12:11:02 -0500] "POST /sipse/faces/presentacion/proyectos/proyecto/listarProyecto.xhtml HTTP/1.1" 200 163
201.245.192.253 - - [01/Jan/2023:12:11:02 -0500] "GET /sipse/faces/presentacion/proyectos/proyecto/proyecto.xhtml HTTP/1.1" 200 88755
201.245.192.253 - - [01/Jan/2023:12:11:04 -0500] "GET /sipse/faces/javax.faces.resource/theme.css?ln=primefaces-sipse HTTP/1.1" 304 -
201.245.192.253 - - [01/Jan/2023:12:11:04 -0500] "GET /sipse/faces/javax.faces.resource/layout/layout.css?ln=primefaces&v=4.0 HTTP/1.1" 304 -
201.245.192.253 - - [01/Jan/2023:12:11:04 -0500] "GET /sipse/faces/javax.faces.resource/primefaces.css?ln=primefaces&v=4.0 HTTP/1.1" 304 -
201.245.192.253 - - [01/Jan/2023:12:11:04 -0500] "GET /sipse/faces/javax.faces.resource/primefaces.js?ln=primefaces&v=4.0 HTTP/1.1" 304 -
201.245.192.253 - - [01/Jan/2023:12:11:04 -0500] "GET /sipse/faces/javax.faces.resource/jquery/jquery.js?ln=primefaces&v=4.0 HTTP/1.1" 304 -
201.245.192.253 - - [01/Jan/2023:12:11:04 -0500] "GET /sipse/faces/javax.faces.resource/layout/layout.js?ln=primefaces&v=4.0 HTTP/1.1" 304 -
201.245.192.253 - - [01/Jan/2023:12:11:04 -0500] "GET /sipse/faces/javax.faces.resource/jquery/jquery-plugins.js?ln=primefaces&v=4.0 HTTP/1.1" 304 -
201.245.192.253 - - [01/Jan/2023:12:11:04 -0500] "GET /sipse/faces/javax.faces.resource/images/ui-icons_898989_256x240.png?ln=primefaces-aristo HTTP/1.1" 304 -
201.245.192.253 - - [01/Jan/2023:12:11:04 -0500] "GET /sipse/faces/javax.faces.resource/images/ui-bg_flat_0_2d5972_40x100.png?ln=primefaces-aristo HTTP/1.1" 304 -
201.245.192.253 - - [01/Jan/2023:12:11:04 -0500] "POST /sipse/faces/presentacion/proyectos/proyecto/proyecto.xhtml HTTP/1.1" 200 3265
201.245.192.253 - - [01/Jan/2023:12:11:13 -0500] "POST /sipse/faces/presentacion/proyectos/proyecto/proyecto.xhtml HTTP/1.1" 200 25698
201.245.192.253 - - [01/Jan/2023:12:11:14 -0500] "GET /sipse/faces/javax.faces.resource/jquery/jquery.js?ln=primefaces&v=4.0 HTTP/1.1" 304 -
201.245.192.253 - - [01/Jan/2023:12:11:14 -0500] "GET /sipse/faces/javax.faces.resource/jquery/jquery-plugins.js?ln=primefaces&v=4.0 HTTP/1.1" 304 -
201.245.192.253 - - [01/Jan/2023:12:11:14 -0500] "GET /sipse/faces/javax.faces.resource/primefaces.js?ln=primefaces&v=4.0 HTTP/1.1" 304 -
201.245.192.253 - - [01/Jan/2023:12:11:14 -0500] "GET /sipse/faces/javax.faces.resource/layout/layout.js?ln=primefaces&v=4.0 HTTP/1.1" 304 -
201.245.192.253 - - [01/Jan/2023:12:11:22 -0500] "POST /sipse/faces/presentacion/proyectos/proyecto/proyectoAdministrador/editarAdministrador.xhtml HTTP/1.1" 200 19173
201.245.192.253 - - [01/Jan/2023:12:11:27 -0500] "POST /sipse/faces/presentacion/proyectos/proyecto/proyectoAdministrador/editarAdministrador.xhtml HTTP/1.1" 200 2045
201.245.192.253 - - [01/Jan/2023:12:11:28 -0500] "POST /sipse/faces/presentacion/proyectos/proyecto/proyectoAdministrador/editarAdministrador.xhtml HTTP/1.1" 200 2225
201.245.192.253 - - [01/Jan/2023:12:11:30 -0500] "POST /sipse/faces/presentacion/proyectos/proyecto/proyectoAdministrador/editarAdministrador.xhtml HTTP/1.1" 200 5530
201.245.192.253 - - [01/Jan/2023:12:11:34 -0500] "POST /sipse/faces/presentacion/proyectos/proyecto/proyectoAdministrador/editarAdministrador.xhtml HTTP/1.1" 200 2904
201.245.192.253 - - [01/Jan/2023:12:11:35 -0500] "POST /sipse/faces/presentacion/proyectos/proyecto/proyectoAdministrador/editarAdministrador.xhtml HTTP/1.1" 200 2733
201.245.192.253 - - [01/Jan/2023:12:11:36 -0500] "POST /sipse/faces/presentacion/proyectos/proyecto/proyectoAdministrador/editarAdministrador.xhtml HTTP/1.1" 200 2737
201.245.192.253 - - [01/Jan/2023:12:11:57 -0500] "POST /sipse/faces/presentacion/proyectos/proyecto/proyectoAdministrador/editarAdministrador.xhtml HTTP/1.1" 200 79969
201.245.192.253 - - [01/Jan/2023:12:11:58 -0500] "GET /sipse/faces/javax.faces.resource/jquery/jquery.js?ln=primefaces&v=4.0 HTTP/1.1" 304 -
201.245.192.253 - - [01/Jan/2023:12:11:58 -0500] "GET /sipse/faces/javax.faces.resource/jquery/jquery-plugins.js?ln=primefaces&v=4.0 HTTP/1.1" 304 -
201.245.192.253 - - [01/Jan/2023:12:11:58 -0500] "GET /sipse/faces/javax.faces.resource/primefaces.js?ln=primefaces&v=4.0 HTTP/1.1" 304 -
201.245.192.253 - - [01/Jan/2023:12:11:58 -0500] "GET /sipse/faces/javax.faces.resource/layout/layout.js?ln=primefaces&v=4.0 HTTP/1.1" 304 -
201.245.192.253 - - [01/Jan/2023:12:11:58 -0500] "GET /sipse/faces/javax.faces.resource/messages/messages.png?ln=primefaces&v=4.0 HTTP/1.1" 200 27209
201.245.192.253 - - [01/Jan/2023:12:11:58 -0500] "POST /sipse/faces/presentacion/proyectos/proyecto/proyecto.xhtml HTTP/1.1" 200 3265
201.245.192.253 - - [01/Jan/2023:12:12:03 -0500] "POST /sipse/faces/presentacion/proyectos/proyecto/proyecto.xhtml HTTP/1.1" 200 25701
201.245.192.253 - - [01/Jan/2023:12:12:03 -0500] "GET /sipse/faces/javax.faces.resource/jquery/jquery.js?ln=primefaces&v=4.0 HTTP/1.1" 304 -
201.245.192.253 - - [01/Jan/2023:12:12:03 -0500] "GET /sipse/faces/javax.faces.resource/jquery/jquery-plugins.js?ln=primefaces&v=4.0 HTTP/1.1" 304 -
201.245.192.253 - - [01/Jan/2023:12:12:03 -0500] "GET /sipse/faces/javax.faces.resource/primefaces.js?ln=primefaces&v=4.0 HTTP/1.1" 304 -
201.245.192.253 - - [01/Jan/2023:12:12:04 -0500] "GET /sipse/faces/javax.faces.resource/layout/layout.js?ln=primefaces&v=4.0 HTTP/1.1" 304 -
201.245.192.253 - - [01/Jan/2023:12:12:05 -0500] "POST /kwsrmcab/Wsrmcab  HTTP/1.1" 200 44193
201.245.192.253 - - [01/Jan/2023:12:12:10 -0500] "POST /sipse/faces/presentacion/proyectos/proyecto/proyectoAdministrador/editarAdministrador.xhtml HTTP/1.1" 200 19174
201.245.192.253 - - [01/Jan/2023:12:12:13 -0500] "POST /sipse/faces/presentacion/proyectos/proyecto/proyectoAdministrador/editarAdministrador.xhtml HTTP/1.1" 200 2900
201.245.192.253 - - [01/Jan/2023:12:12:13 -0500] "POST /sipse/faces/presentacion/proyectos/proyecto/proyectoAdministrador/editarAdministrador.xhtml HTTP/1.1" 200 2737
201.245.192.253 - - [01/Jan/2023:12:12:14 -0500] "POST /sipse/faces/presentacion/proyectos/proyecto/proyectoAdministrador/editarAdministrador.xhtml HTTP/1.1" 200 2560
201.245.192.253 - - [01/Jan/2023:12:12:16 -0500] "POST /sipse/faces/presentacion/proyectos/proyecto/proyectoAdministrador/editarAdministrador.xhtml HTTP/1.1" 200 2737
201.245.192.253 - - [01/Jan/2023:12:12:35 -0500] "POST /sipse/faces/presentacion/proyectos/proyecto/proyectoAdministrador/editarAdministrador.xhtml HTTP/1.1" 200 79972
201.245.192.253 - - [01/Jan/2023:12:12:36 -0500] "GET /sipse/faces/javax.faces.resource/jquery/jquery.js?ln=primefaces&v=4.0 HTTP/1.1" 304 -
201.245.192.253 - - [01/Jan/2023:12:12:36 -0500] "GET /sipse/faces/javax.faces.resource/jquery/jquery-plugins.js?ln=primefaces&v=4.0 HTTP/1.1" 304 -
201.245.192.253 - - [01/Jan/2023:12:12:36 -0500] "GET /sipse/faces/javax.faces.resource/primefaces.js?ln=primefaces&v=4.0 HTTP/1.1" 304 -
201.245.192.253 - - [01/Jan/2023:12:12:36 -0500] "GET /sipse/faces/javax.faces.resource/layout/layout.js?ln=primefaces&v=4.0 HTTP/1.1" 304 -
201.245.192.253 - - [01/Jan/2023:12:12:36 -0500] "POST /sipse/faces/presentacion/proyectos/proyecto/proyecto.xhtml HTTP/1.1" 200 3265
201.245.192.253 - - [01/Jan/2023:12:13:27 -0500] "POST /sipse/faces/presentacion/proyectos/proyecto/proyecto.xhtml HTTP/1.1" 200 82857
201.245.192.253 - - [01/Jan/2023:12:13:27 -0500] "GET /sipse/faces/javax.faces.resource/jquery/jquery.js?ln=primefaces&v=4.0 HTTP/1.1" 304 -
201.245.192.253 - - [01/Jan/2023:12:13:27 -0500] "GET /sipse/faces/javax.faces.resource/jquery/jquery-plugins.js?ln=primefaces&v=4.0 HTTP/1.1" 304 -
201.245.192.253 - - [01/Jan/2023:12:13:27 -0500] "GET /sipse/faces/javax.faces.resource/primefaces.js?ln=primefaces&v=4.0 HTTP/1.1" 304 -
201.245.192.253 - - [01/Jan/2023:12:13:27 -0500] "GET /sipse/faces/javax.faces.resource/layout/layout.js?ln=primefaces&v=4.0 HTTP/1.1" 304 -
201.245.192.253 - - [01/Jan/2023:12:13:28 -0500] "POST /sipse/faces/presentacion/proyectos/proyecto/listarProyecto.xhtml HTTP/1.1" 200 76232
201.245.192.253 - - [01/Jan/2023:12:13:28 -0500] "POST /sipse/faces/presentacion/proyectos/proyecto/listarProyecto.xhtml HTTP/1.1" 200 76232
201.245.192.253 - - [01/Jan/2023:12:13:28 -0500] "POST /sipse/faces/presentacion/proyectos/proyecto/listarProyecto.xhtml HTTP/1.1" 200 76232
201.245.192.253 - - [01/Jan/2023:12:13:28 -0500] "POST /sipse/faces/presentacion/proyectos/proyecto/listarProyecto.xhtml HTTP/1.1" 200 76232
201.245.192.253 - - [01/Jan/2023:12:13:30 -0500] "POST /sipse/faces/presentacion/proyectos/proyecto/listarProyecto.xhtml HTTP/1.1" 200 4867
201.245.192.253 - - [01/Jan/2023:12:13:31 -0500] "POST /sipse/faces/presentacion/proyectos/proyecto/listarProyecto.xhtml HTTP/1.1" 200 163
201.245.192.253 - - [01/Jan/2023:12:13:32 -0500] "GET /sipse/faces/presentacion/proyectos/proyecto/proyecto.xhtml HTTP/1.1" 200 88999
201.245.192.253 - - [01/Jan/2023:12:13:33 -0500] "GET /sipse/faces/javax.faces.resource/theme.css?ln=primefaces-sipse HTTP/1.1" 304 -
201.245.192.253 - - [01/Jan/2023:12:13:33 -0500] "GET /sipse/faces/javax.faces.resource/primefaces.css?ln=primefaces&v=4.0 HTTP/1.1" 304 -
201.245.192.253 - - [01/Jan/2023:12:13:33 -0500] "GET /sipse/faces/javax.faces.resource/layout/layout.css?ln=primefaces&v=4.0 HTTP/1.1" 304 -
201.245.192.253 - - [01/Jan/2023:12:13:33 -0500] "GET /sipse/faces/javax.faces.resource/jquery/jquery.js?ln=primefaces&v=4.0 HTTP/1.1" 304 -
201.245.192.253 - - [01/Jan/2023:12:13:33 -0500] "GET /sipse/faces/javax.faces.resource/primefaces.js?ln=primefaces&v=4.0 HTTP/1.1" 304 -
201.245.192.253 - - [01/Jan/2023:12:13:33 -0500] "GET /sipse/faces/javax.faces.resource/layout/layout.js?ln=primefaces&v=4.0 HTTP/1.1" 304 -
201.245.192.253 - - [01/Jan/2023:12:13:33 -0500] "GET /sipse/faces/javax.faces.resource/jquery/jquery-plugins.js?ln=primefaces&v=4.0 HTTP/1.1" 304 -
201.245.192.253 - - [01/Jan/2023:12:13:33 -0500] "GET /sipse/faces/javax.faces.resource/images/ui-icons_898989_256x240.png?ln=primefaces-aristo HTTP/1.1" 304 -
201.245.192.253 - - [01/Jan/2023:12:13:33 -0500] "GET /sipse/faces/javax.faces.resource/images/ui-bg_flat_0_2d5972_40x100.png?ln=primefaces-aristo HTTP/1.1" 304 -
201.245.192.253 - - [01/Jan/2023:12:13:33 -0500] "POST /sipse/faces/presentacion/proyectos/proyecto/proyecto.xhtml HTTP/1.1" 200 3265
172.22.2.4 - - [01/Jan/2023:12:11:57 -0500] "HEAD /BLA/boletinlegal/ HTTP/1.1" 200 -
201.245.192.253 - - [01/Jan/2023:12:13:40 -0500] "POST /sipse/faces/presentacion/proyectos/proyecto/proyecto.xhtml HTTP/1.1" 200 25698
201.245.192.253 - - [01/Jan/2023:12:13:40 -0500] "GET /sipse/faces/javax.faces.resource/jquery/jquery.js?ln=primefaces&v=4.0 HTTP/1.1" 304 -
201.245.192.253 - - [01/Jan/2023:12:13:41 -0500] "GET /sipse/faces/javax.faces.resource/jquery/jquery-plugins.js?ln=primefaces&v=4.0 HTTP/1.1" 304 -
201.245.192.253 - - [01/Jan/2023:12:13:41 -0500] "GET /sipse/faces/javax.faces.resource/primefaces.js?ln=primefaces&v=4.0 HTTP/1.1" 304 -
201.245.192.253 - - [01/Jan/2023:12:13:41 -0500] "GET /sipse/faces/javax.faces.resource/layout/layout.js?ln=primefaces&v=4.0 HTTP/1.1" 304 -
201.245.192.253 - - [01/Jan/2023:12:13:49 -0500] "POST /sipse/faces/presentacion/proyectos/proyecto/proyectoAdministrador/editarAdministrador.xhtml HTTP/1.1" 200 19174
201.245.192.253 - - [01/Jan/2023:12:14:04 -0500] "POST /sipse/faces/presentacion/proyectos/proyecto/proyectoAdministrador/editarAdministrador.xhtml HTTP/1.1" 200 5206
201.245.192.253 - - [01/Jan/2023:12:14:05 -0500] "POST /sipse/faces/presentacion/proyectos/proyecto/proyectoAdministrador/editarAdministrador.xhtml HTTP/1.1" 200 2737
201.245.192.253 - - [01/Jan/2023:12:14:05 -0500] "POST /sipse/faces/presentacion/proyectos/proyecto/proyectoAdministrador/editarAdministrador.xhtml HTTP/1.1" 200 2733
114.119.151.4 - - [01/Jan/2023:12:14:08 -0500] "GET /BLA/resoluciones/RESOLUCIONES%202010/7263.pdf HTTP/1.1" 200 266867
172.22.2.4 - - [01/Jan/2023:12:12:48 -0500] "GET /BLA/boletinlegal/ HTTP/1.1" 200 57192
201.245.192.253 - - [01/Jan/2023:12:14:36 -0500] "POST /sipse/faces/presentacion/proyectos/proyecto/proyectoAdministrador/editarAdministrador.xhtml HTTP/1.1" 200 80213
201.245.192.253 - - [01/Jan/2023:12:14:37 -0500] "GET /sipse/faces/javax.faces.resource/jquery/jquery.js?ln=primefaces&v=4.0 HTTP/1.1" 304 -
201.245.192.253 - - [01/Jan/2023:12:14:37 -0500] "GET /sipse/faces/javax.faces.resource/jquery/jquery-plugins.js?ln=primefaces&v=4.0 HTTP/1.1" 304 -
201.245.192.253 - - [01/Jan/2023:12:14:37 -0500] "GET /sipse/faces/javax.faces.resource/primefaces.js?ln=primefaces&v=4.0 HTTP/1.1" 304 -
201.245.192.253 - - [01/Jan/2023:12:14:37 -0500] "GET /sipse/faces/javax.faces.resource/layout/layout.js?ln=primefaces&v=4.0 HTTP/1.1" 304 -
201.245.192.253 - - [01/Jan/2023:12:14:37 -0500] "GET /sipse/faces/javax.faces.resource/messages/messages.png?ln=primefaces&v=4.0 HTTP/1.1" 200 27209
201.245.192.253 - - [01/Jan/2023:12:14:37 -0500] "POST /sipse/faces/presentacion/proyectos/proyecto/proyecto.xhtml HTTP/1.1" 200 3265
201.245.192.253 - - [01/Jan/2023:12:14:41 -0500] "POST /sipse/faces/presentacion/proyectos/proyecto/proyecto.xhtml HTTP/1.1" 200 25695
201.245.192.253 - - [01/Jan/2023:12:14:42 -0500] "GET /sipse/faces/javax.faces.resource/jquery/jquery.js?ln=primefaces&v=4.0 HTTP/1.1" 304 -
201.245.192.253 - - [01/Jan/2023:12:14:42 -0500] "GET /sipse/faces/javax.faces.resource/jquery/jquery-plugins.js?ln=primefaces&v=4.0 HTTP/1.1" 304 -
201.245.192.253 - - [01/Jan/2023:12:14:42 -0500] "GET /sipse/faces/javax.faces.resource/primefaces.js?ln=primefaces&v=4.0 HTTP/1.1" 304 -
201.245.192.253 - - [01/Jan/2023:12:14:42 -0500] "GET /sipse/faces/javax.faces.resource/layout/layout.js?ln=primefaces&v=4.0 HTTP/1.1" 304 -
201.245.192.253 - - [01/Jan/2023:12:14:50 -0500] "POST /sipse/faces/presentacion/proyectos/proyecto/proyectoAdministrador/editarAdministrador.xhtml HTTP/1.1" 200 19173
201.245.192.253 - - [01/Jan/2023:12:14:53 -0500] "POST /sipse/faces/presentacion/proyectos/proyecto/proyectoAdministrador/editarAdministrador.xhtml HTTP/1.1" 200 2733
201.245.192.253 - - [01/Jan/2023:12:14:54 -0500] "POST /sipse/faces/presentacion/proyectos/proyecto/proyectoAdministrador/editarAdministrador.xhtml HTTP/1.1" 200 2737
216.245.221.92 - - [01/Jan/2023:12:14:56 -0500] "HEAD / HTTP/1.1" 200 -
201.245.192.253 - - [01/Jan/2023:12:15:04 -0500] "POST /sipse/faces/presentacion/proyectos/proyecto/proyectoAdministrador/editarAdministrador.xhtml HTTP/1.1" 200 80210
201.245.192.253 - - [01/Jan/2023:12:15:05 -0500] "GET /sipse/faces/javax.faces.resource/jquery/jquery.js?ln=primefaces&v=4.0 HTTP/1.1" 304 -
201.245.192.253 - - [01/Jan/2023:12:15:05 -0500] "GET /sipse/faces/javax.faces.resource/jquery/jquery-plugins.js?ln=primefaces&v=4.0 HTTP/1.1" 304 -
201.245.192.253 - - [01/Jan/2023:12:15:05 -0500] "GET /sipse/faces/javax.faces.resource/primefaces.js?ln=primefaces&v=4.0 HTTP/1.1" 304 -
201.245.192.253 - - [01/Jan/2023:12:15:05 -0500] "GET /sipse/faces/javax.faces.resource/layout/layout.js?ln=primefaces&v=4.0 HTTP/1.1" 304 -
201.245.192.253 - - [01/Jan/2023:12:15:05 -0500] "POST /sipse/faces/presentacion/proyectos/proyecto/proyecto.xhtml HTTP/1.1" 200 3265
183.136.225.32 - - [01/Jan/2023:12:15:49 -0500] "GET / HTTP/1.1" 200 319
183.136.225.32 - - [01/Jan/2023:12:15:49 -0500] "GET /favicon.ico HTTP/1.1" 200 7782
114.119.155.153 - - [01/Jan/2023:12:16:56 -0500] "GET /BLA/resoluciones/RESOLUCIONES%202010/7014.pdf HTTP/1.1" 200 966980
201.245.192.253 - - [01/Jan/2023:12:17:04 -0500] "POST /kwsrmcab/Wsrmcab  HTTP/1.1" 200 44193
186.102.44.76 - - [01/Jan/2023:12:17:17 -0500] "GET /kwssiamovil/sm/ldap/au?x=U2FsdGVkX18EOf1wK3CLfglnNNSrLzBfeE3A9it+SS9rtgusND+o+8ixioM9n6wX&y=U2FsdGVkX1+Vdj+fiNJHQdfp5yypVTYkZy6KKXMo9NOqHwBvdMhdJQcfSnNAVM/C HTTP/1.1" 200 30
186.102.44.76 - - [01/Jan/2023:12:17:17 -0500] "GET /kwssiamovil/sm/acme/s?s=U2FsdGVkX1+btPp9Vd4aJXw4E/exbwnKfo5BKEt0QDgLo6VEnic//7xJHFS3h52jHONDK/JgXVCvVrBeKHH1hz4XFfR+gCsORpITQHf3fEU=&u=U2FsdGVkX1+TXGvj0x0OZ0XlhC+vx0iCkp0nJQnGNYg=&y=U2FsdGVkX1+Vdj+fiNJHQdfp5yypVTYkZy6KKXMo9NOqHwBvdMhdJQcfSnNAVM/C HTTP/1.1" 200 97
186.102.44.76 - - [01/Jan/2023:12:17:17 -0500] "GET /kwssiamovil/sm/acme/s?s=U2FsdGVkX18lEqQx4XmODez8LDu3a3KyqCb58xBhF645nyANvBeeQ+Ulrqv+KH3DZLgANEy00ZWomEzntizXc1KdZTiHAi7l5mOMPbgKegxIPE8dnce38bxd6FJ78rqak8j/MDy9DmF0DyhM/vdKXroj9zkUbIA+oS+AfhkWmgAVw6VTI1Yil9ww6d66/UmLvmtgg/U7wxp+MavWYTY0dW8jRg3OjMYInNMuSWe8b9TenwCmiK4hl3S2cAwZKXUw6lX/paBAAkWgHAUQOJIX7AASKnmrT55zPHEGjzNtk/fP5nFR8A6yHRZm08mpppb3MQdzfjnRBtD9YxMhN2vX+Eh4fTBSKhEZjMc+DbALgo9STEV/FyaS/EzWThgEdKtz/jxxFqLPmCVuYrrXjYpkDjzBVStdsARbhC2LtZLFTGTzbgeT8oep+fmdQqnGJcElPnkV57lFt4msYPB32aBpql+CCdpmU9BZMfkxZzVaOfSa7P8jCRHf0GRCrAkmrZq6FAcYbnoLV2n4CTGENg1rB53xmTBFLuySZ+tJiAO/jRW7vuJ2XLYXyQMDH5dqdtrtWc3yZYLDBlQTumiavKhzh3U66OalRDgvWoMH2MMH4V7gyBGK1/NBSSDGS8XZo9jgzX/HfV6ETnwNjhSsOYa+0gLBK08wtpp7CMzcWCesM58AcCfY+pBHkAjdEJKzfvgCplxl8W0EL1Dzbptza+a4wLvG3kfxNs0e88J7fz1U2oKb8Crbb1RVwd8n8gxVhjj81QeRSgv09Hp3LBOylhqKzait6n7yYVGbrs3AjD5qbHCOKak1Q0F9eVcKrAABCZGQqFrBBSVuBXiAj7K7nG/5xmlUoO1TDTkU25J+QB89Xw7K2aGV8xAVmcs4J2MJQVKWfYD+zpWvsrWeSWkoENq2k1e2bpR0dKkRk09I1HE1UecdjW6uChODrH4OkJ6A4NzYZR8fdsLrOxPNcJkEhaZWQkLgB2hKkes8tomZmr63c2DQyqJJIYCA34G5yL8DhcQCu+B8US7vtWO+M9iqigrfr4ZvG+k+2kQsdARWVJTzvBIxWNg+hN4dTO42hy1Q34gbTUc41011abVHNnKX5tQGr5qVZV6oruTjYnLVG9Yb+e3YApAToUbY7/Axt1ub85XSVQ8JOV+ERjaP2FAXGifcze0yhLsa2N3ykgS1DW7LqGi9S2yMxxdPwwMrkzht6/U97tW6uwh+3vRM2xrTiAlSlvQSoEMSeDQN7ZaJXjExkN8owk2DE8FM+xJEIOITr6/kAg5jQL6I7w58wBPIUkbVreC+5o0w0VYcufrbLriVsYYE4YFFcPHAugxhHoUY2bGkekY1nZqD8M/iHUHu31gNmIK8dmUCU8bfdqPcvuZyBSQxZyyi8ZzbHhUUoWh3l8RRz/819pIokNgpbbhPrMP4UH1rK9pn7VMUmPjSfHQxzrgoW0RBzCIxoRhIeV0PY5rl0NszpZ9C6Fr51Ki1nR1xEjte0MClYP4hQveIGUlI0nQjT5EfcScd2Qga7kJF8w7QivyGYAO37ByVd4AdWfAK0NyG1ZSNRIXbxeotqWvH2xdadkVAuQiHkucYwlnBg6O/P83UDMelC2oOkKM9QHkDNyl82yp9ZEd7gZRxh3akIEQYr4fkx5dThPLmeH4mn668G+DWL7naFgv3zHf5IZoSrKKjKneTMp/u0PtgD0iHoDVCCxbJk/EZsZ3O6YoMGZ53Dxqt9cuUgvvMgV+ogzLhBWq3FGZtiHo/wVxBOt84xDE=&u=U2FsdGVkX1+TXGvj0x0OZ0XlhC+vx0iCkp0nJQnGNYg=&y=U2FsdGVkX1+Vdj+fiNJHQdfp5yypVTYkZy6KKXMo9NOqHwBvdMhdJQcfSnNAVM/C HTTP/1.1" 200 1062
186.102.44.76 - - [01/Jan/2023:12:17:17 -0500] "GET /kwssiamovil/sm/acme/s?s=U2FsdGVkX19B2YIV/h9WSMJ/gbvZWFSrlZTR5ZFOZf4qjVvVOkvRmQWiVzkA4sbic1pJor07UzVcIICJ2mB/+6zxExN1bpz9UqLRPPmAJOrU7d7WzOoNiqeK4tPKIISlkoIk1XOssF5yvUqTYCqWP5R/bX53wiPkWH0VzP/CrUzF249hDBIIxGuDDxYf1DUcD515axa2LI7HkkEMsU6n3oWmncO7SzH8kSxUGFjdF6gGiedbaTa2RMyiwnZoMUhsFa/DK1QRzK1x9GAGf4o2ugnqx29tX+c2IvpzS88GKPROtBeJwa4gs0SI9yfpst4JTcjSxNcp9VrhrhxhwjPL3bi5q0OgmeO6NYWSqlIYwFWrVK95Hkqrdu3Hn6AfvkApXZy564AJBCOfzEBaZiY/Dzo5QPnwrSRMCnFn2Du1buv2k2YJqpKP7WeEUCjxJJnQ2D+Gw+H2CnBIznbH8RL9NWLfjSs8d0qzF2HPr1Mjo8yZPoeh7sw8C3VrVYPK24XSmdbX9QG6Ua7/756roDXZsL2xaVEveQln90BuUl+YiR0ynWG6hfHt8t4BWpKyiqPtUR48piYAcRqS82wHiQqFkbK6m7DXPTKt9PEUZ5R4uuwRUFPuHkIjZajV3AXFaEr5XauX3fT/vtmK4Qocj6kCXlrUaVhLqIHbuqhQ0Kvw+1LIZ/+sEHCtxa5/e7CqGx/NpDSq7JhdDDjRFXE/Kw4/vRzyRalnJAcLS+0OS65FFNgJrVkFihUY2cnc5c5pS+Pg&u=U2FsdGVkX1+TXGvj0x0OZ0XlhC+vx0iCkp0nJQnGNYg=&y=U2FsdGVkX1+Vdj+fiNJHQdfp5yypVTYkZy6KKXMo9NOqHwBvdMhdJQcfSnNAVM/C HTTP/1.1" 200 208
186.102.44.76 - - [01/Jan/2023:12:17:17 -0500] "GET /kwssiamovil/sm/cjson/pre?f=1&x=U2FsdGVkX18EOf1wK3CLfglnNNSrLzBfeE3A9it+SS9rtgusND+o+8ixioM9n6wX HTTP/1.1" 200 31032
173.252.79.2 - - [01/Jan/2023:12:18:00 -0500] "GET /images/cr\xc3\xb3nica-29-nov-1_optimized.jpeg HTTP/1.1" 404 1034
172.22.2.4 - - [01/Jan/2023:12:17:47 -0500] "HEAD /BLA/boletinlegal/ HTTP/1.1" 200 -
201.245.192.253 - - [01/Jan/2023:12:19:37 -0500] "POST /kwsrmcab/Wsrmcab HTTP/1.1" 200 43782
201.245.192.253 - - [01/Jan/2023:12:19:40 -0500] "POST /kwsrmcab/Wsrmcab HTTP/1.1" 200 43623
114.119.160.84 - - [01/Jan/2023:12:19:51 -0500] "GET /BLA/resoluciones/RESOLUCIONES%202010/6785.pdf HTTP/1.1" 200 42685
216.245.221.92 - - [01/Jan/2023:12:19:56 -0500] "HEAD / HTTP/1.1" 200 -
172.22.2.4 - - [01/Jan/2023:12:18:38 -0500] "GET /BLA/boletinlegal/ HTTP/1.1" 200 57824
40.77.167.104 - - [01/Jan/2023:12:20:29 -0500] "-" 408 -
201.245.192.253 - - [01/Jan/2023:12:20:55 -0500] "POST /sipse/faces/presentacion/proyectos/proyecto/proyecto.xhtml HTTP/1.1" 200 82857
201.245.192.253 - - [01/Jan/2023:12:20:55 -0500] "GET /sipse/faces/javax.faces.resource/jquery/jquery.js?ln=primefaces&v=4.0 HTTP/1.1" 304 -
201.245.192.253 - - [01/Jan/2023:12:20:55 -0500] "GET /sipse/faces/javax.faces.resource/jquery/jquery-plugins.js?ln=primefaces&v=4.0 HTTP/1.1" 304 -
201.245.192.253 - - [01/Jan/2023:12:20:55 -0500] "GET /sipse/faces/javax.faces.resource/primefaces.js?ln=primefaces&v=4.0 HTTP/1.1" 304 -
201.245.192.253 - - [01/Jan/2023:12:20:55 -0500] "GET /sipse/faces/javax.faces.resource/layout/layout.js?ln=primefaces&v=4.0 HTTP/1.1" 304 -
201.245.192.253 - - [01/Jan/2023:12:20:55 -0500] "POST /sipse/faces/presentacion/proyectos/proyecto/listarProyecto.xhtml HTTP/1.1" 200 76232
201.245.192.253 - - [01/Jan/2023:12:20:55 -0500] "POST /sipse/faces/presentacion/proyectos/proyecto/listarProyecto.xhtml HTTP/1.1" 200 76232
201.245.192.253 - - [01/Jan/2023:12:20:56 -0500] "POST /sipse/faces/presentacion/proyectos/proyecto/listarProyecto.xhtml HTTP/1.1" 200 76232
201.245.192.253 - - [01/Jan/2023:12:20:56 -0500] "POST /sipse/faces/presentacion/proyectos/proyecto/listarProyecto.xhtml HTTP/1.1" 200 76232
201.245.192.253 - - [01/Jan/2023:12:20:57 -0500] "POST /sipse/faces/presentacion/proyectos/proyecto/listarProyecto.xhtml HTTP/1.1" 200 4899
201.245.192.253 - - [01/Jan/2023:12:20:59 -0500] "POST /sipse/faces/presentacion/proyectos/proyecto/listarProyecto.xhtml HTTP/1.1" 200 163
201.245.192.253 - - [01/Jan/2023:12:20:59 -0500] "GET /sipse/faces/presentacion/proyectos/proyecto/proyecto.xhtml HTTP/1.1" 200 88895
201.245.192.253 - - [01/Jan/2023:12:21:00 -0500] "GET /sipse/faces/javax.faces.resource/jquery/jquery.js?ln=primefaces&v=4.0 HTTP/1.1" 304 -
201.245.192.253 - - [01/Jan/2023:12:21:00 -0500] "GET /sipse/faces/javax.faces.resource/layout/layout.css?ln=primefaces&v=4.0 HTTP/1.1" 200 542
201.245.192.253 - - [01/Jan/2023:12:21:00 -0500] "GET /sipse/faces/javax.faces.resource/jquery/jquery-plugins.js?ln=primefaces&v=4.0 HTTP/1.1" 304 -
201.245.192.253 - - [01/Jan/2023:12:21:00 -0500] "GET /sipse/faces/javax.faces.resource/primefaces.js?ln=primefaces&v=4.0 HTTP/1.1" 304 -
201.245.192.253 - - [01/Jan/2023:12:21:00 -0500] "GET /sipse/faces/javax.faces.resource/layout/layout.js?ln=primefaces&v=4.0 HTTP/1.1" 304 -
201.245.192.253 - - [01/Jan/2023:12:21:00 -0500] "GET /sipse/faces/javax.faces.resource/theme.css?ln=primefaces-sipse HTTP/1.1" 200 50058
201.245.192.253 - - [01/Jan/2023:12:21:00 -0500] "GET /sipse/faces/javax.faces.resource/primefaces.css?ln=primefaces&v=4.0 HTTP/1.1" 200 53295
201.245.192.253 - - [01/Jan/2023:12:21:00 -0500] "GET /sipse/faces/javax.faces.resource/images/ui-icons_898989_256x240.png?ln=primefaces-aristo HTTP/1.1" 200 5355
201.245.192.253 - - [01/Jan/2023:12:21:00 -0500] "GET /favicon.ico HTTP/1.1" 200 7782
201.245.192.253 - - [01/Jan/2023:12:21:00 -0500] "GET /sipse/faces/javax.faces.resource/images/ui-bg_flat_0_2d5972_40x100.png?ln=primefaces-aristo HTTP/1.1" 200 183
201.245.192.253 - - [01/Jan/2023:12:21:00 -0500] "POST /sipse/faces/presentacion/proyectos/proyecto/proyecto.xhtml HTTP/1.1" 200 3265
201.245.192.253 - - [01/Jan/2023:12:22:02 -0500] "POST /kwsrmcab/Wsrmcab  HTTP/1.1" 200 44193
114.119.144.165 - - [01/Jan/2023:12:22:45 -0500] "GET /BLA/resoluciones/RESOLUCIONES%202015/1494.pdf HTTP/1.1" 200 882784
157.55.39.100 - - [01/Jan/2023:12:24:48 -0500] "GET /portaldeninos/2021/06/10/ganadores-del-concurso-a-vuelo-de-pajaro-recibieron-reconocimientos-de-la-secretaria-de-ambiente/ HTTP/1.1" 200 109578
216.245.221.92 - - [01/Jan/2023:12:24:56 -0500] "HEAD / HTTP/1.1" 200 -
172.22.2.4 - - [01/Jan/2023:12:23:37 -0500] "HEAD /BLA/boletinlegal/ HTTP/1.1" 200 -
114.119.158.18 - - [01/Jan/2023:12:25:35 -0500] "GET /BLA/resoluciones/RESOLUCIONES%202010/6662.pdf HTTP/1.1" 200 266105
172.22.2.4 - - [01/Jan/2023:12:24:28 -0500] "GET /BLA/boletinlegal/ HTTP/1.1" 200 52453
201.245.192.253 - - [01/Jan/2023:12:27:02 -0500] "POST /kwsrmcab/Wsrmcab  HTTP/1.1" 200 44193
66.249.64.17 - - [01/Jan/2023:12:27:36 -0500] "-" 408 -
114.119.159.37 - - [01/Jan/2023:12:28:30 -0500] "GET /BLA/resoluciones/RESOLUCIONES%202010/6241.pdf HTTP/1.1" 200 691524
201.245.192.253 - - [01/Jan/2023:12:29:38 -0500] "POST /kwsrmcab/Wsrmcab HTTP/1.1" 200 43782
201.245.192.253 - - [01/Jan/2023:12:29:41 -0500] "POST /kwsrmcab/Wsrmcab HTTP/1.1" 200 43623
216.245.221.92 - - [01/Jan/2023:12:29:56 -0500] "HEAD / HTTP/1.1" 200 -
172.22.2.4 - - [01/Jan/2023:12:29:27 -0500] "HEAD /BLA/boletinlegal/ HTTP/1.1" 200 -
172.22.2.4 - - [01/Jan/2023:12:30:18 -0500] "GET /BLA/boletinlegal/ HTTP/1.1" 200 56474
201.245.192.253 - - [01/Jan/2023:12:31:59 -0500] "POST /kwsrmcab/Wsrmcab  HTTP/1.1" 200 44193
114.119.145.100 - - [01/Jan/2023:12:32:05 -0500] "GET /BLA/resoluciones/RESOLUCIONES%202010/6209.pdf HTTP/1.1" 200 839182
114.119.159.160 - - [01/Jan/2023:12:34:32 -0500] "GET /BLA/resoluciones/RESOLUCIONES%202010/6096.pdf HTTP/1.1" 200 658872
216.245.221.92 - - [01/Jan/2023:12:34:56 -0500] "HEAD / HTTP/1.1" 200 -
172.22.2.4 - - [01/Jan/2023:12:35:17 -0500] "HEAD /BLA/boletinlegal/ HTTP/1.1" 200 -
201.245.192.253 - - [01/Jan/2023:12:36:59 -0500] "POST /kwsrmcab/Wsrmcab  HTTP/1.1" 200 44193
172.22.2.4 - - [01/Jan/2023:12:37:30 -0500] "GET /BLA/boletinlegal/robots.txt HTTP/1.1" 404 1038
173.252.127.119 - - [01/Jan/2023:12:37:31 -0500] "GET /images/mercados-campesinos-5-mayo.jpg HTTP/1.1" 200 95848
172.22.2.4 - - [01/Jan/2023:12:37:33 -0500] "GET /BLA/boletinlegal/Circulares/2011/Circular%20No.%207%20del%2023%20de%20Diciembre%20de%202011.pdf HTTP/1.1" 200 1107785
114.119.139.172 - - [01/Jan/2023:12:37:35 -0500] "GET /BLA/resoluciones/RESOLUCIONES%202010/6031.pdf HTTP/1.1" 200 632848
172.22.2.4 - - [01/Jan/2023:12:36:08 -0500] "GET /BLA/boletinlegal/ HTTP/1.1" 200 57192
173.252.111.3 - - [01/Jan/2023:12:38:38 -0500] "GET /images/reunion-planta-termovalorizacion-11-mayo.jpg HTTP/1.1" 200 34782
114.119.139.84 - - [01/Jan/2023:12:39:40 -0500] "GET /BLA/resoluciones/RESOLUCIONES%202010/5925.pdf HTTP/1.1" 200 285695
201.245.192.253 - - [01/Jan/2023:12:39:38 -0500] "POST /kwsrmcab/Wsrmcab HTTP/1.1" 200 43782
201.245.192.253 - - [01/Jan/2023:12:39:41 -0500] "POST /kwsrmcab/Wsrmcab HTTP/1.1" 200 43623
216.245.221.92 - - [01/Jan/2023:12:39:56 -0500] "HEAD / HTTP/1.1" 200 -
201.245.192.253 - - [01/Jan/2023:12:41:58 -0500] "POST /kwsrmcab/Wsrmcab  HTTP/1.1" 200 44193
114.119.158.167 - - [01/Jan/2023:12:42:16 -0500] "GET /BLA/resoluciones/RESOLUCIONES%202010/5798.pdf HTTP/1.1" 200 37502
172.22.2.4 - - [01/Jan/2023:12:41:07 -0500] "HEAD /BLA/boletinlegal/ HTTP/1.1" 200 -
172.22.2.4 - - [01/Jan/2023:12:41:58 -0500] "GET /BLA/boletinlegal/ HTTP/1.1" 200 57192
188.166.79.4 - - [01/Jan/2023:12:44:09 -0500] "GET / HTTP/1.1" 200 319
188.166.79.4 - - [01/Jan/2023:12:44:50 -0500] "GET /.env HTTP/1.1" 404 1018
114.119.145.201 - - [01/Jan/2023:12:44:53 -0500] "GET /BLA/resoluciones/RESOLUCIONES%202010/5708.pdf HTTP/1.1" 200 73480
216.245.221.92 - - [01/Jan/2023:12:44:56 -0500] "HEAD / HTTP/1.1" 200 -
101.68.211.2 - - [01/Jan/2023:12:46:22 -0500] "GET / HTTP/1.1" 200 319
201.245.192.253 - - [01/Jan/2023:12:46:56 -0500] "POST /kwsrmcab/Wsrmcab  HTTP/1.1" 200 44193
114.119.162.80 - - [01/Jan/2023:12:47:14 -0500] "GET /BLA/resoluciones/RESOLUCIONES%202010/5160.pdf HTTP/1.1" 200 1021402
172.22.2.4 - - [01/Jan/2023:12:46:57 -0500] "HEAD /BLA/boletinlegal/ HTTP/1.1" 200 -
114.119.166.88 - - [01/Jan/2023:12:49:27 -0500] "GET /BLA/resoluciones/RESOLUCIONES%202010/4338.pdf HTTP/1.1" 200 497601
172.22.2.4 - - [01/Jan/2023:12:47:48 -0500] "GET /BLA/boletinlegal/ HTTP/1.1" 200 52453
216.245.221.92 - - [01/Jan/2023:12:49:56 -0500] "HEAD / HTTP/1.1" 200 -
207.46.13.198 - - [01/Jan/2023:12:50:25 -0500] "GET /BLA/resoluciones/RESOLUCIONES%202021/3231.pdf HTTP/1.1" 304 -
201.245.192.253 - - [01/Jan/2023:12:51:55 -0500] "POST /kwsrmcab/Wsrmcab  HTTP/1.1" 200 44193
114.119.155.22 - - [01/Jan/2023:12:52:03 -0500] "GET /BLA/resoluciones/RESOLUCIONES%202010/4326.pdf HTTP/1.1" 200 108814
64.124.8.49 - - [01/Jan/2023:12:52:04 -0500] "GET /galeria/galeria/fotos/4humedal-Burro4G.jpg HTTP/1.1" 200 98452
114.119.144.63 - - [01/Jan/2023:12:54:15 -0500] "GET /BLA/resoluciones/RESOLUCIONES%202010/4317.pdf HTTP/1.1" 200 50970
172.22.2.4 - - [01/Jan/2023:12:52:47 -0500] "HEAD /BLA/boletinlegal/ HTTP/1.1" 200 -
216.245.221.92 - - [01/Jan/2023:12:54:56 -0500] "HEAD / HTTP/1.1" 200 -
172.22.2.4 - - [01/Jan/2023:12:53:38 -0500] "GET /BLA/boletinlegal/ HTTP/1.1" 200 57192
114.119.148.132 - - [01/Jan/2023:12:56:26 -0500] "GET /BLA/resoluciones/RESOLUCIONES%202010/4286.pdf HTTP/1.1" 200 718192
201.245.192.253 - - [01/Jan/2023:12:56:54 -0500] "POST /kwsrmcab/Wsrmcab  HTTP/1.1" 200 44193
201.245.192.253 - - [01/Jan/2023:12:57:24 -0500] "POST /sipse/faces/presentacion/proyectos/proyecto/proyecto.xhtml HTTP/1.1" 200 82857
201.245.192.253 - - [01/Jan/2023:12:57:24 -0500] "GET /sipse/faces/javax.faces.resource/jquery/jquery.js?ln=primefaces&v=4.0 HTTP/1.1" 304 -
201.245.192.253 - - [01/Jan/2023:12:57:24 -0500] "GET /sipse/faces/javax.faces.resource/jquery/jquery-plugins.js?ln=primefaces&v=4.0 HTTP/1.1" 304 -
201.245.192.253 - - [01/Jan/2023:12:57:24 -0500] "GET /sipse/faces/javax.faces.resource/primefaces.js?ln=primefaces&v=4.0 HTTP/1.1" 304 -
201.245.192.253 - - [01/Jan/2023:12:57:25 -0500] "GET /sipse/faces/javax.faces.resource/layout/layout.js?ln=primefaces&v=4.0 HTTP/1.1" 304 -
190.0.246.150 - - [01/Jan/2023:12:57:34 -0500] "GET /galeria/galeria/jquery.fancybox.css?v=2.1.5 HTTP/1.1" 200 4895
190.0.246.150 - - [01/Jan/2023:12:57:36 -0500] "GET /BLA/boletinlegal/js/jquery.scrollShow.js HTTP/1.1" 200 4586
201.245.192.253 - - [01/Jan/2023:12:57:36 -0500] "POST /sipse/faces/presentacion/proyectos/proyecto/listarProyecto.xhtml HTTP/1.1" 200 4917
201.245.192.253 - - [01/Jan/2023:12:57:37 -0500] "POST /sipse/faces/presentacion/proyectos/proyecto/listarProyecto.xhtml HTTP/1.1" 200 163
201.245.192.253 - - [01/Jan/2023:12:57:37 -0500] "GET /sipse/faces/presentacion/proyectos/proyecto/proyecto.xhtml HTTP/1.1" 200 87013
201.245.192.253 - - [01/Jan/2023:12:57:38 -0500] "GET /sipse/faces/javax.faces.resource/layout/layout.css?ln=primefaces&v=4.0 HTTP/1.1" 200 542
201.245.192.253 - - [01/Jan/2023:12:57:38 -0500] "GET /sipse/faces/javax.faces.resource/jquery/jquery.js?ln=primefaces&v=4.0 HTTP/1.1" 304 -
201.245.192.253 - - [01/Jan/2023:12:57:38 -0500] "GET /sipse/faces/javax.faces.resource/jquery/jquery-plugins.js?ln=primefaces&v=4.0 HTTP/1.1" 304 -
201.245.192.253 - - [01/Jan/2023:12:57:38 -0500] "GET /sipse/faces/javax.faces.resource/primefaces.js?ln=primefaces&v=4.0 HTTP/1.1" 304 -
201.245.192.253 - - [01/Jan/2023:12:57:38 -0500] "GET /sipse/faces/javax.faces.resource/layout/layout.js?ln=primefaces&v=4.0 HTTP/1.1" 304 -
201.245.192.253 - - [01/Jan/2023:12:57:38 -0500] "GET /sipse/faces/javax.faces.resource/theme.css?ln=primefaces-sipse HTTP/1.1" 200 50058
201.245.192.253 - - [01/Jan/2023:12:57:38 -0500] "GET /sipse/faces/javax.faces.resource/primefaces.css?ln=primefaces&v=4.0 HTTP/1.1" 200 53295
201.245.192.253 - - [01/Jan/2023:12:57:38 -0500] "GET /sipse/faces/javax.faces.resource/images/ui-icons_898989_256x240.png?ln=primefaces-aristo HTTP/1.1" 200 5355
201.245.192.253 - - [01/Jan/2023:12:57:38 -0500] "GET /favicon.ico HTTP/1.1" 200 7782
201.245.192.253 - - [01/Jan/2023:12:57:38 -0500] "GET /sipse/faces/javax.faces.resource/images/ui-bg_flat_0_2d5972_40x100.png?ln=primefaces-aristo HTTP/1.1" 200 183
201.245.192.253 - - [01/Jan/2023:12:57:38 -0500] "POST /sipse/faces/presentacion/proyectos/proyecto/proyecto.xhtml HTTP/1.1" 200 3265
190.0.246.150 - - [01/Jan/2023:12:57:40 -0500] "GET /galeria/galeria/jquery.fancybox.js?v=2.1.5 HTTP/1.1" 200 48706
201.245.192.253 - - [01/Jan/2023:12:58:26 -0500] "POST /sipse/faces/presentacion/proyectos/proyecto/proyecto.xhtml HTTP/1.1" 200 82857
201.245.192.253 - - [01/Jan/2023:12:58:26 -0500] "GET /sipse/faces/javax.faces.resource/jquery/jquery.js?ln=primefaces&v=4.0 HTTP/1.1" 304 -
201.245.192.253 - - [01/Jan/2023:12:58:26 -0500] "GET /sipse/faces/javax.faces.resource/jquery/jquery-plugins.js?ln=primefaces&v=4.0 HTTP/1.1" 304 -
201.245.192.253 - - [01/Jan/2023:12:58:26 -0500] "GET /sipse/faces/javax.faces.resource/primefaces.js?ln=primefaces&v=4.0 HTTP/1.1" 304 -
201.245.192.253 - - [01/Jan/2023:12:58:26 -0500] "GET /sipse/faces/javax.faces.resource/layout/layout.js?ln=primefaces&v=4.0 HTTP/1.1" 304 -
201.245.192.253 - - [01/Jan/2023:12:58:29 -0500] "POST /sipse/faces/presentacion/proyectos/proyecto/listarProyecto.xhtml HTTP/1.1" 200 13315
201.245.192.253 - - [01/Jan/2023:12:58:29 -0500] "POST /sipse/faces/presentacion/proyectos/proyecto/listarProyecto.xhtml HTTP/1.1" 200 5013
201.245.192.253 - - [01/Jan/2023:12:58:32 -0500] "POST /sipse/faces/presentacion/proyectos/proyecto/listarProyecto.xhtml HTTP/1.1" 200 163
201.245.192.253 - - [01/Jan/2023:12:58:33 -0500] "GET /sipse/faces/presentacion/proyectos/proyecto/proyecto.xhtml HTTP/1.1" 200 86918
201.245.192.253 - - [01/Jan/2023:12:58:33 -0500] "GET /sipse/faces/javax.faces.resource/jquery/jquery.js?ln=primefaces&v=4.0 HTTP/1.1" 304 -
201.245.192.253 - - [01/Jan/2023:12:58:33 -0500] "GET /sipse/faces/javax.faces.resource/layout/layout.css?ln=primefaces&v=4.0 HTTP/1.1" 200 542
201.245.192.253 - - [01/Jan/2023:12:58:33 -0500] "GET /sipse/faces/javax.faces.resource/jquery/jquery-plugins.js?ln=primefaces&v=4.0 HTTP/1.1" 304 -
201.245.192.253 - - [01/Jan/2023:12:58:33 -0500] "GET /sipse/faces/javax.faces.resource/primefaces.js?ln=primefaces&v=4.0 HTTP/1.1" 304 -
201.245.192.253 - - [01/Jan/2023:12:58:33 -0500] "GET /sipse/faces/javax.faces.resource/layout/layout.js?ln=primefaces&v=4.0 HTTP/1.1" 304 -
201.245.192.253 - - [01/Jan/2023:12:58:33 -0500] "GET /sipse/faces/javax.faces.resource/primefaces.css?ln=primefaces&v=4.0 HTTP/1.1" 200 53295
201.245.192.253 - - [01/Jan/2023:12:58:33 -0500] "GET /sipse/faces/javax.faces.resource/theme.css?ln=primefaces-sipse HTTP/1.1" 200 50058
201.245.192.253 - - [01/Jan/2023:12:58:34 -0500] "GET /sipse/faces/javax.faces.resource/images/ui-icons_898989_256x240.png?ln=primefaces-aristo HTTP/1.1" 200 5355
201.245.192.253 - - [01/Jan/2023:12:58:34 -0500] "GET /sipse/faces/javax.faces.resource/images/ui-bg_flat_0_2d5972_40x100.png?ln=primefaces-aristo HTTP/1.1" 200 183
201.245.192.253 - - [01/Jan/2023:12:58:34 -0500] "POST /sipse/faces/presentacion/proyectos/proyecto/proyecto.xhtml HTTP/1.1" 200 3265
201.245.192.253 - - [01/Jan/2023:12:59:06 -0500] "POST /sipse/faces/presentacion/proyectos/proyecto/proyecto.xhtml HTTP/1.1" 200 82857
201.245.192.253 - - [01/Jan/2023:12:59:06 -0500] "GET /sipse/faces/javax.faces.resource/jquery/jquery.js?ln=primefaces&v=4.0 HTTP/1.1" 304 -
201.245.192.253 - - [01/Jan/2023:12:59:06 -0500] "GET /sipse/faces/javax.faces.resource/jquery/jquery-plugins.js?ln=primefaces&v=4.0 HTTP/1.1" 304 -
201.245.192.253 - - [01/Jan/2023:12:59:06 -0500] "GET /sipse/faces/javax.faces.resource/primefaces.js?ln=primefaces&v=4.0 HTTP/1.1" 304 -
201.245.192.253 - - [01/Jan/2023:12:59:06 -0500] "GET /sipse/faces/javax.faces.resource/layout/layout.js?ln=primefaces&v=4.0 HTTP/1.1" 304 -
201.245.192.253 - - [01/Jan/2023:12:59:09 -0500] "POST /sipse/faces/presentacion/proyectos/proyecto/listarProyecto.xhtml HTTP/1.1" 200 13315
201.245.192.253 - - [01/Jan/2023:12:59:09 -0500] "POST /sipse/faces/presentacion/proyectos/proyecto/listarProyecto.xhtml HTTP/1.1" 200 4933
201.245.192.253 - - [01/Jan/2023:12:59:11 -0500] "POST /sipse/faces/presentacion/proyectos/proyecto/listarProyecto.xhtml HTTP/1.1" 200 163
114.119.134.6 - - [01/Jan/2023:12:59:11 -0500] "GET /BLA/resoluciones/RESOLUCIONES%202010/3951.pdf HTTP/1.1" 200 117106
201.245.192.253 - - [01/Jan/2023:12:59:11 -0500] "GET /sipse/faces/presentacion/proyectos/proyecto/proyecto.xhtml HTTP/1.1" 200 88670
201.245.192.253 - - [01/Jan/2023:12:59:12 -0500] "GET /sipse/faces/javax.faces.resource/theme.css?ln=primefaces-sipse HTTP/1.1" 304 -
201.245.192.253 - - [01/Jan/2023:12:59:12 -0500] "GET /sipse/faces/javax.faces.resource/primefaces.css?ln=primefaces&v=4.0 HTTP/1.1" 304 -
201.245.192.253 - - [01/Jan/2023:12:59:12 -0500] "GET /sipse/faces/javax.faces.resource/layout/layout.css?ln=primefaces&v=4.0 HTTP/1.1" 304 -
201.245.192.253 - - [01/Jan/2023:12:59:12 -0500] "GET /sipse/faces/javax.faces.resource/jquery/jquery.js?ln=primefaces&v=4.0 HTTP/1.1" 304 -
201.245.192.253 - - [01/Jan/2023:12:59:12 -0500] "GET /sipse/faces/javax.faces.resource/primefaces.js?ln=primefaces&v=4.0 HTTP/1.1" 304 -
201.245.192.253 - - [01/Jan/2023:12:59:12 -0500] "GET /sipse/faces/javax.faces.resource/layout/layout.js?ln=primefaces&v=4.0 HTTP/1.1" 304 -
201.245.192.253 - - [01/Jan/2023:12:59:12 -0500] "GET /sipse/faces/javax.faces.resource/jquery/jquery-plugins.js?ln=primefaces&v=4.0 HTTP/1.1" 304 -
201.245.192.253 - - [01/Jan/2023:12:59:12 -0500] "GET /sipse/faces/javax.faces.resource/images/ui-icons_898989_256x240.png?ln=primefaces-aristo HTTP/1.1" 304 -
201.245.192.253 - - [01/Jan/2023:12:59:12 -0500] "GET /sipse/faces/javax.faces.resource/images/ui-bg_flat_0_2d5972_40x100.png?ln=primefaces-aristo HTTP/1.1" 304 -
201.245.192.253 - - [01/Jan/2023:12:59:12 -0500] "POST /sipse/faces/presentacion/proyectos/proyecto/proyecto.xhtml HTTP/1.1" 200 3265
