186.102.11.48 - - [04/Jan/2023:06:31:35 -0500] "GET /kwssiamovil/sm/acme/a?s=U2FsdGVkX1+DZ/Ey0W5obpb7Q5I+XBejaU2eIhqnjIZlSFR+PTmPFYiZKnakfnDvCYIVF9JueNNELd24r2lu2KyER0snnPuAdyMWFL99zV9SJ8/v2zwoGuhYfakP72rPmlY4vFoBJYXi7YGd0jT7v280mZEpDDepD/DTTGlk32A=&u=U2FsdGVkX18Mptn1HJ/757wi1L8Sa62kZDMevrm682I=&y=U2FsdGVkX1/60MF3o95IrMJ5jrePZz53GspS3jU7tvS7a+akvbmh0d/9m1QDsmbA HTTP/1.1" 200 26
186.102.11.48 - - [04/Jan/2023:06:31:36 -0500] "GET /kwssiamovil/sm/acme/a?s=U2FsdGVkX1+xrr4cCrhqEPJWVpyrMgJlQ1bNF21Etvftrb382d6TGWmmnBsqV6fG9dP5pdyee7DycqokaFSkbii2rsBT54fleVdryMv3kEiXSzH7Qa0qrsQzKtaGx14D8xSdHTYkkSDyQq/8d/44yp/1MDdwmV1Cor5hoZQYkBw=&u=U2FsdGVkX18Mptn1HJ/757wi1L8Sa62kZDMevrm682I=&y=U2FsdGVkX1/60MF3o95IrMJ5jrePZz53GspS3jU7tvS7a+akvbmh0d/9m1QDsmbA HTTP/1.1" 200 26
186.102.11.48 - - [04/Jan/2023:06:31:36 -0500] "GET /kwssiamovil/sm/acme/a?s=U2FsdGVkX1+G3DAcoNC9fRBrRW56R9Gjt2mpphMzCMDnVA1uH5YsEkisWsomvUtOiKcpyYY/KCmCb1K970kw2dZHUQ4KHS5udRfltwj37lJepeB6Rv5EnBIuK/d8wdZutEEZXfx96ZKfBvOGHH/6WLkxCowcySUbC+JWSbxTwC/dvfUp89Q1onW2a9A3yu+OWWJbeLtoT2HpAXA8Z/PBEw==&u=U2FsdGVkX18Mptn1HJ/757wi1L8Sa62kZDMevrm682I=&y=U2FsdGVkX1/60MF3o95IrMJ5jrePZz53GspS3jU7tvS7a+akvbmh0d/9m1QDsmbA HTTP/1.1" 200 26
199.16.157.181 - - [04/Jan/2023:06:31:56 -0500] "GET /images/cr%C3%B3nica-29-nov-1_optimized.jpeg HTTP/1.1" 404 1034
172.22.2.4 - - [04/Jan/2023:06:30:26 -0500] "GET /BLA/boletinlegal/ HTTP/1.1" 200 57192
201.245.192.253 - - [04/Jan/2023:06:32:36 -0500] "POST /kwsrmcab/Wsrmcab  HTTP/1.1" 200 213
172.22.2.4 - - [04/Jan/2023:06:34:20 -0500] "GET /BLA/boletinlegal/jurisprudencia/analisis/ANALISIST-672-14.docx HTTP/1.1" 304 -
66.249.66.85 - - [04/Jan/2023:06:34:43 -0500] "-" 408 -
216.245.221.92 - - [04/Jan/2023:06:35:27 -0500] "HEAD / HTTP/1.1" 200 -
106.75.61.109 - - [04/Jan/2023:06:36:04 -0500] "-" 408 -
172.22.2.4 - - [04/Jan/2023:06:35:26 -0500] "HEAD /BLA/boletinlegal/ HTTP/1.1" 200 -
201.245.192.253 - - [04/Jan/2023:06:37:35 -0500] "POST /kwsrmcab/Wsrmcab  HTTP/1.1" 200 213
172.22.2.4 - - [04/Jan/2023:06:36:16 -0500] "GET /BLA/boletinlegal/ HTTP/1.1" 200 57192
64.124.8.52 - - [04/Jan/2023:06:39:09 -0500] "GET /BLA/boletinlegal/images/signo-mas.gif HTTP/1.1" 200 13689
64.124.8.52 - - [04/Jan/2023:06:39:09 -0500] "GET /BLA/boletinlegal/images/screen_3.png HTTP/1.1" 200 210620
64.124.8.52 - - [04/Jan/2023:06:39:18 -0500] "GET /BLA/boletinlegal/images/historia.png HTTP/1.1" 200 52775
201.245.192.253 - - [04/Jan/2023:06:39:24 -0500] "POST /kwsrmcab/Wsrmcab HTTP/1.1" 200 43609
201.245.192.253 - - [04/Jan/2023:06:39:27 -0500] "POST /kwsrmcab/Wsrmcab HTTP/1.1" 200 43937
216.245.221.92 - - [04/Jan/2023:06:40:27 -0500] "HEAD / HTTP/1.1" 200 -
69.171.251.7 - - [04/Jan/2023:06:41:41 -0500] "GET /images/Acuerdos%2001%20(1)%20(1).jpeg HTTP/1.1" 200 32884
207.46.13.139 - - [04/Jan/2023:06:41:54 -0500] "GET /BLA/boletinlegal/Directivas/2011/Directiva%20No.%208%20del%2020%20de%20Septiembre%20de%202011.pdf HTTP/1.1" 304 -
201.245.192.253 - - [04/Jan/2023:06:42:33 -0500] "POST /kwsrmcab/Wsrmcab  HTTP/1.1" 200 213
172.22.2.4 - - [04/Jan/2023:06:41:16 -0500] "HEAD /BLA/boletinlegal/ HTTP/1.1" 200 -
157.55.39.172 - - [04/Jan/2023:06:43:29 -0500] "GET /BLA/resoluciones/RESOLUCIONES%202000/2000%202750-2799.tif HTTP/1.1" 200 3331582
172.22.2.4 - - [04/Jan/2023:06:42:06 -0500] "GET /BLA/boletinlegal/ HTTP/1.1" 200 54100
173.252.107.2 - - [04/Jan/2023:06:44:01 -0500] "GET /sumate-a-las-jornadas-de-recoleccion-de-llantas-de-esta-semana.html HTTP/1.1" 206 787
173.252.87.15 - - [04/Jan/2023:06:44:01 -0500] "GET /images/jornadas-llantas-usadas-23-mayo.jpg HTTP/1.1" 200 148376
173.252.79.116 - - [04/Jan/2023:06:44:02 -0500] "GET /images/jardines-verticales-plantas-24-mayo.jpg HTTP/1.1" 200 148288
69.171.251.11 - - [04/Jan/2023:06:44:21 -0500] "GET /secretaria-de-ambiente-y-sena-abren-curso-de-jardines-verticales.html HTTP/1.1" 206 734
216.245.221.92 - - [04/Jan/2023:06:45:28 -0500] "HEAD / HTTP/1.1" 200 -
157.55.39.100 - - [04/Jan/2023:06:45:40 -0500] "GET / HTTP/1.1" 200 4720
40.77.167.33 - - [04/Jan/2023:06:45:44 -0500] "GET /Publicaciones/2022EE177440.pdf HTTP/1.1" 404 228
201.245.192.253 - - [04/Jan/2023:06:47:32 -0500] "POST /kwsrmcab/Wsrmcab  HTTP/1.1" 200 213
66.220.149.18 - - [04/Jan/2023:06:47:45 -0500] "GET /images/cr\xc3\xb3nica-29-nov-1_optimized.jpeg HTTP/1.1" 404 1034
186.80.234.110 - - [04/Jan/2023:06:48:29 -0500] "POST /sipse/faces/presentacion/financiero/solicitudProceso/consultarSolicitudProceso.xhtml HTTP/1.1" 200 54485
186.80.234.110 - - [04/Jan/2023:06:48:29 -0500] "GET /sipse/faces/javax.faces.resource/jquery/jquery.js?ln=primefaces&v=4.0 HTTP/1.1" 304 -
186.80.234.110 - - [04/Jan/2023:06:48:29 -0500] "GET /sipse/faces/javax.faces.resource/jquery/jquery-plugins.js?ln=primefaces&v=4.0 HTTP/1.1" 304 -
186.80.234.110 - - [04/Jan/2023:06:48:30 -0500] "GET /sipse/faces/javax.faces.resource/primefaces.js?ln=primefaces&v=4.0 HTTP/1.1" 304 -
186.80.234.110 - - [04/Jan/2023:06:48:30 -0500] "GET /sipse/faces/javax.faces.resource/layout/layout.js?ln=primefaces&v=4.0 HTTP/1.1" 304 -
186.80.234.110 - - [04/Jan/2023:06:48:30 -0500] "POST /sipse/faces/presentacion/financiero/solicitudProceso/listarSolicitudProceso.xhtml HTTP/1.1" 200 47828
186.80.234.110 - - [04/Jan/2023:06:48:30 -0500] "POST /sipse/faces/presentacion/financiero/solicitudProceso/listarSolicitudProceso.xhtml HTTP/1.1" 200 1520
186.80.234.110 - - [04/Jan/2023:06:48:30 -0500] "POST /sipse/faces/presentacion/financiero/solicitudProceso/listarSolicitudProceso.xhtml HTTP/1.1" 200 1528
186.80.234.110 - - [04/Jan/2023:06:48:39 -0500] "POST /sipse/faces/presentacion/financiero/solicitudProceso/listarSolicitudProceso.xhtml HTTP/1.1" 200 122695
186.80.234.110 - - [04/Jan/2023:06:48:39 -0500] "GET /sipse/faces/javax.faces.resource/jquery/jquery.js?ln=primefaces&v=4.0 HTTP/1.1" 304 -
186.80.234.110 - - [04/Jan/2023:06:48:39 -0500] "GET /sipse/faces/javax.faces.resource/jquery/jquery-plugins.js?ln=primefaces&v=4.0 HTTP/1.1" 304 -
186.80.234.110 - - [04/Jan/2023:06:48:39 -0500] "GET /sipse/faces/javax.faces.resource/primefaces.js?ln=primefaces&v=4.0 HTTP/1.1" 304 -
186.80.234.110 - - [04/Jan/2023:06:48:39 -0500] "GET /sipse/faces/javax.faces.resource/layout/layout.js?ln=primefaces&v=4.0 HTTP/1.1" 304 -
186.80.234.110 - - [04/Jan/2023:06:48:46 -0500] "POST /sipse/faces/presentacion/financiero/solicitudProceso/consultarSolicitudProceso.xhtml HTTP/1.1" 200 5281
172.22.2.4 - - [04/Jan/2023:06:47:06 -0500] "HEAD /BLA/boletinlegal/ HTTP/1.1" 200 -
172.22.2.4 - - [04/Jan/2023:06:47:56 -0500] "GET /BLA/boletinlegal/ HTTP/1.1" 200 52453
216.245.221.92 - - [04/Jan/2023:06:50:27 -0500] "HEAD / HTTP/1.1" 200 -
157.55.39.194 - - [04/Jan/2023:06:51:04 -0500] "GET /BLA/resoluciones/RESOLUCIONES%202001/2001%20600-649.TIF HTTP/1.1" 200 9885868
201.245.192.253 - - [04/Jan/2023:06:52:31 -0500] "POST /kwsrmcab/Wsrmcab  HTTP/1.1" 200 213
173.252.107.21 - - [04/Jan/2023:06:53:28 -0500] "GET /secretaria-de-ambiente-abre-convocatoria-para-que-empresas-de-bogota-sean-mas-sostenibles.html HTTP/1.1" 206 907
172.22.2.4 - - [04/Jan/2023:06:52:21 -0500] "GET /BLA/boletinlegal/ HTTP/1.1" 200 40907
172.22.2.4 - - [04/Jan/2023:06:52:56 -0500] "HEAD /BLA/boletinlegal/ HTTP/1.1" 200 -
185.119.81.108 - - [04/Jan/2023:06:55:02 -0500] "GET /portaldeninos/wp-login.php HTTP/1.1" 200 2592
185.119.81.108 - - [04/Jan/2023:06:55:03 -0500] "POST /portaldeninos/wp-login.php HTTP/1.1" 200 3605
172.22.2.4 - - [04/Jan/2023:06:53:46 -0500] "GET /BLA/boletinlegal/ HTTP/1.1" 200 53337
216.245.221.92 - - [04/Jan/2023:06:55:27 -0500] "HEAD / HTTP/1.1" 200 -
172.22.2.4 - - [04/Jan/2023:06:57:05 -0500] "GET /BLA/boletinlegal/robots.txt HTTP/1.1" 404 1018
201.245.192.253 - - [04/Jan/2023:06:57:30 -0500] "POST /kwsrmcab/Wsrmcab  HTTP/1.1" 200 213
172.22.2.4 - - [04/Jan/2023:06:58:46 -0500] "HEAD /BLA/boletinlegal/ HTTP/1.1" 200 -
216.245.221.92 - - [04/Jan/2023:07:00:27 -0500] "HEAD / HTTP/1.1" 200 -
172.22.2.4 - - [04/Jan/2023:06:59:36 -0500] "GET /BLA/boletinlegal/ HTTP/1.1" 200 52942
201.245.192.253 - - [04/Jan/2023:07:02:29 -0500] "POST /kwsrmcab/Wsrmcab  HTTP/1.1" 200 213
172.22.2.4 - - [04/Jan/2023:07:04:18 -0500] "GET /BLA/boletinlegal/documentos-importantes.php HTTP/1.1" 200 4829
216.245.221.92 - - [04/Jan/2023:07:05:27 -0500] "HEAD / HTTP/1.1" 200 -
172.22.2.4 - - [04/Jan/2023:07:04:36 -0500] "HEAD /BLA/boletinlegal/ HTTP/1.1" 200 -
172.22.2.4 - - [04/Jan/2023:07:05:26 -0500] "GET /BLA/boletinlegal/ HTTP/1.1" 200 58185
201.245.192.253 - - [04/Jan/2023:07:07:28 -0500] "POST /kwsrmcab/Wsrmcab  HTTP/1.1" 200 213
114.119.136.246 - - [04/Jan/2023:07:07:37 -0500] "GET /BLA/resoluciones/RESOLUCIONES%202011/5559.pdf HTTP/1.1" 200 477461
114.119.140.70 - - [04/Jan/2023:07:08:45 -0500] "GET /BLA/resoluciones/RESOLUCIONES%202011/5335.pdf HTTP/1.1" 200 577354
66.220.149.7 - - [04/Jan/2023:07:09:43 -0500] "GET /images/cr\xc3\xb3nica-29-nov-1_optimized.jpeg HTTP/1.1" 404 1034
114.119.134.75 - - [04/Jan/2023:07:10:05 -0500] "GET /BLA/resoluciones/RESOLUCIONES%202008/0103.pdf HTTP/1.1" 200 442339
216.245.221.92 - - [04/Jan/2023:07:10:27 -0500] "HEAD / HTTP/1.1" 200 -
114.119.150.15 - - [04/Jan/2023:07:11:11 -0500] "GET /BLA/resoluciones/AUTOS%202017/2819.pdf HTTP/1.1" 200 394751
172.22.2.4 - - [04/Jan/2023:07:10:25 -0500] "HEAD /BLA/boletinlegal/ HTTP/1.1" 200 -
201.245.192.253 - - [04/Jan/2023:07:12:26 -0500] "POST /kwsrmcab/Wsrmcab  HTTP/1.1" 200 213
172.22.2.4 - - [04/Jan/2023:07:11:16 -0500] "GET /BLA/boletinlegal/ HTTP/1.1" 200 52453
181.242.230.150 - - [04/Jan/2023:07:13:48 -0500] "GET /piloto-de-etiquetado-herramienta-para-clasificar-ambientalmente-los-vehiculos-segun-cuanto-emiten.html HTTP/1.1" 200 985
66.249.66.85 - - [04/Jan/2023:07:15:01 -0500] "-" 408 -
216.245.221.92 - - [04/Jan/2023:07:15:27 -0500] "HEAD / HTTP/1.1" 200 -
35.195.93.98 - - [04/Jan/2023:07:15:38 -0500] "GET / HTTP/1.1" 200 319
92.118.39.29 - - [04/Jan/2023:07:16:42 -0500] "GET / HTTP/1.1" 200 319
201.245.192.253 - - [04/Jan/2023:07:17:25 -0500] "POST /kwsrmcab/Wsrmcab  HTTP/1.1" 200 213
172.22.2.4 - - [04/Jan/2023:07:16:15 -0500] "HEAD /BLA/boletinlegal/ HTTP/1.1" 200 -
172.22.2.4 - - [04/Jan/2023:07:17:06 -0500] "GET /BLA/boletinlegal/ HTTP/1.1" 200 58185
201.245.192.253 - - [04/Jan/2023:07:19:24 -0500] "POST /kwsrmcab/Wsrmcab HTTP/1.1" 200 43632
201.245.192.253 - - [04/Jan/2023:07:19:27 -0500] "POST /kwsrmcab/Wsrmcab HTTP/1.1" 200 43957
216.245.221.92 - - [04/Jan/2023:07:20:27 -0500] "HEAD / HTTP/1.1" 200 -
40.77.167.12 - - [04/Jan/2023:07:20:56 -0500] "GET /BLA/resoluciones/RESOLUCIONES%202001/2001%20750-799.TIF HTTP/1.1" 200 8805346
201.245.192.253 - - [04/Jan/2023:07:22:24 -0500] "POST /kwsrmcab/Wsrmcab  HTTP/1.1" 200 213
186.80.234.110 - - [04/Jan/2023:07:23:39 -0500] "POST /sipse/faces/presentacion/financiero/solicitudProceso/consultarSolicitudProceso.xhtml HTTP/1.1" 200 117733
186.80.234.110 - - [04/Jan/2023:07:23:39 -0500] "GET /sipse/faces/javax.faces.resource/messages/messages.png?ln=primefaces&v=4.0 HTTP/1.1" 200 27209
186.80.234.110 - - [04/Jan/2023:07:23:39 -0500] "POST /sipse/faces/presentacion/financiero/solicitudProceso/consultarSolicitudProceso.xhtml HTTP/1.1" 200 117733
186.80.234.110 - - [04/Jan/2023:07:23:39 -0500] "POST /sipse/faces/presentacion/financiero/solicitudProceso/consultarSolicitudProceso.xhtml HTTP/1.1" 200 117733
186.80.234.110 - - [04/Jan/2023:07:23:40 -0500] "POST /sipse/faces/presentacion/financiero/solicitudProceso/consultarSolicitudProceso.xhtml HTTP/1.1" 200 117733
186.80.234.110 - - [04/Jan/2023:07:23:45 -0500] "GET /sipse/faces/javax.faces.resource/primefaces.css?ln=primefaces&v=4.0 HTTP/1.1" 304 -
186.80.234.110 - - [04/Jan/2023:07:23:45 -0500] "GET /sipse/faces/javax.faces.resource/layout/layout.css?ln=primefaces&v=4.0 HTTP/1.1" 304 -
186.80.234.110 - - [04/Jan/2023:07:23:45 -0500] "GET /sipse/faces/javax.faces.resource/jquery/jquery.js?ln=primefaces&v=4.0 HTTP/1.1" 304 -
186.80.234.110 - - [04/Jan/2023:07:23:45 -0500] "GET /sipse/faces/javax.faces.resource/jquery/jquery-plugins.js?ln=primefaces&v=4.0 HTTP/1.1" 304 -
186.80.234.110 - - [04/Jan/2023:07:23:45 -0500] "GET /sipse/faces/javax.faces.resource/primefaces.js?ln=primefaces&v=4.0 HTTP/1.1" 304 -
186.80.234.110 - - [04/Jan/2023:07:23:44 -0500] "POST /sipse/faces/presentacion/financiero/solicitudProceso/consultarSolicitudProceso.xhtml HTTP/1.1" 200 59532
186.80.234.110 - - [04/Jan/2023:07:23:45 -0500] "GET /sipse/faces/javax.faces.resource/layout/layout.js?ln=primefaces&v=4.0 HTTP/1.1" 304 -
186.80.234.110 - - [04/Jan/2023:07:23:45 -0500] "GET /sipse/faces/javax.faces.resource/theme.css?ln=primefaces-sipse HTTP/1.1" 200 50058
186.80.234.110 - - [04/Jan/2023:07:23:45 -0500] "GET /sipse/faces/javax.faces.resource/images/ui-icons_898989_256x240.png?ln=primefaces-aristo HTTP/1.1" 200 5355
186.80.234.110 - - [04/Jan/2023:07:23:45 -0500] "GET /favicon.ico HTTP/1.1" 200 7782
186.80.234.110 - - [04/Jan/2023:07:23:45 -0500] "GET /sipse/faces/javax.faces.resource/images/ui-bg_flat_0_2d5972_40x100.png?ln=primefaces-aristo HTTP/1.1" 200 183
186.80.234.110 - - [04/Jan/2023:07:23:45 -0500] "POST /sipse/faces/presentacion/financiero/solicitudProceso/listarSolicitudProceso.xhtml HTTP/1.1" 200 1520
186.80.234.110 - - [04/Jan/2023:07:23:45 -0500] "POST /sipse/faces/presentacion/financiero/solicitudProceso/listarSolicitudProceso.xhtml HTTP/1.1" 200 1528
172.22.2.4 - - [04/Jan/2023:07:22:05 -0500] "HEAD /BLA/boletinlegal/ HTTP/1.1" 200 -
186.80.234.110 - - [04/Jan/2023:07:23:46 -0500] "POST /sipse/faces/presentacion/financiero/solicitudProceso/listarSolicitudProceso.xhtml HTTP/1.1" 200 49001
186.80.234.110 - - [04/Jan/2023:07:23:46 -0500] "POST /sipse/faces/presentacion/financiero/solicitudProceso/listarSolicitudProceso.xhtml HTTP/1.1" 200 1520
186.80.234.110 - - [04/Jan/2023:07:23:49 -0500] "POST /sipse/faces/presentacion/financiero/solicitudProceso/listarSolicitudProceso.xhtml HTTP/1.1" 200 911
186.80.234.110 - - [04/Jan/2023:07:23:51 -0500] "GET /sipse/faces/presentacion/financiero/solicitudProceso/faces/autenticacion HTTP/1.1" 302 -
186.80.234.110 - - [04/Jan/2023:07:23:51 -0500] "GET /sipse/faces/autenticacion.xhtml HTTP/1.1" 200 12181
186.80.234.110 - - [04/Jan/2023:07:23:51 -0500] "GET /sipse/faces/javax.faces.resource/theme.css?ln=primefaces-sipse HTTP/1.1" 304 -
186.80.234.110 - - [04/Jan/2023:07:23:51 -0500] "GET /sipse/faces/javax.faces.resource/primefaces.css?ln=primefaces&v=4.0 HTTP/1.1" 304 -
186.80.234.110 - - [04/Jan/2023:07:23:51 -0500] "GET /sipse/faces/javax.faces.resource/primefaces.js?ln=primefaces&v=4.0 HTTP/1.1" 304 -
186.80.234.110 - - [04/Jan/2023:07:23:51 -0500] "GET /sipse/faces/javax.faces.resource/layout/layout.css?ln=primefaces&v=4.0 HTTP/1.1" 304 -
186.80.234.110 - - [04/Jan/2023:07:23:51 -0500] "GET /sipse/faces/javax.faces.resource/jquery/jquery-plugins.js?ln=primefaces&v=4.0 HTTP/1.1" 304 -
186.80.234.110 - - [04/Jan/2023:07:23:51 -0500] "GET /sipse/faces/javax.faces.resource/jquery/jquery.js?ln=primefaces&v=4.0 HTTP/1.1" 304 -
186.80.234.110 - - [04/Jan/2023:07:23:51 -0500] "GET /sipse/faces/javax.faces.resource/layout/layout.js?ln=primefaces&v=4.0 HTTP/1.1" 304 -
186.80.234.110 - - [04/Jan/2023:07:23:51 -0500] "GET /sipse/faces/javax.faces.resource/images/ui-icons_898989_256x240.png?ln=primefaces-aristo HTTP/1.1" 304 -
186.80.234.110 - - [04/Jan/2023:07:23:59 -0500] "POST /sipse/faces/autenticacion.xhtml HTTP/1.1" 200 11290
186.80.234.110 - - [04/Jan/2023:07:23:59 -0500] "GET /sipse/faces/javax.faces.resource/jquery/jquery.js?ln=primefaces&v=4.0 HTTP/1.1" 304 -
186.80.234.110 - - [04/Jan/2023:07:23:59 -0500] "GET /sipse/faces/javax.faces.resource/jquery/jquery-plugins.js?ln=primefaces&v=4.0 HTTP/1.1" 304 -
186.80.234.110 - - [04/Jan/2023:07:23:59 -0500] "GET /sipse/faces/javax.faces.resource/primefaces.js?ln=primefaces&v=4.0 HTTP/1.1" 304 -
186.80.234.110 - - [04/Jan/2023:07:23:59 -0500] "GET /sipse/faces/javax.faces.resource/layout/layout.js?ln=primefaces&v=4.0 HTTP/1.1" 304 -
186.80.234.110 - - [04/Jan/2023:07:23:59 -0500] "GET /sipse/faces/javax.faces.resource/messages/messages.png?ln=primefaces&v=4.0 HTTP/1.1" 304 -
186.80.234.110 - - [04/Jan/2023:07:24:04 -0500] "POST /sipse/faces/presentacion/sistema/seguridad/seleccionRol.xhtml HTTP/1.1" 200 5724
186.80.234.110 - - [04/Jan/2023:07:24:06 -0500] "POST /sipse/faces/presentacion/sistema/seguridad/seleccionRol.xhtml HTTP/1.1" 200 16285
186.80.234.110 - - [04/Jan/2023:07:24:06 -0500] "GET /sipse/faces/javax.faces.resource/jquery/jquery.js?ln=primefaces&v=4.0 HTTP/1.1" 304 -
186.80.234.110 - - [04/Jan/2023:07:24:06 -0500] "GET /sipse/faces/javax.faces.resource/jquery/jquery-plugins.js?ln=primefaces&v=4.0 HTTP/1.1" 304 -
186.80.234.110 - - [04/Jan/2023:07:24:06 -0500] "GET /sipse/faces/javax.faces.resource/primefaces.js?ln=primefaces&v=4.0 HTTP/1.1" 304 -
186.80.234.110 - - [04/Jan/2023:07:24:06 -0500] "GET /sipse/faces/javax.faces.resource/layout/layout.js?ln=primefaces&v=4.0 HTTP/1.1" 304 -
186.80.234.110 - - [04/Jan/2023:07:24:06 -0500] "GET /sipse/imagenes/logoAplicacion.jpg HTTP/1.1" 200 155084
186.80.234.110 - - [04/Jan/2023:07:24:08 -0500] "GET /sipse/faces/javax.faces.resource/images/ui-bg_flat_0_2d5972_40x100.png?ln=primefaces-aristo HTTP/1.1" 304 -
186.80.234.110 - - [04/Jan/2023:07:24:08 -0500] "POST /sipse/faces/bienvenido.xhtml HTTP/1.1" 200 9754
186.80.234.110 - - [04/Jan/2023:07:24:08 -0500] "POST /sipse/faces/bienvenido.xhtml HTTP/1.1" 200 3255
186.80.234.110 - - [04/Jan/2023:07:24:10 -0500] "POST /sipse/faces/bienvenido.xhtml HTTP/1.1" 200 54485
186.80.234.110 - - [04/Jan/2023:07:24:11 -0500] "GET /sipse/faces/javax.faces.resource/jquery/jquery.js?ln=primefaces&v=4.0 HTTP/1.1" 304 -
186.80.234.110 - - [04/Jan/2023:07:24:11 -0500] "GET /sipse/faces/javax.faces.resource/jquery/jquery-plugins.js?ln=primefaces&v=4.0 HTTP/1.1" 304 -
186.80.234.110 - - [04/Jan/2023:07:24:11 -0500] "GET /sipse/faces/javax.faces.resource/primefaces.js?ln=primefaces&v=4.0 HTTP/1.1" 304 -
186.80.234.110 - - [04/Jan/2023:07:24:11 -0500] "GET /sipse/faces/javax.faces.resource/layout/layout.js?ln=primefaces&v=4.0 HTTP/1.1" 304 -
186.80.234.110 - - [04/Jan/2023:07:24:11 -0500] "POST /sipse/faces/presentacion/financiero/solicitudProceso/listarSolicitudProceso.xhtml HTTP/1.1" 200 1520
186.80.234.110 - - [04/Jan/2023:07:24:16 -0500] "POST /sipse/faces/presentacion/financiero/solicitudProceso/listarSolicitudProceso.xhtml HTTP/1.1" 200 122754
186.80.234.110 - - [04/Jan/2023:07:24:17 -0500] "GET /sipse/faces/javax.faces.resource/jquery/jquery.js?ln=primefaces&v=4.0 HTTP/1.1" 304 -
186.80.234.110 - - [04/Jan/2023:07:24:17 -0500] "GET /sipse/faces/javax.faces.resource/jquery/jquery-plugins.js?ln=primefaces&v=4.0 HTTP/1.1" 304 -
186.80.234.110 - - [04/Jan/2023:07:24:17 -0500] "GET /sipse/faces/javax.faces.resource/primefaces.js?ln=primefaces&v=4.0 HTTP/1.1" 304 -
186.80.234.110 - - [04/Jan/2023:07:24:17 -0500] "GET /sipse/faces/javax.faces.resource/layout/layout.js?ln=primefaces&v=4.0 HTTP/1.1" 304 -
172.22.2.4 - - [04/Jan/2023:07:22:56 -0500] "GET /BLA/boletinlegal/ HTTP/1.1" 200 56825
186.80.234.110 - - [04/Jan/2023:07:24:37 -0500] "POST /sipse/faces/presentacion/financiero/solicitudProceso/consultarSolicitudProceso.xhtml HTTP/1.1" 200 88055
216.245.221.92 - - [04/Jan/2023:07:25:27 -0500] "HEAD / HTTP/1.1" 200 -
201.245.192.253 - - [04/Jan/2023:07:27:23 -0500] "POST /kwsrmcab/Wsrmcab  HTTP/1.1" 200 213
186.80.234.110 - - [04/Jan/2023:07:27:25 -0500] "POST /sipse/faces/presentacion/financiero/solicitudProceso/consultarSolicitudProceso.xhtml HTTP/1.1" 200 88055
186.80.234.110 - - [04/Jan/2023:07:29:06 -0500] "POST /sipse/faces/presentacion/financiero/solicitudProceso/consultarSolicitudProceso.xhtml HTTP/1.1" 200 51988
186.80.234.110 - - [04/Jan/2023:07:29:09 -0500] "GET /sipse/faces/javax.faces.resource/jquery/jquery.js?ln=primefaces&v=4.0 HTTP/1.1" 304 -
186.80.234.110 - - [04/Jan/2023:07:29:09 -0500] "GET /sipse/faces/javax.faces.resource/jquery/jquery-plugins.js?ln=primefaces&v=4.0 HTTP/1.1" 304 -
186.80.234.110 - - [04/Jan/2023:07:29:09 -0500] "GET /sipse/faces/javax.faces.resource/primefaces.js?ln=primefaces&v=4.0 HTTP/1.1" 304 -
186.80.234.110 - - [04/Jan/2023:07:29:10 -0500] "GET /sipse/faces/javax.faces.resource/layout/layout.js?ln=primefaces&v=4.0 HTTP/1.1" 304 -
186.80.234.110 - - [04/Jan/2023:07:29:10 -0500] "POST /sipse/faces/presentacion/financiero/solicitudProceso/listarSolicitudProceso.xhtml HTTP/1.1" 200 1492
186.80.234.110 - - [04/Jan/2023:07:29:13 -0500] "POST /sipse/faces/presentacion/financiero/solicitudProceso/listarSolicitudProceso.xhtml HTTP/1.1" 200 19242
186.80.234.110 - - [04/Jan/2023:07:29:13 -0500] "POST /sipse/faces/presentacion/financiero/solicitudProceso/listarSolicitudProceso.xhtml HTTP/1.1" 200 30896
186.80.234.110 - - [04/Jan/2023:07:29:14 -0500] "POST /sipse/faces/presentacion/financiero/solicitudProceso/listarSolicitudProceso.xhtml HTTP/1.1" 200 19238
186.80.234.110 - - [04/Jan/2023:07:29:18 -0500] "POST /sipse/faces/presentacion/financiero/solicitudProceso/listarSolicitudProceso.xhtml HTTP/1.1" 200 122695
186.80.234.110 - - [04/Jan/2023:07:29:18 -0500] "GET /sipse/faces/javax.faces.resource/jquery/jquery.js?ln=primefaces&v=4.0 HTTP/1.1" 304 -
186.80.234.110 - - [04/Jan/2023:07:29:18 -0500] "GET /sipse/faces/javax.faces.resource/jquery/jquery-plugins.js?ln=primefaces&v=4.0 HTTP/1.1" 304 -
186.80.234.110 - - [04/Jan/2023:07:29:18 -0500] "GET /sipse/faces/javax.faces.resource/primefaces.js?ln=primefaces&v=4.0 HTTP/1.1" 304 -
186.80.234.110 - - [04/Jan/2023:07:29:18 -0500] "GET /sipse/faces/javax.faces.resource/layout/layout.js?ln=primefaces&v=4.0 HTTP/1.1" 304 -
201.245.192.253 - - [04/Jan/2023:07:29:24 -0500] "POST /kwsrmcab/Wsrmcab HTTP/1.1" 200 43632
201.245.192.253 - - [04/Jan/2023:07:29:26 -0500] "POST /kwsrmcab/Wsrmcab HTTP/1.1" 200 43957
172.22.2.4 - - [04/Jan/2023:07:27:55 -0500] "HEAD /BLA/boletinlegal/ HTTP/1.1" 200 -
186.80.234.110 - - [04/Jan/2023:07:30:07 -0500] "POST /sipse/faces/presentacion/financiero/solicitudProceso/consultarSolicitudProceso.xhtml HTTP/1.1" 200 51988
186.80.234.110 - - [04/Jan/2023:07:30:09 -0500] "GET /sipse/faces/javax.faces.resource/jquery/jquery.js?ln=primefaces&v=4.0 HTTP/1.1" 304 -
186.80.234.110 - - [04/Jan/2023:07:30:09 -0500] "GET /sipse/faces/javax.faces.resource/jquery/jquery-plugins.js?ln=primefaces&v=4.0 HTTP/1.1" 304 -
186.80.234.110 - - [04/Jan/2023:07:30:09 -0500] "GET /sipse/faces/javax.faces.resource/primefaces.js?ln=primefaces&v=4.0 HTTP/1.1" 304 -
186.80.234.110 - - [04/Jan/2023:07:30:09 -0500] "GET /sipse/faces/javax.faces.resource/layout/layout.js?ln=primefaces&v=4.0 HTTP/1.1" 304 -
186.80.234.110 - - [04/Jan/2023:07:30:09 -0500] "POST /sipse/faces/presentacion/financiero/solicitudProceso/listarSolicitudProceso.xhtml HTTP/1.1" 200 1492
186.80.234.110 - - [04/Jan/2023:07:30:12 -0500] "POST /sipse/faces/presentacion/financiero/solicitudProceso/listarSolicitudProceso.xhtml HTTP/1.1" 200 16353
186.80.234.110 - - [04/Jan/2023:07:30:12 -0500] "POST /sipse/faces/presentacion/financiero/solicitudProceso/listarSolicitudProceso.xhtml HTTP/1.1" 200 28007
186.80.234.110 - - [04/Jan/2023:07:30:13 -0500] "POST /sipse/faces/presentacion/financiero/solicitudProceso/listarSolicitudProceso.xhtml HTTP/1.1" 200 16349
186.80.234.110 - - [04/Jan/2023:07:30:18 -0500] "POST /sipse/faces/presentacion/financiero/solicitudProceso/listarSolicitudProceso.xhtml HTTP/1.1" 200 123362
186.80.234.110 - - [04/Jan/2023:07:30:18 -0500] "GET /sipse/faces/javax.faces.resource/jquery/jquery.js?ln=primefaces&v=4.0 HTTP/1.1" 304 -
186.80.234.110 - - [04/Jan/2023:07:30:18 -0500] "GET /sipse/faces/javax.faces.resource/jquery/jquery-plugins.js?ln=primefaces&v=4.0 HTTP/1.1" 304 -
186.80.234.110 - - [04/Jan/2023:07:30:18 -0500] "GET /sipse/faces/javax.faces.resource/primefaces.js?ln=primefaces&v=4.0 HTTP/1.1" 304 -
186.80.234.110 - - [04/Jan/2023:07:30:18 -0500] "GET /sipse/faces/javax.faces.resource/layout/layout.js?ln=primefaces&v=4.0 HTTP/1.1" 304 -
172.22.2.4 - - [04/Jan/2023:07:28:46 -0500] "GET /BLA/boletinlegal/ HTTP/1.1" 200 59404
216.245.221.92 - - [04/Jan/2023:07:30:27 -0500] "HEAD / HTTP/1.1" 200 -
186.80.234.110 - - [04/Jan/2023:07:30:36 -0500] "POST /sipse/faces/presentacion/financiero/solicitudProceso/consultarSolicitudProceso.xhtml HTTP/1.1" 200 89088
186.102.11.48 - - [04/Jan/2023:07:31:01 -0500] "GET /kwssiamovil/sm/ldap/au?x=U2FsdGVkX19rCqKoyKla1b72fsNf0CHVGKlm1t7wMQ1KRx6REySnn5QafaydlpNX&y=U2FsdGVkX18o6gfOn60zTexs2yi3/yCUGMZb6vsGFwpPXvKp6a2btWPOYv1HJtqy HTTP/1.1" 200 30
186.102.11.48 - - [04/Jan/2023:07:31:01 -0500] "GET /kwssiamovil/sm/acme/s?s=U2FsdGVkX1+suYHx9UST0M0Usoz4kAAhXR6QIZehaM0cc/CBdLCuSNNxCxtWK4926kpxT869sZzcrJQ5nBtyr46v+5W5lBfjB3Q2itTdhBs=&u=U2FsdGVkX18Bwvylw3KkhfsTIsuNUeER9uWaUGJFlkA=&y=U2FsdGVkX18o6gfOn60zTexs2yi3/yCUGMZb6vsGFwpPXvKp6a2btWPOYv1HJtqy HTTP/1.1" 200 97
186.102.11.48 - - [04/Jan/2023:07:31:01 -0500] "GET /kwssiamovil/sm/acme/s?s=U2FsdGVkX1/bwyVPWxL8uQMwQflGK+5vD+40bzTsmNpmBs5Gk12bXhAaCD1a6Huhi4vnQ7TwYUQ9KoP0kpTYxPrPi562yTRpJ0SocD+qiju77q5+bArJ1gcrQBDiOMJ8JZyGm3xHAzEDJ1TJLMfVokdporYmtz0s8uYXN2MorMrjPjJ6W6iYSu4HCtlJtAbdqfIHkfofuJxPFmOBxaKFXVanKXTkFu/zesr2kjHuYiW21lWAbxhfXpol/rQd6mYr6xmQpoE9NGnO3yl7rr+Aex0mj/PhEOwNgcG5NoB3VBzzkU+PT2jYzTflVKNKWruXG2jsqyzEjGNXP3szD6fHtkjWUayGB0UL5y95oM8eNXKaSEACGi4feJMwUeqPRyDBk7LBFTR/BqiWOpQTkfMTkyn/hnaDs8sC6qXCf6Uzvp7SI4ZLE8XYrmIlscn4Dotze5i7SfzSEOKWeP1o8NudckEgE8kHiDP74VOSYilxK6SvEXlNZL4QkOYP6EMJvsBKnrhUVL4NcnIVTPKxrobUXlIagbpj2Zlv2SzDbr4GYR17uld1x7XyGGL4lYFTJz5/Zb7t/Aa219r9DY1eVmjlsz6gzQS9mt2tTiqOSULaa1h/w2+zrpGVF0uzUeiNZeIHD3Enp8hkxtzAHbJHfBuuTJUC/rtYpQTuWUmj72/GW4X599fYYyOuqSBoc/KOORfOPBqq7KQZjKEpX9kXwM4jX4pwPSc0RySkniqu0VEfvDZ9Nx0XAzunXrjzra/h7SiFF7PNDc3cFYUaHsL1L6RG77bnMfeovzRZkTv0euJCoXjudnPu3dxuMsHHXufJXvItNRJ/nn9tvMhjpx5FEU9kwb9RdK+zENqY7TEVAcjEhlJlGVueAecVvFUpqCyCpgygfcMK4o9dhkb/zU/HeAaBUceDf2CO1NtNCSLwZKp1gpRzEi1twlUnZeMdwlvfjrgXqzldC0tmEmRIA0NqNn/OXugySfw97Mpahuwdwuya6Zwb+PvxQZh0v2wpDs89gzw7mHlGQAPz1e0hubuEzE42S9XBqdN59lQ3gx5LHeYZU9yglzJmWXtbmeWEoUSXTgV33QWqBS4aC+EU0dYPUe0LoI31ICggqoh5I1REpcw4Hkr6EcVi/zHFDL8XaFnxFuHZNBb6nl2Sh0HM9y+7skpYRNEzE62Uoicm6ArGemIj83uXoANvE6SdKPrs2s7mWfizPd32TIVBn5Ht4FbIl08C7QKxmqS8M3h8WtbkRSDk24k0fb7q6LNaVTaEpjjEaA/hYEUxhFVarKQRfaDeN+bzUIBV8P06+MMtTCdzHVp46tkU7o3vMmKr7nKFz6ikxwbh6qOwPA92SzQH1ylSwY7uxEA1SYiTiove7NXksSQmfuzvcM4UhPipqUM21LkNFPYIiZrNGKBjUUXsIkVkFcrHggiQpMuXA8hfURliyadQ2aM=&u=U2FsdGVkX18Bwvylw3KkhfsTIsuNUeER9uWaUGJFlkA=&y=U2FsdGVkX18o6gfOn60zTexs2yi3/yCUGMZb6vsGFwpPXvKp6a2btWPOYv1HJtqy HTTP/1.1" 200 536
186.102.11.48 - - [04/Jan/2023:07:31:01 -0500] "GET /kwssiamovil/sm/acme/s?s=U2FsdGVkX1+S/MAm5fFiBCOcx5Ld/H47ILEuqTkOWE+scOxeFSirY+albH+BsojMVnKTRmYr5UKX0KFHsrMsciYXteEl0DAc3mlPS5c4BEUeRLARO5iJ0wiC9hXHcV3i1Ua40PsS0ikgYn71w6xPIAquL+mL1Tk31inid45OzFyTcSsbzl4vblyzzWRaDEIZzdvvXFG+Z8KZololh58UDmJVWdZeuqst1rPnBin1t+bFsZi/K8DiXQmztJb2xUHxx5R3DHjHu2dKO3xPAg1u4gvLdsDBZ4Az9kCwsjzHCyT4VhtZFSgGZ/165TO+wKqcZgOvl1VDGLs3vjTB8U74bAPi+QgOvvV9D/AJ3Lpalrg=&u=U2FsdGVkX18Bwvylw3KkhfsTIsuNUeER9uWaUGJFlkA=&y=U2FsdGVkX18o6gfOn60zTexs2yi3/yCUGMZb6vsGFwpPXvKp6a2btWPOYv1HJtqy HTTP/1.1" 200 196
186.102.11.48 - - [04/Jan/2023:07:31:02 -0500] "GET /kwssiamovil/sm/cjson/pre?f=1&x=U2FsdGVkX19rCqKoyKla1b72fsNf0CHVGKlm1t7wMQ1KRx6REySnn5QafaydlpNX HTTP/1.1" 200 31032
186.80.234.110 - - [04/Jan/2023:07:31:42 -0500] "POST /sipse/faces/presentacion/financiero/solicitudProceso/consultarSolicitudProceso.xhtml HTTP/1.1" 200 49083
186.80.234.110 - - [04/Jan/2023:07:31:44 -0500] "GET /sipse/faces/javax.faces.resource/jquery/jquery.js?ln=primefaces&v=4.0 HTTP/1.1" 304 -
186.80.234.110 - - [04/Jan/2023:07:31:44 -0500] "GET /sipse/faces/javax.faces.resource/jquery/jquery-plugins.js?ln=primefaces&v=4.0 HTTP/1.1" 304 -
186.80.234.110 - - [04/Jan/2023:07:31:44 -0500] "GET /sipse/faces/javax.faces.resource/primefaces.js?ln=primefaces&v=4.0 HTTP/1.1" 304 -
186.80.234.110 - - [04/Jan/2023:07:31:44 -0500] "GET /sipse/faces/javax.faces.resource/layout/layout.js?ln=primefaces&v=4.0 HTTP/1.1" 304 -
186.80.234.110 - - [04/Jan/2023:07:31:45 -0500] "POST /sipse/faces/presentacion/financiero/solicitudProceso/listarSolicitudProceso.xhtml HTTP/1.1" 200 1480
186.80.234.110 - - [04/Jan/2023:07:31:48 -0500] "POST /sipse/faces/presentacion/financiero/solicitudProceso/listarSolicitudProceso.xhtml HTTP/1.1" 200 13443
186.80.234.110 - - [04/Jan/2023:07:31:48 -0500] "POST /sipse/faces/presentacion/financiero/solicitudProceso/listarSolicitudProceso.xhtml HTTP/1.1" 200 25101
186.80.234.110 - - [04/Jan/2023:07:31:48 -0500] "POST /sipse/faces/presentacion/financiero/solicitudProceso/listarSolicitudProceso.xhtml HTTP/1.1" 200 13443
66.249.66.86 - - [04/Jan/2023:07:31:49 -0500] "-" 408 -
186.80.234.110 - - [04/Jan/2023:07:31:55 -0500] "POST /sipse/faces/presentacion/financiero/solicitudProceso/listarSolicitudProceso.xhtml HTTP/1.1" 200 122695
186.80.234.110 - - [04/Jan/2023:07:31:56 -0500] "GET /sipse/faces/javax.faces.resource/jquery/jquery.js?ln=primefaces&v=4.0 HTTP/1.1" 304 -
186.80.234.110 - - [04/Jan/2023:07:31:56 -0500] "GET /sipse/faces/javax.faces.resource/jquery/jquery-plugins.js?ln=primefaces&v=4.0 HTTP/1.1" 304 -
186.80.234.110 - - [04/Jan/2023:07:31:56 -0500] "GET /sipse/faces/javax.faces.resource/primefaces.js?ln=primefaces&v=4.0 HTTP/1.1" 304 -
186.80.234.110 - - [04/Jan/2023:07:31:56 -0500] "GET /sipse/faces/javax.faces.resource/layout/layout.js?ln=primefaces&v=4.0 HTTP/1.1" 304 -
201.245.192.253 - - [04/Jan/2023:07:32:22 -0500] "POST /kwsrmcab/Wsrmcab  HTTP/1.1" 200 213
186.80.234.110 - - [04/Jan/2023:07:32:27 -0500] "POST /sipse/faces/presentacion/financiero/solicitudProceso/consultarSolicitudProceso.xhtml HTTP/1.1" 200 46177
186.80.234.110 - - [04/Jan/2023:07:32:29 -0500] "GET /sipse/faces/javax.faces.resource/jquery/jquery.js?ln=primefaces&v=4.0 HTTP/1.1" 304 -
186.80.234.110 - - [04/Jan/2023:07:32:29 -0500] "GET /sipse/faces/javax.faces.resource/jquery/jquery-plugins.js?ln=primefaces&v=4.0 HTTP/1.1" 304 -
186.80.234.110 - - [04/Jan/2023:07:32:29 -0500] "GET /sipse/faces/javax.faces.resource/primefaces.js?ln=primefaces&v=4.0 HTTP/1.1" 304 -
186.80.234.110 - - [04/Jan/2023:07:32:29 -0500] "GET /sipse/faces/javax.faces.resource/layout/layout.js?ln=primefaces&v=4.0 HTTP/1.1" 304 -
186.80.234.110 - - [04/Jan/2023:07:32:30 -0500] "POST /sipse/faces/presentacion/financiero/solicitudProceso/listarSolicitudProceso.xhtml HTTP/1.1" 200 1468
186.80.234.110 - - [04/Jan/2023:07:32:32 -0500] "POST /sipse/faces/presentacion/financiero/solicitudProceso/listarSolicitudProceso.xhtml HTTP/1.1" 200 10538
186.80.234.110 - - [04/Jan/2023:07:32:33 -0500] "POST /sipse/faces/presentacion/financiero/solicitudProceso/listarSolicitudProceso.xhtml HTTP/1.1" 200 22200
186.80.234.110 - - [04/Jan/2023:07:32:33 -0500] "POST /sipse/faces/presentacion/financiero/solicitudProceso/listarSolicitudProceso.xhtml HTTP/1.1" 200 10542
186.80.234.110 - - [04/Jan/2023:07:32:37 -0500] "POST /sipse/faces/presentacion/financiero/solicitudProceso/listarSolicitudProceso.xhtml HTTP/1.1" 200 122695
186.80.234.110 - - [04/Jan/2023:07:32:38 -0500] "GET /sipse/faces/javax.faces.resource/jquery/jquery.js?ln=primefaces&v=4.0 HTTP/1.1" 304 -
186.80.234.110 - - [04/Jan/2023:07:32:38 -0500] "GET /sipse/faces/javax.faces.resource/jquery/jquery-plugins.js?ln=primefaces&v=4.0 HTTP/1.1" 304 -
186.80.234.110 - - [04/Jan/2023:07:32:38 -0500] "GET /sipse/faces/javax.faces.resource/primefaces.js?ln=primefaces&v=4.0 HTTP/1.1" 304 -
186.80.234.110 - - [04/Jan/2023:07:32:38 -0500] "GET /sipse/faces/javax.faces.resource/layout/layout.js?ln=primefaces&v=4.0 HTTP/1.1" 304 -
65.49.20.121 - - [04/Jan/2023:07:32:42 -0500] "GET /favicon.ico HTTP/1.1" 200 7782
186.80.234.110 - - [04/Jan/2023:07:33:00 -0500] "POST /sipse/faces/presentacion/financiero/solicitudProceso/consultarSolicitudProceso.xhtml HTTP/1.1" 200 88918
186.102.29.237 - - [04/Jan/2023:07:34:37 -0500] "GET /kwssiamovil/sm/acme/a?s=U2FsdGVkX1+pa6B57Eu4oinb3xyCL2IzlpSFgGWQihHyL/SRnenRjUbftPn/2QJBXNOnjp+yFWYdByneGJHn2AR1e1mA0nys15+zyac3LkOh35zrYf7DQQKTptf/PhQ1uhDkw0r1o3jUe9s9Y8ZGMWp/uomqTMVsQJkwGOlzR3gQLpGi4YF+HKXTHDCusZ2CfXNdqhCRyJll/9UUdX31LloB9RkgXs1V4P96r21gE4r7QO5qlnMk5PXNpKDLL2BKrZeTX4AunP0O4FU1PGTq4A==&u=U2FsdGVkX19rEKoVGEKK2fsXXOrGgKY2Z8fH8qQvr2MhmMtghzVEZK5eK2TYJpBT&y=U2FsdGVkX19jtlqsnJFhtaI6FCOSyxmRp4j/CdGKmHxSewzQqyvDvNCh4oP4qn1G HTTP/1.1" 200 26
186.102.29.237 - - [04/Jan/2023:07:34:38 -0500] "GET /kwssiamovil/sm/acme/a?s=U2FsdGVkX19F7rUphX1SU6YxwKts5HGnfK2MJubmWddx8JEC8kHYro/SUDdKcyAJrhs+t56TQtBGnKnaa/KeenEryyM7bx9FleN2Ch/9kXjvJHfBrZxbBlqCr06eRE28NEnI3qWkjzhanaOp3TeUqsENwJ5JDz7nJP+w3EVl+1Dpz5PAaObNg7QOM5d/tBz7KD0PV2FOMZ3oG0XNJOlL/h6u7X5/gW8sEypKmd0cqYQof4Cb42iNjCzcWw+3QcQ7+Ark9sR7P/+qoSTCHEUVprayo/2SkMAJ/EOuB3LQs/mAJs1CL6fMkC/LVrgDW8Al+SOWqky6G5j1W2pdDf77xZg9JbYh8jFLKFSm8pfiYi3jj65WG6ViK9p8NZo2fx23ZDkF7ONgJsCbqRMwqdRF3TOkEbX/E6KPSW57fOaHZ+eMPNzBTyZlz5edNl8KizsY4AbGf3XjS/yEs8cU6bnLqZZYlc/Ep3sz5f61oMTR2L5VDcp992clRmd3JUMHAb9uLo6KFBVXIZcxd4Lb36uQiUcEwdx4EO1q/rbO+AjmQu+ASivmFa7lgktklzeHBx5ZtkWcPW5aFXnxJk54QTjDHY7Z4FQl6i8d2qacBH2354qZ047ySMrs8XaI6AGbLIxc/D/RpfL/dma4+AdEtAfCn96QXw2PpKEoYn1N5wcKd4tcbMQzLjUfMlOB2EcZECT9OxYGkbgMK0T/0lysty7+9egq49fky+DDfqA1N07CdREGD93/F/y9G7NjuEPauGPXD9M4Vi4ljEbipLycrB3vEwpFeA4WOhdKj3WmDGNCfF+vdQ30ag4De1D9UasHLESQ&u=U2FsdGVkX19rEKoVGEKK2fsXXOrGgKY2Z8fH8qQvr2MhmMtghzVEZK5eK2TYJpBT&y=U2FsdGVkX19jtlqsnJFhtaI6FCOSyxmRp4j/CdGKmHxSewzQqyvDvNCh4oP4qn1G HTTP/1.1" 200 26
186.102.29.237 - - [04/Jan/2023:07:34:39 -0500] "GET /kwssiamovil/sm/acme/a?s=U2FsdGVkX1/depOz0uqbZwWSkRuOx2R+d1JkR9Y0g9+LHQvxJbS9NxF2pyU7bz8p5bwfILXZ5WvU684gGqtPkSPcrkryklqa6QCoEdDlyq5iac7wvsDUlRvXnn8byz/LPQ3c8B+Gz826gBmtR8LF/v4etfGDUuGGNi5FXdrSWa0=&u=U2FsdGVkX19rEKoVGEKK2fsXXOrGgKY2Z8fH8qQvr2MhmMtghzVEZK5eK2TYJpBT&y=U2FsdGVkX19jtlqsnJFhtaI6FCOSyxmRp4j/CdGKmHxSewzQqyvDvNCh4oP4qn1G HTTP/1.1" 200 26
186.102.29.237 - - [04/Jan/2023:07:34:39 -0500] "GET /kwssiamovil/sm/acme/a?s=U2FsdGVkX18P6dD+8hk2/6W3q8dG8OFfZwRm6ncuDtZOj/MUxcPNDgqSJI1CKPGoRPO9b6LZPGGrzkwNRHgZ5Ilne/jhIp2t+9AZnb+L/5YImoqhzq8jCsCTcv7XGM9QMZy41N6qm3XPi5k0SWQJsVyI/+jt+ES3ld+C6Cn3PTc=&u=U2FsdGVkX19rEKoVGEKK2fsXXOrGgKY2Z8fH8qQvr2MhmMtghzVEZK5eK2TYJpBT&y=U2FsdGVkX19jtlqsnJFhtaI6FCOSyxmRp4j/CdGKmHxSewzQqyvDvNCh4oP4qn1G HTTP/1.1" 200 26
186.102.29.237 - - [04/Jan/2023:07:34:39 -0500] "GET /kwssiamovil/sm/acme/a?s=U2FsdGVkX1+yjL1inDTDuqoKalLDU0WMGCwzvUHahyiLRBXHuX4SpBHV2yfbFo2OgkOMeqrQpyrS3AxTTq+SFXYBGQ0hEKWxyFSzdF+4N78FfBN1B7PfHXW0qLMFny0PoDS0ZzYTBFKV9kUCbpQVys0jls+PaTJEBJ+6V5TZuBU=&u=U2FsdGVkX19rEKoVGEKK2fsXXOrGgKY2Z8fH8qQvr2MhmMtghzVEZK5eK2TYJpBT&y=U2FsdGVkX19jtlqsnJFhtaI6FCOSyxmRp4j/CdGKmHxSewzQqyvDvNCh4oP4qn1G HTTP/1.1" 200 26
186.102.29.237 - - [04/Jan/2023:07:34:40 -0500] "GET /kwssiamovil/sm/acme/a?s=U2FsdGVkX19UU3fLh+6fSsLmzZ6bcgp8QsF8Ziv84jPrxxQ7Lbuke7ZehmFTfuQoHW6urwWLBq2X6eUwFzHykX9EaFHJ3rKYliz/0Px56S8aO0dt/kGCjSPe8V5+gHHVWfzmSqV56bYrvmnwZqCpJfjMwJs7BXQqhEC/kjIKTC2LblNQcqaGFqaJ1k2JT6MmBwJyDNeme2VvGAMO2Yy9qA==&u=U2FsdGVkX19rEKoVGEKK2fsXXOrGgKY2Z8fH8qQvr2MhmMtghzVEZK5eK2TYJpBT&y=U2FsdGVkX19jtlqsnJFhtaI6FCOSyxmRp4j/CdGKmHxSewzQqyvDvNCh4oP4qn1G HTTP/1.1" 200 26
186.102.29.237 - - [04/Jan/2023:07:34:40 -0500] "GET /kwssiamovil/sm/acme/a?s=U2FsdGVkX1+judFREVwVKX5JZEmRyn1FbYu1ghCzk/QoLByHai9bqEfEKT6bbn3NZI6QJ0z4dvaOqbWoVHHhENl2zDV6YX3c5K56G1xrv7pUWBB0rNU7yV97hGtVxEB/hsauaGWzY5gWK9DAPAivs9x9uR4NiiieBLoDfYniRGMxWGwdDtLWPzmcUMvznvhej6bUGGe4UEAPwflrGmtdzjgCyJoS6SvY3EfjnrTbi5mgRKxN7g/sWBEYxAiG/RCw8/n9yau1WP3xWpCpwtBcalUDUljbSORXSTV3JxTbvUGCsgeUsUeYHdpp9AC/jeE8n4DNcmp+2g2tGevZEhn9tAo1PoFUIig7TTQnM6vA9Q66fajgWpnN8f2SnyF8X44i5WoYZxF0G9DhIA6BYklb5c6hH6GsN7Y2FmYqJkTT0m4SPuf4L8Os/n1A/oEiB5KDT3NFcsC/eIJ8K00om+hIWroPmoQYgnXuXsf3h9HYw24=&u=U2FsdGVkX19rEKoVGEKK2fsXXOrGgKY2Z8fH8qQvr2MhmMtghzVEZK5eK2TYJpBT&y=U2FsdGVkX19jtlqsnJFhtaI6FCOSyxmRp4j/CdGKmHxSewzQqyvDvNCh4oP4qn1G HTTP/1.1" 200 25
186.102.29.237 - - [04/Jan/2023:07:34:40 -0500] "GET /kwssiamovil/sm/acme/a?s=U2FsdGVkX181EROTVJ6IAQX59qvNq+UoCFDUMacmlbX5S4hmlkVR999kDBPbS26DkrD20yd7Xe+fToZxEd2RO+tiuJ8BUIhO0z3sam5UVOXl2dXGj83XOy/H08g78TKq8GgMOYJAjrNsCnUM0wNFPn9+EAbt1dlHu6nm4dkHnGW123kCPBQk14MVTAmgGhocLJwOhd4UJ/Z+Fqsk8hQahTQgDcryzBTFf+//pW5X2dBiK7c7aGjnL6nwo8LTy8NDvv1/XaeDA+nV2zGQmTj6SLU4xT2ajI1MHrI9oDOx/cFl/K9t+x7wMlxCPaV+K4nzerZ6OQc7muxQoK7Aw5Mqjhp01f3UD7zcdkzxLU3oWS8ICw43p45CVRfbqmCgIB5wC3DoRQELIJaoaOts6M1NUop92fX8bugOXnswHJ8sXsy4Ur8NkyD2I18ErOzzJBI+&u=U2FsdGVkX19rEKoVGEKK2fsXXOrGgKY2Z8fH8qQvr2MhmMtghzVEZK5eK2TYJpBT&y=U2FsdGVkX19jtlqsnJFhtaI6FCOSyxmRp4j/CdGKmHxSewzQqyvDvNCh4oP4qn1G HTTP/1.1" 200 25
172.22.2.4 - - [04/Jan/2023:07:33:45 -0500] "HEAD /BLA/boletinlegal/ HTTP/1.1" 200 -
216.245.221.92 - - [04/Jan/2023:07:35:27 -0500] "HEAD / HTTP/1.1" 200 -
185.215.113.5 - - [04/Jan/2023:07:36:12 -0500] "GET /BLA/resoluciones/AUTOS%202018/3623' HTTP/1.1" 404 1018
172.22.2.4 - - [04/Jan/2023:07:34:36 -0500] "GET /BLA/boletinlegal/ HTTP/1.1" 200 57192
186.102.29.237 - - [04/Jan/2023:07:36:17 -0500] "GET /kwssiamovil/sm/acme/a?s=U2FsdGVkX1/DW0Lfg3B2vCOedcwoghD2h1y91SsSxKfrz20FmdXVUZe1K7QYL2iOlXk58cn5oH9LAq/MbG4T0kk7wpeSxwFqLCed/Uj6FO5cNH4Jf8N1opFkO2IaUdbEM3DPvEeW9OPNW2z8IPLC4dAfEZFzsliJ9Ck9A0zCj7r92MTTgXjF7WrA5JrQRJ6YynfwwlsQ3QSuAZbuU6N4M5z6AVy9rk+4y+lM+lPpPMtmcvkCELtES1SWSTtDkKofP361ogQn0Z5RtZg/Doj3nw==&u=U2FsdGVkX19rEKoVGEKK2fsXXOrGgKY2Z8fH8qQvr2MhmMtghzVEZK5eK2TYJpBT&y=U2FsdGVkX19jtlqsnJFhtaI6FCOSyxmRp4j/CdGKmHxSewzQqyvDvNCh4oP4qn1G HTTP/1.1" 200 26
186.102.29.237 - - [04/Jan/2023:07:36:17 -0500] "GET /kwssiamovil/sm/acme/a?s=U2FsdGVkX182Fn8oaAtxcT6NMJW53bbgqt7uI2HBT/YOeL4JOub4ZEu25uZ7uUNnK9pGK9o0Es50AMOJ7gbRTRtB5iDfCF2Lc/k5QB+2egweRHXSWiDC54Fy//ja06RB8m3CPUqCYbT9fPNW5EUL3/b4HYp1gDHZubIh1xcVLeMwyN4C5tXV7ScU34lMzAoJ4wgA2SmhZhq3NprGj3D2aBRpi5R51QY0TGmC8di4u1Z3Th1HCjUgTm6GWq2+xImHyE7nHKGQ6b1s/2tIVsJhP2k5uXDJNmkkvKjwXy50jdvM+tXzL+j10AFFcuXWgA5EaBrP6AvymTxkGVmQ8HBcIqWq9Lc14NUtCRfYv8dV8eezAObT+FTqoby3rNnfn18MQR8zRs9ACpCA/bdvOUBUQG3eYPlqQ0MS9kDlYifWXbed5zlZKCSjEISve832qsNe2U5krJHJyakWrICGRDVKgyTCYZYwbg8FH4a3aVqPl/2KaZuE3tn9us878UqyIUhimcnWZv2AsH52rDPWmfZpiGUPL2T3r0gjRkSu8uL3cMR9EFzNaNrSXWU+QmFcX475IfvL7OO1gPRB4TUMGdTTmPePLkMMgBcvOP9VTL3l0OB9d7kBDVfrnYLVSbG43bDfM6ADXW/0a/bDzoWe8SpbRpYMKCbylRAo1a4Nx2/rlvBz0NW00r0xP7RZCQqkGfpxxLpKPIWj/3LGt/p3t/4tl06rfp1fkoIiz2ZUAjFG/mHP4NgIRFacczo927oY+YOWEHpkh2y9QitPGC4sVJZrvhUb8vw68WQIzOm9+z5JKOCjLDOxfbMuvY0TvjmaVhC/&u=U2FsdGVkX19rEKoVGEKK2fsXXOrGgKY2Z8fH8qQvr2MhmMtghzVEZK5eK2TYJpBT&y=U2FsdGVkX19jtlqsnJFhtaI6FCOSyxmRp4j/CdGKmHxSewzQqyvDvNCh4oP4qn1G HTTP/1.1" 200 26
186.102.29.237 - - [04/Jan/2023:07:36:18 -0500] "GET /kwssiamovil/sm/acme/a?s=U2FsdGVkX1+F6dDpetTL5uJS/WR8C31RXaKUBiG5UnxtFcCKM+xt9alvz5K8QEFVam4DAUGq1tFu7+kC8KE9qL+nl13KQG1G1Vkl32sH5pX0VPbqYagBhd6uQ4FRPbRuxfCD+rpXWlh9jzxYpzrqC4Z3WTrNJrk5Dyel299PS/E=&u=U2FsdGVkX19rEKoVGEKK2fsXXOrGgKY2Z8fH8qQvr2MhmMtghzVEZK5eK2TYJpBT&y=U2FsdGVkX19jtlqsnJFhtaI6FCOSyxmRp4j/CdGKmHxSewzQqyvDvNCh4oP4qn1G HTTP/1.1" 200 26
186.102.29.237 - - [04/Jan/2023:07:36:18 -0500] "GET /kwssiamovil/sm/acme/a?s=U2FsdGVkX1+1/bjyR6oWJQjAMz28AJRWFu88ulqBa1ZIWZXZLPLWCppZpFxrerZ2AOQamlyAn3OU4X+1gVDphVu+cviGuhFUdQRhioKXxTa/twoa2C+hZhGTPkvt9wtg91kcvE45URfMWRMUSSjLC0eZHF86xuVSdHbv90SEO3k=&u=U2FsdGVkX19rEKoVGEKK2fsXXOrGgKY2Z8fH8qQvr2MhmMtghzVEZK5eK2TYJpBT&y=U2FsdGVkX19jtlqsnJFhtaI6FCOSyxmRp4j/CdGKmHxSewzQqyvDvNCh4oP4qn1G HTTP/1.1" 200 26
186.102.29.237 - - [04/Jan/2023:07:36:18 -0500] "GET /kwssiamovil/sm/acme/a?s=U2FsdGVkX19H63xYRgisoLFuS5w8evxkyWv3PV2FUL/qw/sqgVJcloUQXJra4btdcjJzuNFQ9HXWDOK8OCXcutQ3KZtAaF/jyQEjgCtrPyyeQKjKm20R3Yy71dhBKmP1xgTulLxg0v71uz1spy9TTsMRt4DmA5bWv6VWP9f/ZVM=&u=U2FsdGVkX19rEKoVGEKK2fsXXOrGgKY2Z8fH8qQvr2MhmMtghzVEZK5eK2TYJpBT&y=U2FsdGVkX19jtlqsnJFhtaI6FCOSyxmRp4j/CdGKmHxSewzQqyvDvNCh4oP4qn1G HTTP/1.1" 200 26
186.102.29.237 - - [04/Jan/2023:07:36:19 -0500] "GET /kwssiamovil/sm/acme/a?s=U2FsdGVkX19izyt7CsRjKMKeAKFLgnHpFb+En/cNcwHTN3t8mbg6+w0HRz+ggz0nwHudT5T/Qv3XyTYSxF6GKp2kj/9D4s01Xl3rtLfZ7BKt0uO4pYswqt+OALF3AhtexTYNaAt8oL0QOFuhsjfazs6E5TeiUV2rZbTMQjo9IN8iGv8xiRVL+8ILbzO6+QSshfXQkW5/BL4vTCigX/QJqg==&u=U2FsdGVkX19rEKoVGEKK2fsXXOrGgKY2Z8fH8qQvr2MhmMtghzVEZK5eK2TYJpBT&y=U2FsdGVkX19jtlqsnJFhtaI6FCOSyxmRp4j/CdGKmHxSewzQqyvDvNCh4oP4qn1G HTTP/1.1" 200 26
186.102.29.237 - - [04/Jan/2023:07:36:19 -0500] "GET /kwssiamovil/sm/acme/a?s=U2FsdGVkX19oRH8jNdR3b+FrTS9elaoWoMi3k6GCLr075k/fA9CwNEoDhk5Iz5hQrTBV1pbl5gFBntvI7rkseVceo0P73Ny5pNCkMPuN4QAMMmaZ5pUyO6ZopNSzdKROzczPExjhlsPIJasZFcJUT97dmM8Ollk6RCG6tW5vaJRdZrMfRZXNW0+Cgvb5mF1bSaL07Bde4osWCY+nHAF2fN0N+zGUp23oeSvdE9or/QNdFjZp3+G8F3eh88e8HCnqExmjqyGmyLMYReuvzj6aPKGGsgr34ryzMDMy2UspN8W1OIcTZXqt/fimQA60cSu4rzmazUeh6ICMx6TCt/hro1K3Xk9eoPauLHYZOAvAxdBskpPRO6H7QTwL1NS3ahxiEITkDQqgYvEf3/2tNjykBHAQDytGPVnyv2zZsYl2npgVpAUqCsJkDBMN5ZOhDGlG0ai88/IIlywKoUsofl3j6F0HT1toHasj/k6EfvGuMm4=&u=U2FsdGVkX19rEKoVGEKK2fsXXOrGgKY2Z8fH8qQvr2MhmMtghzVEZK5eK2TYJpBT&y=U2FsdGVkX19jtlqsnJFhtaI6FCOSyxmRp4j/CdGKmHxSewzQqyvDvNCh4oP4qn1G HTTP/1.1" 200 25
186.102.29.237 - - [04/Jan/2023:07:36:19 -0500] "GET /kwssiamovil/sm/acme/a?s=U2FsdGVkX19Qy9PY3YEd2Vz1Uh5mpOLII781bw1VGlCPAOMFI2N7M9wdwHk8jp0ELlcmy1QHnq2LGQQm7GDYv2Xj9KSQHJgKXCkPYyEknlawibrXg416f8Csd/PZbCIzysxCerl4UzKhSUcan5ZJelcRJRYYltXMI1fabSnJXkTktIBxRRXnoyiNqnM3W3dtpZnIkQuFitwQh39s0/WBe62w8KD6HaZYEXxnG0sfDXqhoxNRrQF1zEu44kUuXBQVlE9ABNnh9Ps5UFR+8LndTohx63XDwpqy5Q6dzocFsbvCTTUBIwxipIjkaZof3PgJxDNfY5zCnwZcAAhd0N+KgqodlQ+AjTPfaWHROxTzivG2jy8kiZ6TjIAYEpgiTvQx8BokCsGqbu2oArZlhIPiJ31EbCLE4tdQ5Gy+ys8W6bBeCZIuxarnF6CHSm/KG0M7&u=U2FsdGVkX19rEKoVGEKK2fsXXOrGgKY2Z8fH8qQvr2MhmMtghzVEZK5eK2TYJpBT&y=U2FsdGVkX19jtlqsnJFhtaI6FCOSyxmRp4j/CdGKmHxSewzQqyvDvNCh4oP4qn1G HTTP/1.1" 200 25
173.252.83.18 - - [04/Jan/2023:07:36:38 -0500] "GET /images/cr\xc3\xb3nica-29-nov-1_optimized.jpeg HTTP/1.1" 404 1034
186.102.29.237 - - [04/Jan/2023:07:37:18 -0500] "GET /kwssiamovil/sm/acme/u?s=U2FsdGVkX1+/zCB2YOS1ZD3X24XCpif3sBEKlGq8UGC8E6gCNCXxv1BRuRmOPe0SYA2jYkQvrej1Q9g7ypAdn2ICMgpM+t05PcK9kU6vGv4rNatxvOu6llmTS+lPo5K+Rs7cO5qTM9CYrdKvNxTKEfOzmLNxxbjb5UIrevFTZbM+A91IM5rP7y+4u68HFSLWSX29IMa6aXaLGjB+zcmVdKEV5IiRvTEwiDoiJ3kf1p8=&u=U2FsdGVkX19rEKoVGEKK2fsXXOrGgKY2Z8fH8qQvr2MhmMtghzVEZK5eK2TYJpBT&y=U2FsdGVkX19jtlqsnJFhtaI6FCOSyxmRp4j/CdGKmHxSewzQqyvDvNCh4oP4qn1G HTTP/1.1" 200 60
201.245.192.253 - - [04/Jan/2023:07:37:21 -0500] "POST /kwsrmcab/Wsrmcab  HTTP/1.1" 200 213
186.102.29.237 - - [04/Jan/2023:07:37:28 -0500] "GET /kwssiamovil/sm/acme/u?s=U2FsdGVkX1+xCu2wSQIfsJz9VW41bEt5iMffjn5/RYoTsRc/0Puizky9XTG2goU2BCAfjWjcI8q5D3k0jVG08ZBp4GJGF0qGh9pRPEOx1g0KhDYXnNaeeAYpCX53BF6kAL5/DuW2hQY5ZelkaUyGEvkta1QgHLNLZ1P5qLenJUGjJncU55jtP5uguOf8Lwe9bRBWlHgfeLlHPeFGtxwg/eQvEKr6851/rcrEb+8Qkmk=&u=U2FsdGVkX19rEKoVGEKK2fsXXOrGgKY2Z8fH8qQvr2MhmMtghzVEZK5eK2TYJpBT&y=U2FsdGVkX19jtlqsnJFhtaI6FCOSyxmRp4j/CdGKmHxSewzQqyvDvNCh4oP4qn1G HTTP/1.1" 200 60
186.80.234.110 - - [04/Jan/2023:07:37:33 -0500] "POST /sipse/faces/presentacion/financiero/solicitudProceso/consultarSolicitudProceso.xhtml HTTP/1.1" 200 43272
186.80.234.110 - - [04/Jan/2023:07:37:36 -0500] "GET /sipse/faces/javax.faces.resource/jquery/jquery.js?ln=primefaces&v=4.0 HTTP/1.1" 304 -
186.80.234.110 - - [04/Jan/2023:07:37:36 -0500] "GET /sipse/faces/javax.faces.resource/jquery/jquery-plugins.js?ln=primefaces&v=4.0 HTTP/1.1" 304 -
186.80.234.110 - - [04/Jan/2023:07:37:36 -0500] "GET /sipse/faces/javax.faces.resource/primefaces.js?ln=primefaces&v=4.0 HTTP/1.1" 304 -
186.80.234.110 - - [04/Jan/2023:07:37:36 -0500] "GET /sipse/faces/javax.faces.resource/layout/layout.js?ln=primefaces&v=4.0 HTTP/1.1" 304 -
186.80.234.110 - - [04/Jan/2023:07:37:36 -0500] "POST /sipse/faces/presentacion/financiero/solicitudProceso/listarSolicitudProceso.xhtml HTTP/1.1" 200 1440
186.80.234.110 - - [04/Jan/2023:07:37:38 -0500] "POST /sipse/faces/presentacion/financiero/solicitudProceso/listarSolicitudProceso.xhtml HTTP/1.1" 200 7632
186.80.234.110 - - [04/Jan/2023:07:37:38 -0500] "POST /sipse/faces/presentacion/financiero/solicitudProceso/listarSolicitudProceso.xhtml HTTP/1.1" 200 19298
186.80.234.110 - - [04/Jan/2023:07:37:39 -0500] "POST /sipse/faces/presentacion/financiero/solicitudProceso/listarSolicitudProceso.xhtml HTTP/1.1" 200 7628
186.102.29.237 - - [04/Jan/2023:07:37:40 -0500] "GET /kwssiamovil/sm/acme/u?s=U2FsdGVkX1/OQ8ilT2CI9GJW9nYXiP1A8CbNBRzd7pkW4tKRP9eamZYsU0xoZ6oGZ3nfNVZWkMiUT17+h7Ec2QKm8K8ugI8m2RU0JC7H64HoseTb4KU84fWV1QvynaxNvkDRyEJ5hbFb53BUK2BuJq45OIpBmlox775247LxNuTl3/xp+FaRD/VXypzE4OfuWzgKhyAXrkeHP85caWoBOgHusvgqdE1NjNBbZqt9b9Y=&u=U2FsdGVkX19rEKoVGEKK2fsXXOrGgKY2Z8fH8qQvr2MhmMtghzVEZK5eK2TYJpBT&y=U2FsdGVkX19jtlqsnJFhtaI6FCOSyxmRp4j/CdGKmHxSewzQqyvDvNCh4oP4qn1G HTTP/1.1" 200 60
186.80.234.110 - - [04/Jan/2023:07:37:43 -0500] "POST /sipse/faces/presentacion/financiero/solicitudProceso/listarSolicitudProceso.xhtml HTTP/1.1" 200 122903
186.80.234.110 - - [04/Jan/2023:07:37:43 -0500] "GET /sipse/faces/javax.faces.resource/jquery/jquery.js?ln=primefaces&v=4.0 HTTP/1.1" 304 -
186.80.234.110 - - [04/Jan/2023:07:37:43 -0500] "GET /sipse/faces/javax.faces.resource/jquery/jquery-plugins.js?ln=primefaces&v=4.0 HTTP/1.1" 304 -
186.80.234.110 - - [04/Jan/2023:07:37:43 -0500] "GET /sipse/faces/javax.faces.resource/primefaces.js?ln=primefaces&v=4.0 HTTP/1.1" 304 -
186.80.234.110 - - [04/Jan/2023:07:37:43 -0500] "GET /sipse/faces/javax.faces.resource/layout/layout.js?ln=primefaces&v=4.0 HTTP/1.1" 304 -
186.80.234.110 - - [04/Jan/2023:07:38:11 -0500] "POST /sipse/faces/presentacion/financiero/solicitudProceso/consultarSolicitudProceso.xhtml HTTP/1.1" 200 87308
186.102.29.237 - - [04/Jan/2023:07:38:48 -0500] "GET /kwssiamovil/sm/acme/a?s=U2FsdGVkX1/Z1wKVMy2g0napVMiD5Gj35JgodOU5sbgpBh58FSQNawS5isdQm5UFF6sapRMKJis7pYBvQ7NCiSRbQXWlagVk7S2QcNnKHlMpbj19dpsiGWWAcgUUuWI/hK0w0M/zxc5zH8Us+x3TO+umjO6+qYcjyBpzf911eKmAaST29AFC0vdEcdoTy2Ye5UPMVIrwuakmnGxqUQ6Ne5WsNUOF9awEIJPYDaWoD71Glt3iBOBJ/TF0TQUp0CgW8Npcjxa2aES83efadVRRGQ==&u=U2FsdGVkX19rEKoVGEKK2fsXXOrGgKY2Z8fH8qQvr2MhmMtghzVEZK5eK2TYJpBT&y=U2FsdGVkX19jtlqsnJFhtaI6FCOSyxmRp4j/CdGKmHxSewzQqyvDvNCh4oP4qn1G HTTP/1.1" 200 26
186.102.29.237 - - [04/Jan/2023:07:38:48 -0500] "GET /kwssiamovil/sm/acme/a?s=U2FsdGVkX19LFwGUDs8ibG9glfSW13+Chs2Etp1oTZKVKc2xoMz21Zu4hKcN4W9oQIosMuaj6KjXKLvz3jSM4WnDU8QRH08VctV+tEAQGubvwofRbOAGstAkWJSR+8PA/2y5uNN8N0ZEI2ZSXaOCTDVJDU8oUkxZpbgbtDM7aP7bzxQnfnbQtIYZpfjFUfPkok/rRbJYLddVjTwnwbgv9Gbbw63LbULc1AnvgVf7/4MTQPLsfQ1ZwZbidgGFxWbwXm0nQRBlfln4LRjxQg0W2hF7j/89ss3NjzeyqAJ/hDV50uOiPjWSY6qOFPh7CX4c5DfzU2p8toW72dDnvA2YvFtGlMmRIz7vJhXMoHsjdCXCYmRNx3devG5c7zmoJvY8ehhoS1o9Bj0EOkwiFPLrDvNA+FgJEEW7LAlX1//fSW6LrW2SlDo+sxlkqezS4xJ9M9IW6P79sYEWbnrl/cNEVJJB5RTwjI4C3TbZbFUgo81njJSEYpV8gu1cB0QX7knQRFbMJtRhftuOaP2whE2a9aihjtNvJBsDhW3G0vSWS/PvTottaodAqBxia5ORG6LlZgvrLjxkQSFwYlLPw/2LJaFeVFhbOeci9pXI/OkZ43VPbXmOetBwBDM06kAb9IhWRITvYmR6gWO0xp55eT8vtKBV9FHGlpPdz0RDgEBT8CbzOAqG1/IWUIFR4vSj6DabUCrQ42Lodngprmf0ulhezizTM1xrZ8dJom4Ri89YU8YfAxRPgdK/kYAlxhpEotVoBCHS3pJzqDHBAEQ4cRjx0+C1bE40A1KpwZBrMzd0GogqBtBE6OYu+CbnvI1mVrG3&u=U2FsdGVkX19rEKoVGEKK2fsXXOrGgKY2Z8fH8qQvr2MhmMtghzVEZK5eK2TYJpBT&y=U2FsdGVkX19jtlqsnJFhtaI6FCOSyxmRp4j/CdGKmHxSewzQqyvDvNCh4oP4qn1G HTTP/1.1" 200 26
186.102.29.237 - - [04/Jan/2023:07:38:48 -0500] "GET /kwssiamovil/sm/acme/a?s=U2FsdGVkX19CAd8Pu8dxZ83j+BG9oKlc2xE4x7xpVi7Qr0Ujyo5FZEca33tQkggxPKfJeIfWnb0tWl8HmEFuTBMbpbUfR0RDKawgQ09lgn6KiOj3Sn8R8I/yZ4qkN0Sg9739r/XP/BABqFhg4T9mytwZCrC+I8IUQsMPEDZEJ1A=&u=U2FsdGVkX19rEKoVGEKK2fsXXOrGgKY2Z8fH8qQvr2MhmMtghzVEZK5eK2TYJpBT&y=U2FsdGVkX19jtlqsnJFhtaI6FCOSyxmRp4j/CdGKmHxSewzQqyvDvNCh4oP4qn1G HTTP/1.1" 200 26
186.102.29.237 - - [04/Jan/2023:07:38:49 -0500] "GET /kwssiamovil/sm/acme/a?s=U2FsdGVkX18LiXdUHtHVd8IXL7Qju+WCyYtMltkFsONDHUh2xS9XjwbFyxFQlWdWIB/vAWJWj4bj9j/NW/OOWko6KLP6KeGbnR5W0OriYJIiu0nM4V7yGYW42prQWiz88V3wH9C8pgRPRI6AXQ+/s1umC7nfSz70SgVV+NUrH98=&u=U2FsdGVkX19rEKoVGEKK2fsXXOrGgKY2Z8fH8qQvr2MhmMtghzVEZK5eK2TYJpBT&y=U2FsdGVkX19jtlqsnJFhtaI6FCOSyxmRp4j/CdGKmHxSewzQqyvDvNCh4oP4qn1G HTTP/1.1" 200 26
186.102.29.237 - - [04/Jan/2023:07:38:49 -0500] "GET /kwssiamovil/sm/acme/a?s=U2FsdGVkX1/u6bTJXrJoYG/1U2EurVkMAXo3f9KGavKnRKWgz9BnRGhTvrQ8e8LOorVeKOMjCqhcM9DP6aTg5Cgc/MSWzlxIMz4imYzklY2kt67zYYgNCtn5KAGdCEFooTnhH/P6X/oMoe2BskSNNmUmj7G1CNHHAJw/sP6tJIQ=&u=U2FsdGVkX19rEKoVGEKK2fsXXOrGgKY2Z8fH8qQvr2MhmMtghzVEZK5eK2TYJpBT&y=U2FsdGVkX19jtlqsnJFhtaI6FCOSyxmRp4j/CdGKmHxSewzQqyvDvNCh4oP4qn1G HTTP/1.1" 200 26
186.102.29.237 - - [04/Jan/2023:07:38:49 -0500] "GET /kwssiamovil/sm/acme/a?s=U2FsdGVkX19QEdUjDfUUSdzdvQYvixdc+amQlzTfg8jNKXvtM5jhEs6DTgzxlePZxig/Bx7XLDePRKX5c7ug1Sy2Zp+7JnNAxrxci0JsJwRYMnF+ix94xefHxeevPCV77UBCS5A7mfYNDPasXeVXAR2Z0MldBRjXEOps1H/buw//TBDr4VafhxwwlUg57vfvf8GJ5M56z+THQ5xC0WOuwg==&u=U2FsdGVkX19rEKoVGEKK2fsXXOrGgKY2Z8fH8qQvr2MhmMtghzVEZK5eK2TYJpBT&y=U2FsdGVkX19jtlqsnJFhtaI6FCOSyxmRp4j/CdGKmHxSewzQqyvDvNCh4oP4qn1G HTTP/1.1" 200 26
186.102.29.237 - - [04/Jan/2023:07:38:49 -0500] "GET /kwssiamovil/sm/acme/a?s=U2FsdGVkX1/bb44AFUshHehCy5ONwbeDvvr6j117pma69ZKsbrpl2rOl2CuJX+S4w68a5IOjit+fwIB/oyCTLuSKFSA4D7kW3kNL3MYp8tE3amOXq5P3UTXMBJ7bP0hO9Ww2Jz6dO1qIqvdVpgz7p8BS0Fg5ovcBBha06VFeUmIzdFtU6Os1PoXLW4n4l5gfVucVwqCz57698lOGoZkxsyk+Fx+S0SNPjvx3nV58SOLRV7ziQ2oeEkn71M3FCyft9h4LE7Wb0rpiBoDSt//ZS87BMG4fuz8zaof7zy9fweuTQGwWlUnYzNQb1ERLHs2qbItvAEmhrz/sLtiBRYKTiGOduQJ4hhtZqMARO6cTwCQPRP8lSn63oXzuL+pIvQ3HA3kt8ufF6h0EEClpVnVpvGuSuaQmdMyagXvfiHRGlIKXHqdhDJ8j/f34mxZJ8mtKSHB9lJWfOqkCZFZBJL5bLcXmdq6QuSsZH2Wh7mtM4+Jqq2I7sMkvR6BE/QYVPRAd&u=U2FsdGVkX19rEKoVGEKK2fsXXOrGgKY2Z8fH8qQvr2MhmMtghzVEZK5eK2TYJpBT&y=U2FsdGVkX19jtlqsnJFhtaI6FCOSyxmRp4j/CdGKmHxSewzQqyvDvNCh4oP4qn1G HTTP/1.1" 200 25
186.102.29.237 - - [04/Jan/2023:07:38:49 -0500] "GET /kwssiamovil/sm/acme/a?s=U2FsdGVkX189AzCvpbqVzxFgVsxy45Ag8kLnjjlBuKrW2j1olroM9Zx3xO5UgFvxEtyJ+eaS4Hz681fPjE6d2TygU+Bmkzf5gqhysOqMrQXsCJb36rh0RXwZAGq7UB38lfKSBb63MjcXtUhdKjfZg/cuU3gIHOTKkso8n3i0UMpMKy3uzbz32L8v9IbWoctUdgl6CaaSL64BDV+n1TKAx4YZ+unARpNG7nGa+htLXQ8JxtEhlaLDE7M7WigzoTTbZ3jNecCbfFuGOPnW9GRKScJXdO82SIlifmkMvptW3juJMVpne71KEZoRKoQxm3zWksjsTd+muvsqAmpABvJlCWmdbxUV5R3K/l1AjkjkiXeFKyMUDMND5g2QP1krSnrSURZkfSQhwW/cAYoZrAisUx1bc0cglgYMJmO/PEsvexoz2yVkRizxGY4qt6gj1MR0nYiXoZWB3KZz1YNPnvVZIg==&u=U2FsdGVkX19rEKoVGEKK2fsXXOrGgKY2Z8fH8qQvr2MhmMtghzVEZK5eK2TYJpBT&y=U2FsdGVkX19jtlqsnJFhtaI6FCOSyxmRp4j/CdGKmHxSewzQqyvDvNCh4oP4qn1G HTTP/1.1" 200 25
173.252.83.119 - - [04/Jan/2023:07:39:18 -0500] "GET /images/cr\xc3\xb3nica-29-nov-1_optimized.jpeg HTTP/1.1" 404 1034
