201.245.192.253 - - [07/Jan/2023:13:24:38 -0500] "POST /sipse/faces/presentacion/proyectos/proyecto/listarProyecto.xhtml HTTP/1.1" 200 2193
201.245.192.253 - - [07/Jan/2023:13:24:38 -0500] "POST /sipse/faces/presentacion/proyectos/proyecto/listarProyecto.xhtml HTTP/1.1" 200 2201
201.245.192.253 - - [07/Jan/2023:13:24:38 -0500] "POST /sipse/faces/presentacion/proyectos/proyecto/listarProyecto.xhtml HTTP/1.1" 200 2193
201.245.192.253 - - [07/Jan/2023:13:24:38 -0500] "POST /sipse/faces/presentacion/proyectos/proyecto/listarProyecto.xhtml HTTP/1.1" 200 4836
201.245.192.253 - - [07/Jan/2023:13:24:38 -0500] "POST /sipse/faces/presentacion/proyectos/proyecto/listarProyecto.xhtml HTTP/1.1" 200 58364
201.245.192.253 - - [07/Jan/2023:13:24:39 -0500] "POST /sipse/faces/presentacion/proyectos/proyecto/listarProyecto.xhtml HTTP/1.1" 200 58372
201.245.192.253 - - [07/Jan/2023:13:24:39 -0500] "POST /sipse/faces/presentacion/proyectos/proyecto/listarProyecto.xhtml HTTP/1.1" 200 58368
201.245.192.253 - - [07/Jan/2023:13:24:40 -0500] "POST /sipse/faces/presentacion/proyectos/proyecto/listarProyecto.xhtml HTTP/1.1" 200 58372
201.245.192.253 - - [07/Jan/2023:13:24:41 -0500] "POST /sipse/faces/presentacion/proyectos/proyecto/listarProyecto.xhtml HTTP/1.1" 200 58368
201.245.192.253 - - [07/Jan/2023:13:24:41 -0500] "POST /sipse/faces/presentacion/proyectos/proyecto/listarProyecto.xhtml HTTP/1.1" 200 58372
201.245.192.253 - - [07/Jan/2023:13:25:30 -0500] "POST /kwsrmcab/Wsrmcab  HTTP/1.1" 200 43926
172.22.2.4 - - [07/Jan/2023:13:23:54 -0500] "GET /BLA/boletinlegal/ HTTP/1.1" 200 62423
216.245.221.92 - - [07/Jan/2023:13:26:11 -0500] "HEAD / HTTP/1.1" 200 -
172.22.2.4 - - [07/Jan/2023:13:25:53 -0500] "HEAD /BLA/boletinlegal/ HTTP/1.1" 200 -
69.171.231.116 - - [07/Jan/2023:13:28:21 -0500] "GET /images/cr\xc3\xb3nica-29-nov-1_optimized.jpeg HTTP/1.1" 404 1034
172.22.2.4 - - [07/Jan/2023:13:26:43 -0500] "GET /BLA/boletinlegal/ HTTP/1.1" 200 54452
186.102.51.222 - - [07/Jan/2023:13:28:30 -0500] "GET /kwssiamovil/sm/acme/a?s=U2FsdGVkX1/RIEG7d5x7wniPQUrNWK5miLUrFE6hIaw7zeZL/WDA71+Tmswh3IDzzwg3sHVNB8W/xrmBRJaX1U1nhS22n4IORo2T1zBLMs1PUsdhZcHzkyWOcBRZP2lzUP0blYigjnWvKidauiTpIyTR696Oc5RiUBNZlNEFMCh26/VzSW212cNHv0aMhD/EgUKd5EA1w6gycKfN6HNHqSkK68Pua4F+9US6WDGTKxDfi6ECxJS3NlHv0bqomixNJpT5fBqTXiYixgFEfipm8Q==&u=U2FsdGVkX18hFRWMv1rosIDACdB97J+3LzIRRYj+2kk=&y=U2FsdGVkX1/p80G7ih+ikk5KwltwlLVRTp2/UMWyymOvLPX6uWqwZVBFfzHO2OR+ HTTP/1.1" 200 26
186.102.51.222 - - [07/Jan/2023:13:28:31 -0500] "GET /kwssiamovil/sm/acme/a?s=U2FsdGVkX1/ThBFBnAMUKXe3P3bhJMt3cQUinHfLLgPShimMzEKhOF8NEJXN09Tbted8sPLqzYNl5NpxESiv8fHZVeC9ioUyunLKPLhpAz4VOlBWzA2Zl2UMszFC0OzWmKila4T3K1SuzI+Vgig1vmFOKPcwZb0oBoVJUacnZLPEF2QqVanQ6LVPS1gCiJd1ldP87vdDoWTwrxwO0RgrKEdGQSkEVgRPzCSg2SWAG6oAcZLaRZVN8KBIjKGGLXhIxdDm9yu9/PQ+InXqetbmGu43d/NBCJyny/PlTRpPtAXVprc5qSYTloG5JhFS7g/3r/cteARI4/ETIl73gWzk4fdVAoNyC0qZ0+Iyj2cCdSpStQLmUvBGFCgE8Cn6mE9bmrnDwBOr19koILA2MPjS9gD4FdAYTMqYxlP9+sV1QV1X2pN957DeDDitZqbtY0xOEqsMiorfYkxXwq0pWjExPK41V2WF0ASo77Ag4s1KPKJWU1TeQyKUKX9R1BntMs2J1/Ls5+nkPgQMWSQrFfHRNx9xaD9QEhmz74NghyZD60eNOYNIQjJ+5FPJKI0sA5F0T9LWufljsjVaKSGdqXu8OuBNFbtEuBipqHjO3A/xWbU9fOGIH8jyhcyUGnmgZa5oeVN41u1jIx1JRyinzMU7DIEuPftHXwXERF3zgmi/o53CQIuNevbo5mdYYrhX7Es9zaEan57hxeLtDI09BO8ZYgXVZrDChcNoemkxUpGe2uyTXj8BguNOE2VHEzXpNsTjh5tIhDOqMHtBTVxQnUyvcUrWpmjP8/kDFXRiTAOVpzy9Vl/MeJ08LMdOyGniGQvTWneyQ8pxUXbIm6Yyfi0S8vWBHW6u/pQfG3DM+HD7Ljr6OdFqRbpTG8BUoU944W/okYeFs3tW/pCCeGbQ0gGdfMRON9nk7L6cIPuveTGr7buEuESSIc84RXx4C/aLVddC1w8PX02Cs6niPhO1pGFT00gRAFxytcdX9PIDPYRb6c1cgMC0Ptd+xmDT2PeXsPbMjbTbNRKGDslVGSz6Uf9rl9PiBElTA1+OK0KXny1ddqLJw3z5mZvvswYJa3i+8vgTBo9wyZSnSlbfhkcPFgQuYMd1c86ey3Pps5jDQc8m16FUsB+p0CzVd9zOhpOzM8A3bOhGgEWUVMyi6R994ortNBDPtDQvWzpPosyV+1lnYEZ0n8gVmFE7NU7lLmZwdyiHsEJrIEAGW7x0/SoeOSI9njmx6NH+UsbR5ge5QNgwu2HfI+f6LC5Kxk/3V8GNJUUGeDTuWMUOGPj0yPY7x0FB4J1151l+ozS6kLHlL75x75HuhXyMle+lmJWMUsSIBv/eFBqUUAHxOb0w0Gh8WKLIiTLSI4t9KwNtFTFyza17udUQL/uqAq7xZUND7pTGCJkfS9LShAyrXdHj+y2paCb7Kx48ft2EdbRpUkbR2H70U3Q=&u=U2FsdGVkX18hFRWMv1rosIDACdB97J+3LzIRRYj+2kk=&y=U2FsdGVkX1/p80G7ih+ikk5KwltwlLVRTp2/UMWyymOvLPX6uWqwZVBFfzHO2OR+ HTTP/1.1" 200 26
186.102.51.222 - - [07/Jan/2023:13:28:31 -0500] "GET /kwssiamovil/sm/acme/a?s=U2FsdGVkX18uK+KivdLbrRhVB0RrB1oL+RuZkVACIOZuoguW32RtPAbdtFZOu5SaIElGRSawjSYZ49m7QiRAZ8ys5RdvdBD8ME8YMxYy4gL8Omp/Bja6O+ANjr9GTzIELa9usi4OE/3itlmyO3VqLFzHqIskevbevkHp7DpoDEc=&u=U2FsdGVkX18hFRWMv1rosIDACdB97J+3LzIRRYj+2kk=&y=U2FsdGVkX1/p80G7ih+ikk5KwltwlLVRTp2/UMWyymOvLPX6uWqwZVBFfzHO2OR+ HTTP/1.1" 200 26
186.102.51.222 - - [07/Jan/2023:13:28:31 -0500] "GET /kwssiamovil/sm/acme/a?s=U2FsdGVkX1+lKQgTceY/zAX51vh1Q8P+zFL6NGIuMrjrVJ0XNmpfCz9lVnv1JG02PyHMNNaBHORnmXiMzmaFBUa3OPyrSF+FW9AybuOEGRf36UgtWl8qIEoAIHmn/WCNvhhV0TTHrci4O6QEmYdVoJ/n8SxmHMR6872CS6NKlEQ=&u=U2FsdGVkX18hFRWMv1rosIDACdB97J+3LzIRRYj+2kk=&y=U2FsdGVkX1/p80G7ih+ikk5KwltwlLVRTp2/UMWyymOvLPX6uWqwZVBFfzHO2OR+ HTTP/1.1" 200 26
186.102.51.222 - - [07/Jan/2023:13:28:31 -0500] "GET /kwssiamovil/sm/acme/a?s=U2FsdGVkX1+xWNtmWgZ1RmsLGX2FTh8qR5jSTsvFO8TMtEMW1ohj9m4zcoIJXk+MbfGUVGBRgpRTiP1gzjXQtXUm5PyTMHWJK91GJTlgKFZuNc4yQI+Kk2agtvU8Gi+/4unQ6dbMI1qTRQ9EQINN6Tm1Uq8qgRS/ApUrX4/8Omk=&u=U2FsdGVkX18hFRWMv1rosIDACdB97J+3LzIRRYj+2kk=&y=U2FsdGVkX1/p80G7ih+ikk5KwltwlLVRTp2/UMWyymOvLPX6uWqwZVBFfzHO2OR+ HTTP/1.1" 200 26
186.102.51.222 - - [07/Jan/2023:13:28:32 -0500] "GET /kwssiamovil/sm/acme/a?s=U2FsdGVkX1+FojdpvhKi6w6mknCM7pBFhrBkvwxXivE2la4IHJuNSW11dmDX+GRzqaAWojyDc8GpbNZPJ+MgISO6uOItXnzAbVKRDUrkbUd4brBDx7c/8Jjdm/BHxbWqWbqU7IEUUi2Is0gAeqfKW0ZYhMRjdE46AOfgh7mZrfcx7pnpot1PD8LknIfzqYKLF41Ug8bNLhAFzAbKuKKPAg==&u=U2FsdGVkX18hFRWMv1rosIDACdB97J+3LzIRRYj+2kk=&y=U2FsdGVkX1/p80G7ih+ikk5KwltwlLVRTp2/UMWyymOvLPX6uWqwZVBFfzHO2OR+ HTTP/1.1" 200 26
201.245.192.253 - - [07/Jan/2023:13:29:08 -0500] "POST /kwsrmcab/Wsrmcab HTTP/1.1" 200 43314
201.245.192.253 - - [07/Jan/2023:13:29:11 -0500] "POST /kwsrmcab/Wsrmcab HTTP/1.1" 200 44267
201.245.192.253 - - [07/Jan/2023:13:29:36 -0500] "POST /sipse/faces/presentacion/proyectos/proyecto/listarProyecto.xhtml HTTP/1.1" 200 58400
201.245.192.253 - - [07/Jan/2023:13:29:37 -0500] "POST /sipse/faces/presentacion/proyectos/proyecto/listarProyecto.xhtml HTTP/1.1" 200 58408
201.245.192.253 - - [07/Jan/2023:13:29:38 -0500] "POST /sipse/faces/presentacion/proyectos/proyecto/listarProyecto.xhtml HTTP/1.1" 200 10626
201.245.192.253 - - [07/Jan/2023:13:29:39 -0500] "POST /sipse/faces/presentacion/proyectos/proyecto/listarProyecto.xhtml HTTP/1.1" 200 4924
201.245.192.253 - - [07/Jan/2023:13:29:42 -0500] "POST /sipse/faces/presentacion/proyectos/proyecto/listarProyecto.xhtml HTTP/1.1" 200 163
201.245.192.253 - - [07/Jan/2023:13:29:44 -0500] "GET /sipse/faces/presentacion/proyectos/proyecto/proyecto.xhtml HTTP/1.1" 200 91912
201.245.192.253 - - [07/Jan/2023:13:29:45 -0500] "GET /sipse/faces/javax.faces.resource/theme.css?ln=primefaces-sipse HTTP/1.1" 304 -
201.245.192.253 - - [07/Jan/2023:13:29:45 -0500] "GET /sipse/faces/javax.faces.resource/layout/layout.css?ln=primefaces&v=4.0 HTTP/1.1" 304 -
201.245.192.253 - - [07/Jan/2023:13:29:45 -0500] "GET /sipse/faces/javax.faces.resource/primefaces.css?ln=primefaces&v=4.0 HTTP/1.1" 304 -
201.245.192.253 - - [07/Jan/2023:13:29:45 -0500] "GET /sipse/faces/javax.faces.resource/jquery/jquery-plugins.js?ln=primefaces&v=4.0 HTTP/1.1" 304 -
201.245.192.253 - - [07/Jan/2023:13:29:45 -0500] "GET /sipse/faces/javax.faces.resource/jquery/jquery.js?ln=primefaces&v=4.0 HTTP/1.1" 304 -
201.245.192.253 - - [07/Jan/2023:13:29:45 -0500] "GET /sipse/faces/javax.faces.resource/primefaces.js?ln=primefaces&v=4.0 HTTP/1.1" 304 -
201.245.192.253 - - [07/Jan/2023:13:29:45 -0500] "GET /sipse/faces/javax.faces.resource/layout/layout.js?ln=primefaces&v=4.0 HTTP/1.1" 304 -
201.245.192.253 - - [07/Jan/2023:13:29:45 -0500] "GET /sipse/faces/javax.faces.resource/images/ui-icons_898989_256x240.png?ln=primefaces-aristo HTTP/1.1" 304 -
201.245.192.253 - - [07/Jan/2023:13:29:45 -0500] "GET /sipse/faces/javax.faces.resource/images/ui-bg_flat_0_2d5972_40x100.png?ln=primefaces-aristo HTTP/1.1" 304 -
201.245.192.253 - - [07/Jan/2023:13:29:45 -0500] "POST /sipse/faces/presentacion/proyectos/proyecto/proyecto.xhtml HTTP/1.1" 200 3257
152.203.199.53 - - [07/Jan/2023:13:30:01 -0500] "OPTIONS /kwssiamovil/sm/setfile/f? HTTP/1.1" 200 13
152.203.199.53 - - [07/Jan/2023:13:30:02 -0500] "POST /kwssiamovil/sm/setfile/f? HTTP/1.1" 200 381
152.203.199.53 - - [07/Jan/2023:13:30:03 -0500] "OPTIONS /kwssiamovil/sm/setfile/f? HTTP/1.1" 200 13
152.203.199.53 - - [07/Jan/2023:13:30:03 -0500] "POST /kwssiamovil/sm/setfile/f? HTTP/1.1" 200 381
152.203.199.53 - - [07/Jan/2023:13:30:06 -0500] "OPTIONS /kwssiamovil/sm/setfile/f? HTTP/1.1" 200 13
152.203.199.53 - - [07/Jan/2023:13:30:06 -0500] "POST /kwssiamovil/sm/setfile/f? HTTP/1.1" 200 381
152.203.199.53 - - [07/Jan/2023:13:30:08 -0500] "OPTIONS /kwssiamovil/sm/setfile/f? HTTP/1.1" 200 13
152.203.199.53 - - [07/Jan/2023:13:30:08 -0500] "POST /kwssiamovil/sm/setfile/f? HTTP/1.1" 200 381
152.203.199.53 - - [07/Jan/2023:13:30:11 -0500] "OPTIONS /kwssiamovil/sm/setfile/f? HTTP/1.1" 200 13
152.203.199.53 - - [07/Jan/2023:13:30:11 -0500] "POST /kwssiamovil/sm/setfile/f? HTTP/1.1" 200 381
152.203.199.53 - - [07/Jan/2023:13:30:12 -0500] "OPTIONS /kwssiamovil/sm/setfile/f? HTTP/1.1" 200 13
152.203.199.53 - - [07/Jan/2023:13:30:12 -0500] "POST /kwssiamovil/sm/setfile/f? HTTP/1.1" 200 381
201.245.192.253 - - [07/Jan/2023:13:30:22 -0500] "POST /sipse/faces/presentacion/proyectos/proyecto/proyecto.xhtml HTTP/1.1" 200 25725
201.245.192.253 - - [07/Jan/2023:13:30:22 -0500] "GET /sipse/faces/javax.faces.resource/jquery/jquery.js?ln=primefaces&v=4.0 HTTP/1.1" 304 -
201.245.192.253 - - [07/Jan/2023:13:30:22 -0500] "GET /sipse/faces/javax.faces.resource/jquery/jquery-plugins.js?ln=primefaces&v=4.0 HTTP/1.1" 304 -
201.245.192.253 - - [07/Jan/2023:13:30:22 -0500] "GET /sipse/faces/javax.faces.resource/primefaces.js?ln=primefaces&v=4.0 HTTP/1.1" 304 -
201.245.192.253 - - [07/Jan/2023:13:30:23 -0500] "GET /sipse/faces/javax.faces.resource/layout/layout.js?ln=primefaces&v=4.0 HTTP/1.1" 304 -
152.203.199.53 - - [07/Jan/2023:13:30:24 -0500] "GET /kwssiamovil/sm/acme/a?s=U2FsdGVkX198aHlLDk4W8ZIPexToVtfcHbY7d12MsKPCy2Rl45djCiHDc00RscgAxR19vsfHzxKpxm5pV2LmJLro/0OccuNoQeAxYJfWCWLWXYWxY2e6aGl83XYTQFOLRd94DljwNZkSe9dopulMPxpW+461DF7uED+g70+8pHwrud++Du+yBZIh0AW9m50KAm5g1pza0qy/9YHOwpzZVWgeO9qHNAYg72+VAGHa4H+f/B3NvpqyS21FqaTaSJYDpnkBLAkWkqC+Qft0Dlr49Q==&u=U2FsdGVkX1/9voSZCLWsK+7XrD2pgshrJX7UafQC21hHt0ZvvNuXbhf0ol/G5uL2&y=U2FsdGVkX1+QY5fQUvNTS/v6XH/j1Ydg4Gk1NHpA/u9BGkJs9NQVPopVGk3I6orb HTTP/1.1" 200 26
152.203.199.53 - - [07/Jan/2023:13:30:24 -0500] "GET /kwssiamovil/sm/acme/a?s=U2FsdGVkX1/ZVApWUQ4E7QfFGWFoBS/B9yzurccNQ+odsddZVR+NMKRWCm5aQF/5MQyPuv/WX7DNJbI9MvNjCNWXAnWCU6AIM3BIfZO0dppkS0r/vxMrMCV/itbbq0nyRU8yvZ7hzzibTkoRzMGiXgFg6PjTwvQM+7IWmqwetpXhoKSPXZmxt5dpO+JYy3Oy0rV/iRrmk18Kzry6zVkRwR8A6GdqCo22exw5+g6bcOQMHpvoeGbwQCjx8r7nkeKITOnTc3OgTF2KNN0NbNjqjqXBAh6RTFiqvb7d10S+RhlIrPEO7lNkhtwdTjCIfG+n36J8p6YHVByzdrCQJJkBGiXT/yIkkOqMcr1eMvYFqNPcFXFieo92hsUWoC3f6gkZgKBT6hs3lTNLdvz69D+pTWr69yJd2MDX+WwTsQhfFkEtJFk6Sv4Q1UYKHHAqHgtqg5pE85uAZXSZqwWAriCpfr8/OK5lmg6hWYt2DBROzqblRUtdcdeH4O92kXO0vd0BF39d/zgYRiHMTWj0EXzKSrx8e2nycv6pG0SZw/qNzvy93HJKXBxZ4HPJdFmlmZBVfxbmvnLLviE3SEAdxiiyaIvqOCO2FUuKmFsLSWLNeT44Td2KA/nEmcQq77PAEm1Iiwhnc8N8UAN8DEqZky1/gp10dUdqJTvReickn8ZmJOkeXunFiunW9QlJUpAZB100M7j1kAdqzms797jISh9D59mfnJaAtM3trXwS8mFu/34WHfcWDPYHYl1nn2x/CD4IWwHObH59AU5wzB6syeY6keWUHzWGb/DMahR1CFSWGeu/QVixd9JrnSPB7Md/bQRTrDC0XwhLcMrRqebGzXeY9T9kOa0S++sKJ0xnBSrGr5yRRpRORRb1JGp3cW4GgnQ2TOgF39cjEuTN/T186yAA22xLrz5q3/aN6hDY79kSErqR8AobzW7LnW9iF73RC8m/rImgRW1UOrrB6QvpyWIi09ZbghfK8yCDggpvW73sotLyL8dCWa5kFBir48KqwYErxduBQ/8D/foqz6qDmADpf7H2OWtEqwl4gUQ9LTGjjSCpBV+a3tkmh/OAGoS+AomOA3DT1hEYLlcBy/ejQIGHumTPNkYQx/vTz6DTUswofiSttpM1PXRaf/Kc4zkVmB5MIYmx9STNlp0ewLmWdVSIJM3Sj3E8oiLXyw4Ai7x3MT1PkPm3wPEt2B57ljNZ3SguorRHMoFzYynddQX0QYetRrCdbhYrJE9cZxhHPV7BcrT86y5ICgDyEVonB7CU5Aq1HQtr5Mkvyr8AQS7WIqiMcs2vRHzAHwzJ9FC9EJNPtGfZMNDu42lmFuQ71EjV3GiNAA5NL4vw1yR0eVnmP7Ysp9nZWVQi69v2cQLUQmvKojFaK/5u+HeWCponwbiKVVseXNrpAH884viHWHw4b0NkRYfxLQJl6gS8zrCncba/W31TKbuu/wvJEHMEMnzuGYaEIr0BHl3Wb/it9Xqicx0HqMXzaXLOGRYTAb7eGMJdoiiOsFYlUhkvG9phX1BTu7c9X1FDj+8FXKF0puya4Mh94Fp2dr3lsumKn/+aW8qw7XNNFWNSQAkpnIoNYh0HWlqe&u=U2FsdGVkX1/9voSZCLWsK+7XrD2pgshrJX7UafQC21hHt0ZvvNuXbhf0ol/G5uL2&y=U2FsdGVkX1+QY5fQUvNTS/v6XH/j1Ydg4Gk1NHpA/u9BGkJs9NQVPopVGk3I6orb HTTP/1.1" 200 26
152.203.199.53 - - [07/Jan/2023:13:30:25 -0500] "GET /kwssiamovil/sm/acme/a?s=U2FsdGVkX1/JR5SVgTQlxxxWEkYMx+E45MhkxxjeTjVKh5/pXqd02vGkUx0dsEydi/WXNlPjcqzx2TsqArdE8WLO1DsW7PvZk5idqqvB2UBz3CctU9FV9y/9+6afDwCUWWYsRkvei0vGZJ2GxYZYDoPA2pfFaKCJUhjr5runjsk=&u=U2FsdGVkX1/9voSZCLWsK+7XrD2pgshrJX7UafQC21hHt0ZvvNuXbhf0ol/G5uL2&y=U2FsdGVkX1+QY5fQUvNTS/v6XH/j1Ydg4Gk1NHpA/u9BGkJs9NQVPopVGk3I6orb HTTP/1.1" 200 26
152.203.199.53 - - [07/Jan/2023:13:30:25 -0500] "GET /kwssiamovil/sm/acme/a?s=U2FsdGVkX18wxo7m+rkn1dTlaGkkz+zcnUVOSA4++pq0q/CwoYune17rvP6qy/0/lesAKHhK4xhO1iBoOTSLxa3X9R7Yz97J2scoZV2bd+aRL4XFVfo1Rrlb1bomXwCkYCbMdj45cRflbDfVrs8iAnC0wRGsNIXfMTahb/8l7JM=&u=U2FsdGVkX1/9voSZCLWsK+7XrD2pgshrJX7UafQC21hHt0ZvvNuXbhf0ol/G5uL2&y=U2FsdGVkX1+QY5fQUvNTS/v6XH/j1Ydg4Gk1NHpA/u9BGkJs9NQVPopVGk3I6orb HTTP/1.1" 200 26
152.203.199.53 - - [07/Jan/2023:13:30:25 -0500] "GET /kwssiamovil/sm/acme/a?s=U2FsdGVkX1+V4eqWc1PEn1hfzJs3SvIJmzVfpe33DSX8Ag1lvBPG5gR1WDtzpOvtnum9kjDK6kJWvz3clTcyfVYMESBLQnWMj3ErCN/Te9wVx+j8AD8ZWmd4ZB+22AMpyE0+6auIOXNf/mkyQb1YUPywHHY8mfGZVbya0u/b6NI=&u=U2FsdGVkX1/9voSZCLWsK+7XrD2pgshrJX7UafQC21hHt0ZvvNuXbhf0ol/G5uL2&y=U2FsdGVkX1+QY5fQUvNTS/v6XH/j1Ydg4Gk1NHpA/u9BGkJs9NQVPopVGk3I6orb HTTP/1.1" 200 26
152.203.199.53 - - [07/Jan/2023:13:30:25 -0500] "GET /kwssiamovil/sm/acme/a?s=U2FsdGVkX1+C2oMFhKsz43CGN6jiIlNOr22EsTpJA6BK2gpgQiV1G6l7iZG60FLex6K05hKG6P7u+i15erlSq1rtvSbSMLBZPlRIG33X9bu0aTUdCqbpfti3tJ9wTcAjzyM4fGSuLWg2jWi/QkLV0janYVzb3hxVhPn4JgYFY8JUauqhWZoNnJru9sNnRoKtmOy2zucCme8r982qOikZOw==&u=U2FsdGVkX1/9voSZCLWsK+7XrD2pgshrJX7UafQC21hHt0ZvvNuXbhf0ol/G5uL2&y=U2FsdGVkX1+QY5fQUvNTS/v6XH/j1Ydg4Gk1NHpA/u9BGkJs9NQVPopVGk3I6orb HTTP/1.1" 200 26
152.203.199.53 - - [07/Jan/2023:13:30:25 -0500] "GET /kwssiamovil/sm/acme/a?s=U2FsdGVkX19Y4GylQjXBiq7P6GD+rVQglBRduovjMah1M1LbjHYT5dr8CTedUuUfrTwcfewEl3a2fJA0KiJtt9uA1zup7Dd2l9DE51VRViXrB7ecysEfxNYaGBjveaOYyp9Y9RBmdvfu2oQ2AzPtuzDypI8PRl/Es3x5ZRq+QKB7/WWeY5wIVyZCadvWy6kNAaJDRNdRsF59FDZp/Bqsnw==&u=U2FsdGVkX1/9voSZCLWsK+7XrD2pgshrJX7UafQC21hHt0ZvvNuXbhf0ol/G5uL2&y=U2FsdGVkX1+QY5fQUvNTS/v6XH/j1Ydg4Gk1NHpA/u9BGkJs9NQVPopVGk3I6orb HTTP/1.1" 200 25
152.203.199.53 - - [07/Jan/2023:13:30:25 -0500] "GET /kwssiamovil/sm/acme/a?s=U2FsdGVkX1/hOVJsfPka32dEULrRiJZpE2e67JS0Ah6CjQDd/Y6bH+AqId7duzrfbw04lEme0qZuAnhWZy3588qeK045TJwjI223HB+5oXqQQ/IrUEnMFDewsh4kHgj1SKU2Cshih26cBvTkTaa1JMt0RNyInlN+cmknEovmE9oEAF6qga/hIkyPyfDMQhOd1d88lMBMRK+CMWHyRx2p8TzqdO6kQ1qeV2Yafu25P5vQFIw253pCokIRW5nq+jW62DeoUhOpXiBmyE6lwCCinMHNmdYQhFeSlZymtY2G7BKdD1jxqP7O+H03owadHThjLL9dJwFz1liYuTS+YGO4NK7VVDDQlecxDcUXLFhWQrhT+RlFfhTkHKCIhRCzLt5B&u=U2FsdGVkX1/9voSZCLWsK+7XrD2pgshrJX7UafQC21hHt0ZvvNuXbhf0ol/G5uL2&y=U2FsdGVkX1+QY5fQUvNTS/v6XH/j1Ydg4Gk1NHpA/u9BGkJs9NQVPopVGk3I6orb HTTP/1.1" 200 25
152.203.199.53 - - [07/Jan/2023:13:30:26 -0500] "GET /kwssiamovil/sm/acme/a?s=U2FsdGVkX1+DJxoVM81ziaSCqaozh/oQNA6No4H5bDypWbYo/hEZfRSB1Ze3xDYOwzujZrzoVZ0gnPN6JNoVlKs+ypVm6dnXJPO+cHXLE/UQi0yz1d4RQawAzLMq7WZCT1KjZ/xj/VuAXty7/Mw6/fdwa8Sps1m+zML9tK1GGaYg+xQOaDH2SyEpTgDZKRsT&u=U2FsdGVkX1/9voSZCLWsK+7XrD2pgshrJX7UafQC21hHt0ZvvNuXbhf0ol/G5uL2&y=U2FsdGVkX1+QY5fQUvNTS/v6XH/j1Ydg4Gk1NHpA/u9BGkJs9NQVPopVGk3I6orb HTTP/1.1" 200 26
152.203.199.53 - - [07/Jan/2023:13:30:26 -0500] "GET /kwssiamovil/sm/acme/a?s=U2FsdGVkX1/ZTqZ/m0vvNFi+qiYv4PDIwYx4wK1oqnhG4c40nvUfoDloxlgR8vXIpjkjpaVNJuNRXjhgiWWJGL1r5nN34E1N7vIo4qLX61hMTbVqeZyG6Ax8j/mxquobexqK/sr4VZdM9ZZXpt8nZK0/lOfHo48e4Nc/cyBNIXhNJVgUNedw33dMAEeg2qEHyVyScWqlePYM5QX5mhk0v4G/gdx/BiL7iDJMbYmRJcbawqZ3KrPseTypFK9HLE9OXNF2xC2gXHYX6OTRo1gcyMhQfyDCOC9rJwOXNY9JTOgm6NwxrWR6T1PBP++53T45kQO9XDtdl79IJNVUPDVFIq0P+D9lcuC/refZfrX7EFI=&u=U2FsdGVkX1/9voSZCLWsK+7XrD2pgshrJX7UafQC21hHt0ZvvNuXbhf0ol/G5uL2&y=U2FsdGVkX1+QY5fQUvNTS/v6XH/j1Ydg4Gk1NHpA/u9BGkJs9NQVPopVGk3I6orb HTTP/1.1" 200 25
152.203.199.53 - - [07/Jan/2023:13:30:26 -0500] "GET /kwssiamovil/sm/acme/a?s=U2FsdGVkX1+4KBAXtn/DGN3wS7xy9JJ6aQoTMP4PL0Hzfkyp4fBbIyhJ2XFdxQdaqNOvVLMeoZC7FNea8seVyP1Gp1qCVjOAb9e/vhlk34tVS0pfZ2VGyxc81JjIb5+m+acWZ7ctdUR6ZSbMeu6tvesbc+ukCGetMQAjvFcHw7rVw58oyZBQeoQDYEUZ3zLwFqdQ1fTbyCICZpGvbf34oQ==&u=U2FsdGVkX1/9voSZCLWsK+7XrD2pgshrJX7UafQC21hHt0ZvvNuXbhf0ol/G5uL2&y=U2FsdGVkX1+QY5fQUvNTS/v6XH/j1Ydg4Gk1NHpA/u9BGkJs9NQVPopVGk3I6orb HTTP/1.1" 200 25
152.203.199.53 - - [07/Jan/2023:13:30:26 -0500] "GET /kwssiamovil/sm/acme/a?s=U2FsdGVkX19mLwwaS2EVNJEoOtQZp2cKLP/s0LClOyIAXpI+HB39fEQPBunuyUj9JK1XZZKByQQp0rSdbDFGHhsygNQthoq3lzgbpGvMTbS8Vc7EklOsIpHcn6WuZX5zwDd53bvQcBDQN3HDaElVEst062Dk1WxY26JzvRvfUgw8TZSLPnfSbChCV333DcTC&u=U2FsdGVkX1/9voSZCLWsK+7XrD2pgshrJX7UafQC21hHt0ZvvNuXbhf0ol/G5uL2&y=U2FsdGVkX1+QY5fQUvNTS/v6XH/j1Ydg4Gk1NHpA/u9BGkJs9NQVPopVGk3I6orb HTTP/1.1" 200 26
152.203.199.53 - - [07/Jan/2023:13:30:26 -0500] "GET /kwssiamovil/sm/acme/a?s=U2FsdGVkX1+pl9glpnW68EAawi43s9HggmlOdEQtXTq2c3Y1xllNe+o2+bz/gKtU9wVXFh0AbAHrYzTInmBPxxVdtnIe1Dtg37SQv0stDb+DlvEqRVmQtLvwGEZpOfQys0T8I3BivS3nXZaoBlDv3cDxND26vM5MtkITe2yzv2dpmUnrV7e8civB+8BZrg7yGr2d6DymL2uKnfEhc9p+GQ==&u=U2FsdGVkX1/9voSZCLWsK+7XrD2pgshrJX7UafQC21hHt0ZvvNuXbhf0ol/G5uL2&y=U2FsdGVkX1+QY5fQUvNTS/v6XH/j1Ydg4Gk1NHpA/u9BGkJs9NQVPopVGk3I6orb HTTP/1.1" 200 25
152.203.199.53 - - [07/Jan/2023:13:30:26 -0500] "GET /kwssiamovil/sm/acme/a?s=U2FsdGVkX1/sP8CK856zVnYqDHAYyjXmFllIvfqivkmrTD1MMQmmOlT5U88WrubfRMBU7D+IbPiPFoJhHgLKpRnyD/zvQRSMjKo8wavXRgQfL8Rmx6yYE8G+0t5UkUYmIs0NG5K0FHZYn25FwcY56awjmd3entGX6uOuDNQacaVxfxRluA+2lG0xMNnteRdKHcE9c5qhCRBlH42BGXfE1w==&u=U2FsdGVkX1/9voSZCLWsK+7XrD2pgshrJX7UafQC21hHt0ZvvNuXbhf0ol/G5uL2&y=U2FsdGVkX1+QY5fQUvNTS/v6XH/j1Ydg4Gk1NHpA/u9BGkJs9NQVPopVGk3I6orb HTTP/1.1" 200 26
152.203.199.53 - - [07/Jan/2023:13:30:26 -0500] "GET /kwssiamovil/sm/acme/a?s=U2FsdGVkX1/Rtt3WSpzFSIyMlzKUuwFqY/KLGYcOS5omwswCC0GE9rjwEiMg+0qiYbpZKQq4pjlJf9Vz9+/pJwr5atts682xuI0+6QUIqKZQS2izvl0Pz8+RRxkqW9mi+VEgOEHwUySnvT9idAg6jPwMUc4YLS4M7+xn3o16d/Y9ZngjxGTuJwzgV6HU7Kq0nefU7DuCScsaCJwhAYPvVQ==&u=U2FsdGVkX1/9voSZCLWsK+7XrD2pgshrJX7UafQC21hHt0ZvvNuXbhf0ol/G5uL2&y=U2FsdGVkX1+QY5fQUvNTS/v6XH/j1Ydg4Gk1NHpA/u9BGkJs9NQVPopVGk3I6orb HTTP/1.1" 200 25
152.203.199.53 - - [07/Jan/2023:13:30:26 -0500] "GET /kwssiamovil/sm/acme/a?s=U2FsdGVkX190NcCO1BFXdjApjqsfzQ5sx9Sacf2/h228UG7U5M1Vo28IJ+/KAOVuWt4e1R1bmzp3m4/m2X3h7+VbhFjIGyWYcCMfjAqpgrBIGwIyVEcaxS4aHHc56me3kmCG8DwH4oVsjXT3CiIAXCT/NBzOncDN5xLRzLrPKRAi36k1T4JFAP4JDtz89RVnzbXv7zi9wXAw20D9P5pDhA==&u=U2FsdGVkX1/9voSZCLWsK+7XrD2pgshrJX7UafQC21hHt0ZvvNuXbhf0ol/G5uL2&y=U2FsdGVkX1+QY5fQUvNTS/v6XH/j1Ydg4Gk1NHpA/u9BGkJs9NQVPopVGk3I6orb HTTP/1.1" 200 26
152.203.199.53 - - [07/Jan/2023:13:30:26 -0500] "GET /kwssiamovil/sm/acme/a?s=U2FsdGVkX19PXpXIFKqOwURpCH/1KcQVJbuCddtMyuXv9tkJiMLy6vR0spCBWdD3O4aGeqmFCPj5v2L9lW36WtgVFnMG1uhuS1ARZesx9d/ohkNSIbu51vlkeCbxNEhou3WeS/AJGIXYRwcI0NRE6NAE2m9NBNpdPVaZ2lx8SDSdr7YCCe8KMzywzj8kjthXHPYlB1JC3o3VLQdiPXvV+A==&u=U2FsdGVkX1/9voSZCLWsK+7XrD2pgshrJX7UafQC21hHt0ZvvNuXbhf0ol/G5uL2&y=U2FsdGVkX1+QY5fQUvNTS/v6XH/j1Ydg4Gk1NHpA/u9BGkJs9NQVPopVGk3I6orb HTTP/1.1" 200 25
152.203.199.53 - - [07/Jan/2023:13:30:27 -0500] "GET /kwssiamovil/sm/acme/a?s=U2FsdGVkX1/j6DVdI44by4smWRDOq/TlQWN+yiIQ1NUrUhpCzilWlSo4f/EYCkX78xxT8rpw5wlai4o5Lg39ZtVipoc75YoCgNrzZkINq3ugFCGuVXmp4DDQvUobZt1lerRVzksE9zRETRt71sbYpy9sjdHF1fmyF6sGnISSKk4c1iQBm9INswZ6RTMIGHghlxtT20Lc90GwLYdgmiiwVQ==&u=U2FsdGVkX1/9voSZCLWsK+7XrD2pgshrJX7UafQC21hHt0ZvvNuXbhf0ol/G5uL2&y=U2FsdGVkX1+QY5fQUvNTS/v6XH/j1Ydg4Gk1NHpA/u9BGkJs9NQVPopVGk3I6orb HTTP/1.1" 200 26
201.245.192.253 - - [07/Jan/2023:13:30:29 -0500] "POST /kwsrmcab/Wsrmcab  HTTP/1.1" 200 43926
201.245.192.253 - - [07/Jan/2023:13:30:36 -0500] "POST /sipse/faces/presentacion/proyectos/proyecto/proyectoAdministrador/editarAdministrador.xhtml HTTP/1.1" 200 18797
173.252.79.18 - - [07/Jan/2023:13:30:44 -0500] "GET /images/cr\xc3\xb3nica-29-nov-1_optimized.jpeg HTTP/1.1" 404 1034
201.245.192.253 - - [07/Jan/2023:13:30:44 -0500] "POST /sipse/faces/presentacion/proyectos/proyecto/proyectoAdministrador/editarAdministrador.xhtml HTTP/1.1" 200 4260
201.245.192.253 - - [07/Jan/2023:13:30:45 -0500] "POST /sipse/faces/presentacion/proyectos/proyecto/proyectoAdministrador/editarAdministrador.xhtml HTTP/1.1" 200 2045
201.245.192.253 - - [07/Jan/2023:13:30:47 -0500] "POST /sipse/faces/presentacion/proyectos/proyecto/proyectoAdministrador/editarAdministrador.xhtml HTTP/1.1" 200 2383
201.245.192.253 - - [07/Jan/2023:13:30:48 -0500] "POST /sipse/faces/presentacion/proyectos/proyecto/proyectoAdministrador/editarAdministrador.xhtml HTTP/1.1" 200 4264
173.252.83.7 - - [07/Jan/2023:13:30:58 -0500] "GET /images/cr%C3%B3nica-29-nov-1_optimized.jpeg HTTP/1.1" 404 1034
216.245.221.92 - - [07/Jan/2023:13:31:11 -0500] "HEAD / HTTP/1.1" 200 -
201.245.192.253 - - [07/Jan/2023:13:31:35 -0500] "POST /sipse/faces/presentacion/proyectos/proyecto/proyectoAdministrador/editarAdministrador.xhtml HTTP/1.1" 200 4128
201.245.192.253 - - [07/Jan/2023:13:31:38 -0500] "POST /sipse/faces/presentacion/proyectos/proyecto/proyectoAdministrador/editarAdministrador.xhtml HTTP/1.1" 200 2940
201.245.192.253 - - [07/Jan/2023:13:32:41 -0500] "POST /sipse/faces/presentacion/proyectos/proyecto/proyectoAdministrador/editarAdministrador.xhtml HTTP/1.1" 200 83267
201.245.192.253 - - [07/Jan/2023:13:32:41 -0500] "GET /sipse/faces/javax.faces.resource/jquery/jquery.js?ln=primefaces&v=4.0 HTTP/1.1" 304 -
201.245.192.253 - - [07/Jan/2023:13:32:41 -0500] "GET /sipse/faces/javax.faces.resource/jquery/jquery-plugins.js?ln=primefaces&v=4.0 HTTP/1.1" 304 -
201.245.192.253 - - [07/Jan/2023:13:32:41 -0500] "GET /sipse/faces/javax.faces.resource/primefaces.js?ln=primefaces&v=4.0 HTTP/1.1" 304 -
201.245.192.253 - - [07/Jan/2023:13:32:41 -0500] "GET /sipse/faces/javax.faces.resource/layout/layout.js?ln=primefaces&v=4.0 HTTP/1.1" 304 -
201.245.192.253 - - [07/Jan/2023:13:32:41 -0500] "GET /sipse/faces/javax.faces.resource/messages/messages.png?ln=primefaces&v=4.0 HTTP/1.1" 304 -
201.245.192.253 - - [07/Jan/2023:13:32:41 -0500] "POST /sipse/faces/presentacion/proyectos/proyecto/proyecto.xhtml HTTP/1.1" 200 3257
201.245.192.253 - - [07/Jan/2023:13:33:07 -0500] "POST /sipse/faces/presentacion/proyectos/proyecto/proyecto.xhtml HTTP/1.1" 200 25727
201.245.192.253 - - [07/Jan/2023:13:33:08 -0500] "GET /sipse/faces/javax.faces.resource/jquery/jquery.js?ln=primefaces&v=4.0 HTTP/1.1" 304 -
201.245.192.253 - - [07/Jan/2023:13:33:08 -0500] "GET /sipse/faces/javax.faces.resource/jquery/jquery-plugins.js?ln=primefaces&v=4.0 HTTP/1.1" 304 -
201.245.192.253 - - [07/Jan/2023:13:33:08 -0500] "GET /sipse/faces/javax.faces.resource/primefaces.js?ln=primefaces&v=4.0 HTTP/1.1" 304 -
201.245.192.253 - - [07/Jan/2023:13:33:08 -0500] "GET /sipse/faces/javax.faces.resource/layout/layout.js?ln=primefaces&v=4.0 HTTP/1.1" 304 -
172.22.2.4 - - [07/Jan/2023:13:31:43 -0500] "HEAD /BLA/boletinlegal/ HTTP/1.1" 200 -
201.245.192.253 - - [07/Jan/2023:13:33:30 -0500] "POST /sipse/faces/presentacion/proyectos/proyecto/proyectoAdministrador/editarAdministrador.xhtml HTTP/1.1" 200 18798
201.245.192.253 - - [07/Jan/2023:13:33:46 -0500] "POST /sipse/faces/presentacion/proyectos/proyecto/proyectoAdministrador/editarAdministrador.xhtml HTTP/1.1" 200 2045
201.245.192.253 - - [07/Jan/2023:13:33:46 -0500] "POST /sipse/faces/presentacion/proyectos/proyecto/proyectoAdministrador/editarAdministrador.xhtml HTTP/1.1" 200 2049
201.245.192.253 - - [07/Jan/2023:13:33:50 -0500] "POST /sipse/faces/presentacion/proyectos/proyecto/proyectoAdministrador/editarAdministrador.xhtml HTTP/1.1" 200 2210
201.245.192.253 - - [07/Jan/2023:13:33:51 -0500] "POST /sipse/faces/presentacion/proyectos/proyecto/proyectoAdministrador/editarAdministrador.xhtml HTTP/1.1" 200 2940
172.22.2.4 - - [07/Jan/2023:13:32:33 -0500] "GET /BLA/boletinlegal/ HTTP/1.1" 200 57192
201.245.192.253 - - [07/Jan/2023:13:34:40 -0500] "POST /sipse/faces/presentacion/proyectos/proyecto/proyectoAdministrador/editarAdministrador.xhtml HTTP/1.1" 200 83270
201.245.192.253 - - [07/Jan/2023:13:34:41 -0500] "GET /sipse/faces/javax.faces.resource/jquery/jquery.js?ln=primefaces&v=4.0 HTTP/1.1" 304 -
201.245.192.253 - - [07/Jan/2023:13:34:41 -0500] "GET /sipse/faces/javax.faces.resource/jquery/jquery-plugins.js?ln=primefaces&v=4.0 HTTP/1.1" 304 -
201.245.192.253 - - [07/Jan/2023:13:34:41 -0500] "GET /sipse/faces/javax.faces.resource/primefaces.js?ln=primefaces&v=4.0 HTTP/1.1" 304 -
201.245.192.253 - - [07/Jan/2023:13:34:41 -0500] "GET /sipse/faces/javax.faces.resource/layout/layout.js?ln=primefaces&v=4.0 HTTP/1.1" 304 -
201.245.192.253 - - [07/Jan/2023:13:34:41 -0500] "POST /sipse/faces/presentacion/proyectos/proyecto/proyecto.xhtml HTTP/1.1" 200 3257
201.245.192.253 - - [07/Jan/2023:13:35:28 -0500] "POST /kwsrmcab/Wsrmcab  HTTP/1.1" 200 43926
216.245.221.92 - - [07/Jan/2023:13:36:11 -0500] "HEAD / HTTP/1.1" 200 -
40.94.34.30 - - [07/Jan/2023:13:37:30 -0500] "GET /BLA/boletinlegal/js/jquery.scrollShow.js HTTP/1.1" 200 4586
40.94.34.58 - - [07/Jan/2023:13:37:30 -0500] "GET /galeria/galeria/jquery.fancybox.css?v=2.1.5 HTTP/1.1" 200 4895
40.94.34.21 - - [07/Jan/2023:13:37:30 -0500] "GET /galeria/galeria/jquery.fancybox.js?v=2.1.5 HTTP/1.1" 200 48706
152.203.199.53 - - [07/Jan/2023:13:38:31 -0500] "GET /kwssiamovil/sm/acme/u?s=U2FsdGVkX1/F+BcKA5GKaSBrQ4YF6K88pMDoEosISTY1yEgfORUOPapIT+KLWO6OrYsKw/360fYo7p2esueXPH8dp1EDiCsbto2uZVW4hLJNLFB5Uy7JxKsZroNFnYaKXYjY1yAKB72mVIeu4F+3jZQa+ty6NUKmGnS0jApn2PQ=&u=U2FsdGVkX1/9voSZCLWsK+7XrD2pgshrJX7UafQC21hHt0ZvvNuXbhf0ol/G5uL2&y=U2FsdGVkX1+QY5fQUvNTS/v6XH/j1Ydg4Gk1NHpA/u9BGkJs9NQVPopVGk3I6orb HTTP/1.1" 200 60
201.245.192.253 - - [07/Jan/2023:13:39:08 -0500] "POST /kwsrmcab/Wsrmcab HTTP/1.1" 200 43314
201.245.192.253 - - [07/Jan/2023:13:39:11 -0500] "POST /kwsrmcab/Wsrmcab HTTP/1.1" 200 44267
172.22.2.4 - - [07/Jan/2023:13:37:33 -0500] "HEAD /BLA/boletinlegal/ HTTP/1.1" 200 -
103.203.57.1 - - [07/Jan/2023:13:39:55 -0500] "GET / HTTP/1.1" 200 319
172.22.2.4 - - [07/Jan/2023:13:38:23 -0500] "GET /BLA/boletinlegal/ HTTP/1.1" 200 57192
201.245.192.253 - - [07/Jan/2023:13:40:28 -0500] "POST /kwsrmcab/Wsrmcab  HTTP/1.1" 200 43926
216.245.221.92 - - [07/Jan/2023:13:41:11 -0500] "HEAD / HTTP/1.1" 200 -
173.252.95.15 - - [07/Jan/2023:13:41:33 -0500] "GET /images/carro-carga-movilidad-4-febrero.jpg HTTP/1.1" 200 46258
191.95.132.197 - - [07/Jan/2023:13:43:12 -0500] "-" 408 -
172.22.2.4 - - [07/Jan/2023:13:43:31 -0500] "GET /BLA/boletinlegal/Directivas/2009/Directiva%20No.%20del%2023%20de%20Diciembre%20de%202009.pdf HTTP/1.1" 304 -
172.22.2.4 - - [07/Jan/2023:13:43:33 -0500] "GET /BLA/boletinlegal/favicon.ico HTTP/1.1" 404 1038
172.22.2.4 - - [07/Jan/2023:13:43:23 -0500] "HEAD /BLA/boletinlegal/ HTTP/1.1" 200 -
201.245.192.253 - - [07/Jan/2023:13:45:26 -0500] "POST /kwsrmcab/Wsrmcab  HTTP/1.1" 200 43926
152.203.199.53 - - [07/Jan/2023:13:45:41 -0500] "OPTIONS /kwssiamovil/sm/setfile/f? HTTP/1.1" 200 13
152.203.199.53 - - [07/Jan/2023:13:45:41 -0500] "POST /kwssiamovil/sm/setfile/f? HTTP/1.1" 200 381
152.203.199.53 - - [07/Jan/2023:13:45:43 -0500] "OPTIONS /kwssiamovil/sm/setfile/f? HTTP/1.1" 200 13
152.203.199.53 - - [07/Jan/2023:13:45:43 -0500] "POST /kwssiamovil/sm/setfile/f? HTTP/1.1" 200 381
152.203.199.53 - - [07/Jan/2023:13:45:45 -0500] "OPTIONS /kwssiamovil/sm/setfile/f? HTTP/1.1" 200 13
152.203.199.53 - - [07/Jan/2023:13:45:45 -0500] "POST /kwssiamovil/sm/setfile/f? HTTP/1.1" 200 381
152.203.199.53 - - [07/Jan/2023:13:45:47 -0500] "OPTIONS /kwssiamovil/sm/setfile/f? HTTP/1.1" 200 13
152.203.199.53 - - [07/Jan/2023:13:45:47 -0500] "POST /kwssiamovil/sm/setfile/f? HTTP/1.1" 200 381
172.22.2.4 - - [07/Jan/2023:13:44:13 -0500] "GET /BLA/boletinlegal/ HTTP/1.1" 200 50149
201.245.192.253 - - [07/Jan/2023:13:46:01 -0500] "POST /sipse/faces/presentacion/proyectos/proyecto/proyecto.xhtml HTTP/1.1" 200 82852
201.245.192.253 - - [07/Jan/2023:13:46:01 -0500] "GET /sipse/faces/javax.faces.resource/jquery/jquery.js?ln=primefaces&v=4.0 HTTP/1.1" 304 -
201.245.192.253 - - [07/Jan/2023:13:46:01 -0500] "GET /sipse/faces/javax.faces.resource/jquery/jquery-plugins.js?ln=primefaces&v=4.0 HTTP/1.1" 304 -
201.245.192.253 - - [07/Jan/2023:13:46:01 -0500] "GET /sipse/faces/javax.faces.resource/primefaces.js?ln=primefaces&v=4.0 HTTP/1.1" 304 -
201.245.192.253 - - [07/Jan/2023:13:46:01 -0500] "GET /sipse/faces/javax.faces.resource/layout/layout.js?ln=primefaces&v=4.0 HTTP/1.1" 304 -
201.245.192.253 - - [07/Jan/2023:13:46:01 -0500] "POST /sipse/faces/presentacion/proyectos/proyecto/listarProyecto.xhtml HTTP/1.1" 200 76232
201.245.192.253 - - [07/Jan/2023:13:46:01 -0500] "POST /sipse/faces/presentacion/proyectos/proyecto/listarProyecto.xhtml HTTP/1.1" 200 76232
201.245.192.253 - - [07/Jan/2023:13:46:01 -0500] "POST /sipse/faces/presentacion/proyectos/proyecto/listarProyecto.xhtml HTTP/1.1" 200 76232
201.245.192.253 - - [07/Jan/2023:13:46:01 -0500] "POST /sipse/faces/presentacion/proyectos/proyecto/listarProyecto.xhtml HTTP/1.1" 200 76232
152.203.199.53 - - [07/Jan/2023:13:46:06 -0500] "GET /kwssiamovil/sm/acme/a?s=U2FsdGVkX1+9GQ76ZLG5+0ggbpRfPpwO4iWyAD0wevY8Jq+NzdAajr1PFq22X/CDDALzdUG7wXn8K1Z0L7in6mLPithSIdMca0T+616HKeXCUQwYOdb5bTLxdO2E/x+hEgJkNpDKkKbw89zRcQUj29vgO9KDRbGIKJQAecQUhj4aX2MwOTBoOrZS2QkxsOKJzRJnV/rOK0RQeB5TThtrnkRzUF1qRfaY3DkGsnknRAZJiV5QjYkBOVXRDcjtuqS/VoTq6yucn2P5OEF4w2WZ3A==&u=U2FsdGVkX1/9voSZCLWsK+7XrD2pgshrJX7UafQC21hHt0ZvvNuXbhf0ol/G5uL2&y=U2FsdGVkX1+QY5fQUvNTS/v6XH/j1Ydg4Gk1NHpA/u9BGkJs9NQVPopVGk3I6orb HTTP/1.1" 200 26
152.203.199.53 - - [07/Jan/2023:13:46:06 -0500] "GET /kwssiamovil/sm/acme/a?s=U2FsdGVkX1/tMTTNLZ6+Bot83R+uac+uARYQ9FLPaQXFS5+ggNmD/dMW95z1ltuu6PNQ149kR58UHpZEnR1zvLnvYgArISmkkZls/VhZYYLchgnDLMU0QCKvBO7jDwaA5MIfGQDxknBj63OtuVxx0YCheXKUtTya78NtGhegoPXSTAYjLElZRhSydYLCnAFIASqWfWurtih7PPByBDVgczTO1ahAKOxhFW6bsIEfry/p/WErw7tSbVsdZ0V1LS5UruC3Ww8M5FqTukNdopv9j41k1Zgc8W9LeEvD20UxIdyP5P/lANC+gpKPvDUANepBrtbpsgCei1gYqzur+N/SPVRLyTicQhHiri7gTRpl5oEcAVIel/T7jWrq3ixcmf2JtwOmisrITHtQ7cpYupiEmwyibkZncNU1svVA6RRgRG5vqPuEDtmS1C4OMUGusrjmY5r/4f4vsK8/R/SWXhvcRGxu0znoQnuEWhQOMfIp7Aor2h9iYYcIHWLNObA9X5mMMTJUEtq7J94BHX/hfHEFEo6QWVhVihUr/O0qwiLlgvou7MFcWFQriUdgvV0pvo4stDPzUChalKZVt4ck8nfTX8zY8Mov00hGJGrxsle6UrZHVEp+nCC+2FiPXvab78MHfs2AJFB0mp7l2IFnvo/qADUm0h9YdJsyLVRnyafjIW/ofyRHVtJAz1PpIyC0wN3gsizFOdnfZNduw/KW+BC6KLRKRixYg6oI9pwYIAIQNN0gbIfuM0MQ/kTFOGF6xH0DoeQMkCdG1aqC78nJhlXtKc+G2fnxsiJ8AS6dUgAJK0A0lk1YZMzq4J35swQDyjiaUeQktKwUkRYOM1zcqV54hCpxyF+x9F2V+vdRifv9GUC398Fv6kzVIZOaSt/zqDKNdQ1aooDvCg1HS2D0UuNHaaXqWC2emWRxtiC9RsT+MUP68/78VROBl3lmyirbVdkXKYzrT1k7Fmb5jl+y+mcujRG0FqweQ4++0RwjPBqzbRCOHSnnjParFSusfA7NV73Enn/mlozynP5wyZBOtRwiQgZur1EpS96ByV6NezTQDnKAQBtb+D6N5RraPMBdbF2vCCnBjpfLOSD3NeZCFaRLcSTqx7uyErHCheoaDkxy+IOAOrMGHCJetENBn8W+23e9TfXI43G0wu0gDbeGF1V+oJy8XcwEgo0ygVwFhQvSo8hb40strKanCUhL9UYqeA+6Mdm/m5f7xryF+/ObAvPUpg==&u=U2FsdGVkX1/9voSZCLWsK+7XrD2pgshrJX7UafQC21hHt0ZvvNuXbhf0ol/G5uL2&y=U2FsdGVkX1+QY5fQUvNTS/v6XH/j1Ydg4Gk1NHpA/u9BGkJs9NQVPopVGk3I6orb HTTP/1.1" 200 26
201.245.192.253 - - [07/Jan/2023:13:46:06 -0500] "POST /sipse/faces/presentacion/proyectos/proyecto/listarProyecto.xhtml HTTP/1.1" 200 58400
152.203.199.53 - - [07/Jan/2023:13:46:06 -0500] "GET /kwssiamovil/sm/acme/a?s=U2FsdGVkX19lDHA50Ny2Yvle6VhmCAzVaLVf8MwNOCR81Mm8qkNuSHEANVppmlJqVujZ+9dDb+fPDbNugPDjM3RHV8ggucKD3y4QLbN3IFONr+1B433KukwZMj3+WZCkALlhq9GbpaYwnHlcyxnvzgj6TIm5RvkIzNzDP15yYQo=&u=U2FsdGVkX1/9voSZCLWsK+7XrD2pgshrJX7UafQC21hHt0ZvvNuXbhf0ol/G5uL2&y=U2FsdGVkX1+QY5fQUvNTS/v6XH/j1Ydg4Gk1NHpA/u9BGkJs9NQVPopVGk3I6orb HTTP/1.1" 200 26
152.203.199.53 - - [07/Jan/2023:13:46:07 -0500] "GET /kwssiamovil/sm/acme/a?s=U2FsdGVkX19Hbsoq93qTVJNyE2P5SrFbZ7PLonOjPnakAhuVQORomRmWiME1VkrIeC7ysGT+F10S2mME5HhSnjvx/z14QYrlefh/B+lr56uQBt7K6PztAFcRHgYz4T1RbjOI6gQKKgppE+dieoHuhVAP5C9M/DSUx97qqXtzmPI=&u=U2FsdGVkX1/9voSZCLWsK+7XrD2pgshrJX7UafQC21hHt0ZvvNuXbhf0ol/G5uL2&y=U2FsdGVkX1+QY5fQUvNTS/v6XH/j1Ydg4Gk1NHpA/u9BGkJs9NQVPopVGk3I6orb HTTP/1.1" 200 26
152.203.199.53 - - [07/Jan/2023:13:46:07 -0500] "GET /kwssiamovil/sm/acme/a?s=U2FsdGVkX1+FP+naQ/j8JZ+ILC2Eptg0OXZjvCd/k0CK4IxNRgzWPihOrtOtSX2LLTQ8Ks9n4RAroqy24tWQgWNq0KWYkh+j4seKI3ICC0Widz5u4m9r+7RxkqNoLfAC+q/LptS+wNtPlejoojSNKzqKGRx+aC9Dsx1czCFmU7s=&u=U2FsdGVkX1/9voSZCLWsK+7XrD2pgshrJX7UafQC21hHt0ZvvNuXbhf0ol/G5uL2&y=U2FsdGVkX1+QY5fQUvNTS/v6XH/j1Ydg4Gk1NHpA/u9BGkJs9NQVPopVGk3I6orb HTTP/1.1" 200 26
152.203.199.53 - - [07/Jan/2023:13:46:07 -0500] "GET /kwssiamovil/sm/acme/a?s=U2FsdGVkX1+8j/0aAFV7SqaIdPC+y/2Vh2Peq3hSed1u3gZUownsiSFpP9nqJ5+Nh7GpppwfUuk1QyXikNrudBnXHUbd66gZOOC0KrkoDaUI9IYLE61A0jTPUV2liMAlBSilNnoV1sqnx554tbCKW5bahDU94LYCG0ZFVZkAtvAwia6fU7Iu1LzcFSx0MZoADSfUbRtlCJJnBnrEkZjrTw==&u=U2FsdGVkX1/9voSZCLWsK+7XrD2pgshrJX7UafQC21hHt0ZvvNuXbhf0ol/G5uL2&y=U2FsdGVkX1+QY5fQUvNTS/v6XH/j1Ydg4Gk1NHpA/u9BGkJs9NQVPopVGk3I6orb HTTP/1.1" 200 26
201.245.192.253 - - [07/Jan/2023:13:46:07 -0500] "POST /sipse/faces/presentacion/proyectos/proyecto/listarProyecto.xhtml HTTP/1.1" 200 35611
152.203.199.53 - - [07/Jan/2023:13:46:07 -0500] "GET /kwssiamovil/sm/acme/a?s=U2FsdGVkX1/9yJ5sYjLPzSFrQfkcF78QRFXmjBpf4sKD66mEALnFQZZsJAbtJNh2OumI4curr+1LPYQfDOkbyzi3KN1t4j9VRZWW/RV8xxuteMiYm1ySOnDRopUP+SNzorNlQupitxGIbV9pfbQlROHVDyh6VVhdznLR7AxC+GRp/85qnHBMgLhbN9D2hXTW7i63CeGTlosaCmzbD+HhHA==&u=U2FsdGVkX1/9voSZCLWsK+7XrD2pgshrJX7UafQC21hHt0ZvvNuXbhf0ol/G5uL2&y=U2FsdGVkX1+QY5fQUvNTS/v6XH/j1Ydg4Gk1NHpA/u9BGkJs9NQVPopVGk3I6orb HTTP/1.1" 200 25
152.203.199.53 - - [07/Jan/2023:13:46:07 -0500] "GET /kwssiamovil/sm/acme/a?s=U2FsdGVkX1+B1hDwc4BmUwh3M4rctGS1pvK/6pUwcbRkIiKz8BHLwHJ/R2Gn4BkURGDnNVcPt1cWhXMhIkgms1qSVwJiEL3EDtI7KyBatQtqA1Hr800G156rzQkp3TrhyegXy+MpzyIAalk+PI6HRYZm0AI6l/dWnfZdIYL5K+Lo8ECNB+q3PDptTChtWV9r&u=U2FsdGVkX1/9voSZCLWsK+7XrD2pgshrJX7UafQC21hHt0ZvvNuXbhf0ol/G5uL2&y=U2FsdGVkX1+QY5fQUvNTS/v6XH/j1Ydg4Gk1NHpA/u9BGkJs9NQVPopVGk3I6orb HTTP/1.1" 200 26
201.245.192.253 - - [07/Jan/2023:13:46:07 -0500] "POST /sipse/faces/presentacion/proyectos/proyecto/listarProyecto.xhtml HTTP/1.1" 200 13203
152.203.199.53 - - [07/Jan/2023:13:46:07 -0500] "GET /kwssiamovil/sm/acme/a?s=U2FsdGVkX1/2pLcbF9Ji+Mq3BkYBe6Rres3VBygUh4fPEfQo4GbGzpMZjXME9gBSe3zH2oREU6clsp7oYEpOeSFtkAdTmQs622o/ssHPXqg4w6eGj2vJxV8AaZAwPO85QA3mPCvPnVqx/jzzW1iA8fQnAToXyhszf1dsEWHrDpB4D+8evz2EXcEDyu3dmjtB3/lYOtLlBA4XTOnOqLIUNA==&u=U2FsdGVkX1/9voSZCLWsK+7XrD2pgshrJX7UafQC21hHt0ZvvNuXbhf0ol/G5uL2&y=U2FsdGVkX1+QY5fQUvNTS/v6XH/j1Ydg4Gk1NHpA/u9BGkJs9NQVPopVGk3I6orb HTTP/1.1" 200 25
152.203.199.53 - - [07/Jan/2023:13:46:08 -0500] "GET /kwssiamovil/sm/acme/a?s=U2FsdGVkX1/kYo51f6FEWSNhR5phPzM4XZ1FvOwNvWhqrMeHQDGc5PeuiiIp5B4C8kpsjVzkOEO7840Q1VcH5+P95jzfNG4SQT1CzkEg766FS9nTJayx25nq8CeSFu0C/UxueqbmabXrzvFcG6ZF7r4YYsOKX3xdUsrEGpSyQ/MeL8t+RL2ZoiPU/TK6vNYG&u=U2FsdGVkX1/9voSZCLWsK+7XrD2pgshrJX7UafQC21hHt0ZvvNuXbhf0ol/G5uL2&y=U2FsdGVkX1+QY5fQUvNTS/v6XH/j1Ydg4Gk1NHpA/u9BGkJs9NQVPopVGk3I6orb HTTP/1.1" 200 26
201.245.192.253 - - [07/Jan/2023:13:46:08 -0500] "POST /sipse/faces/presentacion/proyectos/proyecto/listarProyecto.xhtml HTTP/1.1" 200 4894
152.203.199.53 - - [07/Jan/2023:13:46:08 -0500] "GET /kwssiamovil/sm/acme/a?s=U2FsdGVkX18p/dMZULSx4IPqQDrNHduckotp1IjJv1Dg0kacpq2GH3ZHLWl/ZTuloURInb+XrC5vJI/ugq5HsqOkKR4VrX+LgFcnv+n2IC+5Qy02zmzb1Vz9UKhh31lr76g8Meq+HzoblY6Zl/CXtUGYhXtPwvo+yhDG4nD01NYPPZpwxx42G+73iNGb9dNFL8qUw3bO87LE1KkYdIgolw==&u=U2FsdGVkX1/9voSZCLWsK+7XrD2pgshrJX7UafQC21hHt0ZvvNuXbhf0ol/G5uL2&y=U2FsdGVkX1+QY5fQUvNTS/v6XH/j1Ydg4Gk1NHpA/u9BGkJs9NQVPopVGk3I6orb HTTP/1.1" 200 25
152.203.199.53 - - [07/Jan/2023:13:46:08 -0500] "GET /kwssiamovil/sm/acme/a?s=U2FsdGVkX19yQ+nvtYkoNuTJC4XIGieMXFCr37KPV6TEXICFbNymuT9Y5kiYXnfveLhCmH7rUoWrHwd08ny8vKQdsMrMzQpJ2w0FbioF9oxIvpTbfwd/dhtKbFfRUvaRMJVvuxDvo+gl7QAKphgw5IqSBZ/3ItoEUUbnJpGyqH0gZUj6imHG3iZx465nsRQ2&u=U2FsdGVkX1/9voSZCLWsK+7XrD2pgshrJX7UafQC21hHt0ZvvNuXbhf0ol/G5uL2&y=U2FsdGVkX1+QY5fQUvNTS/v6XH/j1Ydg4Gk1NHpA/u9BGkJs9NQVPopVGk3I6orb HTTP/1.1" 200 26
152.203.199.53 - - [07/Jan/2023:13:46:08 -0500] "GET /kwssiamovil/sm/acme/a?s=U2FsdGVkX1/Ap3ucnJFj1nZbcGHT5V9wlU6PFEjBsJc435rDJJXsz3Vo6NApLTQ6BoQiILDKNNqkLtOet4iCiIoQq4VvWJMr+ldguovgNQOwCNjPsfTxcmgtJESTwM4+gIopbLiC2Kss3Upn7cru2Ijm7cpSqCsCt8Rchy45akqvOWhLZo0d6uGnRpLSgbGU3kpZw2jQZk0dd5hCBIBO1w==&u=U2FsdGVkX1/9voSZCLWsK+7XrD2pgshrJX7UafQC21hHt0ZvvNuXbhf0ol/G5uL2&y=U2FsdGVkX1+QY5fQUvNTS/v6XH/j1Ydg4Gk1NHpA/u9BGkJs9NQVPopVGk3I6orb HTTP/1.1" 200 25
152.203.199.53 - - [07/Jan/2023:13:46:08 -0500] "GET /kwssiamovil/sm/acme/a?s=U2FsdGVkX1+Su4Szt9C+zLnUicUSx14rUj5ecfASsrX8T2l/v1zJlrhPOXcR3WGcuSwCi7Qf2snZ+1gz5ye+G1U3BADvduHBMER/ann1AT8LVLP0tUZDbvVAyXvp1yIDHRzio+n6ljTBN2pDLPpyHEUaV4Cz9Pfc0BX0SMkoEw2gpRuLjt7Omx18HKMKmPGApWPKlAZFAtChcuzgRmcpQw==&u=U2FsdGVkX1/9voSZCLWsK+7XrD2pgshrJX7UafQC21hHt0ZvvNuXbhf0ol/G5uL2&y=U2FsdGVkX1+QY5fQUvNTS/v6XH/j1Ydg4Gk1NHpA/u9BGkJs9NQVPopVGk3I6orb HTTP/1.1" 200 26
216.245.221.92 - - [07/Jan/2023:13:46:11 -0500] "HEAD / HTTP/1.1" 200 -
201.245.192.253 - - [07/Jan/2023:13:46:12 -0500] "POST /sipse/faces/presentacion/proyectos/proyecto/listarProyecto.xhtml HTTP/1.1" 200 163
201.245.192.253 - - [07/Jan/2023:13:46:13 -0500] "GET /sipse/faces/presentacion/proyectos/proyecto/proyecto.xhtml HTTP/1.1" 200 85740
201.245.192.253 - - [07/Jan/2023:13:46:14 -0500] "GET /sipse/faces/javax.faces.resource/theme.css?ln=primefaces-sipse HTTP/1.1" 304 -
201.245.192.253 - - [07/Jan/2023:13:46:14 -0500] "GET /sipse/faces/javax.faces.resource/layout/layout.css?ln=primefaces&v=4.0 HTTP/1.1" 304 -
201.245.192.253 - - [07/Jan/2023:13:46:14 -0500] "GET /sipse/faces/javax.faces.resource/jquery/jquery.js?ln=primefaces&v=4.0 HTTP/1.1" 304 -
201.245.192.253 - - [07/Jan/2023:13:46:14 -0500] "GET /sipse/faces/javax.faces.resource/primefaces.css?ln=primefaces&v=4.0 HTTP/1.1" 304 -
201.245.192.253 - - [07/Jan/2023:13:46:14 -0500] "GET /sipse/faces/javax.faces.resource/primefaces.js?ln=primefaces&v=4.0 HTTP/1.1" 304 -
201.245.192.253 - - [07/Jan/2023:13:46:14 -0500] "GET /sipse/faces/javax.faces.resource/layout/layout.js?ln=primefaces&v=4.0 HTTP/1.1" 304 -
201.245.192.253 - - [07/Jan/2023:13:46:14 -0500] "GET /sipse/faces/javax.faces.resource/jquery/jquery-plugins.js?ln=primefaces&v=4.0 HTTP/1.1" 304 -
201.245.192.253 - - [07/Jan/2023:13:46:14 -0500] "GET /sipse/faces/javax.faces.resource/images/ui-icons_898989_256x240.png?ln=primefaces-aristo HTTP/1.1" 304 -
201.245.192.253 - - [07/Jan/2023:13:46:14 -0500] "GET /sipse/faces/javax.faces.resource/images/ui-bg_flat_0_2d5972_40x100.png?ln=primefaces-aristo HTTP/1.1" 304 -
201.245.192.253 - - [07/Jan/2023:13:46:14 -0500] "POST /sipse/faces/presentacion/proyectos/proyecto/proyecto.xhtml HTTP/1.1" 200 3257
172.22.2.4 - - [07/Jan/2023:13:45:13 -0500] "GET /BLA/boletinlegal/ HTTP/1.1" 200 36811
201.245.192.253 - - [07/Jan/2023:13:46:25 -0500] "POST /sipse/faces/presentacion/proyectos/proyecto/proyecto.xhtml HTTP/1.1" 200 25738
201.245.192.253 - - [07/Jan/2023:13:46:25 -0500] "GET /sipse/faces/javax.faces.resource/jquery/jquery.js?ln=primefaces&v=4.0 HTTP/1.1" 304 -
201.245.192.253 - - [07/Jan/2023:13:46:25 -0500] "GET /sipse/faces/javax.faces.resource/jquery/jquery-plugins.js?ln=primefaces&v=4.0 HTTP/1.1" 304 -
201.245.192.253 - - [07/Jan/2023:13:46:25 -0500] "GET /sipse/faces/javax.faces.resource/primefaces.js?ln=primefaces&v=4.0 HTTP/1.1" 304 -
201.245.192.253 - - [07/Jan/2023:13:46:25 -0500] "GET /sipse/faces/javax.faces.resource/layout/layout.js?ln=primefaces&v=4.0 HTTP/1.1" 304 -
152.203.199.53 - - [07/Jan/2023:13:46:26 -0500] "GET /kwssiamovil/sm/acme/u?s=U2FsdGVkX1+ZH2eI8zxasHOgk13wbvMvXTJ9bFc0eH/z5FUu5dhbKWxaTNxD3gmbZi28ooHVLNWV4K8PHgZm6t8a/8ocuoTih50tjOrDyvAer1JInUBemNjX6vE80NfPnaQ4eCIWFPaDwHfnxIK6YSvGvDdaJp5Uw8YZ2hJnP3o=&u=U2FsdGVkX1/9voSZCLWsK+7XrD2pgshrJX7UafQC21hHt0ZvvNuXbhf0ol/G5uL2&y=U2FsdGVkX1+QY5fQUvNTS/v6XH/j1Ydg4Gk1NHpA/u9BGkJs9NQVPopVGk3I6orb HTTP/1.1" 200 60
172.22.2.4 - - [07/Jan/2023:13:44:54 -0500] "GET /BLA/boletinlegal/index.php HTTP/1.1" 200 50495
201.245.192.253 - - [07/Jan/2023:13:46:35 -0500] "POST /sipse/faces/presentacion/proyectos/proyecto/proyectoAdministrador/editarAdministrador.xhtml HTTP/1.1" 200 18874
201.245.192.253 - - [07/Jan/2023:13:46:45 -0500] "POST /sipse/faces/presentacion/proyectos/proyecto/proyectoAdministrador/editarAdministrador.xhtml HTTP/1.1" 200 18870
201.245.192.253 - - [07/Jan/2023:13:46:52 -0500] "POST /sipse/faces/presentacion/proyectos/proyecto/proyectoAdministrador/editarAdministrador.xhtml HTTP/1.1" 200 2738
201.245.192.253 - - [07/Jan/2023:13:47:32 -0500] "POST /sipse/faces/presentacion/proyectos/proyecto/proyectoAdministrador/editarAdministrador.xhtml HTTP/1.1" 200 76932
201.245.192.253 - - [07/Jan/2023:13:47:33 -0500] "GET /sipse/faces/javax.faces.resource/jquery/jquery.js?ln=primefaces&v=4.0 HTTP/1.1" 304 -
201.245.192.253 - - [07/Jan/2023:13:47:33 -0500] "GET /sipse/faces/javax.faces.resource/jquery/jquery-plugins.js?ln=primefaces&v=4.0 HTTP/1.1" 304 -
201.245.192.253 - - [07/Jan/2023:13:47:33 -0500] "GET /sipse/faces/javax.faces.resource/primefaces.js?ln=primefaces&v=4.0 HTTP/1.1" 304 -
201.245.192.253 - - [07/Jan/2023:13:47:33 -0500] "GET /sipse/faces/javax.faces.resource/layout/layout.js?ln=primefaces&v=4.0 HTTP/1.1" 304 -
201.245.192.253 - - [07/Jan/2023:13:47:33 -0500] "GET /sipse/faces/javax.faces.resource/messages/messages.png?ln=primefaces&v=4.0 HTTP/1.1" 304 -
201.245.192.253 - - [07/Jan/2023:13:47:33 -0500] "POST /sipse/faces/presentacion/proyectos/proyecto/proyecto.xhtml HTTP/1.1" 200 3257
201.245.192.253 - - [07/Jan/2023:13:47:51 -0500] "POST /sipse/faces/presentacion/proyectos/proyecto/proyecto.xhtml HTTP/1.1" 200 25735
201.245.192.253 - - [07/Jan/2023:13:47:52 -0500] "GET /sipse/faces/javax.faces.resource/jquery/jquery.js?ln=primefaces&v=4.0 HTTP/1.1" 304 -
201.245.192.253 - - [07/Jan/2023:13:47:52 -0500] "GET /sipse/faces/javax.faces.resource/jquery/jquery-plugins.js?ln=primefaces&v=4.0 HTTP/1.1" 304 -
201.245.192.253 - - [07/Jan/2023:13:47:52 -0500] "GET /sipse/faces/javax.faces.resource/primefaces.js?ln=primefaces&v=4.0 HTTP/1.1" 304 -
201.245.192.253 - - [07/Jan/2023:13:47:52 -0500] "GET /sipse/faces/javax.faces.resource/layout/layout.js?ln=primefaces&v=4.0 HTTP/1.1" 304 -
201.245.192.253 - - [07/Jan/2023:13:48:06 -0500] "POST /sipse/faces/presentacion/proyectos/proyecto/proyectoAdministrador/editarAdministrador.xhtml HTTP/1.1" 200 18873
201.245.192.253 - - [07/Jan/2023:13:48:15 -0500] "POST /sipse/faces/presentacion/proyectos/proyecto/proyectoAdministrador/editarAdministrador.xhtml HTTP/1.1" 200 2734
201.245.192.253 - - [07/Jan/2023:13:48:49 -0500] "POST /sipse/faces/presentacion/proyectos/proyecto/proyectoAdministrador/editarAdministrador.xhtml HTTP/1.1" 200 76908
201.245.192.253 - - [07/Jan/2023:13:48:50 -0500] "GET /sipse/faces/javax.faces.resource/jquery/jquery.js?ln=primefaces&v=4.0 HTTP/1.1" 304 -
201.245.192.253 - - [07/Jan/2023:13:48:50 -0500] "GET /sipse/faces/javax.faces.resource/jquery/jquery-plugins.js?ln=primefaces&v=4.0 HTTP/1.1" 304 -
201.245.192.253 - - [07/Jan/2023:13:48:50 -0500] "GET /sipse/faces/javax.faces.resource/primefaces.js?ln=primefaces&v=4.0 HTTP/1.1" 304 -
201.245.192.253 - - [07/Jan/2023:13:48:50 -0500] "GET /sipse/faces/javax.faces.resource/layout/layout.js?ln=primefaces&v=4.0 HTTP/1.1" 304 -
201.245.192.253 - - [07/Jan/2023:13:48:50 -0500] "POST /sipse/faces/presentacion/proyectos/proyecto/proyecto.xhtml HTTP/1.1" 200 3257
185.119.81.99 - - [07/Jan/2023:13:50:27 -0500] "GET /portaldeninos/wp-login.php HTTP/1.1" 200 2592
201.245.192.253 - - [07/Jan/2023:13:50:26 -0500] "POST /kwsrmcab/Wsrmcab  HTTP/1.1" 200 43926
185.119.81.99 - - [07/Jan/2023:13:50:28 -0500] "POST /portaldeninos/wp-login.php HTTP/1.1" 200 3670
143.110.172.216 - - [07/Jan/2023:13:50:50 -0500] "GET /portaldeninos/ HTTP/1.1" 200 110197
172.22.2.4 - - [07/Jan/2023:13:49:13 -0500] "HEAD /BLA/boletinlegal/ HTTP/1.1" 200 -
192.5.86.218 - - [07/Jan/2023:13:50:58 -0500] "GET /galeria/galeria/jquery.fancybox.js?v=2.1.5 HTTP/1.1" 200 48706
192.5.86.218 - - [07/Jan/2023:13:50:58 -0500] "GET /BLA/boletinlegal/js/jquery.scrollShow.js HTTP/1.1" 200 4586
216.245.221.92 - - [07/Jan/2023:13:51:11 -0500] "HEAD / HTTP/1.1" 200 -
186.102.37.76 - - [07/Jan/2023:13:51:16 -0500] "GET /kwssiamovil/sm/acme/a?s=U2FsdGVkX19TWiDNB7V1RQMXa5shU23vAebkSKYkm8+vtiqwVdL1pTaX4sbMjt0d1qVnhP8QR7DOMs+bg51yIMZNKsDg4S1IEoBCVy3yQKkPzVblz1lqgXdye5n1rJ2rt8pNK/GeSeBH1T8u6kfIK7tPNHQXp2uSf0EO9rlmK2jow1AX0cBRsTNZKsKmImfu02Emx3kSAHF1zJ2cG3R9/snbe90xdmkp/Yj7sgxSUmFJOQ2vvaLTo/RPFmsd6obZkKMlhnb9jANp6ClUFFjkuA==&u=U2FsdGVkX18P536XyfV3GjH1vua9PqNaQXS5N/O3kPI=&y=U2FsdGVkX198BEV8FOF6yrt2nBs/nm1ntzv0unqakOVlDazDJXLnNyhVaDr+Bvbs HTTP/1.1" 200 26
186.102.37.76 - - [07/Jan/2023:13:51:16 -0500] "GET /kwssiamovil/sm/acme/a?s=U2FsdGVkX18DSsPurtI/XL9XCiXxYIHWz9G6IkYxJ0jSGZ65wpaW7NG16b04j0h0ZP38zGACvPZFc+fZeX6xpSmuL/0XVrhKsL0doJjSfsTUvtFKegmvwHLd0hQx8cA7nUJ2yBQRAcDSC562DMxZ98oiKtZ5zAaF1NQAOiNOcBr1ZzdT1QX+Pq4BaOinMjNPmnG1IY+zWFqcbV67DVmMOYodOYYdXWpsw/dAwn5DseMZwOzzzA0NHBRFA8BJg/Ua5DtS3CGek0z/J4I5Vhs3QP9e46IidQUW70rccb487HizZU4jbz9PzMAXiAqd5T2feCkNdmmgS/ZXzVmHGj1hd9QHFuS8pAeZ5Ke3fHKS7k1G9WqwFRjH8mh69cwksdnyKDSPLig+roSk31dDoJgS8zgU1GjUr+KCeRXxD0vuzm1LsY+PhD18LfdbwKeXxdGLVghJ5cr2ke5ZKdy0e5rtkkYybpsXiT4gmhTNjNSWgSRLie8J7KzyUyZ5JrDuIm/JkwmRKv3Vgffv7eTebHY5YwpwJs8AHaCpR7ajD2VoiFkpitEEidEhlNzFG1f/kWqrJaThjU/dqVUkgI6mfy608xwZR2LnFSGPn67Kg2EEieVwb4kOSRD5LNqtj+Fe5Iror68NuVvjivxKgPOSspAJ5kzGmdmn3kOtJwPNltB5Df5mrvoT5AGHrs9q1RQfQZL/iGbM5YJTo+hSWHN1rrWjeUv7U0Mxxoh0HAvnP9Fc/O8pkuM1tG2Kfp147Tlfr1DVFrFFUce9ZIsJaLVNMregWsldvPqtLtwxWu10hT3BKpW9d8vAi6HM7zr2pJKGs/mXDXOKDISe1k0P5le290pPj2NsLi2esgUIDmmqSa8+q1pjUQY74lX48/B8Nb2xaoVG16vAsDHUolJrjyQXkAZmOq4tPmn7CYGFpwYVGe6n/3fWHT2GAzOGFVQDw3J7iVbmHLC0X9PwZka3A5OSFO8BDB60iXIkJHZbbwu/DoeLXDiNZgxLN1WlmAd7aTq9tamettt6FKeI2+qPeocftnh1zxWsd2NV5/9d0fVdM4tE+0gO/ibYtOB1WIElv1q2IdUxAS9zL1FeucAmhsC9Dj5lR7PofqJsRKo0DSxxWMAkx8/HqRk2UscmEXrFcbxiSkz4hVsOOEjg52I0fJtGGQWnsRmTbbxj4IWouxuL7O3QM5vgFFQQl+6Kajja0yoEBRwiHBy13k3SEaKfML8zlnEwPUbIL2/mbbuEkeV+eYt+VauI6YrEarHh2P8GhgoXh11qw4/Om5hDTnuo8CovujqsYIv6RW/y/2ut+0uLueGcdR0Wh7gbwyWqogbcWZfgWjta18EJwMGdanA5/96ZzRDQoOvQQVSgSRxqiljLHRxBO5FUZ2rn2a1EyoYAmPflnAZvaFD9V3uFqO4+H1o+0OPtkohHMBVIhTvzlvAugVrySYlqP6HMusxVfqisIGKit4cFchCs9yGWmx+/+66hvBwQvIyWaZET/frrt9q3taL8bDO2T4quXdAJpHmTcGjSBCgqh+I3R6p1xRKML0B+2lLyf2yqJG3lJG6d7kQMZHMaqMGk2R+39MiOCKfK8x5PcDNlJN+02//3wTqGkXeiD0C/vShoY8ddARNxqHNKnJ0HeXUzzz/i14l1KotUC7JrmrKGJkdnxQ255PspqURklon0FuBFReU2DzIeVsSGKxo8ptsJfX0KBkjwBE33qjQUALIKYfoI964vIv7cOxNo2HaRgpApxLVc22fGr1wJm+72xnE05BA/QfWAuoP4bcmLJOqwUlhyTZ8Ei0My2spg3EGdTZC/TTPdAJ2nqAHBN5HXXN/T4cDkspi6vjAw7dy3xIFyjkSqMaXS/b6uVc/a77+lRBVb/V16/eZRsE4AB1hh8jaZDCLjxn74P2xZyKfXnnXbWxsNst4LFuppSAuiQvwJaPQQ2Bg0JFR8x4lseu8R6sCDnyHGXYweXT8aGXJ3NplHYM9QAkLtdrvteSjxlcKdpG7pM6KvZqdWra1ErRoDewalUB5r6iu3zMKe0i8EfLokKJU6dnOu1wcI8vLtz9MfLWukvDApaJXk/gjO1dCX2oo5b8IpxLLu1Z/WsTfRkdhVbw5kZrfVEGWevZKtfFj9brEu4vSAaK7CSoep8N1Ha3VvcxKYqttg6oApo5wfQtEwosHakrtzh/O96wzr7C0kFvblWK4AQiJQegtv2Cdj5twtahCLa7xMnsmuyDPE/QKOdg9fV09u+6ylG8wocxtn+byMU77gSY8qIZFX1q5+gSv2VJ7BdqnVQrhEzhLYh6p6AbI24cy/WdWG0FRMrSW2rgzUhI8OWSXB6YMfipUxuOJ2t3v/OXkjKpc9vTEI711eHjLtWerTjrQvWU9MFO2ljlaKDA3gllxI/GAMu14gsFmJlXqeDQwUAGbhTz8vK0Ad&u=U2FsdGVkX18P536XyfV3GjH1vua9PqNaQXS5N/O3kPI=&y=U2FsdGVkX198BEV8FOF6yrt2nBs/nm1ntzv0unqakOVlDazDJXLnNyhVaDr+Bvbs HTTP/1.1" 200 26
186.102.37.76 - - [07/Jan/2023:13:51:16 -0500] "GET /kwssiamovil/sm/acme/a?s=U2FsdGVkX1/uR3K/ody4C+H4ddMMLpuGlvaVW3MQVf0YdqvghdK02y1p5YtoK2aplslhoTHzvCrc5Kk66vIRmACvTYfB8anOmELryA3i4r2ZmQUj6/wBeaw0jorayIxFcFAS72q6yG2HZ+oNLK10Mz9vZRc+WWAre3BuzitJADQ=&u=U2FsdGVkX18P536XyfV3GjH1vua9PqNaQXS5N/O3kPI=&y=U2FsdGVkX198BEV8FOF6yrt2nBs/nm1ntzv0unqakOVlDazDJXLnNyhVaDr+Bvbs HTTP/1.1" 200 26
186.102.37.76 - - [07/Jan/2023:13:51:16 -0500] "GET /kwssiamovil/sm/acme/a?s=U2FsdGVkX1/YApJELvFiOWyEXO80HViLnfe/hsmMCX579oNzaLYZrZjhhSXgZvhCqaiRqVIhp8WNqVndSdsW8zVUYuSQIFXcCuZFhjk6DbFY3jEwrosM2pEC6EJNokhifgt7eu9kFYyeYY+Hxu23wgL0f4LKKkN2aBeWddW2KdM=&u=U2FsdGVkX18P536XyfV3GjH1vua9PqNaQXS5N/O3kPI=&y=U2FsdGVkX198BEV8FOF6yrt2nBs/nm1ntzv0unqakOVlDazDJXLnNyhVaDr+Bvbs HTTP/1.1" 200 26
186.102.37.76 - - [07/Jan/2023:13:51:17 -0500] "GET /kwssiamovil/sm/acme/a?s=U2FsdGVkX1/UDOQWh8B+zjtk4zp097XioYdOTwWFgygoxD3Io447+GzezZjTmNOIN511yL4bA4C5MKeVL7f1kvU+g3ZHqn4fEFopX0RDt8UaPVltJ1V0L47jYRpFFOxnWmtFmYEzaEIInE0DaRAKBVc65rWCUAr8RndUfdEgA/I=&u=U2FsdGVkX18P536XyfV3GjH1vua9PqNaQXS5N/O3kPI=&y=U2FsdGVkX198BEV8FOF6yrt2nBs/nm1ntzv0unqakOVlDazDJXLnNyhVaDr+Bvbs HTTP/1.1" 200 26
186.102.37.76 - - [07/Jan/2023:13:51:17 -0500] "GET /kwssiamovil/sm/acme/a?s=U2FsdGVkX18VzT9BcJbnXt7vv/GIXGNWIoUtUXii5IwM1UyFYoCSwVbmgRAMlDFIBXkg1s5LbYnBB/6C++eCCNA3tXe4bK3Qh5iIe4NtG5cromKBOCXjVndt9rCmb7NtaDdbEj511CnX2WLQt3qQ7LRjYJb+jHwCsjq5yCCyJZ6zwVwqyzQlF4Ef/0VVm98fTths9xhJkNwkWLx0YR96zw==&u=U2FsdGVkX18P536XyfV3GjH1vua9PqNaQXS5N/O3kPI=&y=U2FsdGVkX198BEV8FOF6yrt2nBs/nm1ntzv0unqakOVlDazDJXLnNyhVaDr+Bvbs HTTP/1.1" 200 26
172.22.2.4 - - [07/Jan/2023:13:50:03 -0500] "GET /BLA/boletinlegal/ HTTP/1.1" 200 57824
201.245.192.253 - - [07/Jan/2023:13:55:25 -0500] "POST /kwsrmcab/Wsrmcab  HTTP/1.1" 200 43926
173.252.79.14 - - [07/Jan/2023:13:55:48 -0500] "GET /images/cr\xc3\xb3nica-29-nov-1_optimized.jpeg HTTP/1.1" 404 1034
207.46.13.93 - - [07/Jan/2023:13:56:07 -0500] "GET /BLA/resoluciones/RESOLUCIONES%202021/0239.pdf HTTP/1.1" 304 -
216.245.221.92 - - [07/Jan/2023:13:56:11 -0500] "HEAD / HTTP/1.1" 200 -
172.22.2.4 - - [07/Jan/2023:13:55:03 -0500] "HEAD /BLA/boletinlegal/ HTTP/1.1" 200 -
172.22.2.4 - - [07/Jan/2023:13:55:53 -0500] "GET /BLA/boletinlegal/ HTTP/1.1" 200 57192
186.102.51.222 - - [07/Jan/2023:13:59:59 -0500] "GET /kwssiamovil/sm/acme/a?s=U2FsdGVkX19LJuUKdqAZvGc9wXo3PzTZmXNtNj3OceHodAPvwLMOQnaDP4mDYZ/Hml2gwGJ8EaTu2lfb19AdynNASaafMrSswHduyaXy8jKLVDgfXOD0bPe55DaVp8EI87B1aYXgaikeQfE6R6UZMdmtUgOplun2imgsg5ajnSM7WQmpflOaSHoZC3ZgqUw207e07zbi2yd14VSqkhwKnpOCq2mMdb/BUX1sh/nB3O/dNfxxnDGJxI973NQUX3NDyW39x63DuSOV5ur+W2rdOw==&u=U2FsdGVkX18hFRWMv1rosIDACdB97J+3LzIRRYj+2kk=&y=U2FsdGVkX1/p80G7ih+ikk5KwltwlLVRTp2/UMWyymOvLPX6uWqwZVBFfzHO2OR+ HTTP/1.1" 200 26
