!C99Shell v. 1.0 pre-release build #13!

Software: Apache. PHP/5.5.15 

uname -a: Windows NT SVR-DMZ 6.1 build 7600 (Windows Server 2008 R2 Enterprise Edition) i586 

SYSTEM 

Safe-mode: OFF (not secure)

E:\nuevo\apache\logs\   drwxrwxrwx
Free 8.02 GB of 239.26 GB (3.35%)
Detected drives: [ a ] [ c ] [ d ] [ e ] [ f ]
Home    Back    Forward    UPDIR    Refresh    Search    Buffer    Encoder    Tools    Proc.    FTP brute    Sec.    SQL    PHP-code    Update    Feedback    Self remove    Logout    


Viewing file:     access.2023.01.07.log (1.74 MB)      -rw-rw-rw-
Select action/file-type:
(+) | (+) | (+) | Code (+) | Session (+) | (+) | SDB (+) | (+) | (+) | (+) | (+) | (+) |
216.245.221.92 - - [07/Jan/2023:00:01:13 -0500] "HEAD / HTTP/1.1" 200 -
172.22.2.4 - - [07/Jan/2023:00:00:55 -0500] "HEAD /BLA/boletinlegal/ HTTP/1.1" 200 -
66.249.73.127 - - [07/Jan/2023:00:02:44 -0500] "-" 408 -
201.245.192.253 - - [07/Jan/2023:00:03:19 -0500] "POST /kwsrmcab/Wsrmcab  HTTP/1.1" 200 43926
172.22.2.4 - - [07/Jan/2023:00:01:45 -0500] "GET /BLA/boletinlegal/ HTTP/1.1" 200 57824
114.119.135.32 - - [07/Jan/2023:00:04:44 -0500] "GET /portaldeninos/los-arboles/tips/ HTTP/1.1" 200 87677
185.119.81.105 - - [07/Jan/2023:00:05:27 -0500] "GET /portaldeninos/wp-login.php HTTP/1.1" 200 2592
185.119.81.105 - - [07/Jan/2023:00:05:28 -0500] "POST /portaldeninos/wp-login.php HTTP/1.1" 200 3650
216.245.221.92 - - [07/Jan/2023:00:06:13 -0500] "HEAD / HTTP/1.1" 200 -
50.236.177.202 - - [07/Jan/2023:00:08:01 -0500] "GET /galeria/galeria/fotos/diaSC4Peq.jpg HTTP/1.1" 200 21008
185.119.81.102 - - [07/Jan/2023:00:08:10 -0500] "GET /portaldeninos/wp-login.php HTTP/1.1" 200 2592
185.119.81.102 - - [07/Jan/2023:00:08:11 -0500] "POST /portaldeninos/wp-login.php HTTP/1.1" 200 3670
201.245.192.253 - - [07/Jan/2023:00:08:18 -0500] "POST /kwsrmcab/Wsrmcab  HTTP/1.1" 200 43926
172.22.2.4 - - [07/Jan/2023:00:06:45 -0500] "HEAD /BLA/boletinlegal/ HTTP/1.1" 200 -
66.249.73.127 - - [07/Jan/2023:00:08:46 -0500] "-" 408 -
40.77.202.101 - - [07/Jan/2023:00:09:00 -0500] "GET /galeria/nivo-slider/themes/default/default.css HTTP/1.1" 200 1569
40.77.202.101 - - [07/Jan/2023:00:09:00 -0500] "GET /galeria/nivo-slider/themes/pascal/pascal.css HTTP/1.1" 200 2258
40.77.202.101 - - [07/Jan/2023:00:09:00 -0500] "GET /galeria/nivo-slider/themes/orman/orman.css HTTP/1.1" 200 2152
40.77.202.101 - - [07/Jan/2023:00:09:00 -0500] "GET /galeria/nivo-slider/nivo-slider.css HTTP/1.1" 200 1507
40.77.202.101 - - [07/Jan/2023:00:09:00 -0500] "GET /galeria/nivo-slider/demo/style.css HTTP/1.1" 200 2222
40.77.202.101 - - [07/Jan/2023:00:09:00 -0500] "GET /galeria/nivo-slider/demo/scripts/jquery-1.7.1.min.js HTTP/1.1" 200 93868
40.77.202.101 - - [07/Jan/2023:00:09:00 -0500] "GET /galeria/nivo-slider/jquery.nivo.slider.pack.js HTTP/1.1" 200 11561
172.22.2.4 - - [07/Jan/2023:00:07:35 -0500] "GET /BLA/boletinlegal/ HTTP/1.1" 200 57192
172.22.2.4 - - [07/Jan/2023:00:09:24 -0500] "GET /BLA/boletinlegal/jurisprudencia/analisis/AnalisisT-606-15.docx HTTP/1.1" 200 26698
172.22.2.4 - - [07/Jan/2023:00:09:25 -0500] "GET /BLA/boletinlegal/apple-touch-icon-120x120-precomposed.png HTTP/1.1" 404 1140
172.22.2.4 - - [07/Jan/2023:00:09:25 -0500] "GET /BLA/boletinlegal/apple-touch-icon-120x120.png HTTP/1.1" 404 1140
172.22.2.4 - - [07/Jan/2023:00:09:25 -0500] "GET /BLA/boletinlegal/apple-touch-icon-precomposed.png HTTP/1.1" 404 1140
172.22.2.4 - - [07/Jan/2023:00:09:25 -0500] "GET /BLA/boletinlegal/apple-touch-icon.png HTTP/1.1" 404 1140
172.22.2.4 - - [07/Jan/2023:00:09:25 -0500] "GET /BLA/boletinlegal/favicon.ico HTTP/1.1" 404 1140
172.22.2.4 - - [07/Jan/2023:00:09:25 -0500] "GET /BLA/boletinlegal/apple-touch-icon-120x120-precomposed.png HTTP/1.1" 404 1140
172.22.2.4 - - [07/Jan/2023:00:09:25 -0500] "GET /BLA/boletinlegal/apple-touch-icon-120x120.png HTTP/1.1" 404 1140
172.22.2.4 - - [07/Jan/2023:00:09:25 -0500] "GET /BLA/boletinlegal/apple-touch-icon-precomposed.png HTTP/1.1" 404 1140
172.22.2.4 - - [07/Jan/2023:00:09:25 -0500] "GET /BLA/boletinlegal/apple-touch-icon.png HTTP/1.1" 404 1140
172.22.2.4 - - [07/Jan/2023:00:09:25 -0500] "GET /BLA/boletinlegal/favicon.ico HTTP/1.1" 404 1140
216.245.221.92 - - [07/Jan/2023:00:11:13 -0500] "HEAD / HTTP/1.1" 200 -
157.55.39.212 - - [07/Jan/2023:00:12:44 -0500] "GET / HTTP/1.1" 200 319
201.245.192.253 - - [07/Jan/2023:00:13:17 -0500] "POST /kwsrmcab/Wsrmcab  HTTP/1.1" 200 43926
172.22.2.4 - - [07/Jan/2023:00:12:35 -0500] "HEAD /BLA/boletinlegal/ HTTP/1.1" 200 -
66.249.73.127 - - [07/Jan/2023:00:14:24 -0500] "-" 408 -
199.16.157.180 - - [07/Jan/2023:00:15:05 -0500] "GET /images/Acuerdos%2001%20(1)%20(1).jpeg HTTP/1.1" 200 32884
172.22.2.4 - - [07/Jan/2023:00:13:25 -0500] "GET /BLA/boletinlegal/ HTTP/1.1" 200 59404
216.245.221.92 - - [07/Jan/2023:00:16:13 -0500] "HEAD / HTTP/1.1" 200 -
168.119.51.200 - - [07/Jan/2023:00:17:15 -0500] "GET / HTTP/1.1" 200 319
88.99.142.101 - - [07/Jan/2023:00:17:22 -0500] "GET /durante-el-puente-de-reyes-y-en-el-regreso-a-bogota-ayuda-a-mantener-una-buena-calidad-del-aire.html HTTP/1.1" 200 991
201.245.192.253 - - [07/Jan/2023:00:18:16 -0500] "POST /kwsrmcab/Wsrmcab  HTTP/1.1" 200 43926
201.245.192.253 - - [07/Jan/2023:00:19:11 -0500] "POST /kwsrmcab/Wsrmcab HTTP/1.1" 200 43950
201.245.192.253 - - [07/Jan/2023:00:19:15 -0500] "POST /kwsrmcab/Wsrmcab HTTP/1.1" 200 43964
172.22.2.4 - - [07/Jan/2023:00:18:25 -0500] "HEAD /BLA/boletinlegal/ HTTP/1.1" 200 -
66.249.73.127 - - [07/Jan/2023:00:20:05 -0500] "-" 408 -
172.22.2.4 - - [07/Jan/2023:00:19:15 -0500] "GET /BLA/boletinlegal/ HTTP/1.1" 200 54100
179.19.34.228 - - [07/Jan/2023:00:21:12 -0500] "GET /BLA/resoluciones/AUTOS%202014/4233.pdf HTTP/1.1" 200 568492
216.245.221.92 - - [07/Jan/2023:00:21:13 -0500] "HEAD / HTTP/1.1" 200 -
172.22.2.4 - - [07/Jan/2023:00:20:37 -0500] "GET /BLA/boletinlegal/ HTTP/1.1" 200 61323
201.245.192.253 - - [07/Jan/2023:00:23:15 -0500] "POST /kwsrmcab/Wsrmcab  HTTP/1.1" 200 43926
172.22.2.4 - - [07/Jan/2023:00:24:15 -0500] "HEAD /BLA/boletinlegal/ HTTP/1.1" 200 -
216.245.221.92 - - [07/Jan/2023:00:26:13 -0500] "HEAD / HTTP/1.1" 200 -
66.249.73.127 - - [07/Jan/2023:00:26:17 -0500] "-" 408 -
172.22.2.4 - - [07/Jan/2023:00:25:05 -0500] "GET /BLA/boletinlegal/ HTTP/1.1" 200 53337
201.245.192.253 - - [07/Jan/2023:00:28:14 -0500] "POST /kwsrmcab/Wsrmcab  HTTP/1.1" 200 43926
162.243.148.13 - - [07/Jan/2023:00:28:39 -0500] "GET / HTTP/1.1" 200 319
201.245.192.253 - - [07/Jan/2023:00:29:11 -0500] "POST /kwsrmcab/Wsrmcab HTTP/1.1" 200 43950
201.245.192.253 - - [07/Jan/2023:00:29:15 -0500] "POST /kwsrmcab/Wsrmcab HTTP/1.1" 200 43964
172.22.2.4 - - [07/Jan/2023:00:30:13 -0500] "GET /BLA/boletinlegal/jurisprudencia/analisis/AnalisisT-095-16.docx HTTP/1.1" 304 -
204.199.115.98 - - [07/Jan/2023:00:31:11 -0500] "GET /contenedores-de-ropa-de-usada-secretaria-de-ambiente-ha-logrado-recolectar-1-7-toneladas-de-prendas.html HTTP/1.1" 200 996
216.245.221.92 - - [07/Jan/2023:00:31:13 -0500] "HEAD / HTTP/1.1" 200 -
172.22.2.4 - - [07/Jan/2023:00:30:05 -0500] "HEAD /BLA/boletinlegal/ HTTP/1.1" 200 -
172.22.2.4 - - [07/Jan/2023:00:30:55 -0500] "GET /BLA/boletinlegal/ HTTP/1.1" 200 56825
66.249.73.127 - - [07/Jan/2023:00:32:36 -0500] "-" 408 -
205.185.118.237 - - [07/Jan/2023:00:32:51 -0500] "POST /boaform/admin/formLogin HTTP/1.1" 404 1186
201.245.192.253 - - [07/Jan/2023:00:33:13 -0500] "POST /kwsrmcab/Wsrmcab  HTTP/1.1" 200 43926
173.252.87.19 - - [07/Jan/2023:00:33:25 -0500] "GET /images/reunion-planta-termovalorizacion-11-mayo.jpg HTTP/1.1" 200 34782
173.252.87.10 - - [07/Jan/2023:00:35:53 -0500] "GET /images/la-vieja-mayo-24.jpg HTTP/1.1" 200 58217
216.245.221.92 - - [07/Jan/2023:00:36:13 -0500] "HEAD / HTTP/1.1" 200 -
185.119.81.102 - - [07/Jan/2023:00:36:27 -0500] "GET /portaldeninos/wp-login.php HTTP/1.1" 200 2592
185.119.81.102 - - [07/Jan/2023:00:36:28 -0500] "POST /portaldeninos/wp-login.php HTTP/1.1" 200 3605
172.22.2.4 - - [07/Jan/2023:00:35:55 -0500] "HEAD /BLA/boletinlegal/ HTTP/1.1" 200 -
201.245.192.253 - - [07/Jan/2023:00:38:12 -0500] "POST /kwsrmcab/Wsrmcab  HTTP/1.1" 200 43926
172.22.2.4 - - [07/Jan/2023:00:36:45 -0500] "GET /BLA/boletinlegal/ HTTP/1.1" 200 52453
66.249.73.127 - - [07/Jan/2023:00:38:53 -0500] "-" 408 -
201.245.192.253 - - [07/Jan/2023:00:39:11 -0500] "POST /kwsrmcab/Wsrmcab HTTP/1.1" 200 43950
201.245.192.253 - - [07/Jan/2023:00:39:14 -0500] "POST /kwsrmcab/Wsrmcab HTTP/1.1" 200 43964
216.245.221.92 - - [07/Jan/2023:00:41:13 -0500] "HEAD / HTTP/1.1" 200 -
201.245.192.253 - - [07/Jan/2023:00:43:11 -0500] "POST /kwsrmcab/Wsrmcab  HTTP/1.1" 200 43926
172.22.2.4 - - [07/Jan/2023:00:41:45 -0500] "HEAD /BLA/boletinlegal/ HTTP/1.1" 200 -
172.22.2.4 - - [07/Jan/2023:00:42:36 -0500] "GET /BLA/boletinlegal/ HTTP/1.1" 200 57824
66.249.73.127 - - [07/Jan/2023:00:44:40 -0500] "-" 408 -
216.245.221.92 - - [07/Jan/2023:00:46:13 -0500] "HEAD / HTTP/1.1" 200 -
201.245.192.253 - - [07/Jan/2023:00:48:09 -0500] "POST /kwsrmcab/Wsrmcab  HTTP/1.1" 200 43926
172.22.2.4 - - [07/Jan/2023:00:47:35 -0500] "HEAD /BLA/boletinlegal/ HTTP/1.1" 200 -
128.14.134.134 - - [07/Jan/2023:00:49:33 -0500] "GET /portaldeninos/ HTTP/1.1" 200 110197
197.52.182.41 - - [07/Jan/2023:00:49:42 -0500] "-" 408 -
172.22.2.4 - - [07/Jan/2023:00:48:25 -0500] "GET /BLA/boletinlegal/ HTTP/1.1" 200 59035
216.245.221.92 - - [07/Jan/2023:00:51:13 -0500] "HEAD / HTTP/1.1" 200 -
66.249.73.127 - - [07/Jan/2023:00:51:17 -0500] "-" 408 -
201.245.192.253 - - [07/Jan/2023:00:53:07 -0500] "POST /kwsrmcab/Wsrmcab  HTTP/1.1" 200 43926
172.22.2.4 - - [07/Jan/2023:00:54:00 -0500] "GET /BLA/boletinlegal/images/arr_r.jpg HTTP/1.1" 304 -
207.46.13.93 - - [07/Jan/2023:00:54:16 -0500] "GET /BLA/resoluciones/AUTOS%202021/0802.pdf HTTP/1.1" 304 -
181.59.2.47 - - [07/Jan/2023:00:54:44 -0500] "GET /galeria/carrusel/Carrusel/jquery.thumbnailScroller.css HTTP/1.1" 200 2066
181.59.2.47 - - [07/Jan/2023:00:54:44 -0500] "GET /galeria/carrusel/Carrusel/jquery-ui-1.8.13.custom.min.js HTTP/1.1" 200 10800
181.59.2.47 - - [07/Jan/2023:00:54:45 -0500] "GET /galeria/carrusel/Carrusel/jquery.thumbnailScroller.js HTTP/1.1" 200 8157
181.59.2.47 - - [07/Jan/2023:00:54:45 -0500] "GET /galeria/nivo-slider/demo/banner.html HTTP/1.1" 200 5446
181.59.2.47 - - [07/Jan/2023:00:54:46 -0500] "GET /galeria/nivo-slider/themes/default/default.css HTTP/1.1" 200 1569
181.59.2.47 - - [07/Jan/2023:00:54:47 -0500] "GET /galeria/nivo-slider/themes/pascal/pascal.css HTTP/1.1" 200 2258
172.22.2.4 - - [07/Jan/2023:00:53:25 -0500] "HEAD /BLA/boletinlegal/ HTTP/1.1" 200 -
181.59.2.47 - - [07/Jan/2023:00:55:11 -0500] "GET /galeria/nivo-slider/themes/orman/orman.css HTTP/1.1" 200 2152
181.59.2.47 - - [07/Jan/2023:00:55:11 -0500] "GET /galeria/nivo-slider/nivo-slider.css HTTP/1.1" 200 1507
181.59.2.47 - - [07/Jan/2023:00:55:13 -0500] "GET /galeria/nivo-slider/demo/style.css HTTP/1.1" 200 2222
181.59.2.47 - - [07/Jan/2023:00:55:13 -0500] "GET /galeria/nivo-slider/demo/scripts/jquery-1.7.1.min.js HTTP/1.1" 200 93868
181.59.2.47 - - [07/Jan/2023:00:55:13 -0500] "GET /galeria/nivo-slider/jquery.nivo.slider.pack.js HTTP/1.1" 200 11561
181.59.2.47 - - [07/Jan/2023:00:55:13 -0500] "GET /galeria/nivo-slider/demo/images/bannertortuga_optimized.jpg HTTP/1.1" 200 39066
181.59.2.47 - - [07/Jan/2023:00:55:14 -0500] "GET /galeria/nivo-slider/demo/images/Bannermujeresquereverdecen.jpg HTTP/1.1" 200 46558
181.59.2.47 - - [07/Jan/2023:00:55:14 -0500] "GET /galeria/nivo-slider/demo/images/bannertrafico_optimized.jpg HTTP/1.1" 200 42578
181.59.2.47 - - [07/Jan/2023:00:55:14 -0500] "GET /galeria/nivo-slider/demo/images/Bannersedeelectronica.jpg HTTP/1.1" 200 40383
181.59.2.47 - - [07/Jan/2023:00:55:15 -0500] "GET /galeria/nivo-slider/demo/images/4Simple_Slider.png HTTP/1.1" 200 11722
181.59.2.47 - - [07/Jan/2023:00:55:16 -0500] "GET /galeria/nivo-slider/demo/images/bannerrutaesperanza.jpg HTTP/1.1" 200 55560
181.59.2.47 - - [07/Jan/2023:00:55:16 -0500] "GET /galeria/nivo-slider/demo/images/banneraire2021.jpg HTTP/1.1" 200 265101
181.59.2.47 - - [07/Jan/2023:00:55:19 -0500] "GET /galeria/nivo-slider/demo/images/Bannerplasticosseptiembre.jpg HTTP/1.1" 200 45633
181.59.2.47 - - [07/Jan/2023:00:55:19 -0500] "GET /galeria/nivo-slider/demo/images/bannerresiduoshospitalariosagosto.jpg HTTP/1.1" 200 36499
181.59.2.47 - - [07/Jan/2023:00:55:19 -0500] "GET /galeria/nivo-slider/demo/images/banneraccionpopularcrr68.jpg HTTP/1.1" 200 51887
181.59.2.47 - - [07/Jan/2023:00:55:21 -0500] "GET /galeria/nivo-slider/demo/images/banneraccionpopular.jpeg HTTP/1.1" 200 41707
181.59.2.47 - - [07/Jan/2023:00:55:21 -0500] "GET /galeria/nivo-slider/demo/images/bannerclases2021.jpg HTTP/1.1" 200 68230
181.59.2.47 - - [07/Jan/2023:00:55:21 -0500] "GET /galeria/nivo-slider/demo/images/bannercapacitacionesbogota.jpg HTTP/1.1" 200 42416
181.59.2.47 - - [07/Jan/2023:00:55:21 -0500] "GET /galeria/nivo-slider/demo/images/Bannerenvases.jpg HTTP/1.1" 200 37316
181.59.2.47 - - [07/Jan/2023:00:55:21 -0500] "GET /galeria/nivo-slider/demo/images/Bannervirtualescanales.jpg HTTP/1.1" 200 174544
181.59.2.47 - - [07/Jan/2023:00:55:21 -0500] "GET /galeria/nivo-slider/themes/default/loading.gif HTTP/1.1" 200 1737
181.59.2.47 - - [07/Jan/2023:00:55:26 -0500] "GET /galeria/nivo-slider/themes/default/arrows.png HTTP/1.1" 200 824
181.59.2.47 - - [07/Jan/2023:00:55:27 -0500] "GET /galeria/nivo-slider/themes/default/bullets.png HTTP/1.1" 200 1281
172.22.2.4 - - [07/Jan/2023:00:54:15 -0500] "GET /BLA/boletinlegal/ HTTP/1.1" 200 57192
216.245.221.92 - - [07/Jan/2023:00:56:13 -0500] "HEAD / HTTP/1.1" 200 -
40.77.167.12 - - [07/Jan/2023:00:57:20 -0500] "GET /Publicaciones/2022EE129731.pdf HTTP/1.1" 404 228
201.245.192.253 - - [07/Jan/2023:00:58:06 -0500] "POST /kwsrmcab/Wsrmcab  HTTP/1.1" 200 43926
207.46.13.39 - - [07/Jan/2023:00:59:27 -0500] "GET /BLA/resoluciones/RESOLUCIONES%202014/0362.pdf HTTP/1.1" 304 -
172.22.2.4 - - [07/Jan/2023:00:59:15 -0500] "HEAD /BLA/boletinlegal/ HTTP/1.1" 200 -
216.245.221.92 - - [07/Jan/2023:01:01:13 -0500] "HEAD / HTTP/1.1" 200 -
172.22.2.4 - - [07/Jan/2023:01:00:05 -0500] "GET /BLA/boletinlegal/ HTTP/1.1" 200 59404
14.29.216.170 - - [07/Jan/2023:01:02:09 -0500] "GET /portaldeninos HTTP/1.1" 404 1035
201.245.192.253 - - [07/Jan/2023:01:03:05 -0500] "POST /kwsrmcab/Wsrmcab  HTTP/1.1" 200 43926
172.22.2.4 - - [07/Jan/2023:01:04:31 -0500] "GET /BLA/boletinlegal/Directivas/2018/Directiva%20No.%2024%20del%2027%20de%20diciembre%20de%202018.pdf HTTP/1.1" 304 -
216.245.221.92 - - [07/Jan/2023:01:06:13 -0500] "HEAD / HTTP/1.1" 200 -
172.22.2.4 - - [07/Jan/2023:01:05:05 -0500] "HEAD /BLA/boletinlegal/ HTTP/1.1" 200 -
172.22.2.4 - - [07/Jan/2023:01:05:55 -0500] "GET /BLA/boletinlegal/ HTTP/1.1" 200 57192
152.61.192.232 - - [07/Jan/2023:01:07:35 -0500] "GET / HTTP/1.1" 200 319
201.245.192.253 - - [07/Jan/2023:01:08:04 -0500] "POST /kwsrmcab/Wsrmcab  HTTP/1.1" 200 43926
172.22.2.4 - - [07/Jan/2023:01:10:36 -0500] "GET /BLA/boletinlegal/.env HTTP/1.1" 404 1018
216.245.221.92 - - [07/Jan/2023:01:11:13 -0500] "HEAD / HTTP/1.1" 200 -
172.22.2.4 - - [07/Jan/2023:01:11:44 -0500] "GET /BLA/boletinlegal/Directivas/2015/Directiva%20No.%2001%20del%2014%20de%20Enero%20de%202015.pdf HTTP/1.1" 304 -
172.22.2.4 - - [07/Jan/2023:01:10:55 -0500] "HEAD /BLA/boletinlegal/ HTTP/1.1" 200 -
152.61.128.50 - - [07/Jan/2023:01:12:40 -0500] "GET / HTTP/1.1" 200 319
201.245.192.253 - - [07/Jan/2023:01:13:03 -0500] "POST /kwsrmcab/Wsrmcab  HTTP/1.1" 200 43926
172.22.2.4 - - [07/Jan/2023:01:11:45 -0500] "GET /BLA/boletinlegal/ HTTP/1.1" 200 56474
87.236.176.94 - - [07/Jan/2023:01:13:31 -0500] "GET /portaldeninos/ HTTP/1.1" 200 110197
172.22.2.4 - - [07/Jan/2023:01:13:06 -0500] "GET /BLA/boletinlegal/ HTTP/1.1" 200 24523
216.245.221.92 - - [07/Jan/2023:01:16:13 -0500] "HEAD / HTTP/1.1" 200 -
201.245.192.253 - - [07/Jan/2023:01:18:01 -0500] "POST /kwsrmcab/Wsrmcab  HTTP/1.1" 200 43926
172.22.2.4 - - [07/Jan/2023:01:16:45 -0500] "HEAD /BLA/boletinlegal/ HTTP/1.1" 200 -
34.73.237.1 - - [07/Jan/2023:01:19:12 -0500] "GET /galeria/galeria/jquery.fancybox.css?v=2.1.5 HTTP/1.1" 200 4895
34.73.237.1 - - [07/Jan/2023:01:19:12 -0500] "GET /BLA/boletinlegal/js/jquery.scrollShow.js HTTP/1.1" 200 4586
34.73.237.1 - - [07/Jan/2023:01:19:12 -0500] "GET /galeria/galeria/jquery.fancybox.js?v=2.1.5 HTTP/1.1" 200 48706
201.245.192.253 - - [07/Jan/2023:01:19:11 -0500] "POST /kwsrmcab/Wsrmcab HTTP/1.1" 200 43453
34.73.237.1 - - [07/Jan/2023:01:19:14 -0500] "GET /galeria/carrusel/Carrusel/jquery.thumbnailScroller.css HTTP/1.1" 200 2066
172.22.2.4 - - [07/Jan/2023:01:17:35 -0500] "GET /BLA/boletinlegal/ HTTP/1.1" 200 59035
34.73.237.1 - - [07/Jan/2023:01:19:15 -0500] "GET /galeria/carrusel/Carrusel/jquery-ui-1.8.13.custom.min.js HTTP/1.1" 200 10800
34.73.237.1 - - [07/Jan/2023:01:19:15 -0500] "GET /galeria/carrusel/Carrusel/jquery.thumbnailScroller.js HTTP/1.1" 200 8157
201.245.192.253 - - [07/Jan/2023:01:19:13 -0500] "POST /kwsrmcab/Wsrmcab HTTP/1.1" 200 43803
34.73.237.1 - - [07/Jan/2023:01:19:16 -0500] "GET /galeria/nivo-slider/demo/banner.html HTTP/1.1" 200 5446
34.73.237.1 - - [07/Jan/2023:01:19:17 -0500] "GET /galeria/nivo-slider/themes/pascal/pascal.css HTTP/1.1" 200 2258
34.73.237.1 - - [07/Jan/2023:01:19:17 -0500] "GET /galeria/nivo-slider/themes/default/default.css HTTP/1.1" 200 1569
34.73.237.1 - - [07/Jan/2023:01:19:17 -0500] "GET /galeria/nivo-slider/themes/orman/orman.css HTTP/1.1" 200 2152
34.23.73.110 - - [07/Jan/2023:01:19:18 -0500] "GET /galeria/nivo-slider/nivo-slider.css HTTP/1.1" 200 1507
34.23.73.110 - - [07/Jan/2023:01:19:18 -0500] "GET /galeria/nivo-slider/demo/style.css HTTP/1.1" 200 2222
34.73.237.1 - - [07/Jan/2023:01:19:18 -0500] "GET /galeria/nivo-slider/demo/scripts/jquery-1.7.1.min.js HTTP/1.1" 200 93868
34.73.237.1 - - [07/Jan/2023:01:19:18 -0500] "GET /galeria/nivo-slider/jquery.nivo.slider.pack.js HTTP/1.1" 200 11561
34.73.237.1 - - [07/Jan/2023:01:19:18 -0500] "GET /galeria/nivo-slider/demo/images/bannertortuga_optimized.jpg HTTP/1.1" 200 39066
34.23.73.110 - - [07/Jan/2023:01:19:18 -0500] "GET /galeria/nivo-slider/demo/images/Bannermujeresquereverdecen.jpg HTTP/1.1" 200 46558
34.23.73.110 - - [07/Jan/2023:01:19:18 -0500] "GET /galeria/nivo-slider/demo/images/bannertrafico_optimized.jpg HTTP/1.1" 200 42578
34.73.237.1 - - [07/Jan/2023:01:19:18 -0500] "GET /galeria/nivo-slider/demo/images/Bannersedeelectronica.jpg HTTP/1.1" 200 40383
34.73.237.1 - - [07/Jan/2023:01:19:18 -0500] "GET /galeria/nivo-slider/demo/images/bannerrutaesperanza.jpg HTTP/1.1" 200 55560
34.23.73.110 - - [07/Jan/2023:01:19:18 -0500] "GET /galeria/nivo-slider/demo/images/banneraire2021.jpg HTTP/1.1" 200 265101
34.73.237.1 - - [07/Jan/2023:01:19:18 -0500] "GET /galeria/nivo-slider/demo/images/Bannerplasticosseptiembre.jpg HTTP/1.1" 200 45633
34.73.237.1 - - [07/Jan/2023:01:19:19 -0500] "GET /galeria/nivo-slider/demo/images/bannerresiduoshospitalariosagosto.jpg HTTP/1.1" 200 36499
34.73.237.1 - - [07/Jan/2023:01:19:19 -0500] "GET /galeria/nivo-slider/demo/images/banneraccionpopularcrr68.jpg HTTP/1.1" 200 51887
34.73.237.1 - - [07/Jan/2023:01:19:19 -0500] "GET /galeria/nivo-slider/demo/images/4Simple_Slider.png HTTP/1.1" 200 11722
34.73.237.1 - - [07/Jan/2023:01:19:19 -0500] "GET /galeria/nivo-slider/themes/default/loading.gif HTTP/1.1" 200 1737
34.23.73.110 - - [07/Jan/2023:01:19:19 -0500] "GET /galeria/nivo-slider/demo/images/banneraccionpopular.jpeg HTTP/1.1" 200 41707
34.23.73.110 - - [07/Jan/2023:01:19:19 -0500] "GET /galeria/nivo-slider/demo/images/bannerclases2021.jpg HTTP/1.1" 200 68230
34.73.237.1 - - [07/Jan/2023:01:19:19 -0500] "GET /galeria/nivo-slider/demo/images/Bannerenvases.jpg HTTP/1.1" 200 37316
34.73.237.1 - - [07/Jan/2023:01:19:19 -0500] "GET /galeria/nivo-slider/demo/images/bannercapacitacionesbogota.jpg HTTP/1.1" 200 42416
34.73.237.1 - - [07/Jan/2023:01:19:19 -0500] "GET /galeria/nivo-slider/demo/images/Bannervirtualescanales.jpg HTTP/1.1" 200 174544
34.23.73.110 - - [07/Jan/2023:01:19:25 -0500] "GET /galeria/nivo-slider/themes/default/arrows.png HTTP/1.1" 200 824
34.73.237.1 - - [07/Jan/2023:01:19:25 -0500] "GET /galeria/nivo-slider/themes/default/bullets.png HTTP/1.1" 200 1281
216.245.221.92 - - [07/Jan/2023:01:21:13 -0500] "HEAD / HTTP/1.1" 200 -
87.250.224.196 - - [07/Jan/2023:01:21:26 -0500] "-" 408 -
87.250.224.21 - - [07/Jan/2023:01:21:31 -0500] "-" 408 -
5.45.207.143 - - [07/Jan/2023:01:21:36 -0500] "-" 408 -
5.45.207.108 - - [07/Jan/2023:01:21:41 -0500] "-" 408 -
87.250.224.120 - - [07/Jan/2023:01:21:56 -0500] "-" 408 -
87.250.224.77 - - [07/Jan/2023:01:22:11 -0500] "-" 408 -
5.45.207.135 - - [07/Jan/2023:01:22:42 -0500] "-" 408 -
201.245.192.253 - - [07/Jan/2023:01:23:00 -0500] "POST /kwsrmcab/Wsrmcab  HTTP/1.1" 200 43926
34.23.73.110 - - [07/Jan/2023:01:23:21 -0500] "GET /galeria/galeria/jquery.fancybox.css?v=2.1.5 HTTP/1.1" 200 4895
34.23.73.110 - - [07/Jan/2023:01:23:21 -0500] "GET /BLA/boletinlegal/js/jquery.scrollShow.js HTTP/1.1" 200 4586
34.23.73.110 - - [07/Jan/2023:01:23:21 -0500] "GET /galeria/galeria/jquery.fancybox.js?v=2.1.5 HTTP/1.1" 200 48706
34.23.73.110 - - [07/Jan/2023:01:23:23 -0500] "GET /galeria/carrusel/Carrusel/jquery.thumbnailScroller.css HTTP/1.1" 200 2066
34.23.73.110 - - [07/Jan/2023:01:23:24 -0500] "GET /galeria/carrusel/Carrusel/jquery-ui-1.8.13.custom.min.js HTTP/1.1" 200 10800
34.23.73.110 - - [07/Jan/2023:01:23:24 -0500] "GET /galeria/carrusel/Carrusel/jquery.thumbnailScroller.js HTTP/1.1" 200 8157
34.23.73.110 - - [07/Jan/2023:01:23:26 -0500] "GET /galeria/nivo-slider/demo/banner.html HTTP/1.1" 200 5446
34.23.73.110 - - [07/Jan/2023:01:23:27 -0500] "GET /galeria/nivo-slider/themes/default/default.css HTTP/1.1" 200 1569
34.23.73.110 - - [07/Jan/2023:01:23:27 -0500] "GET /galeria/nivo-slider/themes/pascal/pascal.css HTTP/1.1" 200 2258
34.23.73.110 - - [07/Jan/2023:01:23:27 -0500] "GET /galeria/nivo-slider/themes/orman/orman.css HTTP/1.1" 200 2152
34.23.73.110 - - [07/Jan/2023:01:23:27 -0500] "GET /galeria/nivo-slider/nivo-slider.css HTTP/1.1" 200 1507
34.23.73.110 - - [07/Jan/2023:01:23:28 -0500] "GET /galeria/nivo-slider/demo/style.css HTTP/1.1" 200 2222
34.23.73.110 - - [07/Jan/2023:01:23:28 -0500] "GET /galeria/nivo-slider/demo/scripts/jquery-1.7.1.min.js HTTP/1.1" 200 93868
34.23.73.110 - - [07/Jan/2023:01:23:28 -0500] "GET /galeria/nivo-slider/jquery.nivo.slider.pack.js HTTP/1.1" 200 11561
34.23.73.110 - - [07/Jan/2023:01:23:28 -0500] "GET /galeria/nivo-slider/demo/images/bannertortuga_optimized.jpg HTTP/1.1" 200 39066
34.23.73.110 - - [07/Jan/2023:01:23:29 -0500] "GET /galeria/nivo-slider/demo/images/Bannermujeresquereverdecen.jpg HTTP/1.1" 200 46558
34.23.73.110 - - [07/Jan/2023:01:23:29 -0500] "GET /galeria/nivo-slider/demo/images/bannertrafico_optimized.jpg HTTP/1.1" 200 42578
34.23.73.110 - - [07/Jan/2023:01:23:29 -0500] "GET /galeria/nivo-slider/demo/images/Bannersedeelectronica.jpg HTTP/1.1" 200 40383
34.23.73.110 - - [07/Jan/2023:01:23:30 -0500] "GET /galeria/nivo-slider/demo/images/4Simple_Slider.png HTTP/1.1" 200 11722
34.23.73.110 - - [07/Jan/2023:01:23:31 -0500] "GET /galeria/nivo-slider/themes/default/loading.gif HTTP/1.1" 200 1737
34.23.73.110 - - [07/Jan/2023:01:23:32 -0500] "GET /galeria/nivo-slider/demo/images/bannerrutaesperanza.jpg HTTP/1.1" 200 55560
34.23.73.110 - - [07/Jan/2023:01:23:32 -0500] "GET /galeria/nivo-slider/demo/images/banneraire2021.jpg HTTP/1.1" 200 265101
34.23.73.110 - - [07/Jan/2023:01:23:33 -0500] "GET /galeria/nivo-slider/demo/images/Bannerplasticosseptiembre.jpg HTTP/1.1" 200 45633
34.23.73.110 - - [07/Jan/2023:01:23:33 -0500] "GET /galeria/nivo-slider/demo/images/bannerresiduoshospitalariosagosto.jpg HTTP/1.1" 200 36499
34.23.73.110 - - [07/Jan/2023:01:23:34 -0500] "GET /galeria/nivo-slider/demo/images/banneraccionpopularcrr68.jpg HTTP/1.1" 200 51887
34.23.73.110 - - [07/Jan/2023:01:23:34 -0500] "GET /galeria/nivo-slider/demo/images/banneraccionpopular.jpeg HTTP/1.1" 200 41707
34.23.73.110 - - [07/Jan/2023:01:23:35 -0500] "GET /galeria/nivo-slider/demo/images/bannerclases2021.jpg HTTP/1.1" 200 68230
34.23.73.110 - - [07/Jan/2023:01:23:35 -0500] "GET /galeria/nivo-slider/demo/images/bannercapacitacionesbogota.jpg HTTP/1.1" 200 42416
34.23.73.110 - - [07/Jan/2023:01:23:37 -0500] "GET /galeria/nivo-slider/demo/images/Bannerenvases.jpg HTTP/1.1" 200 37316
34.23.73.110 - - [07/Jan/2023:01:23:37 -0500] "GET /galeria/nivo-slider/demo/images/Bannervirtualescanales.jpg HTTP/1.1" 200 174544
5.255.231.111 - - [07/Jan/2023:01:23:42 -0500] "-" 408 -
34.23.73.110 - - [07/Jan/2023:01:23:45 -0500] "GET /galeria/nivo-slider/themes/default/arrows.png HTTP/1.1" 200 824
34.23.73.110 - - [07/Jan/2023:01:23:45 -0500] "GET /galeria/nivo-slider/themes/default/bullets.png HTTP/1.1" 200 1281
172.22.2.4 - - [07/Jan/2023:01:22:35 -0500] "HEAD /BLA/boletinlegal/ HTTP/1.1" 200 -
185.119.81.101 - - [07/Jan/2023:01:24:22 -0500] "GET /portaldeninos/wp-login.php HTTP/1.1" 200 2592
185.119.81.101 - - [07/Jan/2023:01:24:23 -0500] "POST /portaldeninos/wp-login.php HTTP/1.1" 200 3605
172.22.2.4 - - [07/Jan/2023:01:23:25 -0500] "GET /BLA/boletinlegal/ HTTP/1.1" 200 57192
216.245.221.92 - - [07/Jan/2023:01:26:13 -0500] "HEAD / HTTP/1.1" 200 -
173.252.95.8 - - [07/Jan/2023:01:26:52 -0500] "GET /images/mantener-calidad-del-aire_optimized.jpeg HTTP/1.1" 200 67646
172.22.2.4 - - [07/Jan/2023:01:25:27 -0500] "GET /BLA/boletinlegal/ HTTP/1.1" 200 62423
201.245.192.253 - - [07/Jan/2023:01:27:58 -0500] "POST /kwsrmcab/Wsrmcab  HTTP/1.1" 200 43926
201.245.192.253 - - [07/Jan/2023:01:29:11 -0500] "POST /kwsrmcab/Wsrmcab HTTP/1.1" 200 43453
201.245.192.253 - - [07/Jan/2023:01:29:14 -0500] "POST /kwsrmcab/Wsrmcab HTTP/1.1" 200 43803
172.22.2.4 - - [07/Jan/2023:01:28:25 -0500] "HEAD /BLA/boletinlegal/ HTTP/1.1" 200 -
172.22.2.4 - - [07/Jan/2023:01:29:15 -0500] "GET /BLA/boletinlegal/ HTTP/1.1" 200 52942
216.245.221.92 - - [07/Jan/2023:01:31:13 -0500] "HEAD / HTTP/1.1" 200 -
201.245.192.253 - - [07/Jan/2023:01:32:58 -0500] "POST /kwsrmcab/Wsrmcab  HTTP/1.1" 200 43926
66.249.73.97 - - [07/Jan/2023:01:34:35 -0500] "-" 408 -
172.22.2.4 - - [07/Jan/2023:01:34:15 -0500] "HEAD /BLA/boletinlegal/ HTTP/1.1" 200 -
40.77.167.12 - - [07/Jan/2023:01:36:03 -0500] "GET /BLA/resoluciones/ HTTP/1.1" 200 13502
216.245.221.92 - - [07/Jan/2023:01:36:13 -0500] "HEAD / HTTP/1.1" 200 -
207.46.13.39 - - [07/Jan/2023:01:36:20 -0500] "GET /BLA/resoluciones/dlf/styles.css HTTP/1.1" 200 3049
31.13.103.17 - - [07/Jan/2023:01:36:42 -0500] "GET /images/Aire%20Reyes%20(1)%20(1).jpeg HTTP/1.1" 200 59709
172.22.2.4 - - [07/Jan/2023:01:35:05 -0500] "GET /BLA/boletinlegal/ HTTP/1.1" 200 59035
66.220.149.19 - - [07/Jan/2023:01:37:25 -0500] "GET /images/Acuerdos%2001%20(1)%20(1).jpeg HTTP/1.1" 200 32884
201.245.192.253 - - [07/Jan/2023:01:37:56 -0500] "POST /kwsrmcab/Wsrmcab  HTTP/1.1" 200 43926
201.245.192.253 - - [07/Jan/2023:01:39:10 -0500] "POST /kwsrmcab/Wsrmcab HTTP/1.1" 200 43453
201.245.192.253 - - [07/Jan/2023:01:39:13 -0500] "POST /kwsrmcab/Wsrmcab HTTP/1.1" 200 43803
157.55.39.179 - - [07/Jan/2023:01:39:35 -0500] "GET / HTTP/1.1" 200 319
216.245.221.92 - - [07/Jan/2023:01:41:13 -0500] "HEAD / HTTP/1.1" 200 -
172.22.2.4 - - [07/Jan/2023:01:40:05 -0500] "HEAD /BLA/boletinlegal/ HTTP/1.1" 200 -
172.22.2.4 - - [07/Jan/2023:01:40:55 -0500] "GET /BLA/boletinlegal/ HTTP/1.1" 200 59035
201.245.192.253 - - [07/Jan/2023:01:42:55 -0500] "POST /kwsrmcab/Wsrmcab  HTTP/1.1" 200 43926
216.245.221.92 - - [07/Jan/2023:01:46:13 -0500] "HEAD / HTTP/1.1" 200 -
172.22.2.4 - - [07/Jan/2023:01:45:55 -0500] "HEAD /BLA/boletinlegal/ HTTP/1.1" 200 -
201.245.192.253 - - [07/Jan/2023:01:47:53 -0500] "POST /kwsrmcab/Wsrmcab  HTTP/1.1" 200 43926
172.22.2.4 - - [07/Jan/2023:01:46:45 -0500] "GET /BLA/boletinlegal/ HTTP/1.1" 200 57192
3.86.217.242 - - [07/Jan/2023:01:50:27 -0500] "GET /portaldeninos/ HTTP/1.1" 200 110197
152.61.192.232 - - [07/Jan/2023:01:50:29 -0500] "GET /arcgis/services/Calidad_del_Agua_WQI/MapServer/WMSServer?request=GetCapabilities&service=WMS HTTP/1.1" 503 1020
152.61.192.232 - - [07/Jan/2023:01:50:31 -0500] "GET /arcgis/services/Calidad_del_Agua_WQI/MapServer/WMSServer?SERVICE=WMS&REQUEST=GetCapabilities HTTP/1.1" 503 1020
152.61.192.232 - - [07/Jan/2023:01:50:31 -0500] "GET /arcgis/services/Calidad_del_Agua_WQI/MapServer/WMSServer?WMTVER=1.0.0&REQUEST=capabilities HTTP/1.1" 503 1020
216.245.221.92 - - [07/Jan/2023:01:51:13 -0500] "HEAD / HTTP/1.1" 200 -
201.245.192.253 - - [07/Jan/2023:01:52:51 -0500] "POST /kwsrmcab/Wsrmcab  HTTP/1.1" 200 43926
172.22.2.4 - - [07/Jan/2023:01:51:45 -0500] "HEAD /BLA/boletinlegal/ HTTP/1.1" 200 -
172.22.2.4 - - [07/Jan/2023:01:52:35 -0500] "GET /BLA/boletinlegal/ HTTP/1.1" 200 58612
216.245.221.92 - - [07/Jan/2023:01:56:13 -0500] "HEAD / HTTP/1.1" 200 -
88.99.142.101 - - [07/Jan/2023:01:57:02 -0500] "-" 408 -
201.245.192.253 - - [07/Jan/2023:01:57:49 -0500] "POST /kwsrmcab/Wsrmcab  HTTP/1.1" 200 43926
199.16.157.183 - - [07/Jan/2023:01:58:43 -0500] "GET /images/cr%C3%B3nica-29-nov-1_optimized.jpeg HTTP/1.1" 404 1034
172.22.2.4 - - [07/Jan/2023:01:57:35 -0500] "HEAD /BLA/boletinlegal/ HTTP/1.1" 200 -
114.119.158.36 - - [07/Jan/2023:01:59:47 -0500] "-" 408 -
172.22.2.4 - - [07/Jan/2023:01:58:25 -0500] "GET /BLA/boletinlegal/ HTTP/1.1" 200 57192
152.61.128.50 - - [07/Jan/2023:02:00:39 -0500] "GET /arcgis/services/Calidad_del_Agua_WQI/MapServer/WMSServer?request=GetCapabilities&service=WMS HTTP/1.1" 503 1020
152.61.128.50 - - [07/Jan/2023:02:00:40 -0500] "GET /arcgis/services/Calidad_del_Agua_WQI/MapServer/WMSServer?SERVICE=WMS&REQUEST=GetCapabilities HTTP/1.1" 503 1020
152.61.128.50 - - [07/Jan/2023:02:00:41 -0500] "GET /arcgis/services/Calidad_del_Agua_WQI/MapServer/WMSServer?WMTVER=1.0.0&REQUEST=capabilities HTTP/1.1" 503 1020
216.245.221.92 - - [07/Jan/2023:02:01:13 -0500] "HEAD / HTTP/1.1" 200 -
69.63.184.2 - - [07/Jan/2023:02:02:11 -0500] "GET /images/Aire%20Reyes%20(1)%20(1).jpeg HTTP/1.1" 200 59709
168.119.253.6 - - [07/Jan/2023:02:02:32 -0500] "GET / HTTP/1.1" 200 319
201.245.192.253 - - [07/Jan/2023:02:02:48 -0500] "POST /kwsrmcab/Wsrmcab  HTTP/1.1" 200 43926
104.152.52.3 - - [07/Jan/2023:02:03:47 -0500] "GET / HTTP/1.0" 200 319
172.22.2.4 - - [07/Jan/2023:02:03:25 -0500] "HEAD /BLA/boletinlegal/ HTTP/1.1" 200 -
172.22.2.4 - - [07/Jan/2023:02:04:15 -0500] "GET /BLA/boletinlegal/ HTTP/1.1" 200 54452
216.245.221.92 - - [07/Jan/2023:02:06:13 -0500] "HEAD / HTTP/1.1" 200 -
201.245.192.253 - - [07/Jan/2023:02:07:48 -0500] "POST /kwsrmcab/Wsrmcab  HTTP/1.1" 200 43926
172.22.2.4 - - [07/Jan/2023:02:07:48 -0500] "HEAD /BLA/boletinlegal/ HTTP/1.1" 200 -
172.22.2.4 - - [07/Jan/2023:02:09:15 -0500] "HEAD /BLA/boletinlegal/ HTTP/1.1" 200 -
168.119.253.6 - - [07/Jan/2023:02:10:57 -0500] "GET / HTTP/1.1" 200 319
216.245.221.92 - - [07/Jan/2023:02:11:12 -0500] "HEAD / HTTP/1.1" 200 -
172.22.2.4 - - [07/Jan/2023:02:10:05 -0500] "GET /BLA/boletinlegal/ HTTP/1.1" 200 54100
201.245.192.253 - - [07/Jan/2023:02:12:47 -0500] "POST /kwsrmcab/Wsrmcab  HTTP/1.1" 200 43926
54.39.177.48 - - [07/Jan/2023:02:13:50 -0500] "GET /durante-el-puente-de-reyes-y-en-el-regreso-a-bogota-ayuda-a-mantener-una-buena-calidad-del-aire.html HTTP/1.1" 200 991
216.245.221.92 - - [07/Jan/2023:02:16:12 -0500] "HEAD / HTTP/1.1" 200 -
172.22.2.4 - - [07/Jan/2023:02:15:05 -0500] "HEAD /BLA/boletinlegal/ HTTP/1.1" 200 -
172.22.2.4 - - [07/Jan/2023:02:15:55 -0500] "GET /BLA/boletinlegal/ HTTP/1.1" 200 56079
201.245.192.253 - - [07/Jan/2023:02:17:45 -0500] "POST /kwsrmcab/Wsrmcab  HTTP/1.1" 200 43926
69.63.184.120 - - [07/Jan/2023:02:19:08 -0500] "GET /images/mantener-calidad-del-aire_optimized.jpeg HTTP/1.1" 200 67646
201.245.192.253 - - [07/Jan/2023:02:19:10 -0500] "POST /kwsrmcab/Wsrmcab HTTP/1.1" 200 43599
201.245.192.253 - - [07/Jan/2023:02:19:13 -0500] "POST /kwsrmcab/Wsrmcab HTTP/1.1" 200 43953
66.249.73.127 - - [07/Jan/2023:02:19:35 -0500] "-" 408 -
95.108.213.2 - - [07/Jan/2023:02:20:22 -0500] "-" 408 -
172.22.2.4 - - [07/Jan/2023:02:20:41 -0500] "GET /BLA/boletinlegal/Directivas/2018/Directiva%20No.%2027%20del%2028%20de%20diciembre%20de%202018.pdf HTTP/1.1" 304 -
216.245.221.92 - - [07/Jan/2023:02:21:12 -0500] "HEAD / HTTP/1.1" 200 -
40.77.167.21 - - [07/Jan/2023:02:21:19 -0500] "GET /portaldeninos/tipos-de-arboles-en-bogota/ HTTP/1.1" 200 109802
157.55.39.150 - - [07/Jan/2023:02:21:35 -0500] "GET /portaldeninos/wp-content/plugins/smart-slider-3/library/media/dist/smartslider-frontend.min.js?1563274780 HTTP/1.1" 200 128256
157.55.39.150 - - [07/Jan/2023:02:21:36 -0500] "GET /portaldeninos/wp-content/themes/betheme/assets/animations/animations.min.js?ver=20.9.6 HTTP/1.1" 200 1896
157.55.39.150 - - [07/Jan/2023:02:21:36 -0500] "GET /portaldeninos/wp-content/themes/betheme/css/shortcodes.css?ver=20.9.6 HTTP/1.1" 200 138889
157.55.39.150 - - [07/Jan/2023:02:21:37 -0500] "GET /portaldeninos/wp-content/themes/betheme/style.css?ver=20.9.6 HTTP/1.1" 200 287
157.55.39.150 - - [07/Jan/2023:02:21:37 -0500] "GET /portaldeninos/wp-includes/js/jquery/ui/core.min.js?ver=1.11.4 HTTP/1.1" 200 4000
40.77.167.21 - - [07/Jan/2023:02:21:39 -0500] "GET /portaldeninos/wp-content/plugins/smart-slider-3/nextend/media/dist/n2.min.js?1528383544 HTTP/1.1" 200 3495
207.46.13.170 - - [07/Jan/2023:02:21:39 -0500] "GET /portaldeninos/wp-content/plugins/smart-slider-3/nextend/media/dist/nextend-frontend.min.js?1563274780 HTTP/1.1" 200 76980
157.55.39.100 - - [07/Jan/2023:02:21:40 -0500] "GET /portaldeninos/wp-content/plugins/smart-slider-3/library/media/plugins/type/simple/simple/dist/smartslider-simple-type-frontend.min.js?1563274780 HTTP/1.1" 200 18726
157.55.39.100 - - [07/Jan/2023:02:21:40 -0500] "GET /portaldeninos/wp-content/themes/betheme/js/menu.js?ver=20.9.6 HTTP/1.1" 200 2449
157.55.39.100 - - [07/Jan/2023:02:21:40 -0500] "GET /portaldeninos/wp-includes/js/jquery/ui/mouse.min.js?ver=1.11.4 HTTP/1.1" 200 3148
157.55.39.100 - - [07/Jan/2023:02:21:40 -0500] "GET /portaldeninos/wp-includes/js/jquery/ui/tabs.min.js?ver=1.11.4 HTTP/1.1" 200 12110
157.55.39.100 - - [07/Jan/2023:02:21:40 -0500] "GET /portaldeninos/wp-includes/js/jquery/ui/widget.min.js?ver=1.11.4 HTTP/1.1" 200 6908
5.45.207.119 - - [07/Jan/2023:02:21:41 -0500] "-" 408 -
5.45.207.135 - - [07/Jan/2023:02:21:46 -0500] "-" 408 -
157.55.39.212 - - [07/Jan/2023:02:21:46 -0500] "GET /portaldeninos/wp-content/plugins/gallery-videos/CSS/Total-Soft-Gallery-Video-Widget.css?ver=4.9.8 HTTP/1.1" 200 51554
157.55.39.212 - - [07/Jan/2023:02:21:47 -0500] "GET /portaldeninos/wp-content/plugins/gallery-videos/JS/modernizr.custom.js?ver=4.9.8 HTTP/1.1" 200 9019
157.55.39.212 - - [07/Jan/2023:02:21:47 -0500] "GET /portaldeninos/wp-content/themes/betheme/assets/jplayer/css/jplayer.blue.monday.css?ver=20.9.6 HTTP/1.1" 200 9834
157.55.39.212 - - [07/Jan/2023:02:21:47 -0500] "GET /portaldeninos/wp-content/themes/betheme/css/base.css?ver=20.9.6 HTTP/1.1" 200 57283
157.55.39.212 - - [07/Jan/2023:02:21:48 -0500] "GET /portaldeninos/wp-content/themes/betheme/css/responsive.css?ver=20.9.6 HTTP/1.1" 200 55740
157.55.39.212 - - [07/Jan/2023:02:21:48 -0500] "GET /portaldeninos/wp-includes/js/jquery/jquery-migrate.min.js?ver=1.4.1 HTTP/1.1" 200 10056
87.250.224.146 - - [07/Jan/2023:02:21:51 -0500] "-" 408 -
40.77.167.21 - - [07/Jan/2023:02:21:52 -0500] "GET /portaldeninos/wp-content/themes/betheme/assets/animations/animations.min.css?ver=20.9.6 HTTP/1.1" 200 58508
40.77.167.21 - - [07/Jan/2023:02:21:52 -0500] "GET /portaldeninos/wp-includes/js/jquery/ui/accordion.min.js?ver=1.11.4 HTTP/1.1" 200 8584
40.77.167.21 - - [07/Jan/2023:02:21:52 -0500] "GET /portaldeninos/wp-includes/js/wp-embed.min.js?ver=4.9.8 HTTP/1.1" 200 1398
95.108.213.27 - - [07/Jan/2023:02:21:56 -0500] "-" 408 -
207.46.13.170 - - [07/Jan/2023:02:22:00 -0500] "GET /portaldeninos/wp-content/themes/betheme/assets/jplayer/jplayer.min.js?ver=20.9.6 HTTP/1.1" 200 52702
207.46.13.170 - - [07/Jan/2023:02:22:00 -0500] "GET /portaldeninos/wp-content/themes/betheme/js/plugins.js?ver=20.9.6 HTTP/1.1" 200 197151
207.46.13.170 - - [07/Jan/2023:02:22:01 -0500] "GET /portaldeninos/wp-includes/js/jquery/ui/sortable.min.js?ver=1.11.4 HTTP/1.1" 200 24899
207.46.13.170 - - [07/Jan/2023:02:22:02 -0500] "GET /portaldeninos/wp-includes/js/wp-emoji-release.min.js?ver=4.9.8 HTTP/1.1" 200 12026
95.108.213.52 - - [07/Jan/2023:02:22:11 -0500] "-" 408 -
87.250.224.146 - - [07/Jan/2023:02:22:22 -0500] "-" 408 -
95.108.213.69 - - [07/Jan/2023:02:22:26 -0500] "-" 408 -
172.22.2.4 - - [07/Jan/2023:02:20:55 -0500] "HEAD /BLA/boletinlegal/ HTTP/1.1" 200 -
201.245.192.253 - - [07/Jan/2023:02:22:45 -0500] "POST /kwsrmcab/Wsrmcab  HTTP/1.1" 200 43926
87.250.224.100 - - [07/Jan/2023:02:22:56 -0500] "-" 408 -
172.22.2.4 - - [07/Jan/2023:02:21:45 -0500] "GET /BLA/boletinlegal/ HTTP/1.1" 200 54816
87.250.224.77 - - [07/Jan/2023:02:23:56 -0500] "-" 408 -
87.250.224.187 - - [07/Jan/2023:02:24:56 -0500] "-" 408 -
87.250.224.25 - - [07/Jan/2023:02:25:28 -0500] "-" 408 -
216.245.221.92 - - [07/Jan/2023:02:26:12 -0500] "HEAD / HTTP/1.1" 200 -
87.250.224.101 - - [07/Jan/2023:02:26:56 -0500] "-" 408 -
201.245.192.253 - - [07/Jan/2023:02:27:44 -0500] "POST /kwsrmcab/Wsrmcab  HTTP/1.1" 200 43926
172.22.2.4 - - [07/Jan/2023:02:28:04 -0500] "GET /BLA/boletinlegal/favicon.ico HTTP/1.1" 404 1038
172.22.2.4 - - [07/Jan/2023:02:26:45 -0500] "HEAD /BLA/boletinlegal/ HTTP/1.1" 200 -
201.245.192.253 - - [07/Jan/2023:02:29:11 -0500] "POST /kwsrmcab/Wsrmcab HTTP/1.1" 200 43599
172.22.2.4 - - [07/Jan/2023:02:27:35 -0500] "GET /BLA/boletinlegal/ HTTP/1.1" 200 57192
201.245.192.253 - - [07/Jan/2023:02:29:14 -0500] "POST /kwsrmcab/Wsrmcab HTTP/1.1" 200 43953
87.250.224.54 - - [07/Jan/2023:02:29:56 -0500] "-" 408 -
216.245.221.92 - - [07/Jan/2023:02:31:12 -0500] "HEAD / HTTP/1.1" 200 -
201.245.192.253 - - [07/Jan/2023:02:32:43 -0500] "POST /kwsrmcab/Wsrmcab  HTTP/1.1" 200 43926
172.22.2.4 - - [07/Jan/2023:02:32:35 -0500] "HEAD /BLA/boletinlegal/ HTTP/1.1" 200 -
172.22.2.4 - - [07/Jan/2023:02:33:25 -0500] "GET /BLA/boletinlegal/ HTTP/1.1" 200 57192
168.151.114.130 - - [07/Jan/2023:02:36:06 -0500] "GET /durante-el-puente-de-reyes-y-en-el-regreso-a-bogota-ayuda-a-mantener-una-buena-calidad-del-aire.html HTTP/1.1" 200 991
216.245.221.92 - - [07/Jan/2023:02:36:12 -0500] "HEAD / HTTP/1.1" 200 -
40.77.190.145 - - [07/Jan/2023:02:37:34 -0500] "GET /portaldeninos/wp-content/uploads/useanyfont/uaf.css?ver=1589905315 HTTP/1.1" 200 408
40.77.189.230 - - [07/Jan/2023:02:37:34 -0500] "GET /portaldeninos/wp-content/plugins/gallery-videos/CSS/totalsoft.css?ver=4.9.8 HTTP/1.1" 200 40622
40.77.189.116 - - [07/Jan/2023:02:37:35 -0500] "GET /portaldeninos/wp-content/themes/betheme/assets/ui/jquery.ui.all.css?ver=20.9.6 HTTP/1.1" 200 18765
40.77.188.250 - - [07/Jan/2023:02:37:35 -0500] "GET /portaldeninos/wp-content/themes/betheme/css/layout.css?ver=20.9.6 HTTP/1.1" 200 116639
40.77.190.51 - - [07/Jan/2023:02:37:35 -0500] "GET /portaldeninos/wp-content/plugins/smart-slider-3/library/media/smartslider.min.css?1558968666 HTTP/1.1" 200 19594
40.77.190.25 - - [07/Jan/2023:02:37:35 -0500] "GET /portaldeninos/wp-includes/js/jquery/jquery.js?ver=1.12.4 HTTP/1.1" 200 97184
40.77.189.114 - - [07/Jan/2023:02:37:37 -0500] "GET /portaldeninos/wp-content/themes/betheme/js/scripts.js?ver=20.9.6 HTTP/1.1" 200 77162
40.77.189.50 - - [07/Jan/2023:02:37:38 -0500] "GET /portaldeninos/wp-content/themes/betheme/fonts/mfn-icons.woff?93978679 HTTP/1.1" 200 80932
201.245.192.253 - - [07/Jan/2023:02:37:41 -0500] "POST /kwsrmcab/Wsrmcab  HTTP/1.1" 200 43926
64.62.197.142 - - [07/Jan/2023:02:38:21 -0500] "GET /favicon.ico HTTP/1.1" 200 7782
116.179.33.14 - - [07/Jan/2023:02:38:56 -0500] "-" 408 -
116.179.33.80 - - [07/Jan/2023:02:39:00 -0500] "-" 408 -
172.22.2.4 - - [07/Jan/2023:02:39:06 -0500] "GET /BLA/boletinlegal/Circulares/2009/Circular%20Instructiva%20-%20Memorando%202009IE24363.pdf HTTP/1.1" 304 -
201.245.192.253 - - [07/Jan/2023:02:39:10 -0500] "POST /kwsrmcab/Wsrmcab HTTP/1.1" 200 43599
201.245.192.253 - - [07/Jan/2023:02:39:13 -0500] "POST /kwsrmcab/Wsrmcab HTTP/1.1" 200 43953
157.55.39.100 - - [07/Jan/2023:02:39:26 -0500] "GET / HTTP/1.1" 200 4720
172.22.2.4 - - [07/Jan/2023:02:38:25 -0500] "HEAD /BLA/boletinlegal/ HTTP/1.1" 200 -
172.22.2.4 - - [07/Jan/2023:02:39:15 -0500] "GET /BLA/boletinlegal/ HTTP/1.1" 200 59404
216.245.221.92 - - [07/Jan/2023:02:41:12 -0500] "HEAD / HTTP/1.1" 200 -
201.245.192.253 - - [07/Jan/2023:02:42:41 -0500] "POST /kwsrmcab/Wsrmcab  HTTP/1.1" 200 43926
172.22.2.4 - - [07/Jan/2023:02:44:15 -0500] "HEAD /BLA/boletinlegal/ HTTP/1.1" 200 -
216.245.221.92 - - [07/Jan/2023:02:46:12 -0500] "HEAD / HTTP/1.1" 200 -
172.22.2.4 - - [07/Jan/2023:02:45:05 -0500] "GET /BLA/boletinlegal/ HTTP/1.1" 200 57192
223.187.120.230 - - [07/Jan/2023:02:47:27 -0500] "HEAD /durante-el-puente-de-reyes-y-en-el-regreso-a-bogota-ayuda-a-mantener-una-buena-calidad-del-aire.html HTTP/1.1" 200 -
201.245.192.253 - - [07/Jan/2023:02:47:39 -0500] "POST /kwsrmcab/Wsrmcab  HTTP/1.1" 200 43926
66.249.79.130 - - [07/Jan/2023:02:48:26 -0500] "-" 408 -
51.15.164.30 - - [07/Jan/2023:02:50:42 -0500] "HEAD /durante-el-puente-de-reyes-y-en-el-regreso-a-bogota-ayuda-a-mantener-una-buena-calidad-del-aire.html HTTP/1.1" 200 -
216.245.221.92 - - [07/Jan/2023:02:51:12 -0500] "HEAD / HTTP/1.1" 200 -
172.22.2.4 - - [07/Jan/2023:02:50:05 -0500] "HEAD /BLA/boletinlegal/ HTTP/1.1" 200 -
172.22.2.4 - - [07/Jan/2023:02:50:55 -0500] "GET /BLA/boletinlegal/ HTTP/1.1" 200 57192
201.245.192.253 - - [07/Jan/2023:02:52:39 -0500] "POST /kwsrmcab/Wsrmcab  HTTP/1.1" 200 43926
172.105.161.142 - - [07/Jan/2023:02:55:15 -0500] "GET /portaldeninos/ HTTP/1.1" 200 110197
66.249.73.100 - - [07/Jan/2023:02:55:21 -0500] "-" 408 -
216.245.221.92 - - [07/Jan/2023:02:56:12 -0500] "HEAD / HTTP/1.1" 200 -
172.22.2.4 - - [07/Jan/2023:02:55:54 -0500] "HEAD /BLA/boletinlegal/ HTTP/1.1" 200 -
201.245.192.253 - - [07/Jan/2023:02:57:37 -0500] "POST /kwsrmcab/Wsrmcab  HTTP/1.1" 200 43926
172.22.2.4 - - [07/Jan/2023:02:56:45 -0500] "GET /BLA/boletinlegal/ HTTP/1.1" 200 57192
205.185.118.237 - - [07/Jan/2023:02:59:08 -0500] "POST /boaform/admin/formLogin HTTP/1.1" 404 1186
172.22.2.4 - - [07/Jan/2023:02:59:20 -0500] "GET /BLA/boletinlegal/index.php HTTP/1.1" 200 62423
216.245.221.92 - - [07/Jan/2023:03:01:12 -0500] "HEAD / HTTP/1.1" 200 -
201.245.192.253 - - [07/Jan/2023:03:02:36 -0500] "POST /kwsrmcab/Wsrmcab  HTTP/1.1" 200 43926
34.203.207.93 - - [07/Jan/2023:03:03:15 -0500] "GET /BLA/boletinlegal/Circulares/2011/Circular%20No.%207%20del%2023%20de%20Diciembre%20de%202011.pdf HTTP/1.1" 200 1107785
172.22.2.4 - - [07/Jan/2023:03:01:44 -0500] "HEAD /BLA/boletinlegal/ HTTP/1.1" 200 -
172.22.2.4 - - [07/Jan/2023:03:02:35 -0500] "GET /BLA/boletinlegal/ HTTP/1.1" 200 57192
216.245.221.92 - - [07/Jan/2023:03:06:12 -0500] "HEAD / HTTP/1.1" 200 -
172.22.2.4 - - [07/Jan/2023:03:06:36 -0500] "GET /BLA/boletinlegal/owa/auth/logon.aspx?url=https%3a%2f%2f1%2fecp%2f HTTP/1.1" 404 1018
201.245.192.253 - - [07/Jan/2023:03:07:35 -0500] "POST /kwsrmcab/Wsrmcab  HTTP/1.1" 200 43926
172.22.2.4 - - [07/Jan/2023:03:07:34 -0500] "HEAD /BLA/boletinlegal/ HTTP/1.1" 200 -
172.22.2.4 - - [07/Jan/2023:03:08:25 -0500] "GET /BLA/boletinlegal/ HTTP/1.1" 200 57824
216.245.221.92 - - [07/Jan/2023:03:11:12 -0500] "HEAD / HTTP/1.1" 200 -
201.245.192.253 - - [07/Jan/2023:03:12:34 -0500] "POST /kwsrmcab/Wsrmcab  HTTP/1.1" 200 43926
66.249.73.100 - - [07/Jan/2023:03:14:24 -0500] "-" 408 -
172.22.2.4 - - [07/Jan/2023:03:13:24 -0500] "HEAD /BLA/boletinlegal/ HTTP/1.1" 200 -
172.22.2.4 - - [07/Jan/2023:03:14:15 -0500] "GET /BLA/boletinlegal/ HTTP/1.1" 200 57824
216.245.221.92 - - [07/Jan/2023:03:16:12 -0500] "HEAD / HTTP/1.1" 200 -
172.22.2.4 - - [07/Jan/2023:03:16:30 -0500] "GET /BLA/boletinlegal/images/screen_5.png HTTP/1.1" 304 -
173.252.87.13 - - [07/Jan/2023:03:17:35 -0500] "GET /images/negocios-verdes-mayo-2022.jpg HTTP/1.1" 200 48000
201.245.192.253 - - [07/Jan/2023:03:17:33 -0500] "POST /kwsrmcab/Wsrmcab  HTTP/1.1" 200 43926
201.245.192.253 - - [07/Jan/2023:03:19:10 -0500] "POST /kwsrmcab/Wsrmcab HTTP/1.1" 200 43749
87.250.224.101 - - [07/Jan/2023:03:19:14 -0500] "-" 408 -
201.245.192.253 - - [07/Jan/2023:03:19:13 -0500] "POST /kwsrmcab/Wsrmcab HTTP/1.1" 200 43654
172.22.2.4 - - [07/Jan/2023:03:19:14 -0500] "HEAD /BLA/boletinlegal/ HTTP/1.1" 200 -
216.245.221.92 - - [07/Jan/2023:03:21:12 -0500] "HEAD / HTTP/1.1" 200 -
172.22.2.4 - - [07/Jan/2023:03:20:05 -0500] "GET /BLA/boletinlegal/ HTTP/1.1" 200 52942
199.16.157.183 - - [07/Jan/2023:03:21:56 -0500] "GET /images/cr%C3%B3nica-29-nov-1_optimized.jpeg HTTP/1.1" 404 1034
201.245.192.253 - - [07/Jan/2023:03:22:32 -0500] "POST /kwsrmcab/Wsrmcab  HTTP/1.1" 200 43926
216.245.221.92 - - [07/Jan/2023:03:26:12 -0500] "HEAD / HTTP/1.1" 200 -
172.22.2.4 - - [07/Jan/2023:03:25:04 -0500] "HEAD /BLA/boletinlegal/ HTTP/1.1" 200 -
201.245.192.253 - - [07/Jan/2023:03:27:31 -0500] "POST /kwsrmcab/Wsrmcab  HTTP/1.1" 200 43926
172.22.2.4 - - [07/Jan/2023:03:25:55 -0500] "GET /BLA/boletinlegal/ HTTP/1.1" 200 52453
192.5.87.208 - - [07/Jan/2023:03:27:43 -0500] "GET /galeria/galeria/jquery.fancybox.js?v=2.1.5 HTTP/1.1" 200 48706
192.5.87.208 - - [07/Jan/2023:03:27:43 -0500] "GET /BLA/boletinlegal/js/jquery.scrollShow.js HTTP/1.1" 200 4586
201.245.192.253 - - [07/Jan/2023:03:29:11 -0500] "POST /kwsrmcab/Wsrmcab HTTP/1.1" 200 43749
201.245.192.253 - - [07/Jan/2023:03:29:14 -0500] "POST /kwsrmcab/Wsrmcab HTTP/1.1" 200 43654
216.245.221.92 - - [07/Jan/2023:03:31:12 -0500] "HEAD / HTTP/1.1" 200 -
201.245.192.253 - - [07/Jan/2023:03:32:30 -0500] "POST /kwsrmcab/Wsrmcab  HTTP/1.1" 200 43926
172.22.2.4 - - [07/Jan/2023:03:30:54 -0500] "HEAD /BLA/boletinlegal/ HTTP/1.1" 200 -
172.22.2.4 - - [07/Jan/2023:03:31:45 -0500] "GET /BLA/boletinlegal/ HTTP/1.1" 200 52453
216.245.221.92 - - [07/Jan/2023:03:36:12 -0500] "HEAD / HTTP/1.1" 200 -
201.245.192.253 - - [07/Jan/2023:03:37:29 -0500] "POST /kwsrmcab/Wsrmcab  HTTP/1.1" 200 43926
172.22.2.4 - - [07/Jan/2023:03:36:44 -0500] "HEAD /BLA/boletinlegal/ HTTP/1.1" 200 -
92.118.39.29 - - [07/Jan/2023:03:38:43 -0500] "GET / HTTP/1.1" 200 319
201.245.192.253 - - [07/Jan/2023:03:39:10 -0500] "POST /kwsrmcab/Wsrmcab HTTP/1.1" 200 43749
172.22.2.4 - - [07/Jan/2023:03:37:35 -0500] "GET /BLA/boletinlegal/ HTTP/1.1" 200 57192
201.245.192.253 - - [07/Jan/2023:03:39:13 -0500] "POST /kwsrmcab/Wsrmcab HTTP/1.1" 200 43654
216.245.221.92 - - [07/Jan/2023:03:41:12 -0500] "HEAD / HTTP/1.1" 200 -
201.245.192.253 - - [07/Jan/2023:03:42:28 -0500] "POST /kwsrmcab/Wsrmcab  HTTP/1.1" 200 43926
172.22.2.4 - - [07/Jan/2023:03:42:34 -0500] "HEAD /BLA/boletinlegal/ HTTP/1.1" 200 -
172.22.2.4 - - [07/Jan/2023:03:43:25 -0500] "GET /BLA/boletinlegal/ HTTP/1.1" 200 54816
216.245.221.92 - - [07/Jan/2023:03:46:12 -0500] "HEAD / HTTP/1.1" 200 -
201.245.192.253 - - [07/Jan/2023:03:47:27 -0500] "POST /kwsrmcab/Wsrmcab  HTTP/1.1" 200 43926
178.128.83.89 - - [07/Jan/2023:03:48:31 -0500] "POST /boaform/admin/formLogin HTTP/1.1" 404 1186
172.22.2.4 - - [07/Jan/2023:03:48:24 -0500] "HEAD /BLA/boletinlegal/ HTTP/1.1" 200 -
172.22.2.4 - - [07/Jan/2023:03:49:15 -0500] "GET /BLA/boletinlegal/ HTTP/1.1" 200 54100
85.208.98.194 - - [07/Jan/2023:03:50:56 -0500] "GET /BLA/resoluciones/RESOLUCIONES%202011/6971.pdf HTTP/1.1" 200 637749
85.208.98.196 - - [07/Jan/2023:03:51:01 -0500] "GET /BLA/resoluciones/RESOLUCIONES%202012/0288.pdf HTTP/1.1" 200 418763
216.245.221.92 - - [07/Jan/2023:03:51:12 -0500] "HEAD / HTTP/1.1" 200 -
162.55.162.137 - - [07/Jan/2023:03:51:40 -0500] "GET / HTTP/1.1" 200 319
201.245.192.253 - - [07/Jan/2023:03:52:26 -0500] "POST /kwsrmcab/Wsrmcab  HTTP/1.1" 200 43926
154.16.105.32 - - [07/Jan/2023:03:55:39 -0500] "GET /wp-login.php HTTP/1.1" 404 1018
172.22.2.4 - - [07/Jan/2023:03:54:14 -0500] "HEAD /BLA/boletinlegal/ HTTP/1.1" 200 -
216.245.221.92 - - [07/Jan/2023:03:56:12 -0500] "HEAD / HTTP/1.1" 200 -
172.22.2.4 - - [07/Jan/2023:03:55:05 -0500] "GET /BLA/boletinlegal/ HTTP/1.1" 200 52453
201.245.192.253 - - [07/Jan/2023:03:57:24 -0500] "POST /kwsrmcab/Wsrmcab  HTTP/1.1" 200 43926
216.245.221.92 - - [07/Jan/2023:04:01:12 -0500] "HEAD / HTTP/1.1" 200 -
172.22.2.4 - - [07/Jan/2023:04:00:04 -0500] "HEAD /BLA/boletinlegal/ HTTP/1.1" 200 -
192.5.87.228 - - [07/Jan/2023:04:02:20 -0500] "GET /galeria/galeria/jquery.fancybox.js?v=2.1.5 HTTP/1.1" 200 48706
192.5.87.228 - - [07/Jan/2023:04:02:20 -0500] "GET /BLA/boletinlegal/js/jquery.scrollShow.js HTTP/1.1" 200 4586
201.245.192.253 - - [07/Jan/2023:04:02:22 -0500] "POST /kwsrmcab/Wsrmcab  HTTP/1.1" 200 43926
172.22.2.4 - - [07/Jan/2023:04:00:55 -0500] "GET /BLA/boletinlegal/ HTTP/1.1" 200 53337
66.249.73.97 - - [07/Jan/2023:04:05:25 -0500] "-" 408 -
216.245.221.92 - - [07/Jan/2023:04:06:12 -0500] "HEAD / HTTP/1.1" 200 -
172.22.2.4 - - [07/Jan/2023:04:05:31 -0500] "GET /BLA/boletinlegal/ HTTP/1.1" 200 36811
201.245.192.253 - - [07/Jan/2023:04:07:22 -0500] "POST /kwsrmcab/Wsrmcab  HTTP/1.1" 200 43926
172.22.2.4 - - [07/Jan/2023:04:05:54 -0500] "HEAD /BLA/boletinlegal/ HTTP/1.1" 200 -
172.22.2.4 - - [07/Jan/2023:04:06:45 -0500] "GET /BLA/boletinlegal/ HTTP/1.1" 200 54100
31.13.103.13 - - [07/Jan/2023:04:10:16 -0500] "GET /images/Aire%20Reyes%20(1)%20(1).jpeg HTTP/1.1" 200 59709
216.245.221.92 - - [07/Jan/2023:04:11:12 -0500] "HEAD / HTTP/1.1" 200 -
201.245.192.253 - - [07/Jan/2023:04:12:21 -0500] "POST /kwsrmcab/Wsrmcab  HTTP/1.1" 200 43926
172.22.2.4 - - [07/Jan/2023:04:11:44 -0500] "HEAD /BLA/boletinlegal/ HTTP/1.1" 200 -
207.46.13.93 - - [07/Jan/2023:04:14:04 -0500] "GET /BLA/resoluciones/RESOLUCIONES%202022/3394.pdf HTTP/1.1" 304 -
172.22.2.4 - - [07/Jan/2023:04:12:35 -0500] "GET /BLA/boletinlegal/ HTTP/1.1" 200 49550
216.245.221.92 - - [07/Jan/2023:04:16:12 -0500] "HEAD / HTTP/1.1" 200 -
201.245.192.253 - - [07/Jan/2023:04:17:21 -0500] "POST /kwsrmcab/Wsrmcab  HTTP/1.1" 200 43926
201.245.192.253 - - [07/Jan/2023:04:19:10 -0500] "POST /kwsrmcab/Wsrmcab HTTP/1.1" 200 43761
172.22.2.4 - - [07/Jan/2023:04:17:34 -0500] "HEAD /BLA/boletinlegal/ HTTP/1.1" 200 -
