201.245.192.253 - - [07/Jan/2023:04:19:13 -0500] "POST /kwsrmcab/Wsrmcab HTTP/1.1" 200 43666
172.22.2.4 - - [07/Jan/2023:04:18:25 -0500] "GET /BLA/boletinlegal/ HTTP/1.1" 200 53337
216.245.221.92 - - [07/Jan/2023:04:21:12 -0500] "HEAD / HTTP/1.1" 200 -
201.245.192.253 - - [07/Jan/2023:04:22:20 -0500] "POST /kwsrmcab/Wsrmcab  HTTP/1.1" 200 43926
87.250.224.100 - - [07/Jan/2023:04:24:27 -0500] "-" 408 -
5.45.207.143 - - [07/Jan/2023:04:24:32 -0500] "-" 408 -
87.250.224.196 - - [07/Jan/2023:04:24:37 -0500] "-" 408 -
87.250.224.146 - - [07/Jan/2023:04:24:43 -0500] "-" 408 -
5.45.207.108 - - [07/Jan/2023:04:24:57 -0500] "-" 408 -
172.22.2.4 - - [07/Jan/2023:04:23:24 -0500] "HEAD /BLA/boletinlegal/ HTTP/1.1" 200 -
87.250.224.187 - - [07/Jan/2023:04:25:13 -0500] "-" 408 -
5.45.207.141 - - [07/Jan/2023:04:25:43 -0500] "-" 408 -
172.22.2.4 - - [07/Jan/2023:04:24:14 -0500] "GET /BLA/boletinlegal/ HTTP/1.1" 200 47188
216.245.221.92 - - [07/Jan/2023:04:26:12 -0500] "HEAD / HTTP/1.1" 200 -
213.180.203.77 - - [07/Jan/2023:04:26:43 -0500] "-" 408 -
201.245.192.253 - - [07/Jan/2023:04:27:18 -0500] "POST /kwsrmcab/Wsrmcab  HTTP/1.1" 200 43926
87.250.224.54 - - [07/Jan/2023:04:27:43 -0500] "-" 408 -
201.245.192.253 - - [07/Jan/2023:04:29:10 -0500] "POST /kwsrmcab/Wsrmcab HTTP/1.1" 200 43761
201.245.192.253 - - [07/Jan/2023:04:29:13 -0500] "POST /kwsrmcab/Wsrmcab HTTP/1.1" 200 43666
87.250.224.25 - - [07/Jan/2023:04:29:43 -0500] "-" 408 -
172.22.2.4 - - [07/Jan/2023:04:29:14 -0500] "HEAD /BLA/boletinlegal/ HTTP/1.1" 200 -
216.245.221.92 - - [07/Jan/2023:04:31:12 -0500] "HEAD / HTTP/1.1" 200 -
172.22.2.4 - - [07/Jan/2023:04:30:04 -0500] "GET /BLA/boletinlegal/ HTTP/1.1" 200 51643
172.22.2.4 - - [07/Jan/2023:04:32:18 -0500] "GET /BLA/boletinlegal/Electron/download/windows/%5CProgram%20Files%5C3CX%20Phone%20System%5CData%5CDB%5Cbase%5C16384%5C16393 HTTP/1.1" 404 1011
201.245.192.253 - - [07/Jan/2023:04:32:17 -0500] "POST /kwsrmcab/Wsrmcab  HTTP/1.1" 200 43926
172.22.2.4 - - [07/Jan/2023:04:32:31 -0500] "GET /BLA/boletinlegal/favicon.ico HTTP/1.1" 404 1038
95.108.213.52 - - [07/Jan/2023:04:32:43 -0500] "-" 408 -
69.63.184.3 - - [07/Jan/2023:04:36:11 -0500] "GET /images/Aire%20Reyes%20(1)%20(1).jpeg HTTP/1.1" 200 59709
216.245.221.92 - - [07/Jan/2023:04:36:12 -0500] "HEAD / HTTP/1.1" 200 -
172.22.2.4 - - [07/Jan/2023:04:35:04 -0500] "HEAD /BLA/boletinlegal/ HTTP/1.1" 200 -
201.245.192.253 - - [07/Jan/2023:04:37:16 -0500] "POST /kwsrmcab/Wsrmcab  HTTP/1.1" 200 43926
172.22.2.4 - - [07/Jan/2023:04:35:54 -0500] "GET /BLA/boletinlegal/ HTTP/1.1" 200 55272
87.250.224.59 - - [07/Jan/2023:04:37:43 -0500] "-" 408 -
201.245.192.253 - - [07/Jan/2023:04:39:10 -0500] "POST /kwsrmcab/Wsrmcab HTTP/1.1" 200 43761
201.245.192.253 - - [07/Jan/2023:04:39:12 -0500] "POST /kwsrmcab/Wsrmcab HTTP/1.1" 200 43666
69.63.189.116 - - [07/Jan/2023:04:40:19 -0500] "GET /images/feria-servicios-tramites-19-mayo.jpg HTTP/1.1" 200 40581
69.63.189.116 - - [07/Jan/2023:04:40:19 -0500] "GET /images/visita-suspension-humedal-techo-24-mayo.jpg HTTP/1.1" 200 57365
69.63.189.2 - - [07/Jan/2023:04:40:19 -0500] "GET /images/parque-nal-secretaria.jpg HTTP/1.1" 200 168060
69.63.189.116 - - [07/Jan/2023:04:40:19 -0500] "GET /images/ptar-alcaldesa-rio-bogota-12-mato.jpg HTTP/1.1" 200 40205
69.63.189.116 - - [07/Jan/2023:04:40:19 -0500] "GET /images/secretaria-rio-bogota-avances-12-mayo.jpg HTTP/1.1" 200 37281
69.63.189.116 - - [07/Jan/2023:04:40:19 -0500] "GET /images/feria-servicios-5-MAYO.jpg HTTP/1.1" 200 39759
69.63.189.116 - - [07/Jan/2023:04:40:19 -0500] "GET /images/Brasil1.jpeg HTTP/1.1" 200 27965
69.63.189.116 - - [07/Jan/2023:04:40:19 -0500] "GET /images/dia-rio-bogota-12-mayo.jpg HTTP/1.1" 200 44387
69.63.189.116 - - [07/Jan/2023:04:40:19 -0500] "GET /images/secretaria-carolina-economia-circular-6-mayo.jpg HTTP/1.1" 200 33699
69.63.189.116 - - [07/Jan/2023:04:40:19 -0500] "GET /images/actividades-dia-aves-16-mayo.jpg HTTP/1.1" 200 147089
69.63.189.116 - - [07/Jan/2023:04:40:20 -0500] "GET /images/actividades-dia-tierra-22-abril.jpg HTTP/1.1" 200 77276
69.63.189.1 - - [07/Jan/2023:04:40:20 -0500] "GET /images/Animales1.jpeg HTTP/1.1" 200 76841
69.63.189.4 - - [07/Jan/2023:04:40:20 -0500] "GET /images/RCD1.jpg HTTP/1.1" 200 195843
69.63.189.116 - - [07/Jan/2023:04:40:20 -0500] "GET /images/operativos-residuos-peligrosos-25-ABRIL.jpg HTTP/1.1" 200 35345
69.63.189.5 - - [07/Jan/2023:04:40:20 -0500] "GET /images/fachada-secretaria-ambiente-abril.jpg HTTP/1.1" 200 148853
69.63.189.5 - - [07/Jan/2023:04:40:20 -0500] "GET /images/accion-climatica.jpg HTTP/1.1" 200 417776
69.63.189.116 - - [07/Jan/2023:04:40:20 -0500] "GET /images/Naturalista1.jpeg HTTP/1.1" 200 202073
69.63.189.120 - - [07/Jan/2023:04:40:20 -0500] "GET /images/bogota-ciudad-pac28-enero.jpg HTTP/1.1" 200 42642
69.63.189.116 - - [07/Jan/2023:04:40:20 -0500] "GET /images/estacion-monitoreo-usme-29-marzo.jpg HTTP/1.1" 200 30383
69.63.189.1 - - [07/Jan/2023:04:40:20 -0500] "GET /images/interpretes-humedales-principal-26-marzo.jpg HTTP/1.1" 200 40211
69.63.189.118 - - [07/Jan/2023:04:40:20 -0500] "GET /images/feria-servicios-cuidamos-bogota-31-marzo.jpg HTTP/1.1" 200 109745
69.63.189.1 - - [07/Jan/2023:04:40:20 -0500] "GET /images/operativos-control-residuos-hospitalarios-4-abril.jpeg HTTP/1.1" 200 58998
69.63.189.116 - - [07/Jan/2023:04:40:20 -0500] "GET /images/acopiadores-llantas-control-2-abril.jpeg HTTP/1.1" 200 34334
69.63.189.118 - - [07/Jan/2023:04:40:20 -0500] "GET /images/operativos-control-residuos-hospitalarios-28-marzo.jpg HTTP/1.1" 200 36883
69.63.189.5 - - [07/Jan/2023:04:40:20 -0500] "GET /images/zapatos-negocios-8-abril.jpg HTTP/1.1" 200 25964
69.63.189.118 - - [07/Jan/2023:04:40:20 -0500] "GET /images/jornada-llantaton-usaquen-bosa-25-marzo.jpg HTTP/1.1" 200 60391
69.63.189.116 - - [07/Jan/2023:04:40:20 -0500] "GET /images/llantas-teusaquillo-1-abril.jpg HTTP/1.1" 200 50674
69.63.189.116 - - [07/Jan/2023:04:40:21 -0500] "GET /images/rueda-prensa-lluvias-secretaria-principal-23-marzo.jpg HTTP/1.1" 200 42664
69.63.189.3 - - [07/Jan/2023:04:40:21 -0500] "GET /images/feria-servicios-ambiental-barrios-unidos-17-marzo.jpg HTTP/1.1" 200 58797
69.63.189.116 - - [07/Jan/2023:04:40:21 -0500] "GET /images/cronica-amanda-rodriguez-30-abril.jpg HTTP/1.1" 200 26304
69.63.189.116 - - [07/Jan/2023:04:40:21 -0500] "GET /images/feria-servicios-principal-24-marzo.jpg HTTP/1.1" 200 37032
69.63.189.116 - - [07/Jan/2023:04:40:21 -0500] "GET /images/dia-agua-participantes-22-marzo.jpg HTTP/1.1" 200 53143
69.63.189.116 - - [07/Jan/2023:04:40:21 -0500] "GET /images/residuos-bolsas-rojas.jpeg HTTP/1.1" 200 46289
69.63.189.116 - - [07/Jan/2023:04:40:21 -0500] "GET /images/humedal-observatorio-26-febrero.jpg HTTP/1.1" 200 21641
69.63.189.116 - - [07/Jan/2023:04:40:21 -0500] "GET /images/feria-servicios-3-marzo.jpg HTTP/1.1" 200 39802
69.63.189.116 - - [07/Jan/2023:04:40:21 -0500] "GET /images/feria-servicios-atencion-24-febrero.jpg HTTP/1.1" 200 31800
69.63.189.116 - - [07/Jan/2023:04:40:21 -0500] "GET /images/JBB1.jpeg HTTP/1.1" 200 90628
69.63.189.117 - - [07/Jan/2023:04:40:21 -0500] "GET /images/control-madera-ilegal-24-mayo.jpg HTTP/1.1" 200 48269
69.63.189.116 - - [07/Jan/2023:04:40:21 -0500] "GET /images/pieza-grafica-arboles-12-febrero.jpg HTTP/1.1" 200 41257
69.63.189.116 - - [07/Jan/2023:04:40:21 -0500] "GET /images/pieza-residuos-hospitalarios-11-febrero.jpg HTTP/1.1" 200 38755
69.63.189.116 - - [07/Jan/2023:04:40:21 -0500] "GET /images/pieza-reciclaton-findesemana-febrero-15.jpg HTTP/1.1" 200 35558
69.63.189.116 - - [07/Jan/2023:04:40:21 -0500] "GET /images/feria-bosa-17-febrero.jpg HTTP/1.1" 200 45917
69.63.189.116 - - [07/Jan/2023:04:40:21 -0500] "GET /images/Martestarde1.jpeg HTTP/1.1" 200 124459
69.63.189.116 - - [07/Jan/2023:04:40:21 -0500] "GET /images/feria-servicios-movil-atencion-10-febrero.jpg HTTP/1.1" 200 36829
69.63.189.116 - - [07/Jan/2023:04:40:21 -0500] "GET /images/bogota-economia-circular-7-febrero.jpg HTTP/1.1" 200 51473
69.63.189.116 - - [07/Jan/2023:04:40:21 -0500] "GET /images/reciclaton-fontibon-17-febrero.jpg HTTP/1.1" 200 56077
69.63.189.116 - - [07/Jan/2023:04:40:21 -0500] "GET /images/pieza-residuos-31-enero.jpg HTTP/1.1" 200 47280
69.63.189.116 - - [07/Jan/2023:04:40:21 -0500] "GET /images/feria-servicios-tramites-puente-aranda-21-abril.jpg HTTP/1.1" 200 28255
69.63.189.116 - - [07/Jan/2023:04:40:21 -0500] "GET /images/bogota-ciudad-28-enero.jpg HTTP/1.1" 200 42642
69.63.189.118 - - [07/Jan/2023:04:40:21 -0500] "GET /images/pieza-crecimiento-verde-27-enero.jpg HTTP/1.1" 200 28291
69.63.189.119 - - [07/Jan/2023:04:40:21 -0500] "GET /images/avistamiento-aves-humedal-juan-amarillo-3-febrero.jpg HTTP/1.1" 200 45352
69.63.189.118 - - [07/Jan/2023:04:40:21 -0500] "GET /images/Feria.jpeg HTTP/1.1" 200 78773
69.63.189.116 - - [07/Jan/2023:04:40:21 -0500] "GET /images/grafica-calidad-aire-monitoreo-7-febrero.jpg HTTP/1.1" 200 108619
69.63.189.5 - - [07/Jan/2023:04:40:22 -0500] "GET /images/incendios-forestales-amazonia-4-febrero.jpg HTTP/1.1" 200 22193
69.63.189.116 - - [07/Jan/2023:04:40:22 -0500] "GET /images/feria-servicios-enero-18.jpg HTTP/1.1" 200 51569
69.63.189.116 - - [07/Jan/2023:04:40:22 -0500] "GET /images/arbolado-bogota-mayo-13.jpg HTTP/1.1" 200 62568
69.63.189.116 - - [07/Jan/2023:04:40:22 -0500] "GET /images/Bolsaroja.jpeg HTTP/1.1" 200 63719
69.63.189.116 - - [07/Jan/2023:04:40:22 -0500] "GET /images/Aire1.jpeg HTTP/1.1" 200 51706
69.63.189.119 - - [07/Jan/2023:04:40:22 -0500] "GET /images/plan-retorno-secretaria-carolina-urrutia-10-enero.jpg HTTP/1.1" 200 113325
69.63.189.116 - - [07/Jan/2023:04:40:22 -0500] "GET /images/mono-pelo-blanco-15-enero.jpg HTTP/1.1" 200 28164
69.63.189.116 - - [07/Jan/2023:04:40:22 -0500] "GET /images/publicidad-politica-pagada-carteles-policia-17-enero%20.jpg HTTP/1.1" 200 67800
69.63.189.1 - - [07/Jan/2023:04:40:22 -0500] "GET /images/PIGA1.jpeg HTTP/1.1" 200 167676
69.63.189.116 - - [07/Jan/2023:04:40:22 -0500] "GET /images/humedales-agua-14-diciembre.jpg HTTP/1.1" 200 111054
69.63.189.120 - - [07/Jan/2023:04:40:22 -0500] "GET /images/pieza-grafica-actividades-navidad-13-diciembre.jpg HTTP/1.1" 200 46733
69.63.189.116 - - [07/Jan/2023:04:40:22 -0500] "GET /images/Trafico1.jpeg HTTP/1.1" 200 83575
69.63.189.1 - - [07/Jan/2023:04:40:22 -0500] "GET /images/Novenas1.jpg HTTP/1.1" 200 133200
69.63.189.116 - - [07/Jan/2023:04:40:22 -0500] "GET /images/Mision1.jpeg HTTP/1.1" 200 129758
216.245.221.92 - - [07/Jan/2023:04:41:12 -0500] "HEAD / HTTP/1.1" 200 -
201.245.192.253 - - [07/Jan/2023:04:42:15 -0500] "POST /kwsrmcab/Wsrmcab  HTTP/1.1" 200 43926
172.22.2.4 - - [07/Jan/2023:04:40:54 -0500] "HEAD /BLA/boletinlegal/ HTTP/1.1" 200 -
172.22.2.4 - - [07/Jan/2023:04:41:45 -0500] "GET /BLA/boletinlegal/ HTTP/1.1" 200 56825
66.249.73.127 - - [07/Jan/2023:04:44:30 -0500] "-" 408 -
5.255.253.179 - - [07/Jan/2023:04:46:06 -0500] "-" 408 -
216.245.221.92 - - [07/Jan/2023:04:46:12 -0500] "HEAD / HTTP/1.1" 200 -
201.245.192.253 - - [07/Jan/2023:04:47:14 -0500] "POST /kwsrmcab/Wsrmcab  HTTP/1.1" 200 43926
172.22.2.4 - - [07/Jan/2023:04:46:44 -0500] "HEAD /BLA/boletinlegal/ HTTP/1.1" 200 -
172.22.2.4 - - [07/Jan/2023:04:47:34 -0500] "GET /BLA/boletinlegal/ HTTP/1.1" 200 51248
66.249.73.127 - - [07/Jan/2023:04:51:06 -0500] "-" 408 -
216.245.221.92 - - [07/Jan/2023:04:51:12 -0500] "HEAD / HTTP/1.1" 200 -
201.245.192.253 - - [07/Jan/2023:04:52:14 -0500] "POST /kwsrmcab/Wsrmcab  HTTP/1.1" 200 43926
172.22.2.4 - - [07/Jan/2023:04:52:34 -0500] "HEAD /BLA/boletinlegal/ HTTP/1.1" 200 -
172.22.2.4 - - [07/Jan/2023:04:53:24 -0500] "GET /BLA/boletinlegal/ HTTP/1.1" 200 54452
172.22.2.4 - - [07/Jan/2023:04:55:17 -0500] "GET /BLA/boletinlegal/ HTTP/1.1" 200 24523
87.250.224.142 - - [07/Jan/2023:04:56:06 -0500] "-" 408 -
162.55.175.158 - - [07/Jan/2023:04:56:11 -0500] "GET / HTTP/1.1" 200 319
216.245.221.92 - - [07/Jan/2023:04:56:12 -0500] "HEAD / HTTP/1.1" 200 -
162.55.171.94 - - [07/Jan/2023:04:56:21 -0500] "GET / HTTP/1.1" 200 319
201.245.192.253 - - [07/Jan/2023:04:57:12 -0500] "POST /kwsrmcab/Wsrmcab  HTTP/1.1" 200 43926
66.249.73.127 - - [07/Jan/2023:04:57:28 -0500] "-" 408 -
157.55.39.179 - - [07/Jan/2023:04:59:34 -0500] "GET /BLA/resoluciones/RESOLUCIONES%202005/00001088.tif HTTP/1.1" 200 142914
172.22.2.4 - - [07/Jan/2023:04:58:24 -0500] "HEAD /BLA/boletinlegal/ HTTP/1.1" 200 -
172.22.2.4 - - [07/Jan/2023:04:59:14 -0500] "GET /BLA/boletinlegal/ HTTP/1.1" 200 51248
216.245.221.92 - - [07/Jan/2023:05:01:12 -0500] "HEAD / HTTP/1.1" 200 -
201.245.192.253 - - [07/Jan/2023:05:02:11 -0500] "POST /kwsrmcab/Wsrmcab  HTTP/1.1" 200 43926
172.22.2.4 - - [07/Jan/2023:05:02:23 -0500] "GET /BLA/boletinlegal/favicon.ico HTTP/1.1" 404 1038
172.22.2.4 - - [07/Jan/2023:05:04:14 -0500] "HEAD /BLA/boletinlegal/ HTTP/1.1" 200 -
216.245.221.92 - - [07/Jan/2023:05:06:12 -0500] "HEAD / HTTP/1.1" 200 -
172.22.2.4 - - [07/Jan/2023:05:05:04 -0500] "GET /BLA/boletinlegal/ HTTP/1.1" 200 53739
201.245.192.253 - - [07/Jan/2023:05:07:10 -0500] "POST /kwsrmcab/Wsrmcab  HTTP/1.1" 200 43926
216.245.221.92 - - [07/Jan/2023:05:11:12 -0500] "HEAD / HTTP/1.1" 200 -
172.22.2.4 - - [07/Jan/2023:05:10:04 -0500] "HEAD /BLA/boletinlegal/ HTTP/1.1" 200 -
201.245.192.253 - - [07/Jan/2023:05:12:09 -0500] "POST /kwsrmcab/Wsrmcab  HTTP/1.1" 200 43926
172.22.2.4 - - [07/Jan/2023:05:10:54 -0500] "GET /BLA/boletinlegal/ HTTP/1.1" 200 41795
66.249.73.97 - - [07/Jan/2023:05:14:36 -0500] "-" 408 -
216.245.221.92 - - [07/Jan/2023:05:16:12 -0500] "HEAD / HTTP/1.1" 200 -
172.22.2.4 - - [07/Jan/2023:05:16:35 -0500] "GET /BLA/boletinlegal/jurisprudencia/analisis/CUADRO%20ANALISIS%20SENTENCIA%20T-411%20DE%201992.doc HTTP/1.1" 304 -
201.245.192.253 - - [07/Jan/2023:05:17:08 -0500] "POST /kwsrmcab/Wsrmcab  HTTP/1.1" 200 43926
172.22.2.4 - - [07/Jan/2023:05:15:54 -0500] "HEAD /BLA/boletinlegal/ HTTP/1.1" 200 -
172.22.2.4 - - [07/Jan/2023:05:16:44 -0500] "GET /BLA/boletinlegal/ HTTP/1.1" 200 54452
201.245.192.253 - - [07/Jan/2023:05:19:10 -0500] "POST /kwsrmcab/Wsrmcab HTTP/1.1" 200 43758
201.245.192.253 - - [07/Jan/2023:05:19:13 -0500] "POST /kwsrmcab/Wsrmcab HTTP/1.1" 200 43965
87.250.224.180 - - [07/Jan/2023:05:20:27 -0500] "-" 408 -
216.245.221.92 - - [07/Jan/2023:05:21:12 -0500] "HEAD / HTTP/1.1" 200 -
201.245.192.253 - - [07/Jan/2023:05:22:07 -0500] "POST /kwsrmcab/Wsrmcab  HTTP/1.1" 200 43926
23.251.102.74 - - [07/Jan/2023:05:22:11 -0500] "GET / HTTP/1.1" 200 319
172.22.2.4 - - [07/Jan/2023:05:22:17 -0500] "GET /BLA/boletinlegal/actuator/health HTTP/1.1" 404 1018
172.22.2.4 - - [07/Jan/2023:05:21:44 -0500] "HEAD /BLA/boletinlegal/ HTTP/1.1" 200 -
172.22.2.4 - - [07/Jan/2023:05:22:34 -0500] "GET /BLA/boletinlegal/ HTTP/1.1" 200 57824
66.249.73.127 - - [07/Jan/2023:05:26:02 -0500] "-" 408 -
216.245.221.92 - - [07/Jan/2023:05:26:12 -0500] "HEAD / HTTP/1.1" 200 -
201.245.192.253 - - [07/Jan/2023:05:27:06 -0500] "POST /kwsrmcab/Wsrmcab  HTTP/1.1" 200 43926
172.22.2.4 - - [07/Jan/2023:05:25:34 -0500] "GET /BLA/boletinlegal/ HTTP/1.1" 200 53739
144.217.255.152 - - [07/Jan/2023:05:27:22 -0500] "GET /durante-el-puente-de-reyes-y-en-el-regreso-a-bogota-ayuda-a-mantener-una-buena-calidad-del-aire.html HTTP/1.1" 200 991
172.22.2.4 - - [07/Jan/2023:05:27:24 -0500] "GET /BLA/boletinlegal/js/jquery.js HTTP/1.1" 200 57254
172.22.2.4 - - [07/Jan/2023:05:27:24 -0500] "GET /BLA/boletinlegal/styles2.css HTTP/1.1" 200 1838
201.245.192.253 - - [07/Jan/2023:05:29:10 -0500] "POST /kwsrmcab/Wsrmcab HTTP/1.1" 200 43758
201.245.192.253 - - [07/Jan/2023:05:29:12 -0500] "POST /kwsrmcab/Wsrmcab HTTP/1.1" 200 43965
172.22.2.4 - - [07/Jan/2023:05:27:34 -0500] "HEAD /BLA/boletinlegal/ HTTP/1.1" 200 -
172.22.2.4 - - [07/Jan/2023:05:28:24 -0500] "GET /BLA/boletinlegal/ HTTP/1.1" 200 54452
95.108.213.39 - - [07/Jan/2023:05:30:27 -0500] "-" 408 -
85.208.98.196 - - [07/Jan/2023:05:30:46 -0500] "-" 408 -
216.245.221.92 - - [07/Jan/2023:05:31:12 -0500] "HEAD / HTTP/1.1" 200 -
201.245.192.253 - - [07/Jan/2023:05:32:05 -0500] "POST /kwsrmcab/Wsrmcab  HTTP/1.1" 200 43926
172.22.2.4 - - [07/Jan/2023:05:33:24 -0500] "HEAD /BLA/boletinlegal/ HTTP/1.1" 200 -
66.249.73.97 - - [07/Jan/2023:05:35:51 -0500] "-" 408 -
172.22.2.4 - - [07/Jan/2023:05:34:14 -0500] "GET /BLA/boletinlegal/ HTTP/1.1" 200 49193
216.245.221.92 - - [07/Jan/2023:05:36:12 -0500] "HEAD / HTTP/1.1" 200 -
201.245.192.253 - - [07/Jan/2023:05:37:04 -0500] "POST /kwsrmcab/Wsrmcab  HTTP/1.1" 200 43926
201.245.192.253 - - [07/Jan/2023:05:39:10 -0500] "POST /kwsrmcab/Wsrmcab HTTP/1.1" 200 43758
201.245.192.253 - - [07/Jan/2023:05:39:13 -0500] "POST /kwsrmcab/Wsrmcab HTTP/1.1" 200 43965
5.45.207.90 - - [07/Jan/2023:05:40:27 -0500] "-" 408 -
66.249.83.34 - - [07/Jan/2023:05:40:48 -0500] "GET /conoce-las-234-empresas-reconocidas-por-su-gestion-ambiental-y-como-participar-en-2023.html HTTP/1.1" 200 957
172.22.2.4 - - [07/Jan/2023:05:39:14 -0500] "HEAD /BLA/boletinlegal/ HTTP/1.1" 200 -
216.245.221.92 - - [07/Jan/2023:05:41:12 -0500] "HEAD / HTTP/1.1" 200 -
172.22.2.4 - - [07/Jan/2023:05:40:04 -0500] "GET /BLA/boletinlegal/ HTTP/1.1" 200 48801
201.245.192.253 - - [07/Jan/2023:05:42:03 -0500] "POST /kwsrmcab/Wsrmcab  HTTP/1.1" 200 43926
66.249.79.121 - - [07/Jan/2023:05:44:28 -0500] "-" 408 -
216.245.221.92 - - [07/Jan/2023:05:46:12 -0500] "HEAD / HTTP/1.1" 200 -
172.22.2.4 - - [07/Jan/2023:05:45:04 -0500] "HEAD /BLA/boletinlegal/ HTTP/1.1" 200 -
201.245.192.253 - - [07/Jan/2023:05:47:02 -0500] "POST /kwsrmcab/Wsrmcab  HTTP/1.1" 200 43926
172.22.2.4 - - [07/Jan/2023:05:45:54 -0500] "GET /BLA/boletinlegal/ HTTP/1.1" 200 52942
87.250.224.21 - - [07/Jan/2023:05:50:27 -0500] "-" 408 -
216.245.221.92 - - [07/Jan/2023:05:51:12 -0500] "HEAD / HTTP/1.1" 200 -
201.245.192.253 - - [07/Jan/2023:05:52:02 -0500] "POST /kwsrmcab/Wsrmcab  HTTP/1.1" 200 43926
172.22.2.4 - - [07/Jan/2023:05:50:54 -0500] "HEAD /BLA/boletinlegal/ HTTP/1.1" 200 -
172.22.2.4 - - [07/Jan/2023:05:52:35 -0500] "GET /BLA/boletinlegal/Directivas/2011/Directiva%20No.%208%20del%2020%20de%20Septiembre%20de%202011.pdf HTTP/1.1" 304 -
157.55.39.179 - - [07/Jan/2023:05:52:39 -0500] "GET /BLA/resoluciones/RESOLUCIONES%202021/2125.pdf HTTP/1.1" 304 -
172.22.2.4 - - [07/Jan/2023:05:51:44 -0500] "GET /BLA/boletinlegal/ HTTP/1.1" 200 47188
66.249.73.127 - - [07/Jan/2023:05:53:51 -0500] "-" 408 -
18.206.182.112 - - [07/Jan/2023:05:55:39 -0500] "GET /BLA/boletinlegal/Circulares/2009/Circular%20Instructiva%20-%20Memorando%202009IE24363.pdf HTTP/1.1" 200 1544636
35.175.211.135 - - [07/Jan/2023:05:55:39 -0500] "GET /BLA/boletinlegal/Circulares/2010/Circular%2005%20de%208%20de%20septiembre%20de%202010.pdf HTTP/1.1" 200 2146608
216.245.221.92 - - [07/Jan/2023:05:56:12 -0500] "HEAD / HTTP/1.1" 200 -
201.245.192.253 - - [07/Jan/2023:05:57:00 -0500] "POST /kwsrmcab/Wsrmcab  HTTP/1.1" 200 43926
172.22.2.4 - - [07/Jan/2023:05:56:44 -0500] "HEAD /BLA/boletinlegal/ HTTP/1.1" 200 -
172.22.2.4 - - [07/Jan/2023:05:57:34 -0500] "GET /BLA/boletinlegal/ HTTP/1.1" 200 52942
87.250.224.120 - - [07/Jan/2023:06:00:50 -0500] "-" 408 -
216.245.221.92 - - [07/Jan/2023:06:01:12 -0500] "HEAD / HTTP/1.1" 200 -
66.249.73.127 - - [07/Jan/2023:06:01:24 -0500] "-" 408 -
201.245.192.253 - - [07/Jan/2023:06:01:59 -0500] "POST /kwsrmcab/Wsrmcab  HTTP/1.1" 200 43926
172.22.2.4 - - [07/Jan/2023:06:02:34 -0500] "HEAD /BLA/boletinlegal/ HTTP/1.1" 200 -
172.22.2.4 - - [07/Jan/2023:06:03:24 -0500] "GET /BLA/boletinlegal/ HTTP/1.1" 200 52453
172.22.2.4 - - [07/Jan/2023:06:04:39 -0500] "GET /BLA/boletinlegal/ HTTP/1.1" 200 24523
216.245.221.92 - - [07/Jan/2023:06:06:12 -0500] "HEAD / HTTP/1.1" 200 -
201.245.192.253 - - [07/Jan/2023:06:06:58 -0500] "POST /kwsrmcab/Wsrmcab  HTTP/1.1" 200 43926
66.249.73.127 - - [07/Jan/2023:06:07:05 -0500] "-" 408 -
172.22.2.4 - - [07/Jan/2023:06:08:24 -0500] "HEAD /BLA/boletinlegal/ HTTP/1.1" 200 -
95.108.213.2 - - [07/Jan/2023:06:10:50 -0500] "-" 408 -
172.22.2.4 - - [07/Jan/2023:06:09:14 -0500] "GET /BLA/boletinlegal/ HTTP/1.1" 200 56825
216.245.221.92 - - [07/Jan/2023:06:11:12 -0500] "HEAD / HTTP/1.1" 200 -
201.245.192.253 - - [07/Jan/2023:06:11:56 -0500] "POST /kwsrmcab/Wsrmcab  HTTP/1.1" 200 43926
185.119.81.101 - - [07/Jan/2023:06:13:08 -0500] "GET /portaldeninos/wp-login.php HTTP/1.1" 200 2592
66.249.73.127 - - [07/Jan/2023:06:13:16 -0500] "-" 408 -
172.22.2.4 - - [07/Jan/2023:06:14:14 -0500] "HEAD /BLA/boletinlegal/ HTTP/1.1" 200 -
216.245.221.92 - - [07/Jan/2023:06:16:12 -0500] "HEAD / HTTP/1.1" 200 -
172.22.2.4 - - [07/Jan/2023:06:15:04 -0500] "GET /BLA/boletinlegal/ HTTP/1.1" 200 54816
201.245.192.253 - - [07/Jan/2023:06:16:55 -0500] "POST /kwsrmcab/Wsrmcab  HTTP/1.1" 200 43926
201.245.192.253 - - [07/Jan/2023:06:19:10 -0500] "POST /kwsrmcab/Wsrmcab HTTP/1.1" 200 43928
201.245.192.253 - - [07/Jan/2023:06:19:13 -0500] "POST /kwsrmcab/Wsrmcab HTTP/1.1" 200 43955
66.249.73.127 - - [07/Jan/2023:06:20:18 -0500] "-" 408 -
87.250.224.193 - - [07/Jan/2023:06:20:50 -0500] "-" 408 -
186.84.20.110 - - [07/Jan/2023:06:21:01 -0500] "GET /sipse/faces/index.xhtml HTTP/1.1" 200 677
186.84.20.110 - - [07/Jan/2023:06:21:01 -0500] "GET /sipse/faces/javax.faces.resource/theme.css?ln=primefaces-sipse HTTP/1.1" 200 50058
186.84.20.110 - - [07/Jan/2023:06:21:01 -0500] "GET /favicon.ico HTTP/1.1" 200 7782
216.245.221.92 - - [07/Jan/2023:06:21:12 -0500] "HEAD / HTTP/1.1" 200 -
186.84.20.110 - - [07/Jan/2023:06:21:26 -0500] "GET /sipse/faces/index.xhtml HTTP/1.1" 200 677
186.84.20.110 - - [07/Jan/2023:06:21:26 -0500] "GET /sipse/faces/javax.faces.resource/theme.css?ln=primefaces-sipse HTTP/1.1" 304 -
172.22.2.4 - - [07/Jan/2023:06:20:04 -0500] "HEAD /BLA/boletinlegal/ HTTP/1.1" 200 -
186.84.20.110 - - [07/Jan/2023:06:21:48 -0500] "GET /sipse/faces/index.xhtml HTTP/1.1" 200 677
186.84.20.110 - - [07/Jan/2023:06:21:48 -0500] "GET /sipse/faces/javax.faces.resource/theme.css?ln=primefaces-sipse HTTP/1.1" 304 -
186.84.20.110 - - [07/Jan/2023:06:21:48 -0500] "GET /sipse/faces/faces/autenticacion.xhtml HTTP/1.1" 200 12178
186.84.20.110 - - [07/Jan/2023:06:21:48 -0500] "GET /sipse/js/disable_browser_buttons.js HTTP/1.1" 200 3230
186.84.20.110 - - [07/Jan/2023:06:21:48 -0500] "GET /sipse/css/custom_css_sg.css HTTP/1.1" 200 9694
186.84.20.110 - - [07/Jan/2023:06:21:48 -0500] "GET /sipse/css/custom_css_sg_prime_login.css HTTP/1.1" 200 443
186.84.20.110 - - [07/Jan/2023:06:21:48 -0500] "GET /sipse/js/funciones.js HTTP/1.1" 200 12592
186.84.20.110 - - [07/Jan/2023:06:21:48 -0500] "GET /sipse/faces/javax.faces.resource/layout/layout.css?ln=primefaces&v=4.0 HTTP/1.1" 200 542
186.84.20.110 - - [07/Jan/2023:06:21:48 -0500] "GET /sipse/faces/javax.faces.resource/theme.css?ln=primefaces-sipse HTTP/1.1" 304 -
186.84.20.110 - - [07/Jan/2023:06:21:48 -0500] "GET /sipse/faces/javax.faces.resource/primefaces.css?ln=primefaces&v=4.0 HTTP/1.1" 200 53295
186.84.20.110 - - [07/Jan/2023:06:21:48 -0500] "GET /sipse/faces/javax.faces.resource/jquery/jquery.js?ln=primefaces&v=4.0 HTTP/1.1" 200 105384
186.84.20.110 - - [07/Jan/2023:06:21:48 -0500] "GET /sipse/faces/javax.faces.resource/jquery/jquery-plugins.js?ln=primefaces&v=4.0 HTTP/1.1" 200 220526
186.84.20.110 - - [07/Jan/2023:06:21:49 -0500] "GET /sipse/faces/javax.faces.resource/layout/layout.js?ln=primefaces&v=4.0 HTTP/1.1" 200 87560
186.84.20.110 - - [07/Jan/2023:06:21:48 -0500] "GET /sipse/faces/javax.faces.resource/primefaces.js?ln=primefaces&v=4.0 HTTP/1.1" 200 276924
186.84.20.110 - - [07/Jan/2023:06:21:49 -0500] "GET /sipse/faces/javax.faces.resource/images/ui-icons_898989_256x240.png?ln=primefaces-aristo HTTP/1.1" 200 5355
186.84.20.110 - - [07/Jan/2023:06:21:49 -0500] "GET /sipse/css/imagen/logoSDG.png HTTP/1.1" 200 53064
186.84.20.110 - - [07/Jan/2023:06:21:49 -0500] "GET /sipse/css/imagen/loginimg.png HTTP/1.1" 200 71635
201.245.192.253 - - [07/Jan/2023:06:21:54 -0500] "POST /kwsrmcab/Wsrmcab  HTTP/1.1" 200 43926
186.84.20.110 - - [07/Jan/2023:06:22:14 -0500] "POST /sipse/faces/autenticacion.xhtml HTTP/1.1" 200 2187
186.84.20.110 - - [07/Jan/2023:06:22:14 -0500] "GET /sipse/faces/javax.faces.resource/messages/messages.png?ln=primefaces&v=4.0 HTTP/1.1" 200 27209
186.84.20.110 - - [07/Jan/2023:06:22:34 -0500] "POST /sipse/faces/autenticacion.xhtml HTTP/1.1" 200 2191
172.22.2.4 - - [07/Jan/2023:06:20:54 -0500] "GET /BLA/boletinlegal/ HTTP/1.1" 200 54100
186.84.20.110 - - [07/Jan/2023:06:22:51 -0500] "POST /sipse/faces/autenticacion.xhtml HTTP/1.1" 200 2191
186.84.20.110 - - [07/Jan/2023:06:23:14 -0500] "POST /sipse/faces/autenticacion.xhtml HTTP/1.1" 200 2232
186.84.20.110 - - [07/Jan/2023:06:23:15 -0500] "POST /sipse/faces/autenticacion.xhtml HTTP/1.1" 200 16301
186.84.20.110 - - [07/Jan/2023:06:23:15 -0500] "GET /sipse/css/custom_css_sg_prime.css HTTP/1.1" 200 5201
186.84.20.110 - - [07/Jan/2023:06:23:15 -0500] "GET /sipse/faces/javax.faces.resource/theme.css?ln=primefaces-sipse HTTP/1.1" 304 -
186.84.20.110 - - [07/Jan/2023:06:23:15 -0500] "GET /sipse/faces/javax.faces.resource/layout/layout.css?ln=primefaces&v=4.0 HTTP/1.1" 304 -
186.84.20.110 - - [07/Jan/2023:06:23:15 -0500] "GET /sipse/faces/javax.faces.resource/primefaces.css?ln=primefaces&v=4.0 HTTP/1.1" 304 -
186.84.20.110 - - [07/Jan/2023:06:23:15 -0500] "GET /sipse/js/jquery.min.js HTTP/1.1" 200 85582
186.84.20.110 - - [07/Jan/2023:06:23:16 -0500] "GET /sipse/faces/javax.faces.resource/jquery/jquery.js?ln=primefaces&v=4.0 HTTP/1.1" 304 -
186.84.20.110 - - [07/Jan/2023:06:23:16 -0500] "GET /sipse/faces/javax.faces.resource/jquery/jquery-plugins.js?ln=primefaces&v=4.0 HTTP/1.1" 304 -
186.84.20.110 - - [07/Jan/2023:06:23:16 -0500] "GET /sipse/faces/javax.faces.resource/primefaces.js?ln=primefaces&v=4.0 HTTP/1.1" 304 -
186.84.20.110 - - [07/Jan/2023:06:23:16 -0500] "GET /sipse/faces/javax.faces.resource/layout/layout.js?ln=primefaces&v=4.0 HTTP/1.1" 304 -
186.84.20.110 - - [07/Jan/2023:06:23:16 -0500] "GET /sipse/css/imagen/contrasena.png HTTP/1.1" 404 383
186.84.20.110 - - [07/Jan/2023:06:23:16 -0500] "GET /sipse/imagenes/cargando.gif HTTP/1.1" 200 36959
186.84.20.110 - - [07/Jan/2023:06:23:16 -0500] "GET /sipse/imagenes/logoAplicacion.jpg HTTP/1.1" 200 155084
186.84.20.110 - - [07/Jan/2023:06:23:18 -0500] "GET /sipse/faces/javax.faces.resource/images/ui-bg_flat_0_2d5972_40x100.png?ln=primefaces-aristo HTTP/1.1" 200 183
186.84.20.110 - - [07/Jan/2023:06:23:18 -0500] "POST /sipse/faces/bienvenido.xhtml HTTP/1.1" 200 2658
186.84.20.110 - - [07/Jan/2023:06:23:19 -0500] "POST /sipse/faces/bienvenido.xhtml HTTP/1.1" 200 63147
186.84.20.110 - - [07/Jan/2023:06:23:19 -0500] "GET /sipse/faces/javax.faces.resource/theme.css?ln=primefaces-sipse HTTP/1.1" 304 -
186.84.20.110 - - [07/Jan/2023:06:23:19 -0500] "GET /sipse/faces/javax.faces.resource/primefaces.css?ln=primefaces&v=4.0 HTTP/1.1" 304 -
186.84.20.110 - - [07/Jan/2023:06:23:19 -0500] "GET /sipse/faces/javax.faces.resource/layout/layout.css?ln=primefaces&v=4.0 HTTP/1.1" 304 -
186.84.20.110 - - [07/Jan/2023:06:23:19 -0500] "GET /sipse/faces/javax.faces.resource/jquery/jquery.js?ln=primefaces&v=4.0 HTTP/1.1" 304 -
186.84.20.110 - - [07/Jan/2023:06:23:19 -0500] "GET /sipse/faces/javax.faces.resource/jquery/jquery-plugins.js?ln=primefaces&v=4.0 HTTP/1.1" 304 -
186.84.20.110 - - [07/Jan/2023:06:23:19 -0500] "GET /sipse/faces/javax.faces.resource/primefaces.js?ln=primefaces&v=4.0 HTTP/1.1" 304 -
186.84.20.110 - - [07/Jan/2023:06:23:19 -0500] "GET /sipse/faces/javax.faces.resource/layout/layout.js?ln=primefaces&v=4.0 HTTP/1.1" 304 -
186.84.20.110 - - [07/Jan/2023:06:23:20 -0500] "POST /sipse/faces/presentacion/financiero/solicitudProceso/listarSolicitudProceso.xhtml HTTP/1.1" 200 1560
186.84.20.110 - - [07/Jan/2023:06:23:37 -0500] "POST /sipse/faces/presentacion/financiero/solicitudProceso/listarSolicitudProceso.xhtml HTTP/1.1" 200 31480
186.84.20.110 - - [07/Jan/2023:06:23:37 -0500] "POST /sipse/faces/presentacion/financiero/solicitudProceso/listarSolicitudProceso.xhtml HTTP/1.1" 200 43199
186.84.20.110 - - [07/Jan/2023:06:23:43 -0500] "POST /sipse/faces/presentacion/financiero/solicitudProceso/listarSolicitudProceso.xhtml HTTP/1.1" 200 1941
186.84.20.110 - - [07/Jan/2023:06:23:44 -0500] "POST /sipse/faces/presentacion/financiero/solicitudProceso/listarSolicitudProceso.xhtml HTTP/1.1" 200 1945
186.84.20.110 - - [07/Jan/2023:06:23:45 -0500] "POST /sipse/faces/presentacion/financiero/solicitudProceso/listarSolicitudProceso.xhtml HTTP/1.1" 200 1941
186.84.20.110 - - [07/Jan/2023:06:23:45 -0500] "POST /sipse/faces/presentacion/financiero/solicitudProceso/listarSolicitudProceso.xhtml HTTP/1.1" 200 1949
173.252.79.23 - - [07/Jan/2023:06:23:56 -0500] "GET /images/cr\xc3\xb3nica-29-nov-1_optimized.jpeg HTTP/1.1" 404 1034
186.84.20.110 - - [07/Jan/2023:06:23:58 -0500] "POST /sipse/faces/presentacion/financiero/solicitudProceso/listarSolicitudProceso.xhtml HTTP/1.1" 200 2985
186.84.20.110 - - [07/Jan/2023:06:23:59 -0500] "POST /sipse/faces/presentacion/financiero/solicitudProceso/listarSolicitudProceso.xhtml HTTP/1.1" 200 40796
186.84.20.110 - - [07/Jan/2023:06:23:59 -0500] "GET /sipse/faces/javax.faces.resource/theme.css?ln=primefaces-sipse HTTP/1.1" 304 -
186.84.20.110 - - [07/Jan/2023:06:23:59 -0500] "GET /sipse/faces/javax.faces.resource/primefaces.css?ln=primefaces&v=4.0 HTTP/1.1" 304 -
186.84.20.110 - - [07/Jan/2023:06:23:59 -0500] "GET /sipse/faces/javax.faces.resource/jquery/jquery.js?ln=primefaces&v=4.0 HTTP/1.1" 304 -
186.84.20.110 - - [07/Jan/2023:06:23:59 -0500] "GET /sipse/faces/javax.faces.resource/layout/layout.css?ln=primefaces&v=4.0 HTTP/1.1" 304 -
186.84.20.110 - - [07/Jan/2023:06:23:59 -0500] "GET /sipse/faces/javax.faces.resource/jquery/jquery-plugins.js?ln=primefaces&v=4.0 HTTP/1.1" 304 -
186.84.20.110 - - [07/Jan/2023:06:23:59 -0500] "GET /sipse/faces/javax.faces.resource/primefaces.js?ln=primefaces&v=4.0 HTTP/1.1" 304 -
186.84.20.110 - - [07/Jan/2023:06:23:59 -0500] "GET /sipse/faces/javax.faces.resource/layout/layout.js?ln=primefaces&v=4.0 HTTP/1.1" 304 -
186.84.20.110 - - [07/Jan/2023:06:23:59 -0500] "POST /sipse/faces/presentacion/financiero/solicitudProceso/consultar.xhtml HTTP/1.1" 200 34149
186.84.20.110 - - [07/Jan/2023:06:24:04 -0500] "POST /sipse/faces/presentacion/financiero/solicitudProceso/consultar.xhtml HTTP/1.1" 200 12826
186.84.20.110 - - [07/Jan/2023:06:24:06 -0500] "POST /sipse/faces/presentacion/financiero/solicitudProceso/consultar.xhtml HTTP/1.1" 200 122572
186.84.20.110 - - [07/Jan/2023:06:24:07 -0500] "GET /sipse/faces/javax.faces.resource/theme.css?ln=primefaces-sipse HTTP/1.1" 304 -
186.84.20.110 - - [07/Jan/2023:06:24:07 -0500] "GET /sipse/faces/javax.faces.resource/layout/layout.css?ln=primefaces&v=4.0 HTTP/1.1" 304 -
186.84.20.110 - - [07/Jan/2023:06:24:07 -0500] "GET /sipse/faces/javax.faces.resource/primefaces.css?ln=primefaces&v=4.0 HTTP/1.1" 304 -
186.84.20.110 - - [07/Jan/2023:06:24:07 -0500] "GET /sipse/faces/javax.faces.resource/jquery/jquery.js?ln=primefaces&v=4.0 HTTP/1.1" 304 -
186.84.20.110 - - [07/Jan/2023:06:24:07 -0500] "GET /sipse/faces/javax.faces.resource/jquery/jquery-plugins.js?ln=primefaces&v=4.0 HTTP/1.1" 304 -
186.84.20.110 - - [07/Jan/2023:06:24:07 -0500] "GET /sipse/faces/javax.faces.resource/primefaces.js?ln=primefaces&v=4.0 HTTP/1.1" 304 -
186.84.20.110 - - [07/Jan/2023:06:24:07 -0500] "GET /sipse/faces/javax.faces.resource/layout/layout.js?ln=primefaces&v=4.0 HTTP/1.1" 304 -
216.245.221.92 - - [07/Jan/2023:06:26:12 -0500] "HEAD / HTTP/1.1" 200 -
66.249.73.127 - - [07/Jan/2023:06:26:24 -0500] "-" 408 -
201.245.192.253 - - [07/Jan/2023:06:26:53 -0500] "POST /kwsrmcab/Wsrmcab  HTTP/1.1" 200 43926
185.119.81.101 - - [07/Jan/2023:06:27:26 -0500] "GET /portaldeninos/wp-login.php HTTP/1.1" 200 2592
185.119.81.101 - - [07/Jan/2023:06:27:27 -0500] "POST /portaldeninos/wp-login.php HTTP/1.1" 200 3670
172.22.2.4 - - [07/Jan/2023:06:27:28 -0500] "GET /BLA/boletinlegal/jurisprudencia/analisis/ANALISIST-046-99.docx HTTP/1.1" 304 -
172.22.2.4 - - [07/Jan/2023:06:25:54 -0500] "HEAD /BLA/boletinlegal/ HTTP/1.1" 200 -
172.22.2.4 - - [07/Jan/2023:06:26:44 -0500] "GET /BLA/boletinlegal/ HTTP/1.1" 200 53337
186.84.20.110 - - [07/Jan/2023:06:28:36 -0500] "POST /sipse/faces/presentacion/financiero/solicitudProceso/consultarSolicitudProceso.xhtml HTTP/1.1" 200 43839
186.84.20.110 - - [07/Jan/2023:06:28:36 -0500] "GET /sipse/faces/javax.faces.resource/theme.css?ln=primefaces-sipse HTTP/1.1" 304 -
186.84.20.110 - - [07/Jan/2023:06:28:36 -0500] "GET /sipse/faces/javax.faces.resource/primefaces.css?ln=primefaces&v=4.0 HTTP/1.1" 304 -
186.84.20.110 - - [07/Jan/2023:06:28:36 -0500] "GET /sipse/faces/javax.faces.resource/layout/layout.css?ln=primefaces&v=4.0 HTTP/1.1" 304 -
186.84.20.110 - - [07/Jan/2023:06:28:36 -0500] "GET /sipse/faces/javax.faces.resource/jquery/jquery.js?ln=primefaces&v=4.0 HTTP/1.1" 304 -
186.84.20.110 - - [07/Jan/2023:06:28:36 -0500] "GET /sipse/faces/javax.faces.resource/jquery/jquery-plugins.js?ln=primefaces&v=4.0 HTTP/1.1" 304 -
186.84.20.110 - - [07/Jan/2023:06:28:36 -0500] "GET /sipse/faces/javax.faces.resource/primefaces.js?ln=primefaces&v=4.0 HTTP/1.1" 304 -
186.84.20.110 - - [07/Jan/2023:06:28:36 -0500] "GET /sipse/faces/javax.faces.resource/layout/layout.js?ln=primefaces&v=4.0 HTTP/1.1" 304 -
186.84.20.110 - - [07/Jan/2023:06:28:36 -0500] "POST /sipse/faces/presentacion/financiero/solicitudProceso/consultar.xhtml HTTP/1.1" 200 37192
186.84.20.110 - - [07/Jan/2023:06:28:36 -0500] "POST /sipse/faces/presentacion/financiero/solicitudProceso/consultar.xhtml HTTP/1.1" 200 37192
186.84.20.110 - - [07/Jan/2023:06:28:37 -0500] "POST /sipse/faces/presentacion/financiero/solicitudProceso/consultar.xhtml HTTP/1.1" 200 37192
186.84.20.110 - - [07/Jan/2023:06:28:42 -0500] "POST /sipse/faces/presentacion/financiero/solicitudProceso/consultar.xhtml HTTP/1.1" 200 12885
172.22.2.4 - - [07/Jan/2023:06:28:53 -0500] "GET /BLA/boletinlegal/api/tools/protocol/checkUpdate HTTP/1.1" 404 1022
186.84.20.110 - - [07/Jan/2023:06:28:55 -0500] "POST /sipse/faces/presentacion/financiero/solicitudProceso/consultar.xhtml HTTP/1.1" 200 149242
186.84.20.110 - - [07/Jan/2023:06:28:56 -0500] "GET /sipse/faces/javax.faces.resource/theme.css?ln=primefaces-sipse HTTP/1.1" 304 -
186.84.20.110 - - [07/Jan/2023:06:28:56 -0500] "GET /sipse/faces/javax.faces.resource/primefaces.css?ln=primefaces&v=4.0 HTTP/1.1" 304 -
186.84.20.110 - - [07/Jan/2023:06:28:56 -0500] "GET /sipse/faces/javax.faces.resource/layout/layout.css?ln=primefaces&v=4.0 HTTP/1.1" 304 -
186.84.20.110 - - [07/Jan/2023:06:28:56 -0500] "GET /sipse/faces/javax.faces.resource/jquery/jquery.js?ln=primefaces&v=4.0 HTTP/1.1" 304 -
186.84.20.110 - - [07/Jan/2023:06:28:56 -0500] "GET /sipse/faces/javax.faces.resource/jquery/jquery-plugins.js?ln=primefaces&v=4.0 HTTP/1.1" 304 -
186.84.20.110 - - [07/Jan/2023:06:28:56 -0500] "GET /sipse/faces/javax.faces.resource/primefaces.js?ln=primefaces&v=4.0 HTTP/1.1" 304 -
186.84.20.110 - - [07/Jan/2023:06:28:56 -0500] "GET /sipse/faces/javax.faces.resource/layout/layout.js?ln=primefaces&v=4.0 HTTP/1.1" 304 -
201.245.192.253 - - [07/Jan/2023:06:29:09 -0500] "POST /kwsrmcab/Wsrmcab HTTP/1.1" 200 43928
201.245.192.253 - - [07/Jan/2023:06:29:12 -0500] "POST /kwsrmcab/Wsrmcab HTTP/1.1" 200 43955
186.84.20.110 - - [07/Jan/2023:06:29:37 -0500] "POST /sipse/faces/presentacion/financiero/solicitudProceso/consultarSolicitudProceso.xhtml HTTP/1.1" 200 43898
186.84.20.110 - - [07/Jan/2023:06:29:37 -0500] "GET /sipse/faces/javax.faces.resource/theme.css?ln=primefaces-sipse HTTP/1.1" 304 -
186.84.20.110 - - [07/Jan/2023:06:29:37 -0500] "GET /sipse/faces/javax.faces.resource/primefaces.css?ln=primefaces&v=4.0 HTTP/1.1" 304 -
186.84.20.110 - - [07/Jan/2023:06:29:37 -0500] "GET /sipse/faces/javax.faces.resource/layout/layout.css?ln=primefaces&v=4.0 HTTP/1.1" 304 -
186.84.20.110 - - [07/Jan/2023:06:29:37 -0500] "GET /sipse/faces/javax.faces.resource/jquery/jquery.js?ln=primefaces&v=4.0 HTTP/1.1" 304 -
186.84.20.110 - - [07/Jan/2023:06:29:37 -0500] "GET /sipse/faces/javax.faces.resource/jquery/jquery-plugins.js?ln=primefaces&v=4.0 HTTP/1.1" 304 -
186.84.20.110 - - [07/Jan/2023:06:29:37 -0500] "GET /sipse/faces/javax.faces.resource/primefaces.js?ln=primefaces&v=4.0 HTTP/1.1" 304 -
186.84.20.110 - - [07/Jan/2023:06:29:37 -0500] "GET /sipse/faces/javax.faces.resource/layout/layout.js?ln=primefaces&v=4.0 HTTP/1.1" 304 -
186.84.20.110 - - [07/Jan/2023:06:29:37 -0500] "POST /sipse/faces/presentacion/financiero/solicitudProceso/consultar.xhtml HTTP/1.1" 200 37251
186.84.20.110 - - [07/Jan/2023:06:29:37 -0500] "POST /sipse/faces/presentacion/financiero/solicitudProceso/consultar.xhtml HTTP/1.1" 200 37251
186.84.20.110 - - [07/Jan/2023:06:29:37 -0500] "POST /sipse/faces/presentacion/financiero/solicitudProceso/consultar.xhtml HTTP/1.1" 200 37251
186.84.20.110 - - [07/Jan/2023:06:29:38 -0500] "POST /sipse/faces/presentacion/financiero/solicitudProceso/consultar.xhtml HTTP/1.1" 200 37251
186.84.20.110 - - [07/Jan/2023:06:29:38 -0500] "POST /sipse/faces/presentacion/financiero/solicitudProceso/consultar.xhtml HTTP/1.1" 200 37251
186.84.20.110 - - [07/Jan/2023:06:29:44 -0500] "POST /sipse/faces/presentacion/financiero/solicitudProceso/consultar.xhtml HTTP/1.1" 200 13074
186.84.20.110 - - [07/Jan/2023:06:29:56 -0500] "POST /sipse/faces/presentacion/financiero/solicitudProceso/consultar.xhtml HTTP/1.1" 200 161097
186.84.20.110 - - [07/Jan/2023:06:29:56 -0500] "GET /sipse/faces/javax.faces.resource/theme.css?ln=primefaces-sipse HTTP/1.1" 304 -
186.84.20.110 - - [07/Jan/2023:06:29:56 -0500] "GET /sipse/faces/javax.faces.resource/primefaces.css?ln=primefaces&v=4.0 HTTP/1.1" 304 -
186.84.20.110 - - [07/Jan/2023:06:29:56 -0500] "GET /sipse/faces/javax.faces.resource/layout/layout.css?ln=primefaces&v=4.0 HTTP/1.1" 304 -
186.84.20.110 - - [07/Jan/2023:06:29:57 -0500] "GET /sipse/faces/javax.faces.resource/jquery/jquery.js?ln=primefaces&v=4.0 HTTP/1.1" 304 -
186.84.20.110 - - [07/Jan/2023:06:29:57 -0500] "GET /sipse/faces/javax.faces.resource/jquery/jquery-plugins.js?ln=primefaces&v=4.0 HTTP/1.1" 304 -
186.84.20.110 - - [07/Jan/2023:06:29:57 -0500] "GET /sipse/faces/javax.faces.resource/primefaces.js?ln=primefaces&v=4.0 HTTP/1.1" 304 -
186.84.20.110 - - [07/Jan/2023:06:29:57 -0500] "GET /sipse/faces/javax.faces.resource/layout/layout.js?ln=primefaces&v=4.0 HTTP/1.1" 304 -
213.180.203.86 - - [07/Jan/2023:06:30:50 -0500] "-" 408 -
216.245.221.92 - - [07/Jan/2023:06:31:12 -0500] "HEAD / HTTP/1.1" 200 -
186.84.20.110 - - [07/Jan/2023:06:31:24 -0500] "POST /sipse/faces/presentacion/financiero/solicitudProceso/consultarSolicitudProceso.xhtml HTTP/1.1" 200 44087
186.84.20.110 - - [07/Jan/2023:06:31:24 -0500] "GET /sipse/faces/javax.faces.resource/theme.css?ln=primefaces-sipse HTTP/1.1" 304 -
186.84.20.110 - - [07/Jan/2023:06:31:24 -0500] "GET /sipse/faces/javax.faces.resource/primefaces.css?ln=primefaces&v=4.0 HTTP/1.1" 304 -
186.84.20.110 - - [07/Jan/2023:06:31:24 -0500] "GET /sipse/faces/javax.faces.resource/layout/layout.css?ln=primefaces&v=4.0 HTTP/1.1" 304 -
186.84.20.110 - - [07/Jan/2023:06:31:24 -0500] "GET /sipse/faces/javax.faces.resource/jquery/jquery.js?ln=primefaces&v=4.0 HTTP/1.1" 304 -
186.84.20.110 - - [07/Jan/2023:06:31:24 -0500] "GET /sipse/faces/javax.faces.resource/jquery/jquery-plugins.js?ln=primefaces&v=4.0 HTTP/1.1" 304 -
186.84.20.110 - - [07/Jan/2023:06:31:24 -0500] "GET /sipse/faces/javax.faces.resource/primefaces.js?ln=primefaces&v=4.0 HTTP/1.1" 304 -
186.84.20.110 - - [07/Jan/2023:06:31:24 -0500] "GET /sipse/faces/javax.faces.resource/layout/layout.js?ln=primefaces&v=4.0 HTTP/1.1" 304 -
186.84.20.110 - - [07/Jan/2023:06:31:24 -0500] "POST /sipse/faces/presentacion/financiero/solicitudProceso/consultar.xhtml HTTP/1.1" 200 37440
186.84.20.110 - - [07/Jan/2023:06:31:24 -0500] "POST /sipse/faces/presentacion/financiero/solicitudProceso/consultar.xhtml HTTP/1.1" 200 37440
186.84.20.110 - - [07/Jan/2023:06:31:25 -0500] "POST /sipse/faces/presentacion/financiero/solicitudProceso/consultar.xhtml HTTP/1.1" 200 37440
186.84.20.110 - - [07/Jan/2023:06:31:25 -0500] "POST /sipse/faces/presentacion/financiero/solicitudProceso/consultar.xhtml HTTP/1.1" 200 37440
186.84.20.110 - - [07/Jan/2023:06:31:25 -0500] "POST /sipse/faces/presentacion/financiero/solicitudProceso/consultar.xhtml HTTP/1.1" 200 37440
186.84.20.110 - - [07/Jan/2023:06:31:25 -0500] "POST /sipse/faces/presentacion/financiero/solicitudProceso/consultar.xhtml HTTP/1.1" 200 37440
186.84.20.110 - - [07/Jan/2023:06:31:25 -0500] "POST /sipse/faces/presentacion/financiero/solicitudProceso/consultar.xhtml HTTP/1.1" 200 37440
186.84.20.110 - - [07/Jan/2023:06:31:31 -0500] "POST /sipse/faces/presentacion/financiero/solicitudProceso/consultar.xhtml HTTP/1.1" 200 12973
186.84.20.110 - - [07/Jan/2023:06:31:33 -0500] "POST /sipse/faces/presentacion/financiero/solicitudProceso/consultar.xhtml HTTP/1.1" 200 141170
186.84.20.110 - - [07/Jan/2023:06:31:34 -0500] "GET /sipse/faces/javax.faces.resource/primefaces.css?ln=primefaces&v=4.0 HTTP/1.1" 304 -
186.84.20.110 - - [07/Jan/2023:06:31:34 -0500] "GET /sipse/faces/javax.faces.resource/theme.css?ln=primefaces-sipse HTTP/1.1" 304 -
186.84.20.110 - - [07/Jan/2023:06:31:34 -0500] "GET /sipse/faces/javax.faces.resource/layout/layout.css?ln=primefaces&v=4.0 HTTP/1.1" 304 -
186.84.20.110 - - [07/Jan/2023:06:31:34 -0500] "GET /sipse/faces/javax.faces.resource/jquery/jquery.js?ln=primefaces&v=4.0 HTTP/1.1" 304 -
186.84.20.110 - - [07/Jan/2023:06:31:34 -0500] "GET /sipse/faces/javax.faces.resource/jquery/jquery-plugins.js?ln=primefaces&v=4.0 HTTP/1.1" 304 -
186.84.20.110 - - [07/Jan/2023:06:31:34 -0500] "GET /sipse/faces/javax.faces.resource/primefaces.js?ln=primefaces&v=4.0 HTTP/1.1" 304 -
186.84.20.110 - - [07/Jan/2023:06:31:34 -0500] "GET /sipse/faces/javax.faces.resource/layout/layout.js?ln=primefaces&v=4.0 HTTP/1.1" 304 -
186.84.20.110 - - [07/Jan/2023:06:31:40 -0500] "POST /sipse/faces/presentacion/financiero/solicitudProceso/consultarSolicitudProceso.xhtml HTTP/1.1" 200 161698
201.245.192.253 - - [07/Jan/2023:06:31:53 -0500] "POST /kwsrmcab/Wsrmcab  HTTP/1.1" 200 43926
186.102.50.118 - - [07/Jan/2023:06:33:23 -0500] "GET /kwssiamovil/sm/ldap/au?x=U2FsdGVkX19ir5acYWw14CxAmWSdKF/4cgMImjYG+8bmtycyxKtgkVLE/tuO9QEV&y=U2FsdGVkX1/5VehXQgjaSoLBl6Z6yeJPHFpoPyY3UrM= HTTP/1.1" 200 30
186.102.50.118 - - [07/Jan/2023:06:33:23 -0500] "GET /kwssiamovil/sm/acme/s?s=U2FsdGVkX1/4eLtO9dFOShtmNUik9WFhLtuP7F7xP4r4o4bK6AJie+dd5Z03SA1CQa382lNCrTnltSGbqhQSbMFmUUWhjRVCQ3WXjhBbpxk=&u=U2FsdGVkX180nalEhCLDvUibicNGQ1JiJIvOkynQcrc=&y=U2FsdGVkX1/5VehXQgjaSoLBl6Z6yeJPHFpoPyY3UrM= HTTP/1.1" 200 97
186.102.50.118 - - [07/Jan/2023:06:33:24 -0500] "GET /kwssiamovil/sm/acme/s?s=U2FsdGVkX19f10mpe2EKJhfKpdm+VufMU/8xCvmebcBUwx+29z2peSSBjAUuz3GdttxDxPvOC+y0gEl3ZCGZzDpdoILDH2I+fIf+8uLZD4WcRsBXetL3bmi6mZ8vgMWc2k0tp6WtOZfYoI1xdenwk5o9iEobIFb9QqJy1Ea2cC2Og4mOTjI1IiXsWq6+DSpKMT2KY9L6ORBhbuqcqiWvf+KtP8lXaSgDYDnyPV01U4PZCnqzqJQ7rOV7pqIJO+Z6eqT33kpfjZs3FiVxTYVRHFfp20O6iwJk3wI3clMfp/pr17gkjklwOQzR+uF5Ly4TizC9V6WUUvIyrftT/Ls5E7VQh70E5y+sap8n5t06qR+EXj2UCsqtRd+lUrrTppXLF8COcvrV/DpG954BsOQcqJsmJ88sG39U4uNuw6WT8T+4lcFqqstuhBrxQ1e/KgkZosHXLwTUCNirZ8/GH1QN139eD5yiCM5LsvpQEkp1e93evwoGYCHwwYmmCsz+RNsuoKhdE2WKnTJIpz7shN2nlkVwZyApkAz1uWwd6bVEPwBLp8NEomJ1lUrTUl4hplfN3iAF+1irnz4/uRAM1cJKjQyH7x3RUdy6tKCUj36Gsu9FvpNXDlIzggsK7teMy/o5N/2MxQuBM5IUyeB+BrhyLLghtCurBM/aIp9H5omSWT+fkvRaTbrwIk547pSF5jwMz+L86fFF5cEZ/AGfRUnvv/EySjAXWldIUDmzNRJiqQaR/uN8yYdRUWhbPP55TTelSYYuEFnZzCgFfPhbsac7ixBKo2vSgUHTvD8qrlIG1MH0Odn8MwD4g3S85KZbc3AR/+esmJjfd5S/5gnP7t4T+kk2MkKQ7/um/Sf61cw3Gp2BgAnStSEa14zgBrHVgnaRe45sJHpfLbObssYjz9YKkHqLg7rmpQthoSpcXrkEWG7xD5KNoRn9msWqfwJmJY5OVwnqZmtaDSVmrHiD3AidDQSUu06V6U70WweZNvkhN1s0IL2O1f6LsFGCggPrGwKfyYmU9FJHKUBxAnvqMBdKnXOnw7luO/5/VqxnhXLWGzpQnOpfHoqgeBAGHgPkrIdtgrukQw0o9wkXbRtWOh0De7ngDupOSIZw/iWK/aIShlox+B7ODnB7V9IqM7Tc+cUicfZQPXv15jYtfzIzhibsaB5xyk0wkQli+f+VpoWAzG31koiexe3lr5q5ltWdPeeDAr9qeO1xBpihZHaCbObdcXNdqyNGDCmjOtIWDYeZRg9S14jvBwOkJXZIN+baw+pEO9f8WrGwOvG5lQfmQKUsR4D3+Htz0CpIBehBzNtyyCFoW5fMdgVLLmkO1GgKJ+FLPGHK/OkKZDLLEkoyiYnjt5h0E7QjkI25fJvuLYx+TrXFiTbhcVr55iRQlwjos5ShmfUqBiFhYZMLt806YbItVQuyQk3OctpiLJQWCgCu0HI=&u=U2FsdGVkX180nalEhCLDvUibicNGQ1JiJIvOkynQcrc=&y=U2FsdGVkX1/5VehXQgjaSoLBl6Z6yeJPHFpoPyY3UrM= HTTP/1.1" 200 3576
186.102.50.118 - - [07/Jan/2023:06:33:24 -0500] "GET /kwssiamovil/sm/acme/s?s=U2FsdGVkX1+JpC8YAr2D+Vz7j0r610BvlbCVY3H8xZsUTIv6iulK4P27CDZvXMj0vojJsunY4eSeWmhn8GVIGt8r7OeqwHL9EQALzNt1WdpUjc+VLM779Ouria11JQiQYXj8+6c8w27PeN6IJ1asdqVG4tLHFEyb/om3T12u4kHl8RzvB7rWr4woAPmlQTcWbtZr6oE/PWyukDHcpYKR9fK01RdmBfI3BsW2NKRmaKrvaVq88NyvRutF/5TWDxvfvhfrRN8I6Re+LApO9feRGwSXx3jc3uPUfILNNehOtgwURXrTdZUcJoRcAuZKW7bh+6NY5K/5OthGKHidSwAK0w==&u=U2FsdGVkX180nalEhCLDvUibicNGQ1JiJIvOkynQcrc=&y=U2FsdGVkX1/5VehXQgjaSoLBl6Z6yeJPHFpoPyY3UrM= HTTP/1.1" 200 196
172.22.2.4 - - [07/Jan/2023:06:31:44 -0500] "HEAD /BLA/boletinlegal/ HTTP/1.1" 200 -
186.102.50.118 - - [07/Jan/2023:06:33:24 -0500] "GET /kwssiamovil/sm/cjson/pre?f=1&x=U2FsdGVkX19ir5acYWw14CxAmWSdKF/4cgMImjYG+8bmtycyxKtgkVLE/tuO9QEV HTTP/1.1" 200 31032
66.249.73.127 - - [07/Jan/2023:06:33:26 -0500] "-" 408 -
186.84.20.110 - - [07/Jan/2023:06:33:29 -0500] "POST /sipse/faces/presentacion/financiero/solicitudProceso/consultarSolicitudProceso.xhtml HTTP/1.1" 200 43986
186.84.20.110 - - [07/Jan/2023:06:33:29 -0500] "GET /sipse/faces/javax.faces.resource/theme.css?ln=primefaces-sipse HTTP/1.1" 304 -
186.84.20.110 - - [07/Jan/2023:06:33:29 -0500] "GET /sipse/faces/javax.faces.resource/primefaces.css?ln=primefaces&v=4.0 HTTP/1.1" 304 -
186.84.20.110 - - [07/Jan/2023:06:33:29 -0500] "GET /sipse/faces/javax.faces.resource/layout/layout.css?ln=primefaces&v=4.0 HTTP/1.1" 304 -
186.84.20.110 - - [07/Jan/2023:06:33:29 -0500] "GET /sipse/faces/javax.faces.resource/jquery/jquery.js?ln=primefaces&v=4.0 HTTP/1.1" 304 -
186.84.20.110 - - [07/Jan/2023:06:33:29 -0500] "GET /sipse/faces/javax.faces.resource/jquery/jquery-plugins.js?ln=primefaces&v=4.0 HTTP/1.1" 304 -
186.84.20.110 - - [07/Jan/2023:06:33:30 -0500] "GET /sipse/faces/javax.faces.resource/primefaces.js?ln=primefaces&v=4.0 HTTP/1.1" 304 -
186.84.20.110 - - [07/Jan/2023:06:33:30 -0500] "GET /sipse/faces/javax.faces.resource/layout/layout.js?ln=primefaces&v=4.0 HTTP/1.1" 304 -
186.84.20.110 - - [07/Jan/2023:06:33:30 -0500] "POST /sipse/faces/presentacion/financiero/solicitudProceso/consultar.xhtml HTTP/1.1" 200 37339
186.84.20.110 - - [07/Jan/2023:06:33:30 -0500] "POST /sipse/faces/presentacion/financiero/solicitudProceso/consultar.xhtml HTTP/1.1" 200 37339
186.84.20.110 - - [07/Jan/2023:06:33:30 -0500] "POST /sipse/faces/presentacion/financiero/solicitudProceso/consultar.xhtml HTTP/1.1" 200 37339
186.84.20.110 - - [07/Jan/2023:06:33:30 -0500] "POST /sipse/faces/presentacion/financiero/solicitudProceso/consultar.xhtml HTTP/1.1" 200 37339
186.84.20.110 - - [07/Jan/2023:06:33:30 -0500] "POST /sipse/faces/presentacion/financiero/solicitudProceso/consultar.xhtml HTTP/1.1" 200 37339
186.84.20.110 - - [07/Jan/2023:06:33:30 -0500] "POST /sipse/faces/presentacion/financiero/solicitudProceso/consultar.xhtml HTTP/1.1" 200 37339
186.84.20.110 - - [07/Jan/2023:06:33:31 -0500] "POST /sipse/faces/presentacion/financiero/solicitudProceso/consultar.xhtml HTTP/1.1" 200 37339
186.84.20.110 - - [07/Jan/2023:06:33:31 -0500] "POST /sipse/faces/presentacion/financiero/solicitudProceso/consultar.xhtml HTTP/1.1" 200 37339
186.84.20.110 - - [07/Jan/2023:06:33:31 -0500] "POST /sipse/faces/presentacion/financiero/solicitudProceso/consultar.xhtml HTTP/1.1" 200 37339
172.22.2.4 - - [07/Jan/2023:06:32:34 -0500] "GET /BLA/boletinlegal/ HTTP/1.1" 200 50495
185.119.81.100 - - [07/Jan/2023:06:34:22 -0500] "GET /portaldeninos/wp-login.php HTTP/1.1" 200 2592
185.119.81.100 - - [07/Jan/2023:06:34:22 -0500] "POST /portaldeninos/wp-login.php HTTP/1.1" 200 3670
186.84.20.110 - - [07/Jan/2023:06:34:33 -0500] "POST /sipse/faces/presentacion/financiero/solicitudProceso/consultar.xhtml HTTP/1.1" 200 12649
186.84.20.110 - - [07/Jan/2023:06:34:35 -0500] "POST /sipse/faces/presentacion/financiero/solicitudProceso/consultar.xhtml HTTP/1.1" 200 110674
186.84.20.110 - - [07/Jan/2023:06:34:36 -0500] "GET /sipse/faces/javax.faces.resource/theme.css?ln=primefaces-sipse HTTP/1.1" 304 -
186.84.20.110 - - [07/Jan/2023:06:34:36 -0500] "GET /sipse/faces/javax.faces.resource/primefaces.css?ln=primefaces&v=4.0 HTTP/1.1" 304 -
186.84.20.110 - - [07/Jan/2023:06:34:36 -0500] "GET /sipse/faces/javax.faces.resource/layout/layout.css?ln=primefaces&v=4.0 HTTP/1.1" 304 -
186.84.20.110 - - [07/Jan/2023:06:34:36 -0500] "GET /sipse/faces/javax.faces.resource/jquery/jquery.js?ln=primefaces&v=4.0 HTTP/1.1" 304 -
186.84.20.110 - - [07/Jan/2023:06:34:36 -0500] "GET /sipse/faces/javax.faces.resource/jquery/jquery-plugins.js?ln=primefaces&v=4.0 HTTP/1.1" 304 -
186.84.20.110 - - [07/Jan/2023:06:34:36 -0500] "GET /sipse/faces/javax.faces.resource/primefaces.js?ln=primefaces&v=4.0 HTTP/1.1" 304 -
186.84.20.110 - - [07/Jan/2023:06:34:36 -0500] "GET /sipse/faces/javax.faces.resource/layout/layout.js?ln=primefaces&v=4.0 HTTP/1.1" 304 -
186.169.141.170 - - [07/Jan/2023:06:34:39 -0500] "GET /appsia/controlador HTTP/1.1" 200 4799
186.169.141.170 - - [07/Jan/2023:06:34:40 -0500] "GET /appsia/css/estilos.css HTTP/1.1" 200 4804
186.169.141.170 - - [07/Jan/2023:06:34:40 -0500] "GET /appsia/scripts/validarIngreso.js HTTP/1.1" 200 851
186.169.141.170 - - [07/Jan/2023:06:34:40 -0500] "GET /appsia/images/logo_bogota_p.png HTTP/1.1" 200 14951
186.169.141.170 - - [07/Jan/2023:06:34:40 -0500] "GET /appsia/images/cabezoteHojaVida.png HTTP/1.1" 200 32493
186.169.141.170 - - [07/Jan/2023:06:34:41 -0500] "GET /favicon.ico HTTP/1.1" 200 7782
186.84.20.110 - - [07/Jan/2023:06:34:48 -0500] "POST /sipse/faces/presentacion/financiero/solicitudProceso/consultarSolicitudProceso.xhtml HTTP/1.1" 200 164730
186.169.141.170 - - [07/Jan/2023:06:35:12 -0500] "POST /appsia/controlador HTTP/1.1" 200 4621
186.84.20.110 - - [07/Jan/2023:06:35:13 -0500] "POST /sipse/faces/presentacion/financiero/solicitudProceso/consultarSolicitudProceso.xhtml HTTP/1.1" 200 161670
