14.58.102.236 - - [07/Jan/2023:16:58:37 -0500] "GET /_phpMyAdmin/index.php?lang=en HTTP/1.1" 404 1018
14.58.102.236 - - [07/Jan/2023:16:58:37 -0500] "GET /phpmyadmin2020/index.php?lang=en HTTP/1.1" 403 1165
14.58.102.236 - - [07/Jan/2023:16:58:38 -0500] "GET /database/index.php?lang=en HTTP/1.1" 404 1018
14.58.102.236 - - [07/Jan/2023:16:58:38 -0500] "GET /db/phpMyAdmin3/index.php?lang=en HTTP/1.1" 404 1018
14.58.102.236 - - [07/Jan/2023:16:58:38 -0500] "GET /db/phpmyadmin3/index.php?lang=en HTTP/1.1" 404 1018
14.58.102.236 - - [07/Jan/2023:16:58:38 -0500] "GET /sql/phpMyAdmin2/index.php?lang=en HTTP/1.1" 404 1018
14.58.102.236 - - [07/Jan/2023:16:58:39 -0500] "GET /phpMyAdmin5/index.php?lang=en HTTP/1.1" 403 1165
14.58.102.236 - - [07/Jan/2023:16:58:39 -0500] "GET /phpmyadmin2016/index.php?lang=en HTTP/1.1" 403 1165
14.58.102.236 - - [07/Jan/2023:16:58:39 -0500] "GET /sql/webdb/index.php?lang=en HTTP/1.1" 404 1018
14.58.102.236 - - [07/Jan/2023:16:58:39 -0500] "GET /myadmin/index.php?lang=en HTTP/1.1" 404 1018
14.58.102.236 - - [07/Jan/2023:16:58:40 -0500] "GET /mysql/index.php?lang=en HTTP/1.1" 404 1018
14.58.102.236 - - [07/Jan/2023:16:58:40 -0500] "GET /phpMyAdmin-4.9.10-all-languages/index.php?lang=en HTTP/1.1" 403 1165
14.58.102.236 - - [07/Jan/2023:16:58:40 -0500] "GET /phpMyAdmin-3/index.php?lang=en HTTP/1.1" 403 1165
14.58.102.236 - - [07/Jan/2023:16:58:40 -0500] "GET /php-my-admin/index.php?lang=en HTTP/1.1" 404 1018
14.58.102.236 - - [07/Jan/2023:16:58:41 -0500] "GET /phpmyadmin2022/index.php?lang=en HTTP/1.1" 403 1165
14.58.102.236 - - [07/Jan/2023:16:58:41 -0500] "GET /db/websql/index.php?lang=en HTTP/1.1" 404 1018
14.58.102.236 - - [07/Jan/2023:16:58:41 -0500] "GET /admin/index.php?lang=en HTTP/1.1" 404 1018
14.58.102.236 - - [07/Jan/2023:16:58:41 -0500] "GET /phpMyAdmin-latest-english/index.php?lang=en HTTP/1.1" 403 1165
14.58.102.236 - - [07/Jan/2023:16:58:42 -0500] "GET /administrator/phpmyadmin/index.php?lang=en HTTP/1.1" 404 1018
14.58.102.236 - - [07/Jan/2023:16:58:42 -0500] "GET /phpmyAdmin/index.php?lang=en HTTP/1.1" 403 1165
14.58.102.236 - - [07/Jan/2023:16:58:42 -0500] "GET /phpMyAdmin-latest-english/index.php?lang=en HTTP/1.1" 403 1165
14.58.102.236 - - [07/Jan/2023:16:58:42 -0500] "GET /phpmy/index.php?lang=en HTTP/1.1" 404 1018
14.58.102.236 - - [07/Jan/2023:16:58:43 -0500] "GET /phpMyAdmin-5.1.3/index.php?lang=en HTTP/1.1" 403 1165
14.58.102.236 - - [07/Jan/2023:16:58:43 -0500] "GET /admin/pma/index.php?lang=en HTTP/1.1" 404 1018
14.58.102.236 - - [07/Jan/2023:16:58:43 -0500] "GET /index.php?lang=en HTTP/1.1" 404 1018
14.58.102.236 - - [07/Jan/2023:16:58:44 -0500] "GET /db/index.php?lang=en HTTP/1.1" 404 1018
14.58.102.236 - - [07/Jan/2023:16:58:44 -0500] "GET /administrator/web/index.php?lang=en HTTP/1.1" 404 1018
181.237.226.180 - - [07/Jan/2023:16:58:44 -0500] "POST /sipse/faces/presentacion/financiero/solicitudProceso/listarSolicitudProceso.xhtml HTTP/1.1" 200 10655
14.58.102.236 - - [07/Jan/2023:16:58:44 -0500] "GET /phpMyAdmin-5.3.0/index.php?lang=en HTTP/1.1" 403 1165
14.58.102.236 - - [07/Jan/2023:16:58:44 -0500] "GET /db/phpmyadmin/index.php?lang=en HTTP/1.1" 404 1018
14.58.102.236 - - [07/Jan/2023:16:58:45 -0500] "GET /phpMyAdmin_/index.php?lang=en HTTP/1.1" 403 1165
14.58.102.236 - - [07/Jan/2023:16:58:45 -0500] "GET /sql/php-myadmin/index.php?lang=en HTTP/1.1" 404 1018
14.58.102.236 - - [07/Jan/2023:16:58:45 -0500] "GET /sql/sql/index.php?lang=en HTTP/1.1" 404 1018
14.58.102.236 - - [07/Jan/2023:16:58:45 -0500] "GET /phpmyadmin/index.php?lang=en HTTP/1.1" 403 1165
14.58.102.236 - - [07/Jan/2023:16:58:46 -0500] "GET /db/phpmyadmin4/index.php?lang=en HTTP/1.1" 404 1018
14.58.102.236 - - [07/Jan/2023:16:58:46 -0500] "GET /sqlmanager/index.php?lang=en HTTP/1.1" 404 1018
14.58.102.236 - - [07/Jan/2023:16:58:46 -0500] "GET /sql/sql/index.php?lang=en HTTP/1.1" 404 1018
14.58.102.236 - - [07/Jan/2023:16:58:46 -0500] "GET /admin/pma/index.php?lang=en HTTP/1.1" 404 1018
14.58.102.236 - - [07/Jan/2023:16:58:47 -0500] "GET /phpMyAdmin4/index.php?lang=en HTTP/1.1" 403 1165
14.58.102.236 - - [07/Jan/2023:16:58:47 -0500] "GET /phpmyadmin2012/index.php?lang=en HTTP/1.1" 403 1165
14.58.102.236 - - [07/Jan/2023:16:58:47 -0500] "GET /sqlmanager/index.php?lang=en HTTP/1.1" 404 1018
14.58.102.236 - - [07/Jan/2023:16:58:47 -0500] "GET /mysql/pMA/index.php?lang=en HTTP/1.1" 404 1018
14.58.102.236 - - [07/Jan/2023:16:58:48 -0500] "GET /db/phpMyAdmin/index.php?lang=en HTTP/1.1" 404 1018
14.58.102.236 - - [07/Jan/2023:16:58:48 -0500] "GET /admin/phpMyAdmin/index.php?lang=en HTTP/1.1" 404 1018
14.58.102.236 - - [07/Jan/2023:16:58:48 -0500] "GET /db/dbweb/index.php?lang=en HTTP/1.1" 404 1018
14.58.102.236 - - [07/Jan/2023:16:58:48 -0500] "GET /db/db-admin/index.php?lang=en HTTP/1.1" 404 1018
14.58.102.236 - - [07/Jan/2023:16:58:49 -0500] "GET /mysql/web/index.php?lang=en HTTP/1.1" 404 1018
14.58.102.236 - - [07/Jan/2023:16:58:49 -0500] "GET /administrator/PMA/index.php?lang=en HTTP/1.1" 404 1018
14.58.102.236 - - [07/Jan/2023:16:58:49 -0500] "GET /mysql/sqlmanager/index.php?lang=en HTTP/1.1" 404 1018
14.58.102.236 - - [07/Jan/2023:16:58:50 -0500] "GET /db/phpMyAdmin3/index.php?lang=en HTTP/1.1" 404 1018
14.58.102.236 - - [07/Jan/2023:16:58:50 -0500] "GET /phpMyAdmin-latest-english/index.php?lang=en HTTP/1.1" 403 1165
14.58.102.236 - - [07/Jan/2023:16:58:50 -0500] "GET /php-myadmin/index.php?lang=en HTTP/1.1" 404 1018
14.58.102.236 - - [07/Jan/2023:16:58:50 -0500] "GET /db/phpmyadmin5/index.php?lang=en HTTP/1.1" 404 1018
14.58.102.236 - - [07/Jan/2023:16:58:51 -0500] "GET /db/phpMyAdmin-3/index.php?lang=en HTTP/1.1" 404 1018
14.58.102.236 - - [07/Jan/2023:16:58:51 -0500] "GET /admin/pma/index.php?lang=en HTTP/1.1" 404 1018
14.58.102.236 - - [07/Jan/2023:16:58:51 -0500] "GET /_phpmyadmin/index.php?lang=en HTTP/1.1" 404 1018
14.58.102.236 - - [07/Jan/2023:16:58:51 -0500] "GET /phpmy-admin/index.php?lang=en HTTP/1.1" 404 1018
14.58.102.236 - - [07/Jan/2023:16:58:52 -0500] "GET /phpmy/index.php?lang=en HTTP/1.1" 404 1018
14.58.102.236 - - [07/Jan/2023:16:58:52 -0500] "GET /administrator/web/index.php?lang=en HTTP/1.1" 404 1018
14.58.102.236 - - [07/Jan/2023:16:58:52 -0500] "GET /administrator/pma/index.php?lang=en HTTP/1.1" 404 1018
14.58.102.236 - - [07/Jan/2023:16:58:52 -0500] "GET /sql/phpmyadmin3/index.php?lang=en HTTP/1.1" 404 1018
14.58.102.236 - - [07/Jan/2023:16:58:53 -0500] "GET /phpmyadmin2013/index.php?lang=en HTTP/1.1" 403 1165
14.58.102.236 - - [07/Jan/2023:16:58:53 -0500] "GET /admin/phpMyAdmin/index.php?lang=en HTTP/1.1" 404 1018
14.58.102.236 - - [07/Jan/2023:16:58:53 -0500] "GET /mysqlmanager/index.php?lang=en HTTP/1.1" 404 1018
14.58.102.236 - - [07/Jan/2023:16:58:53 -0500] "GET /sql/sql-admin/index.php?lang=en HTTP/1.1" 404 1018
14.58.102.236 - - [07/Jan/2023:16:58:54 -0500] "GET /phpMyAdmin-3/index.php?lang=en HTTP/1.1" 403 1165
14.58.102.236 - - [07/Jan/2023:16:58:54 -0500] "GET /database/index.php?lang=en HTTP/1.1" 404 1018
14.58.102.236 - - [07/Jan/2023:16:58:54 -0500] "GET /program/index.php?lang=en HTTP/1.1" 404 1018
14.58.102.236 - - [07/Jan/2023:16:58:54 -0500] "GET /phpmyadmin1/index.php?lang=en HTTP/1.1" 403 1165
14.58.102.236 - - [07/Jan/2023:16:58:55 -0500] "GET /phpMyAdmin-4.9.7/index.php?lang=en HTTP/1.1" 403 1165
14.58.102.236 - - [07/Jan/2023:16:58:55 -0500] "GET /mysql/pMA/index.php?lang=en HTTP/1.1" 404 1018
14.58.102.236 - - [07/Jan/2023:16:58:55 -0500] "GET /phpMyAdmin-5.1.0/index.php?lang=en HTTP/1.1" 403 1165
14.58.102.236 - - [07/Jan/2023:16:58:56 -0500] "GET /phpMyAdmin-5.2.0-all-languages/index.php?lang=en HTTP/1.1" 403 1165
14.58.102.236 - - [07/Jan/2023:16:58:56 -0500] "GET /db/phpmyadmin/index.php?lang=en HTTP/1.1" 404 1018
14.58.102.236 - - [07/Jan/2023:16:58:56 -0500] "GET /dbadmin/index.php?lang=en HTTP/1.1" 404 1018
14.58.102.236 - - [07/Jan/2023:16:58:56 -0500] "GET /phpmyadmin2015/index.php?lang=en HTTP/1.1" 403 1165
14.58.102.236 - - [07/Jan/2023:16:58:57 -0500] "GET /admin/web/index.php?lang=en HTTP/1.1" 404 1018
14.58.102.236 - - [07/Jan/2023:16:58:57 -0500] "GET /administrator/web/index.php?lang=en HTTP/1.1" 404 1018
181.237.226.180 - - [07/Jan/2023:16:59:07 -0500] "POST /sipse/faces/presentacion/financiero/solicitudProceso/listarSolicitudProceso.xhtml HTTP/1.1" 200 127565
181.237.226.180 - - [07/Jan/2023:16:59:08 -0500] "GET /sipse/faces/javax.faces.resource/theme.css?ln=primefaces-sipse HTTP/1.1" 304 -
181.237.226.180 - - [07/Jan/2023:16:59:08 -0500] "GET /sipse/faces/javax.faces.resource/layout/layout.css?ln=primefaces&v=4.0 HTTP/1.1" 304 -
181.237.226.180 - - [07/Jan/2023:16:59:08 -0500] "GET /sipse/faces/javax.faces.resource/primefaces.css?ln=primefaces&v=4.0 HTTP/1.1" 304 -
181.237.226.180 - - [07/Jan/2023:16:59:08 -0500] "GET /sipse/faces/javax.faces.resource/jquery/jquery.js?ln=primefaces&v=4.0 HTTP/1.1" 304 -
181.237.226.180 - - [07/Jan/2023:16:59:08 -0500] "GET /sipse/faces/javax.faces.resource/jquery/jquery-plugins.js?ln=primefaces&v=4.0 HTTP/1.1" 304 -
181.237.226.180 - - [07/Jan/2023:16:59:08 -0500] "GET /sipse/faces/javax.faces.resource/primefaces.js?ln=primefaces&v=4.0 HTTP/1.1" 304 -
181.237.226.180 - - [07/Jan/2023:16:59:08 -0500] "GET /sipse/faces/javax.faces.resource/layout/layout.js?ln=primefaces&v=4.0 HTTP/1.1" 304 -
172.22.2.4 - - [07/Jan/2023:16:59:32 -0500] "GET /BLA/boletinlegal/jurisprudencia/analisis/AnalisisT-606-15.docx HTTP/1.1" 200 26698
172.22.2.4 - - [07/Jan/2023:16:59:32 -0500] "GET /BLA/boletinlegal/apple-touch-icon-120x120-precomposed.png HTTP/1.1" 404 1140
172.22.2.4 - - [07/Jan/2023:16:59:33 -0500] "GET /BLA/boletinlegal/apple-touch-icon-120x120.png HTTP/1.1" 404 1140
172.22.2.4 - - [07/Jan/2023:16:59:33 -0500] "GET /BLA/boletinlegal/apple-touch-icon-precomposed.png HTTP/1.1" 404 1140
172.22.2.4 - - [07/Jan/2023:16:59:33 -0500] "GET /BLA/boletinlegal/apple-touch-icon.png HTTP/1.1" 404 1140
172.22.2.4 - - [07/Jan/2023:16:59:33 -0500] "GET /BLA/boletinlegal/favicon.ico HTTP/1.1" 404 1140
172.22.2.4 - - [07/Jan/2023:16:59:33 -0500] "GET /BLA/boletinlegal/apple-touch-icon-120x120-precomposed.png HTTP/1.1" 404 1140
172.22.2.4 - - [07/Jan/2023:16:59:33 -0500] "GET /BLA/boletinlegal/apple-touch-icon-120x120.png HTTP/1.1" 404 1140
172.22.2.4 - - [07/Jan/2023:16:59:33 -0500] "GET /BLA/boletinlegal/apple-touch-icon-precomposed.png HTTP/1.1" 404 1140
172.22.2.4 - - [07/Jan/2023:16:59:33 -0500] "GET /BLA/boletinlegal/apple-touch-icon.png HTTP/1.1" 404 1140
172.22.2.4 - - [07/Jan/2023:16:59:33 -0500] "GET /BLA/boletinlegal/favicon.ico HTTP/1.1" 404 1140
201.245.192.253 - - [07/Jan/2023:16:59:50 -0500] "POST /kwsrmcab/Wsrmcab  HTTP/1.1" 200 43926
181.237.226.180 - - [07/Jan/2023:17:00:06 -0500] "POST /sipse/faces/presentacion/financiero/solicitudProceso/consultarSolicitudProceso.xhtml HTTP/1.1" 200 81796
181.237.226.180 - - [07/Jan/2023:17:00:14 -0500] "POST /sipse/faces/presentacion/financiero/solicitudProceso/consultarSolicitudProceso.xhtml HTTP/1.1" 200 379903
181.237.226.180 - - [07/Jan/2023:17:00:22 -0500] "POST /sipse/faces/presentacion/financiero/solicitudProceso/consultarSolicitudProceso.xhtml HTTP/1.1" 200 43996
181.237.226.180 - - [07/Jan/2023:17:00:23 -0500] "GET /sipse/faces/javax.faces.resource/theme.css?ln=primefaces-sipse HTTP/1.1" 304 -
181.237.226.180 - - [07/Jan/2023:17:00:23 -0500] "GET /sipse/faces/javax.faces.resource/primefaces.css?ln=primefaces&v=4.0 HTTP/1.1" 304 -
181.237.226.180 - - [07/Jan/2023:17:00:23 -0500] "GET /sipse/faces/javax.faces.resource/layout/layout.css?ln=primefaces&v=4.0 HTTP/1.1" 304 -
181.237.226.180 - - [07/Jan/2023:17:00:23 -0500] "GET /sipse/faces/javax.faces.resource/jquery/jquery.js?ln=primefaces&v=4.0 HTTP/1.1" 304 -
181.237.226.180 - - [07/Jan/2023:17:00:23 -0500] "GET /sipse/faces/javax.faces.resource/jquery/jquery-plugins.js?ln=primefaces&v=4.0 HTTP/1.1" 304 -
181.237.226.180 - - [07/Jan/2023:17:00:23 -0500] "GET /sipse/faces/javax.faces.resource/primefaces.js?ln=primefaces&v=4.0 HTTP/1.1" 304 -
181.237.226.180 - - [07/Jan/2023:17:00:23 -0500] "GET /sipse/faces/javax.faces.resource/layout/layout.js?ln=primefaces&v=4.0 HTTP/1.1" 304 -
181.237.226.180 - - [07/Jan/2023:17:00:46 -0500] "POST /sipse/faces/presentacion/financiero/modificacionContrato/cargarModifiacion.xhtml HTTP/1.1" 200 5347
161.18.180.77 - - [07/Jan/2023:17:00:52 -0500] "GET /BLA/resoluciones/index.php?dir=AUTOS+2015%2F HTTP/1.1" 200 579441
181.237.226.180 - - [07/Jan/2023:17:01:04 -0500] "POST /sipse/faces/presentacion/financiero/modificacionContrato/cargarModifiacion.xhtml HTTP/1.1" 200 5440
216.245.221.92 - - [07/Jan/2023:17:01:10 -0500] "HEAD / HTTP/1.1" 200 -
181.237.226.180 - - [07/Jan/2023:17:01:11 -0500] "POST /sipse/faces/presentacion/financiero/modificacionContrato/cargarModifiacion.xhtml HTTP/1.1" 200 5500
69.63.184.116 - - [07/Jan/2023:17:01:27 -0500] "GET /images/mantener-calidad-del-aire_optimized.jpeg HTTP/1.1" 200 67646
66.249.73.127 - - [07/Jan/2023:17:03:03 -0500] "-" 408 -
172.22.2.4 - - [07/Jan/2023:17:01:42 -0500] "HEAD /BLA/boletinlegal/ HTTP/1.1" 200 -
186.154.34.167 - - [07/Jan/2023:17:03:44 -0500] "POST /BLA/boletinlegal/admin/actos/ingresar.php HTTP/1.1" 200 7236
186.154.34.167 - - [07/Jan/2023:17:03:45 -0500] "GET /BLA/boletinlegal/admin/js/jquery-1.3.1.min.js HTTP/1.1" 200 55272
186.154.34.167 - - [07/Jan/2023:17:03:45 -0500] "GET /BLA/boletinlegal/admin/js/jquery.functions.js HTTP/1.1" 200 2317
186.154.34.167 - - [07/Jan/2023:17:03:45 -0500] "GET /BLA/boletinlegal/admin/js/nicEdit-latest.js HTTP/1.1" 200 38373
186.154.34.167 - - [07/Jan/2023:17:03:46 -0500] "GET /BLA/boletinlegal/images/favicon.ico HTTP/1.1" 404 1328
172.22.2.4 - - [07/Jan/2023:17:02:33 -0500] "GET /BLA/boletinlegal/ HTTP/1.1" 200 57192
181.237.226.180 - - [07/Jan/2023:17:04:30 -0500] "POST /sipse/faces/presentacion/financiero/modificacionContrato/cargarModifiacion.xhtml HTTP/1.1" 200 2905
181.237.226.180 - - [07/Jan/2023:17:04:32 -0500] "POST /sipse/faces/presentacion/financiero/modificacionContrato/cargarModifiacion.xhtml HTTP/1.1" 200 2929
181.237.226.180 - - [07/Jan/2023:17:04:37 -0500] "POST /sipse/faces/presentacion/financiero/modificacionContrato/cargarModifiacion.xhtml HTTP/1.1" 200 130697
181.237.226.180 - - [07/Jan/2023:17:04:38 -0500] "GET /sipse/faces/javax.faces.resource/theme.css?ln=primefaces-sipse HTTP/1.1" 304 -
181.237.226.180 - - [07/Jan/2023:17:04:38 -0500] "GET /sipse/faces/javax.faces.resource/jquery/jquery.js?ln=primefaces&v=4.0 HTTP/1.1" 304 -
181.237.226.180 - - [07/Jan/2023:17:04:38 -0500] "GET /sipse/faces/javax.faces.resource/primefaces.css?ln=primefaces&v=4.0 HTTP/1.1" 304 -
181.237.226.180 - - [07/Jan/2023:17:04:38 -0500] "GET /sipse/faces/javax.faces.resource/layout/layout.css?ln=primefaces&v=4.0 HTTP/1.1" 304 -
181.237.226.180 - - [07/Jan/2023:17:04:38 -0500] "GET /sipse/faces/javax.faces.resource/jquery/jquery-plugins.js?ln=primefaces&v=4.0 HTTP/1.1" 304 -
181.237.226.180 - - [07/Jan/2023:17:04:38 -0500] "GET /sipse/faces/javax.faces.resource/primefaces.js?ln=primefaces&v=4.0 HTTP/1.1" 304 -
181.237.226.180 - - [07/Jan/2023:17:04:38 -0500] "GET /sipse/faces/javax.faces.resource/layout/layout.js?ln=primefaces&v=4.0 HTTP/1.1" 304 -
181.237.226.180 - - [07/Jan/2023:17:04:46 -0500] "POST /sipse/faces/presentacion/financiero/solicitudProceso/consultarSolicitudProceso.xhtml HTTP/1.1" 200 63806
181.237.226.180 - - [07/Jan/2023:17:04:48 -0500] "GET /sipse/faces/javax.faces.resource/theme.css?ln=primefaces-sipse HTTP/1.1" 304 -
181.237.226.180 - - [07/Jan/2023:17:04:48 -0500] "GET /sipse/faces/javax.faces.resource/layout/layout.css?ln=primefaces&v=4.0 HTTP/1.1" 304 -
181.237.226.180 - - [07/Jan/2023:17:04:48 -0500] "GET /sipse/faces/javax.faces.resource/primefaces.css?ln=primefaces&v=4.0 HTTP/1.1" 304 -
181.237.226.180 - - [07/Jan/2023:17:04:48 -0500] "GET /sipse/faces/javax.faces.resource/jquery/jquery.js?ln=primefaces&v=4.0 HTTP/1.1" 304 -
181.237.226.180 - - [07/Jan/2023:17:04:48 -0500] "GET /sipse/faces/javax.faces.resource/jquery/jquery-plugins.js?ln=primefaces&v=4.0 HTTP/1.1" 304 -
181.237.226.180 - - [07/Jan/2023:17:04:48 -0500] "GET /sipse/faces/javax.faces.resource/primefaces.js?ln=primefaces&v=4.0 HTTP/1.1" 304 -
181.237.226.180 - - [07/Jan/2023:17:04:48 -0500] "GET /sipse/faces/javax.faces.resource/layout/layout.js?ln=primefaces&v=4.0 HTTP/1.1" 304 -
181.237.226.180 - - [07/Jan/2023:17:04:49 -0500] "POST /sipse/faces/presentacion/financiero/solicitudProceso/listarSolicitudProceso.xhtml HTTP/1.1" 200 1560
201.245.192.253 - - [07/Jan/2023:17:04:49 -0500] "POST /kwsrmcab/Wsrmcab  HTTP/1.1" 200 43926
181.237.226.180 - - [07/Jan/2023:17:04:54 -0500] "POST /sipse/faces/presentacion/financiero/solicitudProceso/listarSolicitudProceso.xhtml HTTP/1.1" 200 7645
40.77.167.17 - - [07/Jan/2023:17:05:06 -0500] "GET /BLA/resoluciones/RESOLUCIONES%202005/00001084.tif HTTP/1.1" 200 52930
181.237.226.180 - - [07/Jan/2023:17:05:13 -0500] "POST /sipse/faces/presentacion/financiero/solicitudProceso/listarSolicitudProceso.xhtml HTTP/1.1" 200 117891
181.237.226.180 - - [07/Jan/2023:17:05:14 -0500] "GET /sipse/faces/javax.faces.resource/theme.css?ln=primefaces-sipse HTTP/1.1" 304 -
181.237.226.180 - - [07/Jan/2023:17:05:14 -0500] "GET /sipse/faces/javax.faces.resource/primefaces.css?ln=primefaces&v=4.0 HTTP/1.1" 304 -
181.237.226.180 - - [07/Jan/2023:17:05:14 -0500] "GET /sipse/faces/javax.faces.resource/layout/layout.css?ln=primefaces&v=4.0 HTTP/1.1" 304 -
181.237.226.180 - - [07/Jan/2023:17:05:14 -0500] "GET /sipse/faces/javax.faces.resource/jquery/jquery.js?ln=primefaces&v=4.0 HTTP/1.1" 304 -
181.237.226.180 - - [07/Jan/2023:17:05:14 -0500] "GET /sipse/faces/javax.faces.resource/jquery/jquery-plugins.js?ln=primefaces&v=4.0 HTTP/1.1" 304 -
181.237.226.180 - - [07/Jan/2023:17:05:14 -0500] "GET /sipse/faces/javax.faces.resource/primefaces.js?ln=primefaces&v=4.0 HTTP/1.1" 304 -
181.237.226.180 - - [07/Jan/2023:17:05:14 -0500] "GET /sipse/faces/javax.faces.resource/layout/layout.js?ln=primefaces&v=4.0 HTTP/1.1" 304 -
181.237.226.180 - - [07/Jan/2023:17:05:22 -0500] "POST /sipse/faces/presentacion/financiero/solicitudProceso/consultarSolicitudProceso.xhtml HTTP/1.1" 200 87633
181.237.226.180 - - [07/Jan/2023:17:05:33 -0500] "POST /sipse/faces/presentacion/financiero/solicitudProceso/consultarSolicitudProceso.xhtml HTTP/1.1" 200 1406733
186.154.34.167 - - [07/Jan/2023:17:06:01 -0500] "POST /BLA/boletinlegal/admin/actos/ingresar.php HTTP/1.1" 200 7236
186.154.34.167 - - [07/Jan/2023:17:06:05 -0500] "GET /BLA/boletinlegal/admin/js/jquery-1.3.1.min.js HTTP/1.1" 200 55272
186.154.34.167 - - [07/Jan/2023:17:06:05 -0500] "GET /BLA/boletinlegal/admin/js/jquery.functions.js HTTP/1.1" 200 2317
186.154.34.167 - - [07/Jan/2023:17:06:05 -0500] "GET /BLA/boletinlegal/admin/js/nicEdit-latest.js HTTP/1.1" 200 38373
186.154.34.167 - - [07/Jan/2023:17:06:06 -0500] "GET /BLA/boletinlegal/images/favicon.ico HTTP/1.1" 404 1328
216.245.221.92 - - [07/Jan/2023:17:06:10 -0500] "HEAD / HTTP/1.1" 200 -
181.237.226.180 - - [07/Jan/2023:17:06:14 -0500] "POST /sipse/faces/presentacion/financiero/solicitudProceso/consultarSolicitudProceso.xhtml HTTP/1.1" 200 40890
181.237.226.180 - - [07/Jan/2023:17:06:15 -0500] "GET /sipse/faces/javax.faces.resource/theme.css?ln=primefaces-sipse HTTP/1.1" 304 -
181.237.226.180 - - [07/Jan/2023:17:06:15 -0500] "GET /sipse/faces/javax.faces.resource/primefaces.css?ln=primefaces&v=4.0 HTTP/1.1" 304 -
181.237.226.180 - - [07/Jan/2023:17:06:15 -0500] "GET /sipse/faces/javax.faces.resource/layout/layout.css?ln=primefaces&v=4.0 HTTP/1.1" 304 -
181.237.226.180 - - [07/Jan/2023:17:06:15 -0500] "GET /sipse/faces/javax.faces.resource/jquery/jquery.js?ln=primefaces&v=4.0 HTTP/1.1" 304 -
181.237.226.180 - - [07/Jan/2023:17:06:15 -0500] "GET /sipse/faces/javax.faces.resource/jquery/jquery-plugins.js?ln=primefaces&v=4.0 HTTP/1.1" 304 -
181.237.226.180 - - [07/Jan/2023:17:06:15 -0500] "GET /sipse/faces/javax.faces.resource/primefaces.js?ln=primefaces&v=4.0 HTTP/1.1" 304 -
181.237.226.180 - - [07/Jan/2023:17:06:15 -0500] "GET /sipse/faces/javax.faces.resource/layout/layout.js?ln=primefaces&v=4.0 HTTP/1.1" 304 -
181.237.226.180 - - [07/Jan/2023:17:06:27 -0500] "POST /sipse/faces/presentacion/financiero/modificacionContrato/cargarModifiacion.xhtml HTTP/1.1" 200 5347
34.229.251.95 - - [07/Jan/2023:17:08:59 -0500] "GET /BLA/resoluciones/RESOLUCIONES%202007/RES%202007%204001%20AL%204100/RESOLUCION%204090%20DE%202007.pdf HTTP/1.1" 200 13950935
172.22.2.4 - - [07/Jan/2023:17:07:32 -0500] "HEAD /BLA/boletinlegal/ HTTP/1.1" 200 -
181.237.226.180 - - [07/Jan/2023:17:09:12 -0500] "POST /sipse/faces/presentacion/financiero/modificacionContrato/cargarModifiacion.xhtml HTTP/1.1" 200 117891
181.237.226.180 - - [07/Jan/2023:17:09:13 -0500] "GET /sipse/faces/javax.faces.resource/theme.css?ln=primefaces-sipse HTTP/1.1" 304 -
181.237.226.180 - - [07/Jan/2023:17:09:13 -0500] "GET /sipse/faces/javax.faces.resource/primefaces.css?ln=primefaces&v=4.0 HTTP/1.1" 304 -
181.237.226.180 - - [07/Jan/2023:17:09:13 -0500] "GET /sipse/faces/javax.faces.resource/layout/layout.css?ln=primefaces&v=4.0 HTTP/1.1" 304 -
181.237.226.180 - - [07/Jan/2023:17:09:13 -0500] "GET /sipse/faces/javax.faces.resource/jquery/jquery.js?ln=primefaces&v=4.0 HTTP/1.1" 304 -
181.237.226.180 - - [07/Jan/2023:17:09:13 -0500] "GET /sipse/faces/javax.faces.resource/jquery/jquery-plugins.js?ln=primefaces&v=4.0 HTTP/1.1" 304 -
181.237.226.180 - - [07/Jan/2023:17:09:13 -0500] "GET /sipse/faces/javax.faces.resource/primefaces.js?ln=primefaces&v=4.0 HTTP/1.1" 304 -
181.237.226.180 - - [07/Jan/2023:17:09:13 -0500] "GET /sipse/faces/javax.faces.resource/layout/layout.js?ln=primefaces&v=4.0 HTTP/1.1" 304 -
201.245.192.253 - - [07/Jan/2023:17:09:48 -0500] "POST /kwsrmcab/Wsrmcab  HTTP/1.1" 200 43926
172.22.2.4 - - [07/Jan/2023:17:08:23 -0500] "GET /BLA/boletinlegal/ HTTP/1.1" 200 57192
181.237.226.180 - - [07/Jan/2023:17:10:56 -0500] "POST /sipse/faces/presentacion/financiero/solicitudProceso/consultarSolicitudProceso.xhtml HTTP/1.1" 200 126996
216.245.221.92 - - [07/Jan/2023:17:11:10 -0500] "HEAD / HTTP/1.1" 200 -
186.154.34.167 - - [07/Jan/2023:17:11:30 -0500] "POST /BLA/boletinlegal/admin/actos/ingresar.php HTTP/1.1" 200 7236
205.185.118.237 - - [07/Jan/2023:17:11:23 -0500] "POST /boaform/admin/formLogin HTTP/1.1" 404 1186
181.237.226.180 - - [07/Jan/2023:17:12:08 -0500] "POST /sipse/faces/presentacion/financiero/solicitudProceso/consultarSolicitudProceso.xhtml HTTP/1.1" 200 40890
181.237.226.180 - - [07/Jan/2023:17:12:08 -0500] "GET /sipse/faces/javax.faces.resource/theme.css?ln=primefaces-sipse HTTP/1.1" 304 -
181.237.226.180 - - [07/Jan/2023:17:12:08 -0500] "GET /sipse/faces/javax.faces.resource/primefaces.css?ln=primefaces&v=4.0 HTTP/1.1" 304 -
181.237.226.180 - - [07/Jan/2023:17:12:08 -0500] "GET /sipse/faces/javax.faces.resource/layout/layout.css?ln=primefaces&v=4.0 HTTP/1.1" 304 -
181.237.226.180 - - [07/Jan/2023:17:12:08 -0500] "GET /sipse/faces/javax.faces.resource/jquery/jquery.js?ln=primefaces&v=4.0 HTTP/1.1" 304 -
181.237.226.180 - - [07/Jan/2023:17:12:08 -0500] "GET /sipse/faces/javax.faces.resource/jquery/jquery-plugins.js?ln=primefaces&v=4.0 HTTP/1.1" 304 -
181.237.226.180 - - [07/Jan/2023:17:12:09 -0500] "GET /sipse/faces/javax.faces.resource/primefaces.js?ln=primefaces&v=4.0 HTTP/1.1" 304 -
181.237.226.180 - - [07/Jan/2023:17:12:09 -0500] "GET /sipse/faces/javax.faces.resource/layout/layout.js?ln=primefaces&v=4.0 HTTP/1.1" 304 -
185.119.81.99 - - [07/Jan/2023:17:12:14 -0500] "GET /portaldeninos/wp-login.php HTTP/1.1" 200 2592
185.119.81.99 - - [07/Jan/2023:17:12:15 -0500] "POST /portaldeninos/wp-login.php HTTP/1.1" 200 3670
181.237.226.180 - - [07/Jan/2023:17:12:26 -0500] "POST /sipse/faces/presentacion/financiero/modificacionContrato/cargarModifiacion.xhtml HTTP/1.1" 200 5347
186.154.34.167 - - [07/Jan/2023:17:12:59 -0500] "POST /BLA/boletinlegal/admin/actos/ingresar.php HTTP/1.1" 200 7236
207.46.13.139 - - [07/Jan/2023:17:13:15 -0500] "GET /BLA/resoluciones/AUTOS%202022/2179.pdf HTTP/1.1" 304 -
201.245.192.253 - - [07/Jan/2023:17:14:47 -0500] "POST /kwsrmcab/Wsrmcab  HTTP/1.1" 200 43926
172.22.2.4 - - [07/Jan/2023:17:13:22 -0500] "HEAD /BLA/boletinlegal/ HTTP/1.1" 200 -
172.22.2.4 - - [07/Jan/2023:17:14:13 -0500] "GET /BLA/boletinlegal/ HTTP/1.1" 200 55680
216.245.221.92 - - [07/Jan/2023:17:16:10 -0500] "HEAD / HTTP/1.1" 200 -
190.102.126.66 - - [07/Jan/2023:17:16:35 -0500] "GET /BLA/resoluciones/index.php?dir=AUTOS+2015%2F HTTP/1.1" 200 579441
190.102.126.66 - - [07/Jan/2023:17:16:51 -0500] "GET /BLA/resoluciones/AUTOS%202015/0598.pdf HTTP/1.1" 200 290969
185.119.81.101 - - [07/Jan/2023:17:17:23 -0500] "GET /portaldeninos/wp-login.php HTTP/1.1" 200 2592
185.119.81.101 - - [07/Jan/2023:17:17:24 -0500] "POST /portaldeninos/wp-login.php HTTP/1.1" 200 3670
172.22.2.4 - - [07/Jan/2023:17:17:46 -0500] "GET /BLA/boletinlegal/favicon.ico HTTP/1.1" 404 1038
66.249.73.127 - - [07/Jan/2023:17:18:00 -0500] "-" 408 -
157.55.39.100 - - [07/Jan/2023:17:18:19 -0500] "GET /portaldeninos/humedal-torca-y-guaymaral-2/ HTTP/1.1" 200 88086
181.237.226.180 - - [07/Jan/2023:17:19:09 -0500] "POST /sipse/faces/presentacion/financiero/modificacionContrato/cargarModifiacion.xhtml HTTP/1.1" 200 121037
181.237.226.180 - - [07/Jan/2023:17:19:10 -0500] "GET /sipse/faces/javax.faces.resource/theme.css?ln=primefaces-sipse HTTP/1.1" 304 -
181.237.226.180 - - [07/Jan/2023:17:19:10 -0500] "GET /sipse/faces/javax.faces.resource/primefaces.css?ln=primefaces&v=4.0 HTTP/1.1" 304 -
181.237.226.180 - - [07/Jan/2023:17:19:10 -0500] "GET /sipse/faces/javax.faces.resource/layout/layout.css?ln=primefaces&v=4.0 HTTP/1.1" 304 -
181.237.226.180 - - [07/Jan/2023:17:19:10 -0500] "GET /sipse/faces/javax.faces.resource/jquery/jquery.js?ln=primefaces&v=4.0 HTTP/1.1" 304 -
201.245.192.253 - - [07/Jan/2023:17:19:08 -0500] "POST /kwsrmcab/Wsrmcab HTTP/1.1" 200 44242
181.237.226.180 - - [07/Jan/2023:17:19:10 -0500] "GET /sipse/faces/javax.faces.resource/jquery/jquery-plugins.js?ln=primefaces&v=4.0 HTTP/1.1" 304 -
181.237.226.180 - - [07/Jan/2023:17:19:10 -0500] "GET /sipse/faces/javax.faces.resource/primefaces.js?ln=primefaces&v=4.0 HTTP/1.1" 304 -
181.237.226.180 - - [07/Jan/2023:17:19:10 -0500] "GET /sipse/faces/javax.faces.resource/layout/layout.js?ln=primefaces&v=4.0 HTTP/1.1" 304 -
181.237.226.180 - - [07/Jan/2023:17:19:10 -0500] "GET /sipse/faces/javax.faces.resource/messages/messages.png?ln=primefaces&v=4.0 HTTP/1.1" 304 -
201.245.192.253 - - [07/Jan/2023:17:19:11 -0500] "POST /kwsrmcab/Wsrmcab HTTP/1.1" 200 44269
181.237.226.180 - - [07/Jan/2023:17:19:17 -0500] "POST /sipse/faces/presentacion/financiero/solicitudProceso/consultarSolicitudProceso.xhtml HTTP/1.1" 200 63806
181.237.226.180 - - [07/Jan/2023:17:19:19 -0500] "GET /sipse/faces/javax.faces.resource/theme.css?ln=primefaces-sipse HTTP/1.1" 304 -
181.237.226.180 - - [07/Jan/2023:17:19:19 -0500] "GET /sipse/faces/javax.faces.resource/primefaces.css?ln=primefaces&v=4.0 HTTP/1.1" 304 -
181.237.226.180 - - [07/Jan/2023:17:19:19 -0500] "GET /sipse/faces/javax.faces.resource/layout/layout.css?ln=primefaces&v=4.0 HTTP/1.1" 304 -
181.237.226.180 - - [07/Jan/2023:17:19:19 -0500] "GET /sipse/faces/javax.faces.resource/jquery/jquery.js?ln=primefaces&v=4.0 HTTP/1.1" 304 -
181.237.226.180 - - [07/Jan/2023:17:19:19 -0500] "GET /sipse/faces/javax.faces.resource/jquery/jquery-plugins.js?ln=primefaces&v=4.0 HTTP/1.1" 304 -
181.237.226.180 - - [07/Jan/2023:17:19:19 -0500] "GET /sipse/faces/javax.faces.resource/primefaces.js?ln=primefaces&v=4.0 HTTP/1.1" 304 -
181.237.226.180 - - [07/Jan/2023:17:19:19 -0500] "GET /sipse/faces/javax.faces.resource/layout/layout.js?ln=primefaces&v=4.0 HTTP/1.1" 304 -
181.237.226.180 - - [07/Jan/2023:17:19:19 -0500] "POST /sipse/faces/presentacion/financiero/solicitudProceso/listarSolicitudProceso.xhtml HTTP/1.1" 200 1560
181.237.226.180 - - [07/Jan/2023:17:19:25 -0500] "POST /sipse/faces/presentacion/financiero/solicitudProceso/listarSolicitudProceso.xhtml HTTP/1.1" 200 4679
181.237.226.180 - - [07/Jan/2023:17:19:44 -0500] "POST /sipse/faces/presentacion/financiero/solicitudProceso/listarSolicitudProceso.xhtml HTTP/1.1" 200 120489
181.237.226.180 - - [07/Jan/2023:17:19:44 -0500] "GET /sipse/faces/javax.faces.resource/theme.css?ln=primefaces-sipse HTTP/1.1" 304 -
181.237.226.180 - - [07/Jan/2023:17:19:44 -0500] "GET /sipse/faces/javax.faces.resource/layout/layout.css?ln=primefaces&v=4.0 HTTP/1.1" 304 -
181.237.226.180 - - [07/Jan/2023:17:19:44 -0500] "GET /sipse/faces/javax.faces.resource/primefaces.css?ln=primefaces&v=4.0 HTTP/1.1" 304 -
181.237.226.180 - - [07/Jan/2023:17:19:44 -0500] "GET /sipse/faces/javax.faces.resource/jquery/jquery.js?ln=primefaces&v=4.0 HTTP/1.1" 304 -
181.237.226.180 - - [07/Jan/2023:17:19:44 -0500] "GET /sipse/faces/javax.faces.resource/jquery/jquery-plugins.js?ln=primefaces&v=4.0 HTTP/1.1" 304 -
181.237.226.180 - - [07/Jan/2023:17:19:44 -0500] "GET /sipse/faces/javax.faces.resource/primefaces.js?ln=primefaces&v=4.0 HTTP/1.1" 304 -
181.237.226.180 - - [07/Jan/2023:17:19:45 -0500] "GET /sipse/faces/javax.faces.resource/layout/layout.js?ln=primefaces&v=4.0 HTTP/1.1" 304 -
201.245.192.253 - - [07/Jan/2023:17:19:45 -0500] "POST /kwsrmcab/Wsrmcab  HTTP/1.1" 200 43926
181.237.226.180 - - [07/Jan/2023:17:19:52 -0500] "POST /sipse/faces/presentacion/financiero/solicitudProceso/consultarSolicitudProceso.xhtml HTTP/1.1" 200 301883
181.237.226.180 - - [07/Jan/2023:17:19:55 -0500] "POST /sipse/faces/presentacion/financiero/solicitudProceso/consultarSolicitudProceso.xhtml HTTP/1.1" 200 122250
181.237.226.180 - - [07/Jan/2023:17:20:00 -0500] "POST /sipse/faces/presentacion/financiero/solicitudProceso/consultarSolicitudProceso.xhtml HTTP/1.1" 200 40560
181.237.226.180 - - [07/Jan/2023:17:20:01 -0500] "GET /sipse/faces/javax.faces.resource/theme.css?ln=primefaces-sipse HTTP/1.1" 304 -
181.237.226.180 - - [07/Jan/2023:17:20:01 -0500] "GET /sipse/faces/javax.faces.resource/primefaces.css?ln=primefaces&v=4.0 HTTP/1.1" 304 -
181.237.226.180 - - [07/Jan/2023:17:20:01 -0500] "GET /sipse/faces/javax.faces.resource/layout/layout.css?ln=primefaces&v=4.0 HTTP/1.1" 304 -
181.237.226.180 - - [07/Jan/2023:17:20:01 -0500] "GET /sipse/faces/javax.faces.resource/jquery/jquery.js?ln=primefaces&v=4.0 HTTP/1.1" 304 -
181.237.226.180 - - [07/Jan/2023:17:20:01 -0500] "GET /sipse/faces/javax.faces.resource/jquery/jquery-plugins.js?ln=primefaces&v=4.0 HTTP/1.1" 304 -
181.237.226.180 - - [07/Jan/2023:17:20:01 -0500] "GET /sipse/faces/javax.faces.resource/primefaces.js?ln=primefaces&v=4.0 HTTP/1.1" 304 -
181.237.226.180 - - [07/Jan/2023:17:20:01 -0500] "GET /sipse/faces/javax.faces.resource/layout/layout.js?ln=primefaces&v=4.0 HTTP/1.1" 304 -
181.237.226.180 - - [07/Jan/2023:17:20:29 -0500] "POST /sipse/faces/presentacion/financiero/modificacionContrato/cargarModifiacion.xhtml HTTP/1.1" 200 5347
185.119.81.101 - - [07/Jan/2023:17:20:39 -0500] "GET /portaldeninos/wp-login.php HTTP/1.1" 200 2592
185.119.81.101 - - [07/Jan/2023:17:20:39 -0500] "POST /portaldeninos/wp-login.php HTTP/1.1" 200 3605
172.22.2.4 - - [07/Jan/2023:17:20:49 -0500] "GET /BLA/boletinlegal/Circulares/2013/Circular%20No.%206%20del%2019%20de%20julio%20de%202013.pdf HTTP/1.1" 304 -
172.22.2.4 - - [07/Jan/2023:17:19:12 -0500] "HEAD /BLA/boletinlegal/ HTTP/1.1" 200 -
216.245.221.92 - - [07/Jan/2023:17:21:10 -0500] "HEAD / HTTP/1.1" 200 -
172.22.2.4 - - [07/Jan/2023:17:20:03 -0500] "GET /BLA/boletinlegal/ HTTP/1.1" 200 57192
80.94.92.26 - - [07/Jan/2023:17:23:02 -0500] "GET / HTTP/1.1" 200 319
80.94.92.26 - - [07/Jan/2023:17:23:03 -0500] "POST /HNAP1/ HTTP/1.1" 404 1018
186.154.34.167 - - [07/Jan/2023:17:23:27 -0500] "POST /BLA/boletinlegal/admin/actos/ingresar.php HTTP/1.1" 200 7236
186.154.34.167 - - [07/Jan/2023:17:23:30 -0500] "GET /BLA/boletinlegal/admin/js/nicEdit-latest.js HTTP/1.1" 200 38373
186.154.34.167 - - [07/Jan/2023:17:23:30 -0500] "GET /BLA/boletinlegal/images/favicon.ico HTTP/1.1" 404 1328
201.245.192.253 - - [07/Jan/2023:17:24:44 -0500] "POST /kwsrmcab/Wsrmcab  HTTP/1.1" 200 43926
66.249.73.127 - - [07/Jan/2023:17:25:02 -0500] "-" 408 -
216.245.221.92 - - [07/Jan/2023:17:26:10 -0500] "HEAD / HTTP/1.1" 200 -
172.22.2.4 - - [07/Jan/2023:17:25:02 -0500] "HEAD /BLA/boletinlegal/ HTTP/1.1" 200 -
172.22.2.4 - - [07/Jan/2023:17:25:53 -0500] "GET /BLA/boletinlegal/ HTTP/1.1" 200 57192
181.237.226.180 - - [07/Jan/2023:17:28:03 -0500] "POST /sipse/faces/presentacion/financiero/modificacionContrato/cargarModifiacion.xhtml HTTP/1.1" 200 5440
172.22.2.4 - - [07/Jan/2023:17:28:11 -0500] "GET /BLA/boletinlegal/actos.php HTTP/1.1" 200 9566
181.237.226.180 - - [07/Jan/2023:17:28:13 -0500] "POST /sipse/faces/presentacion/financiero/modificacionContrato/cargarModifiacion.xhtml HTTP/1.1" 200 5500
186.154.34.167 - - [07/Jan/2023:17:28:12 -0500] "POST /BLA/boletinlegal/admin/actos/ingresar.php HTTP/1.1" 200 7236
186.154.34.167 - - [07/Jan/2023:17:28:13 -0500] "GET /BLA/boletinlegal/admin/js/jquery.functions.js HTTP/1.1" 200 2317
186.154.34.167 - - [07/Jan/2023:17:28:13 -0500] "GET /BLA/boletinlegal/admin/js/nicEdit-latest.js HTTP/1.1" 200 38373
186.154.34.167 - - [07/Jan/2023:17:28:14 -0500] "GET /BLA/boletinlegal/images/favicon.ico HTTP/1.1" 404 1328
172.22.2.4 - - [07/Jan/2023:17:28:30 -0500] "GET /BLA/boletinlegal/js/ajax_actos.js HTTP/1.1" 200 1322
181.237.226.180 - - [07/Jan/2023:17:28:32 -0500] "POST /sipse/faces/presentacion/financiero/modificacionContrato/cargarModifiacion.xhtml HTTP/1.1" 200 5504
181.237.226.180 - - [07/Jan/2023:17:28:38 -0500] "POST /sipse/faces/presentacion/financiero/modificacionContrato/cargarModifiacion.xhtml HTTP/1.1" 200 5504
201.245.192.253 - - [07/Jan/2023:17:29:07 -0500] "POST /kwsrmcab/Wsrmcab HTTP/1.1" 200 44242
201.245.192.253 - - [07/Jan/2023:17:29:10 -0500] "POST /kwsrmcab/Wsrmcab HTTP/1.1" 200 44269
186.154.34.167 - - [07/Jan/2023:17:29:30 -0500] "POST /BLA/boletinlegal/admin/actos/ingresar.php HTTP/1.1" 200 2102
186.154.34.167 - - [07/Jan/2023:17:29:32 -0500] "GET /BLA/boletinlegal/admin/js/jquery.functions.js HTTP/1.1" 200 2317
186.154.34.167 - - [07/Jan/2023:17:29:40 -0500] "GET /BLA/boletinlegal/admin/actos/ingresar.php HTTP/1.1" 200 7143
201.245.192.253 - - [07/Jan/2023:17:29:42 -0500] "POST /kwsrmcab/Wsrmcab  HTTP/1.1" 200 43926
216.245.221.92 - - [07/Jan/2023:17:31:10 -0500] "HEAD / HTTP/1.1" 200 -
186.154.34.167 - - [07/Jan/2023:17:31:14 -0500] "POST /BLA/boletinlegal/admin/actos/ingresar.php HTTP/1.1" 200 7236
181.237.226.180 - - [07/Jan/2023:17:32:06 -0500] "POST /sipse/faces/presentacion/financiero/modificacionContrato/cargarModifiacion.xhtml HTTP/1.1" 200 123643
181.237.226.180 - - [07/Jan/2023:17:32:07 -0500] "GET /sipse/faces/javax.faces.resource/theme.css?ln=primefaces-sipse HTTP/1.1" 304 -
181.237.226.180 - - [07/Jan/2023:17:32:07 -0500] "GET /sipse/faces/javax.faces.resource/primefaces.css?ln=primefaces&v=4.0 HTTP/1.1" 304 -
181.237.226.180 - - [07/Jan/2023:17:32:07 -0500] "GET /sipse/faces/javax.faces.resource/layout/layout.css?ln=primefaces&v=4.0 HTTP/1.1" 304 -
181.237.226.180 - - [07/Jan/2023:17:32:07 -0500] "GET /sipse/faces/javax.faces.resource/jquery/jquery.js?ln=primefaces&v=4.0 HTTP/1.1" 304 -
181.237.226.180 - - [07/Jan/2023:17:32:07 -0500] "GET /sipse/faces/javax.faces.resource/jquery/jquery-plugins.js?ln=primefaces&v=4.0 HTTP/1.1" 304 -
181.237.226.180 - - [07/Jan/2023:17:32:07 -0500] "GET /sipse/faces/javax.faces.resource/primefaces.js?ln=primefaces&v=4.0 HTTP/1.1" 304 -
181.237.226.180 - - [07/Jan/2023:17:32:08 -0500] "GET /sipse/faces/javax.faces.resource/layout/layout.js?ln=primefaces&v=4.0 HTTP/1.1" 304 -
181.237.226.180 - - [07/Jan/2023:17:32:13 -0500] "POST /sipse/faces/presentacion/financiero/solicitudProceso/consultarSolicitudProceso.xhtml HTTP/1.1" 200 63664
181.237.226.180 - - [07/Jan/2023:17:32:16 -0500] "GET /sipse/faces/javax.faces.resource/theme.css?ln=primefaces-sipse HTTP/1.1" 304 -
181.237.226.180 - - [07/Jan/2023:17:32:16 -0500] "GET /sipse/faces/javax.faces.resource/primefaces.css?ln=primefaces&v=4.0 HTTP/1.1" 304 -
181.237.226.180 - - [07/Jan/2023:17:32:16 -0500] "GET /sipse/faces/javax.faces.resource/layout/layout.css?ln=primefaces&v=4.0 HTTP/1.1" 304 -
181.237.226.180 - - [07/Jan/2023:17:32:16 -0500] "GET /sipse/faces/javax.faces.resource/jquery/jquery.js?ln=primefaces&v=4.0 HTTP/1.1" 304 -
181.237.226.180 - - [07/Jan/2023:17:32:16 -0500] "GET /sipse/faces/javax.faces.resource/jquery/jquery-plugins.js?ln=primefaces&v=4.0 HTTP/1.1" 304 -
181.237.226.180 - - [07/Jan/2023:17:32:16 -0500] "GET /sipse/faces/javax.faces.resource/primefaces.js?ln=primefaces&v=4.0 HTTP/1.1" 304 -
181.237.226.180 - - [07/Jan/2023:17:32:16 -0500] "GET /sipse/faces/javax.faces.resource/layout/layout.js?ln=primefaces&v=4.0 HTTP/1.1" 304 -
181.237.226.180 - - [07/Jan/2023:17:32:16 -0500] "POST /sipse/faces/presentacion/financiero/solicitudProceso/listarSolicitudProceso.xhtml HTTP/1.1" 200 1560
181.237.226.180 - - [07/Jan/2023:17:32:26 -0500] "POST /sipse/faces/presentacion/financiero/solicitudProceso/listarSolicitudProceso.xhtml HTTP/1.1" 200 32430
172.22.2.4 - - [07/Jan/2023:17:30:52 -0500] "HEAD /BLA/boletinlegal/ HTTP/1.1" 200 -
186.154.34.167 - - [07/Jan/2023:17:32:43 -0500] "POST /BLA/boletinlegal/admin/actos/ingresar.php HTTP/1.1" 200 7236
181.237.226.180 - - [07/Jan/2023:17:32:51 -0500] "POST /sipse/faces/presentacion/financiero/solicitudProceso/listarSolicitudProceso.xhtml HTTP/1.1" 200 118395
181.237.226.180 - - [07/Jan/2023:17:32:51 -0500] "GET /sipse/faces/javax.faces.resource/theme.css?ln=primefaces-sipse HTTP/1.1" 304 -
181.237.226.180 - - [07/Jan/2023:17:32:51 -0500] "GET /sipse/faces/javax.faces.resource/primefaces.css?ln=primefaces&v=4.0 HTTP/1.1" 304 -
181.237.226.180 - - [07/Jan/2023:17:32:51 -0500] "GET /sipse/faces/javax.faces.resource/layout/layout.css?ln=primefaces&v=4.0 HTTP/1.1" 304 -
181.237.226.180 - - [07/Jan/2023:17:32:52 -0500] "GET /sipse/faces/javax.faces.resource/jquery/jquery.js?ln=primefaces&v=4.0 HTTP/1.1" 304 -
181.237.226.180 - - [07/Jan/2023:17:32:52 -0500] "GET /sipse/faces/javax.faces.resource/jquery/jquery-plugins.js?ln=primefaces&v=4.0 HTTP/1.1" 304 -
181.237.226.180 - - [07/Jan/2023:17:32:52 -0500] "GET /sipse/faces/javax.faces.resource/primefaces.js?ln=primefaces&v=4.0 HTTP/1.1" 304 -
181.237.226.180 - - [07/Jan/2023:17:32:52 -0500] "GET /sipse/faces/javax.faces.resource/layout/layout.js?ln=primefaces&v=4.0 HTTP/1.1" 304 -
181.237.226.180 - - [07/Jan/2023:17:32:58 -0500] "POST /sipse/faces/presentacion/financiero/solicitudProceso/consultarSolicitudProceso.xhtml HTTP/1.1" 200 86014
161.18.180.77 - - [07/Jan/2023:17:33:09 -0500] "GET /BLA/resoluciones/AUTOS%202015/4204.pdf HTTP/1.1" 200 659324
181.237.226.180 - - [07/Jan/2023:17:33:13 -0500] "POST /sipse/faces/presentacion/financiero/solicitudProceso/consultarSolicitudProceso.xhtml HTTP/1.1" 200 316627
181.237.226.180 - - [07/Jan/2023:17:33:20 -0500] "POST /sipse/faces/presentacion/financiero/solicitudProceso/consultarSolicitudProceso.xhtml HTTP/1.1" 200 40945
181.237.226.180 - - [07/Jan/2023:17:33:20 -0500] "GET /sipse/faces/javax.faces.resource/theme.css?ln=primefaces-sipse HTTP/1.1" 304 -
181.237.226.180 - - [07/Jan/2023:17:33:20 -0500] "GET /sipse/faces/javax.faces.resource/primefaces.css?ln=primefaces&v=4.0 HTTP/1.1" 304 -
181.237.226.180 - - [07/Jan/2023:17:33:20 -0500] "GET /sipse/faces/javax.faces.resource/jquery/jquery.js?ln=primefaces&v=4.0 HTTP/1.1" 304 -
181.237.226.180 - - [07/Jan/2023:17:33:20 -0500] "GET /sipse/faces/javax.faces.resource/layout/layout.css?ln=primefaces&v=4.0 HTTP/1.1" 304 -
181.237.226.180 - - [07/Jan/2023:17:33:20 -0500] "GET /sipse/faces/javax.faces.resource/jquery/jquery-plugins.js?ln=primefaces&v=4.0 HTTP/1.1" 304 -
181.237.226.180 - - [07/Jan/2023:17:33:21 -0500] "GET /sipse/faces/javax.faces.resource/primefaces.js?ln=primefaces&v=4.0 HTTP/1.1" 304 -
181.237.226.180 - - [07/Jan/2023:17:33:21 -0500] "GET /sipse/faces/javax.faces.resource/layout/layout.js?ln=primefaces&v=4.0 HTTP/1.1" 304 -
172.22.2.4 - - [07/Jan/2023:17:31:43 -0500] "GET /BLA/boletinlegal/ HTTP/1.1" 200 56079
181.237.226.180 - - [07/Jan/2023:17:33:46 -0500] "POST /sipse/faces/presentacion/financiero/modificacionContrato/cargarModifiacion.xhtml HTTP/1.1" 200 5347
172.22.2.4 - - [07/Jan/2023:17:33:09 -0500] "GET /BLA/boletinlegal/ HTTP/1.1" 200 36811
186.154.34.167 - - [07/Jan/2023:17:34:02 -0500] "POST /BLA/boletinlegal/admin/actos/ingresar.php HTTP/1.1" 200 7236
66.249.73.127 - - [07/Jan/2023:17:34:30 -0500] "-" 408 -
50.4.108.141 - - [07/Jan/2023:17:34:36 -0500] "GET / HTTP/1.1" 200 319
201.245.192.253 - - [07/Jan/2023:17:34:42 -0500] "POST /kwsrmcab/Wsrmcab  HTTP/1.1" 200 43926
181.237.226.180 - - [07/Jan/2023:17:34:56 -0500] "POST /sipse/faces/presentacion/financiero/modificacionContrato/cargarModifiacion.xhtml HTTP/1.1" 200 5423
186.154.34.167 - - [07/Jan/2023:17:35:19 -0500] "POST /BLA/boletinlegal/admin/actos/ingresar.php HTTP/1.1" 200 7236
172.22.2.4 - - [07/Jan/2023:17:34:24 -0500] "GET /BLA/boletinlegal/ HTTP/1.1" 200 62423
216.245.221.92 - - [07/Jan/2023:17:36:10 -0500] "HEAD / HTTP/1.1" 200 -
186.154.34.167 - - [07/Jan/2023:17:37:22 -0500] "POST /BLA/boletinlegal/admin/actos/ingresar.php HTTP/1.1" 200 7236
172.22.2.4 - - [07/Jan/2023:17:38:22 -0500] "GET /BLA/boletinlegal/Circulares/2019/.pdf HTTP/1.1" 404 1218
172.22.2.4 - - [07/Jan/2023:17:36:42 -0500] "HEAD /BLA/boletinlegal/ HTTP/1.1" 200 -
172.22.2.4 - - [07/Jan/2023:17:38:32 -0500] "GET /BLA/boletinlegal/Circulares/2012/Circular%20No.%2010%20del%2026%20de%20Enero%20de%202012.pdf HTTP/1.1" 404 1218
201.245.192.253 - - [07/Jan/2023:17:39:08 -0500] "POST /kwsrmcab/Wsrmcab HTTP/1.1" 200 44242
201.245.192.253 - - [07/Jan/2023:17:39:11 -0500] "POST /kwsrmcab/Wsrmcab HTTP/1.1" 200 44269
172.22.2.4 - - [07/Jan/2023:17:37:33 -0500] "GET /BLA/boletinlegal/ HTTP/1.1" 200 57192
201.245.192.253 - - [07/Jan/2023:17:39:40 -0500] "POST /kwsrmcab/Wsrmcab  HTTP/1.1" 200 43926
162.221.192.26 - - [07/Jan/2023:17:40:01 -0500] "GET /portaldeninos/ HTTP/1.1" 200 110197
216.245.221.92 - - [07/Jan/2023:17:41:10 -0500] "HEAD / HTTP/1.1" 200 -
181.237.226.180 - - [07/Jan/2023:17:41:18 -0500] "POST /sipse/faces/presentacion/financiero/modificacionContrato/cargarModifiacion.xhtml HTTP/1.1" 200 121545
181.237.226.180 - - [07/Jan/2023:17:41:18 -0500] "GET /sipse/faces/javax.faces.resource/theme.css?ln=primefaces-sipse HTTP/1.1" 304 -
181.237.226.180 - - [07/Jan/2023:17:41:18 -0500] "GET /sipse/faces/javax.faces.resource/primefaces.css?ln=primefaces&v=4.0 HTTP/1.1" 304 -
181.237.226.180 - - [07/Jan/2023:17:41:18 -0500] "GET /sipse/faces/javax.faces.resource/layout/layout.css?ln=primefaces&v=4.0 HTTP/1.1" 304 -
181.237.226.180 - - [07/Jan/2023:17:41:18 -0500] "GET /sipse/faces/javax.faces.resource/jquery/jquery.js?ln=primefaces&v=4.0 HTTP/1.1" 304 -
181.237.226.180 - - [07/Jan/2023:17:41:18 -0500] "GET /sipse/faces/javax.faces.resource/jquery/jquery-plugins.js?ln=primefaces&v=4.0 HTTP/1.1" 304 -
181.237.226.180 - - [07/Jan/2023:17:41:19 -0500] "GET /sipse/faces/javax.faces.resource/primefaces.js?ln=primefaces&v=4.0 HTTP/1.1" 304 -
181.237.226.180 - - [07/Jan/2023:17:41:19 -0500] "GET /sipse/faces/javax.faces.resource/layout/layout.js?ln=primefaces&v=4.0 HTTP/1.1" 304 -
181.237.226.180 - - [07/Jan/2023:17:41:19 -0500] "GET /sipse/faces/javax.faces.resource/messages/messages.png?ln=primefaces&v=4.0 HTTP/1.1" 304 -
181.237.226.180 - - [07/Jan/2023:17:41:29 -0500] "POST /sipse/faces/presentacion/financiero/solicitudProceso/consultarSolicitudProceso.xhtml HTTP/1.1" 200 63664
181.237.226.180 - - [07/Jan/2023:17:41:31 -0500] "GET /sipse/faces/javax.faces.resource/theme.css?ln=primefaces-sipse HTTP/1.1" 304 -
181.237.226.180 - - [07/Jan/2023:17:41:31 -0500] "GET /sipse/faces/javax.faces.resource/layout/layout.css?ln=primefaces&v=4.0 HTTP/1.1" 304 -
181.237.226.180 - - [07/Jan/2023:17:41:31 -0500] "GET /sipse/faces/javax.faces.resource/primefaces.css?ln=primefaces&v=4.0 HTTP/1.1" 304 -
181.237.226.180 - - [07/Jan/2023:17:41:32 -0500] "GET /sipse/faces/javax.faces.resource/jquery/jquery.js?ln=primefaces&v=4.0 HTTP/1.1" 304 -
181.237.226.180 - - [07/Jan/2023:17:41:32 -0500] "GET /sipse/faces/javax.faces.resource/jquery/jquery-plugins.js?ln=primefaces&v=4.0 HTTP/1.1" 304 -
181.237.226.180 - - [07/Jan/2023:17:41:32 -0500] "GET /sipse/faces/javax.faces.resource/primefaces.js?ln=primefaces&v=4.0 HTTP/1.1" 304 -
181.237.226.180 - - [07/Jan/2023:17:41:32 -0500] "GET /sipse/faces/javax.faces.resource/layout/layout.js?ln=primefaces&v=4.0 HTTP/1.1" 304 -
181.237.226.180 - - [07/Jan/2023:17:41:32 -0500] "POST /sipse/faces/presentacion/financiero/solicitudProceso/listarSolicitudProceso.xhtml HTTP/1.1" 200 1560
181.237.226.180 - - [07/Jan/2023:17:41:39 -0500] "POST /sipse/faces/presentacion/financiero/solicitudProceso/listarSolicitudProceso.xhtml HTTP/1.1" 200 29402
181.237.226.180 - - [07/Jan/2023:17:41:59 -0500] "POST /sipse/faces/presentacion/financiero/solicitudProceso/listarSolicitudProceso.xhtml HTTP/1.1" 200 118552
181.237.226.180 - - [07/Jan/2023:17:42:00 -0500] "GET /sipse/faces/javax.faces.resource/theme.css?ln=primefaces-sipse HTTP/1.1" 304 -
181.237.226.180 - - [07/Jan/2023:17:42:00 -0500] "GET /sipse/faces/javax.faces.resource/layout/layout.css?ln=primefaces&v=4.0 HTTP/1.1" 304 -
181.237.226.180 - - [07/Jan/2023:17:42:00 -0500] "GET /sipse/faces/javax.faces.resource/primefaces.css?ln=primefaces&v=4.0 HTTP/1.1" 304 -
181.237.226.180 - - [07/Jan/2023:17:42:00 -0500] "GET /sipse/faces/javax.faces.resource/jquery/jquery.js?ln=primefaces&v=4.0 HTTP/1.1" 304 -
181.237.226.180 - - [07/Jan/2023:17:42:00 -0500] "GET /sipse/faces/javax.faces.resource/jquery/jquery-plugins.js?ln=primefaces&v=4.0 HTTP/1.1" 304 -
181.237.226.180 - - [07/Jan/2023:17:42:00 -0500] "GET /sipse/faces/javax.faces.resource/primefaces.js?ln=primefaces&v=4.0 HTTP/1.1" 304 -
181.237.226.180 - - [07/Jan/2023:17:42:00 -0500] "GET /sipse/faces/javax.faces.resource/layout/layout.js?ln=primefaces&v=4.0 HTTP/1.1" 304 -
181.237.226.180 - - [07/Jan/2023:17:42:08 -0500] "POST /sipse/faces/presentacion/financiero/solicitudProceso/consultarSolicitudProceso.xhtml HTTP/1.1" 200 84785
181.237.226.180 - - [07/Jan/2023:17:42:20 -0500] "POST /sipse/faces/presentacion/financiero/solicitudProceso/consultarSolicitudProceso.xhtml HTTP/1.1" 200 336708
181.237.226.180 - - [07/Jan/2023:17:42:29 -0500] "POST /sipse/faces/presentacion/financiero/solicitudProceso/consultarSolicitudProceso.xhtml HTTP/1.1" 200 41439
181.237.226.180 - - [07/Jan/2023:17:42:29 -0500] "GET /sipse/faces/javax.faces.resource/theme.css?ln=primefaces-sipse HTTP/1.1" 304 -
181.237.226.180 - - [07/Jan/2023:17:42:29 -0500] "GET /sipse/faces/javax.faces.resource/primefaces.css?ln=primefaces&v=4.0 HTTP/1.1" 304 -
181.237.226.180 - - [07/Jan/2023:17:42:30 -0500] "GET /sipse/faces/javax.faces.resource/layout/layout.css?ln=primefaces&v=4.0 HTTP/1.1" 304 -
181.237.226.180 - - [07/Jan/2023:17:42:30 -0500] "GET /sipse/faces/javax.faces.resource/jquery/jquery.js?ln=primefaces&v=4.0 HTTP/1.1" 304 -
181.237.226.180 - - [07/Jan/2023:17:42:30 -0500] "GET /sipse/faces/javax.faces.resource/jquery/jquery-plugins.js?ln=primefaces&v=4.0 HTTP/1.1" 304 -
181.237.226.180 - - [07/Jan/2023:17:42:30 -0500] "GET /sipse/faces/javax.faces.resource/primefaces.js?ln=primefaces&v=4.0 HTTP/1.1" 304 -
181.237.226.180 - - [07/Jan/2023:17:42:30 -0500] "GET /sipse/faces/javax.faces.resource/layout/layout.js?ln=primefaces&v=4.0 HTTP/1.1" 304 -
181.237.226.180 - - [07/Jan/2023:17:42:57 -0500] "POST /sipse/faces/presentacion/financiero/modificacionContrato/cargarModifiacion.xhtml HTTP/1.1" 200 5347
172.22.2.4 - - [07/Jan/2023:17:42:32 -0500] "HEAD /BLA/boletinlegal/ HTTP/1.1" 200 -
201.245.192.253 - - [07/Jan/2023:17:44:39 -0500] "POST /kwsrmcab/Wsrmcab  HTTP/1.1" 200 43926
181.237.226.180 - - [07/Jan/2023:17:44:44 -0500] "POST /sipse/faces/presentacion/financiero/modificacionContrato/cargarModifiacion.xhtml HTTP/1.1" 200 5423
172.22.2.4 - - [07/Jan/2023:17:44:48 -0500] "GET /BLA/boletinlegal/.env HTTP/1.1" 404 1018
172.22.2.4 - - [07/Jan/2023:17:43:23 -0500] "GET /BLA/boletinlegal/ HTTP/1.1" 200 57192
193.118.53.210 - - [07/Jan/2023:17:46:00 -0500] "GET / HTTP/1.1" 200 319
193.118.53.210 - - [07/Jan/2023:17:46:01 -0500] "HEAD /icons/sphere1.png HTTP/1.1" 200 -
193.118.53.210 - - [07/Jan/2023:17:46:02 -0500] "HEAD /icons/.%2e/%2e%2e/apache2/icons/sphere1.png HTTP/1.1" 400 -
193.118.53.210 - - [07/Jan/2023:17:46:02 -0500] "HEAD /icons/.%%32%65/.%%32%65/apache2/icons/sphere1.png HTTP/1.1" 400 -
193.118.53.210 - - [07/Jan/2023:17:46:02 -0500] "HEAD /icons/.%%32%65/.%%32%65/apache2/icons/non-existant-image.png HTTP/1.1" 400 -
216.245.221.92 - - [07/Jan/2023:17:46:10 -0500] "HEAD / HTTP/1.1" 200 -
66.249.73.127 - - [07/Jan/2023:17:46:39 -0500] "-" 408 -
168.119.253.13 - - [07/Jan/2023:17:47:31 -0500] "GET / HTTP/1.1" 200 319
185.119.81.100 - - [07/Jan/2023:17:47:36 -0500] "GET /portaldeninos/wp-login.php HTTP/1.1" 200 2592
185.119.81.100 - - [07/Jan/2023:17:47:37 -0500] "POST /portaldeninos/wp-login.php HTTP/1.1" 200 3605
201.245.192.253 - - [07/Jan/2023:17:49:38 -0500] "POST /kwsrmcab/Wsrmcab  HTTP/1.1" 200 43926
172.22.2.4 - - [07/Jan/2023:17:48:22 -0500] "HEAD /BLA/boletinlegal/ HTTP/1.1" 200 -
186.102.51.222 - - [07/Jan/2023:17:50:08 -0500] "GET /kwssiamovil/sm/acme/a?s=U2FsdGVkX197v1EQAQsHWqz1AVQBPS2s9sGO3u1x2CWkRRHb1Yc1kj9e8Hym2M+YjBLJOQ7h4/oEwHe3/lOK9yxoYL+1OZBNyRc4f2HwM60B2aDGD6a/r2hlMgEp4WyFr6ahkPf37Wgjotn2TPR50vkX/imt1u+PY6msE+EEiTLLFZ9Lg+8SqMYyFpw6G5ZO0CjMpZPhnMQSlqaxorNbalTv5r4glOUCGLMlv7tkDdA6+ELZezFGlnusaCRQpL511e8604TUJ1LrQr4Pe6OTFw==&u=U2FsdGVkX18hFRWMv1rosIDACdB97J+3LzIRRYj+2kk=&y=U2FsdGVkX1/p80G7ih+ikk5KwltwlLVRTp2/UMWyymOvLPX6uWqwZVBFfzHO2OR+ HTTP/1.1" 200 26
