201.245.192.253 - - [10/Jan/2023:10:28:17 -0500] "POST /sipse/faces/presentacion/financiero/solicitudProceso/listarSolicitudProceso.xhtml HTTP/1.1" 200 1568
201.245.192.253 - - [10/Jan/2023:10:28:17 -0500] "POST /sipse/faces/presentacion/financiero/solicitudProceso/listarSolicitudProceso.xhtml HTTP/1.1" 200 1556
201.245.192.253 - - [10/Jan/2023:10:28:17 -0500] "POST /sipse/faces/presentacion/financiero/solicitudProceso/listarSolicitudProceso.xhtml HTTP/1.1" 200 1564
201.245.192.253 - - [10/Jan/2023:10:28:19 -0500] "POST /sipse/faces/presentacion/financiero/solicitudProceso/listarSolicitudProceso.xhtml HTTP/1.1" 200 32972
201.245.192.253 - - [10/Jan/2023:10:28:19 -0500] "POST /sipse/faces/presentacion/financiero/solicitudProceso/listarSolicitudProceso.xhtml HTTP/1.1" 200 46000
201.245.192.253 - - [10/Jan/2023:10:28:19 -0500] "POST /sipse/faces/presentacion/financiero/solicitudProceso/listarSolicitudProceso.xhtml HTTP/1.1" 200 32972
191.156.62.93 - - [10/Jan/2023:10:28:20 -0500] "GET /sipse/faces/javax.faces.resource/images/ui-icons_898989_256x240.png?ln=primefaces-aristo HTTP/1.1" 304 -
191.156.52.192 - - [10/Jan/2023:10:28:20 -0500] "POST /sipse/faces/presentacion/financiero/solicitudProceso/consultar.xhtml HTTP/1.1" 200 124292
191.156.52.192 - - [10/Jan/2023:10:28:21 -0500] "GET /sipse/faces/javax.faces.resource/theme.css?ln=primefaces-sipse HTTP/1.1" 304 -
191.156.62.93 - - [10/Jan/2023:10:28:21 -0500] "GET /sipse/faces/javax.faces.resource/primefaces.css?ln=primefaces&v=4.0 HTTP/1.1" 304 -
191.156.51.141 - - [10/Jan/2023:10:28:21 -0500] "GET /sipse/faces/javax.faces.resource/jquery/jquery.js?ln=primefaces&v=4.0 HTTP/1.1" 304 -
191.156.61.160 - - [10/Jan/2023:10:28:21 -0500] "GET /sipse/faces/javax.faces.resource/layout/layout.css?ln=primefaces&v=4.0 HTTP/1.1" 304 -
191.156.52.192 - - [10/Jan/2023:10:28:21 -0500] "GET /sipse/faces/javax.faces.resource/jquery/jquery-plugins.js?ln=primefaces&v=4.0 HTTP/1.1" 304 -
191.156.52.192 - - [10/Jan/2023:10:28:21 -0500] "GET /sipse/faces/javax.faces.resource/primefaces.js?ln=primefaces&v=4.0 HTTP/1.1" 304 -
191.156.52.192 - - [10/Jan/2023:10:28:21 -0500] "GET /sipse/faces/javax.faces.resource/layout/layout.js?ln=primefaces&v=4.0 HTTP/1.1" 304 -
191.156.52.192 - - [10/Jan/2023:10:28:21 -0500] "GET /sipse/faces/javax.faces.resource/images/ui-icons_898989_256x240.png?ln=primefaces-aristo HTTP/1.1" 304 -
201.245.192.253 - - [10/Jan/2023:10:28:27 -0500] "POST /sipse/faces/presentacion/financiero/solicitudProceso/listarSolicitudProceso.xhtml HTTP/1.1" 200 33083
191.156.55.3 - - [10/Jan/2023:10:28:28 -0500] "POST /sipse/faces/presentacion/financiero/solicitudProceso/consultarSolicitudProceso.xhtml HTTP/1.1" 200 336186
201.245.192.253 - - [10/Jan/2023:10:28:32 -0500] "POST /sipse/faces/presentacion/financiero/solicitudProceso/listarSolicitudProceso.xhtml HTTP/1.1" 200 32851
172.22.2.4 - - [10/Jan/2023:10:28:35 -0500] "GET /BLA/boletinlegal/consulta_actos.php?tipo=resoluciones&no=2608&usuario=&sector=&fecha=2021&resuelve= HTTP/1.1" 200 1101
190.14.248.251 - - [10/Jan/2023:10:28:36 -0500] "GET /BLA/resoluciones/RESOLUCIONES%202021/2608.pdf HTTP/1.1" 200 531052
201.245.192.253 - - [10/Jan/2023:10:28:37 -0500] "POST /sipse/faces/presentacion/financiero/solicitudProceso/listarSolicitudProceso.xhtml HTTP/1.1" 200 33333
201.245.192.253 - - [10/Jan/2023:10:28:41 -0500] "POST /sipse/faces/presentacion/financiero/solicitudProceso/listarSolicitudProceso.xhtml HTTP/1.1" 200 32918
191.156.61.160 - - [10/Jan/2023:10:28:42 -0500] "POST /sipse/faces/presentacion/financiero/solicitudProceso/consultarSolicitudProceso.xhtml HTTP/1.1" 200 171917
190.66.211.1 - - [10/Jan/2023:10:28:46 -0500] "GET /sipse/faces/javax.faces.resource/theme.css?ln=primefaces-sipse HTTP/1.1" 304 -
190.66.211.1 - - [10/Jan/2023:10:28:47 -0500] "GET /sipse/faces/faces/autenticacion.xhtml HTTP/1.1" 200 12187
190.66.211.1 - - [10/Jan/2023:10:28:47 -0500] "GET /sipse/faces/javax.faces.resource/theme.css?ln=primefaces-sipse HTTP/1.1" 304 -
190.66.211.1 - - [10/Jan/2023:10:28:47 -0500] "GET /sipse/faces/javax.faces.resource/primefaces.css?ln=primefaces&v=4.0 HTTP/1.1" 304 -
190.66.211.1 - - [10/Jan/2023:10:28:47 -0500] "GET /sipse/faces/javax.faces.resource/layout/layout.css?ln=primefaces&v=4.0 HTTP/1.1" 304 -
190.66.211.1 - - [10/Jan/2023:10:28:47 -0500] "GET /sipse/faces/javax.faces.resource/jquery/jquery.js?ln=primefaces&v=4.0 HTTP/1.1" 304 -
190.66.211.1 - - [10/Jan/2023:10:28:47 -0500] "GET /sipse/faces/javax.faces.resource/jquery/jquery-plugins.js?ln=primefaces&v=4.0 HTTP/1.1" 304 -
190.66.211.1 - - [10/Jan/2023:10:28:47 -0500] "GET /sipse/faces/javax.faces.resource/primefaces.js?ln=primefaces&v=4.0 HTTP/1.1" 304 -
190.66.211.1 - - [10/Jan/2023:10:28:47 -0500] "GET /sipse/faces/javax.faces.resource/layout/layout.js?ln=primefaces&v=4.0 HTTP/1.1" 304 -
190.66.211.1 - - [10/Jan/2023:10:28:48 -0500] "GET /sipse/faces/javax.faces.resource/images/ui-icons_898989_256x240.png?ln=primefaces-aristo HTTP/1.1" 304 -
201.245.192.253 - - [10/Jan/2023:10:28:55 -0500] "POST /kwsrmcab/Wsrmcab HTTP/1.1" 200 43164
190.66.211.1 - - [10/Jan/2023:10:28:59 -0500] "POST /sipse/faces/autenticacion.xhtml HTTP/1.1" 200 2228
201.245.192.253 - - [10/Jan/2023:10:28:57 -0500] "POST /kwsrmcab/Wsrmcab HTTP/1.1" 200 42137
190.66.211.1 - - [10/Jan/2023:10:29:00 -0500] "GET /sipse/faces/javax.faces.resource/messages/messages.png?ln=primefaces&v=4.0 HTTP/1.1" 304 -
190.66.211.1 - - [10/Jan/2023:10:29:01 -0500] "POST /sipse/faces/autenticacion.xhtml HTTP/1.1" 200 16337
190.66.211.1 - - [10/Jan/2023:10:29:01 -0500] "GET /sipse/faces/javax.faces.resource/theme.css?ln=primefaces-sipse HTTP/1.1" 304 -
190.66.211.1 - - [10/Jan/2023:10:29:01 -0500] "GET /sipse/faces/javax.faces.resource/primefaces.css?ln=primefaces&v=4.0 HTTP/1.1" 304 -
190.66.211.1 - - [10/Jan/2023:10:29:01 -0500] "GET /sipse/faces/javax.faces.resource/layout/layout.css?ln=primefaces&v=4.0 HTTP/1.1" 304 -
190.66.211.1 - - [10/Jan/2023:10:29:02 -0500] "GET /sipse/faces/javax.faces.resource/jquery/jquery.js?ln=primefaces&v=4.0 HTTP/1.1" 304 -
190.66.211.1 - - [10/Jan/2023:10:29:02 -0500] "GET /sipse/faces/javax.faces.resource/jquery/jquery-plugins.js?ln=primefaces&v=4.0 HTTP/1.1" 304 -
190.66.211.1 - - [10/Jan/2023:10:29:02 -0500] "GET /sipse/faces/javax.faces.resource/primefaces.js?ln=primefaces&v=4.0 HTTP/1.1" 304 -
190.66.211.1 - - [10/Jan/2023:10:29:02 -0500] "GET /sipse/faces/javax.faces.resource/layout/layout.js?ln=primefaces&v=4.0 HTTP/1.1" 304 -
190.66.211.1 - - [10/Jan/2023:10:29:02 -0500] "GET /sipse/css/imagen/contrasena.png HTTP/1.1" 404 383
186.155.32.140 - - [10/Jan/2023:10:29:03 -0500] "GET /BLA/boletinlegal/admin/ HTTP/1.1" 200 2324
186.155.32.140 - - [10/Jan/2023:10:29:04 -0500] "GET /BLA/boletinlegal/admin/index_files/style.css HTTP/1.1" 200 6223
186.84.20.88 - - [10/Jan/2023:10:29:04 -0500] "GET /appsia/controlador HTTP/1.1" 200 5437
186.84.20.88 - - [10/Jan/2023:10:29:04 -0500] "GET /appsia/css/estilos.css HTTP/1.1" 200 4804
186.84.20.88 - - [10/Jan/2023:10:29:04 -0500] "GET /favicon.ico HTTP/1.1" 200 7782
186.155.32.140 - - [10/Jan/2023:10:29:05 -0500] "GET /favicon.ico HTTP/1.1" 200 7782
201.245.192.253 - - [10/Jan/2023:10:29:05 -0500] "POST /sipse/faces/presentacion/financiero/solicitudProceso/consultarSolicitudProceso.xhtml HTTP/1.1" 200 24679
190.66.211.1 - - [10/Jan/2023:10:29:05 -0500] "GET /sipse/faces/javax.faces.resource/images/ui-bg_flat_0_2d5972_40x100.png?ln=primefaces-aristo HTTP/1.1" 304 -
190.66.211.1 - - [10/Jan/2023:10:29:05 -0500] "POST /sipse/faces/bienvenido.xhtml HTTP/1.1" 200 2658
201.245.192.253 - - [10/Jan/2023:10:29:05 -0500] "GET /sipse/faces/javax.faces.resource/theme.css?ln=primefaces-sipse HTTP/1.1" 304 -
201.245.192.253 - - [10/Jan/2023:10:29:05 -0500] "GET /sipse/faces/javax.faces.resource/primefaces.css?ln=primefaces&v=4.0 HTTP/1.1" 304 -
201.245.192.253 - - [10/Jan/2023:10:29:05 -0500] "GET /sipse/faces/javax.faces.resource/layout/layout.css?ln=primefaces&v=4.0 HTTP/1.1" 304 -
201.245.192.253 - - [10/Jan/2023:10:29:05 -0500] "GET /sipse/faces/javax.faces.resource/jquery/jquery.js?ln=primefaces&v=4.0 HTTP/1.1" 304 -
201.245.192.253 - - [10/Jan/2023:10:29:05 -0500] "GET /sipse/faces/javax.faces.resource/jquery/jquery-plugins.js?ln=primefaces&v=4.0 HTTP/1.1" 304 -
201.245.192.253 - - [10/Jan/2023:10:29:05 -0500] "GET /sipse/faces/javax.faces.resource/primefaces.js?ln=primefaces&v=4.0 HTTP/1.1" 304 -
201.245.192.253 - - [10/Jan/2023:10:29:05 -0500] "GET /sipse/faces/javax.faces.resource/layout/layout.js?ln=primefaces&v=4.0 HTTP/1.1" 304 -
186.155.32.140 - - [10/Jan/2023:10:29:05 -0500] "GET /BLA/boletinlegal/admin/images/bg.png HTTP/1.1" 200 332965
186.84.20.88 - - [10/Jan/2023:10:29:05 -0500] "POST /appsia/controlador HTTP/1.1" 200 8700
186.84.20.88 - - [10/Jan/2023:10:29:06 -0500] "GET /appsia/images/logo_escudo.png HTTP/1.1" 200 21406
172.22.2.4 - - [10/Jan/2023:10:27:26 -0500] "HEAD /BLA/boletinlegal/ HTTP/1.1" 200 -
181.63.8.141 - - [10/Jan/2023:10:29:07 -0500] "GET /sipse/faces/index.xhtml HTTP/1.1" 200 677
181.63.8.141 - - [10/Jan/2023:10:29:07 -0500] "GET /sipse/faces/javax.faces.resource/theme.css?ln=primefaces-sipse HTTP/1.1" 200 50058
181.63.8.141 - - [10/Jan/2023:10:29:07 -0500] "GET /favicon.ico HTTP/1.1" 200 7782
181.63.8.141 - - [10/Jan/2023:10:29:07 -0500] "GET /sipse/faces/faces/autenticacion.xhtml HTTP/1.1" 200 12178
181.63.8.141 - - [10/Jan/2023:10:29:07 -0500] "GET /sipse/js/disable_browser_buttons.js HTTP/1.1" 200 3230
181.63.8.141 - - [10/Jan/2023:10:29:07 -0500] "GET /sipse/js/funciones.js HTTP/1.1" 200 12592
181.63.8.141 - - [10/Jan/2023:10:29:07 -0500] "GET /sipse/css/custom_css_sg_prime_login.css HTTP/1.1" 200 443
181.63.8.141 - - [10/Jan/2023:10:29:07 -0500] "GET /sipse/css/custom_css_sg.css HTTP/1.1" 200 9694
181.63.8.141 - - [10/Jan/2023:10:29:07 -0500] "GET /sipse/faces/javax.faces.resource/layout/layout.css?ln=primefaces&v=4.0 HTTP/1.1" 200 542
181.63.8.141 - - [10/Jan/2023:10:29:07 -0500] "GET /sipse/faces/javax.faces.resource/primefaces.css?ln=primefaces&v=4.0 HTTP/1.1" 200 53295
181.63.8.141 - - [10/Jan/2023:10:29:07 -0500] "GET /sipse/faces/javax.faces.resource/layout/layout.js?ln=primefaces&v=4.0 HTTP/1.1" 200 87560
181.63.8.141 - - [10/Jan/2023:10:29:07 -0500] "GET /sipse/faces/javax.faces.resource/jquery/jquery.js?ln=primefaces&v=4.0 HTTP/1.1" 200 105384
181.63.8.141 - - [10/Jan/2023:10:29:07 -0500] "GET /sipse/faces/javax.faces.resource/jquery/jquery-plugins.js?ln=primefaces&v=4.0 HTTP/1.1" 200 220526
181.63.8.141 - - [10/Jan/2023:10:29:07 -0500] "GET /sipse/faces/javax.faces.resource/primefaces.js?ln=primefaces&v=4.0 HTTP/1.1" 200 276924
181.63.8.141 - - [10/Jan/2023:10:29:07 -0500] "GET /sipse/faces/javax.faces.resource/images/ui-icons_898989_256x240.png?ln=primefaces-aristo HTTP/1.1" 200 5355
181.63.8.141 - - [10/Jan/2023:10:29:07 -0500] "GET /sipse/css/imagen/logoSDG.png HTTP/1.1" 200 53064
181.63.8.141 - - [10/Jan/2023:10:29:07 -0500] "GET /sipse/css/imagen/loginimg.png HTTP/1.1" 200 71635
190.66.211.1 - - [10/Jan/2023:10:29:06 -0500] "POST /sipse/faces/bienvenido.xhtml HTTP/1.1" 200 65089
190.66.211.1 - - [10/Jan/2023:10:29:08 -0500] "GET /sipse/faces/javax.faces.resource/theme.css?ln=primefaces-sipse HTTP/1.1" 304 -
190.66.211.1 - - [10/Jan/2023:10:29:08 -0500] "GET /sipse/faces/javax.faces.resource/primefaces.css?ln=primefaces&v=4.0 HTTP/1.1" 304 -
190.66.211.1 - - [10/Jan/2023:10:29:08 -0500] "GET /sipse/faces/javax.faces.resource/layout/layout.css?ln=primefaces&v=4.0 HTTP/1.1" 304 -
190.66.211.1 - - [10/Jan/2023:10:29:08 -0500] "GET /sipse/faces/javax.faces.resource/jquery/jquery.js?ln=primefaces&v=4.0 HTTP/1.1" 304 -
190.66.211.1 - - [10/Jan/2023:10:29:08 -0500] "GET /sipse/faces/javax.faces.resource/jquery/jquery-plugins.js?ln=primefaces&v=4.0 HTTP/1.1" 304 -
190.66.211.1 - - [10/Jan/2023:10:29:08 -0500] "GET /sipse/faces/javax.faces.resource/primefaces.js?ln=primefaces&v=4.0 HTTP/1.1" 304 -
190.66.211.1 - - [10/Jan/2023:10:29:09 -0500] "GET /sipse/faces/javax.faces.resource/layout/layout.js?ln=primefaces&v=4.0 HTTP/1.1" 304 -
190.66.211.1 - - [10/Jan/2023:10:29:09 -0500] "POST /sipse/faces/presentacion/financiero/solicitudProceso/listarSolicitudProceso.xhtml HTTP/1.1" 200 1560
186.155.32.140 - - [10/Jan/2023:10:29:10 -0500] "POST /BLA/boletinlegal/admin/usuarios/process.php HTTP/1.1" 302 -
201.245.192.253 - - [10/Jan/2023:10:29:10 -0500] "POST /sipse/faces/presentacion/financiero/solicitudProceso/registrarAnotacion.xhtml HTTP/1.1" 200 171187
201.245.192.253 - - [10/Jan/2023:10:29:10 -0500] "GET /sipse/faces/javax.faces.resource/layout/layout.css?ln=primefaces&v=4.0 HTTP/1.1" 304 -
201.245.192.253 - - [10/Jan/2023:10:29:10 -0500] "GET /sipse/faces/javax.faces.resource/primefaces.css?ln=primefaces&v=4.0 HTTP/1.1" 304 -
201.245.192.253 - - [10/Jan/2023:10:29:10 -0500] "GET /sipse/faces/javax.faces.resource/primefaces.js?ln=primefaces&v=4.0 HTTP/1.1" 304 -
201.245.192.253 - - [10/Jan/2023:10:29:10 -0500] "GET /sipse/faces/javax.faces.resource/jquery/jquery-plugins.js?ln=primefaces&v=4.0 HTTP/1.1" 304 -
201.245.192.253 - - [10/Jan/2023:10:29:10 -0500] "GET /sipse/faces/javax.faces.resource/theme.css?ln=primefaces-sipse HTTP/1.1" 304 -
201.245.192.253 - - [10/Jan/2023:10:29:10 -0500] "GET /sipse/faces/javax.faces.resource/jquery/jquery.js?ln=primefaces&v=4.0 HTTP/1.1" 304 -
201.245.192.253 - - [10/Jan/2023:10:29:10 -0500] "GET /sipse/faces/javax.faces.resource/layout/layout.js?ln=primefaces&v=4.0 HTTP/1.1" 304 -
201.245.192.253 - - [10/Jan/2023:10:29:11 -0500] "GET /sipse/faces/javax.faces.resource/images/ui-icons_898989_256x240.png?ln=primefaces-aristo HTTP/1.1" 304 -
181.63.8.141 - - [10/Jan/2023:10:29:11 -0500] "POST /sipse/faces/autenticacion.xhtml HTTP/1.1" 200 2187
181.63.8.141 - - [10/Jan/2023:10:29:11 -0500] "GET /sipse/faces/javax.faces.resource/messages/messages.png?ln=primefaces&v=4.0 HTTP/1.1" 200 27209
201.245.192.253 - - [10/Jan/2023:10:29:16 -0500] "GET /sipse/faces/javax.faces.resource/images/ui-bg_flat_0_2d5972_40x100.png?ln=primefaces-aristo HTTP/1.1" 304 -
183.136.225.45 - - [10/Jan/2023:10:29:19 -0500] "-" 408 -
201.245.192.253 - - [10/Jan/2023:10:29:16 -0500] "POST /sipse/faces/presentacion/financiero/solicitudProceso/consultarSolicitudProceso.xhtml HTTP/1.1" 200 36560
201.245.192.253 - - [10/Jan/2023:10:29:19 -0500] "GET /sipse/faces/javax.faces.resource/theme.css?ln=primefaces-sipse HTTP/1.1" 304 -
201.245.192.253 - - [10/Jan/2023:10:29:19 -0500] "GET /sipse/faces/javax.faces.resource/primefaces.css?ln=primefaces&v=4.0 HTTP/1.1" 304 -
201.245.192.253 - - [10/Jan/2023:10:29:19 -0500] "GET /sipse/faces/javax.faces.resource/layout/layout.css?ln=primefaces&v=4.0 HTTP/1.1" 304 -
201.245.192.253 - - [10/Jan/2023:10:29:19 -0500] "GET /sipse/faces/javax.faces.resource/jquery/jquery.js?ln=primefaces&v=4.0 HTTP/1.1" 304 -
201.245.192.253 - - [10/Jan/2023:10:29:19 -0500] "GET /sipse/faces/javax.faces.resource/jquery/jquery-plugins.js?ln=primefaces&v=4.0 HTTP/1.1" 304 -
201.245.192.253 - - [10/Jan/2023:10:29:19 -0500] "GET /sipse/faces/javax.faces.resource/primefaces.js?ln=primefaces&v=4.0 HTTP/1.1" 304 -
201.245.192.253 - - [10/Jan/2023:10:29:19 -0500] "GET /sipse/faces/javax.faces.resource/layout/layout.js?ln=primefaces&v=4.0 HTTP/1.1" 304 -
201.245.192.253 - - [10/Jan/2023:10:29:19 -0500] "GET /sipse/faces/javax.faces.resource/messages/messages.png?ln=primefaces&v=4.0 HTTP/1.1" 304 -
201.245.192.253 - - [10/Jan/2023:10:29:19 -0500] "POST /sipse/faces/presentacion/financiero/solicitudProceso/listarSolicitudProceso.xhtml HTTP/1.1" 200 1396
190.66.211.1 - - [10/Jan/2023:10:29:19 -0500] "POST /sipse/faces/presentacion/financiero/solicitudProceso/listarSolicitudProceso.xhtml HTTP/1.1" 200 156751
190.66.211.1 - - [10/Jan/2023:10:29:20 -0500] "GET /sipse/faces/javax.faces.resource/theme.css?ln=primefaces-sipse HTTP/1.1" 304 -
190.66.211.1 - - [10/Jan/2023:10:29:20 -0500] "GET /sipse/faces/javax.faces.resource/primefaces.css?ln=primefaces&v=4.0 HTTP/1.1" 304 -
190.66.211.1 - - [10/Jan/2023:10:29:20 -0500] "GET /sipse/faces/javax.faces.resource/layout/layout.css?ln=primefaces&v=4.0 HTTP/1.1" 304 -
190.66.211.1 - - [10/Jan/2023:10:29:20 -0500] "GET /sipse/faces/javax.faces.resource/jquery/jquery.js?ln=primefaces&v=4.0 HTTP/1.1" 304 -
190.66.211.1 - - [10/Jan/2023:10:29:20 -0500] "GET /sipse/faces/javax.faces.resource/jquery/jquery-plugins.js?ln=primefaces&v=4.0 HTTP/1.1" 304 -
190.66.211.1 - - [10/Jan/2023:10:29:21 -0500] "GET /sipse/faces/javax.faces.resource/primefaces.js?ln=primefaces&v=4.0 HTTP/1.1" 304 -
190.66.211.1 - - [10/Jan/2023:10:29:21 -0500] "GET /sipse/faces/javax.faces.resource/layout/layout.js?ln=primefaces&v=4.0 HTTP/1.1" 304 -
201.245.192.253 - - [10/Jan/2023:10:29:24 -0500] "POST /sipse/faces/presentacion/financiero/solicitudProceso/listarSolicitudProceso.xhtml HTTP/1.1" 200 32998
201.245.192.253 - - [10/Jan/2023:10:29:27 -0500] "POST /sipse/faces/presentacion/financiero/solicitudProceso/listarSolicitudProceso.xhtml HTTP/1.1" 200 32998
186.155.32.140 - - [10/Jan/2023:10:29:10 -0500] "GET /BLA/boletinlegal/admin/index.php HTTP/1.1" 200 7297
186.155.32.140 - - [10/Jan/2023:10:29:27 -0500] "GET /BLA/boletinlegal/admin/index_files/header.png HTTP/1.1" 200 240212
186.155.32.140 - - [10/Jan/2023:10:29:27 -0500] "GET /BLA/boletinlegal/admin/index_files/3_5.gif HTTP/1.1" 200 1633
186.155.32.140 - - [10/Jan/2023:10:29:27 -0500] "GET /BLA/boletinlegal/images/can.png HTTP/1.1" 200 37574
186.155.32.140 - - [10/Jan/2023:10:29:27 -0500] "GET /BLA/boletinlegal/admin/index_files/7_5.gif HTTP/1.1" 200 1565
186.155.32.140 - - [10/Jan/2023:10:29:27 -0500] "GET /BLA/boletinlegal/admin/index_files/7_1.gif HTTP/1.1" 200 1455
186.155.32.140 - - [10/Jan/2023:10:29:27 -0500] "GET /BLA/boletinlegal/admin/index_files/2_2.gif HTTP/1.1" 200 1728
186.155.32.140 - - [10/Jan/2023:10:29:27 -0500] "GET /BLA/boletinlegal/admin/index_files/5_1.gif HTTP/1.1" 200 1623
186.155.32.140 - - [10/Jan/2023:10:29:27 -0500] "GET /BLA/boletinlegal/admin/index_files/2_4.gif HTTP/1.1" 200 1763
186.155.32.140 - - [10/Jan/2023:10:29:27 -0500] "GET /favicon.ico HTTP/1.1" 200 7782
201.245.192.253 - - [10/Jan/2023:10:29:28 -0500] "POST /sipse/faces/presentacion/financiero/solicitudProceso/listarSolicitudProceso.xhtml HTTP/1.1" 200 32918
186.155.32.140 - - [10/Jan/2023:10:29:28 -0500] "GET /BLA/boletinlegal/admin/index_files/index_files/tback.gif HTTP/1.1" 404 1334
181.63.8.141 - - [10/Jan/2023:10:29:30 -0500] "POST /sipse/faces/autenticacion.xhtml HTTP/1.1" 200 2128
201.245.192.253 - - [10/Jan/2023:10:29:36 -0500] "POST /sipse/faces/presentacion/financiero/solicitudProceso/listarSolicitudProceso.xhtml HTTP/1.1" 200 5841
186.115.108.221 - - [10/Jan/2023:10:29:41 -0500] "GET /appsia/controlador HTTP/1.1" 200 4799
186.115.108.221 - - [10/Jan/2023:10:29:42 -0500] "GET /appsia/css/estilos.css HTTP/1.1" 200 4804
186.115.108.221 - - [10/Jan/2023:10:29:42 -0500] "GET /appsia/scripts/validarIngreso.js HTTP/1.1" 200 851
186.115.108.221 - - [10/Jan/2023:10:29:42 -0500] "GET /appsia/images/logo_bogota_p.png HTTP/1.1" 200 14951
186.115.108.221 - - [10/Jan/2023:10:29:42 -0500] "GET /appsia/images/cabezoteHojaVida.png HTTP/1.1" 200 32493
186.115.108.221 - - [10/Jan/2023:10:29:42 -0500] "GET /favicon.ico HTTP/1.1" 200 7782
201.245.192.253 - - [10/Jan/2023:10:29:47 -0500] "POST /sipse/faces/presentacion/financiero/solicitudProceso/listarSolicitudProceso.xhtml HTTP/1.1" 200 5929
186.115.108.221 - - [10/Jan/2023:10:29:47 -0500] "POST /appsia/controlador HTTP/1.1" 200 3604
186.115.108.221 - - [10/Jan/2023:10:29:47 -0500] "GET /appsia/jscripts/validarSolicitud.js HTTP/1.1" 404 68
186.115.108.221 - - [10/Jan/2023:10:29:53 -0500] "POST /appsia/controlador HTTP/1.1" 200 4799
172.22.2.4 - - [10/Jan/2023:10:28:16 -0500] "GET /BLA/boletinlegal/ HTTP/1.1" 200 57192
181.63.8.141 - - [10/Jan/2023:10:30:04 -0500] "POST /sipse/faces/autenticacion.xhtml HTTP/1.1" 200 16726
181.63.8.141 - - [10/Jan/2023:10:30:04 -0500] "GET /sipse/css/custom_css_sg_prime.css HTTP/1.1" 200 5201
181.63.8.141 - - [10/Jan/2023:10:30:04 -0500] "GET /sipse/faces/javax.faces.resource/theme.css?ln=primefaces-sipse HTTP/1.1" 304 -
181.63.8.141 - - [10/Jan/2023:10:30:04 -0500] "GET /sipse/faces/javax.faces.resource/layout/layout.css?ln=primefaces&v=4.0 HTTP/1.1" 304 -
181.63.8.141 - - [10/Jan/2023:10:30:04 -0500] "GET /sipse/faces/javax.faces.resource/primefaces.css?ln=primefaces&v=4.0 HTTP/1.1" 304 -
181.63.8.141 - - [10/Jan/2023:10:30:04 -0500] "GET /sipse/js/jquery.min.js HTTP/1.1" 200 85582
181.63.8.141 - - [10/Jan/2023:10:30:04 -0500] "GET /sipse/faces/javax.faces.resource/jquery/jquery.js?ln=primefaces&v=4.0 HTTP/1.1" 304 -
181.63.8.141 - - [10/Jan/2023:10:30:04 -0500] "GET /sipse/faces/javax.faces.resource/jquery/jquery-plugins.js?ln=primefaces&v=4.0 HTTP/1.1" 304 -
181.63.8.141 - - [10/Jan/2023:10:30:04 -0500] "GET /sipse/faces/javax.faces.resource/primefaces.js?ln=primefaces&v=4.0 HTTP/1.1" 304 -
181.63.8.141 - - [10/Jan/2023:10:30:04 -0500] "GET /sipse/faces/javax.faces.resource/layout/layout.js?ln=primefaces&v=4.0 HTTP/1.1" 304 -
181.63.8.141 - - [10/Jan/2023:10:30:04 -0500] "GET /sipse/imagenes/cargando.gif HTTP/1.1" 200 36959
181.63.8.141 - - [10/Jan/2023:10:30:04 -0500] "GET /sipse/css/imagen/contrasena.png HTTP/1.1" 404 383
181.63.8.141 - - [10/Jan/2023:10:30:04 -0500] "GET /sipse/imagenes/logoAplicacion.jpg HTTP/1.1" 200 155084
186.115.108.221 - - [10/Jan/2023:10:30:09 -0500] "POST /appsia/controlador HTTP/1.1" 200 5437
181.63.8.141 - - [10/Jan/2023:10:30:09 -0500] "GET /sipse/faces/javax.faces.resource/images/ui-bg_flat_0_2d5972_40x100.png?ln=primefaces-aristo HTTP/1.1" 200 183
181.63.8.141 - - [10/Jan/2023:10:30:09 -0500] "POST /sipse/faces/bienvenido.xhtml HTTP/1.1" 200 1469
181.63.8.141 - - [10/Jan/2023:10:30:11 -0500] "POST /sipse/faces/bienvenido.xhtml HTTP/1.1" 200 6772
181.63.8.141 - - [10/Jan/2023:10:30:14 -0500] "POST /sipse/faces/bienvenido.xhtml HTTP/1.1" 200 34623
181.63.8.141 - - [10/Jan/2023:10:30:14 -0500] "GET /sipse/faces/javax.faces.resource/theme.css?ln=primefaces-sipse HTTP/1.1" 304 -
181.63.8.141 - - [10/Jan/2023:10:30:14 -0500] "GET /sipse/faces/javax.faces.resource/layout/layout.css?ln=primefaces&v=4.0 HTTP/1.1" 304 -
181.63.8.141 - - [10/Jan/2023:10:30:14 -0500] "GET /sipse/faces/javax.faces.resource/primefaces.css?ln=primefaces&v=4.0 HTTP/1.1" 304 -
181.63.8.141 - - [10/Jan/2023:10:30:14 -0500] "GET /sipse/faces/javax.faces.resource/jquery/jquery.js?ln=primefaces&v=4.0 HTTP/1.1" 304 -
181.63.8.141 - - [10/Jan/2023:10:30:14 -0500] "GET /sipse/faces/javax.faces.resource/jquery/jquery-plugins.js?ln=primefaces&v=4.0 HTTP/1.1" 304 -
181.63.8.141 - - [10/Jan/2023:10:30:14 -0500] "GET /sipse/faces/javax.faces.resource/primefaces.js?ln=primefaces&v=4.0 HTTP/1.1" 304 -
181.63.8.141 - - [10/Jan/2023:10:30:14 -0500] "GET /sipse/faces/javax.faces.resource/layout/layout.js?ln=primefaces&v=4.0 HTTP/1.1" 304 -
201.245.192.253 - - [10/Jan/2023:10:30:15 -0500] "POST /sipse/faces/presentacion/financiero/solicitudProceso/listarSolicitudProceso.xhtml HTTP/1.1" 200 124576
201.245.192.253 - - [10/Jan/2023:10:30:16 -0500] "GET /sipse/faces/javax.faces.resource/theme.css?ln=primefaces-sipse HTTP/1.1" 304 -
201.245.192.253 - - [10/Jan/2023:10:30:16 -0500] "GET /sipse/faces/javax.faces.resource/primefaces.css?ln=primefaces&v=4.0 HTTP/1.1" 304 -
201.245.192.253 - - [10/Jan/2023:10:30:16 -0500] "GET /sipse/faces/javax.faces.resource/layout/layout.css?ln=primefaces&v=4.0 HTTP/1.1" 304 -
201.245.192.253 - - [10/Jan/2023:10:30:16 -0500] "GET /sipse/css/imagen/contrasena.png HTTP/1.1" 404 383
201.245.192.253 - - [10/Jan/2023:10:30:16 -0500] "GET /sipse/faces/javax.faces.resource/jquery/jquery.js?ln=primefaces&v=4.0 HTTP/1.1" 304 -
201.245.192.253 - - [10/Jan/2023:10:30:16 -0500] "GET /sipse/faces/javax.faces.resource/jquery/jquery-plugins.js?ln=primefaces&v=4.0 HTTP/1.1" 304 -
201.245.192.253 - - [10/Jan/2023:10:30:16 -0500] "GET /sipse/faces/javax.faces.resource/primefaces.js?ln=primefaces&v=4.0 HTTP/1.1" 304 -
201.245.192.253 - - [10/Jan/2023:10:30:16 -0500] "GET /sipse/faces/javax.faces.resource/layout/layout.js?ln=primefaces&v=4.0 HTTP/1.1" 304 -
181.63.8.141 - - [10/Jan/2023:10:30:16 -0500] "POST /sipse/faces/presentacion/sistema/reporte/listarReportes.xhtml HTTP/1.1" 200 26629
181.63.8.141 - - [10/Jan/2023:10:30:16 -0500] "POST /sipse/faces/presentacion/sistema/reporte/listarReportes.xhtml HTTP/1.1" 200 26629
181.63.8.141 - - [10/Jan/2023:10:30:23 -0500] "POST /sipse/faces/presentacion/sistema/reporte/listarReportes.xhtml HTTP/1.1" 200 23504
181.63.8.141 - - [10/Jan/2023:10:30:23 -0500] "GET /sipse/faces/javax.faces.resource/theme.css?ln=primefaces-sipse HTTP/1.1" 304 -
181.63.8.141 - - [10/Jan/2023:10:30:23 -0500] "GET /sipse/faces/javax.faces.resource/layout/layout.css?ln=primefaces&v=4.0 HTTP/1.1" 304 -
181.63.8.141 - - [10/Jan/2023:10:30:23 -0500] "GET /sipse/faces/javax.faces.resource/primefaces.css?ln=primefaces&v=4.0 HTTP/1.1" 304 -
181.63.8.141 - - [10/Jan/2023:10:30:23 -0500] "GET /sipse/faces/javax.faces.resource/jquery/jquery-plugins.js?ln=primefaces&v=4.0 HTTP/1.1" 304 -
181.63.8.141 - - [10/Jan/2023:10:30:23 -0500] "GET /sipse/faces/javax.faces.resource/jquery/jquery.js?ln=primefaces&v=4.0 HTTP/1.1" 304 -
181.63.8.141 - - [10/Jan/2023:10:30:23 -0500] "GET /sipse/faces/javax.faces.resource/primefaces.js?ln=primefaces&v=4.0 HTTP/1.1" 304 -
181.63.8.141 - - [10/Jan/2023:10:30:23 -0500] "GET /sipse/faces/javax.faces.resource/layout/layout.js?ln=primefaces&v=4.0 HTTP/1.1" 304 -
181.63.8.141 - - [10/Jan/2023:10:30:23 -0500] "GET /sipse/faces/javax.faces.resource/images/ui-icons_898989_256x240.png?ln=primefaces-aristo HTTP/1.1" 304 -
181.63.8.141 - - [10/Jan/2023:10:30:23 -0500] "GET /sipse/css/imagen/contrasena.png HTTP/1.1" 404 383
201.245.192.253 - - [10/Jan/2023:10:30:27 -0500] "POST /sipse/faces/presentacion/financiero/solicitudProceso/consultarSolicitudProceso.xhtml HTTP/1.1" 200 127477
168.119.253.13 - - [10/Jan/2023:10:30:34 -0500] "GET / HTTP/1.1" 200 319
181.63.8.141 - - [10/Jan/2023:10:30:37 -0500] "GET /sipse/faces/javax.faces.resource/images/ui-bg_flat_0_2d5972_40x100.png?ln=primefaces-aristo HTTP/1.1" 304 -
181.63.8.141 - - [10/Jan/2023:10:30:37 -0500] "POST /sipse/faces/presentacion/sistema/reporte/ventanaVerReporteParametros.xhtml HTTP/1.1" 200 33246
181.63.8.141 - - [10/Jan/2023:10:30:37 -0500] "GET /sipse/faces/javax.faces.resource/layout/layout.css?ln=primefaces&v=4.0 HTTP/1.1" 304 -
181.63.8.141 - - [10/Jan/2023:10:30:37 -0500] "GET /sipse/faces/javax.faces.resource/theme.css?ln=primefaces-sipse HTTP/1.1" 304 -
181.63.8.141 - - [10/Jan/2023:10:30:37 -0500] "GET /sipse/faces/javax.faces.resource/primefaces.css?ln=primefaces&v=4.0 HTTP/1.1" 304 -
181.63.8.141 - - [10/Jan/2023:10:30:37 -0500] "GET /sipse/faces/javax.faces.resource/jquery/jquery.js?ln=primefaces&v=4.0 HTTP/1.1" 304 -
181.63.8.141 - - [10/Jan/2023:10:30:37 -0500] "GET /sipse/faces/javax.faces.resource/jquery/jquery-plugins.js?ln=primefaces&v=4.0 HTTP/1.1" 304 -
181.63.8.141 - - [10/Jan/2023:10:30:37 -0500] "GET /sipse/faces/javax.faces.resource/primefaces.js?ln=primefaces&v=4.0 HTTP/1.1" 304 -
181.63.8.141 - - [10/Jan/2023:10:30:37 -0500] "GET /sipse/faces/javax.faces.resource/layout/layout.js?ln=primefaces&v=4.0 HTTP/1.1" 304 -
181.63.8.141 - - [10/Jan/2023:10:30:40 -0500] "GET /sipse/faces/javax.faces.resource/theme.css?ln=primefaces-sipse HTTP/1.1" 304 -
181.63.8.141 - - [10/Jan/2023:10:30:40 -0500] "GET /sipse/faces/javax.faces.resource/primefaces.css?ln=primefaces&v=4.0 HTTP/1.1" 304 -
181.63.8.141 - - [10/Jan/2023:10:30:40 -0500] "POST /sipse/faces/presentacion/sistema/reporte/listarReportes.xhtml HTTP/1.1" 200 23504
181.63.8.141 - - [10/Jan/2023:10:30:40 -0500] "GET /sipse/faces/javax.faces.resource/layout/layout.css?ln=primefaces&v=4.0 HTTP/1.1" 304 -
181.63.8.141 - - [10/Jan/2023:10:30:41 -0500] "GET /sipse/faces/javax.faces.resource/jquery/jquery.js?ln=primefaces&v=4.0 HTTP/1.1" 304 -
181.63.8.141 - - [10/Jan/2023:10:30:41 -0500] "GET /sipse/faces/javax.faces.resource/layout/layout.js?ln=primefaces&v=4.0 HTTP/1.1" 304 -
181.63.8.141 - - [10/Jan/2023:10:30:41 -0500] "GET /sipse/faces/javax.faces.resource/primefaces.js?ln=primefaces&v=4.0 HTTP/1.1" 304 -
181.63.8.141 - - [10/Jan/2023:10:30:41 -0500] "GET /sipse/faces/javax.faces.resource/jquery/jquery-plugins.js?ln=primefaces&v=4.0 HTTP/1.1" 304 -
168.119.253.11 - - [10/Jan/2023:10:30:41 -0500] "GET / HTTP/1.1" 200 319
201.245.192.253 - - [10/Jan/2023:10:31:03 -0500] "POST /kwsrmcab/Wsrmcab  HTTP/1.1" 200 43926
181.63.8.141 - - [10/Jan/2023:10:31:07 -0500] "GET /sipse/faces/javax.faces.resource/images/ui-bg_flat_0_2d5972_40x100.png?ln=primefaces-aristo HTTP/1.1" 304 -
181.63.8.141 - - [10/Jan/2023:10:31:07 -0500] "POST /sipse/faces/presentacion/sistema/reporte/ventanaVerReporteParametros.xhtml HTTP/1.1" 200 33246
181.63.8.141 - - [10/Jan/2023:10:31:07 -0500] "GET /sipse/faces/javax.faces.resource/theme.css?ln=primefaces-sipse HTTP/1.1" 304 -
181.63.8.141 - - [10/Jan/2023:10:31:07 -0500] "GET /sipse/faces/javax.faces.resource/primefaces.css?ln=primefaces&v=4.0 HTTP/1.1" 304 -
181.63.8.141 - - [10/Jan/2023:10:31:07 -0500] "GET /sipse/faces/javax.faces.resource/layout/layout.css?ln=primefaces&v=4.0 HTTP/1.1" 304 -
181.63.8.141 - - [10/Jan/2023:10:31:07 -0500] "GET /sipse/faces/javax.faces.resource/jquery/jquery.js?ln=primefaces&v=4.0 HTTP/1.1" 304 -
181.63.8.141 - - [10/Jan/2023:10:31:07 -0500] "GET /sipse/faces/javax.faces.resource/jquery/jquery-plugins.js?ln=primefaces&v=4.0 HTTP/1.1" 304 -
181.63.8.141 - - [10/Jan/2023:10:31:07 -0500] "GET /sipse/faces/javax.faces.resource/primefaces.js?ln=primefaces&v=4.0 HTTP/1.1" 304 -
181.63.8.141 - - [10/Jan/2023:10:31:07 -0500] "GET /sipse/faces/javax.faces.resource/layout/layout.js?ln=primefaces&v=4.0 HTTP/1.1" 304 -
201.245.192.253 - - [10/Jan/2023:10:31:11 -0500] "POST /sipse/faces/presentacion/financiero/solicitudProceso/consultarSolicitudProceso.xhtml HTTP/1.1" 200 5511
181.63.8.141 - - [10/Jan/2023:10:31:14 -0500] "POST /sipse/faces/presentacion/sistema/reporte/listarReportes.xhtml HTTP/1.1" 200 2185
181.63.8.141 - - [10/Jan/2023:10:31:15 -0500] "POST /sipse/faces/presentacion/sistema/reporte/listarReportes.xhtml HTTP/1.1" 200 45463
181.63.8.141 - - [10/Jan/2023:10:31:16 -0500] "GET /sipse/faces/javax.faces.resource/theme.css?ln=primefaces-sipse HTTP/1.1" 304 -
181.63.8.141 - - [10/Jan/2023:10:31:16 -0500] "GET /sipse/faces/javax.faces.resource/layout/layout.css?ln=primefaces&v=4.0 HTTP/1.1" 304 -
181.63.8.141 - - [10/Jan/2023:10:31:16 -0500] "GET /sipse/faces/javax.faces.resource/primefaces.css?ln=primefaces&v=4.0 HTTP/1.1" 304 -
181.63.8.141 - - [10/Jan/2023:10:31:16 -0500] "GET /sipse/faces/javax.faces.resource/jquery/jquery.js?ln=primefaces&v=4.0 HTTP/1.1" 304 -
181.63.8.141 - - [10/Jan/2023:10:31:16 -0500] "GET /sipse/faces/javax.faces.resource/jquery/jquery-plugins.js?ln=primefaces&v=4.0 HTTP/1.1" 304 -
181.63.8.141 - - [10/Jan/2023:10:31:16 -0500] "GET /sipse/faces/javax.faces.resource/primefaces.js?ln=primefaces&v=4.0 HTTP/1.1" 304 -
181.63.8.141 - - [10/Jan/2023:10:31:16 -0500] "GET /sipse/faces/javax.faces.resource/layout/layout.js?ln=primefaces&v=4.0 HTTP/1.1" 304 -
181.63.8.141 - - [10/Jan/2023:10:31:16 -0500] "POST /sipse/faces/presentacion/financiero/solicitudProceso/consultar.xhtml HTTP/1.1" 200 38832
172.22.2.4 - - [10/Jan/2023:10:31:17 -0500] "GET /BLA/boletinlegal/style.css HTTP/1.1" 200 9406
172.22.2.4 - - [10/Jan/2023:10:31:17 -0500] "GET /BLA/boletinlegal/styles2.css HTTP/1.1" 200 1838
172.22.2.4 - - [10/Jan/2023:10:31:17 -0500] "GET /BLA/boletinlegal/js/jquery.js HTTP/1.1" 200 57254
172.22.2.4 - - [10/Jan/2023:10:31:17 -0500] "GET /BLA/boletinlegal/js/jquery.scrollTo-min.js HTTP/1.1" 200 1150
172.22.2.4 - - [10/Jan/2023:10:31:17 -0500] "GET /BLA/boletinlegal/js/jquery.scrollShow.js HTTP/1.1" 200 4586
172.22.2.4 - - [10/Jan/2023:10:31:17 -0500] "GET /BLA/boletinlegal/images/cabezote%20BLEGAL.jpg HTTP/1.1" 200 118164
172.22.2.4 - - [10/Jan/2023:10:31:17 -0500] "GET /BLA/boletinlegal/images/subscribe-icon-big.png HTTP/1.1" 200 47702
172.22.2.4 - - [10/Jan/2023:10:31:17 -0500] "GET /BLA/boletinlegal/images/historia.png HTTP/1.1" 200 52775
172.22.2.4 - - [10/Jan/2023:10:31:17 -0500] "GET /BLA/boletinlegal/images/registro-usuarios.png HTTP/1.1" 200 8106
172.22.2.4 - - [10/Jan/2023:10:31:18 -0500] "GET /BLA/boletinlegal/images/body_bg.jpg HTTP/1.1" 200 1601
172.22.2.4 - - [10/Jan/2023:10:31:18 -0500] "GET /BLA/boletinlegal/images/menu_lft.gif HTTP/1.1" 200 1713
172.22.2.4 - - [10/Jan/2023:10:31:18 -0500] "GET /BLA/boletinlegal/images/menu_rght.gif HTTP/1.1" 200 1627
172.22.2.4 - - [10/Jan/2023:10:31:19 -0500] "GET /BLA/boletinlegal/images/bg_top.jpg HTTP/1.1" 200 522
172.22.2.4 - - [10/Jan/2023:10:31:19 -0500] "GET /BLA/boletinlegal/images/menu_bg.jpg HTTP/1.1" 200 620
172.22.2.4 - - [10/Jan/2023:10:31:19 -0500] "GET /BLA/boletinlegal/images/text.jpg HTTP/1.1" 200 568
172.22.2.4 - - [10/Jan/2023:10:31:19 -0500] "GET /BLA/boletinlegal/images/launch.jpg HTTP/1.1" 200 14577
172.22.2.4 - - [10/Jan/2023:10:31:19 -0500] "GET /BLA/boletinlegal/images/arr_l.jpg HTTP/1.1" 200 1979
172.22.2.4 - - [10/Jan/2023:10:31:19 -0500] "GET /BLA/boletinlegal/images/hover.jpg HTTP/1.1" 200 640
172.22.2.4 - - [10/Jan/2023:10:31:19 -0500] "GET /BLA/boletinlegal/images/screen_1.png HTTP/1.1" 200 202547
181.63.8.141 - - [10/Jan/2023:10:31:19 -0500] "POST /sipse/faces/presentacion/financiero/solicitudProceso/consultar.xhtml HTTP/1.1" 200 46599
201.245.192.253 - - [10/Jan/2023:10:31:32 -0500] "POST /sipse/faces/presentacion/financiero/solicitudProceso/listarSolicitudProceso.xhtml HTTP/1.1" 200 5872
201.245.192.253 - - [10/Jan/2023:10:31:40 -0500] "POST /sipse/faces/presentacion/financiero/solicitudProceso/listarSolicitudProceso.xhtml HTTP/1.1" 200 5835
172.22.2.4 - - [10/Jan/2023:10:31:16 -0500] "GET /BLA/boletinlegal/ HTTP/1.1" 200 24523
201.245.192.253 - - [10/Jan/2023:10:31:50 -0500] "POST /sipse/faces/presentacion/financiero/solicitudProceso/listarSolicitudProceso.xhtml HTTP/1.1" 200 5829
181.63.8.141 - - [10/Jan/2023:10:31:55 -0500] "POST /sipse/faces/presentacion/financiero/solicitudProceso/consultar.xhtml HTTP/1.1" 200 30271
181.63.8.141 - - [10/Jan/2023:10:31:58 -0500] "POST /sipse/faces/presentacion/financiero/solicitudProceso/consultar.xhtml HTTP/1.1" 200 31144
201.245.192.253 - - [10/Jan/2023:10:31:59 -0500] "POST /sipse/faces/presentacion/financiero/solicitudProceso/listarSolicitudProceso.xhtml HTTP/1.1" 200 5830
216.245.221.92 - - [10/Jan/2023:10:32:02 -0500] "HEAD / HTTP/1.1" 200 -
181.63.8.141 - - [10/Jan/2023:10:32:02 -0500] "POST /sipse/faces/presentacion/financiero/solicitudProceso/consultar.xhtml HTTP/1.1" 200 30981
181.63.8.141 - - [10/Jan/2023:10:32:07 -0500] "POST /sipse/faces/presentacion/financiero/solicitudProceso/consultar.xhtml HTTP/1.1" 200 30790
181.63.8.141 - - [10/Jan/2023:10:32:09 -0500] "POST /sipse/faces/presentacion/financiero/solicitudProceso/consultar.xhtml HTTP/1.1" 200 30704
181.63.8.141 - - [10/Jan/2023:10:32:12 -0500] "POST /sipse/faces/presentacion/financiero/solicitudProceso/consultar.xhtml HTTP/1.1" 200 31415
201.245.192.253 - - [10/Jan/2023:10:32:12 -0500] "POST /sipse/faces/presentacion/financiero/solicitudProceso/listarSolicitudProceso.xhtml HTTP/1.1" 200 5834
181.63.8.141 - - [10/Jan/2023:10:32:15 -0500] "POST /sipse/faces/presentacion/financiero/solicitudProceso/consultar.xhtml HTTP/1.1" 200 31055
181.63.8.141 - - [10/Jan/2023:10:32:19 -0500] "POST /sipse/faces/presentacion/financiero/solicitudProceso/consultar.xhtml HTTP/1.1" 200 30760
152.203.58.6 - - [10/Jan/2023:10:32:21 -0500] "POST /sipse/faces/presentacion/financiero/solicitudProceso/listarSolicitudProceso.xhtml HTTP/1.1" 200 43614
181.63.8.141 - - [10/Jan/2023:10:32:23 -0500] "POST /sipse/faces/presentacion/financiero/solicitudProceso/consultar.xhtml HTTP/1.1" 200 31212
201.245.192.253 - - [10/Jan/2023:10:32:25 -0500] "POST /sipse/faces/presentacion/financiero/solicitudProceso/listarSolicitudProceso.xhtml HTTP/1.1" 200 5830
181.63.8.141 - - [10/Jan/2023:10:32:26 -0500] "POST /sipse/faces/presentacion/financiero/solicitudProceso/consultar.xhtml HTTP/1.1" 200 31262
201.245.192.253 - - [10/Jan/2023:10:32:29 -0500] "POST /sipse/faces/presentacion/financiero/solicitudProceso/listarSolicitudProceso.xhtml HTTP/1.1" 200 31760
66.220.149.119 - - [10/Jan/2023:10:32:29 -0500] "GET /images/Aire%20Reyes%20(1)%20(1).jpeg HTTP/1.1" 200 59709
152.203.58.6 - - [10/Jan/2023:10:32:30 -0500] "POST /sipse/faces/presentacion/financiero/solicitudProceso/listarSolicitudProceso.xhtml HTTP/1.1" 200 124884
152.203.58.6 - - [10/Jan/2023:10:32:32 -0500] "GET /sipse/faces/javax.faces.resource/theme.css?ln=primefaces-sipse HTTP/1.1" 304 -
152.203.58.6 - - [10/Jan/2023:10:32:32 -0500] "GET /sipse/faces/javax.faces.resource/jquery/jquery.js?ln=primefaces&v=4.0 HTTP/1.1" 304 -
152.203.58.6 - - [10/Jan/2023:10:32:32 -0500] "GET /sipse/faces/javax.faces.resource/jquery/jquery-plugins.js?ln=primefaces&v=4.0 HTTP/1.1" 304 -
152.203.58.6 - - [10/Jan/2023:10:32:32 -0500] "GET /sipse/faces/javax.faces.resource/primefaces.js?ln=primefaces&v=4.0 HTTP/1.1" 304 -
152.203.58.6 - - [10/Jan/2023:10:32:32 -0500] "GET /sipse/faces/javax.faces.resource/layout/layout.js?ln=primefaces&v=4.0 HTTP/1.1" 304 -
152.203.58.6 - - [10/Jan/2023:10:32:32 -0500] "GET /sipse/faces/javax.faces.resource/primefaces.css?ln=primefaces&v=4.0 HTTP/1.1" 304 -
152.203.58.6 - - [10/Jan/2023:10:32:32 -0500] "GET /sipse/faces/javax.faces.resource/layout/layout.css?ln=primefaces&v=4.0 HTTP/1.1" 304 -
186.155.32.140 - - [10/Jan/2023:10:32:42 -0500] "GET /BLA/boletinlegal/admin/actos/ingresar.php HTTP/1.1" 200 7143
186.155.32.140 - - [10/Jan/2023:10:32:42 -0500] "GET /BLA/boletinlegal/admin/actos/ingresar.php HTTP/1.1" 200 7143
186.155.32.140 - - [10/Jan/2023:10:32:43 -0500] "GET /BLA/boletinlegal/admin/css/default.css HTTP/1.1" 200 4379
186.155.32.140 - - [10/Jan/2023:10:32:43 -0500] "GET /BLA/boletinlegal/admin/img/h1.png HTTP/1.1" 200 3227
186.155.32.140 - - [10/Jan/2023:10:32:43 -0500] "GET /BLA/boletinlegal/admin/img/overlay.png HTTP/1.1" 200 984
186.155.32.140 - - [10/Jan/2023:10:32:43 -0500] "GET /BLA/boletinlegal/images/favicon.ico HTTP/1.1" 404 1328
152.203.58.6 - - [10/Jan/2023:10:32:43 -0500] "POST /sipse/faces/presentacion/financiero/solicitudProceso/consultarSolicitudProceso.xhtml HTTP/1.1" 200 31369
152.203.58.6 - - [10/Jan/2023:10:32:44 -0500] "GET /sipse/faces/javax.faces.resource/theme.css?ln=primefaces-sipse HTTP/1.1" 304 -
152.203.58.6 - - [10/Jan/2023:10:32:44 -0500] "GET /sipse/faces/javax.faces.resource/primefaces.css?ln=primefaces&v=4.0 HTTP/1.1" 304 -
152.203.58.6 - - [10/Jan/2023:10:32:44 -0500] "GET /sipse/faces/javax.faces.resource/layout/layout.css?ln=primefaces&v=4.0 HTTP/1.1" 304 -
152.203.58.6 - - [10/Jan/2023:10:32:44 -0500] "GET /sipse/faces/javax.faces.resource/jquery/jquery.js?ln=primefaces&v=4.0 HTTP/1.1" 304 -
152.203.58.6 - - [10/Jan/2023:10:32:44 -0500] "GET /sipse/faces/javax.faces.resource/jquery/jquery-plugins.js?ln=primefaces&v=4.0 HTTP/1.1" 304 -
152.203.58.6 - - [10/Jan/2023:10:32:44 -0500] "GET /sipse/faces/javax.faces.resource/primefaces.js?ln=primefaces&v=4.0 HTTP/1.1" 304 -
152.203.58.6 - - [10/Jan/2023:10:32:44 -0500] "GET /sipse/faces/javax.faces.resource/layout/layout.js?ln=primefaces&v=4.0 HTTP/1.1" 304 -
152.203.58.6 - - [10/Jan/2023:10:32:44 -0500] "GET /sipse/css/imagen/contrasena.png HTTP/1.1" 404 383
152.203.58.6 - - [10/Jan/2023:10:32:44 -0500] "GET /sipse/faces/javax.faces.resource/images/ui-icons_898989_256x240.png?ln=primefaces-aristo HTTP/1.1" 304 -
181.63.8.141 - - [10/Jan/2023:10:32:45 -0500] "POST /sipse/faces/presentacion/financiero/solicitudProceso/consultar.xhtml HTTP/1.1" 200 31212
201.245.192.253 - - [10/Jan/2023:10:32:49 -0500] "POST /sipse/faces/presentacion/financiero/solicitudProceso/consultarSolicitudProceso.xhtml HTTP/1.1" 200 5511
152.203.58.6 - - [10/Jan/2023:10:32:49 -0500] "GET /sipse/faces/javax.faces.resource/jquery/jquery.js?ln=primefaces&v=4.0 HTTP/1.1" 304 -
152.203.58.6 - - [10/Jan/2023:10:32:49 -0500] "GET /sipse/faces/javax.faces.resource/jquery/jquery-plugins.js?ln=primefaces&v=4.0 HTTP/1.1" 304 -
152.203.58.6 - - [10/Jan/2023:10:32:49 -0500] "GET /sipse/faces/javax.faces.resource/layout/layout.css?ln=primefaces&v=4.0 HTTP/1.1" 304 -
152.203.58.6 - - [10/Jan/2023:10:32:49 -0500] "GET /sipse/faces/javax.faces.resource/primefaces.css?ln=primefaces&v=4.0 HTTP/1.1" 304 -
152.203.58.6 - - [10/Jan/2023:10:32:49 -0500] "GET /sipse/faces/javax.faces.resource/theme.css?ln=primefaces-sipse HTTP/1.1" 304 -
152.203.58.6 - - [10/Jan/2023:10:32:50 -0500] "GET /sipse/faces/javax.faces.resource/primefaces.js?ln=primefaces&v=4.0 HTTP/1.1" 304 -
152.203.58.6 - - [10/Jan/2023:10:32:50 -0500] "GET /sipse/faces/javax.faces.resource/layout/layout.js?ln=primefaces&v=4.0 HTTP/1.1" 304 -
152.203.58.6 - - [10/Jan/2023:10:32:49 -0500] "POST /sipse/faces/presentacion/financiero/solicitudProceso/consultarHistorialSolProceso.xhtml HTTP/1.1" 200 170678
152.203.58.6 - - [10/Jan/2023:10:32:50 -0500] "GET /sipse/faces/javax.faces.resource/images/ui-icons_898989_256x240.png?ln=primefaces-aristo HTTP/1.1" 304 -
181.63.8.141 - - [10/Jan/2023:10:32:51 -0500] "POST /sipse/faces/presentacion/financiero/solicitudProceso/consultar.xhtml HTTP/1.1" 200 30852
181.63.8.141 - - [10/Jan/2023:10:32:54 -0500] "POST /sipse/faces/presentacion/financiero/solicitudProceso/consultar.xhtml HTTP/1.1" 200 31227
201.245.192.253 - - [10/Jan/2023:10:32:58 -0500] "POST /sipse/faces/presentacion/financiero/solicitudProceso/listarSolicitudProceso.xhtml HTTP/1.1" 200 15367
201.245.192.253 - - [10/Jan/2023:10:32:58 -0500] "POST /sipse/faces/presentacion/financiero/solicitudProceso/listarSolicitudProceso.xhtml HTTP/1.1" 200 15367
181.63.8.141 - - [10/Jan/2023:10:32:59 -0500] "POST /sipse/faces/presentacion/financiero/solicitudProceso/consultar.xhtml HTTP/1.1" 200 31687
201.245.192.253 - - [10/Jan/2023:10:33:00 -0500] "POST /sipse/faces/presentacion/financiero/solicitudProceso/listarSolicitudProceso.xhtml HTTP/1.1" 200 2849
201.245.192.253 - - [10/Jan/2023:10:33:01 -0500] "POST /sipse/faces/presentacion/financiero/solicitudProceso/listarSolicitudProceso.xhtml HTTP/1.1" 200 15873
201.245.192.253 - - [10/Jan/2023:10:33:02 -0500] "POST /sipse/faces/presentacion/financiero/solicitudProceso/listarSolicitudProceso.xhtml HTTP/1.1" 200 5867
172.22.2.4 - - [10/Jan/2023:10:33:03 -0500] "GET /BLA/boletinlegal/consulta_actos.php?tipo=resoluciones&no=3111&usuario=&sector=&fecha=2021&resuelve= HTTP/1.1" 200 1176
201.245.192.253 - - [10/Jan/2023:10:33:10 -0500] "POST /sipse/faces/presentacion/financiero/solicitudProceso/listarSolicitudProceso.xhtml HTTP/1.1" 200 6004
181.63.8.141 - - [10/Jan/2023:10:33:12 -0500] "POST /sipse/faces/presentacion/financiero/solicitudProceso/consultar.xhtml HTTP/1.1" 200 31072
201.245.192.253 - - [10/Jan/2023:10:33:18 -0500] "POST /sipse/faces/presentacion/financiero/solicitudProceso/listarSolicitudProceso.xhtml HTTP/1.1" 200 5886
181.63.8.141 - - [10/Jan/2023:10:33:18 -0500] "POST /sipse/faces/presentacion/financiero/solicitudProceso/consultar.xhtml HTTP/1.1" 200 31258
181.63.8.141 - - [10/Jan/2023:10:33:19 -0500] "POST /sipse/faces/presentacion/financiero/solicitudProceso/consultar.xhtml HTTP/1.1" 200 31565
172.22.2.4 - - [10/Jan/2023:10:33:21 -0500] "GET /BLA/boletinlegal/consulta_actos.php?tipo=resoluciones&no=2230&usuario=&sector=&fecha=2021&resuelve= HTTP/1.1" 200 1268
172.22.2.4 - - [10/Jan/2023:10:33:23 -0500] "GET /BLA/boletinlegal/consulta_actos.php?tipo=resoluciones&no=2230&usuario=&sector=&fecha=2021&resuelve= HTTP/1.1" 200 1268
181.63.8.141 - - [10/Jan/2023:10:33:24 -0500] "POST /sipse/faces/presentacion/financiero/solicitudProceso/consultar.xhtml HTTP/1.1" 200 31832
201.245.192.253 - - [10/Jan/2023:10:33:26 -0500] "POST /sipse/faces/presentacion/financiero/solicitudProceso/listarSolicitudProceso.xhtml HTTP/1.1" 200 6330
181.63.8.141 - - [10/Jan/2023:10:33:27 -0500] "POST /sipse/faces/presentacion/financiero/solicitudProceso/consultar.xhtml HTTP/1.1" 200 31079
69.171.251.22 - - [10/Jan/2023:10:33:29 -0500] "GET /images/Aire%20Reyes%20(1)%20(1).jpeg HTTP/1.1" 200 59709
201.245.192.253 - - [10/Jan/2023:10:33:36 -0500] "POST /sipse/faces/presentacion/financiero/solicitudProceso/listarSolicitudProceso.xhtml HTTP/1.1" 200 5901
181.63.8.141 - - [10/Jan/2023:10:33:37 -0500] "POST /sipse/faces/presentacion/financiero/solicitudProceso/consultar.xhtml HTTP/1.1" 200 34419
181.63.8.141 - - [10/Jan/2023:10:33:37 -0500] "GET /sipse/faces/javax.faces.resource/theme.css?ln=primefaces-sipse HTTP/1.1" 304 -
181.63.8.141 - - [10/Jan/2023:10:33:37 -0500] "GET /sipse/faces/javax.faces.resource/primefaces.css?ln=primefaces&v=4.0 HTTP/1.1" 304 -
181.63.8.141 - - [10/Jan/2023:10:33:37 -0500] "GET /sipse/css/imagen/contrasena.png HTTP/1.1" 404 383
181.63.8.141 - - [10/Jan/2023:10:33:37 -0500] "GET /sipse/faces/javax.faces.resource/layout/layout.css?ln=primefaces&v=4.0 HTTP/1.1" 304 -
181.63.8.141 - - [10/Jan/2023:10:33:37 -0500] "GET /sipse/faces/javax.faces.resource/jquery/jquery.js?ln=primefaces&v=4.0 HTTP/1.1" 304 -
181.63.8.141 - - [10/Jan/2023:10:33:37 -0500] "GET /sipse/faces/javax.faces.resource/jquery/jquery-plugins.js?ln=primefaces&v=4.0 HTTP/1.1" 304 -
181.63.8.141 - - [10/Jan/2023:10:33:37 -0500] "GET /sipse/faces/javax.faces.resource/primefaces.js?ln=primefaces&v=4.0 HTTP/1.1" 304 -
181.63.8.141 - - [10/Jan/2023:10:33:37 -0500] "GET /sipse/faces/javax.faces.resource/layout/layout.js?ln=primefaces&v=4.0 HTTP/1.1" 304 -
181.63.8.141 - - [10/Jan/2023:10:33:37 -0500] "GET /sipse/faces/javax.faces.resource/images/ui-icons_898989_256x240.png?ln=primefaces-aristo HTTP/1.1" 304 -
181.63.8.141 - - [10/Jan/2023:10:33:37 -0500] "POST /sipse/faces/presentacion/sistema/reporte/listarReportes.xhtml HTTP/1.1" 200 27802
181.63.8.141 - - [10/Jan/2023:10:33:37 -0500] "POST /sipse/faces/presentacion/sistema/reporte/listarReportes.xhtml HTTP/1.1" 200 27802
152.203.58.6 - - [10/Jan/2023:10:33:39 -0500] "POST /sipse/faces/presentacion/financiero/solicitudProceso/consultarSolicitudProceso.xhtml HTTP/1.1" 200 21158
152.203.58.6 - - [10/Jan/2023:10:33:39 -0500] "GET /sipse/faces/javax.faces.resource/theme.css?ln=primefaces-sipse HTTP/1.1" 304 -
152.203.58.6 - - [10/Jan/2023:10:33:39 -0500] "GET /sipse/faces/javax.faces.resource/primefaces.css?ln=primefaces&v=4.0 HTTP/1.1" 304 -
152.203.58.6 - - [10/Jan/2023:10:33:39 -0500] "GET /sipse/faces/javax.faces.resource/layout/layout.js?ln=primefaces&v=4.0 HTTP/1.1" 304 -
152.203.58.6 - - [10/Jan/2023:10:33:39 -0500] "GET /sipse/faces/javax.faces.resource/jquery/jquery-plugins.js?ln=primefaces&v=4.0 HTTP/1.1" 304 -
152.203.58.6 - - [10/Jan/2023:10:33:39 -0500] "GET /sipse/faces/javax.faces.resource/layout/layout.css?ln=primefaces&v=4.0 HTTP/1.1" 304 -
152.203.58.6 - - [10/Jan/2023:10:33:39 -0500] "GET /sipse/faces/javax.faces.resource/fileupload/fileupload.css?ln=primefaces&v=4.0 HTTP/1.1" 304 -
152.203.58.6 - - [10/Jan/2023:10:33:39 -0500] "GET /sipse/faces/javax.faces.resource/jquery/jquery.js?ln=primefaces&v=4.0 HTTP/1.1" 304 -
152.203.58.6 - - [10/Jan/2023:10:33:39 -0500] "GET /sipse/faces/javax.faces.resource/primefaces.js?ln=primefaces&v=4.0 HTTP/1.1" 304 -
152.203.58.6 - - [10/Jan/2023:10:33:39 -0500] "GET /sipse/faces/javax.faces.resource/fileupload/fileupload.js?ln=primefaces&v=4.0 HTTP/1.1" 304 -
181.63.8.141 - - [10/Jan/2023:10:33:42 -0500] "POST /sipse/faces/presentacion/sistema/reporte/listarReportes.xhtml HTTP/1.1" 200 24677
181.63.8.141 - - [10/Jan/2023:10:33:42 -0500] "GET /sipse/faces/javax.faces.resource/theme.css?ln=primefaces-sipse HTTP/1.1" 304 -
181.63.8.141 - - [10/Jan/2023:10:33:42 -0500] "GET /sipse/faces/javax.faces.resource/primefaces.css?ln=primefaces&v=4.0 HTTP/1.1" 304 -
181.63.8.141 - - [10/Jan/2023:10:33:42 -0500] "GET /sipse/faces/javax.faces.resource/layout/layout.css?ln=primefaces&v=4.0 HTTP/1.1" 304 -
181.63.8.141 - - [10/Jan/2023:10:33:42 -0500] "GET /sipse/faces/javax.faces.resource/jquery/jquery.js?ln=primefaces&v=4.0 HTTP/1.1" 304 -
181.63.8.141 - - [10/Jan/2023:10:33:42 -0500] "GET /sipse/faces/javax.faces.resource/jquery/jquery-plugins.js?ln=primefaces&v=4.0 HTTP/1.1" 304 -
181.63.8.141 - - [10/Jan/2023:10:33:42 -0500] "GET /sipse/faces/javax.faces.resource/primefaces.js?ln=primefaces&v=4.0 HTTP/1.1" 304 -
181.63.8.141 - - [10/Jan/2023:10:33:42 -0500] "GET /sipse/faces/javax.faces.resource/layout/layout.js?ln=primefaces&v=4.0 HTTP/1.1" 304 -
181.63.8.141 - - [10/Jan/2023:10:33:45 -0500] "GET /sipse/css/imagen/contrasena.png HTTP/1.1" 404 383
181.63.8.141 - - [10/Jan/2023:10:33:45 -0500] "GET /sipse/faces/javax.faces.resource/images/ui-icons_898989_256x240.png?ln=primefaces-aristo HTTP/1.1" 304 -
152.203.58.6 - - [10/Jan/2023:10:33:52 -0500] "GET /sipse/faces/javax.faces.resource/primefaces.css?ln=primefaces&v=4.0 HTTP/1.1" 304 -
152.203.58.6 - - [10/Jan/2023:10:33:52 -0500] "GET /sipse/faces/javax.faces.resource/theme.css?ln=primefaces-sipse HTTP/1.1" 304 -
152.203.58.6 - - [10/Jan/2023:10:33:52 -0500] "GET /sipse/faces/javax.faces.resource/layout/layout.css?ln=primefaces&v=4.0 HTTP/1.1" 304 -
152.203.58.6 - - [10/Jan/2023:10:33:52 -0500] "GET /sipse/faces/javax.faces.resource/jquery/jquery-plugins.js?ln=primefaces&v=4.0 HTTP/1.1" 304 -
152.203.58.6 - - [10/Jan/2023:10:33:52 -0500] "GET /sipse/faces/javax.faces.resource/jquery/jquery.js?ln=primefaces&v=4.0 HTTP/1.1" 304 -
152.203.58.6 - - [10/Jan/2023:10:33:52 -0500] "GET /sipse/faces/javax.faces.resource/primefaces.js?ln=primefaces&v=4.0 HTTP/1.1" 304 -
152.203.58.6 - - [10/Jan/2023:10:33:52 -0500] "GET /sipse/faces/javax.faces.resource/layout/layout.js?ln=primefaces&v=4.0 HTTP/1.1" 304 -
152.203.58.6 - - [10/Jan/2023:10:33:52 -0500] "POST /sipse/faces/presentacion/sistema/anexos/cargarAnexoSolicitudProceso.xhtml HTTP/1.1" 200 172452
