186.80.52.223 - - [11/Jan/2023:06:35:34 -0500] "GET /sipse/faces/javax.faces.resource/jquery/jquery.js?ln=primefaces&v=4.0 HTTP/1.1" 304 -
186.80.52.223 - - [11/Jan/2023:06:35:34 -0500] "GET /sipse/faces/javax.faces.resource/jquery/jquery-plugins.js?ln=primefaces&v=4.0 HTTP/1.1" 304 -
186.80.52.223 - - [11/Jan/2023:06:35:34 -0500] "GET /sipse/faces/javax.faces.resource/primefaces.js?ln=primefaces&v=4.0 HTTP/1.1" 304 -
186.80.52.223 - - [11/Jan/2023:06:35:34 -0500] "GET /sipse/faces/javax.faces.resource/layout/layout.js?ln=primefaces&v=4.0 HTTP/1.1" 304 -
186.80.52.223 - - [11/Jan/2023:06:35:34 -0500] "POST /sipse/faces/presentacion/financiero/solicitudProceso/listarSolicitudProceso.xhtml HTTP/1.1" 200 59670
186.80.52.223 - - [11/Jan/2023:06:35:35 -0500] "POST /sipse/faces/presentacion/financiero/solicitudProceso/listarSolicitudProceso.xhtml HTTP/1.1" 200 59670
186.80.52.223 - - [11/Jan/2023:06:35:35 -0500] "POST /sipse/faces/presentacion/financiero/solicitudProceso/listarSolicitudProceso.xhtml HTTP/1.1" 200 59670
186.80.52.223 - - [11/Jan/2023:06:35:35 -0500] "POST /sipse/faces/presentacion/financiero/solicitudProceso/listarSolicitudProceso.xhtml HTTP/1.1" 200 1560
186.80.52.223 - - [11/Jan/2023:06:35:36 -0500] "POST /sipse/faces/presentacion/financiero/solicitudProceso/listarSolicitudProceso.xhtml HTTP/1.1" 200 1552
186.80.52.223 - - [11/Jan/2023:06:35:36 -0500] "POST /sipse/faces/presentacion/financiero/solicitudProceso/listarSolicitudProceso.xhtml HTTP/1.1" 200 1568
186.80.52.223 - - [11/Jan/2023:06:35:36 -0500] "POST /sipse/faces/presentacion/financiero/solicitudProceso/listarSolicitudProceso.xhtml HTTP/1.1" 200 1556
181.50.142.205 - - [11/Jan/2023:06:35:42 -0500] "GET /sipse/faces/javax.faces.resource/images/ui-bg_flat_0_2d5972_40x100.png?ln=primefaces-aristo HTTP/1.1" 304 -
181.50.142.205 - - [11/Jan/2023:06:35:42 -0500] "POST /sipse/faces/presentacion/financiero/solicitudProceso/consultarSolicitudProceso.xhtml HTTP/1.1" 200 63766
181.50.142.205 - - [11/Jan/2023:06:35:42 -0500] "GET /sipse/faces/javax.faces.resource/primefaces.css?ln=primefaces&v=4.0 HTTP/1.1" 304 -
181.50.142.205 - - [11/Jan/2023:06:35:42 -0500] "GET /sipse/faces/javax.faces.resource/theme.css?ln=primefaces-sipse HTTP/1.1" 304 -
181.50.142.205 - - [11/Jan/2023:06:35:42 -0500] "GET /sipse/faces/javax.faces.resource/layout/layout.css?ln=primefaces&v=4.0 HTTP/1.1" 304 -
181.50.142.205 - - [11/Jan/2023:06:35:42 -0500] "GET /sipse/faces/javax.faces.resource/jquery/jquery.js?ln=primefaces&v=4.0 HTTP/1.1" 304 -
181.50.142.205 - - [11/Jan/2023:06:35:42 -0500] "GET /sipse/faces/javax.faces.resource/jquery/jquery-plugins.js?ln=primefaces&v=4.0 HTTP/1.1" 304 -
181.50.142.205 - - [11/Jan/2023:06:35:42 -0500] "GET /sipse/faces/javax.faces.resource/primefaces.js?ln=primefaces&v=4.0 HTTP/1.1" 304 -
181.50.142.205 - - [11/Jan/2023:06:35:43 -0500] "GET /sipse/faces/javax.faces.resource/layout/layout.js?ln=primefaces&v=4.0 HTTP/1.1" 304 -
181.50.142.205 - - [11/Jan/2023:06:35:43 -0500] "GET /sipse/faces/javax.faces.resource/images/ui-icons_898989_256x240.png?ln=primefaces-aristo HTTP/1.1" 304 -
181.50.142.205 - - [11/Jan/2023:06:35:43 -0500] "POST /sipse/faces/presentacion/financiero/solicitudProceso/listarSolicitudProceso.xhtml HTTP/1.1" 200 57089
181.50.142.205 - - [11/Jan/2023:06:35:43 -0500] "GET /sipse/faces/javax.faces.resource/images/ui-bg_flat_0_2d5972_40x100.png?ln=primefaces-aristo HTTP/1.1" 304 -
181.50.142.205 - - [11/Jan/2023:06:35:43 -0500] "POST /sipse/faces/presentacion/financiero/solicitudProceso/listarSolicitudProceso.xhtml HTTP/1.1" 200 57089
181.50.142.205 - - [11/Jan/2023:06:35:43 -0500] "POST /sipse/faces/presentacion/financiero/solicitudProceso/listarSolicitudProceso.xhtml HTTP/1.1" 200 1560
181.50.142.205 - - [11/Jan/2023:06:35:43 -0500] "POST /sipse/faces/presentacion/financiero/solicitudProceso/listarSolicitudProceso.xhtml HTTP/1.1" 200 1552
181.50.142.205 - - [11/Jan/2023:06:35:43 -0500] "POST /sipse/faces/presentacion/financiero/solicitudProceso/listarSolicitudProceso.xhtml HTTP/1.1" 200 1568
181.50.142.205 - - [11/Jan/2023:06:35:45 -0500] "POST /sipse/faces/presentacion/financiero/solicitudProceso/listarSolicitudProceso.xhtml HTTP/1.1" 200 31860
181.50.142.205 - - [11/Jan/2023:06:35:47 -0500] "GET /sipse/faces/javax.faces.resource/images/ui-icons_898989_256x240.png?ln=primefaces-aristo HTTP/1.1" 304 -
186.80.52.223 - - [11/Jan/2023:06:36:13 -0500] "POST /sipse/faces/presentacion/financiero/solicitudProceso/listarSolicitudProceso.xhtml HTTP/1.1" 200 32714
181.50.142.205 - - [11/Jan/2023:06:36:14 -0500] "GET /sipse/faces/javax.faces.resource/images/ui-icons_898989_256x240.png?ln=primefaces-aristo HTTP/1.1" 304 -
181.50.142.205 - - [11/Jan/2023:06:36:14 -0500] "POST /sipse/faces/presentacion/financiero/solicitudProceso/listarSolicitudProceso.xhtml HTTP/1.1" 200 127647
181.50.142.205 - - [11/Jan/2023:06:36:15 -0500] "GET /sipse/faces/javax.faces.resource/primefaces.css?ln=primefaces&v=4.0 HTTP/1.1" 304 -
181.50.142.205 - - [11/Jan/2023:06:36:15 -0500] "GET /sipse/faces/javax.faces.resource/layout/layout.css?ln=primefaces&v=4.0 HTTP/1.1" 304 -
181.50.142.205 - - [11/Jan/2023:06:36:15 -0500] "GET /sipse/faces/javax.faces.resource/theme.css?ln=primefaces-sipse HTTP/1.1" 304 -
181.50.142.205 - - [11/Jan/2023:06:36:15 -0500] "GET /sipse/faces/javax.faces.resource/jquery/jquery.js?ln=primefaces&v=4.0 HTTP/1.1" 304 -
181.50.142.205 - - [11/Jan/2023:06:36:15 -0500] "GET /sipse/faces/javax.faces.resource/jquery/jquery-plugins.js?ln=primefaces&v=4.0 HTTP/1.1" 304 -
181.50.142.205 - - [11/Jan/2023:06:36:15 -0500] "GET /sipse/faces/javax.faces.resource/primefaces.js?ln=primefaces&v=4.0 HTTP/1.1" 304 -
181.50.142.205 - - [11/Jan/2023:06:36:15 -0500] "GET /sipse/faces/javax.faces.resource/layout/layout.js?ln=primefaces&v=4.0 HTTP/1.1" 304 -
181.50.142.205 - - [11/Jan/2023:06:36:15 -0500] "GET /sipse/faces/javax.faces.resource/images/ui-icons_898989_256x240.png?ln=primefaces-aristo HTTP/1.1" 304 -
186.80.52.223 - - [11/Jan/2023:06:36:19 -0500] "POST /sipse/faces/presentacion/financiero/solicitudProceso/listarSolicitudProceso.xhtml HTTP/1.1" 200 32565
181.50.142.205 - - [11/Jan/2023:06:36:36 -0500] "GET /sipse/faces/javax.faces.resource/images/ui-icons_898989_256x240.png?ln=primefaces-aristo HTTP/1.1" 304 -
201.245.192.253 - - [11/Jan/2023:06:36:45 -0500] "POST /kwsrmcab/Wsrmcab  HTTP/1.1" 200 43761
181.50.142.205 - - [11/Jan/2023:06:36:52 -0500] "GET /sipse/faces/javax.faces.resource/images/ui-bg_flat_0_2d5972_40x100.png?ln=primefaces-aristo HTTP/1.1" 304 -
181.50.142.205 - - [11/Jan/2023:06:36:52 -0500] "POST /sipse/faces/presentacion/financiero/solicitudProceso/consultarSolicitudProceso.xhtml HTTP/1.1" 200 63766
181.50.142.205 - - [11/Jan/2023:06:36:52 -0500] "GET /sipse/faces/javax.faces.resource/layout/layout.css?ln=primefaces&v=4.0 HTTP/1.1" 304 -
181.50.142.205 - - [11/Jan/2023:06:36:52 -0500] "GET /sipse/faces/javax.faces.resource/primefaces.css?ln=primefaces&v=4.0 HTTP/1.1" 304 -
181.50.142.205 - - [11/Jan/2023:06:36:52 -0500] "GET /sipse/faces/javax.faces.resource/theme.css?ln=primefaces-sipse HTTP/1.1" 304 -
181.50.142.205 - - [11/Jan/2023:06:36:52 -0500] "GET /sipse/faces/javax.faces.resource/jquery/jquery.js?ln=primefaces&v=4.0 HTTP/1.1" 304 -
181.50.142.205 - - [11/Jan/2023:06:36:52 -0500] "GET /sipse/faces/javax.faces.resource/jquery/jquery-plugins.js?ln=primefaces&v=4.0 HTTP/1.1" 304 -
181.50.142.205 - - [11/Jan/2023:06:36:52 -0500] "GET /sipse/faces/javax.faces.resource/primefaces.js?ln=primefaces&v=4.0 HTTP/1.1" 304 -
181.50.142.205 - - [11/Jan/2023:06:36:52 -0500] "GET /sipse/faces/javax.faces.resource/layout/layout.js?ln=primefaces&v=4.0 HTTP/1.1" 304 -
181.50.142.205 - - [11/Jan/2023:06:36:52 -0500] "GET /sipse/faces/javax.faces.resource/images/ui-icons_898989_256x240.png?ln=primefaces-aristo HTTP/1.1" 304 -
181.50.142.205 - - [11/Jan/2023:06:36:52 -0500] "POST /sipse/faces/presentacion/financiero/solicitudProceso/listarSolicitudProceso.xhtml HTTP/1.1" 200 57089
181.50.142.205 - - [11/Jan/2023:06:36:52 -0500] "GET /sipse/faces/javax.faces.resource/images/ui-bg_flat_0_2d5972_40x100.png?ln=primefaces-aristo HTTP/1.1" 304 -
181.50.142.205 - - [11/Jan/2023:06:36:52 -0500] "POST /sipse/faces/presentacion/financiero/solicitudProceso/listarSolicitudProceso.xhtml HTTP/1.1" 200 57089
181.50.142.205 - - [11/Jan/2023:06:36:53 -0500] "POST /sipse/faces/presentacion/financiero/solicitudProceso/listarSolicitudProceso.xhtml HTTP/1.1" 200 57089
181.50.142.205 - - [11/Jan/2023:06:36:53 -0500] "POST /sipse/faces/presentacion/financiero/solicitudProceso/listarSolicitudProceso.xhtml HTTP/1.1" 200 57089
181.50.142.205 - - [11/Jan/2023:06:36:53 -0500] "POST /sipse/faces/presentacion/financiero/solicitudProceso/listarSolicitudProceso.xhtml HTTP/1.1" 200 1560
181.50.142.205 - - [11/Jan/2023:06:36:53 -0500] "POST /sipse/faces/presentacion/financiero/solicitudProceso/listarSolicitudProceso.xhtml HTTP/1.1" 200 1552
181.50.142.205 - - [11/Jan/2023:06:36:53 -0500] "POST /sipse/faces/presentacion/financiero/solicitudProceso/listarSolicitudProceso.xhtml HTTP/1.1" 200 1568
181.50.142.205 - - [11/Jan/2023:06:36:54 -0500] "POST /sipse/faces/presentacion/financiero/solicitudProceso/listarSolicitudProceso.xhtml HTTP/1.1" 200 1556
181.50.142.205 - - [11/Jan/2023:06:36:54 -0500] "POST /sipse/faces/presentacion/financiero/solicitudProceso/listarSolicitudProceso.xhtml HTTP/1.1" 200 1564
181.50.142.205 - - [11/Jan/2023:06:36:56 -0500] "POST /sipse/faces/presentacion/financiero/solicitudProceso/listarSolicitudProceso.xhtml HTTP/1.1" 200 31860
181.50.142.205 - - [11/Jan/2023:06:37:04 -0500] "GET /sipse/faces/javax.faces.resource/images/ui-icons_898989_256x240.png?ln=primefaces-aristo HTTP/1.1" 304 -
181.50.142.205 - - [11/Jan/2023:06:37:04 -0500] "GET /sipse/faces/javax.faces.resource/images/ui-icons_898989_256x240.png?ln=primefaces-aristo HTTP/1.1" 304 -
181.50.142.205 - - [11/Jan/2023:06:37:04 -0500] "POST /sipse/faces/presentacion/financiero/solicitudProceso/listarSolicitudProceso.xhtml HTTP/1.1" 200 127643
181.50.142.205 - - [11/Jan/2023:06:37:05 -0500] "GET /sipse/faces/javax.faces.resource/primefaces.css?ln=primefaces&v=4.0 HTTP/1.1" 304 -
181.50.142.205 - - [11/Jan/2023:06:37:05 -0500] "GET /sipse/faces/javax.faces.resource/layout/layout.css?ln=primefaces&v=4.0 HTTP/1.1" 304 -
181.50.142.205 - - [11/Jan/2023:06:37:05 -0500] "GET /sipse/faces/javax.faces.resource/theme.css?ln=primefaces-sipse HTTP/1.1" 304 -
181.50.142.205 - - [11/Jan/2023:06:37:05 -0500] "GET /sipse/faces/javax.faces.resource/jquery/jquery.js?ln=primefaces&v=4.0 HTTP/1.1" 304 -
181.50.142.205 - - [11/Jan/2023:06:37:05 -0500] "GET /sipse/faces/javax.faces.resource/jquery/jquery-plugins.js?ln=primefaces&v=4.0 HTTP/1.1" 304 -
181.50.142.205 - - [11/Jan/2023:06:37:05 -0500] "GET /sipse/faces/javax.faces.resource/primefaces.js?ln=primefaces&v=4.0 HTTP/1.1" 304 -
181.50.142.205 - - [11/Jan/2023:06:37:05 -0500] "GET /sipse/faces/javax.faces.resource/layout/layout.js?ln=primefaces&v=4.0 HTTP/1.1" 304 -
181.50.142.205 - - [11/Jan/2023:06:37:05 -0500] "GET /sipse/faces/javax.faces.resource/images/ui-icons_898989_256x240.png?ln=primefaces-aristo HTTP/1.1" 304 -
64.62.243.165 - - [11/Jan/2023:06:37:23 -0500] "GET / HTTP/1.1" 200 319
40.77.167.60 - - [11/Jan/2023:06:38:20 -0500] "GET /sipse/faces/autenticacion.xhtml HTTP/1.1" 200 12504
186.81.99.245 - - [11/Jan/2023:06:38:22 -0500] "GET /appsia/controlador HTTP/1.1" 200 4799
186.81.99.245 - - [11/Jan/2023:06:38:23 -0500] "GET /appsia/css/estilos.css HTTP/1.1" 200 4804
186.81.99.245 - - [11/Jan/2023:06:38:23 -0500] "GET /appsia/scripts/validarIngreso.js HTTP/1.1" 200 851
186.81.99.245 - - [11/Jan/2023:06:38:23 -0500] "GET /appsia/images/cabezoteHojaVida.png HTTP/1.1" 200 32493
186.81.99.245 - - [11/Jan/2023:06:38:23 -0500] "GET /appsia/images/logo_bogota_p.png HTTP/1.1" 200 14951
186.81.99.245 - - [11/Jan/2023:06:38:23 -0500] "GET /favicon.ico HTTP/1.1" 200 7782
186.81.99.245 - - [11/Jan/2023:06:38:42 -0500] "POST /appsia/controlador HTTP/1.1" 200 4621
186.81.99.245 - - [11/Jan/2023:06:38:47 -0500] "POST /appsia/controlador HTTP/1.1" 200 7730
186.81.99.245 - - [11/Jan/2023:06:38:48 -0500] "GET /appsia/images/logo_escudo.png HTTP/1.1" 200 36965
201.245.192.253 - - [11/Jan/2023:06:38:50 -0500] "POST /kwsrmcab/Wsrmcab HTTP/1.1" 200 43433
201.245.192.253 - - [11/Jan/2023:06:38:52 -0500] "POST /kwsrmcab/Wsrmcab HTTP/1.1" 200 44270
186.81.99.245 - - [11/Jan/2023:06:38:58 -0500] "POST /appsia/controlador HTTP/1.1" 200 4621
201.245.192.253 - - [11/Jan/2023:06:41:44 -0500] "POST /kwsrmcab/Wsrmcab  HTTP/1.1" 200 43761
172.22.2.4 - - [11/Jan/2023:06:41:54 -0500] "POST /BLA/boletinlegal/sdk HTTP/1.1" 404 1043
172.22.2.4 - - [11/Jan/2023:06:41:54 -0500] "GET /BLA/boletinlegal/Portal/Portal.mwsl HTTP/1.1" 404 1043
172.22.2.4 - - [11/Jan/2023:06:41:54 -0500] "GET /BLA/boletinlegal/.git/HEAD HTTP/1.1" 404 1043
172.22.2.4 - - [11/Jan/2023:06:41:54 -0500] "GET /BLA/boletinlegal/CSS/Miniweb.css HTTP/1.1" 404 1043
172.22.2.4 - - [11/Jan/2023:06:41:54 -0500] "GET /BLA/boletinlegal/Portal0000.htm HTTP/1.1" 404 1043
172.22.2.4 - - [11/Jan/2023:06:41:54 -0500] "GET /BLA/boletinlegal/wn2E HTTP/1.1" 404 1043
172.22.2.4 - - [11/Jan/2023:06:41:54 -0500] "GET /BLA/boletinlegal/menu.php HTTP/1.1" 404 1043
172.22.2.4 - - [11/Jan/2023:06:41:54 -0500] "GET /BLA/boletinlegal/nmaplowercheck1673437264 HTTP/1.1" 404 1043
172.22.2.4 - - [11/Jan/2023:06:41:55 -0500] "GET /BLA/boletinlegal/docs/cplugError.html/ HTTP/1.1" 404 1043
172.22.2.4 - - [11/Jan/2023:06:41:55 -0500] "GET /BLA/boletinlegal/admin.pl HTTP/1.1" 404 1043
172.22.2.4 - - [11/Jan/2023:06:41:55 -0500] "GET /BLA/boletinlegal/__Additional HTTP/1.1" 404 1043
172.22.2.4 - - [11/Jan/2023:06:41:55 -0500] "GET /BLA/boletinlegal/pools/default/buckets HTTP/1.1" 404 1043
172.22.2.4 - - [11/Jan/2023:06:41:55 -0500] "GET /BLA/boletinlegal/HNAP1 HTTP/1.1" 404 1043
172.22.2.4 - - [11/Jan/2023:06:41:56 -0500] "POST /BLA/boletinlegal/scripts/WPnBr.dll HTTP/1.1" 404 1043
172.22.2.4 - - [11/Jan/2023:06:41:56 -0500] "GET /BLA/boletinlegal/default.aspx HTTP/1.1" 404 1043
172.22.2.4 - - [11/Jan/2023:06:41:56 -0500] "GET /BLA/boletinlegal/pools HTTP/1.1" 404 1043
172.22.2.4 - - [11/Jan/2023:06:41:57 -0500] "GET /BLA/boletinlegal/main.shtml HTTP/1.1" 404 1043
172.22.2.4 - - [11/Jan/2023:06:41:58 -0500] "GET /BLA/boletinlegal/indice.asp HTTP/1.1" 404 1043
172.22.2.4 - - [11/Jan/2023:06:41:59 -0500] "GET /BLA/boletinlegal/base.jsp HTTP/1.1" 404 1043
172.22.2.4 - - [11/Jan/2023:06:42:01 -0500] "GET /BLA/boletinlegal/inicio.jsp HTTP/1.1" 404 1043
172.22.2.4 - - [11/Jan/2023:06:42:02 -0500] "GET /BLA/boletinlegal/admin.shtml HTTP/1.1" 404 1043
172.22.2.4 - - [11/Jan/2023:06:42:03 -0500] "GET /BLA/boletinlegal/index.shtml HTTP/1.1" 404 1043
172.22.2.4 - - [11/Jan/2023:06:42:04 -0500] "GET /BLA/boletinlegal/main.jsa HTTP/1.1" 404 1043
216.245.221.92 - - [11/Jan/2023:06:43:00 -0500] "HEAD / HTTP/1.1" 200 -
172.22.2.4 - - [11/Jan/2023:06:41:53 -0500] "GET /BLA/boletinlegal/ HTTP/1.1" 200 20427
172.22.2.4 - - [11/Jan/2023:06:42:03 -0500] "GET /BLA/boletinlegal/ HTTP/1.1" 200 20427
172.22.2.4 - - [11/Jan/2023:06:42:06 -0500] "GET /BLA/boletinlegal/ HTTP/1.1" 200 20427
172.22.2.4 - - [11/Jan/2023:06:42:05 -0500] "GET /BLA/boletinlegal/ HTTP/1.1" 200 20427
172.22.2.4 - - [11/Jan/2023:06:41:55 -0500] "GET /BLA/boletinlegal/?=PHPE9568F36-D428-11d2-A769-00AA001ACF42 HTTP/1.1" 200 24523
172.22.2.4 - - [11/Jan/2023:06:41:55 -0500] "GET /BLA/boletinlegal/ HTTP/1.1" 200 24523
172.22.2.4 - - [11/Jan/2023:06:41:54 -0500] "GET /BLA/boletinlegal/ HTTP/1.1" 200 24523
172.22.2.4 - - [11/Jan/2023:06:41:54 -0500] "GET /BLA/boletinlegal/ HTTP/1.1" 200 24523
66.249.73.127 - - [11/Jan/2023:06:44:56 -0500] "-" 408 -
172.22.2.4 - - [11/Jan/2023:06:43:25 -0500] "HEAD /BLA/boletinlegal/ HTTP/1.1" 200 -
201.245.192.253 - - [11/Jan/2023:06:46:43 -0500] "POST /kwsrmcab/Wsrmcab  HTTP/1.1" 200 43761
185.119.81.106 - - [11/Jan/2023:06:46:57 -0500] "GET /portaldeninos/wp-login.php HTTP/1.1" 200 2592
185.119.81.106 - - [11/Jan/2023:06:46:58 -0500] "POST /portaldeninos/wp-login.php HTTP/1.1" 200 3605
185.119.81.106 - - [11/Jan/2023:06:47:49 -0500] "GET /portaldeninos/wp-login.php HTTP/1.1" 200 2592
185.119.81.106 - - [11/Jan/2023:06:47:50 -0500] "POST /portaldeninos/wp-login.php HTTP/1.1" 200 3650
157.55.39.201 - - [11/Jan/2023:06:48:30 -0500] "GET /sipse/faces/presentacion/sistema/anexos/cargarAnexoSolicitudProceso.xhtml HTTP/1.1" 302 -
157.55.39.201 - - [11/Jan/2023:06:48:31 -0500] "GET /sipse/faces/autenticacion.xhtml HTTP/1.1" 200 12182
172.22.2.4 - - [11/Jan/2023:06:48:14 -0500] "HEAD /BLA/boletinlegal/ HTTP/1.1" 200 -
172.22.2.4 - - [11/Jan/2023:06:49:04 -0500] "GET /BLA/boletinlegal/ HTTP/1.1" 200 59779
201.245.192.253 - - [11/Jan/2023:06:51:42 -0500] "POST /kwsrmcab/Wsrmcab  HTTP/1.1" 200 43761
216.245.221.92 - - [11/Jan/2023:06:51:49 -0500] "HEAD / HTTP/1.1" 200 -
31.13.103.13 - - [11/Jan/2023:06:52:18 -0500] "GET /images/Acuerdos1.jpeg HTTP/1.1" 200 59889
181.56.170.149 - - [11/Jan/2023:06:53:23 -0500] "GET /appsia/controlador HTTP/1.1" 200 4799
181.56.170.149 - - [11/Jan/2023:06:53:23 -0500] "GET /appsia/css/estilos.css HTTP/1.1" 200 4804
181.56.170.149 - - [11/Jan/2023:06:53:23 -0500] "GET /appsia/scripts/validarIngreso.js HTTP/1.1" 200 851
181.56.170.149 - - [11/Jan/2023:06:53:23 -0500] "GET /appsia/images/logo_bogota_p.png HTTP/1.1" 200 14951
181.56.170.149 - - [11/Jan/2023:06:53:23 -0500] "GET /appsia/images/cabezoteHojaVida.png HTTP/1.1" 200 32493
181.56.170.149 - - [11/Jan/2023:06:53:23 -0500] "GET /favicon.ico HTTP/1.1" 200 7782
181.56.170.149 - - [11/Jan/2023:06:53:37 -0500] "POST /appsia/controlador HTTP/1.1" 200 4621
181.56.170.149 - - [11/Jan/2023:06:53:40 -0500] "POST /appsia/controlador HTTP/1.1" 200 7730
181.56.170.149 - - [11/Jan/2023:06:53:40 -0500] "GET /appsia/images/logo_escudo.png HTTP/1.1" 200 36965
172.22.2.4 - - [11/Jan/2023:06:54:04 -0500] "HEAD /BLA/boletinlegal/ HTTP/1.1" 200 -
172.22.2.4 - - [11/Jan/2023:06:54:54 -0500] "GET /BLA/boletinlegal/ HTTP/1.1" 200 59404
201.245.192.253 - - [11/Jan/2023:06:56:41 -0500] "POST /kwsrmcab/Wsrmcab  HTTP/1.1" 200 43761
216.245.221.92 - - [11/Jan/2023:06:56:49 -0500] "HEAD / HTTP/1.1" 200 -
74.82.47.58 - - [11/Jan/2023:06:57:57 -0500] "GET /favicon.ico HTTP/1.1" 200 7782
181.50.142.205 - - [11/Jan/2023:06:58:12 -0500] "GET /sipse/faces/javax.faces.resource/images/ui-bg_flat_0_2d5972_40x100.png?ln=primefaces-aristo HTTP/1.1" 304 -
181.50.142.205 - - [11/Jan/2023:06:58:12 -0500] "POST /sipse/faces/presentacion/financiero/solicitudProceso/consultarSolicitudProceso.xhtml HTTP/1.1" 200 63766
181.50.142.205 - - [11/Jan/2023:06:58:12 -0500] "GET /sipse/faces/javax.faces.resource/theme.css?ln=primefaces-sipse HTTP/1.1" 304 -
181.50.142.205 - - [11/Jan/2023:06:58:12 -0500] "GET /sipse/faces/javax.faces.resource/primefaces.css?ln=primefaces&v=4.0 HTTP/1.1" 304 -
181.50.142.205 - - [11/Jan/2023:06:58:12 -0500] "GET /sipse/faces/javax.faces.resource/layout/layout.css?ln=primefaces&v=4.0 HTTP/1.1" 304 -
181.50.142.205 - - [11/Jan/2023:06:58:12 -0500] "GET /sipse/faces/javax.faces.resource/jquery/jquery.js?ln=primefaces&v=4.0 HTTP/1.1" 304 -
181.50.142.205 - - [11/Jan/2023:06:58:12 -0500] "GET /sipse/faces/javax.faces.resource/jquery/jquery-plugins.js?ln=primefaces&v=4.0 HTTP/1.1" 304 -
181.50.142.205 - - [11/Jan/2023:06:58:12 -0500] "GET /sipse/faces/javax.faces.resource/primefaces.js?ln=primefaces&v=4.0 HTTP/1.1" 304 -
181.50.142.205 - - [11/Jan/2023:06:58:12 -0500] "GET /sipse/faces/javax.faces.resource/layout/layout.js?ln=primefaces&v=4.0 HTTP/1.1" 304 -
181.50.142.205 - - [11/Jan/2023:06:58:12 -0500] "GET /sipse/faces/javax.faces.resource/images/ui-icons_898989_256x240.png?ln=primefaces-aristo HTTP/1.1" 304 -
181.50.142.205 - - [11/Jan/2023:06:58:12 -0500] "POST /sipse/faces/presentacion/financiero/solicitudProceso/listarSolicitudProceso.xhtml HTTP/1.1" 200 57089
181.50.142.205 - - [11/Jan/2023:06:58:12 -0500] "GET /sipse/faces/javax.faces.resource/images/ui-bg_flat_0_2d5972_40x100.png?ln=primefaces-aristo HTTP/1.1" 304 -
181.50.142.205 - - [11/Jan/2023:06:58:12 -0500] "POST /sipse/faces/presentacion/financiero/solicitudProceso/listarSolicitudProceso.xhtml HTTP/1.1" 200 57089
181.50.142.205 - - [11/Jan/2023:06:58:13 -0500] "POST /sipse/faces/presentacion/financiero/solicitudProceso/listarSolicitudProceso.xhtml HTTP/1.1" 200 57089
181.50.142.205 - - [11/Jan/2023:06:58:13 -0500] "POST /sipse/faces/presentacion/financiero/solicitudProceso/listarSolicitudProceso.xhtml HTTP/1.1" 200 57089
181.50.142.205 - - [11/Jan/2023:06:58:13 -0500] "POST /sipse/faces/presentacion/financiero/solicitudProceso/listarSolicitudProceso.xhtml HTTP/1.1" 200 57089
181.50.142.205 - - [11/Jan/2023:06:58:13 -0500] "POST /sipse/faces/presentacion/financiero/solicitudProceso/listarSolicitudProceso.xhtml HTTP/1.1" 200 57089
181.50.142.205 - - [11/Jan/2023:06:58:14 -0500] "POST /sipse/faces/presentacion/financiero/solicitudProceso/listarSolicitudProceso.xhtml HTTP/1.1" 200 1560
181.50.142.205 - - [11/Jan/2023:06:58:14 -0500] "POST /sipse/faces/presentacion/financiero/solicitudProceso/listarSolicitudProceso.xhtml HTTP/1.1" 200 1552
181.50.142.205 - - [11/Jan/2023:06:58:14 -0500] "POST /sipse/faces/presentacion/financiero/solicitudProceso/listarSolicitudProceso.xhtml HTTP/1.1" 200 1568
181.50.142.205 - - [11/Jan/2023:06:58:14 -0500] "POST /sipse/faces/presentacion/financiero/solicitudProceso/listarSolicitudProceso.xhtml HTTP/1.1" 200 1556
181.50.142.205 - - [11/Jan/2023:06:58:14 -0500] "POST /sipse/faces/presentacion/financiero/solicitudProceso/listarSolicitudProceso.xhtml HTTP/1.1" 200 1564
181.50.142.205 - - [11/Jan/2023:06:58:14 -0500] "POST /sipse/faces/presentacion/financiero/solicitudProceso/listarSolicitudProceso.xhtml HTTP/1.1" 200 1552
181.50.142.205 - - [11/Jan/2023:06:58:15 -0500] "POST /sipse/faces/presentacion/financiero/solicitudProceso/listarSolicitudProceso.xhtml HTTP/1.1" 200 1564
181.50.142.205 - - [11/Jan/2023:06:58:16 -0500] "POST /sipse/faces/presentacion/financiero/solicitudProceso/listarSolicitudProceso.xhtml HTTP/1.1" 200 16793
181.50.142.205 - - [11/Jan/2023:06:59:00 -0500] "POST /sipse/faces/presentacion/financiero/solicitudProceso/listarSolicitudProceso.xhtml HTTP/1.1" 200 32174
181.50.142.205 - - [11/Jan/2023:06:59:00 -0500] "POST /sipse/faces/presentacion/financiero/solicitudProceso/listarSolicitudProceso.xhtml HTTP/1.1" 200 32162
181.50.142.205 - - [11/Jan/2023:06:59:01 -0500] "POST /sipse/faces/presentacion/financiero/solicitudProceso/listarSolicitudProceso.xhtml HTTP/1.1" 200 32174
181.50.142.205 - - [11/Jan/2023:06:59:01 -0500] "POST /sipse/faces/presentacion/financiero/solicitudProceso/listarSolicitudProceso.xhtml HTTP/1.1" 200 2201
181.50.142.205 - - [11/Jan/2023:06:59:03 -0500] "POST /sipse/faces/presentacion/financiero/solicitudProceso/listarSolicitudProceso.xhtml HTTP/1.1" 200 32174
181.50.142.205 - - [11/Jan/2023:06:59:04 -0500] "POST /sipse/faces/presentacion/financiero/solicitudProceso/listarSolicitudProceso.xhtml HTTP/1.1" 200 31828
181.50.142.205 - - [11/Jan/2023:06:59:05 -0500] "POST /sipse/faces/presentacion/financiero/solicitudProceso/listarSolicitudProceso.xhtml HTTP/1.1" 200 11212
181.50.142.205 - - [11/Jan/2023:06:59:07 -0500] "POST /sipse/faces/presentacion/financiero/solicitudProceso/listarSolicitudProceso.xhtml HTTP/1.1" 200 5131
181.50.142.205 - - [11/Jan/2023:06:59:40 -0500] "POST /sipse/faces/presentacion/financiero/solicitudProceso/listarSolicitudProceso.xhtml HTTP/1.1" 200 11212
181.50.142.205 - - [11/Jan/2023:06:59:41 -0500] "POST /sipse/faces/presentacion/financiero/solicitudProceso/listarSolicitudProceso.xhtml HTTP/1.1" 200 11196
181.50.142.205 - - [11/Jan/2023:06:59:45 -0500] "POST /sipse/faces/presentacion/financiero/solicitudProceso/listarSolicitudProceso.xhtml HTTP/1.1" 200 5145
181.50.142.205 - - [11/Jan/2023:07:00:17 -0500] "POST /sipse/faces/presentacion/financiero/solicitudProceso/listarSolicitudProceso.xhtml HTTP/1.1" 200 31828
181.50.142.205 - - [11/Jan/2023:07:00:18 -0500] "POST /sipse/faces/presentacion/financiero/solicitudProceso/listarSolicitudProceso.xhtml HTTP/1.1" 200 5096
181.50.142.205 - - [11/Jan/2023:07:00:19 -0500] "POST /sipse/faces/presentacion/financiero/solicitudProceso/listarSolicitudProceso.xhtml HTTP/1.1" 200 5084
181.50.142.205 - - [11/Jan/2023:07:01:00 -0500] "POST /sipse/faces/presentacion/financiero/solicitudProceso/listarSolicitudProceso.xhtml HTTP/1.1" 200 31844
181.50.142.205 - - [11/Jan/2023:07:01:00 -0500] "POST /sipse/faces/presentacion/financiero/solicitudProceso/listarSolicitudProceso.xhtml HTTP/1.1" 200 11010
181.50.142.205 - - [11/Jan/2023:07:01:01 -0500] "POST /sipse/faces/presentacion/financiero/solicitudProceso/listarSolicitudProceso.xhtml HTTP/1.1" 200 5081
181.50.142.205 - - [11/Jan/2023:07:01:18 -0500] "POST /sipse/faces/presentacion/financiero/solicitudProceso/listarSolicitudProceso.xhtml HTTP/1.1" 200 11010
181.50.142.205 - - [11/Jan/2023:07:01:18 -0500] "POST /sipse/faces/presentacion/financiero/solicitudProceso/listarSolicitudProceso.xhtml HTTP/1.1" 200 11026
181.50.142.205 - - [11/Jan/2023:07:01:19 -0500] "POST /sipse/faces/presentacion/financiero/solicitudProceso/listarSolicitudProceso.xhtml HTTP/1.1" 200 5065
172.22.2.4 - - [11/Jan/2023:06:59:54 -0500] "HEAD /BLA/boletinlegal/ HTTP/1.1" 200 -
181.50.142.205 - - [11/Jan/2023:07:01:34 -0500] "POST /sipse/faces/presentacion/financiero/solicitudProceso/listarSolicitudProceso.xhtml HTTP/1.1" 200 11026
181.50.142.205 - - [11/Jan/2023:07:01:35 -0500] "POST /sipse/faces/presentacion/financiero/solicitudProceso/listarSolicitudProceso.xhtml HTTP/1.1" 200 11010
181.50.142.205 - - [11/Jan/2023:07:01:36 -0500] "POST /sipse/faces/presentacion/financiero/solicitudProceso/listarSolicitudProceso.xhtml HTTP/1.1" 200 5077
201.245.192.253 - - [11/Jan/2023:07:01:39 -0500] "POST /kwsrmcab/Wsrmcab  HTTP/1.1" 200 43761
216.245.221.92 - - [11/Jan/2023:07:01:49 -0500] "HEAD / HTTP/1.1" 200 -
181.50.142.205 - - [11/Jan/2023:07:01:58 -0500] "POST /sipse/faces/presentacion/financiero/solicitudProceso/listarSolicitudProceso.xhtml HTTP/1.1" 200 11196
181.50.142.205 - - [11/Jan/2023:07:01:59 -0500] "POST /sipse/faces/presentacion/financiero/solicitudProceso/listarSolicitudProceso.xhtml HTTP/1.1" 200 5077
181.50.142.205 - - [11/Jan/2023:07:02:15 -0500] "POST /sipse/faces/presentacion/financiero/solicitudProceso/listarSolicitudProceso.xhtml HTTP/1.1" 200 16932
181.50.142.205 - - [11/Jan/2023:07:02:16 -0500] "POST /sipse/faces/presentacion/financiero/solicitudProceso/listarSolicitudProceso.xhtml HTTP/1.1" 200 16944
181.50.142.205 - - [11/Jan/2023:07:02:17 -0500] "POST /sipse/faces/presentacion/financiero/solicitudProceso/listarSolicitudProceso.xhtml HTTP/1.1" 200 5064
172.22.2.4 - - [11/Jan/2023:07:00:44 -0500] "GET /BLA/boletinlegal/ HTTP/1.1" 200 59779
181.50.142.205 - - [11/Jan/2023:07:03:03 -0500] "POST /sipse/faces/presentacion/financiero/solicitudProceso/listarSolicitudProceso.xhtml HTTP/1.1" 200 16948
181.50.142.205 - - [11/Jan/2023:07:03:04 -0500] "POST /sipse/faces/presentacion/financiero/solicitudProceso/listarSolicitudProceso.xhtml HTTP/1.1" 200 5063
181.50.142.205 - - [11/Jan/2023:07:03:09 -0500] "GET /sipse/faces/javax.faces.resource/images/ui-icons_898989_256x240.png?ln=primefaces-aristo HTTP/1.1" 304 -
181.50.142.205 - - [11/Jan/2023:07:03:25 -0500] "POST /sipse/faces/presentacion/financiero/solicitudProceso/listarSolicitudProceso.xhtml HTTP/1.1" 200 31844
181.50.142.205 - - [11/Jan/2023:07:03:26 -0500] "POST /sipse/faces/presentacion/financiero/solicitudProceso/listarSolicitudProceso.xhtml HTTP/1.1" 200 5117
181.50.142.205 - - [11/Jan/2023:07:03:27 -0500] "POST /sipse/faces/presentacion/financiero/solicitudProceso/listarSolicitudProceso.xhtml HTTP/1.1" 200 5133
181.50.142.205 - - [11/Jan/2023:07:03:43 -0500] "POST /sipse/faces/presentacion/financiero/solicitudProceso/listarSolicitudProceso.xhtml HTTP/1.1" 200 31832
181.50.142.205 - - [11/Jan/2023:07:03:44 -0500] "POST /sipse/faces/presentacion/financiero/solicitudProceso/listarSolicitudProceso.xhtml HTTP/1.1" 200 31844
181.50.142.205 - - [11/Jan/2023:07:03:46 -0500] "POST /sipse/faces/presentacion/financiero/solicitudProceso/listarSolicitudProceso.xhtml HTTP/1.1" 200 16932
181.50.142.205 - - [11/Jan/2023:07:03:47 -0500] "POST /sipse/faces/presentacion/financiero/solicitudProceso/listarSolicitudProceso.xhtml HTTP/1.1" 200 5109
181.50.142.205 - - [11/Jan/2023:07:04:34 -0500] "POST /sipse/faces/presentacion/financiero/solicitudProceso/listarSolicitudProceso.xhtml HTTP/1.1" 200 16932
181.50.142.205 - - [11/Jan/2023:07:04:35 -0500] "POST /sipse/faces/presentacion/financiero/solicitudProceso/listarSolicitudProceso.xhtml HTTP/1.1" 200 5029
181.50.142.205 - - [11/Jan/2023:07:05:08 -0500] "POST /sipse/faces/presentacion/financiero/solicitudProceso/listarSolicitudProceso.xhtml HTTP/1.1" 200 31832
181.50.142.205 - - [11/Jan/2023:07:05:09 -0500] "POST /sipse/faces/presentacion/financiero/solicitudProceso/listarSolicitudProceso.xhtml HTTP/1.1" 200 10848
181.50.142.205 - - [11/Jan/2023:07:05:10 -0500] "POST /sipse/faces/presentacion/financiero/solicitudProceso/listarSolicitudProceso.xhtml HTTP/1.1" 200 5013
181.50.142.205 - - [11/Jan/2023:07:05:27 -0500] "POST /sipse/faces/presentacion/financiero/solicitudProceso/listarSolicitudProceso.xhtml HTTP/1.1" 200 10848
181.50.142.205 - - [11/Jan/2023:07:05:27 -0500] "POST /sipse/faces/presentacion/financiero/solicitudProceso/listarSolicitudProceso.xhtml HTTP/1.1" 200 10836
181.50.142.205 - - [11/Jan/2023:07:06:26 -0500] "POST /sipse/faces/presentacion/financiero/solicitudProceso/listarSolicitudProceso.xhtml HTTP/1.1" 200 32178
181.50.142.205 - - [11/Jan/2023:07:06:27 -0500] "POST /sipse/faces/presentacion/financiero/solicitudProceso/listarSolicitudProceso.xhtml HTTP/1.1" 200 29245
181.50.142.205 - - [11/Jan/2023:07:06:27 -0500] "POST /sipse/faces/presentacion/financiero/solicitudProceso/listarSolicitudProceso.xhtml HTTP/1.1" 200 17371
181.50.142.205 - - [11/Jan/2023:07:06:29 -0500] "POST /sipse/faces/presentacion/financiero/solicitudProceso/listarSolicitudProceso.xhtml HTTP/1.1" 200 5151
201.245.192.253 - - [11/Jan/2023:07:06:38 -0500] "POST /kwsrmcab/Wsrmcab  HTTP/1.1" 200 43761
216.245.221.92 - - [11/Jan/2023:07:06:49 -0500] "HEAD / HTTP/1.1" 200 -
181.50.142.205 - - [11/Jan/2023:07:06:57 -0500] "POST /sipse/faces/presentacion/financiero/solicitudProceso/listarSolicitudProceso.xhtml HTTP/1.1" 200 17371
181.50.142.205 - - [11/Jan/2023:07:06:58 -0500] "POST /sipse/faces/presentacion/financiero/solicitudProceso/listarSolicitudProceso.xhtml HTTP/1.1" 200 5284
181.50.142.205 - - [11/Jan/2023:07:07:22 -0500] "POST /sipse/faces/presentacion/financiero/solicitudProceso/listarSolicitudProceso.xhtml HTTP/1.1" 200 29257
181.50.142.205 - - [11/Jan/2023:07:07:23 -0500] "POST /sipse/faces/presentacion/financiero/solicitudProceso/listarSolicitudProceso.xhtml HTTP/1.1" 200 5050
172.22.2.4 - - [11/Jan/2023:07:05:44 -0500] "HEAD /BLA/boletinlegal/ HTTP/1.1" 200 -
181.50.142.205 - - [11/Jan/2023:07:07:24 -0500] "POST /sipse/faces/presentacion/financiero/solicitudProceso/listarSolicitudProceso.xhtml HTTP/1.1" 200 5066
181.50.142.205 - - [11/Jan/2023:07:07:26 -0500] "POST /sipse/faces/presentacion/financiero/solicitudProceso/listarSolicitudProceso.xhtml HTTP/1.1" 200 5050
181.50.142.205 - - [11/Jan/2023:07:07:33 -0500] "POST /sipse/faces/presentacion/financiero/solicitudProceso/listarSolicitudProceso.xhtml HTTP/1.1" 200 5066
181.50.142.205 - - [11/Jan/2023:07:07:35 -0500] "POST /sipse/faces/presentacion/financiero/solicitudProceso/listarSolicitudProceso.xhtml HTTP/1.1" 200 29245
181.50.142.205 - - [11/Jan/2023:07:07:36 -0500] "POST /sipse/faces/presentacion/financiero/solicitudProceso/listarSolicitudProceso.xhtml HTTP/1.1" 200 8007
181.50.142.205 - - [11/Jan/2023:07:07:37 -0500] "POST /sipse/faces/presentacion/financiero/solicitudProceso/listarSolicitudProceso.xhtml HTTP/1.1" 200 5021
181.50.142.205 - - [11/Jan/2023:07:07:52 -0500] "POST /sipse/faces/presentacion/financiero/solicitudProceso/listarSolicitudProceso.xhtml HTTP/1.1" 200 5079
181.50.142.205 - - [11/Jan/2023:07:07:52 -0500] "POST /sipse/faces/presentacion/financiero/solicitudProceso/listarSolicitudProceso.xhtml HTTP/1.1" 200 5063
181.50.142.205 - - [11/Jan/2023:07:07:54 -0500] "POST /sipse/faces/presentacion/financiero/solicitudProceso/listarSolicitudProceso.xhtml HTTP/1.1" 200 5079
181.50.142.205 - - [11/Jan/2023:07:08:04 -0500] "POST /sipse/faces/presentacion/financiero/solicitudProceso/listarSolicitudProceso.xhtml HTTP/1.1" 200 5067
181.50.142.205 - - [11/Jan/2023:07:08:04 -0500] "POST /sipse/faces/presentacion/financiero/solicitudProceso/listarSolicitudProceso.xhtml HTTP/1.1" 200 5079
181.50.142.205 - - [11/Jan/2023:07:08:05 -0500] "POST /sipse/faces/presentacion/financiero/solicitudProceso/listarSolicitudProceso.xhtml HTTP/1.1" 200 29245
181.50.142.205 - - [11/Jan/2023:07:08:06 -0500] "POST /sipse/faces/presentacion/financiero/solicitudProceso/listarSolicitudProceso.xhtml HTTP/1.1" 200 17371
181.50.142.205 - - [11/Jan/2023:07:08:07 -0500] "POST /sipse/faces/presentacion/financiero/solicitudProceso/listarSolicitudProceso.xhtml HTTP/1.1" 200 5011
172.22.2.4 - - [11/Jan/2023:07:06:34 -0500] "GET /BLA/boletinlegal/ HTTP/1.1" 200 57192
201.245.192.253 - - [11/Jan/2023:07:11:37 -0500] "POST /kwsrmcab/Wsrmcab  HTTP/1.1" 200 43761
216.245.221.92 - - [11/Jan/2023:07:11:49 -0500] "HEAD / HTTP/1.1" 200 -
66.249.73.127 - - [11/Jan/2023:07:12:42 -0500] "-" 408 -
172.22.2.4 - - [11/Jan/2023:07:11:34 -0500] "HEAD /BLA/boletinlegal/ HTTP/1.1" 200 -
173.252.79.9 - - [11/Jan/2023:07:13:20 -0500] "GET /images/cr\xc3\xb3nica-29-nov-1_optimized.jpeg HTTP/1.1" 404 1034
172.22.2.4 - - [11/Jan/2023:07:12:24 -0500] "GET /BLA/boletinlegal/ HTTP/1.1" 200 57192
201.245.192.253 - - [11/Jan/2023:07:16:36 -0500] "POST /kwsrmcab/Wsrmcab  HTTP/1.1" 200 43761
216.245.221.92 - - [11/Jan/2023:07:16:49 -0500] "HEAD / HTTP/1.1" 200 -
186.83.71.6 - - [11/Jan/2023:07:17:04 -0500] "GET /sia/ HTTP/1.1" 200 2661
186.83.71.6 - - [11/Jan/2023:07:17:04 -0500] "GET /css/fondos.css HTTP/1.1" 404 1254
186.83.71.6 - - [11/Jan/2023:07:17:04 -0500] "GET /css/date_blue.css HTTP/1.1" 404 1254
186.83.71.6 - - [11/Jan/2023:07:17:04 -0500] "GET /css/textos.css HTTP/1.1" 404 1254
186.83.71.6 - - [11/Jan/2023:07:17:04 -0500] "GET /css/bordes.css HTTP/1.1" 404 1254
186.83.71.6 - - [11/Jan/2023:07:17:04 -0500] "GET /favicon.ico HTTP/1.1" 200 7782
172.22.2.4 - - [11/Jan/2023:07:18:32 -0500] "GET /BLA/boletinlegal/robots.txt HTTP/1.1" 404 1038
201.245.192.253 - - [11/Jan/2023:07:18:50 -0500] "POST /kwsrmcab/Wsrmcab HTTP/1.1" 200 43627
201.245.192.253 - - [11/Jan/2023:07:18:53 -0500] "POST /kwsrmcab/Wsrmcab HTTP/1.1" 200 44286
172.22.2.4 - - [11/Jan/2023:07:17:24 -0500] "HEAD /BLA/boletinlegal/ HTTP/1.1" 200 -
172.22.2.4 - - [11/Jan/2023:07:18:14 -0500] "GET /BLA/boletinlegal/ HTTP/1.1" 200 52453
172.22.2.4 - - [11/Jan/2023:07:18:34 -0500] "GET /BLA/boletinlegal/index.php HTTP/1.1" 200 53739
201.245.192.253 - - [11/Jan/2023:07:21:35 -0500] "POST /kwsrmcab/Wsrmcab  HTTP/1.1" 200 43761
216.245.221.92 - - [11/Jan/2023:07:21:49 -0500] "HEAD / HTTP/1.1" 200 -
185.119.81.106 - - [11/Jan/2023:07:23:36 -0500] "GET /portaldeninos/wp-login.php HTTP/1.1" 200 2592
185.119.81.106 - - [11/Jan/2023:07:23:37 -0500] "POST /portaldeninos/wp-login.php HTTP/1.1" 200 3605
181.50.142.205 - - [11/Jan/2023:07:24:43 -0500] "POST /sipse/faces/presentacion/financiero/solicitudProceso/listarSolicitudProceso.xhtml HTTP/1.1" 200 29570
181.50.142.205 - - [11/Jan/2023:07:24:43 -0500] "POST /sipse/faces/presentacion/financiero/solicitudProceso/listarSolicitudProceso.xhtml HTTP/1.1" 200 29570
181.50.142.205 - - [11/Jan/2023:07:24:43 -0500] "POST /sipse/faces/presentacion/financiero/solicitudProceso/listarSolicitudProceso.xhtml HTTP/1.1" 200 29570
181.50.142.205 - - [11/Jan/2023:07:24:44 -0500] "POST /sipse/faces/presentacion/financiero/solicitudProceso/listarSolicitudProceso.xhtml HTTP/1.1" 200 29570
181.50.142.205 - - [11/Jan/2023:07:24:44 -0500] "POST /sipse/faces/presentacion/financiero/solicitudProceso/listarSolicitudProceso.xhtml HTTP/1.1" 200 29570
181.50.142.205 - - [11/Jan/2023:07:24:44 -0500] "POST /sipse/faces/presentacion/financiero/solicitudProceso/listarSolicitudProceso.xhtml HTTP/1.1" 200 29570
181.50.142.205 - - [11/Jan/2023:07:24:44 -0500] "POST /sipse/faces/presentacion/financiero/solicitudProceso/listarSolicitudProceso.xhtml HTTP/1.1" 200 29570
181.50.142.205 - - [11/Jan/2023:07:24:44 -0500] "POST /sipse/faces/presentacion/financiero/solicitudProceso/listarSolicitudProceso.xhtml HTTP/1.1" 200 29570
181.50.142.205 - - [11/Jan/2023:07:24:45 -0500] "POST /sipse/faces/presentacion/financiero/solicitudProceso/listarSolicitudProceso.xhtml HTTP/1.1" 200 1396
181.50.142.205 - - [11/Jan/2023:07:24:45 -0500] "POST /sipse/faces/presentacion/financiero/solicitudProceso/listarSolicitudProceso.xhtml HTTP/1.1" 200 1392
181.50.142.205 - - [11/Jan/2023:07:24:45 -0500] "POST /sipse/faces/presentacion/financiero/solicitudProceso/listarSolicitudProceso.xhtml HTTP/1.1" 200 1400
181.50.142.205 - - [11/Jan/2023:07:24:45 -0500] "POST /sipse/faces/presentacion/financiero/solicitudProceso/listarSolicitudProceso.xhtml HTTP/1.1" 200 1392
181.50.142.205 - - [11/Jan/2023:07:24:45 -0500] "POST /sipse/faces/presentacion/financiero/solicitudProceso/listarSolicitudProceso.xhtml HTTP/1.1" 200 1400
181.50.142.205 - - [11/Jan/2023:07:24:45 -0500] "POST /sipse/faces/presentacion/financiero/solicitudProceso/listarSolicitudProceso.xhtml HTTP/1.1" 200 1392
181.50.142.205 - - [11/Jan/2023:07:24:46 -0500] "POST /sipse/faces/presentacion/financiero/solicitudProceso/listarSolicitudProceso.xhtml HTTP/1.1" 200 1400
181.50.142.205 - - [11/Jan/2023:07:24:46 -0500] "POST /sipse/faces/presentacion/financiero/solicitudProceso/listarSolicitudProceso.xhtml HTTP/1.1" 200 1392
181.50.142.205 - - [11/Jan/2023:07:24:53 -0500] "POST /sipse/faces/presentacion/financiero/solicitudProceso/listarSolicitudProceso.xhtml HTTP/1.1" 200 2705
172.22.2.4 - - [11/Jan/2023:07:23:14 -0500] "HEAD /BLA/boletinlegal/ HTTP/1.1" 200 -
181.50.142.205 - - [11/Jan/2023:07:24:54 -0500] "POST /sipse/faces/presentacion/financiero/solicitudProceso/listarSolicitudProceso.xhtml HTTP/1.1" 200 40800
181.50.142.205 - - [11/Jan/2023:07:24:54 -0500] "GET /sipse/faces/javax.faces.resource/primefaces.css?ln=primefaces&v=4.0 HTTP/1.1" 304 -
181.50.142.205 - - [11/Jan/2023:07:24:54 -0500] "GET /sipse/faces/javax.faces.resource/theme.css?ln=primefaces-sipse HTTP/1.1" 304 -
181.50.142.205 - - [11/Jan/2023:07:24:54 -0500] "GET /sipse/faces/javax.faces.resource/layout/layout.css?ln=primefaces&v=4.0 HTTP/1.1" 304 -
181.50.142.205 - - [11/Jan/2023:07:24:54 -0500] "GET /sipse/faces/javax.faces.resource/jquery/jquery.js?ln=primefaces&v=4.0 HTTP/1.1" 304 -
181.50.142.205 - - [11/Jan/2023:07:24:54 -0500] "GET /sipse/faces/javax.faces.resource/jquery/jquery-plugins.js?ln=primefaces&v=4.0 HTTP/1.1" 304 -
181.50.142.205 - - [11/Jan/2023:07:24:54 -0500] "GET /sipse/css/imagen/logoSDG.png HTTP/1.1" 304 -
181.50.142.205 - - [11/Jan/2023:07:24:54 -0500] "GET /sipse/faces/javax.faces.resource/primefaces.js?ln=primefaces&v=4.0 HTTP/1.1" 304 -
181.50.142.205 - - [11/Jan/2023:07:24:54 -0500] "GET /sipse/faces/javax.faces.resource/layout/layout.js?ln=primefaces&v=4.0 HTTP/1.1" 304 -
181.50.142.205 - - [11/Jan/2023:07:24:54 -0500] "GET /sipse/faces/javax.faces.resource/images/ui-icons_898989_256x240.png?ln=primefaces-aristo HTTP/1.1" 304 -
181.50.142.205 - - [11/Jan/2023:07:24:54 -0500] "POST /sipse/faces/presentacion/financiero/solicitudProceso/consultar.xhtml HTTP/1.1" 200 34149
181.50.142.205 - - [11/Jan/2023:07:24:54 -0500] "GET /sipse/faces/javax.faces.resource/images/ui-bg_flat_0_2d5972_40x100.png?ln=primefaces-aristo HTTP/1.1" 304 -
181.50.142.205 - - [11/Jan/2023:07:24:54 -0500] "POST /sipse/faces/presentacion/financiero/solicitudProceso/consultar.xhtml HTTP/1.1" 200 34149
181.50.142.205 - - [11/Jan/2023:07:24:54 -0500] "POST /sipse/faces/presentacion/financiero/solicitudProceso/consultar.xhtml HTTP/1.1" 200 34149
181.50.142.205 - - [11/Jan/2023:07:24:55 -0500] "POST /sipse/faces/presentacion/financiero/solicitudProceso/consultar.xhtml HTTP/1.1" 200 34149
181.50.142.205 - - [11/Jan/2023:07:24:55 -0500] "POST /sipse/faces/presentacion/financiero/solicitudProceso/consultar.xhtml HTTP/1.1" 200 34149
181.50.142.205 - - [11/Jan/2023:07:24:55 -0500] "POST /sipse/faces/presentacion/financiero/solicitudProceso/consultar.xhtml HTTP/1.1" 200 34149
181.50.142.205 - - [11/Jan/2023:07:24:55 -0500] "POST /sipse/faces/presentacion/financiero/solicitudProceso/consultar.xhtml HTTP/1.1" 200 34149
181.50.142.205 - - [11/Jan/2023:07:24:56 -0500] "POST /sipse/faces/presentacion/financiero/solicitudProceso/consultar.xhtml HTTP/1.1" 200 37420
181.50.142.205 - - [11/Jan/2023:07:24:57 -0500] "GET /sipse/faces/javax.faces.resource/theme.css?ln=primefaces-sipse HTTP/1.1" 304 -
181.50.142.205 - - [11/Jan/2023:07:24:57 -0500] "GET /sipse/faces/javax.faces.resource/primefaces.css?ln=primefaces&v=4.0 HTTP/1.1" 304 -
181.50.142.205 - - [11/Jan/2023:07:24:57 -0500] "GET /sipse/faces/javax.faces.resource/layout/layout.css?ln=primefaces&v=4.0 HTTP/1.1" 304 -
181.50.142.205 - - [11/Jan/2023:07:24:57 -0500] "GET /sipse/faces/javax.faces.resource/jquery/jquery.js?ln=primefaces&v=4.0 HTTP/1.1" 304 -
181.50.142.205 - - [11/Jan/2023:07:24:57 -0500] "GET /sipse/faces/javax.faces.resource/jquery/jquery-plugins.js?ln=primefaces&v=4.0 HTTP/1.1" 304 -
181.50.142.205 - - [11/Jan/2023:07:24:57 -0500] "GET /sipse/faces/javax.faces.resource/primefaces.js?ln=primefaces&v=4.0 HTTP/1.1" 304 -
181.50.142.205 - - [11/Jan/2023:07:24:57 -0500] "GET /sipse/faces/javax.faces.resource/layout/layout.js?ln=primefaces&v=4.0 HTTP/1.1" 304 -
181.50.142.205 - - [11/Jan/2023:07:24:57 -0500] "GET /sipse/faces/javax.faces.resource/images/ui-icons_898989_256x240.png?ln=primefaces-aristo HTTP/1.1" 304 -
181.50.142.205 - - [11/Jan/2023:07:24:57 -0500] "POST /sipse/faces/presentacion/financiero/solicitudProceso/listarSolicitudProceso.xhtml HTTP/1.1" 200 30743
181.50.142.205 - - [11/Jan/2023:07:24:57 -0500] "GET /sipse/faces/javax.faces.resource/images/ui-bg_flat_0_2d5972_40x100.png?ln=primefaces-aristo HTTP/1.1" 304 -
181.50.142.205 - - [11/Jan/2023:07:24:57 -0500] "POST /sipse/faces/presentacion/financiero/solicitudProceso/listarSolicitudProceso.xhtml HTTP/1.1" 200 30743
181.50.142.205 - - [11/Jan/2023:07:24:57 -0500] "POST /sipse/faces/presentacion/financiero/solicitudProceso/listarSolicitudProceso.xhtml HTTP/1.1" 200 30743
181.50.142.205 - - [11/Jan/2023:07:24:58 -0500] "POST /sipse/faces/presentacion/financiero/solicitudProceso/listarSolicitudProceso.xhtml HTTP/1.1" 200 30743
181.50.142.205 - - [11/Jan/2023:07:24:58 -0500] "POST /sipse/faces/presentacion/financiero/solicitudProceso/listarSolicitudProceso.xhtml HTTP/1.1" 200 30743
181.50.142.205 - - [11/Jan/2023:07:24:58 -0500] "POST /sipse/faces/presentacion/financiero/solicitudProceso/listarSolicitudProceso.xhtml HTTP/1.1" 200 30743
181.50.142.205 - - [11/Jan/2023:07:24:58 -0500] "POST /sipse/faces/presentacion/financiero/solicitudProceso/listarSolicitudProceso.xhtml HTTP/1.1" 200 30743
181.50.142.205 - - [11/Jan/2023:07:24:58 -0500] "POST /sipse/faces/presentacion/financiero/solicitudProceso/listarSolicitudProceso.xhtml HTTP/1.1" 200 30743
181.50.142.205 - - [11/Jan/2023:07:24:59 -0500] "POST /sipse/faces/presentacion/financiero/solicitudProceso/listarSolicitudProceso.xhtml HTTP/1.1" 200 1396
181.50.142.205 - - [11/Jan/2023:07:24:59 -0500] "POST /sipse/faces/presentacion/financiero/solicitudProceso/listarSolicitudProceso.xhtml HTTP/1.1" 200 1392
181.50.142.205 - - [11/Jan/2023:07:24:59 -0500] "POST /sipse/faces/presentacion/financiero/solicitudProceso/listarSolicitudProceso.xhtml HTTP/1.1" 200 1400
181.50.142.205 - - [11/Jan/2023:07:24:59 -0500] "POST /sipse/faces/presentacion/financiero/solicitudProceso/listarSolicitudProceso.xhtml HTTP/1.1" 200 1392
181.50.142.205 - - [11/Jan/2023:07:24:59 -0500] "POST /sipse/faces/presentacion/financiero/solicitudProceso/listarSolicitudProceso.xhtml HTTP/1.1" 200 1400
181.50.142.205 - - [11/Jan/2023:07:24:59 -0500] "POST /sipse/faces/presentacion/financiero/solicitudProceso/listarSolicitudProceso.xhtml HTTP/1.1" 200 1392
181.50.142.205 - - [11/Jan/2023:07:25:00 -0500] "POST /sipse/faces/presentacion/financiero/solicitudProceso/listarSolicitudProceso.xhtml HTTP/1.1" 200 1400
181.50.142.205 - - [11/Jan/2023:07:25:00 -0500] "POST /sipse/faces/presentacion/financiero/solicitudProceso/listarSolicitudProceso.xhtml HTTP/1.1" 200 1392
181.50.142.205 - - [11/Jan/2023:07:25:00 -0500] "POST /sipse/faces/presentacion/financiero/solicitudProceso/listarSolicitudProceso.xhtml HTTP/1.1" 200 1400
181.50.142.205 - - [11/Jan/2023:07:25:02 -0500] "POST /sipse/faces/presentacion/financiero/solicitudProceso/listarSolicitudProceso.xhtml HTTP/1.1" 200 32110
181.50.142.205 - - [11/Jan/2023:07:25:04 -0500] "POST /sipse/faces/presentacion/financiero/solicitudProceso/listarSolicitudProceso.xhtml HTTP/1.1" 200 32114
181.50.142.205 - - [11/Jan/2023:07:25:13 -0500] "GET /sipse/faces/javax.faces.resource/images/ui-icons_898989_256x240.png?ln=primefaces-aristo HTTP/1.1" 304 -
181.50.142.205 - - [11/Jan/2023:07:25:13 -0500] "GET /sipse/faces/javax.faces.resource/images/ui-icons_898989_256x240.png?ln=primefaces-aristo HTTP/1.1" 304 -
181.50.142.205 - - [11/Jan/2023:07:25:13 -0500] "GET /sipse/faces/javax.faces.resource/images/ui-icons_898989_256x240.png?ln=primefaces-aristo HTTP/1.1" 304 -
181.50.142.205 - - [11/Jan/2023:07:25:14 -0500] "POST /sipse/faces/presentacion/financiero/solicitudProceso/listarSolicitudProceso.xhtml HTTP/1.1" 200 911
172.22.2.4 - - [11/Jan/2023:07:24:04 -0500] "GET /BLA/boletinlegal/ HTTP/1.1" 200 57824
201.245.192.253 - - [11/Jan/2023:07:26:35 -0500] "POST /kwsrmcab/Wsrmcab  HTTP/1.1" 200 43761
216.245.221.92 - - [11/Jan/2023:07:26:49 -0500] "HEAD / HTTP/1.1" 200 -
201.245.192.253 - - [11/Jan/2023:07:28:50 -0500] "POST /kwsrmcab/Wsrmcab HTTP/1.1" 200 43627
201.245.192.253 - - [11/Jan/2023:07:28:53 -0500] "POST /kwsrmcab/Wsrmcab HTTP/1.1" 200 44286
69.63.189.1 - - [11/Jan/2023:07:29:36 -0500] "GET /BLA/resoluciones/RESOLUCIONES%202019/3964.pdf HTTP/1.1" 206 293557
172.22.2.4 - - [11/Jan/2023:07:29:04 -0500] "HEAD /BLA/boletinlegal/ HTTP/1.1" 200 -
172.22.2.4 - - [11/Jan/2023:07:29:54 -0500] "GET /BLA/boletinlegal/ HTTP/1.1" 200 59404
201.245.192.253 - - [11/Jan/2023:07:31:34 -0500] "POST /kwsrmcab/Wsrmcab  HTTP/1.1" 200 43761
216.245.221.92 - - [11/Jan/2023:07:31:48 -0500] "HEAD / HTTP/1.1" 200 -
185.119.81.106 - - [11/Jan/2023:07:31:54 -0500] "GET /portaldeninos/wp-login.php HTTP/1.1" 200 2592
185.119.81.106 - - [11/Jan/2023:07:31:55 -0500] "POST /portaldeninos/wp-login.php HTTP/1.1" 200 3605
186.80.52.223 - - [11/Jan/2023:07:33:07 -0500] "POST /sipse/faces/presentacion/financiero/solicitudProceso/listarSolicitudProceso.xhtml HTTP/1.1" 200 43896
186.80.52.223 - - [11/Jan/2023:07:33:08 -0500] "GET /sipse/faces/javax.faces.resource/theme.css?ln=primefaces-sipse HTTP/1.1" 304 -
186.80.52.223 - - [11/Jan/2023:07:33:08 -0500] "GET /sipse/faces/javax.faces.resource/primefaces.css?ln=primefaces&v=4.0 HTTP/1.1" 304 -
186.80.52.223 - - [11/Jan/2023:07:33:08 -0500] "GET /sipse/faces/javax.faces.resource/layout/layout.css?ln=primefaces&v=4.0 HTTP/1.1" 304 -
186.80.52.223 - - [11/Jan/2023:07:33:08 -0500] "GET /sipse/faces/javax.faces.resource/jquery/jquery.js?ln=primefaces&v=4.0 HTTP/1.1" 304 -
186.80.52.223 - - [11/Jan/2023:07:33:08 -0500] "GET /sipse/faces/javax.faces.resource/jquery/jquery-plugins.js?ln=primefaces&v=4.0 HTTP/1.1" 304 -
186.80.52.223 - - [11/Jan/2023:07:33:08 -0500] "GET /sipse/faces/javax.faces.resource/primefaces.js?ln=primefaces&v=4.0 HTTP/1.1" 304 -
186.80.52.223 - - [11/Jan/2023:07:33:08 -0500] "GET /sipse/faces/javax.faces.resource/layout/layout.js?ln=primefaces&v=4.0 HTTP/1.1" 304 -
186.80.52.223 - - [11/Jan/2023:07:33:08 -0500] "POST /sipse/faces/presentacion/financiero/solicitudProceso/consultar.xhtml HTTP/1.1" 200 37265
186.80.52.223 - - [11/Jan/2023:07:33:09 -0500] "POST /sipse/faces/presentacion/financiero/solicitudProceso/consultar.xhtml HTTP/1.1" 200 37265
186.80.52.223 - - [11/Jan/2023:07:33:09 -0500] "POST /sipse/faces/presentacion/financiero/solicitudProceso/consultar.xhtml HTTP/1.1" 200 37265
186.80.52.223 - - [11/Jan/2023:07:33:10 -0500] "POST /sipse/faces/presentacion/financiero/solicitudProceso/consultar.xhtml HTTP/1.1" 200 37265
181.50.142.205 - - [11/Jan/2023:07:33:51 -0500] "GET /sipse/faces/faces/index.xhtml HTTP/1.1" 200 677
181.50.142.205 - - [11/Jan/2023:07:33:51 -0500] "GET /sipse/faces/javax.faces.resource/theme.css?ln=primefaces-sipse HTTP/1.1" 304 -
181.50.142.205 - - [11/Jan/2023:07:33:51 -0500] "GET /sipse/faces/faces/faces/autenticacion.xhtml HTTP/1.1" 200 12182
181.50.142.205 - - [11/Jan/2023:07:33:51 -0500] "GET /sipse/faces/javax.faces.resource/layout/layout.css?ln=primefaces&v=4.0 HTTP/1.1" 304 -
181.50.142.205 - - [11/Jan/2023:07:33:51 -0500] "GET /sipse/faces/javax.faces.resource/jquery/jquery-plugins.js?ln=primefaces&v=4.0 HTTP/1.1" 304 -
181.50.142.205 - - [11/Jan/2023:07:33:51 -0500] "GET /sipse/faces/javax.faces.resource/layout/layout.js?ln=primefaces&v=4.0 HTTP/1.1" 304 -
181.50.142.205 - - [11/Jan/2023:07:33:51 -0500] "GET /sipse/faces/javax.faces.resource/jquery/jquery.js?ln=primefaces&v=4.0 HTTP/1.1" 304 -
181.50.142.205 - - [11/Jan/2023:07:33:51 -0500] "GET /sipse/faces/javax.faces.resource/theme.css?ln=primefaces-sipse HTTP/1.1" 304 -
181.50.142.205 - - [11/Jan/2023:07:33:51 -0500] "GET /sipse/faces/javax.faces.resource/primefaces.js?ln=primefaces&v=4.0 HTTP/1.1" 304 -
181.50.142.205 - - [11/Jan/2023:07:33:51 -0500] "GET /sipse/faces/javax.faces.resource/primefaces.css?ln=primefaces&v=4.0 HTTP/1.1" 200 53295
