!C99Shell v. 1.0 pre-release build #13!

Software: Apache. PHP/5.5.15 

uname -a: Windows NT SVR-DMZ 6.1 build 7600 (Windows Server 2008 R2 Enterprise Edition) i586 

SYSTEM 

Safe-mode: OFF (not secure)

E:\nuevo\apache\logs\   drwxrwxrwx
Free 9.41 GB of 239.26 GB (3.93%)
Detected drives: [ a ] [ c ] [ d ] [ e ] [ f ]
Home    Back    Forward    UPDIR    Refresh    Search    Buffer    Encoder    Tools    Proc.    FTP brute    Sec.    SQL    PHP-code    Update    Feedback    Self remove    Logout    


Viewing file:     access.2023.01.11.log (10.67 MB)      -rw-rw-rw-
Select action/file-type:
(+) | (+) | (+) | Code (+) | Session (+) | (+) | SDB (+) | (+) | (+) | (+) | (+) | (+) |
172.22.2.4 - - [10/Jan/2023:23:59:05 -0500] "GET /BLA/boletinlegal/ HTTP/1.1" 200 59404
216.245.221.92 - - [11/Jan/2023:00:02:20 -0500] "HEAD / HTTP/1.1" 200 -
201.245.192.253 - - [11/Jan/2023:00:03:10 -0500] "POST /kwsrmcab/Wsrmcab  HTTP/1.1" 200 43761
66.249.73.127 - - [11/Jan/2023:00:03:56 -0500] "-" 408 -
172.22.2.4 - - [11/Jan/2023:00:04:05 -0500] "HEAD /BLA/boletinlegal/ HTTP/1.1" 200 -
172.22.2.4 - - [11/Jan/2023:00:04:55 -0500] "GET /BLA/boletinlegal/ HTTP/1.1" 200 56474
216.245.221.92 - - [11/Jan/2023:00:07:20 -0500] "HEAD / HTTP/1.1" 200 -
201.245.192.253 - - [11/Jan/2023:00:08:09 -0500] "POST /kwsrmcab/Wsrmcab  HTTP/1.1" 200 43761
31.13.127.6 - - [11/Jan/2023:00:08:58 -0500] "GET /images/Aire%20Reyes%20(1)%20(1).jpeg HTTP/1.1" 200 59709
190.145.240.68 - - [11/Jan/2023:00:09:00 -0500] "GET /kwssiamovil/sm/acme/u?s=U2FsdGVkX1/Im5wOSEEF7tEY0AHkxqZ8yWvg9peJRra8J7jV5DcO/CUFlKqkRQu8RLaHWdSlrtMxoxwlEK0hDQh0XJ/LkdcBWCWTJsYNKtVCAL9TAHjqiG8DTVWYQ4t0EZGUMEy2d5WjJsYmuva3QEIKl6IAnA/P6nZ/l6BN+e8=&u=U2FsdGVkX18V+K7GKXWWpQPBFXvs8YbCmqymvgD8zAU=&y=U2FsdGVkX1/695SPvGlVLt1quMdFxNxigHjRwXE8Cm0eIa24hWiH9Dx+2uTcLdb8 HTTP/1.1" 200 60
66.249.73.127 - - [11/Jan/2023:00:10:33 -0500] "-" 408 -
172.22.2.4 - - [11/Jan/2023:00:09:55 -0500] "HEAD /BLA/boletinlegal/ HTTP/1.1" 200 -
190.145.240.68 - - [11/Jan/2023:00:12:11 -0500] "GET /kwssiamovil/sm/ldap/au?x=U2FsdGVkX18jpX4rw64Fcg/Dw2laNhrUVfiJOFH2W6JIn/I+M6s6/QYHd6iGI7tw&y=U2FsdGVkX1/WEo5soiUqYhX7NC+gi+WN2+Qy9wFLU02noPKkUGYm5st/jn6ajnC0 HTTP/1.1" 200 30
190.145.240.68 - - [11/Jan/2023:00:12:11 -0500] "GET /kwssiamovil/sm/acme/s?s=U2FsdGVkX1+sD9qiGdxNQhbYm1y6wuEb4Z9j6iazFJ8+fFnU6ECKmQrMx48+zZoZPdRjKh9R/H7sqj5UKaWqclJ4H7EULHY5wDMT3jdXBbQ=&u=U2FsdGVkX183eDAGNE5UWU9MnWMjQDeeOJQW3bi5unM=&y=U2FsdGVkX1/WEo5soiUqYhX7NC+gi+WN2+Qy9wFLU02noPKkUGYm5st/jn6ajnC0 HTTP/1.1" 200 97
190.145.240.68 - - [11/Jan/2023:00:12:11 -0500] "GET /kwssiamovil/sm/acme/s?s=U2FsdGVkX19Khu+f6cbzAaMFMkh8UWUZ767p+d3jaFVpzmliIOqlb5XPUWoPLiXMDorFQVmfZeobOqlraTdn9A0ByuwRloT4yq09Cn4POfj5NzdApe8PSvWtiLO+4eD27f+5lVEcH3V/pEigXSf99MAF4sGw9CC3aBvtSdZjBZqITIg01UeFxAfHQjI+JoduJQQc+jYRAjaEcnXwOl3N7zNzeq+rHY9rELXdL+Gw0wyTQ/k8brRAZnim4FjDA5qrBV74EhJG58kAPaB2JB+qqMXEIsclEeYA9O+AyxuftjnlNh0ov+u//NgJYCye/kOlhJlQYWMUr9TqraYquxrZOw6VgwETMzlCocd+MJecJa5mrq4qH8XCevmewBjWbNvR5hEx4XOnSWhwXjajmAXM1pGkqcvk8E9p1LboT5doIvB8QuRlNwiSW4WfXagNgT8vgzAHt4r5ycAWCDqJeI5GQWM08SUPaJ9EIufHm8ZvU0B/NQ6FvL0Eqe/7VH0+x0xqJmApvbeHJgGnjJApv6XwZMGveIPQeiVa1qzUKd0qNxViFTFZPZPH/LZV+Af/ukgJ0ObdyN+EeqCymI3ouLj/giIfdvi6OPlimzEAVWoN3pAFE0RtFvreiTIGD53DSU4N26/V6n6svea4zn3QDeX5qfE6AxPLiVfoYY0wcikAIjXbUVk1FKnmk3e9o6tevvxITgn02NKzYJDHuj4GWOAwJHe1NtDyazaR6SP++jOg+W0osuLIN5D6YBvn2PN7JZRY3MpBqxPnwwEVlrxgMGxD7KAlGtB6nR7mOMogT4sdrH4BRfMxmz1b2bPxG0FoVDNu4yka/iEYCat1i+t6uEa6TmSRWjXbxO69gWY8jRUp9NBt3Hk4yqq8llN79ZaJOt4+5o+SEOUMl7SEnnuvp5L6bV9y1/4q1f1tYYTRweVKtWm+h14ZH4CTIEKHtPkODoCMzhBDRudLAQc1FgCWwBmfQVyiZdsvf/EYRWSlZn7iVEgq+YjtRXSX0AcmuZDx2Ho+Q8mTXYdyHHtsNgOUhraldrp7YEppAyHzvQ+aKWKoj0uLbzIoCfNG52iQsnkS758FlCqH7FxvZ8Jn58QxOWre18KfhDmwpHYMAxpvYl3HVWdTeOaMCpRsc0t1zuUAccPR1adLa4LhQCJ8K8uklOYr1c15ILx4mr7vvmKCWsPpwJXug3fetfp02CwSaMYmjGv+kelI0t+tYGZFNCgwhNNtVyB4FRD/6qug70G6+tZnQkrJSsXJzEN66dWbfuo4TPs97/CAc2FtqShjLeRaOcXI6nOC6pPr8HkQ8q0Jh/FoS67uJXV866SDw2X06LOFqNk/waKEcJEsP43daWwYvA+IMe64aRIvCe59Nk30SveDJzFoiYc5oqIhx8A0ahys4DjzL6gL3DzhtgmrjCc6mgdET9dLsEiNUheuBztqbGsA2C4=&u=U2FsdGVkX183eDAGNE5UWU9MnWMjQDeeOJQW3bi5unM=&y=U2FsdGVkX1/WEo5soiUqYhX7NC+gi+WN2+Qy9wFLU02noPKkUGYm5st/jn6ajnC0 HTTP/1.1" 200 1280
190.145.240.68 - - [11/Jan/2023:00:12:11 -0500] "GET /kwssiamovil/sm/acme/s?s=U2FsdGVkX1+/Ecpw/d8RI4bR1YgF42MopNAagB8lsdNkrtQ+p9OwqzmLZIpxD6xURCAReA2pAWm1TK3Gbu28QRZmopaOykcjYKM9zFox8AerLVmR/rZb7GXStoafCw4S7FLKn4ztaZXihEq0SbSAZvBBb942eLnoJVuW1iWdwchV2kM4IDIVNK7x4OQG4AAMTLlel5UbRzx7zVtc1SktGwouYz1GiJTdq5yzSso3Lkk5AH9PPc6aCx9Y18Yia6VWnbpB4p2BSL2qDhb21IoDZ6DsIrpJ55vtpREAcE9PvUwEyjk6HId/q2G7t2b1l6HunSkM531+gpTruPQ5MmDjsA==&u=U2FsdGVkX183eDAGNE5UWU9MnWMjQDeeOJQW3bi5unM=&y=U2FsdGVkX1/WEo5soiUqYhX7NC+gi+WN2+Qy9wFLU02noPKkUGYm5st/jn6ajnC0 HTTP/1.1" 200 196
190.145.240.68 - - [11/Jan/2023:00:12:12 -0500] "GET /kwssiamovil/sm/cjson/pre?f=1&x=U2FsdGVkX18jpX4rw64Fcg/Dw2laNhrUVfiJOFH2W6JIn/I+M6s6/QYHd6iGI7tw HTTP/1.1" 200 31032
216.245.221.92 - - [11/Jan/2023:00:12:20 -0500] "HEAD / HTTP/1.1" 200 -
172.22.2.4 - - [11/Jan/2023:00:10:45 -0500] "GET /BLA/boletinlegal/ HTTP/1.1" 200 57192
201.245.192.253 - - [11/Jan/2023:00:13:08 -0500] "POST /kwsrmcab/Wsrmcab  HTTP/1.1" 200 43761
40.77.190.146 - - [11/Jan/2023:00:15:43 -0500] "GET /galeria/nivo-slider/themes/default/default.css HTTP/1.1" 200 1569
40.77.189.59 - - [11/Jan/2023:00:15:43 -0500] "GET /galeria/nivo-slider/themes/pascal/pascal.css HTTP/1.1" 200 2258
40.77.188.250 - - [11/Jan/2023:00:15:43 -0500] "GET /galeria/nivo-slider/themes/orman/orman.css HTTP/1.1" 200 2152
40.77.189.206 - - [11/Jan/2023:00:15:43 -0500] "GET /galeria/nivo-slider/nivo-slider.css HTTP/1.1" 200 1507
40.77.189.210 - - [11/Jan/2023:00:15:43 -0500] "GET /galeria/nivo-slider/demo/style.css HTTP/1.1" 200 2222
40.77.189.133 - - [11/Jan/2023:00:15:43 -0500] "GET /galeria/nivo-slider/jquery.nivo.slider.pack.js HTTP/1.1" 200 11561
40.77.190.191 - - [11/Jan/2023:00:15:43 -0500] "GET /galeria/nivo-slider/demo/scripts/jquery-1.7.1.min.js HTTP/1.1" 200 93868
66.249.73.127 - - [11/Jan/2023:00:16:30 -0500] "-" 408 -
216.245.221.92 - - [11/Jan/2023:00:17:20 -0500] "HEAD / HTTP/1.1" 200 -
172.22.2.4 - - [11/Jan/2023:00:15:45 -0500] "HEAD /BLA/boletinlegal/ HTTP/1.1" 200 -
201.245.192.253 - - [11/Jan/2023:00:18:07 -0500] "POST /kwsrmcab/Wsrmcab  HTTP/1.1" 200 43761
172.22.2.4 - - [11/Jan/2023:00:16:35 -0500] "GET /BLA/boletinlegal/ HTTP/1.1" 200 53337
201.245.192.253 - - [11/Jan/2023:00:18:51 -0500] "POST /kwsrmcab/Wsrmcab HTTP/1.1" 200 43606
201.245.192.253 - - [11/Jan/2023:00:18:54 -0500] "POST /kwsrmcab/Wsrmcab HTTP/1.1" 200 44255
173.252.83.12 - - [11/Jan/2023:00:19:42 -0500] "GET /images/cr\xc3\xb3nica-29-nov-1_optimized.jpeg HTTP/1.1" 404 1034
186.84.22.104 - - [11/Jan/2023:00:19:57 -0500] "GET /galeria/galeria/jquery.fancybox.css?v=2.1.5 HTTP/1.1" 200 4895
186.84.22.104 - - [11/Jan/2023:00:19:57 -0500] "GET /galeria/galeria/jquery.fancybox.js?v=2.1.5 HTTP/1.1" 200 48706
186.84.22.104 - - [11/Jan/2023:00:19:57 -0500] "GET /BLA/boletinlegal/js/jquery.scrollShow.js HTTP/1.1" 200 4586
66.249.73.127 - - [11/Jan/2023:00:20:04 -0500] "-" 408 -
216.245.221.92 - - [11/Jan/2023:00:22:20 -0500] "HEAD / HTTP/1.1" 200 -
201.245.192.253 - - [11/Jan/2023:00:23:07 -0500] "POST /kwsrmcab/Wsrmcab  HTTP/1.1" 200 43761
172.22.2.4 - - [11/Jan/2023:00:21:35 -0500] "HEAD /BLA/boletinlegal/ HTTP/1.1" 200 -
172.22.2.4 - - [11/Jan/2023:00:22:25 -0500] "GET /BLA/boletinlegal/ HTTP/1.1" 200 57192
185.119.81.106 - - [11/Jan/2023:00:24:36 -0500] "GET /portaldeninos/wp-login.php HTTP/1.1" 200 2592
185.119.81.106 - - [11/Jan/2023:00:24:37 -0500] "POST /portaldeninos/wp-login.php HTTP/1.1" 200 3650
190.145.240.68 - - [11/Jan/2023:00:26:33 -0500] "GET /kwssiamovil/sm/acme/a?s=U2FsdGVkX19rx3DymrySGjuQGeW3nZjYjgOI5pAD9Bg/2pYdRtcYPlzidOcz/s0oo1fb4dCHcOvO2PHcmJoLOlMMJKJLWmyqXtdgdIHv0cI+Kz1lHLG8eBOjDT4jm/076KbepuArw3fjFAMz8T21QqbHtvWioMdiJBL/swqxZ1jpNVCjPFj7K27HeLR4MZXJ+aWY3nc/+c6Mf0KNjl17tQyfYg2ho6oDI63na+4uRXgI7RhWc/DdVm00FZp+Ji84bUsq/n4X2QUHrT4y4bJcXQ==&u=U2FsdGVkX183eDAGNE5UWU9MnWMjQDeeOJQW3bi5unM=&y=U2FsdGVkX1/WEo5soiUqYhX7NC+gi+WN2+Qy9wFLU02noPKkUGYm5st/jn6ajnC0 HTTP/1.1" 200 26
190.145.240.68 - - [11/Jan/2023:00:26:33 -0500] "GET /kwssiamovil/sm/acme/a?s=U2FsdGVkX1/aV0pMe8RqgyT8cHRittQFw6LNcKaIahAGgv8gpKLiK7aLwp322mFfEtDxecB7Pt0cYgD/tq+DlqqU4vtC97xAvaLAtYWaMYR2p15GoctXAckp7DHGW2nPEkl+OPCHrr25jzIioqN4pgtX2UtlHIXuA2M6WqBxiA+4P7EjG6otW6ABPvQq114cwlaJ+lupU76rlSJk7jnlF0GNfyBy5M4Y8c8qYNr/SqHfbv82sUlBOnqQOekLw4g05erR+VHa2pZv8s3FCJLgMjCUGpcZJspyEKxlqFp/Ws3D8x6iZL6PGBX3eM9E0htYBTMeGEJfkMlPviZ3pVTUHhagdvPkGRycg62BDbsSSWnna3hW5N8ZJieIelL9iq6Eb8D5aKRjTXDzS4I6XQVg3YsCDEbn8C/EAiEgH6ci/CGWUIEK6S7TrzrN0ClA3Lg/m5bDJirkTX6DBgZfmCGkBF5KnkYDhN8J/3F+j8D6HwPBWSxQ2EjLVD6t6j2OdpBpJy2iMcTSKe9jG8oxwopvMX0jNibedCKAK+56guT/fdSLECyeoEv/fsvIDl/aBZFy5TjHJW6aW636HcRxE6aDDv0XV/tl2W/Yu3xbk2Bi1APkFiIYrXmpVS+bzPtBftw8t8/agBK4omJ2nbuuDHbzwI7BjtAejLOeEDD2DA9yw7bSchTaYtGlFpzmyJqYZ1wirniCm8ms9vstTy5WeFjXalEO4PHNQ7bEpy32fYCFPVlUsXWpSFqGvqfayxB+uH2sBh4IGflZH14MiUfGo+oHacRVxS5Es6mxHNroZIZsQ3c3p9eNHjsJMXtdPY0XeH3+M7EvBrVQk4ws1d27gOFI894f3Hbk4dzIMsbS3rqQcrxgn9SqwkuYPyCeJydaQ7FDl0GnNrtxoZj7e7juWUmnRN2bKbUzkZyJ1tYt9c0ZPUtwlUAa1iFtCC+jAOAFHNzOCiD+BuXfGkq+wku0Az0wJO2igshivLi3uigDlfrFRTT/8fbxXwTp5qxSCyBVjINA+hI8kwrGtJ1Sa/J5loatvnT9YKxtkzzRlpUKt30ZTmD19LV8gw6CzYOQtEH1spGH54S79rNzfYIqch2LmOBSycqWkE7UTC9UwaBSk6oo5S77B8nsOlkQ7rJaA8HLjGstjKXFFGmzbXYMDvPNSarUgjLZ+A+OUlAYoNG8Cdh1Gk6WJRI/MANylY202CzVfm6YkZT18pJQxFIxnd+/UX/A6zDz0ElmDg/JkfJZcebE4IWsZMhTn2iurCz0q1Jy7JkUM64HOl4k9Ou0z+bAUmnjKw97gLIkpnfrg/nzDoEr5Z6UNdCARiJ8AYR9i/a+8OfMnCnc2nBVlShz7zlfE8D5Z0bLRc+0jEpzqaVo2GQlW8qAVZ15zQNtPgx+cHYRV5YGnsgm1xdFGxMOl/P4dFFHKw==&u=U2FsdGVkX183eDAGNE5UWU9MnWMjQDeeOJQW3bi5unM=&y=U2FsdGVkX1/WEo5soiUqYhX7NC+gi+WN2+Qy9wFLU02noPKkUGYm5st/jn6ajnC0 HTTP/1.1" 200 26
190.145.240.68 - - [11/Jan/2023:00:26:33 -0500] "GET /kwssiamovil/sm/acme/a?s=U2FsdGVkX19S+mpoy5IxqZkJeDzmJ/q+dmbEE2yzBsLQO7iCbDVlk6Mli861MXXLb8zGlAhj4KYw/DbLYsK2jRt6WlDpVWj0RR2xX779Pv3bZjIJklNA4UVNe/ljPHfUh0JxqjsQDmy83nmDmqpfDjezjQR2x1Ouip3eDmzgGOQ=&u=U2FsdGVkX183eDAGNE5UWU9MnWMjQDeeOJQW3bi5unM=&y=U2FsdGVkX1/WEo5soiUqYhX7NC+gi+WN2+Qy9wFLU02noPKkUGYm5st/jn6ajnC0 HTTP/1.1" 200 26
190.145.240.68 - - [11/Jan/2023:00:26:34 -0500] "GET /kwssiamovil/sm/acme/a?s=U2FsdGVkX19tNaXiKsTiOT79HYo/VSejga71M75GUjwCoGbzDH1xj2qM4fAMTW5XXodnya4qDwsbvQq4ASD64tmmjHsBwXl4LzyQEtYPvhaF/B3kMdx4fsVdtXNnJWbnqSSu9OP8KwuDE4LHpXPQDRCYAbk477PTHdDaMlpTrHM=&u=U2FsdGVkX183eDAGNE5UWU9MnWMjQDeeOJQW3bi5unM=&y=U2FsdGVkX1/WEo5soiUqYhX7NC+gi+WN2+Qy9wFLU02noPKkUGYm5st/jn6ajnC0 HTTP/1.1" 200 26
190.145.240.68 - - [11/Jan/2023:00:26:34 -0500] "GET /kwssiamovil/sm/acme/a?s=U2FsdGVkX1/M7Le4hjgo44wnM+UJUjYld9t1bWs8rfAN2bp44qYI52IMPZ/WTcCxbN6lYdVIbpQHyQa1sqPRO0bAuiBYRS0NOnlv6w58XoyTuolywKgeabeKOQLH9ACZdV9kYmyxLNlIH+rjqOE+4cyryf3rJeAbL8Lde0K2KDY=&u=U2FsdGVkX183eDAGNE5UWU9MnWMjQDeeOJQW3bi5unM=&y=U2FsdGVkX1/WEo5soiUqYhX7NC+gi+WN2+Qy9wFLU02noPKkUGYm5st/jn6ajnC0 HTTP/1.1" 200 26
190.145.240.68 - - [11/Jan/2023:00:26:34 -0500] "GET /kwssiamovil/sm/acme/a?s=U2FsdGVkX1+1QCPHTpQGAcqH7Y0uJG7CVOYTRogi6VaP++Uw1VtsR2+DAy2teJvXbqNXBVyFmXabwlM5TTO7IvmzUaOMlnOegUGYz7/dy+uc9VKk6gnWIeGHHMZS9SeXaUC45pcbaUIGa1XkXYiuVve0zjb8U5V/PlE87yNKHJWkrptzVwXaczYH/CLJxmaI&u=U2FsdGVkX183eDAGNE5UWU9MnWMjQDeeOJQW3bi5unM=&y=U2FsdGVkX1/WEo5soiUqYhX7NC+gi+WN2+Qy9wFLU02noPKkUGYm5st/jn6ajnC0 HTTP/1.1" 200 26
216.245.221.92 - - [11/Jan/2023:00:27:20 -0500] "HEAD / HTTP/1.1" 200 -
66.249.73.97 - - [11/Jan/2023:00:27:34 -0500] "-" 408 -
201.245.192.253 - - [11/Jan/2023:00:28:07 -0500] "POST /kwsrmcab/Wsrmcab  HTTP/1.1" 200 43761
201.245.192.253 - - [11/Jan/2023:00:28:51 -0500] "POST /kwsrmcab/Wsrmcab HTTP/1.1" 200 43606
201.245.192.253 - - [11/Jan/2023:00:28:54 -0500] "POST /kwsrmcab/Wsrmcab HTTP/1.1" 200 44255
172.22.2.4 - - [11/Jan/2023:00:27:25 -0500] "HEAD /BLA/boletinlegal/ HTTP/1.1" 200 -
172.22.2.4 - - [11/Jan/2023:00:28:15 -0500] "GET /BLA/boletinlegal/ HTTP/1.1" 200 53739
62.210.75.103 - - [11/Jan/2023:00:31:06 -0500] "POST /boaform/admin/formLogin HTTP/1.1" 404 1186
216.245.221.92 - - [11/Jan/2023:00:32:20 -0500] "HEAD / HTTP/1.1" 200 -
201.245.192.253 - - [11/Jan/2023:00:33:06 -0500] "POST /kwsrmcab/Wsrmcab  HTTP/1.1" 200 43761
66.249.73.127 - - [11/Jan/2023:00:33:57 -0500] "-" 408 -
186.28.34.98 - - [11/Jan/2023:00:34:11 -0500] "GET /appsia/controlador HTTP/1.1" 200 4799
186.28.34.98 - - [11/Jan/2023:00:34:11 -0500] "GET /appsia/css/estilos.css HTTP/1.1" 200 4804
186.28.34.98 - - [11/Jan/2023:00:34:11 -0500] "GET /appsia/scripts/validarIngreso.js HTTP/1.1" 200 851
186.28.34.98 - - [11/Jan/2023:00:34:12 -0500] "GET /appsia/images/logo_bogota_p.png HTTP/1.1" 200 14951
186.28.34.98 - - [11/Jan/2023:00:34:11 -0500] "GET /appsia/images/cabezoteHojaVida.png HTTP/1.1" 200 32493
186.28.34.98 - - [11/Jan/2023:00:34:12 -0500] "GET /favicon.ico HTTP/1.1" 200 7782
186.28.34.98 - - [11/Jan/2023:00:34:19 -0500] "POST /appsia/controlador HTTP/1.1" 200 5437
186.28.34.98 - - [11/Jan/2023:00:34:28 -0500] "POST /appsia/controlador HTTP/1.1" 200 7730
186.28.34.98 - - [11/Jan/2023:00:34:28 -0500] "GET /appsia/images/logo_escudo.png HTTP/1.1" 200 36965
172.22.2.4 - - [11/Jan/2023:00:33:15 -0500] "HEAD /BLA/boletinlegal/ HTTP/1.1" 200 -
172.22.2.4 - - [11/Jan/2023:00:34:05 -0500] "GET /BLA/boletinlegal/ HTTP/1.1" 200 55272
216.245.221.92 - - [11/Jan/2023:00:37:20 -0500] "HEAD / HTTP/1.1" 200 -
162.55.175.138 - - [11/Jan/2023:00:37:33 -0500] "GET / HTTP/1.1" 200 319
201.245.192.253 - - [11/Jan/2023:00:38:04 -0500] "POST /kwsrmcab/Wsrmcab  HTTP/1.1" 200 43761
201.245.192.253 - - [11/Jan/2023:00:38:52 -0500] "POST /kwsrmcab/Wsrmcab HTTP/1.1" 200 43606
201.245.192.253 - - [11/Jan/2023:00:38:56 -0500] "POST /kwsrmcab/Wsrmcab HTTP/1.1" 200 44255
172.22.2.4 - - [11/Jan/2023:00:39:05 -0500] "HEAD /BLA/boletinlegal/ HTTP/1.1" 200 -
172.22.2.4 - - [11/Jan/2023:00:39:55 -0500] "GET /BLA/boletinlegal/ HTTP/1.1" 200 56474
66.249.73.127 - - [11/Jan/2023:00:42:15 -0500] "-" 408 -
216.245.221.92 - - [11/Jan/2023:00:42:20 -0500] "HEAD / HTTP/1.1" 200 -
201.245.192.253 - - [11/Jan/2023:00:43:03 -0500] "POST /kwsrmcab/Wsrmcab  HTTP/1.1" 200 43761
172.22.2.4 - - [11/Jan/2023:00:44:55 -0500] "HEAD /BLA/boletinlegal/ HTTP/1.1" 200 -
216.245.221.92 - - [11/Jan/2023:00:47:20 -0500] "HEAD / HTTP/1.1" 200 -
172.22.2.4 - - [11/Jan/2023:00:45:45 -0500] "GET /BLA/boletinlegal/ HTTP/1.1" 200 53739
201.245.192.253 - - [11/Jan/2023:00:48:02 -0500] "POST /kwsrmcab/Wsrmcab  HTTP/1.1" 200 43761
66.249.73.127 - - [11/Jan/2023:00:48:33 -0500] "-" 408 -
139.162.238.243 - - [11/Jan/2023:00:49:31 -0500] "GET / HTTP/1.1" 200 319
216.245.221.92 - - [11/Jan/2023:00:52:19 -0500] "HEAD / HTTP/1.1" 200 -
172.22.2.4 - - [11/Jan/2023:00:50:45 -0500] "HEAD /BLA/boletinlegal/ HTTP/1.1" 200 -
185.119.81.106 - - [11/Jan/2023:00:52:43 -0500] "GET /portaldeninos/wp-login.php HTTP/1.1" 200 2592
185.119.81.106 - - [11/Jan/2023:00:52:44 -0500] "POST /portaldeninos/wp-login.php HTTP/1.1" 200 3670
201.245.192.253 - - [11/Jan/2023:00:53:01 -0500] "POST /kwsrmcab/Wsrmcab  HTTP/1.1" 200 43761
172.22.2.4 - - [11/Jan/2023:00:53:10 -0500] "GET /BLA/boletinlegal/actos.php HTTP/1.1" 200 9566
172.22.2.4 - - [11/Jan/2023:00:51:35 -0500] "GET /BLA/boletinlegal/ HTTP/1.1" 200 58612
66.249.73.127 - - [11/Jan/2023:00:54:31 -0500] "-" 408 -
216.245.221.92 - - [11/Jan/2023:00:57:20 -0500] "HEAD / HTTP/1.1" 200 -
201.245.192.253 - - [11/Jan/2023:00:58:00 -0500] "POST /kwsrmcab/Wsrmcab  HTTP/1.1" 200 43761
172.22.2.4 - - [11/Jan/2023:00:56:35 -0500] "HEAD /BLA/boletinlegal/ HTTP/1.1" 200 -
172.22.2.4 - - [11/Jan/2023:00:57:25 -0500] "GET /BLA/boletinlegal/ HTTP/1.1" 200 59404
66.249.73.127 - - [11/Jan/2023:01:00:25 -0500] "-" 408 -
216.245.221.92 - - [11/Jan/2023:01:02:19 -0500] "HEAD / HTTP/1.1" 200 -
201.245.192.253 - - [11/Jan/2023:01:02:59 -0500] "POST /kwsrmcab/Wsrmcab  HTTP/1.1" 200 43761
172.22.2.4 - - [11/Jan/2023:01:02:25 -0500] "HEAD /BLA/boletinlegal/ HTTP/1.1" 200 -
172.22.2.4 - - [11/Jan/2023:01:03:15 -0500] "GET /BLA/boletinlegal/ HTTP/1.1" 200 57824
216.245.221.92 - - [11/Jan/2023:01:07:19 -0500] "HEAD / HTTP/1.1" 200 -
152.61.192.232 - - [11/Jan/2023:01:07:23 -0500] "GET / HTTP/1.1" 200 319
201.245.192.253 - - [11/Jan/2023:01:07:58 -0500] "POST /kwsrmcab/Wsrmcab  HTTP/1.1" 200 43761
173.252.79.5 - - [11/Jan/2023:01:08:53 -0500] "GET /images/Acuerdos%2001%20(1)%20(1).jpeg HTTP/1.1" 200 32884
172.22.2.4 - - [11/Jan/2023:01:08:15 -0500] "HEAD /BLA/boletinlegal/ HTTP/1.1" 200 -
172.22.2.4 - - [11/Jan/2023:01:09:05 -0500] "GET /BLA/boletinlegal/ HTTP/1.1" 200 59404
216.245.221.92 - - [11/Jan/2023:01:12:19 -0500] "HEAD / HTTP/1.1" 200 -
201.245.192.253 - - [11/Jan/2023:01:12:57 -0500] "POST /kwsrmcab/Wsrmcab  HTTP/1.1" 200 43761
40.77.167.60 - - [11/Jan/2023:01:13:49 -0500] "GET /autoliquidacion2020 HTTP/1.1" 301 250
40.77.167.60 - - [11/Jan/2023:01:13:50 -0500] "GET /autoliquidacion2020/ HTTP/1.1" 200 6146
66.249.73.127 - - [11/Jan/2023:01:15:02 -0500] "-" 408 -
172.22.2.4 - - [11/Jan/2023:01:14:05 -0500] "HEAD /BLA/boletinlegal/ HTTP/1.1" 200 -
172.22.2.4 - - [11/Jan/2023:01:14:07 -0500] "GET /BLA/boletinlegal/ HTTP/1.1" 200 41386
172.22.2.4 - - [11/Jan/2023:01:14:55 -0500] "GET /BLA/boletinlegal/ HTTP/1.1" 200 52079
216.245.221.92 - - [11/Jan/2023:01:17:19 -0500] "HEAD / HTTP/1.1" 200 -
157.55.39.215 - - [11/Jan/2023:01:17:37 -0500] "GET / HTTP/1.1" 200 319
172.22.2.4 - - [11/Jan/2023:01:17:18 -0500] "GET /BLA/boletinlegal/ HTTP/1.1" 200 24523
201.245.192.253 - - [11/Jan/2023:01:17:56 -0500] "POST /kwsrmcab/Wsrmcab  HTTP/1.1" 200 43761
201.245.192.253 - - [11/Jan/2023:01:18:51 -0500] "POST /kwsrmcab/Wsrmcab HTTP/1.1" 200 43436
201.245.192.253 - - [11/Jan/2023:01:18:54 -0500] "POST /kwsrmcab/Wsrmcab HTTP/1.1" 200 44122
172.22.2.4 - - [11/Jan/2023:01:19:55 -0500] "HEAD /BLA/boletinlegal/ HTTP/1.1" 200 -
216.245.221.92 - - [11/Jan/2023:01:22:19 -0500] "HEAD / HTTP/1.1" 200 -
172.22.2.4 - - [11/Jan/2023:01:20:45 -0500] "GET /BLA/boletinlegal/ HTTP/1.1" 200 59404
201.245.192.253 - - [11/Jan/2023:01:22:55 -0500] "POST /kwsrmcab/Wsrmcab  HTTP/1.1" 200 43761
152.61.128.50 - - [11/Jan/2023:01:24:54 -0500] "GET / HTTP/1.1" 200 319
185.119.81.106 - - [11/Jan/2023:01:27:08 -0500] "GET /portaldeninos/wp-login.php HTTP/1.1" 200 2592
185.119.81.106 - - [11/Jan/2023:01:27:09 -0500] "POST /portaldeninos/wp-login.php HTTP/1.1" 200 3650
216.245.221.92 - - [11/Jan/2023:01:27:19 -0500] "HEAD / HTTP/1.1" 200 -
114.119.143.214 - - [11/Jan/2023:01:27:20 -0500] "GET /portaldeninos/wp-content/uploads/useanyfont/uaf.css?ver=1589905315 HTTP/1.1" 200 408
114.119.143.214 - - [11/Jan/2023:01:27:20 -0500] "GET /portaldeninos/wp-content/themes/betheme/style.css?ver=20.9.6 HTTP/1.1" 200 287
114.119.143.214 - - [11/Jan/2023:01:27:20 -0500] "GET /portaldeninos/wp-content/plugins/gallery-videos/CSS/Total-Soft-Gallery-Video-Widget.css?ver=4.9.8 HTTP/1.1" 200 51554
114.119.143.214 - - [11/Jan/2023:01:27:20 -0500] "GET /portaldeninos/wp-content/plugins/gallery-videos/CSS/totalsoft.css?ver=4.9.8 HTTP/1.1" 200 40622
114.119.143.214 - - [11/Jan/2023:01:27:20 -0500] "GET /portaldeninos/wp-content/themes/betheme/css/base.css?ver=20.9.6 HTTP/1.1" 200 57283
114.119.143.214 - - [11/Jan/2023:01:27:22 -0500] "GET /portaldeninos/wp-content/themes/betheme/assets/jplayer/css/jplayer.blue.monday.css?ver=20.9.6 HTTP/1.1" 200 9834
114.119.143.214 - - [11/Jan/2023:01:27:21 -0500] "GET /portaldeninos/wp-content/themes/betheme/assets/animations/animations.min.css?ver=20.9.6 HTTP/1.1" 200 58508
114.119.143.214 - - [11/Jan/2023:01:27:20 -0500] "GET /portaldeninos/wp-content/themes/betheme/css/layout.css?ver=20.9.6 HTTP/1.1" 200 116639
114.119.143.214 - - [11/Jan/2023:01:27:22 -0500] "GET /portaldeninos/wp-content/themes/betheme/assets/ui/jquery.ui.all.css?ver=20.9.6 HTTP/1.1" 200 18765
114.119.143.214 - - [11/Jan/2023:01:27:22 -0500] "GET /portaldeninos/wp-content/plugins/google-analytics-for-wordpress/assets/js/frontend-gtag.min.js?ver=8.5.0 HTTP/1.1" 200 11801
114.119.143.214 - - [11/Jan/2023:01:27:21 -0500] "GET /portaldeninos/wp-content/themes/betheme/css/shortcodes.css?ver=20.9.6 HTTP/1.1" 200 138889
114.119.143.214 - - [11/Jan/2023:01:27:22 -0500] "GET /portaldeninos/wp-content/themes/betheme/css/responsive.css?ver=20.9.6 HTTP/1.1" 200 55740
114.119.143.214 - - [11/Jan/2023:01:27:23 -0500] "GET /portaldeninos/wp-includes/js/jquery/jquery-migrate.min.js?ver=1.4.1 HTTP/1.1" 200 10056
114.119.143.214 - - [11/Jan/2023:01:27:23 -0500] "GET /portaldeninos/wp-includes/js/jquery/ui/core.min.js?ver=1.11.4 HTTP/1.1" 200 4000
114.119.143.214 - - [11/Jan/2023:01:27:23 -0500] "GET /portaldeninos/wp-content/plugins/gallery-videos/JS/modernizr.custom.js?ver=4.9.8 HTTP/1.1" 200 9019
114.119.143.214 - - [11/Jan/2023:01:27:23 -0500] "GET /portaldeninos/wp-includes/js/jquery/jquery.js?ver=1.12.4 HTTP/1.1" 200 97184
114.119.143.214 - - [11/Jan/2023:01:27:24 -0500] "GET /portaldeninos/wp-includes/js/jquery/ui/widget.min.js?ver=1.11.4 HTTP/1.1" 200 6908
114.119.143.214 - - [11/Jan/2023:01:27:24 -0500] "GET /portaldeninos/wp-includes/js/jquery/ui/mouse.min.js?ver=1.11.4 HTTP/1.1" 200 3148
114.119.143.214 - - [11/Jan/2023:01:27:23 -0500] "GET /portaldeninos/wp-content/plugins/gallery-videos/JS/Total-Soft-Gallery-Video-Widget.js?ver=4.9.8 HTTP/1.1" 200 80264
114.119.143.214 - - [11/Jan/2023:01:27:23 -0500] "GET /portaldeninos/wp-includes/js/jquery/ui/sortable.min.js?ver=1.11.4 HTTP/1.1" 200 24899
114.119.143.214 - - [11/Jan/2023:01:27:24 -0500] "GET /portaldeninos/wp-includes/js/jquery/ui/tabs.min.js?ver=1.11.4 HTTP/1.1" 200 12110
114.119.143.214 - - [11/Jan/2023:01:27:24 -0500] "GET /portaldeninos/wp-includes/js/jquery/ui/accordion.min.js?ver=1.11.4 HTTP/1.1" 200 8584
114.119.143.214 - - [11/Jan/2023:01:27:24 -0500] "GET /portaldeninos/wp-content/themes/betheme/assets/animations/animations.min.js?ver=20.9.6 HTTP/1.1" 200 1896
114.119.143.214 - - [11/Jan/2023:01:27:25 -0500] "GET /portaldeninos/wp-content/themes/betheme/js/menu.js?ver=20.9.6 HTTP/1.1" 200 2449
172.22.2.4 - - [11/Jan/2023:01:25:45 -0500] "HEAD /BLA/boletinlegal/ HTTP/1.1" 200 -
114.119.143.214 - - [11/Jan/2023:01:27:25 -0500] "GET /portaldeninos/wp-content/themes/betheme/assets/jplayer/jplayer.min.js?ver=20.9.6 HTTP/1.1" 200 52702
114.119.143.214 - - [11/Jan/2023:01:27:24 -0500] "GET /portaldeninos/wp-content/themes/betheme/js/plugins.js?ver=20.9.6 HTTP/1.1" 200 197151
114.119.143.214 - - [11/Jan/2023:01:27:26 -0500] "GET /portaldeninos/wp-includes/js/wp-embed.min.js?ver=4.9.8 HTTP/1.1" 200 1398
114.119.143.214 - - [11/Jan/2023:01:27:25 -0500] "GET /portaldeninos/wp-content/themes/betheme/js/scripts.js?ver=20.9.6 HTTP/1.1" 200 77162
114.119.143.214 - - [11/Jan/2023:01:27:27 -0500] "GET /portaldeninos/wp-includes/js/wp-emoji-release.min.js?ver=4.9.8 HTTP/1.1" 200 12026
201.245.192.253 - - [11/Jan/2023:01:27:54 -0500] "POST /kwsrmcab/Wsrmcab  HTTP/1.1" 200 43761
172.22.2.4 - - [11/Jan/2023:01:26:35 -0500] "GET /BLA/boletinlegal/ HTTP/1.1" 200 59404
201.245.192.253 - - [11/Jan/2023:01:28:51 -0500] "POST /kwsrmcab/Wsrmcab HTTP/1.1" 200 43436
201.245.192.253 - - [11/Jan/2023:01:28:54 -0500] "POST /kwsrmcab/Wsrmcab HTTP/1.1" 200 44122
185.119.81.101 - - [11/Jan/2023:01:29:00 -0500] "GET /portaldeninos/wp-login.php HTTP/1.1" 200 2592
185.119.81.101 - - [11/Jan/2023:01:29:01 -0500] "POST /portaldeninos/wp-login.php HTTP/1.1" 200 3605
40.77.202.119 - - [11/Jan/2023:01:29:44 -0500] "GET /dlf/styles.css HTTP/1.1" 404 1018
173.252.127.18 - - [11/Jan/2023:01:31:36 -0500] "GET /images/Aire%20Reyes%20(1)%20(1).jpeg HTTP/1.1" 200 59709
173.252.127.22 - - [11/Jan/2023:01:31:42 -0500] "GET /images/mantener-calidad-del-aire_optimized.jpeg HTTP/1.1" 200 67646
216.245.221.92 - - [11/Jan/2023:01:32:19 -0500] "HEAD / HTTP/1.1" 200 -
201.245.192.253 - - [11/Jan/2023:01:32:53 -0500] "POST /kwsrmcab/Wsrmcab  HTTP/1.1" 200 43761
172.22.2.4 - - [11/Jan/2023:01:31:34 -0500] "HEAD /BLA/boletinlegal/ HTTP/1.1" 200 -
172.22.2.4 - - [11/Jan/2023:01:32:25 -0500] "GET /BLA/boletinlegal/ HTTP/1.1" 200 58185
18.212.232.146 - - [11/Jan/2023:01:35:22 -0500] "GET /secretaria-de-ambiente-hace-seguimiento-a-la-calidad-del-aire-producto-de-incendio-a-las-afueras-de-bogota.html HTTP/1.1" 200 922
34.233.122.110 - - [11/Jan/2023:01:35:22 -0500] "GET /durante-el-puente-de-reyes-y-en-el-regreso-a-bogota-ayuda-a-mantener-una-buena-calidad-del-aire.html HTTP/1.1" 200 991
216.245.221.92 - - [11/Jan/2023:01:37:20 -0500] "HEAD / HTTP/1.1" 200 -
201.245.192.253 - - [11/Jan/2023:01:37:52 -0500] "POST /kwsrmcab/Wsrmcab  HTTP/1.1" 200 43761
201.245.192.253 - - [11/Jan/2023:01:38:52 -0500] "POST /kwsrmcab/Wsrmcab HTTP/1.1" 200 43436
201.245.192.253 - - [11/Jan/2023:01:38:54 -0500] "POST /kwsrmcab/Wsrmcab HTTP/1.1" 200 44122
172.22.2.4 - - [11/Jan/2023:01:37:24 -0500] "HEAD /BLA/boletinlegal/ HTTP/1.1" 200 -
172.22.2.4 - - [11/Jan/2023:01:38:15 -0500] "GET /BLA/boletinlegal/ HTTP/1.1" 200 56474
216.245.221.92 - - [11/Jan/2023:01:42:19 -0500] "HEAD / HTTP/1.1" 200 -
201.245.192.253 - - [11/Jan/2023:01:42:50 -0500] "POST /kwsrmcab/Wsrmcab  HTTP/1.1" 200 43761
185.119.81.101 - - [11/Jan/2023:01:43:51 -0500] "GET /portaldeninos/wp-login.php HTTP/1.1" 200 2592
185.119.81.101 - - [11/Jan/2023:01:43:52 -0500] "POST /portaldeninos/wp-login.php HTTP/1.1" 200 3650
103.118.47.226 - - [11/Jan/2023:01:44:21 -0500] "GET / HTTP/1.1" 200 319
172.22.2.4 - - [11/Jan/2023:01:43:14 -0500] "HEAD /BLA/boletinlegal/ HTTP/1.1" 200 -
152.61.192.232 - - [11/Jan/2023:01:45:25 -0500] "GET /arcgis/services/Calidad_del_Agua_WQI/MapServer/WMSServer?request=GetCapabilities&service=WMS HTTP/1.1" 503 1020
185.119.81.101 - - [11/Jan/2023:01:45:26 -0500] "GET /portaldeninos/wp-login.php HTTP/1.1" 200 2592
152.61.192.232 - - [11/Jan/2023:01:45:26 -0500] "GET /arcgis/services/Calidad_del_Agua_WQI/MapServer/WMSServer?SERVICE=WMS&REQUEST=GetCapabilities HTTP/1.1" 503 1020
152.61.192.232 - - [11/Jan/2023:01:45:26 -0500] "GET /arcgis/services/Calidad_del_Agua_WQI/MapServer/WMSServer?WMTVER=1.0.0&REQUEST=capabilities HTTP/1.1" 503 1020
185.119.81.101 - - [11/Jan/2023:01:45:27 -0500] "POST /portaldeninos/wp-login.php HTTP/1.1" 200 3670
172.22.2.4 - - [11/Jan/2023:01:44:05 -0500] "GET /BLA/boletinlegal/ HTTP/1.1" 200 57192
216.245.221.92 - - [11/Jan/2023:01:47:19 -0500] "HEAD / HTTP/1.1" 200 -
201.245.192.253 - - [11/Jan/2023:01:47:49 -0500] "POST /kwsrmcab/Wsrmcab  HTTP/1.1" 200 43761
172.22.2.4 - - [11/Jan/2023:01:49:04 -0500] "HEAD /BLA/boletinlegal/ HTTP/1.1" 200 -
172.22.2.4 - - [11/Jan/2023:01:49:55 -0500] "GET /BLA/boletinlegal/ HTTP/1.1" 200 54452
216.245.221.92 - - [11/Jan/2023:01:52:19 -0500] "HEAD / HTTP/1.1" 200 -
201.245.192.253 - - [11/Jan/2023:01:52:48 -0500] "POST /kwsrmcab/Wsrmcab  HTTP/1.1" 200 43761
172.22.2.4 - - [11/Jan/2023:01:54:54 -0500] "HEAD /BLA/boletinlegal/ HTTP/1.1" 200 -
216.245.221.92 - - [11/Jan/2023:01:57:19 -0500] "HEAD / HTTP/1.1" 200 -
172.22.2.4 - - [11/Jan/2023:01:55:45 -0500] "GET /BLA/boletinlegal/ HTTP/1.1" 200 58185
201.245.192.253 - - [11/Jan/2023:01:57:47 -0500] "POST /kwsrmcab/Wsrmcab  HTTP/1.1" 200 43761
113.142.141.105 - - [11/Jan/2023:01:59:20 -0500] "GET /portaldeninos HTTP/1.1" 404 1035
216.245.221.92 - - [11/Jan/2023:02:02:20 -0500] "HEAD / HTTP/1.1" 200 -
172.22.2.4 - - [11/Jan/2023:02:00:44 -0500] "HEAD /BLA/boletinlegal/ HTTP/1.1" 200 -
201.245.192.253 - - [11/Jan/2023:02:02:46 -0500] "POST /kwsrmcab/Wsrmcab  HTTP/1.1" 200 43761
172.22.2.4 - - [11/Jan/2023:02:01:35 -0500] "GET /BLA/boletinlegal/ HTTP/1.1" 200 53337
185.119.81.106 - - [11/Jan/2023:02:04:12 -0500] "GET /portaldeninos/wp-login.php HTTP/1.1" 200 2592
185.119.81.106 - - [11/Jan/2023:02:04:13 -0500] "POST /portaldeninos/wp-login.php HTTP/1.1" 200 3605
152.61.128.50 - - [11/Jan/2023:02:04:46 -0500] "GET /arcgis/services/Calidad_del_Agua_WQI/MapServer/WMSServer?request=GetCapabilities&service=WMS HTTP/1.1" 503 1020
152.61.128.50 - - [11/Jan/2023:02:04:47 -0500] "GET /arcgis/services/Calidad_del_Agua_WQI/MapServer/WMSServer?SERVICE=WMS&REQUEST=GetCapabilities HTTP/1.1" 503 1020
152.61.128.50 - - [11/Jan/2023:02:04:47 -0500] "GET /arcgis/services/Calidad_del_Agua_WQI/MapServer/WMSServer?WMTVER=1.0.0&REQUEST=capabilities HTTP/1.1" 503 1020
66.249.73.97 - - [11/Jan/2023:02:04:57 -0500] "-" 408 -
216.245.221.92 - - [11/Jan/2023:02:07:19 -0500] "HEAD / HTTP/1.1" 200 -
201.245.192.253 - - [11/Jan/2023:02:07:45 -0500] "POST /kwsrmcab/Wsrmcab  HTTP/1.1" 200 43761
172.22.2.4 - - [11/Jan/2023:02:08:12 -0500] "GET /BLA/boletinlegal/ReportServer HTTP/1.1" 404 1018
172.22.2.4 - - [11/Jan/2023:02:06:34 -0500] "HEAD /BLA/boletinlegal/ HTTP/1.1" 200 -
172.22.2.4 - - [11/Jan/2023:02:08:33 -0500] "GET /BLA/boletinlegal/login HTTP/1.1" 404 1018
172.22.2.4 - - [11/Jan/2023:02:07:25 -0500] "GET /BLA/boletinlegal/ HTTP/1.1" 200 58612
173.252.107.12 - - [11/Jan/2023:02:09:10 -0500] "GET /images/reunion-planta-termovalorizacion-11-mayo.jpg HTTP/1.1" 200 34782
185.119.81.106 - - [11/Jan/2023:02:09:59 -0500] "GET /portaldeninos/wp-login.php HTTP/1.1" 200 2592
185.119.81.106 - - [11/Jan/2023:02:10:00 -0500] "POST /portaldeninos/wp-login.php HTTP/1.1" 200 3605
216.245.221.92 - - [11/Jan/2023:02:12:19 -0500] "HEAD / HTTP/1.1" 200 -
201.245.192.253 - - [11/Jan/2023:02:12:44 -0500] "POST /kwsrmcab/Wsrmcab  HTTP/1.1" 200 43761
66.102.8.181 - - [11/Jan/2023:02:12:47 -0500] "GET /galeria/galeria/fotos/Movilizacion13G.jpg HTTP/1.1" 200 120282
172.22.2.4 - - [11/Jan/2023:02:12:24 -0500] "HEAD /BLA/boletinlegal/ HTTP/1.1" 200 -
172.22.2.4 - - [11/Jan/2023:02:13:15 -0500] "GET /BLA/boletinlegal/ HTTP/1.1" 200 52453
216.245.221.92 - - [11/Jan/2023:02:17:19 -0500] "HEAD / HTTP/1.1" 200 -
172.22.2.4 - - [11/Jan/2023:02:17:37 -0500] "GET /BLA/boletinlegal/xmlrpc.php HTTP/1.1" 404 1038
201.245.192.253 - - [11/Jan/2023:02:17:43 -0500] "POST /kwsrmcab/Wsrmcab  HTTP/1.1" 200 43761
201.245.192.253 - - [11/Jan/2023:02:18:51 -0500] "POST /kwsrmcab/Wsrmcab HTTP/1.1" 200 43434
201.245.192.253 - - [11/Jan/2023:02:18:53 -0500] "POST /kwsrmcab/Wsrmcab HTTP/1.1" 200 44275
66.249.73.97 - - [11/Jan/2023:02:19:06 -0500] "-" 408 -
172.22.2.4 - - [11/Jan/2023:02:18:14 -0500] "HEAD /BLA/boletinlegal/ HTTP/1.1" 200 -
172.22.2.4 - - [11/Jan/2023:02:19:05 -0500] "GET /BLA/boletinlegal/ HTTP/1.1" 200 54452
216.245.221.92 - - [11/Jan/2023:02:22:19 -0500] "HEAD / HTTP/1.1" 200 -
201.245.192.253 - - [11/Jan/2023:02:22:42 -0500] "POST /kwsrmcab/Wsrmcab  HTTP/1.1" 200 43761
69.63.184.116 - - [11/Jan/2023:02:24:33 -0500] "GET /images/Aire%20Reyes%20(1)%20(1).jpeg HTTP/1.1" 200 59709
172.22.2.4 - - [11/Jan/2023:02:24:04 -0500] "HEAD /BLA/boletinlegal/ HTTP/1.1" 200 -
185.119.81.101 - - [11/Jan/2023:02:25:58 -0500] "GET /portaldeninos/wp-login.php HTTP/1.1" 200 2592
185.119.81.101 - - [11/Jan/2023:02:25:59 -0500] "POST /portaldeninos/wp-login.php HTTP/1.1" 200 3605
141.94.240.210 - - [11/Jan/2023:02:26:33 -0500] "GET /.env HTTP/1.1" 404 1043
141.94.240.210 - - [11/Jan/2023:02:26:34 -0500] "POST / HTTP/1.1" 200 319
172.22.2.4 - - [11/Jan/2023:02:24:55 -0500] "GET /BLA/boletinlegal/ HTTP/1.1" 200 53739
216.245.221.92 - - [11/Jan/2023:02:27:19 -0500] "HEAD / HTTP/1.1" 200 -
201.245.192.253 - - [11/Jan/2023:02:27:41 -0500] "POST /kwsrmcab/Wsrmcab  HTTP/1.1" 200 43761
201.245.192.253 - - [11/Jan/2023:02:28:51 -0500] "POST /kwsrmcab/Wsrmcab HTTP/1.1" 200 43434
201.245.192.253 - - [11/Jan/2023:02:28:54 -0500] "POST /kwsrmcab/Wsrmcab HTTP/1.1" 200 44275
172.22.2.4 - - [11/Jan/2023:02:29:54 -0500] "HEAD /BLA/boletinlegal/ HTTP/1.1" 200 -
172.22.2.4 - - [11/Jan/2023:02:31:02 -0500] "GET /BLA/boletinlegal/ HTTP/1.1" 200 32715
216.245.221.92 - - [11/Jan/2023:02:32:19 -0500] "HEAD / HTTP/1.1" 200 -
172.22.2.4 - - [11/Jan/2023:02:30:45 -0500] "GET /BLA/boletinlegal/ HTTP/1.1" 200 54100
201.245.192.253 - - [11/Jan/2023:02:32:40 -0500] "POST /kwsrmcab/Wsrmcab  HTTP/1.1" 200 43761
157.55.39.201 - - [11/Jan/2023:02:33:15 -0500] "GET /galeria/galeria/fotos/4humedal-Burro4G.jpg HTTP/1.1" 200 98452
207.46.13.83 - - [11/Jan/2023:02:33:31 -0500] "GET / HTTP/1.1" 200 319
172.22.2.4 - - [11/Jan/2023:02:34:59 -0500] "GET /BLA/boletinlegal/favicon.ico HTTP/1.1" 404 1037
104.248.48.105 - - [11/Jan/2023:02:36:16 -0500] "GET /BLA/boletinlegal/Directivas/2022/DIRECTIVA%20No.%2000001%20DEL%2015%20DE%20JUNIO%20DEL%202022.pdf HTTP/1.1" 200 290944
216.245.221.92 - - [11/Jan/2023:02:37:19 -0500] "HEAD / HTTP/1.1" 200 -
172.22.2.4 - - [11/Jan/2023:02:35:44 -0500] "HEAD /BLA/boletinlegal/ HTTP/1.1" 200 -
201.245.192.253 - - [11/Jan/2023:02:37:39 -0500] "POST /kwsrmcab/Wsrmcab  HTTP/1.1" 200 43761
172.22.2.4 - - [11/Jan/2023:02:36:35 -0500] "GET /BLA/boletinlegal/ HTTP/1.1" 200 57192
201.245.192.253 - - [11/Jan/2023:02:38:51 -0500] "POST /kwsrmcab/Wsrmcab HTTP/1.1" 200 43434
201.245.192.253 - - [11/Jan/2023:02:38:53 -0500] "POST /kwsrmcab/Wsrmcab HTTP/1.1" 200 44275
128.14.136.18 - - [11/Jan/2023:02:39:14 -0500] "GET /portaldeninos/ HTTP/1.1" 200 110197
216.245.221.92 - - [11/Jan/2023:02:42:19 -0500] "HEAD / HTTP/1.1" 200 -
201.245.192.253 - - [11/Jan/2023:02:42:38 -0500] "POST /kwsrmcab/Wsrmcab  HTTP/1.1" 200 43761
172.22.2.4 - - [11/Jan/2023:02:41:34 -0500] "HEAD /BLA/boletinlegal/ HTTP/1.1" 200 -
172.22.2.4 - - [11/Jan/2023:02:42:25 -0500] "GET /BLA/boletinlegal/ HTTP/1.1" 200 57824
216.245.221.92 - - [11/Jan/2023:02:47:19 -0500] "HEAD / HTTP/1.1" 200 -
201.245.192.253 - - [11/Jan/2023:02:47:37 -0500] "POST /kwsrmcab/Wsrmcab  HTTP/1.1" 200 43761
172.22.2.4 - - [11/Jan/2023:02:47:24 -0500] "HEAD /BLA/boletinlegal/ HTTP/1.1" 200 -
92.118.39.29 - - [11/Jan/2023:02:49:54 -0500] "GET / HTTP/1.1" 200 319
172.22.2.4 - - [11/Jan/2023:02:48:15 -0500] "GET /BLA/boletinlegal/ HTTP/1.1" 200 59035
192.241.210.11 - - [11/Jan/2023:02:51:57 -0500] "MGLNDD_190.27.245.106_80" 501 953
216.245.221.92 - - [11/Jan/2023:02:52:19 -0500] "HEAD / HTTP/1.1" 200 -
201.245.192.253 - - [11/Jan/2023:02:52:36 -0500] "POST /kwsrmcab/Wsrmcab  HTTP/1.1" 200 43761
172.22.2.4 - - [11/Jan/2023:02:53:14 -0500] "HEAD /BLA/boletinlegal/ HTTP/1.1" 200 -
172.22.2.4 - - [11/Jan/2023:02:54:05 -0500] "GET /BLA/boletinlegal/ HTTP/1.1" 200 56079
216.245.221.92 - - [11/Jan/2023:02:57:19 -0500] "HEAD / HTTP/1.1" 200 -
201.245.192.253 - - [11/Jan/2023:02:57:34 -0500] "POST /kwsrmcab/Wsrmcab  HTTP/1.1" 200 43761
185.224.128.219 - - [11/Jan/2023:02:58:42 -0500] "\x16\x03\x01\x02" 400 226
172.22.2.4 - - [11/Jan/2023:02:59:04 -0500] "HEAD /BLA/boletinlegal/ HTTP/1.1" 200 -
172.22.2.4 - - [11/Jan/2023:02:59:54 -0500] "GET /BLA/boletinlegal/ HTTP/1.1" 200 54816
216.245.221.92 - - [11/Jan/2023:03:02:19 -0500] "HEAD / HTTP/1.1" 200 -
201.245.192.253 - - [11/Jan/2023:03:02:34 -0500] "POST /kwsrmcab/Wsrmcab  HTTP/1.1" 200 43761
185.119.81.106 - - [11/Jan/2023:03:02:37 -0500] "GET /portaldeninos/wp-login.php HTTP/1.1" 200 2592
185.119.81.106 - - [11/Jan/2023:03:02:38 -0500] "POST /portaldeninos/wp-login.php HTTP/1.1" 200 3650
185.224.128.219 - - [11/Jan/2023:03:03:00 -0500] "GET /admin/assets/js/views/login.js HTTP/1.1" 404 1018
66.249.73.127 - - [11/Jan/2023:03:03:18 -0500] "-" 408 -
8.218.166.147 - - [11/Jan/2023:03:04:51 -0500] "GET /galeria/galeria/fotos/Humedal-Tibanica3P.jpg HTTP/1.1" 200 28016
185.224.128.219 - - [11/Jan/2023:03:06:03 -0500] "\x16\x03\x01\x02" 400 226
172.22.2.4 - - [11/Jan/2023:03:04:54 -0500] "HEAD /BLA/boletinlegal/ HTTP/1.1" 200 -
216.245.221.92 - - [11/Jan/2023:03:07:19 -0500] "HEAD / HTTP/1.1" 200 -
172.22.2.4 - - [11/Jan/2023:03:05:44 -0500] "GET /BLA/boletinlegal/ HTTP/1.1" 200 53337
201.245.192.253 - - [11/Jan/2023:03:07:32 -0500] "POST /kwsrmcab/Wsrmcab  HTTP/1.1" 200 43761
185.224.128.219 - - [11/Jan/2023:03:11:24 -0500] "\x16\x03\x01\x02" 400 226
216.245.221.92 - - [11/Jan/2023:03:12:19 -0500] "HEAD / HTTP/1.1" 200 -
172.22.2.4 - - [11/Jan/2023:03:10:44 -0500] "HEAD /BLA/boletinlegal/ HTTP/1.1" 200 -
201.245.192.253 - - [11/Jan/2023:03:12:31 -0500] "POST /kwsrmcab/Wsrmcab  HTTP/1.1" 200 43761
172.22.2.4 - - [11/Jan/2023:03:11:35 -0500] "GET /BLA/boletinlegal/ HTTP/1.1" 200 57192
172.22.2.4 - - [11/Jan/2023:03:13:17 -0500] "GET /BLA/boletinlegal/owa/auth/logon.aspx?url=https%3a%2f%2f1%2fecp%2f HTTP/1.1" 404 1018
185.224.128.219 - - [11/Jan/2023:03:16:23 -0500] "\x16\x03\x01\x02" 400 226
216.245.221.92 - - [11/Jan/2023:03:17:19 -0500] "HEAD / HTTP/1.1" 200 -
201.245.192.253 - - [11/Jan/2023:03:17:30 -0500] "POST /kwsrmcab/Wsrmcab  HTTP/1.1" 200 43761
172.22.2.4 - - [11/Jan/2023:03:16:34 -0500] "HEAD /BLA/boletinlegal/ HTTP/1.1" 200 -
172.22.2.4 - - [11/Jan/2023:03:18:38 -0500] "GET /BLA/boletinlegal/robots.txt HTTP/1.1" 404 1038
201.245.192.253 - - [11/Jan/2023:03:18:51 -0500] "POST /kwsrmcab/Wsrmcab HTTP/1.1" 200 42822
201.245.192.253 - - [11/Jan/2023:03:18:54 -0500] "POST /kwsrmcab/Wsrmcab HTTP/1.1" 200 44277
172.22.2.4 - - [11/Jan/2023:03:17:25 -0500] "GET /BLA/boletinlegal/ HTTP/1.1" 200 56079
128.14.141.34 - - [11/Jan/2023:03:19:24 -0500] "GET / HTTP/1.1" 200 319
172.22.2.4 - - [11/Jan/2023:03:18:40 -0500] "GET /BLA/boletinlegal/index.php HTTP/1.1" 200 58612
216.245.221.92 - - [11/Jan/2023:03:22:19 -0500] "HEAD / HTTP/1.1" 200 -
201.245.192.253 - - [11/Jan/2023:03:22:29 -0500] "POST /kwsrmcab/Wsrmcab  HTTP/1.1" 200 43761
66.249.73.100 - - [11/Jan/2023:03:22:46 -0500] "-" 408 -
172.22.2.4 - - [11/Jan/2023:03:22:24 -0500] "HEAD /BLA/boletinlegal/ HTTP/1.1" 200 -
168.119.253.61 - - [11/Jan/2023:03:24:08 -0500] "GET / HTTP/1.1" 200 319
172.22.2.4 - - [11/Jan/2023:03:23:15 -0500] "GET /BLA/boletinlegal/ HTTP/1.1" 200 53739
172.22.2.4 - - [11/Jan/2023:03:25:10 -0500] "GET /BLA/boletinlegal/ HTTP/1.1" 200 32715
216.245.221.92 - - [11/Jan/2023:03:27:19 -0500] "HEAD / HTTP/1.1" 200 -
201.245.192.253 - - [11/Jan/2023:03:27:27 -0500] "POST /kwsrmcab/Wsrmcab  HTTP/1.1" 200 43761
201.245.192.253 - - [11/Jan/2023:03:28:51 -0500] "POST /kwsrmcab/Wsrmcab HTTP/1.1" 200 42822
201.245.192.253 - - [11/Jan/2023:03:28:54 -0500] "POST /kwsrmcab/Wsrmcab HTTP/1.1" 200 44277
172.22.2.4 - - [11/Jan/2023:03:28:14 -0500] "HEAD /BLA/boletinlegal/ HTTP/1.1" 200 -
172.22.2.4 - - [11/Jan/2023:03:29:04 -0500] "GET /BLA/boletinlegal/ HTTP/1.1" 200 57192
216.245.221.92 - - [11/Jan/2023:03:32:19 -0500] "HEAD / HTTP/1.1" 200 -
201.245.192.253 - - [11/Jan/2023:03:32:26 -0500] "POST /kwsrmcab/Wsrmcab  HTTP/1.1" 200 43761
172.22.2.4 - - [11/Jan/2023:03:34:04 -0500] "HEAD /BLA/boletinlegal/ HTTP/1.1" 200 -
172.22.2.4 - - [11/Jan/2023:03:34:55 -0500] "GET /BLA/boletinlegal/ HTTP/1.1" 200 59404
216.245.221.92 - - [11/Jan/2023:03:37:19 -0500] "HEAD / HTTP/1.1" 200 -
201.245.192.253 - - [11/Jan/2023:03:37:23 -0500] "POST /kwsrmcab/Wsrmcab  HTTP/1.1" 200 43761
201.245.192.253 - - [11/Jan/2023:03:38:51 -0500] "POST /kwsrmcab/Wsrmcab HTTP/1.1" 200 42822
201.245.192.253 - - [11/Jan/2023:03:38:53 -0500] "POST /kwsrmcab/Wsrmcab HTTP/1.1" 200 44277
138.201.157.89 - - [11/Jan/2023:03:41:19 -0500] "GET / HTTP/1.1" 200 319
172.22.2.4 - - [11/Jan/2023:03:39:54 -0500] "HEAD /BLA/boletinlegal/ HTTP/1.1" 200 -
216.245.221.92 - - [11/Jan/2023:03:42:19 -0500] "HEAD / HTTP/1.1" 200 -
201.245.192.253 - - [11/Jan/2023:03:42:22 -0500] "POST /kwsrmcab/Wsrmcab  HTTP/1.1" 200 43761
172.22.2.4 - - [11/Jan/2023:03:40:44 -0500] "GET /BLA/boletinlegal/ HTTP/1.1" 200 57192
172.22.2.4 - - [11/Jan/2023:03:42:27 -0500] "GET /BLA/boletinlegal/jurisprudencia/analisis/AnalisisT-095-16.docx HTTP/1.1" 304 -
157.55.39.180 - - [11/Jan/2023:03:44:56 -0500] "GET / HTTP/1.1" 200 319
216.245.221.92 - - [11/Jan/2023:03:47:19 -0500] "HEAD / HTTP/1.1" 200 -
201.245.192.253 - - [11/Jan/2023:03:47:21 -0500] "POST /kwsrmcab/Wsrmcab  HTTP/1.1" 200 43761
172.22.2.4 - - [11/Jan/2023:03:46:02 -0500] "GET /BLA/boletinlegal/ HTTP/1.1" 200 36811
172.22.2.4 - - [11/Jan/2023:03:45:44 -0500] "HEAD /BLA/boletinlegal/ HTTP/1.1" 200 -
172.22.2.4 - - [11/Jan/2023:03:46:34 -0500] "GET /BLA/boletinlegal/ HTTP/1.1" 200 53739
66.249.73.100 - - [11/Jan/2023:03:49:05 -0500] "-" 408 -
40.77.167.70 - - [11/Jan/2023:03:51:55 -0500] "GET / HTTP/1.1" 200 4720
31.13.127.22 - - [11/Jan/2023:03:52:03 -0500] "GET /images/Acuerdos%2001%20(1)%20(1).jpeg HTTP/1.1" 200 32884
216.245.221.92 - - [11/Jan/2023:03:52:19 -0500] "HEAD / HTTP/1.1" 200 -
201.245.192.253 - - [11/Jan/2023:03:52:19 -0500] "POST /kwsrmcab/Wsrmcab  HTTP/1.1" 200 43761
172.22.2.4 - - [11/Jan/2023:03:51:34 -0500] "HEAD /BLA/boletinlegal/ HTTP/1.1" 200 -
162.55.37.179 - - [11/Jan/2023:03:54:01 -0500] "GET / HTTP/1.1" 200 319
172.22.2.4 - - [11/Jan/2023:03:52:24 -0500] "GET /BLA/boletinlegal/ HTTP/1.1" 200 52942
216.245.221.92 - - [11/Jan/2023:03:57:19 -0500] "HEAD / HTTP/1.1" 200 -
201.245.192.253 - - [11/Jan/2023:03:57:18 -0500] "POST /kwsrmcab/Wsrmcab  HTTP/1.1" 200 43761
172.22.2.4 - - [11/Jan/2023:03:57:24 -0500] "HEAD /BLA/boletinlegal/ HTTP/1.1" 200 -
172.22.2.4 - - [11/Jan/2023:03:58:14 -0500] "GET /BLA/boletinlegal/ HTTP/1.1" 200 59404
181.50.142.205 - - [11/Jan/2023:04:00:48 -0500] "GET /sipse/faces/faces/index.xhtml HTTP/1.1" 200 677
181.50.142.205 - - [11/Jan/2023:04:00:49 -0500] "GET /sipse/faces/javax.faces.resource/theme.css?ln=primefaces-sipse HTTP/1.1" 304 -
181.50.142.205 - - [11/Jan/2023:04:00:49 -0500] "GET /sipse/faces/faces/faces/autenticacion.xhtml HTTP/1.1" 200 12182
181.50.142.205 - - [11/Jan/2023:04:00:49 -0500] "GET /sipse/faces/javax.faces.resource/theme.css?ln=primefaces-sipse HTTP/1.1" 304 -
181.50.142.205 - - [11/Jan/2023:04:00:49 -0500] "GET /sipse/css/custom_css_sg_prime_login.css HTTP/1.1" 304 -
181.50.142.205 - - [11/Jan/2023:04:00:49 -0500] "GET /sipse/faces/javax.faces.resource/layout/layout.css?ln=primefaces&v=4.0 HTTP/1.1" 304 -
181.50.142.205 - - [11/Jan/2023:04:00:49 -0500] "GET /sipse/faces/javax.faces.resource/primefaces.css?ln=primefaces&v=4.0 HTTP/1.1" 304 -
181.50.142.205 - - [11/Jan/2023:04:00:49 -0500] "GET /sipse/css/custom_css_sg.css HTTP/1.1" 304 -
181.50.142.205 - - [11/Jan/2023:04:00:49 -0500] "GET /sipse/js/funciones.js HTTP/1.1" 304 -
181.50.142.205 - - [11/Jan/2023:04:00:49 -0500] "GET /sipse/js/disable_browser_buttons.js HTTP/1.1" 304 -
181.50.142.205 - - [11/Jan/2023:04:00:49 -0500] "GET /sipse/faces/javax.faces.resource/jquery/jquery.js?ln=primefaces&v=4.0 HTTP/1.1" 304 -
181.50.142.205 - - [11/Jan/2023:04:00:49 -0500] "GET /sipse/faces/javax.faces.resource/layout/layout.js?ln=primefaces&v=4.0 HTTP/1.1" 304 -
181.50.142.205 - - [11/Jan/2023:04:00:49 -0500] "GET /sipse/faces/javax.faces.resource/primefaces.js?ln=primefaces&v=4.0 HTTP/1.1" 304 -
181.50.142.205 - - [11/Jan/2023:04:00:49 -0500] "GET /sipse/faces/javax.faces.resource/jquery/jquery-plugins.js?ln=primefaces&v=4.0 HTTP/1.1" 304 -
181.50.142.205 - - [11/Jan/2023:04:00:50 -0500] "GET /sipse/css/imagen/loginimg.png HTTP/1.1" 304 -
181.50.142.205 - - [11/Jan/2023:04:00:50 -0500] "GET /sipse/faces/javax.faces.resource/images/ui-icons_898989_256x240.png?ln=primefaces-aristo HTTP/1.1" 200 5355
181.50.142.205 - - [11/Jan/2023:04:00:55 -0500] "POST /sipse/faces/autenticacion.xhtml HTTP/1.1" 200 2228
181.50.142.205 - - [11/Jan/2023:04:00:55 -0500] "GET /sipse/faces/javax.faces.resource/messages/messages.png?ln=primefaces&v=4.0 HTTP/1.1" 304 -
181.50.142.205 - - [11/Jan/2023:04:00:56 -0500] "POST /sipse/faces/autenticacion.xhtml HTTP/1.1" 200 16305
181.50.142.205 - - [11/Jan/2023:04:00:57 -0500] "GET /sipse/faces/javax.faces.resource/primefaces.css?ln=primefaces&v=4.0 HTTP/1.1" 304 -
181.50.142.205 - - [11/Jan/2023:04:00:57 -0500] "GET /sipse/js/jquery.min.js HTTP/1.1" 304 -
181.50.142.205 - - [11/Jan/2023:04:00:57 -0500] "GET /sipse/css/custom_css_sg_prime.css HTTP/1.1" 304 -
181.50.142.205 - - [11/Jan/2023:04:00:57 -0500] "GET /sipse/faces/javax.faces.resource/theme.css?ln=primefaces-sipse HTTP/1.1" 304 -
181.50.142.205 - - [11/Jan/2023:04:00:57 -0500] "GET /sipse/faces/javax.faces.resource/layout/layout.css?ln=primefaces&v=4.0 HTTP/1.1" 304 -
181.50.142.205 - - [11/Jan/2023:04:00:57 -0500] "GET /sipse/faces/javax.faces.resource/jquery/jquery.js?ln=primefaces&v=4.0 HTTP/1.1" 304 -
181.50.142.205 - - [11/Jan/2023:04:00:57 -0500] "GET /sipse/faces/javax.faces.resource/jquery/jquery-plugins.js?ln=primefaces&v=4.0 HTTP/1.1" 304 -
181.50.142.205 - - [11/Jan/2023:04:00:57 -0500] "GET /sipse/faces/javax.faces.resource/primefaces.js?ln=primefaces&v=4.0 HTTP/1.1" 304 -
181.50.142.205 - - [11/Jan/2023:04:00:57 -0500] "GET /sipse/faces/javax.faces.resource/layout/layout.js?ln=primefaces&v=4.0 HTTP/1.1" 304 -
181.50.142.205 - - [11/Jan/2023:04:00:57 -0500] "GET /sipse/imagenes/logoAplicacion.jpg HTTP/1.1" 304 -
181.50.142.205 - - [11/Jan/2023:04:00:57 -0500] "GET /sipse/imagenes/cargando.gif HTTP/1.1" 304 -
181.50.142.205 - - [11/Jan/2023:04:00:57 -0500] "GET /sipse/css/imagen/contrasena.png HTTP/1.1" 304 -
181.50.142.205 - - [11/Jan/2023:04:00:58 -0500] "GET /sipse/faces/javax.faces.resource/images/ui-bg_flat_0_2d5972_40x100.png?ln=primefaces-aristo HTTP/1.1" 304 -
181.50.142.205 - - [11/Jan/2023:04:00:58 -0500] "POST /sipse/faces/bienvenido.xhtml HTTP/1.1" 200 2658
181.50.142.205 - - [11/Jan/2023:04:01:00 -0500] "POST /sipse/faces/bienvenido.xhtml HTTP/1.1" 200 63175
181.50.142.205 - - [11/Jan/2023:04:01:01 -0500] "GET /sipse/faces/javax.faces.resource/primefaces.css?ln=primefaces&v=4.0 HTTP/1.1" 304 -
181.50.142.205 - - [11/Jan/2023:04:01:01 -0500] "GET /sipse/faces/javax.faces.resource/theme.css?ln=primefaces-sipse HTTP/1.1" 304 -
181.50.142.205 - - [11/Jan/2023:04:01:01 -0500] "GET /sipse/faces/javax.faces.resource/layout/layout.css?ln=primefaces&v=4.0 HTTP/1.1" 304 -
181.50.142.205 - - [11/Jan/2023:04:01:01 -0500] "GET /sipse/faces/javax.faces.resource/jquery/jquery.js?ln=primefaces&v=4.0 HTTP/1.1" 304 -
181.50.142.205 - - [11/Jan/2023:04:01:01 -0500] "GET /sipse/faces/javax.faces.resource/jquery/jquery-plugins.js?ln=primefaces&v=4.0 HTTP/1.1" 304 -
181.50.142.205 - - [11/Jan/2023:04:01:01 -0500] "GET /sipse/faces/javax.faces.resource/primefaces.js?ln=primefaces&v=4.0 HTTP/1.1" 304 -
181.50.142.205 - - [11/Jan/2023:04:01:01 -0500] "GET /sipse/faces/javax.faces.resource/layout/layout.js?ln=primefaces&v=4.0 HTTP/1.1" 304 -
181.50.142.205 - - [11/Jan/2023:04:01:01 -0500] "POST /sipse/faces/presentacion/financiero/solicitudProceso/listarSolicitudProceso.xhtml HTTP/1.1" 200 1560
201.245.192.253 - - [11/Jan/2023:04:02:17 -0500] "POST /kwsrmcab/Wsrmcab  HTTP/1.1" 200 43761
172.22.2.4 - - [11/Jan/2023:04:03:15 -0500] "GET /BLA/boletinlegal/ HTTP/1.1" 200 24523
172.22.2.4 - - [11/Jan/2023:04:05:23 -0500] "GET /BLA/boletinlegal/system_api.php HTTP/1.1" 404 1018
172.22.2.4 - - [11/Jan/2023:04:05:24 -0500] "GET /BLA/boletinlegal/c/version.js HTTP/1.1" 404 1018
172.22.2.4 - - [11/Jan/2023:04:05:26 -0500] "GET /BLA/boletinlegal/streaming/clients_live.php HTTP/1.1" 404 1018
172.22.2.4 - - [11/Jan/2023:04:05:27 -0500] "GET /BLA/boletinlegal/stalker_portal/c/version.js HTTP/1.1" 404 1018
172.22.2.4 - - [11/Jan/2023:04:05:28 -0500] "GET /BLA/boletinlegal/stream/live.php HTTP/1.1" 404 1018
172.22.2.4 - - [11/Jan/2023:04:05:29 -0500] "GET /BLA/boletinlegal/flu/403.html HTTP/1.1" 404 1018
172.22.2.4 - - [11/Jan/2023:04:05:31 -0500] "GET /BLA/boletinlegal/ HTTP/1.1" 200 24523
201.245.192.253 - - [11/Jan/2023:04:07:16 -0500] "POST /kwsrmcab/Wsrmcab  HTTP/1.1" 200 43761
181.50.142.205 - - [11/Jan/2023:04:10:27 -0500] "POST /sipse/faces/presentacion/financiero/solicitudProceso/listarSolicitudProceso.xhtml HTTP/1.1" 200 59100
181.50.142.205 - - [11/Jan/2023:04:10:28 -0500] "GET /sipse/faces/javax.faces.resource/primefaces.css?ln=primefaces&v=4.0 HTTP/1.1" 304 -
181.50.142.205 - - [11/Jan/2023:04:10:28 -0500] "GET /sipse/faces/javax.faces.resource/theme.css?ln=primefaces-sipse HTTP/1.1" 304 -
181.50.142.205 - - [11/Jan/2023:04:10:28 -0500] "GET /sipse/faces/javax.faces.resource/layout/layout.css?ln=primefaces&v=4.0 HTTP/1.1" 304 -
181.50.142.205 - - [11/Jan/2023:04:10:28 -0500] "GET /sipse/faces/javax.faces.resource/jquery/jquery.js?ln=primefaces&v=4.0 HTTP/1.1" 304 -
181.50.142.205 - - [11/Jan/2023:04:10:28 -0500] "GET /sipse/faces/javax.faces.resource/jquery/jquery-plugins.js?ln=primefaces&v=4.0 HTTP/1.1" 304 -
181.50.142.205 - - [11/Jan/2023:04:10:28 -0500] "GET /sipse/faces/javax.faces.resource/primefaces.js?ln=primefaces&v=4.0 HTTP/1.1" 304 -
181.50.142.205 - - [11/Jan/2023:04:10:28 -0500] "GET /sipse/faces/javax.faces.resource/layout/layout.js?ln=primefaces&v=4.0 HTTP/1.1" 304 -
181.50.142.205 - - [11/Jan/2023:04:10:32 -0500] "POST /sipse/faces/presentacion/financiero/solicitudProceso/crearModificarSolicitudProceso.xhtml HTTP/1.1" 200 51777
181.50.142.205 - - [11/Jan/2023:04:10:44 -0500] "POST /sipse/faces/presentacion/financiero/solicitudProceso/crearModificarSolicitudProceso.xhtml HTTP/1.1" 200 25134
181.50.142.205 - - [11/Jan/2023:04:10:49 -0500] "POST /sipse/faces/presentacion/financiero/solicitudProceso/crearModificarSolicitudProceso.xhtml HTTP/1.1" 200 6307
181.50.142.205 - - [11/Jan/2023:04:10:58 -0500] "POST /sipse/faces/presentacion/financiero/solicitudProceso/crearModificarSolicitudProceso.xhtml HTTP/1.1" 200 9552
181.50.142.205 - - [11/Jan/2023:04:11:06 -0500] "POST /sipse/faces/presentacion/financiero/solicitudProceso/crearModificarSolicitudProceso.xhtml HTTP/1.1" 200 7350
181.50.142.205 - - [11/Jan/2023:04:11:28 -0500] "GET /sipse/faces/javax.faces.resource/primefaces.css?ln=primefaces&v=4.0 HTTP/1.1" 304 -
181.50.142.205 - - [11/Jan/2023:04:11:28 -0500] "GET /sipse/faces/javax.faces.resource/jquery/jquery.js?ln=primefaces&v=4.0 HTTP/1.1" 304 -
181.50.142.205 - - [11/Jan/2023:04:11:28 -0500] "GET /sipse/faces/javax.faces.resource/layout/layout.css?ln=primefaces&v=4.0 HTTP/1.1" 304 -
181.50.142.205 - - [11/Jan/2023:04:11:28 -0500] "POST /sipse/faces/presentacion/financiero/solicitudProceso/crearModificarSolicitudProceso.xhtml HTTP/1.1" 200 24615
181.50.142.205 - - [11/Jan/2023:04:11:28 -0500] "GET /sipse/faces/javax.faces.resource/jquery/jquery-plugins.js?ln=primefaces&v=4.0 HTTP/1.1" 304 -
181.50.142.205 - - [11/Jan/2023:04:11:28 -0500] "GET /sipse/faces/javax.faces.resource/theme.css?ln=primefaces-sipse HTTP/1.1" 304 -
181.50.142.205 - - [11/Jan/2023:04:11:28 -0500] "GET /sipse/faces/javax.faces.resource/primefaces.js?ln=primefaces&v=4.0 HTTP/1.1" 304 -
