201.245.192.253 - - [16/Jan/2023:04:47:38 -0500] "POST /kwsrmcab/Wsrmcab  HTTP/1.1" 200 43915
216.245.221.92 - - [16/Jan/2023:04:49:46 -0500] "HEAD / HTTP/1.1" 200 -
207.46.13.83 - - [16/Jan/2023:04:50:54 -0500] "GET /BLA/resoluciones/AUTOS%202018/3514.pdf HTTP/1.1" 200 334000
201.245.192.253 - - [16/Jan/2023:04:52:37 -0500] "POST /kwsrmcab/Wsrmcab  HTTP/1.1" 200 43915
172.22.2.4 - - [16/Jan/2023:04:51:35 -0500] "HEAD /BLA/boletinlegal/ HTTP/1.1" 200 -
172.22.2.4 - - [16/Jan/2023:04:52:25 -0500] "GET /BLA/boletinlegal/ HTTP/1.1" 200 59404
216.245.221.92 - - [16/Jan/2023:04:54:46 -0500] "HEAD / HTTP/1.1" 200 -
172.22.2.4 - - [16/Jan/2023:04:55:35 -0500] "GET /BLA/boletinlegal/Directivas/2013/Directiva%20No.%201%20del%2004%20de%20Abril%20de%202013.pdf HTTP/1.1" 304 -
172.22.2.4 - - [16/Jan/2023:04:55:36 -0500] "GET /BLA/boletinlegal/Circulares/2015/Circular%20No.%201%20del%2010%20de%20Febrero%20de%202015.pdf HTTP/1.1" 304 -
201.245.192.253 - - [16/Jan/2023:04:57:36 -0500] "POST /kwsrmcab/Wsrmcab  HTTP/1.1" 200 43915
172.22.2.4 - - [16/Jan/2023:04:58:55 -0500] "GET /BLA/boletinlegal/Circulares/2012/Circular%20No.%206%20del%2025%20de%20Mayo%20de%202012.pdf HTTP/1.1" 304 -
172.22.2.4 - - [16/Jan/2023:04:57:24 -0500] "HEAD /BLA/boletinlegal/ HTTP/1.1" 200 -
216.245.221.92 - - [16/Jan/2023:04:59:46 -0500] "HEAD / HTTP/1.1" 200 -
172.22.2.4 - - [16/Jan/2023:04:58:15 -0500] "GET /BLA/boletinlegal/ HTTP/1.1" 200 59404
201.245.192.253 - - [16/Jan/2023:05:02:34 -0500] "POST /kwsrmcab/Wsrmcab  HTTP/1.1" 200 43915
128.14.136.18 - - [16/Jan/2023:05:03:30 -0500] "GET / HTTP/1.1" 200 319
216.245.221.92 - - [16/Jan/2023:05:04:46 -0500] "HEAD / HTTP/1.1" 200 -
172.22.2.4 - - [16/Jan/2023:05:03:14 -0500] "HEAD /BLA/boletinlegal/ HTTP/1.1" 200 -
172.22.2.4 - - [16/Jan/2023:05:04:05 -0500] "GET /BLA/boletinlegal/ HTTP/1.1" 200 59404
201.245.192.253 - - [16/Jan/2023:05:07:34 -0500] "POST /kwsrmcab/Wsrmcab  HTTP/1.1" 200 43915
168.119.253.11 - - [16/Jan/2023:05:09:11 -0500] "GET / HTTP/1.1" 200 319
216.245.221.92 - - [16/Jan/2023:05:09:46 -0500] "HEAD / HTTP/1.1" 200 -
40.77.167.70 - - [16/Jan/2023:05:09:56 -0500] "GET /no-uses-musgo-en-la-elaboracion-de-tu-pesebre.html HTTP/1.1" 200 846
172.22.2.4 - - [16/Jan/2023:05:09:04 -0500] "HEAD /BLA/boletinlegal/ HTTP/1.1" 200 -
172.22.2.4 - - [16/Jan/2023:05:09:55 -0500] "GET /BLA/boletinlegal/ HTTP/1.1" 200 55680
201.245.192.253 - - [16/Jan/2023:05:12:33 -0500] "POST /kwsrmcab/Wsrmcab  HTTP/1.1" 200 43915
88.99.62.159 - - [16/Jan/2023:05:12:55 -0500] "GET /portaldeninos/home-2-3/feed/ HTTP/1.1" 304 -
216.245.221.92 - - [16/Jan/2023:05:14:46 -0500] "HEAD / HTTP/1.1" 200 -
40.77.167.40 - - [16/Jan/2023:05:15:39 -0500] "GET /BLA/resoluciones/AUTOS%202014/1681.pdf HTTP/1.1" 304 -
172.22.2.4 - - [16/Jan/2023:05:14:54 -0500] "HEAD /BLA/boletinlegal/ HTTP/1.1" 200 -
54.145.190.176 - - [16/Jan/2023:05:16:53 -0500] "GET /galeria/galeria/fotos/Jaboque3P.jpg HTTP/1.1" 200 35360
185.119.81.101 - - [16/Jan/2023:05:17:20 -0500] "GET /portaldeninos/wp-login.php HTTP/1.1" 200 2592
185.119.81.101 - - [16/Jan/2023:05:17:21 -0500] "POST /portaldeninos/wp-login.php HTTP/1.1" 200 3605
172.22.2.4 - - [16/Jan/2023:05:15:45 -0500] "GET /BLA/boletinlegal/ HTTP/1.1" 200 59404
201.245.192.253 - - [16/Jan/2023:05:17:32 -0500] "POST /kwsrmcab/Wsrmcab  HTTP/1.1" 200 43915
173.252.87.9 - - [16/Jan/2023:05:17:40 -0500] "GET /images/vertimiento-Comprimida%20(1).png HTTP/1.1" 200 22870
27.115.124.45 - - [16/Jan/2023:05:18:27 -0500] "GET / HTTP/1.1" 200 319
201.245.192.253 - - [16/Jan/2023:05:18:26 -0500] "POST /kwsrmcab/Wsrmcab HTTP/1.1" 200 43444
201.245.192.253 - - [16/Jan/2023:05:18:29 -0500] "POST /kwsrmcab/Wsrmcab HTTP/1.1" 200 43632
27.115.124.109 - - [16/Jan/2023:05:18:33 -0500] "GET / HTTP/1.1" 200 319
216.245.221.92 - - [16/Jan/2023:05:19:46 -0500] "HEAD / HTTP/1.1" 200 -
201.244.103.220 - - [16/Jan/2023:05:20:02 -0500] "GET /kwssiamovil/sm/ldap/au?x=U2FsdGVkX1/GOjF6HZ1hPH/88cX3iFeYNbuMz8VRI58vfhGiQkN8RhQSLfsGRG3V&y=U2FsdGVkX19i1bvvgH5gIv+Z+VqqcYctzn3SL5oY1MjtFxk7bGJ7pEUo9xFbwG8J HTTP/1.1" 200 31
201.244.103.220 - - [16/Jan/2023:05:20:12 -0500] "GET /kwssiamovil/sm/ldap/au?x=U2FsdGVkX18IiWhHKhJxI/eG10XsYpqp/TwWd4sIDL3WdVuDPVM8bSDJqUdZc1FA&y=U2FsdGVkX1/GC/WT57+jcwpYNsRg29j8TT0qWJoVfLSg9dG4NojZLORYKlNZDY5P HTTP/1.1" 200 30
201.244.103.220 - - [16/Jan/2023:05:20:12 -0500] "GET /kwssiamovil/sm/acme/s?s=U2FsdGVkX19RZ0y1PpsLfBWcfhGlUgeCOhYJEewikzsNp5fdQEVKtDPbkac7R+SP3OSzF9kdaGOgufS3Ls5SBsRJ43QY30iuCT2elu4uVZE=&u=U2FsdGVkX1/W90F6K+5pNEj4Kt8XhgDEO1eorl3Oztc=&y=U2FsdGVkX1/GC/WT57+jcwpYNsRg29j8TT0qWJoVfLSg9dG4NojZLORYKlNZDY5P HTTP/1.1" 200 97
201.244.103.220 - - [16/Jan/2023:05:20:12 -0500] "GET /kwssiamovil/sm/acme/s?s=U2FsdGVkX18MWrUaDiQgzg1ImUT0YXUEz+q51/ezW9pmq4LZLVQq+zHJHR1+e3NdNYj5CM0Co8FEt8w6G3z9QxC6Sy4lXnntgNq0Gk/cLFO/GUX2bgrIpfc44hq/bWPjvO6iAcqqe28RVc23lBb+n55zboKVJ4+NWoeve92E0IN7iNwZBtEwp5g0GkbeQXOKe9mp+sdxEhTTk9gUqYgldsg/dOKq9ePiyGoSHclfv3MiSCPcwuUTUDgdzYdM/PLhLzqsKMyPrFFqL26zTO3oIZo3Y2RU7+wJ9Y/vp3ZdvRyL25bgVugCm0NjbKSvL3A1nykwG6ptlvLvvwhuwrC0yUPIUgsucbXpOCW2zwrmwihP4HkUXVVI9gS6OK7Zyz27VzsjnR7PCmYbanGXfxJSlpovdC9314eawd4pLPVcOsKgSFiDCBn84ihkDGMFkPqCeaYACihz87lVW9cRp9f5qvZftqpfj2Kt6pl3RpOevBGfEh2GU34gfVPyon7SXWWqit0Hy4NibgAYQFLfCHhzofcKWU5dvzsZPlh2gNN6jt5z3Qr076ZSu3yypb/b87xtItay5MmS4UFwAsHCsg3V5hvM3vb/0Iz/D14g06HtLq/SBvsdacLv/NUbz3TbnoCiJBzTwSr/mLxfOCR0cJdhIS3s5wi0+tepREudkO1+HkK33lr/hzLkkFS7Ju2ip2z5YO4AyAMTL5aYXMttrRGvxSFLRnGjHubT7CwtiiyGAx/cxyx7rZMO5z96yJbJWRYNO0gb60tj1gpq91CLwTXAMPwlrOYxEkiBYArjnlD09SiNdvpUub1NPm2TtndO9bgFSlaxiQD7YtIyuJVc5mvsLRyzzBP0LvYVtyK3NguHZhE0jUpnN1GZQcvxVQBvCp74qHN/+ZeZ1FBuIIJQDsXCSFDFyRgQSqg6fy979LaXUrJolKkSaRIJPqKa/Gloqi5z91u8y9WL9iY7k3OXWvqVhQEYB0bclxRK5GWUKCDea7nMyjxEKCn+drNAC1FJWE2hxJI4DexwlDwJxudtBt4zTAozD1IkdVo2XetiyahBPoS1EN7s3yfWyEkhPaAvWb2ykNXJv+Al7ceQ6RQBxu867BenT2WjR+YLUZ4oaHpULhodbRqtFgVpTLuSNgp0uqk2Mr7wZa4O+At1Qi8SkQwvWZzse+usME08ZrW8TEVG2dtH1LtXBWaim/LAXSdgbapTIZtnrFaR2yuHNSsnarkfrGhcotx1RMEB45bc3tiNvKCKvoOQAQqy04prpPMycJvHf58fL18gfQi/5BU4bwrQ9sOR5HU3t97qqMuMhZbb+pqLIKjoDmhih4ss3KBi7AAkkR/PQb+tA7qIMMJFLVfy46l60yygIp7ueFEEIY9FNfEi+rIDMwb2d7pRVxMsP8eOaS4p/BSAsqcmwU78xJlHO4qLDKw1X9Lrdzhze+adCPPkLgfMR1ze1yc8m086hpYMOBDsn2mi7du1lke6Naah6gpMREPFH33B/fGUriYqkK3Vi5+oIXDbrPmP5YfZTyMupWBdepAlu1D6xNHe/DG1JNezx74VwFxAzqtJsJq5Sz7Wjv/49CAK2F2wV/cbrqyuV7zdRpTOerPFIcYRmV2TGt7QJ/h8bVjYxt+v/MYlVBLVMx08qOe+BKEq5iwsmeY3Qn6YGwWKxDr3vSfLRptFp0BNFDDsNq5i1TiuQOoQk1BfFyVXLw0TUrq3vjjpAfHuEmhrTRSWHj/AoFaYc2vlitJuaIZaDFjSfeasBD7DcW4=&u=U2FsdGVkX1/W90F6K+5pNEj4Kt8XhgDEO1eorl3Oztc=&y=U2FsdGVkX1/GC/WT57+jcwpYNsRg29j8TT0qWJoVfLSg9dG4NojZLORYKlNZDY5P HTTP/1.1" 200 72
201.244.103.220 - - [16/Jan/2023:05:20:12 -0500] "GET /kwssiamovil/sm/acme/s?s=U2FsdGVkX1/KBLn5OxyONkQLkkZ2in+1vcQTMipNmda3OJXZBqZ5eJE1adpP4I9lgS/psUAA5dg5So9uViJuVOb4ErGMU5ZZn3239JeGpsR4KOZS2ClDWbjBULp3F52xJXHQuZLTdPg+tGnmpnQk+mmeJy2XmsWn5BKThbRuFODxNzFjxY+Swqw1DKJQDz2fqyB96fKH7qKeISfeEJqV3jO3vlBVbCN+3n0gOcQwCrKnlommKRf/9XlRrDPrklc+SHRzdareY4tmIyyX8CwjgTjYms4TCRI2ve29MVtsAUmpp4E/XugiQg4da8HbEuv8YesZ1uyYLY0nVsITSASFBKS09nvUeyDhLthANmk9Yg3rn2hzkmJaBkrnv4TDx82gBmevCDY94K36DpVyRBpLPHpkJ+FAae3n38mE1uv5so0ekj+cS5W+USxuDkzEZwfipj9Bh27dIVtNHYKiY+mJdKNPDDSJIoqtL5AQ+phlhShtaT2wBdN2fXumtwRFSc89OxkoAkChuCfVch6M47PYj5YzQOoB9wKJwRyYFKouL8YWKkvP584DFbvg0WWbA2o0iLBM2rOliSfOkFwlf7X9Q9jYMAHjg3GIu+aqJwipIwo/c8mWcAa+wyecy69Pj0WgwymiELk4h0lSy+qUC9Zmi5ihac08OzxEgPc4Wz/Eov0N2ti5qjozA1B1zoVinxre3sjmnec2Y/py3tulsrrSgaS5FRl0xkuJ7G8VMAh9wSjF+pWLvZr998Ew9EKhNbsB&u=U2FsdGVkX1/W90F6K+5pNEj4Kt8XhgDEO1eorl3Oztc=&y=U2FsdGVkX1/GC/WT57+jcwpYNsRg29j8TT0qWJoVfLSg9dG4NojZLORYKlNZDY5P HTTP/1.1" 200 72
172.22.2.4 - - [16/Jan/2023:05:20:44 -0500] "HEAD /BLA/boletinlegal/ HTTP/1.1" 200 -
201.245.192.253 - - [16/Jan/2023:05:22:31 -0500] "POST /kwsrmcab/Wsrmcab  HTTP/1.1" 200 43915
172.22.2.4 - - [16/Jan/2023:05:21:35 -0500] "GET /BLA/boletinlegal/ HTTP/1.1" 200 59779
216.245.221.92 - - [16/Jan/2023:05:24:46 -0500] "HEAD / HTTP/1.1" 200 -
172.22.2.4 - - [16/Jan/2023:05:26:10 -0500] "GET /BLA/boletinlegal/robots.txt HTTP/1.1" 404 1038
201.245.192.253 - - [16/Jan/2023:05:27:30 -0500] "POST /kwsrmcab/Wsrmcab  HTTP/1.1" 200 43915
172.22.2.4 - - [16/Jan/2023:05:26:11 -0500] "GET /BLA/boletinlegal/index.php HTTP/1.1" 200 55272
172.22.2.4 - - [16/Jan/2023:05:26:34 -0500] "HEAD /BLA/boletinlegal/ HTTP/1.1" 200 -
201.245.192.253 - - [16/Jan/2023:05:28:27 -0500] "POST /kwsrmcab/Wsrmcab HTTP/1.1" 200 43444
201.245.192.253 - - [16/Jan/2023:05:28:29 -0500] "POST /kwsrmcab/Wsrmcab HTTP/1.1" 200 43632
172.22.2.4 - - [16/Jan/2023:05:27:25 -0500] "GET /BLA/boletinlegal/ HTTP/1.1" 200 52079
172.22.2.4 - - [16/Jan/2023:05:27:36 -0500] "GET /BLA/boletinlegal/ HTTP/1.1" 200 53337
172.22.2.4 - - [16/Jan/2023:05:29:37 -0500] "GET /BLA/boletinlegal/js/jquery.scrollShow.js HTTP/1.1" 200 4586
172.22.2.4 - - [16/Jan/2023:05:29:37 -0500] "GET /BLA/boletinlegal/js/jquery.scrollTo-min.js HTTP/1.1" 200 1150
216.245.221.92 - - [16/Jan/2023:05:29:46 -0500] "HEAD / HTTP/1.1" 200 -
172.22.2.4 - - [16/Jan/2023:05:30:25 -0500] "GET /BLA/boletinlegal/ HTTP/1.1" 200 20427
201.245.192.253 - - [16/Jan/2023:05:32:29 -0500] "POST /kwsrmcab/Wsrmcab  HTTP/1.1" 200 43915
185.119.81.101 - - [16/Jan/2023:05:33:58 -0500] "GET /portaldeninos/wp-login.php HTTP/1.1" 200 2592
185.119.81.101 - - [16/Jan/2023:05:34:00 -0500] "POST /portaldeninos/wp-login.php HTTP/1.1" 200 3605
172.22.2.4 - - [16/Jan/2023:05:32:24 -0500] "HEAD /BLA/boletinlegal/ HTTP/1.1" 200 -
216.245.221.92 - - [16/Jan/2023:05:34:46 -0500] "HEAD / HTTP/1.1" 200 -
172.22.2.4 - - [16/Jan/2023:05:33:15 -0500] "GET /BLA/boletinlegal/ HTTP/1.1" 200 57824
201.245.192.253 - - [16/Jan/2023:05:37:28 -0500] "POST /kwsrmcab/Wsrmcab  HTTP/1.1" 200 43915
201.245.192.253 - - [16/Jan/2023:05:38:26 -0500] "POST /kwsrmcab/Wsrmcab HTTP/1.1" 200 43444
201.245.192.253 - - [16/Jan/2023:05:38:29 -0500] "POST /kwsrmcab/Wsrmcab HTTP/1.1" 200 43632
157.55.39.215 - - [16/Jan/2023:05:38:39 -0500] "GET / HTTP/1.1" 200 319
216.245.221.92 - - [16/Jan/2023:05:39:46 -0500] "HEAD / HTTP/1.1" 200 -
172.22.2.4 - - [16/Jan/2023:05:38:14 -0500] "HEAD /BLA/boletinlegal/ HTTP/1.1" 200 -
172.22.2.4 - - [16/Jan/2023:05:40:36 -0500] "GET /BLA/boletinlegal/Circulares/2015/Circular%20No.%201%20del%2010%20de%20Febrero%20de%202015.pdf HTTP/1.1" 304 -
172.22.2.4 - - [16/Jan/2023:05:39:05 -0500] "GET /BLA/boletinlegal/ HTTP/1.1" 200 59404
207.46.13.70 - - [16/Jan/2023:05:41:24 -0500] "GET /BLA/resoluciones/RESOLUCIONES%202014/0762.pdf HTTP/1.1" 304 -
186.84.21.99 - - [16/Jan/2023:05:42:01 -0500] "GET /appsia/controlador HTTP/1.1" 200 4799
186.84.21.99 - - [16/Jan/2023:05:42:01 -0500] "GET /appsia/scripts/validarIngreso.js HTTP/1.1" 200 851
186.84.21.99 - - [16/Jan/2023:05:42:01 -0500] "GET /appsia/css/estilos.css HTTP/1.1" 200 4804
186.84.21.99 - - [16/Jan/2023:05:42:01 -0500] "GET /appsia/images/logo_bogota_p.png HTTP/1.1" 200 14951
186.84.21.99 - - [16/Jan/2023:05:42:01 -0500] "GET /appsia/images/cabezoteHojaVida.png HTTP/1.1" 200 32493
186.84.21.99 - - [16/Jan/2023:05:42:01 -0500] "GET /favicon.ico HTTP/1.1" 200 7782
186.84.21.99 - - [16/Jan/2023:05:42:26 -0500] "POST /appsia/controlador HTTP/1.1" 200 4621
201.245.192.253 - - [16/Jan/2023:05:42:26 -0500] "POST /kwsrmcab/Wsrmcab  HTTP/1.1" 200 43915
186.84.21.99 - - [16/Jan/2023:05:42:31 -0500] "POST /appsia/controlador HTTP/1.1" 200 7727
186.84.21.99 - - [16/Jan/2023:05:42:31 -0500] "GET /appsia/images/logo_escudo.png HTTP/1.1" 200 36965
66.249.66.87 - - [16/Jan/2023:05:43:54 -0500] "-" 408 -
186.84.21.99 - - [16/Jan/2023:05:43:59 -0500] "POST /appsia/controlador HTTP/1.1" 200 4621
186.84.21.99 - - [16/Jan/2023:05:44:03 -0500] "POST /appsia/controlador HTTP/1.1" 200 4799
216.245.221.92 - - [16/Jan/2023:05:44:46 -0500] "HEAD / HTTP/1.1" 200 -
172.22.2.4 - - [16/Jan/2023:05:45:27 -0500] "GET /BLA/boletinlegal/styles2.css HTTP/1.1" 200 1838
172.22.2.4 - - [16/Jan/2023:05:45:27 -0500] "GET /BLA/boletinlegal/js/jquery.js HTTP/1.1" 200 57254
172.22.2.4 - - [16/Jan/2023:05:44:04 -0500] "HEAD /BLA/boletinlegal/ HTTP/1.1" 200 -
172.22.2.4 - - [16/Jan/2023:05:46:01 -0500] "GET /BLA/boletinlegal/robots.txt HTTP/1.1" 404 1038
172.22.2.4 - - [16/Jan/2023:05:46:01 -0500] "GET /BLA/boletinlegal/Directivas/2017/Directiva%20No.%2003%20del%2024%20de%20Febrero%20de%202017.pdf HTTP/1.1" 200 6911517
172.22.2.4 - - [16/Jan/2023:05:44:55 -0500] "GET /BLA/boletinlegal/ HTTP/1.1" 200 58612
201.245.192.253 - - [16/Jan/2023:05:47:25 -0500] "POST /kwsrmcab/Wsrmcab  HTTP/1.1" 200 43915
172.22.2.4 - - [16/Jan/2023:05:46:29 -0500] "GET /BLA/boletinlegal/ HTTP/1.1" 200 61323
216.245.221.92 - - [16/Jan/2023:05:49:46 -0500] "HEAD / HTTP/1.1" 200 -
207.46.13.70 - - [16/Jan/2023:05:49:55 -0500] "GET /galeria/galeria/fotos/Humedal-la-conejera4G.jpg HTTP/1.1" 200 371145
157.55.39.201 - - [16/Jan/2023:05:50:02 -0500] "GET /galeria/galeria/fotos/2GuaymaralTorcaG2.jpg HTTP/1.1" 200 28916
157.55.39.201 - - [16/Jan/2023:05:50:02 -0500] "GET /sipse/faces/presentacion/sistema/anexos/cargarAnexoSolicitudProceso.xhtml HTTP/1.1" 302 -
157.55.39.201 - - [16/Jan/2023:05:50:03 -0500] "GET /sipse/faces/autenticacion.xhtml HTTP/1.1" 200 12177
157.55.39.201 - - [16/Jan/2023:05:50:03 -0500] "GET /galeria/galeria/fotos/GuaymaralTorca3G.jpg HTTP/1.1" 200 330310
157.55.39.201 - - [16/Jan/2023:05:50:05 -0500] "GET /galeria/galeria/fotos/Humedal-la-conejera2G.jpg HTTP/1.1" 200 298801
157.55.39.201 - - [16/Jan/2023:05:50:12 -0500] "GET /galeria/galeria/fotos/Jaboque4G.jpg HTTP/1.1" 200 295106
172.22.2.4 - - [16/Jan/2023:05:49:54 -0500] "HEAD /BLA/boletinlegal/ HTTP/1.1" 200 -
172.22.2.4 - - [16/Jan/2023:05:50:45 -0500] "GET /BLA/boletinlegal/ HTTP/1.1" 200 56825
201.245.192.253 - - [16/Jan/2023:05:52:24 -0500] "POST /kwsrmcab/Wsrmcab  HTTP/1.1" 200 43915
172.22.2.4 - - [16/Jan/2023:05:54:00 -0500] "GET /BLA/boletinlegal/Directivas/2017/Directiva%20No.%2004%20del%2028%20de%20Abril%20de%202017.pdf HTTP/1.1" 200 8194919
216.245.221.92 - - [16/Jan/2023:05:54:46 -0500] "HEAD / HTTP/1.1" 200 -
172.22.2.4 - - [16/Jan/2023:05:56:51 -0500] "GET /BLA/boletinlegal/favicon.ico HTTP/1.1" 404 1018
172.22.2.4 - - [16/Jan/2023:05:56:36 -0500] "GET /BLA/boletinlegal/ HTTP/1.1" 200 20427
172.22.2.4 - - [16/Jan/2023:05:55:44 -0500] "HEAD /BLA/boletinlegal/ HTTP/1.1" 200 -
201.245.192.253 - - [16/Jan/2023:05:57:23 -0500] "POST /kwsrmcab/Wsrmcab  HTTP/1.1" 200 43915
172.22.2.4 - - [16/Jan/2023:05:56:36 -0500] "GET /BLA/boletinlegal/ HTTP/1.1" 200 32715
172.22.2.4 - - [16/Jan/2023:05:56:35 -0500] "GET /BLA/boletinlegal/ HTTP/1.1" 200 49550
216.245.221.92 - - [16/Jan/2023:05:59:46 -0500] "HEAD / HTTP/1.1" 200 -
201.245.192.253 - - [16/Jan/2023:06:02:22 -0500] "POST /kwsrmcab/Wsrmcab  HTTP/1.1" 200 43915
172.22.2.4 - - [16/Jan/2023:06:01:34 -0500] "HEAD /BLA/boletinlegal/ HTTP/1.1" 200 -
207.46.13.41 - - [16/Jan/2023:06:03:52 -0500] "GET /BLA/resoluciones/RESOLUCIONES%202014/1444.pdf HTTP/1.1" 304 -
172.22.2.4 - - [16/Jan/2023:06:02:25 -0500] "GET /BLA/boletinlegal/ HTTP/1.1" 200 57192
60.217.75.70 - - [16/Jan/2023:06:04:35 -0500] "GET / HTTP/1.1" 200 319
216.245.221.92 - - [16/Jan/2023:06:04:46 -0500] "HEAD / HTTP/1.1" 200 -
201.245.192.253 - - [16/Jan/2023:06:07:21 -0500] "POST /kwsrmcab/Wsrmcab  HTTP/1.1" 200 43915
172.22.2.4 - - [16/Jan/2023:06:07:24 -0500] "HEAD /BLA/boletinlegal/ HTTP/1.1" 200 -
216.245.221.92 - - [16/Jan/2023:06:09:46 -0500] "HEAD / HTTP/1.1" 200 -
172.22.2.4 - - [16/Jan/2023:06:08:15 -0500] "GET /BLA/boletinlegal/ HTTP/1.1" 200 59404
201.245.192.253 - - [16/Jan/2023:06:12:20 -0500] "POST /kwsrmcab/Wsrmcab  HTTP/1.1" 200 43915
216.245.221.92 - - [16/Jan/2023:06:14:46 -0500] "HEAD / HTTP/1.1" 200 -
172.22.2.4 - - [16/Jan/2023:06:13:14 -0500] "HEAD /BLA/boletinlegal/ HTTP/1.1" 200 -
69.63.184.1 - - [16/Jan/2023:06:15:41 -0500] "GET /caminos-de-los-cerros-estaran-cerrados-este-fin-de-semana-en-bogota.html HTTP/1.1" 206 813
69.171.231.5 - - [16/Jan/2023:06:15:42 -0500] "GET /images/ecositemas-cerros-10-marzo.jpg HTTP/1.1" 200 85534
172.22.2.4 - - [16/Jan/2023:06:14:05 -0500] "GET /BLA/boletinlegal/ HTTP/1.1" 200 59404
201.245.192.253 - - [16/Jan/2023:06:17:19 -0500] "POST /kwsrmcab/Wsrmcab  HTTP/1.1" 200 43915
186.102.58.77 - - [16/Jan/2023:06:17:38 -0500] "GET /kwssiamovil/sm/ldap/au?x=U2FsdGVkX1/P6sn9rG4Som5TIv4CXa7hk7wX7B5yDiUn38hWc7EJMHuXXYo7VMSe&y=U2FsdGVkX1+p2/oCctpfvN1Y03eHlwepOvROmMKrRXnd7xwttbpzqwilaGZJ+vN/ HTTP/1.1" 200 30
186.102.58.77 - - [16/Jan/2023:06:17:38 -0500] "GET /kwssiamovil/sm/acme/s?s=U2FsdGVkX19rxE6+SDw91FNMZ0TlLNFQDlV9zuecJBPzJc+2IV6r8v6cSi+y2FMA0LPZ/z6+d/4x2Coso4c9E6p9crzs//jUgXOfeME166M=&u=U2FsdGVkX1/5oz/9JJenpKFaDkSv09TtVfGlhqiNuLl02KEC/Lgxd/mUIh0M+uOz&y=U2FsdGVkX1+p2/oCctpfvN1Y03eHlwepOvROmMKrRXnd7xwttbpzqwilaGZJ+vN/ HTTP/1.1" 200 97
186.102.58.77 - - [16/Jan/2023:06:17:38 -0500] "GET /kwssiamovil/sm/acme/s?s=U2FsdGVkX1/yRtfEcf6tB+nTbyOcaVkEQdIepzHansyZuaVsfvAmPyVmnIEXh4a6TY1R4XZmfGYV7ckbZmFOsqSlF/+T9PGRKgxXITsnc9sA59VEHOoQOcUpp67EvoDO+c/P6HzYxK6xE8xDG/exNSSgmuhJUVxgdaVhqTi6Y3TPHJ49dQ75Y14tknQZePHBoAtvtEgF3NTgFg38co3BmnD4fU1Ic2adFIGvxdHf+T3YSkt+0FVQ7fmLbeKrsaGA6aacpEPwvcXkgUwAt5kTrgthfPtY1t4jTHgI24EQNV50hazpDm83cm/YXXht5u3FQS2F1aGBu3bvLjY1tPXh6XPqn3BfHc5PD4vzux1P8wFQBLmBOLkg701nBEimh8LTBO9gX6h2VAxTVz4PuJZocRpQbl7KvTZaZGuMdHUcsSoBCz5jB5YVxIP6oqEd6P8WJqmvnrV1u/BnwYqJsdWPMFoUxuUoDpboVrgRYaypWqfUs9UUWAhKrDXznCVxbxVlbItqVdbc8/Y78K/Wqwk+jpjVhZsYMEigBDELurdpxvTc7ps76jy73zfeTaq9FDVcuN0HHFUrwkT2kdnayYxoDWxUvF5a8RfA22jmrEMTkyadpfx9EhZDMtT2cgMvxWTTxRCPxgmMdvJmHh+8TWuWOfy0p5icFtIQNXa74dNAeR/eJ/S0RmpiMi75zzvqPEty9YF5RJ3tC+2L6GKOptrZjOHIGGUuw8agcKGHfYPn3DMyNjTRQigXE+JNWrEWudQ7U3lKQl6muKb2R/rjwgRSIfvQJKpuSF+jrXuZYXu042XGRlntxrD7NBka/wLkTbDr9VNpAZ5YVD5MzQmW3/m+S8+dJwE76TT6pCiYj8fkQspAN9PvMKGSbkgtGV6of8suOFZZYmYT6Syqw9ZW175qdkjCMHNVxmkksWDSNj0XxMeT54UqBgO3Q1odRHX/AA+a6Bml4x2/XISz5RAmx4VmlxDoFvcP5GeBD6mpyYtb0Ret7VaVhzh5bRv+onDMHh0aK2jp/rihycz0dHBGnmvi/yxlsbhwHatgnYSFsp2O4RiKUldg0k2UVzsQwDTuvtn7sZcozJUxNwyTUBJn16FddTX4AF0DcVEz9rZWkLrKLFQ8Fg0bEOnYdoMe6KzrN2OTp89Zt1xj/2qcc5aPER/Te8vkrCmaxFI2MFJtEopVQcVCRvnMI2CCqGx0TrwM4kND/KhOrOooF/jwaTqP9emLDm+vDpjTxdYgO8dOq3OWssEAzAS6iq+TYqSfTJ3vbIb1lDhLMUXhfzEMis01wzGZLXP+DTOAAqdq96sc69KLVSbyVRdgu3IQ2THP2IlXqWKTGbT6Yn7nVSw0Y11Hli4QjQbtrmpYRws4SorYyfIkB3i/yk6NghF/eiDvEbvCJzEd16EOukPlLKHMMU5Ir0FZaDxdkMaZcsWwy5acrcjHScs=&u=U2FsdGVkX1/5oz/9JJenpKFaDkSv09TtVfGlhqiNuLl02KEC/Lgxd/mUIh0M+uOz&y=U2FsdGVkX1+p2/oCctpfvN1Y03eHlwepOvROmMKrRXnd7xwttbpzqwilaGZJ+vN/ HTTP/1.1" 200 6082
186.102.58.77 - - [16/Jan/2023:06:17:38 -0500] "GET /kwssiamovil/sm/acme/s?s=U2FsdGVkX19eBT/GUAkrFfny51PU4pK1dH5JHMvl6cQc83q0K/0qi3ADLw4io4WFdwdNJirBqQB5EJ9vNhhkDDcUPqd6tYcUzqFrpk56eeNXrsTtRt80D0HVxiQNV8NRJLfh690/AdIW/vsiqVSL733tQccoXwMI2VF7saCA0xhEZxk0yAhyBZhyALaqd8FWTsakegNjHlUhoELBYWwhcnyD0cwoaPWAD4YM4gSpWutGR6n/xjeXpTuf0OImOh3F/iXIVHRpD6p0aIpOI2yMRRfnyEYqtlMdPFStDP6QIeXSKtUKDnUNyh2uZjkxIvJOUbZ3+8G3chBPHdAPwcKo3GzscnwNR+3ls2i4qOObcCY=&u=U2FsdGVkX1/5oz/9JJenpKFaDkSv09TtVfGlhqiNuLl02KEC/Lgxd/mUIh0M+uOz&y=U2FsdGVkX1+p2/oCctpfvN1Y03eHlwepOvROmMKrRXnd7xwttbpzqwilaGZJ+vN/ HTTP/1.1" 200 196
186.102.58.77 - - [16/Jan/2023:06:17:39 -0500] "GET /kwssiamovil/sm/cjson/pre?f=1&x=U2FsdGVkX1/P6sn9rG4Som5TIv4CXa7hk7wX7B5yDiUn38hWc7EJMHuXXYo7VMSe HTTP/1.1" 200 31032
69.63.184.3 - - [16/Jan/2023:06:18:12 -0500] "GET /images/vertimiento-Comprimida%20(1).png HTTP/1.1" 200 22870
201.245.192.253 - - [16/Jan/2023:06:18:26 -0500] "POST /kwsrmcab/Wsrmcab HTTP/1.1" 200 43437
201.245.192.253 - - [16/Jan/2023:06:18:29 -0500] "POST /kwsrmcab/Wsrmcab HTTP/1.1" 200 43645
172.22.2.4 - - [16/Jan/2023:06:18:59 -0500] "GET /BLA/boletinlegal/Directivas/2018/Directiva%20No.%2023%20del%2026%20de%20diciembre%20de%202018.pdf HTTP/1.1" 200 481134
216.245.221.92 - - [16/Jan/2023:06:19:46 -0500] "HEAD / HTTP/1.1" 200 -
172.22.2.4 - - [16/Jan/2023:06:19:04 -0500] "HEAD /BLA/boletinlegal/ HTTP/1.1" 200 -
172.22.2.4 - - [16/Jan/2023:06:19:55 -0500] "GET /BLA/boletinlegal/ HTTP/1.1" 200 59404
201.245.192.253 - - [16/Jan/2023:06:22:18 -0500] "POST /kwsrmcab/Wsrmcab  HTTP/1.1" 200 43915
207.46.13.41 - - [16/Jan/2023:06:24:25 -0500] "GET /BLA/boletinlegal/Circulares/2022/CIRCULAR%20No.%2000003%20DEL%2007%20DE%20MARZO%20DEL%202022.pdf HTTP/1.1" 304 -
216.245.221.92 - - [16/Jan/2023:06:24:46 -0500] "HEAD / HTTP/1.1" 200 -
172.22.2.4 - - [16/Jan/2023:06:26:33 -0500] "GET /BLA/boletinlegal/Directivas/2017/Directiva%20No.%2005%20del%2013%20de%20Junio%20de%202017.pdf HTTP/1.1" 200 853105
186.102.58.77 - - [16/Jan/2023:06:26:34 -0500] "GET /kwssiamovil/sm/acme/a?s=U2FsdGVkX18htFmBmCaC8930wfpgbL1HeOm7OGWIqBe52tHH8oHwDOnq74FBrlMUOCzA6QqmqWpjqFjq6wOn2qu9e0Kbyweq9gVjbkqrGrIyn2+T3Oh5yanA6ENoLT9W8YtTZMm0o4yA1ZkBVnXiLmiczfZ96TxVnixdtOPF/xVlmEAZ+vuqXgco3S1D9Jq9h6u+V7UomBv0Dnp+LLQvuTDj8AH/kRD8KkVs+29eHs6BJZrXKcK2HsrK8K8usRbvn2KTDCnN2rx5t4KQn0P2Jg==&u=U2FsdGVkX1/5oz/9JJenpKFaDkSv09TtVfGlhqiNuLl02KEC/Lgxd/mUIh0M+uOz&y=U2FsdGVkX1+p2/oCctpfvN1Y03eHlwepOvROmMKrRXnd7xwttbpzqwilaGZJ+vN/ HTTP/1.1" 200 26
172.22.2.4 - - [16/Jan/2023:06:24:54 -0500] "HEAD /BLA/boletinlegal/ HTTP/1.1" 200 -
186.102.58.77 - - [16/Jan/2023:06:26:34 -0500] "GET /kwssiamovil/sm/acme/a?s=U2FsdGVkX1+4h0wBnp+9K/IH/OBa72I8hQm2OMYshxdjEY4a6LA+wnAz9vkA9ZRAv0sYmSbGfOr6CwKG1SrA4dT51Lwwz0qQrjq4m8XyoFEnE7jYapKwpsiv/B0dT18ouGH1u6CYHVKxWXi9Y2fLwMgv9czbqlVGi2Z9/SEBEFOK5j8sPHIoD7q6Byi2i5Se682uBJdcrZyIENoByHmN8fNEsWZ5im0Cu2KtvL99MpdDnBzJCjgyKPu3GEIFbC9Yh9xAo0b+FcBzeG2FS+2C5+3Zzii0wk3tguWitpVKoXjrjUtsaHLoM7YaGql2W57NcbiI4xEoWTIFVIOLLC7T95GH/BproKF4gOqkWpkBUEx2Wkpt7IjTi0bv6sonovMF7hAPdgNoKI4+8bxeZcQG68TIm0dTZClMHBBTZUhoW0+vJWRUUdCFWGcxzjxQKAXGIUrvArva8JZD5dCrRjkTX0dMrO73BC7YLva9kUD1uEBu/v0EAUGEMysjtqYMndW5R3DmoC0kCYC78bXA1yfye90Cpv8aPXc82EFQ5Vxu9TUN1bTBm8EjQc9NH01dQ0dg3Wa7+sTKxRttjlNufnU3p7kAQxm9bgoamWiIgiYEXyV5HhwCb0qXEBnwxnyHCvIiL3oI4E0DLcTCBl4B2dNOc+pSmU3apELWMv+M+qU91dEXqh1Vb+1QWfRvZaPIpYUN6T9dxRAGhEtu1Sf7gDOceLODI8LVIlROiaIhG0KxlphTR23jw8vhtoa01+Am7WeYoYs9cr8vreyVXjA3Giw4lar8bMJATm50LacS2UtVhoXKZZy0TMt7dLQ/H9d78eAdPWGJw4VtJ7yLjuqQO9nOMH9Ja5K/G/xbw31zfYlKIyMNReZJ6XN2FZApcSYeoPv2xihoeQgEQSYPS8pBIdCqPs0ZkPIm0Bo+zerlHYDcCoA3bZuRXfrJ+dkC+EKkZ+qztySCS5SaFAlaFHVjuHGmzoO0t+2H8ZE2Wg9mt1BPMv9HGu+PsmdUCD6F36N9VTPbGZco7zomKWxYVJy/Uvhqslz3Qa8hosTgPjnk8xI0nysYaMfu5LbODVg899+xWXRaI3Go6TumE+S/GJc+pwk0ZW7e32BizsoCIAtDXlTqNG7IwBH+OeJPbzKUjyu7iRinBEdGS5w0PQWLO+LIUugoo1BDgtcUv0t5dZ1GQTgW4nhTspSsms1M9/f4YK6T05szhnZVcnLyoKS5hg9Im2KSqhldfHy8H0tijlieHXp1JAgIr/Dg3X88ypSVAk1JkuIjKSpSlL6VayZbUPIagEpKHcrJM7PpJijgG78DYnbORFNOU0KjFf/j7ucyZRdlLRTLj/nR7nIha/DTivIa1gZYkKzepa7ze/zI/PFde0spiqWA3XT4iftuv+X4ryJg/EMZtN+5WiaXGLbMbDVx+25ZdaHvS4WvHB4+US8OlU9pndfEB8ICfYuZua3+NzUmbLkI9Yno+OM2o+nNfvkWnt5GypH794D1wpERJi1W7k+5auSe1MAAE36limZtbvMTszK7bB52bRLcT0LyWC4GY2OLY7nIbF/62yZk3SBTr5dCMo/7P9aOUisuQAgvZlsoF5YKo1/LeBmKtAJdfI3p/Ioj11Zhu+p8FRfeu7YdEEVJCPkWbjBXOBehvYJXUjLeaneUQvUMrvBfOiwo7j/5cG8vasPsyx15tLSuZWYHrplGBp4y13/i0qgLsPSVX3/8uGIKEW95fsfO2G5MhhgSv5Z52asSX2kS5z/KirR5CBgLGuCA4jmT/aHJKIWsp0utD1nopqLvJDN4qymjNVkdayotZq8SUmXNDrY85MMJDxEgzhr2F9rZqhJuSeSgUONfdeBIjkTCaEim8wkJSWz9ksYk3i0n9P6uiF7Nxuz/v5+7/E6C6jmbVwC6ChFw8yrz3oYEFOUPX5FkjyrBtD7mQ2J6WRThUtpB0NdM7my5mZ5SsM4vvf6yUrMPNxYl9qp3u2slKUcQW+VRVq3YiMVqqNJw9SmuvEhMvq3nrG57QHXr91B5eQSA8gOqhATZVdNbTBf+bGsBHOiqusFmXUktjira8JEghlAqB6h5/lgRgFQzmnuTGVupWXm6G/xr0Q1NZ/q6yy6m8nC/6gXGRuruWLbhEkkPWC5w8+hdD06Zuxov1lu+L92m2yBg6QXOwuDSoxY18pAZTPl3peyYdV9F40kTTZ9pfQb4tAwpv/m2YHlLUvbZHwc1TlOvdvJO6N0x7HBeB3r6Lk7Olk7nzhbmUJm8HnZCxJC/zzR3BGm4UIC0yuwqbgKmRQB25FT9WDDOtFV1I01BFbs1Azykh9PrBjUbMzyD4v20X/+zeYuxZQqDD0e93AlXkXloyLSqHxCNRKTEt+1pTs9kVW3P7fss0WUWNmAP2LSsISh4VRcL9tgAaZ+NJw/Jbq3KiKbdfMrMVOpYdc3wM8K6wcmll+IPFr913A==&u=U2FsdGVkX1/5oz/9JJenpKFaDkSv09TtVfGlhqiNuLl02KEC/Lgxd/mUIh0M+uOz&y=U2FsdGVkX1+p2/oCctpfvN1Y03eHlwepOvROmMKrRXnd7xwttbpzqwilaGZJ+vN/ HTTP/1.1" 200 26
186.102.58.77 - - [16/Jan/2023:06:26:35 -0500] "GET /kwssiamovil/sm/acme/a?s=U2FsdGVkX1/JBr2S0xQCI6qM8VQNQklppE2Ozeu+irpliCqNOw43Wyhjgfly5fYnDPCYUHhyjp4BaL/o1cRgTbba4753JeFq2PWGZVjDHVM2CPWt4dtQsNg2yL0ghO0XCwiIFfNyhkLkaaQdpKUzDdM/ME6XL2grYgaV0FriqAA=&u=U2FsdGVkX1/5oz/9JJenpKFaDkSv09TtVfGlhqiNuLl02KEC/Lgxd/mUIh0M+uOz&y=U2FsdGVkX1+p2/oCctpfvN1Y03eHlwepOvROmMKrRXnd7xwttbpzqwilaGZJ+vN/ HTTP/1.1" 200 26
186.102.58.77 - - [16/Jan/2023:06:26:35 -0500] "GET /kwssiamovil/sm/acme/a?s=U2FsdGVkX1/ioMDqn5TDzfybelesnqwLylKH2dNbYNPYNIMIS4pIbtX88CqGeIqxkdkvxDYB/VSRsu7gzkiDQ2tarLMaOaPZVRFmGOb5ZJJseFHUyWEy03InPmiOSP8r/or6IhtwrQkmKJ5K45r/SmY+9063igB28LypK+gEkhk=&u=U2FsdGVkX1/5oz/9JJenpKFaDkSv09TtVfGlhqiNuLl02KEC/Lgxd/mUIh0M+uOz&y=U2FsdGVkX1+p2/oCctpfvN1Y03eHlwepOvROmMKrRXnd7xwttbpzqwilaGZJ+vN/ HTTP/1.1" 200 26
186.102.58.77 - - [16/Jan/2023:06:26:35 -0500] "GET /kwssiamovil/sm/acme/a?s=U2FsdGVkX1/yy9tPloAqMFHPUDVszpwWV2MvaaXrEY7MMOc4gF6x3exAy0Bo//1VdG2qJ09sXWR1rD/rJciVWpcSjSrTo/okR84ZtjkXpTlY8DNEyh+Kr2jpBuEgJWLfel2Sa88uyQKHYHe5mF7T3Coo8SF9jBnfcXpRDDYUNSo=&u=U2FsdGVkX1/5oz/9JJenpKFaDkSv09TtVfGlhqiNuLl02KEC/Lgxd/mUIh0M+uOz&y=U2FsdGVkX1+p2/oCctpfvN1Y03eHlwepOvROmMKrRXnd7xwttbpzqwilaGZJ+vN/ HTTP/1.1" 200 26
186.102.58.77 - - [16/Jan/2023:06:26:36 -0500] "GET /kwssiamovil/sm/acme/a?s=U2FsdGVkX18+u4KTxrjJFOCO/ud2Wq/jgFUmiRSjZkRk0jh7axKObeqPY+7bf3UkLG92Mgp8ldetRkzHZK+VVUtbhuswVgB2tXMja1lvSIy5IZR6sd4HVavJQXGNb4JZvNsQWb0JNhFLa2THYVfABeONBsbRaALBlx72G7kiQkKkX6g3EfoKEzYfF7CGBl37WNqzDI8lys5K6Kp+J9W8XA==&u=U2FsdGVkX1/5oz/9JJenpKFaDkSv09TtVfGlhqiNuLl02KEC/Lgxd/mUIh0M+uOz&y=U2FsdGVkX1+p2/oCctpfvN1Y03eHlwepOvROmMKrRXnd7xwttbpzqwilaGZJ+vN/ HTTP/1.1" 200 26
201.245.192.253 - - [16/Jan/2023:06:27:17 -0500] "POST /kwsrmcab/Wsrmcab  HTTP/1.1" 200 43915
172.22.2.4 - - [16/Jan/2023:06:25:45 -0500] "GET /BLA/boletinlegal/ HTTP/1.1" 200 56825
172.22.2.4 - - [16/Jan/2023:06:27:16 -0500] "GET /BLA/boletinlegal/ HTTP/1.1" 200 20427
201.245.192.253 - - [16/Jan/2023:06:28:26 -0500] "POST /kwsrmcab/Wsrmcab HTTP/1.1" 200 43437
201.245.192.253 - - [16/Jan/2023:06:28:29 -0500] "POST /kwsrmcab/Wsrmcab HTTP/1.1" 200 43645
216.245.221.92 - - [16/Jan/2023:06:29:46 -0500] "HEAD / HTTP/1.1" 200 -
201.245.192.253 - - [16/Jan/2023:06:32:16 -0500] "POST /kwsrmcab/Wsrmcab  HTTP/1.1" 200 43915
172.22.2.4 - - [16/Jan/2023:06:30:44 -0500] "HEAD /BLA/boletinlegal/ HTTP/1.1" 200 -
69.63.184.118 - - [16/Jan/2023:06:33:00 -0500] "GET /programate-para-una-nueva-jornada-de-recoleccion-de-llantas-en-bogota.html HTTP/1.1" 206 913
172.22.2.4 - - [16/Jan/2023:06:31:35 -0500] "GET /BLA/boletinlegal/ HTTP/1.1" 200 56474
216.245.221.92 - - [16/Jan/2023:06:34:46 -0500] "HEAD / HTTP/1.1" 200 -
179.43.177.242 - - [16/Jan/2023:06:35:05 -0500] "POST /boaform/admin/formLogin HTTP/1.1" 404 1186
201.245.192.253 - - [16/Jan/2023:06:37:15 -0500] "POST /kwsrmcab/Wsrmcab  HTTP/1.1" 200 43915
172.22.2.4 - - [16/Jan/2023:06:36:34 -0500] "HEAD /BLA/boletinlegal/ HTTP/1.1" 200 -
201.245.192.253 - - [16/Jan/2023:06:38:26 -0500] "POST /kwsrmcab/Wsrmcab HTTP/1.1" 200 43437
201.245.192.253 - - [16/Jan/2023:06:38:29 -0500] "POST /kwsrmcab/Wsrmcab HTTP/1.1" 200 43645
172.22.2.4 - - [16/Jan/2023:06:37:25 -0500] "GET /BLA/boletinlegal/ HTTP/1.1" 200 59779
201.245.192.253 - - [16/Jan/2023:06:39:17 -0500] "GET /sipse/faces/index.xhtml HTTP/1.1" 200 677
201.245.192.253 - - [16/Jan/2023:06:39:17 -0500] "GET /sipse/faces/javax.faces.resource/theme.css?ln=primefaces-sipse HTTP/1.1" 304 -
201.245.192.253 - - [16/Jan/2023:06:39:17 -0500] "GET /sipse/faces/faces/autenticacion.xhtml HTTP/1.1" 200 12177
201.245.192.253 - - [16/Jan/2023:06:39:17 -0500] "GET /sipse/js/disable_browser_buttons.js HTTP/1.1" 304 -
201.245.192.253 - - [16/Jan/2023:06:39:17 -0500] "GET /sipse/js/funciones.js HTTP/1.1" 304 -
201.245.192.253 - - [16/Jan/2023:06:39:17 -0500] "GET /sipse/css/custom_css_sg_prime_login.css HTTP/1.1" 304 -
201.245.192.253 - - [16/Jan/2023:06:39:17 -0500] "GET /sipse/css/custom_css_sg.css HTTP/1.1" 304 -
201.245.192.253 - - [16/Jan/2023:06:39:17 -0500] "GET /sipse/faces/javax.faces.resource/theme.css?ln=primefaces-sipse HTTP/1.1" 304 -
201.245.192.253 - - [16/Jan/2023:06:39:17 -0500] "GET /sipse/faces/javax.faces.resource/layout/layout.css?ln=primefaces&v=4.0 HTTP/1.1" 304 -
201.245.192.253 - - [16/Jan/2023:06:39:17 -0500] "GET /sipse/faces/javax.faces.resource/jquery/jquery-plugins.js?ln=primefaces&v=4.0 HTTP/1.1" 304 -
201.245.192.253 - - [16/Jan/2023:06:39:17 -0500] "GET /sipse/faces/javax.faces.resource/primefaces.css?ln=primefaces&v=4.0 HTTP/1.1" 304 -
201.245.192.253 - - [16/Jan/2023:06:39:17 -0500] "GET /sipse/faces/javax.faces.resource/jquery/jquery.js?ln=primefaces&v=4.0 HTTP/1.1" 304 -
201.245.192.253 - - [16/Jan/2023:06:39:17 -0500] "GET /sipse/faces/javax.faces.resource/primefaces.js?ln=primefaces&v=4.0 HTTP/1.1" 304 -
201.245.192.253 - - [16/Jan/2023:06:39:17 -0500] "GET /sipse/faces/javax.faces.resource/layout/layout.js?ln=primefaces&v=4.0 HTTP/1.1" 304 -
201.245.192.253 - - [16/Jan/2023:06:39:17 -0500] "GET /sipse/css/imagen/logoSDG.png HTTP/1.1" 304 -
201.245.192.253 - - [16/Jan/2023:06:39:17 -0500] "GET /sipse/css/imagen/loginimg.png HTTP/1.1" 304 -
201.245.192.253 - - [16/Jan/2023:06:39:17 -0500] "GET /sipse/faces/javax.faces.resource/images/ui-icons_898989_256x240.png?ln=primefaces-aristo HTTP/1.1" 304 -
201.245.192.253 - - [16/Jan/2023:06:39:20 -0500] "POST /sipse/faces/autenticacion.xhtml HTTP/1.1" 200 15510
201.245.192.253 - - [16/Jan/2023:06:39:20 -0500] "GET /sipse/css/custom_css_sg_prime.css HTTP/1.1" 304 -
201.245.192.253 - - [16/Jan/2023:06:39:20 -0500] "GET /sipse/faces/javax.faces.resource/primefaces.css?ln=primefaces&v=4.0 HTTP/1.1" 304 -
201.245.192.253 - - [16/Jan/2023:06:39:20 -0500] "GET /sipse/faces/javax.faces.resource/layout/layout.css?ln=primefaces&v=4.0 HTTP/1.1" 304 -
201.245.192.253 - - [16/Jan/2023:06:39:20 -0500] "GET /sipse/faces/javax.faces.resource/theme.css?ln=primefaces-sipse HTTP/1.1" 304 -
201.245.192.253 - - [16/Jan/2023:06:39:20 -0500] "GET /sipse/js/jquery.min.js HTTP/1.1" 304 -
201.245.192.253 - - [16/Jan/2023:06:39:20 -0500] "GET /sipse/faces/javax.faces.resource/jquery/jquery.js?ln=primefaces&v=4.0 HTTP/1.1" 304 -
201.245.192.253 - - [16/Jan/2023:06:39:20 -0500] "GET /sipse/faces/javax.faces.resource/jquery/jquery-plugins.js?ln=primefaces&v=4.0 HTTP/1.1" 304 -
201.245.192.253 - - [16/Jan/2023:06:39:20 -0500] "GET /sipse/faces/javax.faces.resource/primefaces.js?ln=primefaces&v=4.0 HTTP/1.1" 304 -
201.245.192.253 - - [16/Jan/2023:06:39:20 -0500] "GET /sipse/faces/javax.faces.resource/layout/layout.js?ln=primefaces&v=4.0 HTTP/1.1" 304 -
201.245.192.253 - - [16/Jan/2023:06:39:20 -0500] "GET /sipse/imagenes/cargando.gif HTTP/1.1" 304 -
201.245.192.253 - - [16/Jan/2023:06:39:20 -0500] "GET /sipse/imagenes/logoAplicacion.jpg HTTP/1.1" 304 -
201.245.192.253 - - [16/Jan/2023:06:39:20 -0500] "GET /sipse/css/imagen/contrasena.png HTTP/1.1" 404 383
201.245.192.253 - - [16/Jan/2023:06:39:20 -0500] "GET /sipse/faces/javax.faces.resource/messages/messages.png?ln=primefaces&v=4.0 HTTP/1.1" 304 -
201.245.192.253 - - [16/Jan/2023:06:39:23 -0500] "GET /sipse/faces/javax.faces.resource/images/ui-bg_flat_0_2d5972_40x100.png?ln=primefaces-aristo HTTP/1.1" 304 -
201.245.192.253 - - [16/Jan/2023:06:39:23 -0500] "POST /sipse/faces/bienvenido.xhtml HTTP/1.1" 200 3843
201.245.192.253 - - [16/Jan/2023:06:39:24 -0500] "POST /sipse/faces/bienvenido.xhtml HTTP/1.1" 200 36310
201.245.192.253 - - [16/Jan/2023:06:39:25 -0500] "GET /sipse/faces/javax.faces.resource/theme.css?ln=primefaces-sipse HTTP/1.1" 304 -
201.245.192.253 - - [16/Jan/2023:06:39:25 -0500] "GET /sipse/faces/javax.faces.resource/primefaces.css?ln=primefaces&v=4.0 HTTP/1.1" 304 -
201.245.192.253 - - [16/Jan/2023:06:39:25 -0500] "GET /sipse/faces/javax.faces.resource/layout/layout.css?ln=primefaces&v=4.0 HTTP/1.1" 304 -
201.245.192.253 - - [16/Jan/2023:06:39:25 -0500] "GET /sipse/faces/javax.faces.resource/jquery/jquery.js?ln=primefaces&v=4.0 HTTP/1.1" 304 -
201.245.192.253 - - [16/Jan/2023:06:39:25 -0500] "GET /sipse/faces/javax.faces.resource/jquery/jquery-plugins.js?ln=primefaces&v=4.0 HTTP/1.1" 304 -
201.245.192.253 - - [16/Jan/2023:06:39:25 -0500] "GET /sipse/faces/javax.faces.resource/primefaces.js?ln=primefaces&v=4.0 HTTP/1.1" 304 -
201.245.192.253 - - [16/Jan/2023:06:39:25 -0500] "GET /sipse/faces/javax.faces.resource/layout/layout.js?ln=primefaces&v=4.0 HTTP/1.1" 304 -
201.245.192.253 - - [16/Jan/2023:06:39:25 -0500] "POST /sipse/faces/presentacion/financiero/solicitudProceso/listarSolicitudProceso.xhtml HTTP/1.1" 200 1396
201.245.192.253 - - [16/Jan/2023:06:39:42 -0500] "POST /sipse/faces/presentacion/financiero/solicitudProceso/listarSolicitudProceso.xhtml HTTP/1.1" 200 129760
201.245.192.253 - - [16/Jan/2023:06:39:43 -0500] "GET /sipse/faces/javax.faces.resource/theme.css?ln=primefaces-sipse HTTP/1.1" 304 -
201.245.192.253 - - [16/Jan/2023:06:39:43 -0500] "GET /sipse/faces/javax.faces.resource/layout/layout.css?ln=primefaces&v=4.0 HTTP/1.1" 304 -
201.245.192.253 - - [16/Jan/2023:06:39:43 -0500] "GET /sipse/faces/javax.faces.resource/primefaces.css?ln=primefaces&v=4.0 HTTP/1.1" 304 -
201.245.192.253 - - [16/Jan/2023:06:39:43 -0500] "GET /sipse/faces/javax.faces.resource/jquery/jquery.js?ln=primefaces&v=4.0 HTTP/1.1" 304 -
201.245.192.253 - - [16/Jan/2023:06:39:43 -0500] "GET /sipse/faces/javax.faces.resource/jquery/jquery-plugins.js?ln=primefaces&v=4.0 HTTP/1.1" 304 -
201.245.192.253 - - [16/Jan/2023:06:39:43 -0500] "GET /sipse/faces/javax.faces.resource/primefaces.js?ln=primefaces&v=4.0 HTTP/1.1" 304 -
201.245.192.253 - - [16/Jan/2023:06:39:43 -0500] "GET /sipse/faces/javax.faces.resource/layout/layout.js?ln=primefaces&v=4.0 HTTP/1.1" 304 -
201.245.192.253 - - [16/Jan/2023:06:39:43 -0500] "GET /sipse/faces/javax.faces.resource/dynamiccontent.properties?ln=primefaces&pfdrid=XjOR5%2F%2FfPAZAuY9TpWQeCiM0BhlXxYRBGKi%2FQcXXfeA%3D&pfdrid_c=false HTTP/1.1" 500 383
216.245.221.92 - - [16/Jan/2023:06:39:46 -0500] "HEAD / HTTP/1.1" 200 -
201.245.192.253 - - [16/Jan/2023:06:39:48 -0500] "POST /sipse/faces/presentacion/financiero/solicitudProceso/consultarSolicitudProceso.xhtml HTTP/1.1" 200 5527
201.245.192.253 - - [16/Jan/2023:06:42:13 -0500] "POST /kwsrmcab/Wsrmcab  HTTP/1.1" 200 43915
172.22.2.4 - - [16/Jan/2023:06:42:24 -0500] "HEAD /BLA/boletinlegal/ HTTP/1.1" 200 -
216.245.221.92 - - [16/Jan/2023:06:44:46 -0500] "HEAD / HTTP/1.1" 200 -
172.22.2.4 - - [16/Jan/2023:06:43:14 -0500] "GET /BLA/boletinlegal/ HTTP/1.1" 200 57824
157.55.39.201 - - [16/Jan/2023:06:45:45 -0500] "GET /BLA/resoluciones/AUTOS%202022/4566.pdf HTTP/1.1" 304 -
185.119.81.101 - - [16/Jan/2023:06:46:44 -0500] "GET /portaldeninos/wp-login.php HTTP/1.1" 200 2592
185.119.81.101 - - [16/Jan/2023:06:46:45 -0500] "POST /portaldeninos/wp-login.php HTTP/1.1" 200 3605
201.245.192.253 - - [16/Jan/2023:06:47:12 -0500] "POST /kwsrmcab/Wsrmcab  HTTP/1.1" 200 43915
207.46.13.83 - - [16/Jan/2023:06:49:45 -0500] "GET /BLA/resoluciones/RESOLUCIONES%202014/1763.pdf HTTP/1.1" 304 -
216.245.221.92 - - [16/Jan/2023:06:49:46 -0500] "HEAD / HTTP/1.1" 200 -
172.22.2.4 - - [16/Jan/2023:06:48:14 -0500] "HEAD /BLA/boletinlegal/ HTTP/1.1" 200 -
172.22.2.4 - - [16/Jan/2023:06:49:05 -0500] "GET /BLA/boletinlegal/ HTTP/1.1" 200 57824
201.245.192.253 - - [16/Jan/2023:06:52:11 -0500] "POST /kwsrmcab/Wsrmcab  HTTP/1.1" 200 43915
216.245.221.92 - - [16/Jan/2023:06:54:46 -0500] "HEAD / HTTP/1.1" 200 -
172.22.2.4 - - [16/Jan/2023:06:54:04 -0500] "HEAD /BLA/boletinlegal/ HTTP/1.1" 200 -
40.77.167.42 - - [16/Jan/2023:06:55:48 -0500] "GET /sipse/faces/autenticacion.xhtml HTTP/1.1" 200 12499
172.22.2.4 - - [16/Jan/2023:06:56:19 -0500] "GET /BLA/boletinlegal/Directivas/2017/Directiva%20No.%2006%20del%2016%20de%20Agosto%20de%202017.pdf HTTP/1.1" 200 310598
172.22.2.4 - - [16/Jan/2023:06:54:55 -0500] "GET /BLA/boletinlegal/ HTTP/1.1" 200 46778
201.245.192.253 - - [16/Jan/2023:06:57:11 -0500] "POST /kwsrmcab/Wsrmcab  HTTP/1.1" 200 43915
80.94.92.57 - - [16/Jan/2023:06:58:54 -0500] "GET / HTTP/1.1" 200 319
162.55.175.158 - - [16/Jan/2023:06:58:54 -0500] "GET / HTTP/1.1" 200 319
40.77.167.42 - - [16/Jan/2023:06:59:35 -0500] "GET /BLA/resoluciones/RESOLUCIONES%202014/3281.pdf HTTP/1.1" 304 -
216.245.221.92 - - [16/Jan/2023:06:59:46 -0500] "HEAD / HTTP/1.1" 200 -
172.22.2.4 - - [16/Jan/2023:06:59:49 -0500] "GET /BLA/boletinlegal/style.css HTTP/1.1" 200 9406
172.22.2.4 - - [16/Jan/2023:06:59:49 -0500] "GET /BLA/boletinlegal/styles2.css HTTP/1.1" 200 1838
172.22.2.4 - - [16/Jan/2023:06:59:49 -0500] "GET /BLA/boletinlegal/js/jquery.js HTTP/1.1" 200 57254
172.22.2.4 - - [16/Jan/2023:06:59:49 -0500] "GET /BLA/boletinlegal/js/jquery.scrollTo-min.js HTTP/1.1" 200 1150
172.22.2.4 - - [16/Jan/2023:06:59:49 -0500] "GET /BLA/boletinlegal/js/jquery.scrollShow.js HTTP/1.1" 200 4586
172.22.2.4 - - [16/Jan/2023:06:59:49 -0500] "GET /BLA/boletinlegal/images/subscribe-icon-big.png HTTP/1.1" 200 47702
172.22.2.4 - - [16/Jan/2023:06:59:49 -0500] "GET /BLA/boletinlegal/images/cabezote%20BLEGAL.jpg HTTP/1.1" 200 118164
172.22.2.4 - - [16/Jan/2023:06:59:49 -0500] "GET /BLA/boletinlegal/images/historia.png HTTP/1.1" 200 52775
172.22.2.4 - - [16/Jan/2023:06:59:49 -0500] "GET /BLA/boletinlegal/images/arr_l.jpg HTTP/1.1" 200 1979
172.22.2.4 - - [16/Jan/2023:06:59:49 -0500] "GET /BLA/boletinlegal/images/registro-usuarios.png HTTP/1.1" 200 8106
172.22.2.4 - - [16/Jan/2023:06:59:49 -0500] "GET /BLA/boletinlegal/images/screen_1.png HTTP/1.1" 200 202547
172.22.2.4 - - [16/Jan/2023:06:59:49 -0500] "GET /BLA/boletinlegal/images/body_bg.jpg HTTP/1.1" 200 1601
172.22.2.4 - - [16/Jan/2023:06:59:49 -0500] "GET /BLA/boletinlegal/images/launch.jpg HTTP/1.1" 200 14577
172.22.2.4 - - [16/Jan/2023:06:59:49 -0500] "GET /BLA/boletinlegal/images/menu_rght.gif HTTP/1.1" 200 1627
172.22.2.4 - - [16/Jan/2023:06:59:49 -0500] "GET /BLA/boletinlegal/images/bg_top.jpg HTTP/1.1" 200 522
172.22.2.4 - - [16/Jan/2023:06:59:49 -0500] "GET /BLA/boletinlegal/images/menu_bg.jpg HTTP/1.1" 200 620
172.22.2.4 - - [16/Jan/2023:06:59:49 -0500] "GET /BLA/boletinlegal/images/text.jpg HTTP/1.1" 200 568
172.22.2.4 - - [16/Jan/2023:06:59:49 -0500] "GET /BLA/boletinlegal/images/hover.jpg HTTP/1.1" 200 640
172.22.2.4 - - [16/Jan/2023:06:59:49 -0500] "GET /BLA/boletinlegal/images/menu_lft.gif HTTP/1.1" 200 1713
172.22.2.4 - - [16/Jan/2023:06:59:48 -0500] "GET /BLA/boletinlegal/ HTTP/1.1" 200 24523
172.22.2.4 - - [16/Jan/2023:06:59:54 -0500] "HEAD /BLA/boletinlegal/ HTTP/1.1" 200 -
201.245.192.253 - - [16/Jan/2023:07:02:10 -0500] "POST /kwsrmcab/Wsrmcab  HTTP/1.1" 200 43915
172.22.2.4 - - [16/Jan/2023:07:00:44 -0500] "GET /BLA/boletinlegal/ HTTP/1.1" 200 59779
172.22.2.4 - - [16/Jan/2023:07:04:11 -0500] "GET /BLA/boletinlegal/favicon.ico HTTP/1.1" 404 1334
216.245.221.92 - - [16/Jan/2023:07:04:46 -0500] "HEAD / HTTP/1.1" 200 -
207.46.13.83 - - [16/Jan/2023:07:05:16 -0500] "GET / HTTP/1.1" 200 319
186.102.58.77 - - [16/Jan/2023:07:06:56 -0500] "GET /kwssiamovil/sm/acme/a?s=U2FsdGVkX18os2Burscn4enqTVMXo9n08qN0huoyC611CbXePpXHtm3QeWQVyAxnZfPVy8PtbweLjFdY/jLyc1Dkfp+RTM+RvxEsgkQ8r2Ab0YOR7+4pqhoXcfT1IJqrSo3BjPq3H/SDxxLAGfsfx1UB0BG9sa3mrsJVfPa20FYJDhfWr7tSIDiDynBw5hjmXJuPmh8vRm5zjbVooUJVWcunNKjkApkxGoFwglMzH4ZB74kHvyZFa0gvXBhbHl4NwXZaV3gttcvXJzD+7GUXzw==&u=U2FsdGVkX1/5oz/9JJenpKFaDkSv09TtVfGlhqiNuLl02KEC/Lgxd/mUIh0M+uOz&y=U2FsdGVkX1+p2/oCctpfvN1Y03eHlwepOvROmMKrRXnd7xwttbpzqwilaGZJ+vN/ HTTP/1.1" 200 26
186.102.58.77 - - [16/Jan/2023:07:06:56 -0500] "GET /kwssiamovil/sm/acme/a?s=U2FsdGVkX19usttPXtiizHMhVC6hN2uoMYOrbFfH+bt3rifnUPUTzDrUsDzSyv5ypDCBBMScmKtGFzGVdeBuuvR3aIoaIo72V1PiIq9Zn/VyFtIYqbegnrjxOsRJpghBTNYdCP1tD4NxeZIn7T2gSOY/9vZSJfNs0HXH5+t5kDr7UNz+zCrmsJvuq08gfnb0XeZsJ9er9E9nwR5efcF3mmCq1RC2uI3QlouiaavgKqH5i2n25PgUN45aVywnT4sEviISX7Ng3rMVc7wr01tjkXzYU2vYpwyIgD9ujLbEBrTJJAkN/evz8fzdJEr2kZr1bhCO5XnBXEDdqmXh+yWseU9LPZOkeqZvLZajLZXvvN/uIH9E8keRZNVH1PdfKmaRE4Db4wZMqwK6skW6PsXcBlXqaTPvj1tfzjlyyXLymINC+8Ixx4W9lfA98UYhytCVFvo0mC4H6qrbXCiGTY2tAWeBf648RZqGVNTknoVko9hcWu+Yl0AboQHLhVmqPyhnR5ZCvKSCBslEXeYT7FtvuCI2f384NzRmXNK9QoJoW39Z8V724JGL5kcjRN2+q6pxX7mPh5hWd2cb6S2CWScb6jb2HzILAi+fYa5kgoidHkfc5Y5WET+Pk9Z7noxw7lhnPZ2q0Tql42qrzwd+KmTQxuQpt1bFztpfP5VyBXQU6yloK9Z7iO1LC4lMqPlkpHDwRg/t2DHZlcgAm6g4TT90Sa0+Thsbqe4FcI08ZoNVZESi28ihpdWs59hudwA6PqnimjWFGF4VfPk4nLuxHlrGpXSpEpAysPQdvLSQWtICA2C7apD5leqM8OEkI+lbcGquVHlTRmnIMfno2UluwVtLbuVp/y0wPQNo1Nv1tZCH8c3gSiESxHw70L9D0MUF8ojXif7nXrhK53vx4ddQY+yASupjxB6Tn21iU95N9Gs4WUJVkw0xAbrn/Na1bXkjvvafJHpb8Q9l1cu+vWQavu0ikE+BMsBB/BHPMy8dtXg/x71pxiW0zjZY8QwF4epQyrAGXbLMdmkIgmsRh6Gt53gbIrKrNrdRmG/OZFHxdmNYdxs9zUPAEmB4M1n2DWsDNaKAgA1EsCrElrmb1bIm1GgDQ+O31hW8h0QFEV+pc+VXSaW68NiKA66gi1TvPYgaMHM3hw4Gedt5IjK0IX/IzGhYNfL2PfbwP7RJSF35JC/YqejI8Lc7WNDnO53vwGHoSLUL/GAiqDNqFAl+6BForev1rYnZ6XQ3wwrXR2yr1d2h1KeHX1caKokGn6QyM3FIes/t7LSRd96rItBwDYEMymgvrzQQDuDnOzJfG4UTyyrG1X9QKSw4mJg0f1xQB/0FcEcJkf4VSIWixYuODF4qjfBtNKWrChohhl3Kkau8bBdhLo63JIXsis+RVLtrmuBCDCQZBqZ22LZ+zA4sxQTCsYOEd4ZPTJaMgU7AavMt260rK2OXVJDfG7pNB6r2xSJvtFneHlx5+FqiSnayY0nW2Up0GNPTxLE5/YMtxFFZ1tc8upSXHQ6M7GW126hpXB/2iHyhKMl0xFDF+BzDKk8U+ZYme70QW6u3F78JjUPVLImo6nOW304xDxjsE0rygvFPAFeMqd+ZYFTKCbsti/72AaP+GL2kVciSwIkg5sszqpoJBpdidqiyRnIjEqK94QO8hbLCD2emtp8uVBUYIcl3xwgsRJIJWYqpisrw6ZJii3By3U9ZrMrwNsoTQeHM7uBODlQSwCDr+YWN6n3P0nb2DEbGAAF/fsjS6OzOtmNQzP8Q3dyiRch1fZtdlXL8Yoc//cJvLKSGVuSDXzA/pw11NJtMPNvIGSUdjDv6CqhXAbpyB9HcgxfFH3EZzcH9HYubGy0krb4E41WLzZ3amV50Xprfm2jlFNMTUUP6EM6fTc7Jebq3Ytp0nI1ft7bMLPsphBCzGH3fTCAUY49syeaCp0Rh0O4ILwVMKGfE7YSYi3jRuv9nPjRltJ2qq11vmS4BnlF/CXJ9SwHo9/G5q5ytcQOEtIk7dPovmqvbYe4Lz+5ddYgKqARd5202MT/3mYV7U9ryEg6y0jrdFToT/x5rQ6zyWspFlJkiBHao/RXYVtFjxiDDHN6QRrONVPwAEM6My1VQgpnffR2JZC9u0MvJWUE7ojS8W4fU7HZy9wI0M3i2pnlmUhnyp+5F09Ke9ewxT1UjVTSBY/AkNYDGR80KFKBwTqdN1K4my9J3zMGXZ6tEUEtXlNST4m1/FRCjMykm7ArjIrno9WYs5CSG8K+h6nPr5uK3ORmvChRMbBAVfeZqoO5PkPxEWqYM2DOq2ZAjf3jjRGyla6kNPm1CuYKZCxyjwnhc4dqfFygHcMprw0vQf5a6eQWalnDw2okuMiE6uilf5RMMk2ejeTLFPW49Plzpe3iCQaUNMjkO9Y4QGnNbeEit8PSyucImHHg0X2cOGg7NooO4peLFjPZputjmOawtDWyPwFffDq0nJVTLmo1/qHm9b2MRB9xScxtbISPFrWLzD8jFUIXRbiyjiMdFq3xCArBVEjL/jHSaAvvxgJAXzwAyEm0aWM0gdbBah/FD0Gt92ArcGasHRC5nh4mhFku2WXRyE3lzZ7jnJ5vl/wpPR9YMi6Xh0karmwlKclGD0T6m5iEpV6O51KbdBuUNBcc2WbuhnNXNaB/biviURxPpH2m4pBlGXr9vm4azNlbye9zr&u=U2FsdGVkX1/5oz/9JJenpKFaDkSv09TtVfGlhqiNuLl02KEC/Lgxd/mUIh0M+uOz&y=U2FsdGVkX1+p2/oCctpfvN1Y03eHlwepOvROmMKrRXnd7xwttbpzqwilaGZJ+vN/ HTTP/1.1" 200 26
186.102.58.77 - - [16/Jan/2023:07:06:57 -0500] "GET /kwssiamovil/sm/acme/a?s=U2FsdGVkX192GTm33wN1NVIo6DXKrPQKhybAqCQbBkK7cKvyurswIRQx9roscUJs1YuiUD74p/Z5zF7fZsAXrp5B44sELY0A/l36uhmPytH4niVVKz3hJsjAeyqQLQbpwnggweIyDatV0lUHI7rGqkZERdOb/jobV7GKjAkdcdM=&u=U2FsdGVkX1/5oz/9JJenpKFaDkSv09TtVfGlhqiNuLl02KEC/Lgxd/mUIh0M+uOz&y=U2FsdGVkX1+p2/oCctpfvN1Y03eHlwepOvROmMKrRXnd7xwttbpzqwilaGZJ+vN/ HTTP/1.1" 200 26
186.102.58.77 - - [16/Jan/2023:07:06:57 -0500] "GET /kwssiamovil/sm/acme/a?s=U2FsdGVkX181KpugS9WbFMW22c4zqD1jr+iqCRi/a3q+NO0ZrCxqkMJQLwHRgEYBH0xq1vcq7oTz2U/ELBINik5/QMNHi2LEwHYcJ7Ss7mJkYctnEM9vABdy+qYteF/2tXKFNUfkuhQtQ50Lo6NjervaCLTuXBAm7EiZi2DrN2I=&u=U2FsdGVkX1/5oz/9JJenpKFaDkSv09TtVfGlhqiNuLl02KEC/Lgxd/mUIh0M+uOz&y=U2FsdGVkX1+p2/oCctpfvN1Y03eHlwepOvROmMKrRXnd7xwttbpzqwilaGZJ+vN/ HTTP/1.1" 200 26
186.102.58.77 - - [16/Jan/2023:07:06:57 -0500] "GET /kwssiamovil/sm/acme/a?s=U2FsdGVkX1/PF6Xxf+vsXmdecsHUTI6lZtC9gUgYxjfUdzjtabXvSTAuWOxFlvOmxnUzNPUqw8WbCDsbXihgj8faNrYO2bxmIn97hgVZBlhNU8+OIW9luqjXYbszn18/pEhtlV+tbJuqwp3AF8ULP6sPUsYFPrHZvaj3NSD2IDw=&u=U2FsdGVkX1/5oz/9JJenpKFaDkSv09TtVfGlhqiNuLl02KEC/Lgxd/mUIh0M+uOz&y=U2FsdGVkX1+p2/oCctpfvN1Y03eHlwepOvROmMKrRXnd7xwttbpzqwilaGZJ+vN/ HTTP/1.1" 200 26
186.102.58.77 - - [16/Jan/2023:07:06:57 -0500] "GET /kwssiamovil/sm/acme/a?s=U2FsdGVkX1+i+Zb5q8pAfLDUOdzypi7vxJ6LelmOg/tug9mH4EI+/VewHMwwYm4w5zR0mqaIchFTtHPi4A8KhEqG9lqj8ir3CzzgF0IVfiHjlERd/uqVkFXV/c1pf1PD3B8kBJJc3sQVdc9T41indhe3sNat/U3oIyMnWZGi53oTvti6uB5ZjzVSB9/maFiHjlI/M4dcL9Pz8BmM4clGww==&u=U2FsdGVkX1/5oz/9JJenpKFaDkSv09TtVfGlhqiNuLl02KEC/Lgxd/mUIh0M+uOz&y=U2FsdGVkX1+p2/oCctpfvN1Y03eHlwepOvROmMKrRXnd7xwttbpzqwilaGZJ+vN/ HTTP/1.1" 200 26
201.245.192.253 - - [16/Jan/2023:07:07:09 -0500] "POST /kwsrmcab/Wsrmcab  HTTP/1.1" 200 43915
191.108.50.217 - - [16/Jan/2023:07:07:12 -0500] "GET /BLA/resoluciones/ HTTP/1.1" 200 13502
191.108.50.217 - - [16/Jan/2023:07:07:18 -0500] "GET /BLA/resoluciones/index.php?dir=RESOLUCIONES+2022%2F HTTP/1.1" 200 273345
172.22.2.4 - - [16/Jan/2023:07:05:44 -0500] "HEAD /BLA/boletinlegal/ HTTP/1.1" 200 -
186.84.89.238 - - [16/Jan/2023:07:07:27 -0500] "GET /appsia/controlador HTTP/1.1" 200 4799
186.84.89.238 - - [16/Jan/2023:07:07:28 -0500] "GET /appsia/css/estilos.css HTTP/1.1" 200 4804
186.84.89.238 - - [16/Jan/2023:07:07:28 -0500] "GET /appsia/scripts/validarIngreso.js HTTP/1.1" 200 851
186.84.89.238 - - [16/Jan/2023:07:07:28 -0500] "GET /appsia/images/cabezoteHojaVida.png HTTP/1.1" 200 32493
186.84.89.238 - - [16/Jan/2023:07:07:28 -0500] "GET /appsia/images/logo_bogota_p.png HTTP/1.1" 200 14951
186.84.89.238 - - [16/Jan/2023:07:07:28 -0500] "GET /favicon.ico HTTP/1.1" 200 7782
191.108.50.217 - - [16/Jan/2023:07:07:42 -0500] "GET /BLA/resoluciones/ HTTP/1.1" 200 13502
191.108.50.217 - - [16/Jan/2023:07:07:46 -0500] "GET /BLA/resoluciones/index.php?dir=RESOLUCIONES+2021%2F HTTP/1.1" 200 436924
172.22.2.4 - - [16/Jan/2023:07:06:34 -0500] "GET /BLA/boletinlegal/ HTTP/1.1" 200 59404
186.84.89.238 - - [16/Jan/2023:07:09:40 -0500] "GET /appsia/controlador HTTP/1.1" 200 4799
186.84.89.238 - - [16/Jan/2023:07:09:40 -0500] "GET /appsia/css/estilos.css HTTP/1.1" 200 4804
186.84.89.238 - - [16/Jan/2023:07:09:40 -0500] "GET /appsia/scripts/validarIngreso.js HTTP/1.1" 200 851
186.84.89.238 - - [16/Jan/2023:07:09:40 -0500] "GET /appsia/images/cabezoteHojaVida.png HTTP/1.1" 200 32493
186.84.89.238 - - [16/Jan/2023:07:09:41 -0500] "GET /appsia/images/logo_bogota_p.png HTTP/1.1" 200 14951
186.84.89.238 - - [16/Jan/2023:07:09:41 -0500] "GET /favicon.ico HTTP/1.1" 200 7782
216.245.221.92 - - [16/Jan/2023:07:09:46 -0500] "HEAD / HTTP/1.1" 200 -
207.46.13.41 - - [16/Jan/2023:07:09:59 -0500] "GET /BLA/boletinlegal/Circulares/2012/Circular%20No.%2014%20del%2011%20de%20Septiembre%20de%202012.pdf HTTP/1.1" 304 -
186.84.89.238 - - [16/Jan/2023:07:10:08 -0500] "POST /appsia/controlador HTTP/1.1" 200 4621
186.84.89.238 - - [16/Jan/2023:07:10:19 -0500] "POST /appsia/controlador HTTP/1.1" 200 7729
186.84.89.238 - - [16/Jan/2023:07:10:19 -0500] "GET /appsia/images/logo_escudo.png HTTP/1.1" 200 36965
201.245.192.253 - - [16/Jan/2023:07:12:08 -0500] "POST /kwsrmcab/Wsrmcab  HTTP/1.1" 200 43915
201.245.192.253 - - [16/Jan/2023:07:12:40 -0500] "POST /sipse/faces/presentacion/financiero/solicitudProceso/listarSolicitudProceso.xhtml HTTP/1.1" 200 911
201.245.192.253 - - [16/Jan/2023:07:12:42 -0500] "GET /sipse/faces/presentacion/financiero/cdp/faces/autenticacion HTTP/1.1" 302 -
201.245.192.253 - - [16/Jan/2023:07:12:42 -0500] "GET /sipse/faces/autenticacion.xhtml HTTP/1.1" 200 12177
201.245.192.253 - - [16/Jan/2023:07:12:42 -0500] "GET /sipse/css/custom_css_sg.css HTTP/1.1" 304 -
201.245.192.253 - - [16/Jan/2023:07:12:42 -0500] "GET /sipse/faces/javax.faces.resource/primefaces.css?ln=primefaces&v=4.0 HTTP/1.1" 304 -
201.245.192.253 - - [16/Jan/2023:07:12:42 -0500] "GET /sipse/faces/javax.faces.resource/theme.css?ln=primefaces-sipse HTTP/1.1" 304 -
201.245.192.253 - - [16/Jan/2023:07:12:42 -0500] "GET /sipse/faces/javax.faces.resource/layout/layout.css?ln=primefaces&v=4.0 HTTP/1.1" 304 -
201.245.192.253 - - [16/Jan/2023:07:12:42 -0500] "GET /sipse/faces/javax.faces.resource/primefaces.js?ln=primefaces&v=4.0 HTTP/1.1" 304 -
201.245.192.253 - - [16/Jan/2023:07:12:42 -0500] "GET /sipse/faces/javax.faces.resource/jquery/jquery-plugins.js?ln=primefaces&v=4.0 HTTP/1.1" 304 -
201.245.192.253 - - [16/Jan/2023:07:12:42 -0500] "GET /sipse/faces/javax.faces.resource/jquery/jquery.js?ln=primefaces&v=4.0 HTTP/1.1" 304 -
201.245.192.253 - - [16/Jan/2023:07:12:42 -0500] "GET /sipse/faces/javax.faces.resource/layout/layout.js?ln=primefaces&v=4.0 HTTP/1.1" 304 -
201.245.192.253 - - [16/Jan/2023:07:12:42 -0500] "GET /sipse/faces/javax.faces.resource/images/ui-icons_898989_256x240.png?ln=primefaces-aristo HTTP/1.1" 304 -
201.245.192.253 - - [16/Jan/2023:07:12:42 -0500] "GET /sipse/css/imagen/logoSDG.png HTTP/1.1" 304 -
201.245.192.253 - - [16/Jan/2023:07:12:45 -0500] "POST /sipse/faces/autenticacion.xhtml HTTP/1.1" 200 15507
201.245.192.253 - - [16/Jan/2023:07:12:45 -0500] "GET /sipse/faces/javax.faces.resource/theme.css?ln=primefaces-sipse HTTP/1.1" 304 -
201.245.192.253 - - [16/Jan/2023:07:12:45 -0500] "GET /sipse/faces/javax.faces.resource/layout/layout.css?ln=primefaces&v=4.0 HTTP/1.1" 304 -
201.245.192.253 - - [16/Jan/2023:07:12:45 -0500] "GET /sipse/faces/javax.faces.resource/primefaces.css?ln=primefaces&v=4.0 HTTP/1.1" 304 -
201.245.192.253 - - [16/Jan/2023:07:12:45 -0500] "GET /sipse/faces/javax.faces.resource/jquery/jquery.js?ln=primefaces&v=4.0 HTTP/1.1" 304 -
201.245.192.253 - - [16/Jan/2023:07:12:45 -0500] "GET /sipse/faces/javax.faces.resource/jquery/jquery-plugins.js?ln=primefaces&v=4.0 HTTP/1.1" 304 -
88.99.62.159 - - [16/Jan/2023:07:12:45 -0500] "GET /portaldeninos/comments/feed/ HTTP/1.1" 304 -
201.245.192.253 - - [16/Jan/2023:07:12:45 -0500] "GET /sipse/faces/javax.faces.resource/primefaces.js?ln=primefaces&v=4.0 HTTP/1.1" 304 -
201.245.192.253 - - [16/Jan/2023:07:12:45 -0500] "GET /sipse/faces/javax.faces.resource/layout/layout.js?ln=primefaces&v=4.0 HTTP/1.1" 304 -
201.245.192.253 - - [16/Jan/2023:07:12:45 -0500] "GET /sipse/imagenes/cargando.gif HTTP/1.1" 304 -
201.245.192.253 - - [16/Jan/2023:07:12:45 -0500] "GET /sipse/css/imagen/contrasena.png HTTP/1.1" 404 383
88.99.62.159 - - [16/Jan/2023:07:12:45 -0500] "GET /portaldeninos/feed/ HTTP/1.1" 304 -
201.245.192.253 - - [16/Jan/2023:07:12:45 -0500] "GET /sipse/faces/javax.faces.resource/messages/messages.png?ln=primefaces&v=4.0 HTTP/1.1" 304 -
201.245.192.253 - - [16/Jan/2023:07:12:46 -0500] "GET /sipse/faces/javax.faces.resource/images/ui-bg_flat_0_2d5972_40x100.png?ln=primefaces-aristo HTTP/1.1" 304 -
201.245.192.253 - - [16/Jan/2023:07:12:46 -0500] "POST /sipse/faces/bienvenido.xhtml HTTP/1.1" 200 3843
201.245.192.253 - - [16/Jan/2023:07:12:47 -0500] "POST /sipse/faces/bienvenido.xhtml HTTP/1.1" 200 38976
201.245.192.253 - - [16/Jan/2023:07:12:48 -0500] "GET /sipse/faces/javax.faces.resource/primefaces.css?ln=primefaces&v=4.0 HTTP/1.1" 304 -
