!C99Shell v. 1.0 pre-release build #13!

Software: Apache. PHP/5.5.15 

uname -a: Windows NT SVR-DMZ 6.1 build 7600 (Windows Server 2008 R2 Enterprise Edition) i586 

SYSTEM 

Safe-mode: OFF (not secure)

E:\nuevo\apache\logs\   drwxrwxrwx
Free 8.02 GB of 239.26 GB (3.35%)
Detected drives: [ a ] [ c ] [ d ] [ e ] [ f ]
Home    Back    Forward    UPDIR    Refresh    Search    Buffer    Encoder    Tools    Proc.    FTP brute    Sec.    SQL    PHP-code    Update    Feedback    Self remove    Logout    


Viewing file:     access.2023.01.16.log (9.59 MB)      -rw-rw-rw-
Select action/file-type:
(+) | (+) | (+) | Code (+) | Session (+) | (+) | SDB (+) | (+) | (+) | (+) | (+) | (+) |
201.245.192.253 - - [16/Jan/2023:00:03:40 -0500] "POST /kwsrmcab/Wsrmcab  HTTP/1.1" 200 43915
172.22.2.4 - - [16/Jan/2023:00:02:09 -0500] "HEAD /BLA/boletinlegal/ HTTP/1.1" 200 -
172.22.2.4 - - [16/Jan/2023:00:04:00 -0500] "GET /BLA/boletinlegal/_ignition/execute-solution HTTP/1.1" 404 1018
172.22.2.4 - - [16/Jan/2023:00:03:00 -0500] "GET /BLA/boletinlegal/ HTTP/1.1" 200 57824
216.245.221.92 - - [16/Jan/2023:00:04:47 -0500] "HEAD / HTTP/1.1" 200 -
172.22.2.4 - - [16/Jan/2023:00:06:28 -0500] "GET /BLA/boletinlegal/Directivas/2017/Directiva%20No.%2002%20del%2017%20de%20Enero%20de%202017.pdf HTTP/1.1" 304 -
201.245.192.253 - - [16/Jan/2023:00:08:38 -0500] "POST /kwsrmcab/Wsrmcab  HTTP/1.1" 200 43915
172.22.2.4 - - [16/Jan/2023:00:07:59 -0500] "HEAD /BLA/boletinlegal/ HTTP/1.1" 200 -
216.245.221.92 - - [16/Jan/2023:00:09:47 -0500] "HEAD / HTTP/1.1" 200 -
172.22.2.4 - - [16/Jan/2023:00:08:50 -0500] "GET /BLA/boletinlegal/ HTTP/1.1" 200 59404
161.18.187.41 - - [16/Jan/2023:00:11:39 -0500] "GET /appsia/controlador HTTP/1.1" 200 4799
161.18.187.41 - - [16/Jan/2023:00:11:39 -0500] "GET /appsia/scripts/validarIngreso.js HTTP/1.1" 200 851
161.18.187.41 - - [16/Jan/2023:00:11:39 -0500] "GET /appsia/images/cabezoteHojaVida.png HTTP/1.1" 200 32493
161.18.187.41 - - [16/Jan/2023:00:11:39 -0500] "GET /appsia/images/logo_bogota_p.png HTTP/1.1" 200 14951
161.18.187.41 - - [16/Jan/2023:00:11:54 -0500] "POST /appsia/controlador HTTP/1.1" 200 5437
161.18.187.41 - - [16/Jan/2023:00:11:56 -0500] "POST /appsia/controlador HTTP/1.1" 200 7729
161.18.187.41 - - [16/Jan/2023:00:11:56 -0500] "GET /appsia/images/logo_escudo.png HTTP/1.1" 200 36965
161.18.187.41 - - [16/Jan/2023:00:12:32 -0500] "POST /appsia/controlador HTTP/1.1" 200 5437
161.18.187.41 - - [16/Jan/2023:00:12:37 -0500] "POST /appsia/controlador HTTP/1.1" 200 4799
201.245.192.253 - - [16/Jan/2023:00:13:37 -0500] "POST /kwsrmcab/Wsrmcab  HTTP/1.1" 200 43915
216.245.221.92 - - [16/Jan/2023:00:14:47 -0500] "HEAD / HTTP/1.1" 200 -
172.22.2.4 - - [16/Jan/2023:00:13:49 -0500] "HEAD /BLA/boletinlegal/ HTTP/1.1" 200 -
173.252.127.118 - - [16/Jan/2023:00:15:42 -0500] "GET /images/Aire%20Reyes%20(1)%20(1).jpeg HTTP/1.1" 200 59709
173.252.127.4 - - [16/Jan/2023:00:15:42 -0500] "GET /images/vertimiento-Comprimida%20(1).png HTTP/1.1" 200 22870
173.252.127.119 - - [16/Jan/2023:00:15:49 -0500] "GET /images/mantener-calidad-del-aire_optimized.jpeg HTTP/1.1" 200 67646
173.252.127.18 - - [16/Jan/2023:00:15:49 -0500] "GET /images/Fauna%20Silvestre%20SDA%2002.jpeg HTTP/1.1" 200 41590
172.22.2.4 - - [16/Jan/2023:00:14:39 -0500] "GET /BLA/boletinlegal/ HTTP/1.1" 200 59779
66.249.64.214 - - [16/Jan/2023:00:16:50 -0500] "-" 408 -
201.245.192.253 - - [16/Jan/2023:00:18:28 -0500] "POST /kwsrmcab/Wsrmcab HTTP/1.1" 200 43423
201.245.192.253 - - [16/Jan/2023:00:18:33 -0500] "POST /kwsrmcab/Wsrmcab HTTP/1.1" 200 43635
201.245.192.253 - - [16/Jan/2023:00:18:36 -0500] "POST /kwsrmcab/Wsrmcab  HTTP/1.1" 200 43915
173.252.107.1 - - [16/Jan/2023:00:19:07 -0500] "GET /garza-azul-nueva-ave-registrada-en-el-humedal-el-burro.html HTTP/1.1" 206 890
186.31.119.72 - - [16/Jan/2023:00:19:24 -0500] "-" 408 -
216.245.221.92 - - [16/Jan/2023:00:19:47 -0500] "HEAD / HTTP/1.1" 200 -
172.22.2.4 - - [16/Jan/2023:00:19:39 -0500] "HEAD /BLA/boletinlegal/ HTTP/1.1" 200 -
172.22.2.4 - - [16/Jan/2023:00:20:29 -0500] "GET /BLA/boletinlegal/ HTTP/1.1" 200 56079
66.249.64.212 - - [16/Jan/2023:00:23:24 -0500] "-" 408 -
201.245.192.253 - - [16/Jan/2023:00:23:36 -0500] "POST /kwsrmcab/Wsrmcab  HTTP/1.1" 200 43915
216.245.221.92 - - [16/Jan/2023:00:24:47 -0500] "HEAD / HTTP/1.1" 200 -
172.22.2.4 - - [16/Jan/2023:00:25:29 -0500] "HEAD /BLA/boletinlegal/ HTTP/1.1" 200 -
191.108.50.217 - - [16/Jan/2023:00:27:25 -0500] "GET /BLA/resoluciones/ HTTP/1.1" 200 13502
191.108.50.217 - - [16/Jan/2023:00:27:31 -0500] "GET /BLA/resoluciones/index.php?dir=RESOLUCIONES+2021%2F HTTP/1.1" 200 436924
191.108.50.217 - - [16/Jan/2023:00:27:41 -0500] "GET /BLA/resoluciones/RESOLUCIONES%202021/0304.pdf HTTP/1.1" 200 1658300
172.22.2.4 - - [16/Jan/2023:00:26:19 -0500] "GET /BLA/boletinlegal/ HTTP/1.1" 200 57192
201.245.192.253 - - [16/Jan/2023:00:28:27 -0500] "POST /kwsrmcab/Wsrmcab HTTP/1.1" 200 43423
201.245.192.253 - - [16/Jan/2023:00:28:31 -0500] "POST /kwsrmcab/Wsrmcab HTTP/1.1" 200 43635
201.245.192.253 - - [16/Jan/2023:00:28:35 -0500] "POST /kwsrmcab/Wsrmcab  HTTP/1.1" 200 43915
216.245.221.92 - - [16/Jan/2023:00:29:47 -0500] "HEAD / HTTP/1.1" 200 -
172.22.2.4 - - [16/Jan/2023:00:31:19 -0500] "HEAD /BLA/boletinlegal/ HTTP/1.1" 200 -
201.245.192.253 - - [16/Jan/2023:00:33:34 -0500] "POST /kwsrmcab/Wsrmcab  HTTP/1.1" 200 43915
172.22.2.4 - - [16/Jan/2023:00:32:09 -0500] "GET /BLA/boletinlegal/ HTTP/1.1" 200 59404
216.245.221.92 - - [16/Jan/2023:00:34:47 -0500] "HEAD / HTTP/1.1" 200 -
66.249.66.143 - - [16/Jan/2023:00:35:48 -0500] "-" 408 -
201.245.192.253 - - [16/Jan/2023:00:38:27 -0500] "POST /kwsrmcab/Wsrmcab HTTP/1.1" 200 43423
201.245.192.253 - - [16/Jan/2023:00:38:30 -0500] "POST /kwsrmcab/Wsrmcab HTTP/1.1" 200 43635
201.245.192.253 - - [16/Jan/2023:00:38:34 -0500] "POST /kwsrmcab/Wsrmcab  HTTP/1.1" 200 43915
172.22.2.4 - - [16/Jan/2023:00:37:09 -0500] "HEAD /BLA/boletinlegal/ HTTP/1.1" 200 -
172.22.2.4 - - [16/Jan/2023:00:37:59 -0500] "GET /BLA/boletinlegal/ HTTP/1.1" 200 59404
216.245.221.92 - - [16/Jan/2023:00:39:47 -0500] "HEAD / HTTP/1.1" 200 -
192.241.193.13 - - [16/Jan/2023:00:40:20 -0500] "GET / HTTP/1.1" 200 319
185.251.217.218 - - [16/Jan/2023:00:40:57 -0500] "GET / HTTP/1.1" 200 319
201.245.192.253 - - [16/Jan/2023:00:43:32 -0500] "POST /kwsrmcab/Wsrmcab  HTTP/1.1" 200 43915
201.182.152.132 - - [16/Jan/2023:00:44:06 -0500] "GET / HTTP/1.1" 200 319
185.119.81.101 - - [16/Jan/2023:00:44:14 -0500] "GET /portaldeninos/wp-login.php HTTP/1.1" 200 2592
185.119.81.101 - - [16/Jan/2023:00:44:15 -0500] "POST /portaldeninos/wp-login.php HTTP/1.1" 200 3605
172.22.2.4 - - [16/Jan/2023:00:42:59 -0500] "HEAD /BLA/boletinlegal/ HTTP/1.1" 200 -
216.245.221.92 - - [16/Jan/2023:00:44:47 -0500] "HEAD / HTTP/1.1" 200 -
172.22.2.4 - - [16/Jan/2023:00:43:49 -0500] "GET /BLA/boletinlegal/ HTTP/1.1" 200 57824
199.16.157.183 - - [16/Jan/2023:00:45:38 -0500] "-" 408 -
23.100.232.233 - - [16/Jan/2023:00:48:12 -0500] "GET /BLA/boletinlegal/js/jquery.scrollShow.js HTTP/1.1" 200 4586
23.100.232.233 - - [16/Jan/2023:00:48:12 -0500] "GET /galeria/galeria/jquery.fancybox.js?v=2.1.5 HTTP/1.1" 200 48706
23.100.232.233 - - [16/Jan/2023:00:48:12 -0500] "GET /galeria/galeria/jquery.fancybox.css?v=2.1.5 HTTP/1.1" 200 4895
181.214.206.186 - - [16/Jan/2023:00:48:20 -0500] "HEAD / HTTP/1.1" 200 -
201.245.192.253 - - [16/Jan/2023:00:48:31 -0500] "POST /kwsrmcab/Wsrmcab  HTTP/1.1" 200 43915
216.245.221.92 - - [16/Jan/2023:00:49:47 -0500] "HEAD / HTTP/1.1" 200 -
172.22.2.4 - - [16/Jan/2023:00:48:49 -0500] "HEAD /BLA/boletinlegal/ HTTP/1.1" 200 -
190.158.204.11 - - [16/Jan/2023:00:50:41 -0500] "GET /appsia/controlador HTTP/1.1" 200 4799
190.158.204.11 - - [16/Jan/2023:00:50:41 -0500] "GET /appsia/css/estilos.css HTTP/1.1" 200 4804
190.158.204.11 - - [16/Jan/2023:00:50:41 -0500] "GET /appsia/scripts/validarIngreso.js HTTP/1.1" 200 851
190.158.204.11 - - [16/Jan/2023:00:50:41 -0500] "GET /appsia/images/cabezoteHojaVida.png HTTP/1.1" 200 32493
190.158.204.11 - - [16/Jan/2023:00:50:41 -0500] "GET /appsia/images/logo_bogota_p.png HTTP/1.1" 200 14951
190.158.204.11 - - [16/Jan/2023:00:50:42 -0500] "GET /favicon.ico HTTP/1.1" 200 7782
190.158.204.11 - - [16/Jan/2023:00:50:56 -0500] "POST /appsia/controlador HTTP/1.1" 200 3596
190.158.204.11 - - [16/Jan/2023:00:50:57 -0500] "GET /appsia/jscripts/validarSolicitud.js HTTP/1.1" 404 68
190.158.204.11 - - [16/Jan/2023:00:51:01 -0500] "POST /appsia/controlador HTTP/1.1" 200 4799
172.22.2.4 - - [16/Jan/2023:00:49:40 -0500] "GET /BLA/boletinlegal/ HTTP/1.1" 200 57192
190.158.204.11 - - [16/Jan/2023:00:51:20 -0500] "POST /appsia/controlador HTTP/1.1" 200 5437
190.158.204.11 - - [16/Jan/2023:00:51:26 -0500] "POST /appsia/controlador HTTP/1.1" 200 7728
190.158.204.11 - - [16/Jan/2023:00:51:27 -0500] "GET /appsia/images/logo_escudo.png HTTP/1.1" 200 36965
201.245.192.253 - - [16/Jan/2023:00:53:29 -0500] "POST /kwsrmcab/Wsrmcab  HTTP/1.1" 200 43915
186.84.22.185 - - [16/Jan/2023:00:54:30 -0500] "GET /BLA/boletinlegal/js/jquery.scrollShow.js HTTP/1.1" 200 4586
186.84.22.185 - - [16/Jan/2023:00:54:30 -0500] "GET /galeria/galeria/jquery.fancybox.js?v=2.1.5 HTTP/1.1" 200 48706
186.84.22.185 - - [16/Jan/2023:00:54:30 -0500] "GET /galeria/galeria/jquery.fancybox.css?v=2.1.5 HTTP/1.1" 200 4895
216.245.221.92 - - [16/Jan/2023:00:54:47 -0500] "HEAD / HTTP/1.1" 200 -
172.22.2.4 - - [16/Jan/2023:00:54:39 -0500] "HEAD /BLA/boletinlegal/ HTTP/1.1" 200 -
172.22.2.4 - - [16/Jan/2023:00:55:29 -0500] "GET /BLA/boletinlegal/ HTTP/1.1" 200 54100
201.245.192.253 - - [16/Jan/2023:00:58:29 -0500] "POST /kwsrmcab/Wsrmcab  HTTP/1.1" 200 43915
191.108.50.217 - - [16/Jan/2023:00:59:22 -0500] "GET /BLA/resoluciones/ HTTP/1.1" 200 13502
191.108.50.217 - - [16/Jan/2023:00:59:28 -0500] "GET /BLA/resoluciones/index.php?dir=RESOLUCIONES+2021%2F HTTP/1.1" 200 436924
191.108.50.217 - - [16/Jan/2023:00:59:34 -0500] "GET /BLA/resoluciones/RESOLUCIONES%202021/3091.pdf HTTP/1.1" 200 624795
216.245.221.92 - - [16/Jan/2023:00:59:47 -0500] "HEAD / HTTP/1.1" 200 -
172.22.2.4 - - [16/Jan/2023:01:00:29 -0500] "HEAD /BLA/boletinlegal/ HTTP/1.1" 200 -
172.22.2.4 - - [16/Jan/2023:01:01:19 -0500] "GET /BLA/boletinlegal/ HTTP/1.1" 200 52942
191.108.50.217 - - [16/Jan/2023:01:03:09 -0500] "GET /BLA/resoluciones/RESOLUCIONES%202021/3090.pdf HTTP/1.1" 200 590713
201.245.192.253 - - [16/Jan/2023:01:03:28 -0500] "POST /kwsrmcab/Wsrmcab  HTTP/1.1" 200 43915
172.22.2.4 - - [16/Jan/2023:01:03:56 -0500] "GET /BLA/boletinlegal/jurisprudencia/analisis/Analisis%20Jurisprudencia%20Sent%202000-00005-01.doc HTTP/1.1" 200 52736
216.245.221.92 - - [16/Jan/2023:01:04:47 -0500] "HEAD / HTTP/1.1" 200 -
152.61.192.232 - - [16/Jan/2023:01:06:32 -0500] "GET / HTTP/1.1" 200 319
172.22.2.4 - - [16/Jan/2023:01:06:19 -0500] "HEAD /BLA/boletinlegal/ HTTP/1.1" 200 -
201.245.192.253 - - [16/Jan/2023:01:08:26 -0500] "POST /kwsrmcab/Wsrmcab  HTTP/1.1" 200 43915
172.22.2.4 - - [16/Jan/2023:01:07:09 -0500] "GET /BLA/boletinlegal/ HTTP/1.1" 200 59404
216.245.221.92 - - [16/Jan/2023:01:09:47 -0500] "HEAD / HTTP/1.1" 200 -
201.245.192.253 - - [16/Jan/2023:01:13:25 -0500] "POST /kwsrmcab/Wsrmcab  HTTP/1.1" 200 43915
172.22.2.4 - - [16/Jan/2023:01:12:09 -0500] "HEAD /BLA/boletinlegal/ HTTP/1.1" 200 -
172.22.2.4 - - [16/Jan/2023:01:12:59 -0500] "GET /BLA/boletinlegal/ HTTP/1.1" 200 59404
216.245.221.92 - - [16/Jan/2023:01:14:47 -0500] "HEAD / HTTP/1.1" 200 -
23.100.232.233 - - [16/Jan/2023:01:15:09 -0500] "GET /BLA/boletinlegal/js/jquery.scrollShow.js HTTP/1.1" 200 4586
23.100.232.233 - - [16/Jan/2023:01:15:09 -0500] "GET /galeria/galeria/jquery.fancybox.js?v=2.1.5 HTTP/1.1" 200 48706
23.100.232.233 - - [16/Jan/2023:01:15:09 -0500] "GET /galeria/galeria/jquery.fancybox.css?v=2.1.5 HTTP/1.1" 200 4895
66.249.66.141 - - [16/Jan/2023:01:17:30 -0500] "-" 408 -
201.245.192.253 - - [16/Jan/2023:01:18:24 -0500] "POST /kwsrmcab/Wsrmcab  HTTP/1.1" 200 43915
201.245.192.253 - - [16/Jan/2023:01:18:27 -0500] "POST /kwsrmcab/Wsrmcab HTTP/1.1" 200 43267
201.245.192.253 - - [16/Jan/2023:01:18:29 -0500] "POST /kwsrmcab/Wsrmcab HTTP/1.1" 200 43470
207.46.13.70 - - [16/Jan/2023:01:18:51 -0500] "GET /BLA/resoluciones/index.php?dir=RESOLUCIONES+2022%2F HTTP/1.1" 200 273345
152.61.128.50 - - [16/Jan/2023:01:19:35 -0500] "GET / HTTP/1.1" 200 319
172.22.2.4 - - [16/Jan/2023:01:17:59 -0500] "HEAD /BLA/boletinlegal/ HTTP/1.1" 200 -
216.245.221.92 - - [16/Jan/2023:01:19:47 -0500] "HEAD / HTTP/1.1" 200 -
172.22.2.4 - - [16/Jan/2023:01:18:49 -0500] "GET /BLA/boletinlegal/ HTTP/1.1" 200 59404
172.22.2.4 - - [16/Jan/2023:01:21:51 -0500] "GET /BLA/boletinlegal/Circulares/2010/Circular%2005%20de%208%20de%20septiembre%20de%202010.pdf HTTP/1.1" 200 2146608
179.43.177.242 - - [16/Jan/2023:01:22:54 -0500] "POST /boaform/admin/formLogin HTTP/1.1" 404 1186
201.245.192.253 - - [16/Jan/2023:01:23:23 -0500] "POST /kwsrmcab/Wsrmcab  HTTP/1.1" 200 43915
216.245.221.92 - - [16/Jan/2023:01:24:47 -0500] "HEAD / HTTP/1.1" 200 -
172.22.2.4 - - [16/Jan/2023:01:23:49 -0500] "HEAD /BLA/boletinlegal/ HTTP/1.1" 200 -
172.22.2.4 - - [16/Jan/2023:01:24:39 -0500] "GET /BLA/boletinlegal/ HTTP/1.1" 200 56825
69.63.184.119 - - [16/Jan/2023:01:27:53 -0500] "GET /andrea-murcia-la-creadora-del-primer-hogar-de-paso-para-perros-y-gatos-en-un-colegio.html HTTP/1.1" 206 973
201.245.192.253 - - [16/Jan/2023:01:28:22 -0500] "POST /kwsrmcab/Wsrmcab  HTTP/1.1" 200 43915
201.245.192.253 - - [16/Jan/2023:01:28:27 -0500] "POST /kwsrmcab/Wsrmcab HTTP/1.1" 200 43267
201.245.192.253 - - [16/Jan/2023:01:28:30 -0500] "POST /kwsrmcab/Wsrmcab HTTP/1.1" 200 43470
216.245.221.92 - - [16/Jan/2023:01:29:47 -0500] "HEAD / HTTP/1.1" 200 -
172.22.2.4 - - [16/Jan/2023:01:29:39 -0500] "HEAD /BLA/boletinlegal/ HTTP/1.1" 200 -
172.22.2.4 - - [16/Jan/2023:01:30:29 -0500] "GET /BLA/boletinlegal/ HTTP/1.1" 200 56825
191.108.50.217 - - [16/Jan/2023:01:33:13 -0500] "GET /BLA/resoluciones/ HTTP/1.1" 200 13502
191.108.50.217 - - [16/Jan/2023:01:33:19 -0500] "GET /BLA/resoluciones/index.php?dir=RESOLUCIONES+2021%2F HTTP/1.1" 200 436924
201.245.192.253 - - [16/Jan/2023:01:33:21 -0500] "POST /kwsrmcab/Wsrmcab  HTTP/1.1" 200 43915
191.108.50.217 - - [16/Jan/2023:01:33:25 -0500] "GET /BLA/resoluciones/RESOLUCIONES%202021/0315.pdf HTTP/1.1" 200 1108406
172.22.2.4 - - [16/Jan/2023:01:33:12 -0500] "GET /BLA/boletinlegal/ HTTP/1.1" 200 24523
207.46.13.83 - - [16/Jan/2023:01:34:04 -0500] "GET /galeria/nivo-slider/demo/convocatorias.html? HTTP/1.1" 200 3464
216.245.221.92 - - [16/Jan/2023:01:34:47 -0500] "HEAD / HTTP/1.1" 200 -
172.22.2.4 - - [16/Jan/2023:01:35:29 -0500] "HEAD /BLA/boletinlegal/ HTTP/1.1" 200 -
172.22.2.4 - - [16/Jan/2023:01:36:19 -0500] "GET /BLA/boletinlegal/ HTTP/1.1" 200 58612
201.245.192.253 - - [16/Jan/2023:01:38:20 -0500] "POST /kwsrmcab/Wsrmcab  HTTP/1.1" 200 43915
201.245.192.253 - - [16/Jan/2023:01:38:27 -0500] "POST /kwsrmcab/Wsrmcab HTTP/1.1" 200 43267
201.245.192.253 - - [16/Jan/2023:01:38:30 -0500] "POST /kwsrmcab/Wsrmcab HTTP/1.1" 200 43470
216.245.221.92 - - [16/Jan/2023:01:39:47 -0500] "HEAD / HTTP/1.1" 200 -
173.252.95.2 - - [16/Jan/2023:01:41:04 -0500] "GET /images/vertimiento-Comprimida%20(1).png HTTP/1.1" 200 22870
152.61.192.232 - - [16/Jan/2023:01:42:11 -0500] "GET /arcgis/services/Calidad_del_Agua_WQI/MapServer/WMSServer?request=GetCapabilities&service=WMS HTTP/1.1" 503 1020
152.61.192.232 - - [16/Jan/2023:01:42:12 -0500] "GET /arcgis/services/Calidad_del_Agua_WQI/MapServer/WMSServer?SERVICE=WMS&REQUEST=GetCapabilities HTTP/1.1" 503 1020
152.61.192.232 - - [16/Jan/2023:01:42:12 -0500] "GET /arcgis/services/Calidad_del_Agua_WQI/MapServer/WMSServer?WMTVER=1.0.0&REQUEST=capabilities HTTP/1.1" 503 1020
172.22.2.4 - - [16/Jan/2023:01:41:19 -0500] "HEAD /BLA/boletinlegal/ HTTP/1.1" 200 -
201.245.192.253 - - [16/Jan/2023:01:43:19 -0500] "POST /kwsrmcab/Wsrmcab  HTTP/1.1" 200 43915
172.22.2.4 - - [16/Jan/2023:01:42:09 -0500] "GET /BLA/boletinlegal/ HTTP/1.1" 200 59404
216.245.221.92 - - [16/Jan/2023:01:44:47 -0500] "HEAD / HTTP/1.1" 200 -
201.245.192.253 - - [16/Jan/2023:01:48:18 -0500] "POST /kwsrmcab/Wsrmcab  HTTP/1.1" 200 43915
172.22.2.4 - - [16/Jan/2023:01:47:09 -0500] "HEAD /BLA/boletinlegal/ HTTP/1.1" 200 -
172.22.2.4 - - [16/Jan/2023:01:47:59 -0500] "GET /BLA/boletinlegal/ HTTP/1.1" 200 57824
216.245.221.92 - - [16/Jan/2023:01:49:47 -0500] "HEAD / HTTP/1.1" 200 -
172.22.2.4 - - [16/Jan/2023:01:52:42 -0500] "GET /BLA/boletinlegal/robots.txt HTTP/1.1" 404 1038
201.245.192.253 - - [16/Jan/2023:01:53:16 -0500] "POST /kwsrmcab/Wsrmcab  HTTP/1.1" 200 43915
172.22.2.4 - - [16/Jan/2023:01:52:43 -0500] "GET /BLA/boletinlegal/index.php HTTP/1.1" 200 54452
168.119.49.52 - - [16/Jan/2023:01:54:29 -0500] "GET / HTTP/1.1" 200 319
172.22.2.4 - - [16/Jan/2023:01:52:59 -0500] "HEAD /BLA/boletinlegal/ HTTP/1.1" 200 -
216.245.221.92 - - [16/Jan/2023:01:54:47 -0500] "HEAD / HTTP/1.1" 200 -
172.22.2.4 - - [16/Jan/2023:01:53:49 -0500] "GET /BLA/boletinlegal/ HTTP/1.1" 200 52453
40.77.167.42 - - [16/Jan/2023:01:55:43 -0500] "GET /Publicaciones/2022EE86509.pdf HTTP/1.1" 404 227
201.245.192.253 - - [16/Jan/2023:01:58:15 -0500] "POST /kwsrmcab/Wsrmcab  HTTP/1.1" 200 43915
172.22.2.4 - - [16/Jan/2023:01:58:28 -0500] "GET /BLA/boletinlegal/Circulares/2019/Circular%2000020%20del%2020%20de%20diciembre%20de%202019.pdf HTTP/1.1" 304 -
216.245.221.92 - - [16/Jan/2023:01:59:47 -0500] "HEAD / HTTP/1.1" 200 -
172.22.2.4 - - [16/Jan/2023:01:58:49 -0500] "HEAD /BLA/boletinlegal/ HTTP/1.1" 200 -
172.22.2.4 - - [16/Jan/2023:01:59:39 -0500] "GET /BLA/boletinlegal/ HTTP/1.1" 200 56825
171.83.166.139 - - [16/Jan/2023:02:02:16 -0500] "GET /notice/ws HTTP/1.1" 404 1018
201.245.192.253 - - [16/Jan/2023:02:03:14 -0500] "POST /kwsrmcab/Wsrmcab  HTTP/1.1" 200 43915
216.245.221.92 - - [16/Jan/2023:02:04:47 -0500] "HEAD / HTTP/1.1" 200 -
172.22.2.4 - - [16/Jan/2023:02:04:39 -0500] "HEAD /BLA/boletinlegal/ HTTP/1.1" 200 -
172.22.2.4 - - [16/Jan/2023:02:05:29 -0500] "GET /BLA/boletinlegal/ HTTP/1.1" 200 56474
5.188.86.198 - - [16/Jan/2023:02:07:38 -0500] "GET /wp-login.php HTTP/1.1" 404 1018
201.245.192.253 - - [16/Jan/2023:02:08:14 -0500] "POST /kwsrmcab/Wsrmcab  HTTP/1.1" 200 43915
216.245.221.92 - - [16/Jan/2023:02:09:47 -0500] "HEAD / HTTP/1.1" 200 -
172.22.2.4 - - [16/Jan/2023:02:10:29 -0500] "HEAD /BLA/boletinlegal/ HTTP/1.1" 200 -
172.22.2.4 - - [16/Jan/2023:02:11:19 -0500] "GET /BLA/boletinlegal/ HTTP/1.1" 200 57824
201.245.192.253 - - [16/Jan/2023:02:13:13 -0500] "POST /kwsrmcab/Wsrmcab  HTTP/1.1" 200 43915
205.185.118.237 - - [16/Jan/2023:02:14:07 -0500] "POST /boaform/admin/formLogin HTTP/1.1" 404 1186
216.245.221.92 - - [16/Jan/2023:02:14:47 -0500] "HEAD / HTTP/1.1" 200 -
191.108.50.217 - - [16/Jan/2023:02:17:33 -0500] "GET /BLA/resoluciones/ HTTP/1.1" 200 13502
191.108.50.217 - - [16/Jan/2023:02:17:41 -0500] "GET /BLA/resoluciones/index.php?dir=RESOLUCIONES+2020%2F HTTP/1.1" 200 167864
191.108.50.217 - - [16/Jan/2023:02:17:51 -0500] "GET /BLA/resoluciones/RESOLUCIONES%202020/0252.pdf HTTP/1.1" 200 847662
172.22.2.4 - - [16/Jan/2023:02:16:19 -0500] "HEAD /BLA/boletinlegal/ HTTP/1.1" 200 -
201.245.192.253 - - [16/Jan/2023:02:18:12 -0500] "POST /kwsrmcab/Wsrmcab  HTTP/1.1" 200 43915
201.245.192.253 - - [16/Jan/2023:02:18:27 -0500] "POST /kwsrmcab/Wsrmcab HTTP/1.1" 200 43610
201.245.192.253 - - [16/Jan/2023:02:18:29 -0500] "POST /kwsrmcab/Wsrmcab HTTP/1.1" 200 43624
172.22.2.4 - - [16/Jan/2023:02:17:09 -0500] "GET /BLA/boletinlegal/ HTTP/1.1" 200 59404
216.245.221.92 - - [16/Jan/2023:02:19:47 -0500] "HEAD / HTTP/1.1" 200 -
152.61.128.50 - - [16/Jan/2023:02:19:57 -0500] "GET /arcgis/services/Calidad_del_Agua_WQI/MapServer/WMSServer?request=GetCapabilities&service=WMS HTTP/1.1" 503 1020
152.61.128.50 - - [16/Jan/2023:02:19:58 -0500] "GET /arcgis/services/Calidad_del_Agua_WQI/MapServer/WMSServer?SERVICE=WMS&REQUEST=GetCapabilities HTTP/1.1" 503 1020
152.61.128.50 - - [16/Jan/2023:02:19:58 -0500] "GET /arcgis/services/Calidad_del_Agua_WQI/MapServer/WMSServer?WMTVER=1.0.0&REQUEST=capabilities HTTP/1.1" 503 1020
95.125.1.73 - - [16/Jan/2023:02:20:38 -0500] "GET /shopdb/index.php?lang=en HTTP/1.1" 404 1018
95.125.1.73 - - [16/Jan/2023:02:20:38 -0500] "GET /phpMyAdmin-5.1.1/index.php?lang=en HTTP/1.1" 403 1165
95.125.1.73 - - [16/Jan/2023:02:20:39 -0500] "GET /mysql/dbadmin/index.php?lang=en HTTP/1.1" 404 1018
95.125.1.73 - - [16/Jan/2023:02:20:39 -0500] "GET /_phpMyAdmin/index.php?lang=en HTTP/1.1" 404 1018
95.125.1.73 - - [16/Jan/2023:02:20:39 -0500] "GET /phpMyAdmin-5.1.3/index.php?lang=en HTTP/1.1" 403 1165
95.125.1.73 - - [16/Jan/2023:02:20:39 -0500] "GET /db/phpMyAdmin-4/index.php?lang=en HTTP/1.1" 404 1018
95.125.1.73 - - [16/Jan/2023:02:20:40 -0500] "GET /phpMyAdmin2/index.php?lang=en HTTP/1.1" 403 1165
95.125.1.73 - - [16/Jan/2023:02:20:40 -0500] "GET /mysql/mysqlmanager/index.php?lang=en HTTP/1.1" 404 1018
95.125.1.73 - - [16/Jan/2023:02:20:40 -0500] "GET /phpMyAdmin5/index.php?lang=en HTTP/1.1" 403 1165
95.125.1.73 - - [16/Jan/2023:02:20:40 -0500] "GET /phpMyAdmin5.1/index.php?lang=en HTTP/1.1" 403 1165
95.125.1.73 - - [16/Jan/2023:02:20:40 -0500] "GET /phppma/index.php?lang=en HTTP/1.1" 404 1018
95.125.1.73 - - [16/Jan/2023:02:20:41 -0500] "GET /phpMyAdmin-latest-all-languages/index.php?lang=en HTTP/1.1" 403 1165
95.125.1.73 - - [16/Jan/2023:02:20:41 -0500] "GET /sql/phpmyadmin3/index.php?lang=en HTTP/1.1" 404 1018
95.125.1.73 - - [16/Jan/2023:02:20:41 -0500] "GET /phpMyAdmin1/index.php?lang=en HTTP/1.1" 403 1165
95.125.1.73 - - [16/Jan/2023:02:20:41 -0500] "GET /phpMyAdmin-5.1.3/index.php?lang=en HTTP/1.1" 403 1165
95.125.1.73 - - [16/Jan/2023:02:20:42 -0500] "GET /phpmyadmin1/index.php?lang=en HTTP/1.1" 403 1165
95.125.1.73 - - [16/Jan/2023:02:20:42 -0500] "GET /db/phpMyAdmin-5/index.php?lang=en HTTP/1.1" 404 1018
95.125.1.73 - - [16/Jan/2023:02:20:42 -0500] "GET /phpmyadmin2015/index.php?lang=en HTTP/1.1" 403 1165
95.125.1.73 - - [16/Jan/2023:02:20:42 -0500] "GET /sqlmanager/index.php?lang=en HTTP/1.1" 404 1018
95.125.1.73 - - [16/Jan/2023:02:20:42 -0500] "GET /sql/phpmy-admin/index.php?lang=en HTTP/1.1" 404 1018
95.125.1.73 - - [16/Jan/2023:02:20:43 -0500] "GET /administrator/PMA/index.php?lang=en HTTP/1.1" 404 1018
95.125.1.73 - - [16/Jan/2023:02:20:43 -0500] "GET /db/webdb/index.php?lang=en HTTP/1.1" 404 1018
95.125.1.73 - - [16/Jan/2023:02:20:43 -0500] "GET /phpMyAdmin-5.3.0-all-languages/index.php?lang=en HTTP/1.1" 403 1165
95.125.1.73 - - [16/Jan/2023:02:20:43 -0500] "GET /phpMyAdmin-5/index.php?lang=en HTTP/1.1" 403 1165
95.125.1.73 - - [16/Jan/2023:02:20:44 -0500] "GET /pma/index.php?lang=en HTTP/1.1" 404 1018
95.125.1.73 - - [16/Jan/2023:02:20:44 -0500] "GET /administrator/pma/index.php?lang=en HTTP/1.1" 404 1018
95.125.1.73 - - [16/Jan/2023:02:20:44 -0500] "GET /phpMyAdmin-5.1.3/index.php?lang=en HTTP/1.1" 403 1165
95.125.1.73 - - [16/Jan/2023:02:20:44 -0500] "GET /myadmin/index.php?lang=en HTTP/1.1" 404 1018
95.125.1.73 - - [16/Jan/2023:02:20:44 -0500] "GET /mysql/db/index.php?lang=en HTTP/1.1" 404 1018
95.125.1.73 - - [16/Jan/2023:02:20:45 -0500] "GET /sql/phpMyAdmin2/index.php?lang=en HTTP/1.1" 404 1018
95.125.1.73 - - [16/Jan/2023:02:20:45 -0500] "GET /phpMyAdmin-latest-english/index.php?lang=en HTTP/1.1" 403 1165
95.125.1.73 - - [16/Jan/2023:02:20:45 -0500] "GET /db/db-admin/index.php?lang=en HTTP/1.1" 404 1018
95.125.1.73 - - [16/Jan/2023:02:20:45 -0500] "GET /admin/db/index.php?lang=en HTTP/1.1" 404 1018
95.125.1.73 - - [16/Jan/2023:02:20:46 -0500] "GET /phpMyAdmin5.2/index.php?lang=en HTTP/1.1" 403 1165
95.125.1.73 - - [16/Jan/2023:02:20:46 -0500] "GET /db/webdb/index.php?lang=en HTTP/1.1" 404 1018
95.125.1.73 - - [16/Jan/2023:02:20:46 -0500] "GET /administrator/PMA/index.php?lang=en HTTP/1.1" 404 1018
95.125.1.73 - - [16/Jan/2023:02:20:46 -0500] "GET /db/phpMyAdmin/index.php?lang=en HTTP/1.1" 404 1018
95.125.1.73 - - [16/Jan/2023:02:20:46 -0500] "GET /phpMyAdmin-5.2.0-all-languages/index.php?lang=en HTTP/1.1" 403 1165
95.125.1.73 - - [16/Jan/2023:02:20:47 -0500] "GET /admin/phpMyAdmin/index.php?lang=en HTTP/1.1" 404 1018
95.125.1.73 - - [16/Jan/2023:02:20:47 -0500] "GET /phpMyAdmin/index.php?lang=en HTTP/1.1" 403 1165
95.125.1.73 - - [16/Jan/2023:02:20:47 -0500] "GET /db/phpmyadmin/index.php?lang=en HTTP/1.1" 404 1018
95.125.1.73 - - [16/Jan/2023:02:20:47 -0500] "GET /php-myadmin/index.php?lang=en HTTP/1.1" 404 1018
95.125.1.73 - - [16/Jan/2023:02:20:47 -0500] "GET /database/index.php?lang=en HTTP/1.1" 404 1018
95.125.1.73 - - [16/Jan/2023:02:20:48 -0500] "GET /pma/index.php?lang=en HTTP/1.1" 404 1018
95.125.1.73 - - [16/Jan/2023:02:20:48 -0500] "GET /phpmy/index.php?lang=en HTTP/1.1" 404 1018
95.125.1.73 - - [16/Jan/2023:02:20:48 -0500] "GET /sql/phpmy-admin/index.php?lang=en HTTP/1.1" 404 1018
95.125.1.73 - - [16/Jan/2023:02:20:48 -0500] "GET /phpmyadmin3/index.php?lang=en HTTP/1.1" 403 1165
95.125.1.73 - - [16/Jan/2023:02:20:49 -0500] "GET /sql/myadmin/index.php?lang=en HTTP/1.1" 404 1018
95.125.1.73 - - [16/Jan/2023:02:20:49 -0500] "GET /phpMyAdmin-5/index.php?lang=en HTTP/1.1" 403 1165
95.125.1.73 - - [16/Jan/2023:02:20:49 -0500] "GET /sql/phpMyAdmin/index.php?lang=en HTTP/1.1" 404 1018
95.125.1.73 - - [16/Jan/2023:02:20:49 -0500] "GET /phpmyadmin/index.php?lang=en HTTP/1.1" 403 1165
95.125.1.73 - - [16/Jan/2023:02:20:49 -0500] "GET /phpmyadmin4/index.php?lang=en HTTP/1.1" 403 1165
95.125.1.73 - - [16/Jan/2023:02:20:50 -0500] "GET /program/index.php?lang=en HTTP/1.1" 404 1018
95.125.1.73 - - [16/Jan/2023:02:20:50 -0500] "GET /phpmyAdmin/index.php?lang=en HTTP/1.1" 403 1165
95.125.1.73 - - [16/Jan/2023:02:20:50 -0500] "GET /admin/sqladmin/index.php?lang=en HTTP/1.1" 404 1018
95.125.1.73 - - [16/Jan/2023:02:20:50 -0500] "GET /_phpMyAdmin/index.php?lang=en HTTP/1.1" 404 1018
95.125.1.73 - - [16/Jan/2023:02:20:50 -0500] "GET /sql/sqlweb/index.php?lang=en HTTP/1.1" 404 1018
95.125.1.73 - - [16/Jan/2023:02:20:51 -0500] "GET /phpmyadmin2014/index.php?lang=en HTTP/1.1" 403 1165
95.125.1.73 - - [16/Jan/2023:02:20:51 -0500] "GET /phpMyAdmin-latest-all-languages/index.php?lang=en HTTP/1.1" 403 1165
95.125.1.73 - - [16/Jan/2023:02:20:51 -0500] "GET /mysqlmanager/index.php?lang=en HTTP/1.1" 404 1018
95.125.1.73 - - [16/Jan/2023:02:20:51 -0500] "GET /phpmyadmin2020/index.php?lang=en HTTP/1.1" 403 1165
95.125.1.73 - - [16/Jan/2023:02:20:52 -0500] "GET /phpMyAdmin5.1/index.php?lang=en HTTP/1.1" 403 1165
95.125.1.73 - - [16/Jan/2023:02:20:52 -0500] "GET /phpmy/index.php?lang=en HTTP/1.1" 404 1018
95.125.1.73 - - [16/Jan/2023:02:20:52 -0500] "GET /phpMyAdmin-5.1.0/index.php?lang=en HTTP/1.1" 403 1165
95.125.1.73 - - [16/Jan/2023:02:20:52 -0500] "GET /shopdb/index.php?lang=en HTTP/1.1" 404 1018
95.125.1.73 - - [16/Jan/2023:02:20:53 -0500] "GET /admin/db/index.php?lang=en HTTP/1.1" 404 1018
95.125.1.73 - - [16/Jan/2023:02:20:53 -0500] "GET /sql/phpmanager/index.php?lang=en HTTP/1.1" 404 1018
95.125.1.73 - - [16/Jan/2023:02:20:53 -0500] "GET /sqlmanager/index.php?lang=en HTTP/1.1" 404 1018
95.125.1.73 - - [16/Jan/2023:02:20:53 -0500] "GET /mysql/web/index.php?lang=en HTTP/1.1" 404 1018
95.125.1.73 - - [16/Jan/2023:02:20:54 -0500] "GET /sql/phpmy-admin/index.php?lang=en HTTP/1.1" 404 1018
95.125.1.73 - - [16/Jan/2023:02:20:54 -0500] "GET /1phpmyadmin/index.php?lang=en HTTP/1.1" 404 1018
95.125.1.73 - - [16/Jan/2023:02:20:54 -0500] "GET /db/index.php?lang=en HTTP/1.1" 404 1018
95.125.1.73 - - [16/Jan/2023:02:20:54 -0500] "GET /sql/myadmin/index.php?lang=en HTTP/1.1" 404 1018
95.125.1.73 - - [16/Jan/2023:02:20:54 -0500] "GET /admin/web/index.php?lang=en HTTP/1.1" 404 1018
95.125.1.73 - - [16/Jan/2023:02:20:55 -0500] "GET /wp-content/plugins/portable-phpmyadmin/wp-pma-mod/index.php?lang=en HTTP/1.1" 404 1018
95.125.1.73 - - [16/Jan/2023:02:20:55 -0500] "GET /admin/sysadmin/index.php?lang=en HTTP/1.1" 404 1018
95.125.1.73 - - [16/Jan/2023:02:20:55 -0500] "GET /db/db-admin/index.php?lang=en HTTP/1.1" 404 1018
95.125.1.73 - - [16/Jan/2023:02:20:55 -0500] "GET /phpmyadmin2/index.php?lang=en HTTP/1.1" 403 1165
95.125.1.73 - - [16/Jan/2023:02:20:56 -0500] "GET /phpMyAdmin/index.php?lang=en HTTP/1.1" 403 1165
95.125.1.73 - - [16/Jan/2023:02:20:56 -0500] "GET /phpMyAdmin-3/index.php?lang=en HTTP/1.1" 403 1165
95.125.1.73 - - [16/Jan/2023:02:20:56 -0500] "GET /_phpmyadmin_/index.php?lang=en HTTP/1.1" 404 1018
95.125.1.73 - - [16/Jan/2023:02:20:56 -0500] "GET /phpMyAdmin-5.3.0-all-languages/index.php?lang=en HTTP/1.1" 403 1165
95.125.1.73 - - [16/Jan/2023:02:20:56 -0500] "GET /admin/index.php?lang=en HTTP/1.1" 404 1018
95.125.1.73 - - [16/Jan/2023:02:20:57 -0500] "GET /db/phpmyadmin3/index.php?lang=en HTTP/1.1" 404 1018
95.125.1.73 - - [16/Jan/2023:02:20:57 -0500] "GET /phpmyadmin2017/index.php?lang=en HTTP/1.1" 403 1165
95.125.1.73 - - [16/Jan/2023:02:20:57 -0500] "GET /dbadmin/index.php?lang=en HTTP/1.1" 404 1018
95.125.1.73 - - [16/Jan/2023:02:20:57 -0500] "GET /__phpmyadmin/index.php?lang=en HTTP/1.1" 404 1018
95.125.1.73 - - [16/Jan/2023:02:20:58 -0500] "GET /db/webadmin/index.php?lang=en HTTP/1.1" 404 1018
95.125.1.73 - - [16/Jan/2023:02:20:58 -0500] "GET /2phpmyadmin/index.php?lang=en HTTP/1.1" 404 1018
95.125.1.73 - - [16/Jan/2023:02:20:58 -0500] "GET /phpMyAdmin-latest-english/index.php?lang=en HTTP/1.1" 403 1165
95.125.1.73 - - [16/Jan/2023:02:20:58 -0500] "GET /administrator/PMA/index.php?lang=en HTTP/1.1" 404 1018
95.125.1.73 - - [16/Jan/2023:02:20:58 -0500] "GET /phpMyAdmin-5.2.0/index.php?lang=en HTTP/1.1" 403 1165
95.125.1.73 - - [16/Jan/2023:02:20:59 -0500] "GET /mysql/db/index.php?lang=en HTTP/1.1" 404 1018
95.125.1.73 - - [16/Jan/2023:02:20:59 -0500] "GET /administrator/pma/index.php?lang=en HTTP/1.1" 404 1018
95.125.1.73 - - [16/Jan/2023:02:20:59 -0500] "GET /admin/web/index.php?lang=en HTTP/1.1" 404 1018
95.125.1.73 - - [16/Jan/2023:02:20:59 -0500] "GET /mysql/pMA/index.php?lang=en HTTP/1.1" 404 1018
95.125.1.73 - - [16/Jan/2023:02:20:59 -0500] "GET /_phpmyadmin/index.php?lang=en HTTP/1.1" 404 1018
95.125.1.73 - - [16/Jan/2023:02:21:00 -0500] "GET /phpmyadmin2017/index.php?lang=en HTTP/1.1" 403 1165
95.125.1.73 - - [16/Jan/2023:02:21:00 -0500] "GET /php-my-admin/index.php?lang=en HTTP/1.1" 404 1018
95.125.1.73 - - [16/Jan/2023:02:21:00 -0500] "GET /phpMyAdmin-5.3.0-all-languages/index.php?lang=en HTTP/1.1" 403 1165
95.125.1.73 - - [16/Jan/2023:02:21:00 -0500] "GET /PMA/index.php?lang=en HTTP/1.1" 404 1018
95.125.1.73 - - [16/Jan/2023:02:21:01 -0500] "GET /phpMyAdmin-5.1.3/index.php?lang=en HTTP/1.1" 403 1165
95.125.1.73 - - [16/Jan/2023:02:21:01 -0500] "GET /phpMyAdmin-latest-all-languages/index.php?lang=en HTTP/1.1" 403 1165
95.125.1.73 - - [16/Jan/2023:02:21:01 -0500] "GET /phpmyadmin2013/index.php?lang=en HTTP/1.1" 403 1165
95.125.1.73 - - [16/Jan/2023:02:21:01 -0500] "GET /sql/webdb/index.php?lang=en HTTP/1.1" 404 1018
95.125.1.73 - - [16/Jan/2023:02:21:01 -0500] "GET /php-myadmin/index.php?lang=en HTTP/1.1" 404 1018
95.125.1.73 - - [16/Jan/2023:02:21:02 -0500] "GET /MyAdmin/index.php?lang=en HTTP/1.1" 404 1018
95.125.1.73 - - [16/Jan/2023:02:21:02 -0500] "GET /phpMyAdmin-4.9.10-all-languages/index.php?lang=en HTTP/1.1" 403 1165
95.125.1.73 - - [16/Jan/2023:02:21:02 -0500] "GET /db/myadmin/index.php?lang=en HTTP/1.1" 404 1018
95.125.1.73 - - [16/Jan/2023:02:21:02 -0500] "GET /dbadmin/index.php?lang=en HTTP/1.1" 404 1018
95.125.1.73 - - [16/Jan/2023:02:21:02 -0500] "GET /phpMyAdmin-5.1.2/index.php?lang=en HTTP/1.1" 403 1165
95.125.1.73 - - [16/Jan/2023:02:21:03 -0500] "GET /sql/phpmy-admin/index.php?lang=en HTTP/1.1" 404 1018
95.125.1.73 - - [16/Jan/2023:02:21:03 -0500] "GET /phpmyadmin2016/index.php?lang=en HTTP/1.1" 403 1165
95.125.1.73 - - [16/Jan/2023:02:21:03 -0500] "GET /phpMyAdmin-latest-english/index.php?lang=en HTTP/1.1" 403 1165
95.125.1.73 - - [16/Jan/2023:02:21:03 -0500] "GET /db/webdb/index.php?lang=en HTTP/1.1" 404 1018
95.125.1.73 - - [16/Jan/2023:02:21:04 -0500] "GET /sql/myadmin/index.php?lang=en HTTP/1.1" 404 1018
95.125.1.73 - - [16/Jan/2023:02:21:04 -0500] "GET /phpmyadmin5/index.php?lang=en HTTP/1.1" 403 1165
95.125.1.73 - - [16/Jan/2023:02:21:04 -0500] "GET /phpMyAdmin-3/index.php?lang=en HTTP/1.1" 403 1165
95.125.1.73 - - [16/Jan/2023:02:21:04 -0500] "GET /phpMyAdmin2/index.php?lang=en HTTP/1.1" 403 1165
95.125.1.73 - - [16/Jan/2023:02:21:04 -0500] "GET /sql/phpmyadmin4/index.php?lang=en HTTP/1.1" 404 1018
95.125.1.73 - - [16/Jan/2023:02:21:05 -0500] "GET /myadmin/index.php?lang=en HTTP/1.1" 404 1018
95.125.1.73 - - [16/Jan/2023:02:21:05 -0500] "GET /sql/sql/index.php?lang=en HTTP/1.1" 404 1018
95.125.1.73 - - [16/Jan/2023:02:21:05 -0500] "GET /admin/phpMyAdmin/index.php?lang=en HTTP/1.1" 404 1018
95.125.1.73 - - [16/Jan/2023:02:21:05 -0500] "GET /__phpmyadmin/index.php?lang=en HTTP/1.1" 404 1018
95.125.1.73 - - [16/Jan/2023:02:21:06 -0500] "GET /admin/db/index.php?lang=en HTTP/1.1" 404 1018
95.125.1.73 - - [16/Jan/2023:02:21:06 -0500] "GET /admin/pma/index.php?lang=en HTTP/1.1" 404 1018
95.125.1.73 - - [16/Jan/2023:02:21:06 -0500] "GET /phpMyAdmin-4.9.7/index.php?lang=en HTTP/1.1" 403 1165
201.245.192.253 - - [16/Jan/2023:02:23:11 -0500] "POST /kwsrmcab/Wsrmcab  HTTP/1.1" 200 43915
172.22.2.4 - - [16/Jan/2023:02:22:09 -0500] "HEAD /BLA/boletinlegal/ HTTP/1.1" 200 -
172.22.2.4 - - [16/Jan/2023:02:22:59 -0500] "GET /BLA/boletinlegal/ HTTP/1.1" 200 57824
216.245.221.92 - - [16/Jan/2023:02:24:47 -0500] "HEAD / HTTP/1.1" 200 -
201.245.192.253 - - [16/Jan/2023:02:28:10 -0500] "POST /kwsrmcab/Wsrmcab  HTTP/1.1" 200 43915
201.245.192.253 - - [16/Jan/2023:02:28:27 -0500] "POST /kwsrmcab/Wsrmcab HTTP/1.1" 200 43610
201.245.192.253 - - [16/Jan/2023:02:28:29 -0500] "POST /kwsrmcab/Wsrmcab HTTP/1.1" 200 43624
172.22.2.4 - - [16/Jan/2023:02:27:59 -0500] "HEAD /BLA/boletinlegal/ HTTP/1.1" 200 -
216.245.221.92 - - [16/Jan/2023:02:29:47 -0500] "HEAD / HTTP/1.1" 200 -
139.59.33.186 - - [16/Jan/2023:02:30:23 -0500] "\x16\x03\x01" 400 226
139.59.33.186 - - [16/Jan/2023:02:30:24 -0500] "\x16\x03\x01" 400 226
139.59.33.186 - - [16/Jan/2023:02:30:25 -0500] "GET / HTTP/1.1" 200 319
172.22.2.4 - - [16/Jan/2023:02:28:49 -0500] "GET /BLA/boletinlegal/ HTTP/1.1" 200 57824
201.245.192.253 - - [16/Jan/2023:02:33:08 -0500] "POST /kwsrmcab/Wsrmcab  HTTP/1.1" 200 43915
207.46.13.70 - - [16/Jan/2023:02:34:27 -0500] "GET /Publicaciones/2022EE134576.pdf HTTP/1.1" 404 228
216.245.221.92 - - [16/Jan/2023:02:34:47 -0500] "HEAD / HTTP/1.1" 200 -
168.119.252.253 - - [16/Jan/2023:02:34:50 -0500] "GET / HTTP/1.1" 200 319
162.55.38.160 - - [16/Jan/2023:02:35:00 -0500] "GET / HTTP/1.1" 200 319
172.22.2.4 - - [16/Jan/2023:02:33:49 -0500] "HEAD /BLA/boletinlegal/ HTTP/1.1" 200 -
172.22.2.4 - - [16/Jan/2023:02:34:39 -0500] "GET /BLA/boletinlegal/ HTTP/1.1" 200 44503
87.236.176.228 - - [16/Jan/2023:02:37:08 -0500] "GET /portaldeninos/ HTTP/1.1" 200 110197
172.22.2.4 - - [16/Jan/2023:02:37:17 -0500] "GET /BLA/boletinlegal/Circulares/2013/Circular%20No.%206%20del%2019%20de%20julio%20de%202013.pdf HTTP/1.1" 304 -
201.245.192.253 - - [16/Jan/2023:02:38:07 -0500] "POST /kwsrmcab/Wsrmcab  HTTP/1.1" 200 43915
201.245.192.253 - - [16/Jan/2023:02:38:27 -0500] "POST /kwsrmcab/Wsrmcab HTTP/1.1" 200 43610
201.245.192.253 - - [16/Jan/2023:02:38:30 -0500] "POST /kwsrmcab/Wsrmcab HTTP/1.1" 200 43624
216.245.221.92 - - [16/Jan/2023:02:39:47 -0500] "HEAD / HTTP/1.1" 200 -
172.22.2.4 - - [16/Jan/2023:02:39:39 -0500] "HEAD /BLA/boletinlegal/ HTTP/1.1" 200 -
172.22.2.4 - - [16/Jan/2023:02:40:29 -0500] "GET /BLA/boletinlegal/ HTTP/1.1" 200 59779
201.245.192.253 - - [16/Jan/2023:02:43:06 -0500] "POST /kwsrmcab/Wsrmcab  HTTP/1.1" 200 43915
216.245.221.92 - - [16/Jan/2023:02:44:47 -0500] "HEAD / HTTP/1.1" 200 -
45.15.159.253 - - [16/Jan/2023:02:46:00 -0500] "POST /BLA/boletinlegal/admin/index.php HTTP/1.1" 200 2324
170.64.180.175 - - [16/Jan/2023:02:46:19 -0500] "GET /portaldeninos/ HTTP/1.1" 200 110197
172.22.2.4 - - [16/Jan/2023:02:45:29 -0500] "HEAD /BLA/boletinlegal/ HTTP/1.1" 200 -
172.22.2.4 - - [16/Jan/2023:02:46:19 -0500] "GET /BLA/boletinlegal/ HTTP/1.1" 200 57824
201.245.192.253 - - [16/Jan/2023:02:48:05 -0500] "POST /kwsrmcab/Wsrmcab  HTTP/1.1" 200 43915
216.245.221.92 - - [16/Jan/2023:02:49:46 -0500] "HEAD / HTTP/1.1" 200 -
172.22.2.4 - - [16/Jan/2023:02:52:29 -0500] "GET /BLA/boletinlegal/robots.txt HTTP/1.1" 404 1037
172.22.2.4 - - [16/Jan/2023:02:52:29 -0500] "GET /BLA/boletinlegal/robots.txt HTTP/1.1" 404 1037
172.22.2.4 - - [16/Jan/2023:02:51:19 -0500] "HEAD /BLA/boletinlegal/ HTTP/1.1" 200 -
201.245.192.253 - - [16/Jan/2023:02:53:04 -0500] "POST /kwsrmcab/Wsrmcab  HTTP/1.1" 200 43915
172.22.2.4 - - [16/Jan/2023:02:52:07 -0500] "GET /BLA/boletinlegal/ HTTP/1.1" 200 46153
172.22.2.4 - - [16/Jan/2023:02:52:09 -0500] "GET /BLA/boletinlegal/ HTTP/1.1" 200 46778
216.245.221.92 - - [16/Jan/2023:02:54:47 -0500] "HEAD / HTTP/1.1" 200 -
201.245.192.253 - - [16/Jan/2023:02:58:02 -0500] "POST /kwsrmcab/Wsrmcab  HTTP/1.1" 200 43915
172.22.2.4 - - [16/Jan/2023:02:57:09 -0500] "HEAD /BLA/boletinlegal/ HTTP/1.1" 200 -
162.55.170.174 - - [16/Jan/2023:02:59:31 -0500] "GET / HTTP/1.1" 200 319
172.22.2.4 - - [16/Jan/2023:02:57:59 -0500] "GET /BLA/boletinlegal/ HTTP/1.1" 200 59404
216.245.221.92 - - [16/Jan/2023:02:59:47 -0500] "HEAD / HTTP/1.1" 200 -
201.245.192.253 - - [16/Jan/2023:03:03:01 -0500] "POST /kwsrmcab/Wsrmcab  HTTP/1.1" 200 43915
64.62.243.165 - - [16/Jan/2023:03:03:15 -0500] "GET / HTTP/1.1" 200 319
80.94.92.57 - - [16/Jan/2023:03:03:41 -0500] "GET / HTTP/1.1" 200 319
172.22.2.4 - - [16/Jan/2023:03:02:59 -0500] "HEAD /BLA/boletinlegal/ HTTP/1.1" 200 -
216.245.221.92 - - [16/Jan/2023:03:04:46 -0500] "HEAD / HTTP/1.1" 200 -
172.22.2.4 - - [16/Jan/2023:03:03:49 -0500] "GET /BLA/boletinlegal/ HTTP/1.1" 200 59779
201.245.192.253 - - [16/Jan/2023:03:08:00 -0500] "POST /kwsrmcab/Wsrmcab  HTTP/1.1" 200 43915
216.245.221.92 - - [16/Jan/2023:03:09:46 -0500] "HEAD / HTTP/1.1" 200 -
172.22.2.4 - - [16/Jan/2023:03:08:49 -0500] "HEAD /BLA/boletinlegal/ HTTP/1.1" 200 -
172.22.2.4 - - [16/Jan/2023:03:09:39 -0500] "GET /BLA/boletinlegal/ HTTP/1.1" 200 59035
157.55.39.201 - - [16/Jan/2023:03:11:37 -0500] "GET /bla/resoluciones/index.php?dir=notificaciones/autos%202018/&sort=date&order=asc HTTP/1.1" 200 98973
201.245.192.253 - - [16/Jan/2023:03:12:57 -0500] "POST /kwsrmcab/Wsrmcab  HTTP/1.1" 200 43915
172.22.2.4 - - [16/Jan/2023:03:14:02 -0500] "GET /BLA/boletinlegal/owa/auth/logon.aspx?url=https%3a%2f%2f1%2fecp%2f HTTP/1.1" 404 1018
216.245.221.92 - - [16/Jan/2023:03:14:46 -0500] "HEAD / HTTP/1.1" 200 -
172.22.2.4 - - [16/Jan/2023:03:15:18 -0500] "GET /BLA/boletinlegal/ HTTP/1.1" 200 32715
172.22.2.4 - - [16/Jan/2023:03:14:39 -0500] "HEAD /BLA/boletinlegal/ HTTP/1.1" 200 -
172.22.2.4 - - [16/Jan/2023:03:15:29 -0500] "GET /BLA/boletinlegal/ HTTP/1.1" 200 55272
201.245.192.253 - - [16/Jan/2023:03:17:57 -0500] "POST /kwsrmcab/Wsrmcab  HTTP/1.1" 200 43915
201.245.192.253 - - [16/Jan/2023:03:18:27 -0500] "POST /kwsrmcab/Wsrmcab HTTP/1.1" 200 43751
201.245.192.253 - - [16/Jan/2023:03:18:29 -0500] "POST /kwsrmcab/Wsrmcab HTTP/1.1" 200 43632
216.245.221.92 - - [16/Jan/2023:03:19:46 -0500] "HEAD / HTTP/1.1" 200 -
172.22.2.4 - - [16/Jan/2023:03:20:29 -0500] "HEAD /BLA/boletinlegal/ HTTP/1.1" 200 -
181.63.234.157 - - [16/Jan/2023:03:22:11 -0500] "GET /appsia/controlador HTTP/1.1" 200 4799
181.63.234.157 - - [16/Jan/2023:03:22:12 -0500] "GET /appsia/css/estilos.css HTTP/1.1" 200 4804
181.63.234.157 - - [16/Jan/2023:03:22:12 -0500] "GET /appsia/scripts/validarIngreso.js HTTP/1.1" 200 851
181.63.234.157 - - [16/Jan/2023:03:22:12 -0500] "GET /appsia/images/cabezoteHojaVida.png HTTP/1.1" 200 32493
181.63.234.157 - - [16/Jan/2023:03:22:12 -0500] "GET /appsia/images/logo_bogota_p.png HTTP/1.1" 200 14951
181.63.234.157 - - [16/Jan/2023:03:22:49 -0500] "POST /appsia/controlador HTTP/1.1" 200 4621
181.63.234.157 - - [16/Jan/2023:03:22:51 -0500] "POST /appsia/controlador HTTP/1.1" 200 71691
181.63.234.157 - - [16/Jan/2023:03:22:51 -0500] "GET /appsia/images/logo_escudo.png HTTP/1.1" 200 36965
201.245.192.253 - - [16/Jan/2023:03:22:57 -0500] "POST /kwsrmcab/Wsrmcab  HTTP/1.1" 200 43915
172.22.2.4 - - [16/Jan/2023:03:21:19 -0500] "GET /BLA/boletinlegal/ HTTP/1.1" 200 57192
216.245.221.92 - - [16/Jan/2023:03:24:46 -0500] "HEAD / HTTP/1.1" 200 -
66.249.66.87 - - [16/Jan/2023:03:27:15 -0500] "-" 408 -
201.245.192.253 - - [16/Jan/2023:03:27:56 -0500] "POST /kwsrmcab/Wsrmcab  HTTP/1.1" 200 43915
172.22.2.4 - - [16/Jan/2023:03:26:19 -0500] "HEAD /BLA/boletinlegal/ HTTP/1.1" 200 -
201.245.192.253 - - [16/Jan/2023:03:28:27 -0500] "POST /kwsrmcab/Wsrmcab HTTP/1.1" 200 43751
201.245.192.253 - - [16/Jan/2023:03:28:30 -0500] "POST /kwsrmcab/Wsrmcab HTTP/1.1" 200 43632
172.22.2.4 - - [16/Jan/2023:03:27:09 -0500] "GET /BLA/boletinlegal/ HTTP/1.1" 200 59779
216.245.221.92 - - [16/Jan/2023:03:29:46 -0500] "HEAD / HTTP/1.1" 200 -
157.55.39.201 - - [16/Jan/2023:03:30:28 -0500] "GET /bla/resoluciones/index.php?dir=notificaciones/autos%202018/&sort=date&order=asc HTTP/1.1" 200 98973
179.43.177.242 - - [16/Jan/2023:03:32:29 -0500] "GET / HTTP/1.1" 200 319
201.245.192.253 - - [16/Jan/2023:03:32:55 -0500] "POST /kwsrmcab/Wsrmcab  HTTP/1.1" 200 43915
172.22.2.4 - - [16/Jan/2023:03:32:09 -0500] "HEAD /BLA/boletinlegal/ HTTP/1.1" 200 -
172.22.2.4 - - [16/Jan/2023:03:32:59 -0500] "GET /BLA/boletinlegal/ HTTP/1.1" 200 57824
216.245.221.92 - - [16/Jan/2023:03:34:46 -0500] "HEAD / HTTP/1.1" 200 -
191.108.50.217 - - [16/Jan/2023:03:36:21 -0500] "GET /BLA/resoluciones/ HTTP/1.1" 200 13502
191.108.50.217 - - [16/Jan/2023:03:36:46 -0500] "GET /BLA/resoluciones/index.php?dir=RESOLUCIONES+2022%2F HTTP/1.1" 200 273345
191.108.50.217 - - [16/Jan/2023:03:37:05 -0500] "GET /BLA/resoluciones/index.php?dir=RESOLUCIONES+2021%2F HTTP/1.1" 200 436924
191.108.50.217 - - [16/Jan/2023:03:37:10 -0500] "GET /BLA/resoluciones/RESOLUCIONES%202021/3085.pdf HTTP/1.1" 200 768199
201.245.192.253 - - [16/Jan/2023:03:37:54 -0500] "POST /kwsrmcab/Wsrmcab  HTTP/1.1" 200 43915
201.245.192.253 - - [16/Jan/2023:03:38:27 -0500] "POST /kwsrmcab/Wsrmcab HTTP/1.1" 200 43751
201.245.192.253 - - [16/Jan/2023:03:38:29 -0500] "POST /kwsrmcab/Wsrmcab HTTP/1.1" 200 43632
172.22.2.4 - - [16/Jan/2023:03:37:59 -0500] "HEAD /BLA/boletinlegal/ HTTP/1.1" 200 -
216.245.221.92 - - [16/Jan/2023:03:39:46 -0500] "HEAD / HTTP/1.1" 200 -
172.22.2.4 - - [16/Jan/2023:03:38:49 -0500] "GET /BLA/boletinlegal/ HTTP/1.1" 200 57192
201.245.192.253 - - [16/Jan/2023:03:42:52 -0500] "POST /kwsrmcab/Wsrmcab  HTTP/1.1" 200 43915
181.63.234.157 - - [16/Jan/2023:03:44:10 -0500] "GET /appsia/controlador HTTP/1.1" 200 4799
181.63.234.157 - - [16/Jan/2023:03:44:10 -0500] "GET /appsia/css/estilos.css HTTP/1.1" 200 4804
181.63.234.157 - - [16/Jan/2023:03:44:10 -0500] "GET /appsia/scripts/validarIngreso.js HTTP/1.1" 200 851
181.63.234.157 - - [16/Jan/2023:03:44:10 -0500] "GET /appsia/images/logo_bogota_p.png HTTP/1.1" 200 14951
181.63.234.157 - - [16/Jan/2023:03:44:10 -0500] "GET /appsia/images/cabezoteHojaVida.png HTTP/1.1" 200 32493
181.63.234.157 - - [16/Jan/2023:03:44:12 -0500] "OPTIONS /appsia/ HTTP/1.1" 405 105
181.63.234.157 - - [16/Jan/2023:03:44:12 -0500] "OPTIONS /appsia/ HTTP/1.1" 405 105
181.63.234.157 - - [16/Jan/2023:03:44:12 -0500] "GET /appsia/controlador HTTP/1.1" 200 4799
181.63.234.157 - - [16/Jan/2023:03:44:12 -0500] "OPTIONS /appsia/controlador/ HTTP/1.1" 200 -
181.63.234.157 - - [16/Jan/2023:03:44:12 -0500] "OPTIONS /appsia/controlador/ HTTP/1.1" 200 -
181.63.234.157 - - [16/Jan/2023:03:44:13 -0500] "OPTIONS /appsia/css/ HTTP/1.1" 200 -
181.63.234.157 - - [16/Jan/2023:03:44:13 -0500] "OPTIONS /appsia/css/ HTTP/1.1" 200 -
181.63.234.157 - - [16/Jan/2023:03:44:13 -0500] "GET /appsia/css/estilos.css HTTP/1.1" 304 -
181.63.234.157 - - [16/Jan/2023:03:44:13 -0500] "GET /appsia/css/estilos.css HTTP/1.1" 304 -
181.63.234.157 - - [16/Jan/2023:03:44:14 -0500] "GET /appsia/css/estilos.css HTTP/1.1" 304 -
181.63.234.157 - - [16/Jan/2023:03:44:14 -0500] "GET /appsia/css/estilos.css HTTP/1.1" 304 -
181.63.234.157 - - [16/Jan/2023:03:44:14 -0500] "GET /appsia/css/estilos.css HTTP/1.1" 304 -
216.245.221.92 - - [16/Jan/2023:03:44:46 -0500] "HEAD / HTTP/1.1" 200 -
172.22.2.4 - - [16/Jan/2023:03:43:48 -0500] "HEAD /BLA/boletinlegal/ HTTP/1.1" 200 -
172.22.2.4 - - [16/Jan/2023:03:44:39 -0500] "GET /BLA/boletinlegal/ HTTP/1.1" 200 59779
201.245.192.253 - - [16/Jan/2023:03:47:51 -0500] "POST /kwsrmcab/Wsrmcab  HTTP/1.1" 200 43915
216.245.221.92 - - [16/Jan/2023:03:49:46 -0500] "HEAD / HTTP/1.1" 200 -
172.22.2.4 - - [16/Jan/2023:03:50:29 -0500] "GET /BLA/boletinlegal/robots.txt HTTP/1.1" 404 1140
172.22.2.4 - - [16/Jan/2023:03:49:38 -0500] "HEAD /BLA/boletinlegal/ HTTP/1.1" 200 -
172.22.2.4 - - [16/Jan/2023:03:50:29 -0500] "GET /BLA/boletinlegal/ HTTP/1.1" 200 57824
201.245.192.253 - - [16/Jan/2023:03:52:50 -0500] "POST /kwsrmcab/Wsrmcab  HTTP/1.1" 200 43915
216.245.221.92 - - [16/Jan/2023:03:54:46 -0500] "HEAD / HTTP/1.1" 200 -
172.22.2.4 - - [16/Jan/2023:03:55:28 -0500] "HEAD /BLA/boletinlegal/ HTTP/1.1" 200 -
201.245.192.253 - - [16/Jan/2023:03:57:49 -0500] "POST /kwsrmcab/Wsrmcab  HTTP/1.1" 200 43915
172.22.2.4 - - [16/Jan/2023:03:56:19 -0500] "GET /BLA/boletinlegal/ HTTP/1.1" 200 53337
216.245.221.92 - - [16/Jan/2023:03:59:46 -0500] "HEAD / HTTP/1.1" 200 -
181.63.234.157 - - [16/Jan/2023:04:00:44 -0500] "POST /appsia/controlador HTTP/1.1" 200 4621
201.245.192.253 - - [16/Jan/2023:04:02:48 -0500] "POST /kwsrmcab/Wsrmcab  HTTP/1.1" 200 43915
172.22.2.4 - - [16/Jan/2023:04:01:18 -0500] "HEAD /BLA/boletinlegal/ HTTP/1.1" 200 -
172.22.2.4 - - [16/Jan/2023:04:02:09 -0500] "GET /BLA/boletinlegal/ HTTP/1.1" 200 57192
216.245.221.92 - - [16/Jan/2023:04:04:46 -0500] "HEAD / HTTP/1.1" 200 -
201.245.192.253 - - [16/Jan/2023:04:07:47 -0500] "POST /kwsrmcab/Wsrmcab  HTTP/1.1" 200 43915
172.22.2.4 - - [16/Jan/2023:04:07:08 -0500] "HEAD /BLA/boletinlegal/ HTTP/1.1" 200 -
172.22.2.4 - - [16/Jan/2023:04:07:59 -0500] "GET /BLA/boletinlegal/ HTTP/1.1" 200 55272
216.245.221.92 - - [16/Jan/2023:04:09:46 -0500] "HEAD / HTTP/1.1" 200 -
201.245.192.253 - - [16/Jan/2023:04:12:46 -0500] "POST /kwsrmcab/Wsrmcab  HTTP/1.1" 200 43915
172.22.2.4 - - [16/Jan/2023:04:12:58 -0500] "HEAD /BLA/boletinlegal/ HTTP/1.1" 200 -
216.245.221.92 - - [16/Jan/2023:04:14:46 -0500] "HEAD / HTTP/1.1" 200 -
172.22.2.4 - - [16/Jan/2023:04:13:49 -0500] "GET /BLA/boletinlegal/ HTTP/1.1" 200 59404
201.245.192.253 - - [16/Jan/2023:04:17:45 -0500] "POST /kwsrmcab/Wsrmcab  HTTP/1.1" 200 43915
201.245.192.253 - - [16/Jan/2023:04:18:27 -0500] "POST /kwsrmcab/Wsrmcab HTTP/1.1" 200 43606
157.55.39.201 - - [16/Jan/2023:04:18:31 -0500] "GET /BLA/resoluciones/RESOLUCIONES%202019/1070.pdf HTTP/1.1" 304 -
201.245.192.253 - - [16/Jan/2023:04:18:30 -0500] "POST /kwsrmcab/Wsrmcab HTTP/1.1" 200 43640
216.245.221.92 - - [16/Jan/2023:04:19:46 -0500] "HEAD / HTTP/1.1" 200 -
172.22.2.4 - - [16/Jan/2023:04:18:48 -0500] "HEAD /BLA/boletinlegal/ HTTP/1.1" 200 -
172.22.2.4 - - [16/Jan/2023:04:19:39 -0500] "GET /BLA/boletinlegal/ HTTP/1.1" 200 59404
201.245.192.253 - - [16/Jan/2023:04:22:43 -0500] "POST /kwsrmcab/Wsrmcab  HTTP/1.1" 200 43915
66.249.66.87 - - [16/Jan/2023:04:23:13 -0500] "-" 408 -
4.17.224.134 - - [16/Jan/2023:04:24:44 -0500] "GET /.env HTTP/1.1" 404 1018
4.17.224.134 - - [16/Jan/2023:04:24:44 -0500] "POST / HTTP/1.1" 200 319
216.245.221.92 - - [16/Jan/2023:04:24:46 -0500] "HEAD / HTTP/1.1" 200 -
207.46.13.83 - - [16/Jan/2023:04:25:02 -0500] "GET /BLA/resoluciones/AUTOS%202014/0875.pdf HTTP/1.1" 304 -
47.254.85.182 - - [16/Jan/2023:04:25:33 -0500] "GET / HTTP/1.1" 200 319
47.89.195.210 - - [16/Jan/2023:04:25:34 -0500] "GET /Public/home/js/check.js HTTP/1.1" 404 1018
47.251.13.32 - - [16/Jan/2023:04:25:34 -0500] "GET /static/admin/javascript/hetong.js HTTP/1.1" 404 1018
172.22.2.4 - - [16/Jan/2023:04:25:19 -0500] "GET /BLA/boletinlegal/ HTTP/1.1" 200 24523
172.22.2.4 - - [16/Jan/2023:04:24:38 -0500] "HEAD /BLA/boletinlegal/ HTTP/1.1" 200 -
172.22.2.4 - - [16/Jan/2023:04:25:29 -0500] "GET /BLA/boletinlegal/ HTTP/1.1" 200 52942
201.245.192.253 - - [16/Jan/2023:04:27:42 -0500] "POST /kwsrmcab/Wsrmcab  HTTP/1.1" 200 43915
201.245.192.253 - - [16/Jan/2023:04:28:26 -0500] "POST /kwsrmcab/Wsrmcab HTTP/1.1" 200 43606
201.245.192.253 - - [16/Jan/2023:04:28:29 -0500] "POST /kwsrmcab/Wsrmcab HTTP/1.1" 200 43640
216.245.221.92 - - [16/Jan/2023:04:29:46 -0500] "HEAD / HTTP/1.1" 200 -
172.22.2.4 - - [16/Jan/2023:04:30:28 -0500] "HEAD /BLA/boletinlegal/ HTTP/1.1" 200 -
201.245.192.253 - - [16/Jan/2023:04:32:41 -0500] "POST /kwsrmcab/Wsrmcab  HTTP/1.1" 200 43915
172.22.2.4 - - [16/Jan/2023:04:31:19 -0500] "GET /BLA/boletinlegal/ HTTP/1.1" 200 59404
216.245.221.92 - - [16/Jan/2023:04:34:46 -0500] "HEAD / HTTP/1.1" 200 -
201.245.192.253 - - [16/Jan/2023:04:37:40 -0500] "POST /kwsrmcab/Wsrmcab  HTTP/1.1" 200 43915
172.22.2.4 - - [16/Jan/2023:04:36:18 -0500] "HEAD /BLA/boletinlegal/ HTTP/1.1" 200 -
69.171.249.6 - - [16/Jan/2023:04:38:13 -0500] "GET /no-se-deje-enganar-mujeres-que-reverdecen-no-solicita-informacion-por-cadenas-de-whatsapp.html HTTP/1.1" 206 1026
201.245.192.253 - - [16/Jan/2023:04:38:27 -0500] "POST /kwsrmcab/Wsrmcab HTTP/1.1" 200 43606
201.245.192.253 - - [16/Jan/2023:04:38:29 -0500] "POST /kwsrmcab/Wsrmcab HTTP/1.1" 200 43640
172.22.2.4 - - [16/Jan/2023:04:37:09 -0500] "GET /BLA/boletinlegal/ HTTP/1.1" 200 59404
216.245.221.92 - - [16/Jan/2023:04:39:46 -0500] "HEAD / HTTP/1.1" 200 -
201.245.192.253 - - [16/Jan/2023:04:42:39 -0500] "POST /kwsrmcab/Wsrmcab  HTTP/1.1" 200 43915
172.22.2.4 - - [16/Jan/2023:04:42:41 -0500] "GET /BLA/boletinlegal/ HTTP/1.1" 200 20427
172.22.2.4 - - [16/Jan/2023:04:42:08 -0500] "HEAD /BLA/boletinlegal/ HTTP/1.1" 200 -
172.22.2.4 - - [16/Jan/2023:04:42:59 -0500] "GET /BLA/boletinlegal/ HTTP/1.1" 200 57192
216.245.221.92 - - [16/Jan/2023:04:44:46 -0500] "HEAD / HTTP/1.1" 200 -
185.119.81.101 - - [16/Jan/2023:04:46:06 -0500] "GET /portaldeninos/wp-login.php HTTP/1.1" 200 2592
185.119.81.101 - - [16/Jan/2023:04:46:07 -0500] "POST /portaldeninos/wp-login.php HTTP/1.1" 200 3605
