!C99Shell v. 1.0 pre-release build #13!

Software: Apache. PHP/5.5.15 

uname -a: Windows NT SVR-DMZ 6.1 build 7600 (Windows Server 2008 R2 Enterprise Edition) i586 

SYSTEM 

Safe-mode: OFF (not secure)

E:\nuevo\apache\logs\   drwxrwxrwx
Free 8.02 GB of 239.26 GB (3.35%)
Detected drives: [ a ] [ c ] [ d ] [ e ] [ f ]
Home    Back    Forward    UPDIR    Refresh    Search    Buffer    Encoder    Tools    Proc.    FTP brute    Sec.    SQL    PHP-code    Update    Feedback    Self remove    Logout    


Viewing file:     access.2023.01.20.log (13.28 MB)      -rw-rw-rw-
Select action/file-type:
(+) | (+) | (+) | Code (+) | Session (+) | (+) | SDB (+) | (+) | (+) | (+) | (+) | (+) |
172.22.2.4 - - [19/Jan/2023:23:58:48 -0500] "GET /BLA/boletinlegal/ HTTP/1.1" 200 59404
69.171.249.11 - - [20/Jan/2023:00:00:32 -0500] "GET /images/19%20de%20enero%20\xc3\xa1rbol%20bosque%20San%20Carlos.jpg HTTP/1.1" 404 1034
185.119.81.109 - - [20/Jan/2023:00:00:49 -0500] "GET /portaldeninos/wp-login.php HTTP/1.1" 200 2592
185.119.81.109 - - [20/Jan/2023:00:00:50 -0500] "POST /portaldeninos/wp-login.php HTTP/1.1" 200 3605
173.252.79.6 - - [20/Jan/2023:00:02:30 -0500] "GET /images/19%20de%20enero%20\xc3\xa1rbol%20bosque%20San%20Carlos.jpg HTTP/1.1" 404 1034
172.22.2.4 - - [20/Jan/2023:00:02:05 -0500] "GET /BLA/boletinlegal/ HTTP/1.1" 200 32715
216.245.221.92 - - [20/Jan/2023:00:02:52 -0500] "HEAD / HTTP/1.1" 200 -
201.245.192.253 - - [20/Jan/2023:00:03:10 -0500] "POST /kwsrmcab/Wsrmcab  HTTP/1.1" 200 213
173.252.83.15 - - [20/Jan/2023:00:04:10 -0500] "GET /images/19%20de%20enero%20\xc3\xa1rbol%20bosque%20San%20Carlos.jpg HTTP/1.1" 404 1034
201.245.192.253 - - [20/Jan/2023:00:04:11 -0500] "POST /kwsrmcab/Wsrmcab  HTTP/1.1" 200 213
66.249.65.109 - - [20/Jan/2023:00:05:06 -0500] "-" 408 -
201.245.192.253 - - [20/Jan/2023:00:05:12 -0500] "POST /kwsrmcab/Wsrmcab  HTTP/1.1" 200 213
172.22.2.4 - - [20/Jan/2023:00:03:47 -0500] "HEAD /BLA/boletinlegal/ HTTP/1.1" 200 -
173.252.83.8 - - [20/Jan/2023:00:06:12 -0500] "GET /images/19%20de%20enero%20\xc3\xa1rbol%20bosque%20San%20Carlos.jpg HTTP/1.1" 404 1034
201.245.192.253 - - [20/Jan/2023:00:06:11 -0500] "POST /kwsrmcab/Wsrmcab  HTTP/1.1" 200 213
172.22.2.4 - - [20/Jan/2023:00:04:38 -0500] "GET /BLA/boletinlegal/ HTTP/1.1" 200 59404
201.245.192.253 - - [20/Jan/2023:00:07:12 -0500] "POST /kwsrmcab/Wsrmcab  HTTP/1.1" 200 213
216.245.221.92 - - [20/Jan/2023:00:07:52 -0500] "HEAD / HTTP/1.1" 200 -
207.46.13.41 - - [20/Jan/2023:00:07:55 -0500] "GET /BLA/resoluciones/RESOLUCIONES%202019/3307.pdf HTTP/1.1" 200 432125
40.77.167.88 - - [20/Jan/2023:00:08:04 -0500] "-" 408 -
185.119.81.109 - - [20/Jan/2023:00:08:45 -0500] "GET /portaldeninos/wp-login.php HTTP/1.1" 200 2592
185.119.81.109 - - [20/Jan/2023:00:08:47 -0500] "POST /portaldeninos/wp-login.php HTTP/1.1" 200 3605
66.220.149.21 - - [20/Jan/2023:00:11:15 -0500] "GET /images/19%20de%20enero%20\xc3\xa1rbol%20bosque%20San%20Carlos.jpg HTTP/1.1" 404 1034
172.22.2.4 - - [20/Jan/2023:00:09:37 -0500] "HEAD /BLA/boletinlegal/ HTTP/1.1" 200 -
172.22.2.4 - - [20/Jan/2023:00:10:28 -0500] "GET /BLA/boletinlegal/ HTTP/1.1" 200 57192
201.245.192.253 - - [20/Jan/2023:00:12:12 -0500] "POST /kwsrmcab/Wsrmcab  HTTP/1.1" 200 213
40.77.167.1 - - [20/Jan/2023:00:12:34 -0500] "GET /BLA/resoluciones/index.php?dir=AUTOS+2012%2F HTTP/1.1" 200 275663
216.245.221.92 - - [20/Jan/2023:00:12:52 -0500] "HEAD / HTTP/1.1" 200 -
172.22.2.4 - - [20/Jan/2023:00:14:24 -0500] "GET /BLA/boletinlegal/robots.txt HTTP/1.1" 404 1037
172.22.2.4 - - [20/Jan/2023:00:14:26 -0500] "GET /BLA/boletinlegal/ads.txt HTTP/1.1" 404 1037
173.252.83.6 - - [20/Jan/2023:00:14:28 -0500] "GET /images/19%20de%20enero%20\xc3\xa1rbol%20bosque%20San%20Carlos.jpg HTTP/1.1" 404 1034
172.22.2.4 - - [20/Jan/2023:00:14:43 -0500] "GET /BLA/boletinlegal/Circulares/2011/Circular%20No.%202%20del%2031%20de%20Mayo%20de%202011.pdf HTTP/1.1" 200 496778
172.22.2.4 - - [20/Jan/2023:00:13:23 -0500] "GET /BLA/boletinlegal/ HTTP/1.1" 200 53195
172.22.2.4 - - [20/Jan/2023:00:14:47 -0500] "GET /BLA/boletinlegal/jurisprudencia/analisis/G__Jurisp.%20Junio%202014_JURISPRUDENIA%2005-10-213%20CERROS%20BOGOTA.docx HTTP/1.1" 404 1037
69.171.249.116 - - [20/Jan/2023:00:16:01 -0500] "GET /images/19%20de%20enero%20\xc3\xa1rbol%20bosque%20San%20Carlos.jpg HTTP/1.1" 404 1034
173.252.83.119 - - [20/Jan/2023:00:16:45 -0500] "GET /images/19%20de%20enero%20\xc3\xa1rbol%20bosque%20San%20Carlos.jpg HTTP/1.1" 404 1034
172.22.2.4 - - [20/Jan/2023:00:15:27 -0500] "HEAD /BLA/boletinlegal/ HTTP/1.1" 200 -
201.245.192.253 - - [20/Jan/2023:00:17:11 -0500] "POST /kwsrmcab/Wsrmcab  HTTP/1.1" 200 213
216.245.221.92 - - [20/Jan/2023:00:17:52 -0500] "HEAD / HTTP/1.1" 200 -
172.22.2.4 - - [20/Jan/2023:00:16:18 -0500] "GET /BLA/boletinlegal/ HTTP/1.1" 200 59404
201.245.192.253 - - [20/Jan/2023:00:19:08 -0500] "POST /kwsrmcab/Wsrmcab HTTP/1.1" 200 43298
201.245.192.253 - - [20/Jan/2023:00:19:11 -0500] "POST /kwsrmcab/Wsrmcab HTTP/1.1" 200 41851
66.249.65.109 - - [20/Jan/2023:00:20:08 -0500] "-" 408 -
173.252.83.19 - - [20/Jan/2023:00:20:54 -0500] "GET /images/19%20de%20enero%20\xc3\xa1rbol%20bosque%20San%20Carlos.jpg HTTP/1.1" 404 1034
76.23.145.201 - - [20/Jan/2023:00:21:36 -0500] "GET / HTTP/1.1" 200 319
201.245.192.253 - - [20/Jan/2023:00:22:10 -0500] "POST /kwsrmcab/Wsrmcab  HTTP/1.1" 200 213
192.99.44.95 - - [20/Jan/2023:00:22:13 -0500] "GET /auambari-deleito-con-sus-sonidos-ambientales-a-los-asistentes-de-fima-2021.html HTTP/1.1" 200 888
173.252.83.6 - - [20/Jan/2023:00:22:36 -0500] "GET /images/19%20de%20enero%20\xc3\xa1rbol%20bosque%20San%20Carlos.jpg HTTP/1.1" 404 1034
185.119.81.109 - - [20/Jan/2023:00:22:37 -0500] "GET /portaldeninos/wp-login.php HTTP/1.1" 200 2592
185.119.81.109 - - [20/Jan/2023:00:22:38 -0500] "POST /portaldeninos/wp-login.php HTTP/1.1" 200 3670
216.245.221.92 - - [20/Jan/2023:00:22:52 -0500] "HEAD / HTTP/1.1" 200 -
172.22.2.4 - - [20/Jan/2023:00:21:17 -0500] "HEAD /BLA/boletinlegal/ HTTP/1.1" 200 -
172.22.2.4 - - [20/Jan/2023:00:22:08 -0500] "GET /BLA/boletinlegal/ HTTP/1.1" 200 59404
173.252.83.11 - - [20/Jan/2023:00:23:53 -0500] "GET /images/19%20de%20enero%20\xc3\xa1rbol%20bosque%20San%20Carlos.jpg HTTP/1.1" 404 1034
69.171.251.17 - - [20/Jan/2023:00:24:20 -0500] "GET /images/19%20de%20enero%20\xc3\xa1rbol%20bosque%20San%20Carlos.jpg HTTP/1.1" 404 1034
207.46.13.41 - - [20/Jan/2023:00:24:37 -0500] "GET /BLA/resoluciones/RESOLUCIONES%202022/0772.pdf HTTP/1.1" 200 346188
157.55.39.215 - - [20/Jan/2023:00:25:13 -0500] "GET /mas-de-150-arboles-plantados-en-los-ultimos-dias-en-bogota.html HTTP/1.1" 200 848
66.249.65.109 - - [20/Jan/2023:00:25:55 -0500] "-" 408 -
69.171.251.13 - - [20/Jan/2023:00:27:11 -0500] "GET /images/19%20de%20enero%20\xc3\xa1rbol%20bosque%20San%20Carlos.jpg HTTP/1.1" 404 1034
201.245.192.253 - - [20/Jan/2023:00:27:09 -0500] "POST /kwsrmcab/Wsrmcab  HTTP/1.1" 200 213
185.119.81.102 - - [20/Jan/2023:00:27:20 -0500] "GET /portaldeninos/wp-login.php HTTP/1.1" 200 2592
185.119.81.102 - - [20/Jan/2023:00:27:21 -0500] "POST /portaldeninos/wp-login.php HTTP/1.1" 200 3605
216.245.221.92 - - [20/Jan/2023:00:27:52 -0500] "HEAD / HTTP/1.1" 200 -
172.22.2.4 - - [20/Jan/2023:00:27:07 -0500] "HEAD /BLA/boletinlegal/ HTTP/1.1" 200 -
201.245.192.253 - - [20/Jan/2023:00:29:08 -0500] "POST /kwsrmcab/Wsrmcab HTTP/1.1" 200 43298
201.245.192.253 - - [20/Jan/2023:00:29:11 -0500] "POST /kwsrmcab/Wsrmcab HTTP/1.1" 200 41851
172.22.2.4 - - [20/Jan/2023:00:27:39 -0500] "GET /BLA/boletinlegal/ HTTP/1.1" 200 46778
186.84.21.222 - - [20/Jan/2023:00:29:24 -0500] "POST /sipse/faces/presentacion/financiero/solicitudProceso/listarSolicitudProceso.xhtml HTTP/1.1" 200 31908
186.84.21.222 - - [20/Jan/2023:00:29:25 -0500] "POST /sipse/faces/presentacion/financiero/solicitudProceso/listarSolicitudProceso.xhtml HTTP/1.1" 200 20037
186.84.21.222 - - [20/Jan/2023:00:29:25 -0500] "POST /sipse/faces/presentacion/financiero/solicitudProceso/listarSolicitudProceso.xhtml HTTP/1.1" 200 5025
186.84.21.222 - - [20/Jan/2023:00:29:28 -0500] "POST /sipse/faces/presentacion/financiero/solicitudProceso/listarSolicitudProceso.xhtml HTTP/1.1" 200 144339
186.84.21.222 - - [20/Jan/2023:00:29:29 -0500] "GET /sipse/js/disable_browser_buttons.js HTTP/1.1" 304 -
186.84.21.222 - - [20/Jan/2023:00:29:29 -0500] "GET /sipse/js/jquery.min.js HTTP/1.1" 304 -
186.84.21.222 - - [20/Jan/2023:00:29:29 -0500] "GET /sipse/js/funciones.js HTTP/1.1" 304 -
186.84.21.222 - - [20/Jan/2023:00:29:29 -0500] "GET /sipse/faces/javax.faces.resource/jquery/jquery.js?ln=primefaces&v=4.0 HTTP/1.1" 304 -
186.84.21.222 - - [20/Jan/2023:00:29:29 -0500] "GET /sipse/faces/javax.faces.resource/jquery/jquery-plugins.js?ln=primefaces&v=4.0 HTTP/1.1" 304 -
186.84.21.222 - - [20/Jan/2023:00:29:29 -0500] "GET /sipse/faces/javax.faces.resource/primefaces.js?ln=primefaces&v=4.0 HTTP/1.1" 304 -
186.84.21.222 - - [20/Jan/2023:00:29:29 -0500] "GET /sipse/faces/javax.faces.resource/layout/layout.js?ln=primefaces&v=4.0 HTTP/1.1" 304 -
186.84.21.222 - - [20/Jan/2023:00:29:34 -0500] "POST /sipse/faces/presentacion/financiero/solicitudProceso/consultarSolicitudProceso.xhtml HTTP/1.1" 200 40013
186.84.21.222 - - [20/Jan/2023:00:29:35 -0500] "GET /sipse/css/custom_css_sg.css HTTP/1.1" 304 -
186.84.21.222 - - [20/Jan/2023:00:29:35 -0500] "GET /sipse/css/custom_css_sg_prime.css HTTP/1.1" 304 -
186.84.21.222 - - [20/Jan/2023:00:29:35 -0500] "GET /sipse/faces/javax.faces.resource/layout/layout.css?ln=primefaces&v=4.0 HTTP/1.1" 304 -
186.84.21.222 - - [20/Jan/2023:00:29:35 -0500] "GET /sipse/faces/javax.faces.resource/theme.css?ln=primefaces-sipse HTTP/1.1" 304 -
186.84.21.222 - - [20/Jan/2023:00:29:35 -0500] "GET /sipse/faces/javax.faces.resource/jquery/jquery.js?ln=primefaces&v=4.0 HTTP/1.1" 304 -
186.84.21.222 - - [20/Jan/2023:00:29:35 -0500] "GET /sipse/faces/javax.faces.resource/jquery/jquery-plugins.js?ln=primefaces&v=4.0 HTTP/1.1" 304 -
186.84.21.222 - - [20/Jan/2023:00:29:35 -0500] "GET /sipse/faces/javax.faces.resource/primefaces.css?ln=primefaces&v=4.0 HTTP/1.1" 304 -
186.84.21.222 - - [20/Jan/2023:00:29:35 -0500] "GET /sipse/faces/javax.faces.resource/primefaces.js?ln=primefaces&v=4.0 HTTP/1.1" 304 -
186.84.21.222 - - [20/Jan/2023:00:29:35 -0500] "GET /sipse/faces/javax.faces.resource/layout/layout.js?ln=primefaces&v=4.0 HTTP/1.1" 304 -
186.84.21.222 - - [20/Jan/2023:00:29:35 -0500] "GET /sipse/imagenes/cargando.gif HTTP/1.1" 304 -
186.84.21.222 - - [20/Jan/2023:00:29:35 -0500] "GET /sipse/css/imagen/logoSDG.png HTTP/1.1" 304 -
186.84.21.222 - - [20/Jan/2023:00:29:35 -0500] "GET /sipse/faces/javax.faces.resource/images/ui-icons_898989_256x240.png?ln=primefaces-aristo HTTP/1.1" 304 -
186.84.21.222 - - [20/Jan/2023:00:29:35 -0500] "GET /sipse/css/imagen/contrasena.png HTTP/1.1" 404 383
172.22.2.4 - - [20/Jan/2023:00:27:58 -0500] "GET /BLA/boletinlegal/ HTTP/1.1" 200 47188
186.84.21.222 - - [20/Jan/2023:00:29:47 -0500] "GET /sipse/faces/javax.faces.resource/theme.css?ln=primefaces-sipse HTTP/1.1" 304 -
186.84.21.222 - - [20/Jan/2023:00:29:47 -0500] "GET /sipse/faces/javax.faces.resource/layout/layout.css?ln=primefaces&v=4.0 HTTP/1.1" 304 -
186.84.21.222 - - [20/Jan/2023:00:29:47 -0500] "GET /sipse/faces/javax.faces.resource/primefaces.css?ln=primefaces&v=4.0 HTTP/1.1" 304 -
186.84.21.222 - - [20/Jan/2023:00:29:47 -0500] "GET /sipse/faces/javax.faces.resource/jquery/jquery-plugins.js?ln=primefaces&v=4.0 HTTP/1.1" 304 -
186.84.21.222 - - [20/Jan/2023:00:29:47 -0500] "GET /sipse/faces/javax.faces.resource/jquery/jquery.js?ln=primefaces&v=4.0 HTTP/1.1" 304 -
186.84.21.222 - - [20/Jan/2023:00:29:47 -0500] "POST /sipse/faces/presentacion/financiero/solicitudProceso/consultarHistorialSolProceso.xhtml HTTP/1.1" 200 190133
186.84.21.222 - - [20/Jan/2023:00:29:47 -0500] "GET /sipse/faces/javax.faces.resource/primefaces.js?ln=primefaces&v=4.0 HTTP/1.1" 304 -
186.84.21.222 - - [20/Jan/2023:00:29:47 -0500] "GET /sipse/faces/javax.faces.resource/layout/layout.js?ln=primefaces&v=4.0 HTTP/1.1" 304 -
186.84.21.222 - - [20/Jan/2023:00:29:48 -0500] "GET /sipse/faces/javax.faces.resource/images/ui-icons_898989_256x240.png?ln=primefaces-aristo HTTP/1.1" 304 -
186.84.21.222 - - [20/Jan/2023:00:30:29 -0500] "GET /sipse/faces/javax.faces.resource/images/ui-bg_flat_0_2d5972_40x100.png?ln=primefaces-aristo HTTP/1.1" 304 -
173.252.83.118 - - [20/Jan/2023:00:30:31 -0500] "GET /images/19%20de%20enero%20\xc3\xa1rbol%20bosque%20San%20Carlos.jpg HTTP/1.1" 404 1034
186.84.21.222 - - [20/Jan/2023:00:30:31 -0500] "POST /sipse/faces/presentacion/financiero/solicitudProceso/consultarSolicitudProceso.xhtml HTTP/1.1" 200 6131
186.84.21.222 - - [20/Jan/2023:00:30:31 -0500] "GET /sipse/faces/javax.faces.resource/messages/messages.png?ln=primefaces&v=4.0 HTTP/1.1" 304 -
186.84.21.222 - - [20/Jan/2023:00:31:35 -0500] "POST /sipse/faces/presentacion/financiero/solicitudProceso/consultarSolicitudProceso.xhtml HTTP/1.1" 200 39796
186.84.21.222 - - [20/Jan/2023:00:31:35 -0500] "GET /sipse/faces/javax.faces.resource/jquery/jquery.js?ln=primefaces&v=4.0 HTTP/1.1" 304 -
186.84.21.222 - - [20/Jan/2023:00:31:35 -0500] "GET /sipse/faces/javax.faces.resource/jquery/jquery-plugins.js?ln=primefaces&v=4.0 HTTP/1.1" 304 -
186.84.21.222 - - [20/Jan/2023:00:31:35 -0500] "GET /sipse/faces/javax.faces.resource/primefaces.js?ln=primefaces&v=4.0 HTTP/1.1" 304 -
186.84.21.222 - - [20/Jan/2023:00:31:35 -0500] "GET /sipse/faces/javax.faces.resource/layout/layout.js?ln=primefaces&v=4.0 HTTP/1.1" 304 -
186.84.21.222 - - [20/Jan/2023:00:31:35 -0500] "POST /sipse/faces/presentacion/financiero/solicitudProceso/listarSolicitudProceso.xhtml HTTP/1.1" 200 1396
186.84.21.222 - - [20/Jan/2023:00:31:38 -0500] "POST /sipse/faces/presentacion/financiero/solicitudProceso/listarSolicitudProceso.xhtml HTTP/1.1" 200 31908
186.84.21.222 - - [20/Jan/2023:00:31:39 -0500] "POST /sipse/faces/presentacion/financiero/solicitudProceso/listarSolicitudProceso.xhtml HTTP/1.1" 200 5036
186.84.21.222 - - [20/Jan/2023:00:31:39 -0500] "POST /sipse/faces/presentacion/financiero/solicitudProceso/listarSolicitudProceso.xhtml HTTP/1.1" 200 5036
186.84.21.222 - - [20/Jan/2023:00:31:42 -0500] "POST /sipse/faces/presentacion/financiero/solicitudProceso/listarSolicitudProceso.xhtml HTTP/1.1" 200 156296
186.84.21.222 - - [20/Jan/2023:00:31:42 -0500] "GET /sipse/faces/javax.faces.resource/jquery/jquery.js?ln=primefaces&v=4.0 HTTP/1.1" 304 -
186.84.21.222 - - [20/Jan/2023:00:31:42 -0500] "GET /sipse/faces/javax.faces.resource/jquery/jquery-plugins.js?ln=primefaces&v=4.0 HTTP/1.1" 304 -
186.84.21.222 - - [20/Jan/2023:00:31:42 -0500] "GET /sipse/faces/javax.faces.resource/primefaces.js?ln=primefaces&v=4.0 HTTP/1.1" 304 -
186.84.21.222 - - [20/Jan/2023:00:31:42 -0500] "GET /sipse/faces/javax.faces.resource/layout/layout.js?ln=primefaces&v=4.0 HTTP/1.1" 304 -
186.84.21.222 - - [20/Jan/2023:00:32:04 -0500] "GET /sipse/faces/javax.faces.resource/theme.css?ln=primefaces-sipse HTTP/1.1" 304 -
186.84.21.222 - - [20/Jan/2023:00:32:04 -0500] "GET /sipse/faces/javax.faces.resource/layout/layout.css?ln=primefaces&v=4.0 HTTP/1.1" 304 -
186.84.21.222 - - [20/Jan/2023:00:32:04 -0500] "GET /sipse/faces/javax.faces.resource/jquery/jquery.js?ln=primefaces&v=4.0 HTTP/1.1" 304 -
186.84.21.222 - - [20/Jan/2023:00:32:04 -0500] "GET /sipse/faces/javax.faces.resource/jquery/jquery-plugins.js?ln=primefaces&v=4.0 HTTP/1.1" 304 -
186.84.21.222 - - [20/Jan/2023:00:32:04 -0500] "GET /sipse/faces/javax.faces.resource/primefaces.css?ln=primefaces&v=4.0 HTTP/1.1" 304 -
186.84.21.222 - - [20/Jan/2023:00:32:04 -0500] "GET /sipse/faces/javax.faces.resource/primefaces.js?ln=primefaces&v=4.0 HTTP/1.1" 304 -
186.84.21.222 - - [20/Jan/2023:00:32:04 -0500] "GET /sipse/faces/javax.faces.resource/layout/layout.js?ln=primefaces&v=4.0 HTTP/1.1" 304 -
186.84.21.222 - - [20/Jan/2023:00:32:04 -0500] "GET /sipse/faces/javax.faces.resource/images/ui-icons_898989_256x240.png?ln=primefaces-aristo HTTP/1.1" 304 -
186.84.21.222 - - [20/Jan/2023:00:32:03 -0500] "POST /sipse/faces/presentacion/financiero/solicitudProceso/consultarSolicitudProceso.xhtml HTTP/1.1" 200 202890
201.245.192.253 - - [20/Jan/2023:00:32:08 -0500] "POST /kwsrmcab/Wsrmcab  HTTP/1.1" 200 213
186.84.21.222 - - [20/Jan/2023:00:32:16 -0500] "GET /sipse/faces/javax.faces.resource/images/ui-bg_flat_0_2d5972_40x100.png?ln=primefaces-aristo HTTP/1.1" 304 -
186.84.21.222 - - [20/Jan/2023:00:32:16 -0500] "POST /sipse/faces/presentacion/financiero/solicitudProceso/consultarSolicitudProceso.xhtml HTTP/1.1" 200 5601
186.84.21.222 - - [20/Jan/2023:00:32:16 -0500] "GET /sipse/faces/javax.faces.resource/dynamiccontent.properties?ln=primefaces&pfdrid=XjOR5%2F%2FfPAZAuY9TpWQeCiM0BhlXxYRBGKi%2FQcXXfeA%3D&pfdrid_c=false HTTP/1.1" 200 165337
186.84.21.222 - - [20/Jan/2023:00:32:35 -0500] "POST /sipse/faces/presentacion/financiero/solicitudProceso/consultarSolicitudProceso.xhtml HTTP/1.1" 200 5586
216.245.221.92 - - [20/Jan/2023:00:32:52 -0500] "HEAD / HTTP/1.1" 200 -
186.84.21.222 - - [20/Jan/2023:00:32:53 -0500] "POST /sipse/faces/presentacion/financiero/solicitudProceso/consultarSolicitudProceso.xhtml HTTP/1.1" 200 40314
186.84.21.222 - - [20/Jan/2023:00:32:56 -0500] "GET /sipse/faces/javax.faces.resource/jquery/jquery.js?ln=primefaces&v=4.0 HTTP/1.1" 304 -
186.84.21.222 - - [20/Jan/2023:00:32:56 -0500] "GET /sipse/faces/javax.faces.resource/jquery/jquery-plugins.js?ln=primefaces&v=4.0 HTTP/1.1" 304 -
186.84.21.222 - - [20/Jan/2023:00:32:56 -0500] "GET /sipse/faces/javax.faces.resource/primefaces.js?ln=primefaces&v=4.0 HTTP/1.1" 304 -
186.84.21.222 - - [20/Jan/2023:00:32:56 -0500] "GET /sipse/faces/javax.faces.resource/layout/layout.js?ln=primefaces&v=4.0 HTTP/1.1" 304 -
186.84.21.222 - - [20/Jan/2023:00:32:56 -0500] "GET /sipse/faces/javax.faces.resource/messages/messages.png?ln=primefaces&v=4.0 HTTP/1.1" 304 -
186.84.21.222 - - [20/Jan/2023:00:32:56 -0500] "POST /sipse/faces/presentacion/financiero/solicitudProceso/listarSolicitudProceso.xhtml HTTP/1.1" 200 1396
66.249.65.109 - - [20/Jan/2023:00:33:17 -0500] "-" 408 -
186.84.21.222 - - [20/Jan/2023:00:33:19 -0500] "POST /sipse/faces/presentacion/financiero/solicitudProceso/listarSolicitudProceso.xhtml HTTP/1.1" 200 31910
186.84.21.222 - - [20/Jan/2023:00:33:20 -0500] "POST /sipse/faces/presentacion/financiero/solicitudProceso/listarSolicitudProceso.xhtml HTTP/1.1" 200 5100
186.84.21.222 - - [20/Jan/2023:00:33:22 -0500] "POST /sipse/faces/presentacion/financiero/solicitudProceso/listarSolicitudProceso.xhtml HTTP/1.1" 200 154003
186.84.21.222 - - [20/Jan/2023:00:33:23 -0500] "GET /sipse/faces/javax.faces.resource/jquery/jquery.js?ln=primefaces&v=4.0 HTTP/1.1" 304 -
186.84.21.222 - - [20/Jan/2023:00:33:23 -0500] "GET /sipse/faces/javax.faces.resource/jquery/jquery-plugins.js?ln=primefaces&v=4.0 HTTP/1.1" 304 -
186.84.21.222 - - [20/Jan/2023:00:33:23 -0500] "GET /sipse/faces/javax.faces.resource/primefaces.js?ln=primefaces&v=4.0 HTTP/1.1" 304 -
186.84.21.222 - - [20/Jan/2023:00:33:23 -0500] "GET /sipse/faces/javax.faces.resource/layout/layout.js?ln=primefaces&v=4.0 HTTP/1.1" 304 -
186.84.21.222 - - [20/Jan/2023:00:33:31 -0500] "POST /sipse/faces/presentacion/financiero/solicitudProceso/consultarSolicitudProceso.xhtml HTTP/1.1" 200 86724
186.84.21.222 - - [20/Jan/2023:00:33:31 -0500] "POST /sipse/faces/presentacion/financiero/solicitudProceso/consultarSolicitudProceso.xhtml HTTP/1.1" 200 86724
186.84.21.222 - - [20/Jan/2023:00:33:34 -0500] "POST /sipse/faces/presentacion/financiero/solicitudProceso/consultarSolicitudProceso.xhtml HTTP/1.1" 200 133055
172.22.2.4 - - [20/Jan/2023:00:32:57 -0500] "HEAD /BLA/boletinlegal/ HTTP/1.1" 200 -
93.158.161.69 - - [20/Jan/2023:00:34:59 -0500] "-" 408 -
186.84.21.222 - - [20/Jan/2023:00:35:01 -0500] "GET /sipse/faces/javax.faces.resource/jquery/jquery.js?ln=primefaces&v=4.0 HTTP/1.1" 304 -
186.84.21.222 - - [20/Jan/2023:00:35:01 -0500] "GET /sipse/faces/javax.faces.resource/theme.css?ln=primefaces-sipse HTTP/1.1" 304 -
186.84.21.222 - - [20/Jan/2023:00:35:01 -0500] "GET /sipse/faces/javax.faces.resource/primefaces.css?ln=primefaces&v=4.0 HTTP/1.1" 304 -
186.84.21.222 - - [20/Jan/2023:00:35:01 -0500] "GET /sipse/faces/javax.faces.resource/layout/layout.css?ln=primefaces&v=4.0 HTTP/1.1" 304 -
186.84.21.222 - - [20/Jan/2023:00:35:01 -0500] "GET /sipse/faces/javax.faces.resource/jquery/jquery-plugins.js?ln=primefaces&v=4.0 HTTP/1.1" 304 -
186.84.21.222 - - [20/Jan/2023:00:35:01 -0500] "GET /sipse/faces/javax.faces.resource/primefaces.js?ln=primefaces&v=4.0 HTTP/1.1" 304 -
186.84.21.222 - - [20/Jan/2023:00:35:01 -0500] "GET /sipse/faces/javax.faces.resource/layout/layout.js?ln=primefaces&v=4.0 HTTP/1.1" 304 -
186.84.21.222 - - [20/Jan/2023:00:35:01 -0500] "POST /sipse/faces/presentacion/financiero/solicitudProceso/consultarSolicitudProceso.xhtml HTTP/1.1" 200 200597
186.84.21.222 - - [20/Jan/2023:00:35:01 -0500] "GET /sipse/faces/javax.faces.resource/images/ui-icons_898989_256x240.png?ln=primefaces-aristo HTTP/1.1" 304 -
93.158.161.29 - - [20/Jan/2023:00:35:05 -0500] "-" 408 -
186.84.21.222 - - [20/Jan/2023:00:35:06 -0500] "GET /sipse/faces/javax.faces.resource/images/ui-bg_flat_0_2d5972_40x100.png?ln=primefaces-aristo HTTP/1.1" 304 -
186.84.21.222 - - [20/Jan/2023:00:35:06 -0500] "POST /sipse/faces/presentacion/financiero/solicitudProceso/consultarSolicitudProceso.xhtml HTTP/1.1" 200 40390
186.84.21.222 - - [20/Jan/2023:00:35:08 -0500] "GET /sipse/faces/javax.faces.resource/jquery/jquery.js?ln=primefaces&v=4.0 HTTP/1.1" 304 -
186.84.21.222 - - [20/Jan/2023:00:35:08 -0500] "GET /sipse/faces/javax.faces.resource/jquery/jquery-plugins.js?ln=primefaces&v=4.0 HTTP/1.1" 304 -
186.84.21.222 - - [20/Jan/2023:00:35:08 -0500] "GET /sipse/faces/javax.faces.resource/primefaces.js?ln=primefaces&v=4.0 HTTP/1.1" 304 -
186.84.21.222 - - [20/Jan/2023:00:35:09 -0500] "GET /sipse/faces/javax.faces.resource/layout/layout.js?ln=primefaces&v=4.0 HTTP/1.1" 304 -
186.84.21.222 - - [20/Jan/2023:00:35:09 -0500] "GET /sipse/faces/javax.faces.resource/messages/messages.png?ln=primefaces&v=4.0 HTTP/1.1" 304 -
186.84.21.222 - - [20/Jan/2023:00:35:09 -0500] "POST /sipse/faces/presentacion/financiero/solicitudProceso/listarSolicitudProceso.xhtml HTTP/1.1" 200 1396
93.158.161.33 - - [20/Jan/2023:00:35:10 -0500] "-" 408 -
77.88.5.233 - - [20/Jan/2023:00:35:15 -0500] "-" 408 -
172.22.2.4 - - [20/Jan/2023:00:33:48 -0500] "GET /BLA/boletinlegal/ HTTP/1.1" 200 57192
93.158.161.76 - - [20/Jan/2023:00:35:30 -0500] "-" 408 -
173.252.83.21 - - [20/Jan/2023:00:35:41 -0500] "GET /images/19%20de%20enero%20\xc3\xa1rbol%20bosque%20San%20Carlos.jpg HTTP/1.1" 404 1034
77.88.5.232 - - [20/Jan/2023:00:35:45 -0500] "-" 408 -
186.84.21.222 - - [20/Jan/2023:00:35:57 -0500] "POST /sipse/faces/presentacion/financiero/solicitudProceso/listarSolicitudProceso.xhtml HTTP/1.1" 200 31890
186.84.21.222 - - [20/Jan/2023:00:35:57 -0500] "POST /sipse/faces/presentacion/financiero/solicitudProceso/listarSolicitudProceso.xhtml HTTP/1.1" 200 14184
186.84.21.222 - - [20/Jan/2023:00:35:58 -0500] "POST /sipse/faces/presentacion/financiero/solicitudProceso/listarSolicitudProceso.xhtml HTTP/1.1" 200 5027
186.84.21.222 - - [20/Jan/2023:00:36:00 -0500] "POST /sipse/faces/presentacion/financiero/solicitudProceso/listarSolicitudProceso.xhtml HTTP/1.1" 200 153913
186.84.21.222 - - [20/Jan/2023:00:36:01 -0500] "GET /sipse/faces/javax.faces.resource/jquery/jquery.js?ln=primefaces&v=4.0 HTTP/1.1" 304 -
186.84.21.222 - - [20/Jan/2023:00:36:01 -0500] "GET /sipse/faces/javax.faces.resource/jquery/jquery-plugins.js?ln=primefaces&v=4.0 HTTP/1.1" 304 -
186.84.21.222 - - [20/Jan/2023:00:36:01 -0500] "GET /sipse/faces/javax.faces.resource/primefaces.js?ln=primefaces&v=4.0 HTTP/1.1" 304 -
186.84.21.222 - - [20/Jan/2023:00:36:01 -0500] "GET /sipse/faces/javax.faces.resource/layout/layout.js?ln=primefaces&v=4.0 HTTP/1.1" 304 -
77.88.5.9 - - [20/Jan/2023:00:36:15 -0500] "-" 408 -
186.84.21.222 - - [20/Jan/2023:00:36:14 -0500] "POST /sipse/faces/presentacion/financiero/solicitudProceso/consultarSolicitudProceso.xhtml HTTP/1.1" 200 40280
186.84.21.222 - - [20/Jan/2023:00:36:16 -0500] "GET /sipse/faces/javax.faces.resource/jquery/jquery.js?ln=primefaces&v=4.0 HTTP/1.1" 304 -
186.84.21.222 - - [20/Jan/2023:00:36:16 -0500] "GET /sipse/faces/javax.faces.resource/jquery/jquery-plugins.js?ln=primefaces&v=4.0 HTTP/1.1" 304 -
186.84.21.222 - - [20/Jan/2023:00:36:16 -0500] "GET /sipse/faces/javax.faces.resource/primefaces.js?ln=primefaces&v=4.0 HTTP/1.1" 304 -
186.84.21.222 - - [20/Jan/2023:00:36:16 -0500] "GET /sipse/faces/javax.faces.resource/layout/layout.js?ln=primefaces&v=4.0 HTTP/1.1" 304 -
186.84.21.222 - - [20/Jan/2023:00:36:17 -0500] "POST /sipse/faces/presentacion/financiero/solicitudProceso/listarSolicitudProceso.xhtml HTTP/1.1" 200 1396
186.84.21.222 - - [20/Jan/2023:00:36:22 -0500] "POST /sipse/faces/presentacion/financiero/solicitudProceso/listarSolicitudProceso.xhtml HTTP/1.1" 200 13960
186.84.21.222 - - [20/Jan/2023:00:36:28 -0500] "POST /sipse/faces/presentacion/financiero/solicitudProceso/listarSolicitudProceso.xhtml HTTP/1.1" 200 32223
186.84.21.222 - - [20/Jan/2023:00:36:34 -0500] "POST /sipse/faces/presentacion/financiero/solicitudProceso/listarSolicitudProceso.xhtml HTTP/1.1" 200 14114
186.84.21.222 - - [20/Jan/2023:00:36:38 -0500] "POST /sipse/faces/presentacion/financiero/solicitudProceso/listarSolicitudProceso.xhtml HTTP/1.1" 200 32165
186.84.21.222 - - [20/Jan/2023:00:36:47 -0500] "POST /sipse/faces/presentacion/financiero/solicitudProceso/listarSolicitudProceso.xhtml HTTP/1.1" 200 14114
201.245.192.253 - - [20/Jan/2023:00:37:07 -0500] "POST /kwsrmcab/Wsrmcab  HTTP/1.1" 200 213
93.158.161.41 - - [20/Jan/2023:00:37:15 -0500] "-" 408 -
216.245.221.92 - - [20/Jan/2023:00:37:52 -0500] "HEAD / HTTP/1.1" 200 -
77.88.5.27 - - [20/Jan/2023:00:38:15 -0500] "-" 408 -
185.119.81.102 - - [20/Jan/2023:00:38:34 -0500] "GET /portaldeninos/wp-login.php HTTP/1.1" 200 2592
185.119.81.102 - - [20/Jan/2023:00:38:35 -0500] "POST /portaldeninos/wp-login.php HTTP/1.1" 200 3650
201.245.192.253 - - [20/Jan/2023:00:39:08 -0500] "POST /kwsrmcab/Wsrmcab HTTP/1.1" 200 43298
201.245.192.253 - - [20/Jan/2023:00:39:11 -0500] "POST /kwsrmcab/Wsrmcab HTTP/1.1" 200 41851
172.22.2.4 - - [20/Jan/2023:00:38:47 -0500] "HEAD /BLA/boletinlegal/ HTTP/1.1" 200 -
192.241.235.23 - - [20/Jan/2023:00:40:51 -0500] "GET / HTTP/1.1" 200 319
172.22.2.4 - - [20/Jan/2023:00:39:38 -0500] "GET /BLA/boletinlegal/ HTTP/1.1" 200 57192
173.252.95.11 - - [20/Jan/2023:00:42:04 -0500] "GET /images/19%20de%20enero%20\xc3\xa1rbol%20bosque%20San%20Carlos.jpg HTTP/1.1" 404 1034
201.245.192.253 - - [20/Jan/2023:00:42:05 -0500] "POST /kwsrmcab/Wsrmcab  HTTP/1.1" 200 213
216.245.221.92 - - [20/Jan/2023:00:42:52 -0500] "HEAD / HTTP/1.1" 200 -
162.55.38.160 - - [20/Jan/2023:00:42:55 -0500] "GET / HTTP/1.1" 200 319
66.249.65.109 - - [20/Jan/2023:00:43:02 -0500] "-" 408 -
173.252.79.23 - - [20/Jan/2023:00:43:21 -0500] "GET /images/19%20de%20enero%20\xc3\xa1rbol%20bosque%20San%20Carlos.jpg HTTP/1.1" 404 1034
172.22.2.4 - - [20/Jan/2023:00:44:37 -0500] "HEAD /BLA/boletinlegal/ HTTP/1.1" 200 -
108.174.5.112 - - [20/Jan/2023:00:46:24 -0500] "GET /secretaria-de-ambiente-reconocio-las-234-empresas-y-entidades-con-mejores-estrategias-de-gestion-ambiental.html HTTP/1.1" 206 1048
108.174.5.112 - - [20/Jan/2023:00:46:24 -0500] "GET /se-viene-la-reciclaton-empresarial-%C3%82%C2%A1inscribete-y-participa.html HTTP/1.1" 206 993
201.245.192.253 - - [20/Jan/2023:00:47:05 -0500] "POST /kwsrmcab/Wsrmcab  HTTP/1.1" 200 213
172.22.2.4 - - [20/Jan/2023:00:45:28 -0500] "GET /BLA/boletinlegal/ HTTP/1.1" 200 57824
216.245.221.92 - - [20/Jan/2023:00:47:52 -0500] "HEAD / HTTP/1.1" 200 -
173.252.87.16 - - [20/Jan/2023:00:49:27 -0500] "GET /images/19%20de%20enero%20\xc3\xa1rbol%20bosque%20San%20Carlos.jpg HTTP/1.1" 404 1034
66.249.65.109 - - [20/Jan/2023:00:50:04 -0500] "-" 408 -
206.204.17.140 - - [20/Jan/2023:00:50:35 -0500] "GET /tasa-retributiva-por-vertimientos-puntuales-al-agua-hasta-el-10-de-febrero-hay-plazo-para-diligenciar-y-enviar-formulario-de-autodeclaracion.html HTTP/1.1" 200 1030
168.151.114.130 - - [20/Jan/2023:00:50:35 -0500] "GET /arboles-por-que-se-caen-y-que-hacer-si-vemos-uno-en-riesgo.html HTTP/1.1" 200 1043
201.245.192.253 - - [20/Jan/2023:00:52:04 -0500] "POST /kwsrmcab/Wsrmcab  HTTP/1.1" 200 213
172.22.2.4 - - [20/Jan/2023:00:50:27 -0500] "HEAD /BLA/boletinlegal/ HTTP/1.1" 200 -
216.245.221.92 - - [20/Jan/2023:00:52:52 -0500] "HEAD / HTTP/1.1" 200 -
172.22.2.4 - - [20/Jan/2023:00:51:18 -0500] "GET /BLA/boletinlegal/ HTTP/1.1" 200 58612
173.252.87.1 - - [20/Jan/2023:00:54:02 -0500] "GET /images/19%20de%20enero%20\xc3\xa1rbol%20bosque%20San%20Carlos.jpg HTTP/1.1" 404 1034
31.13.103.13 - - [20/Jan/2023:00:55:17 -0500] "GET /images/19%20de%20enero%20\xc3\xa1rbol%20bosque%20San%20Carlos.jpg HTTP/1.1" 404 1034
173.252.83.8 - - [20/Jan/2023:00:55:48 -0500] "GET /images/19%20de%20enero%20\xc3\xa1rbol%20bosque%20San%20Carlos.jpg HTTP/1.1" 404 1034
173.252.87.22 - - [20/Jan/2023:00:56:48 -0500] "GET /images/19%20de%20enero%20\xc3\xa1rbol%20bosque%20San%20Carlos.jpg HTTP/1.1" 404 1034
201.245.192.253 - - [20/Jan/2023:00:57:03 -0500] "POST /kwsrmcab/Wsrmcab  HTTP/1.1" 200 213
162.55.43.55 - - [20/Jan/2023:00:57:39 -0500] "GET / HTTP/1.1" 200 319
216.245.221.92 - - [20/Jan/2023:00:57:52 -0500] "HEAD / HTTP/1.1" 200 -
172.22.2.4 - - [20/Jan/2023:00:56:17 -0500] "HEAD /BLA/boletinlegal/ HTTP/1.1" 200 -
172.22.2.4 - - [20/Jan/2023:00:56:57 -0500] "GET /BLA/boletinlegal/ HTTP/1.1" 200 36811
173.252.95.14 - - [20/Jan/2023:00:58:11 -0500] "GET /images/19%20de%20enero%20\xc3\xa1rbol%20bosque%20San%20Carlos.jpg HTTP/1.1" 404 1034
173.252.87.10 - - [20/Jan/2023:00:58:12 -0500] "GET /images/foto%202.jpg HTTP/1.1" 200 63300
172.22.2.4 - - [20/Jan/2023:00:57:08 -0500] "GET /BLA/boletinlegal/ HTTP/1.1" 200 53739
190.27.120.201 - - [20/Jan/2023:01:01:05 -0500] "GET /reportes_sipse/jsp/inicio.jsp HTTP/1.1" 200 2935
190.27.120.201 - - [20/Jan/2023:01:01:05 -0500] "GET /reportes_sipse/css/estilos.css HTTP/1.1" 200 9135
190.27.120.201 - - [20/Jan/2023:01:01:05 -0500] "GET /reportes_sipse/imagenes/fondo.jpg HTTP/1.1" 200 20235
190.27.120.201 - - [20/Jan/2023:01:01:05 -0500] "GET /reportes_sipse/imagenes/logoAplicacion.jpg HTTP/1.1" 200 26872
190.27.120.201 - - [20/Jan/2023:01:01:09 -0500] "POST /reportes_sipse/sdg/ServletReporte?adquisiciones_sipse_detallado& HTTP/1.1" 200 6273
190.27.120.201 - - [20/Jan/2023:01:01:09 -0500] "GET /reportes_sipse/js/funciones.js HTTP/1.1" 200 4709
190.27.120.201 - - [20/Jan/2023:01:01:09 -0500] "GET /reportes_sipse/js/date-picker.js HTTP/1.1" 200 16768
190.27.120.201 - - [20/Jan/2023:01:01:09 -0500] "GET /reportes_sipse/imagenes/pdf.gif HTTP/1.1" 200 598
190.27.120.201 - - [20/Jan/2023:01:01:09 -0500] "GET /reportes_sipse/imagenes/excel.gif HTTP/1.1" 200 613
190.27.120.201 - - [20/Jan/2023:01:01:09 -0500] "GET /reportes_sipse/imagenes/calendario.gif HTTP/1.1" 200 1387
190.27.120.201 - - [20/Jan/2023:01:01:14 -0500] "GET /reportes_sipse/imagenes/retrocedeMes.gif HTTP/1.1" 200 459
190.27.120.201 - - [20/Jan/2023:01:01:14 -0500] "GET /reportes_sipse/imagenes/retrocedeAgno.gif HTTP/1.1" 200 781
190.27.120.201 - - [20/Jan/2023:01:01:14 -0500] "GET /reportes_sipse/imagenes/avanzaMes.gif HTTP/1.1" 200 660
190.27.120.201 - - [20/Jan/2023:01:01:14 -0500] "GET /reportes_sipse/imagenes/avanzaAgno.gif HTTP/1.1" 200 779
190.27.120.201 - - [20/Jan/2023:01:01:21 -0500] "POST /reportes_sipse/sdg/ServletControlador HTTP/1.1" 200 276265
185.119.81.102 - - [20/Jan/2023:01:01:54 -0500] "GET /portaldeninos/wp-login.php HTTP/1.1" 200 2592
185.119.81.102 - - [20/Jan/2023:01:01:55 -0500] "POST /portaldeninos/wp-login.php HTTP/1.1" 200 3605
201.245.192.253 - - [20/Jan/2023:01:02:01 -0500] "POST /kwsrmcab/Wsrmcab  HTTP/1.1" 200 213
216.245.221.92 - - [20/Jan/2023:01:02:52 -0500] "HEAD / HTTP/1.1" 200 -
172.22.2.4 - - [20/Jan/2023:01:03:31 -0500] "GET /BLA/boletinlegal/favicon.ico HTTP/1.1" 404 1018
172.22.2.4 - - [20/Jan/2023:01:03:34 -0500] "GET /BLA/boletinlegal/robots.txt HTTP/1.1" 404 1018
172.22.2.4 - - [20/Jan/2023:01:03:39 -0500] "GET /BLA/boletinlegal/js/jquery.js HTTP/1.1" 200 57254
172.22.2.4 - - [20/Jan/2023:01:02:07 -0500] "HEAD /BLA/boletinlegal/ HTTP/1.1" 200 -
172.22.2.4 - - [20/Jan/2023:01:03:49 -0500] "GET /BLA/boletinlegal/js/jquery.scrollTo-min.js HTTP/1.1" 200 1150
172.22.2.4 - - [20/Jan/2023:01:03:53 -0500] "GET /BLA/boletinlegal/js/jquery.scrollShow.js HTTP/1.1" 200 4586
172.22.2.4 - - [20/Jan/2023:01:03:08 -0500] "GET /BLA/boletinlegal/ HTTP/1.1" 200 32715
172.22.2.4 - - [20/Jan/2023:01:02:57 -0500] "GET /BLA/boletinlegal/ HTTP/1.1" 200 54816
157.55.39.201 - - [20/Jan/2023:01:05:32 -0500] "GET /sipse/faces/presentacion/sistema/anexos/cargarAnexoSolicitudProceso.xhtml HTTP/1.1" 302 -
157.55.39.201 - - [20/Jan/2023:01:05:33 -0500] "GET /sipse/faces/autenticacion.xhtml HTTP/1.1" 200 12171
173.252.83.22 - - [20/Jan/2023:01:05:50 -0500] "GET /images/19%20de%20enero%20\xc3\xa1rbol%20bosque%20San%20Carlos.jpg HTTP/1.1" 404 1034
201.245.192.253 - - [20/Jan/2023:01:07:01 -0500] "POST /kwsrmcab/Wsrmcab  HTTP/1.1" 200 213
152.61.192.232 - - [20/Jan/2023:01:07:44 -0500] "GET / HTTP/1.1" 200 319
216.245.221.92 - - [20/Jan/2023:01:07:52 -0500] "HEAD / HTTP/1.1" 200 -
66.220.149.22 - - [20/Jan/2023:01:08:36 -0500] "GET /images/19%20de%20enero%20\xc3\xa1rbol%20bosque%20San%20Carlos.jpg HTTP/1.1" 404 1034
172.22.2.4 - - [20/Jan/2023:01:07:57 -0500] "HEAD /BLA/boletinlegal/ HTTP/1.1" 200 -
185.119.81.109 - - [20/Jan/2023:01:10:00 -0500] "GET /portaldeninos/wp-login.php HTTP/1.1" 200 2592
185.119.81.109 - - [20/Jan/2023:01:10:01 -0500] "POST /portaldeninos/wp-login.php HTTP/1.1" 200 3670
172.22.2.4 - - [20/Jan/2023:01:08:48 -0500] "GET /BLA/boletinlegal/ HTTP/1.1" 200 59404
173.252.83.116 - - [20/Jan/2023:01:10:38 -0500] "GET /images/19%20de%20enero%20\xc3\xa1rbol%20bosque%20San%20Carlos.jpg HTTP/1.1" 404 1034
201.245.192.253 - - [20/Jan/2023:01:11:59 -0500] "POST /kwsrmcab/Wsrmcab  HTTP/1.1" 200 213
54.186.249.99 - - [20/Jan/2023:01:12:14 -0500] "GET / HTTP/1.1" 200 4720
66.220.149.2 - - [20/Jan/2023:01:12:26 -0500] "GET /images/19%20de%20enero%20\xc3\xa1rbol%20bosque%20San%20Carlos.jpg HTTP/1.1" 404 1034
216.245.221.92 - - [20/Jan/2023:01:12:52 -0500] "HEAD / HTTP/1.1" 200 -
59.178.92.195 - - [20/Jan/2023:01:13:33 -0500] "GET / HTTP/1.1" 200 319
205.185.118.237 - - [20/Jan/2023:01:14:43 -0500] "POST /boaform/admin/formLogin HTTP/1.1" 404 1186
172.22.2.4 - - [20/Jan/2023:01:13:47 -0500] "HEAD /BLA/boletinlegal/ HTTP/1.1" 200 -
172.22.2.4 - - [20/Jan/2023:01:14:37 -0500] "GET /BLA/boletinlegal/ HTTP/1.1" 200 57192
157.55.39.89 - - [20/Jan/2023:01:16:22 -0500] "GET /atencion-mujeres-que-reverdecen-ya-inicia-la-segunda-fase.html HTTP/1.1" 200 857
201.245.192.253 - - [20/Jan/2023:01:16:58 -0500] "POST /kwsrmcab/Wsrmcab  HTTP/1.1" 200 213
216.245.221.92 - - [20/Jan/2023:01:17:52 -0500] "HEAD / HTTP/1.1" 200 -
54.186.249.99 - - [20/Jan/2023:01:18:17 -0500] "GET / HTTP/1.1" 200 4720
201.245.192.253 - - [20/Jan/2023:01:19:08 -0500] "POST /kwsrmcab/Wsrmcab HTTP/1.1" 200 42980
201.245.192.253 - - [20/Jan/2023:01:19:10 -0500] "POST /kwsrmcab/Wsrmcab HTTP/1.1" 200 41689
199.16.157.183 - - [20/Jan/2023:01:19:51 -0500] "-" 408 -
152.61.128.50 - - [20/Jan/2023:01:20:20 -0500] "GET / HTTP/1.1" 200 319
172.22.2.4 - - [20/Jan/2023:01:19:37 -0500] "HEAD /BLA/boletinlegal/ HTTP/1.1" 200 -
201.245.192.253 - - [20/Jan/2023:01:21:57 -0500] "POST /kwsrmcab/Wsrmcab  HTTP/1.1" 200 213
172.22.2.4 - - [20/Jan/2023:01:20:28 -0500] "GET /BLA/boletinlegal/ HTTP/1.1" 200 57824
216.245.221.92 - - [20/Jan/2023:01:22:52 -0500] "HEAD / HTTP/1.1" 200 -
54.186.249.99 - - [20/Jan/2023:01:24:35 -0500] "GET / HTTP/1.1" 200 4720
205.210.31.174 - - [20/Jan/2023:01:25:10 -0500] "GET / HTTP/1.1" 200 319
173.252.87.24 - - [20/Jan/2023:01:26:09 -0500] "GET /images/mercados-campesinos-5-mayo.jpg HTTP/1.1" 200 95848
201.245.192.253 - - [20/Jan/2023:01:26:55 -0500] "POST /kwsrmcab/Wsrmcab  HTTP/1.1" 200 213
172.22.2.4 - - [20/Jan/2023:01:25:27 -0500] "HEAD /BLA/boletinlegal/ HTTP/1.1" 200 -
216.245.221.92 - - [20/Jan/2023:01:27:52 -0500] "HEAD / HTTP/1.1" 200 -
172.22.2.4 - - [20/Jan/2023:01:26:17 -0500] "GET /BLA/boletinlegal/ HTTP/1.1" 200 59035
201.245.192.253 - - [20/Jan/2023:01:29:08 -0500] "POST /kwsrmcab/Wsrmcab HTTP/1.1" 200 42980
201.245.192.253 - - [20/Jan/2023:01:29:12 -0500] "POST /kwsrmcab/Wsrmcab HTTP/1.1" 200 41689
201.245.192.253 - - [20/Jan/2023:01:31:54 -0500] "POST /kwsrmcab/Wsrmcab  HTTP/1.1" 200 213
216.245.221.92 - - [20/Jan/2023:01:32:52 -0500] "HEAD / HTTP/1.1" 200 -
172.22.2.4 - - [20/Jan/2023:01:31:17 -0500] "HEAD /BLA/boletinlegal/ HTTP/1.1" 200 -
172.22.2.4 - - [20/Jan/2023:01:32:07 -0500] "GET /BLA/boletinlegal/ HTTP/1.1" 200 59404
205.210.31.54 - - [20/Jan/2023:01:34:21 -0500] "GET / HTTP/1.1" 200 319
201.245.192.253 - - [20/Jan/2023:01:36:53 -0500] "POST /kwsrmcab/Wsrmcab  HTTP/1.1" 503 1020
216.245.221.92 - - [20/Jan/2023:01:37:52 -0500] "HEAD / HTTP/1.1" 200 -
172.22.2.4 - - [20/Jan/2023:01:37:33 -0500] "GET /BLA/boletinlegal/ HTTP/1.1" 200 24523
207.46.13.41 - - [20/Jan/2023:01:38:32 -0500] "GET /sia/ HTTP/1.1" 200 2661
172.22.2.4 - - [20/Jan/2023:01:37:07 -0500] "HEAD /BLA/boletinlegal/ HTTP/1.1" 200 -
40.77.167.13 - - [20/Jan/2023:01:38:49 -0500] "GET /css/date_blue.css HTTP/1.1" 404 1018
40.77.167.13 - - [20/Jan/2023:01:38:49 -0500] "GET /css/textos.css HTTP/1.1" 404 1018
40.77.167.1 - - [20/Jan/2023:01:38:51 -0500] "GET /css/fondos.css HTTP/1.1" 404 1018
207.46.13.83 - - [20/Jan/2023:01:38:53 -0500] "GET /css/bordes.css HTTP/1.1" 404 1018
201.245.192.253 - - [20/Jan/2023:01:39:08 -0500] "POST /kwsrmcab/Wsrmcab HTTP/1.1" 200 42980
201.245.192.253 - - [20/Jan/2023:01:39:11 -0500] "POST /kwsrmcab/Wsrmcab HTTP/1.1" 200 41689
172.22.2.4 - - [20/Jan/2023:01:37:57 -0500] "GET /BLA/boletinlegal/ HTTP/1.1" 200 57192
201.245.192.253 - - [20/Jan/2023:01:41:52 -0500] "POST /kwsrmcab/Wsrmcab  HTTP/1.1" 200 213
31.13.127.17 - - [20/Jan/2023:01:42:19 -0500] "GET /images/cr\xc3\xb3nica-29-nov-1_optimized.jpeg HTTP/1.1" 404 1034
216.245.221.92 - - [20/Jan/2023:01:42:52 -0500] "HEAD / HTTP/1.1" 200 -
69.63.184.120 - - [20/Jan/2023:01:44:08 -0500] "GET /images/19%20de%20enero%20\xc3\xa1rbol%20bosque%20San%20Carlos.jpg HTTP/1.1" 404 1034
172.22.2.4 - - [20/Jan/2023:01:42:57 -0500] "HEAD /BLA/boletinlegal/ HTTP/1.1" 200 -
185.119.81.102 - - [20/Jan/2023:01:45:07 -0500] "GET /portaldeninos/wp-login.php HTTP/1.1" 200 2592
185.119.81.102 - - [20/Jan/2023:01:45:08 -0500] "POST /portaldeninos/wp-login.php HTTP/1.1" 200 3670
172.22.2.4 - - [20/Jan/2023:01:43:47 -0500] "GET /BLA/boletinlegal/ HTTP/1.1" 200 59404
103.136.220.229 - - [20/Jan/2023:01:46:03 -0500] "GET /galeria/galeria/fotos/diaSC6Peq.jpg HTTP/1.1" 200 17665
201.245.192.253 - - [20/Jan/2023:01:46:51 -0500] "POST /kwsrmcab/Wsrmcab  HTTP/1.1" 200 213
185.119.81.109 - - [20/Jan/2023:01:47:38 -0500] "GET /portaldeninos/wp-login.php HTTP/1.1" 200 2592
185.119.81.109 - - [20/Jan/2023:01:47:39 -0500] "POST /portaldeninos/wp-login.php HTTP/1.1" 200 3605
216.245.221.92 - - [20/Jan/2023:01:47:52 -0500] "HEAD / HTTP/1.1" 200 -
173.252.107.8 - - [20/Jan/2023:01:48:20 -0500] "GET /images/19%20de%20enero%20\xc3\xa1rbol%20bosque%20San%20Carlos.jpg HTTP/1.1" 404 1034
173.252.83.120 - - [20/Jan/2023:01:48:21 -0500] "GET /images/foto%202.jpg HTTP/1.1" 200 63300
152.61.192.232 - - [20/Jan/2023:01:50:20 -0500] "GET /arcgis/services/Calidad_del_Agua_WQI/MapServer/WMSServer?request=GetCapabilities&service=WMS HTTP/1.1" 503 1020
152.61.192.232 - - [20/Jan/2023:01:50:22 -0500] "GET /arcgis/services/Calidad_del_Agua_WQI/MapServer/WMSServer?SERVICE=WMS&REQUEST=GetCapabilities HTTP/1.1" 503 1020
152.61.192.232 - - [20/Jan/2023:01:50:22 -0500] "GET /arcgis/services/Calidad_del_Agua_WQI/MapServer/WMSServer?WMTVER=1.0.0&REQUEST=capabilities HTTP/1.1" 503 1020
172.22.2.4 - - [20/Jan/2023:01:48:47 -0500] "HEAD /BLA/boletinlegal/ HTTP/1.1" 200 -
172.22.2.4 - - [20/Jan/2023:01:49:37 -0500] "GET /BLA/boletinlegal/ HTTP/1.1" 200 54100
201.245.192.253 - - [20/Jan/2023:01:51:50 -0500] "POST /kwsrmcab/Wsrmcab  HTTP/1.1" 200 213
216.245.221.92 - - [20/Jan/2023:01:52:52 -0500] "HEAD / HTTP/1.1" 200 -
66.249.65.109 - - [20/Jan/2023:01:53:09 -0500] "-" 408 -
172.22.2.4 - - [20/Jan/2023:01:54:37 -0500] "HEAD /BLA/boletinlegal/ HTTP/1.1" 200 -
201.245.192.253 - - [20/Jan/2023:01:56:49 -0500] "POST /kwsrmcab/Wsrmcab  HTTP/1.1" 200 213
172.22.2.4 - - [20/Jan/2023:01:55:27 -0500] "GET /BLA/boletinlegal/ HTTP/1.1" 200 59404
216.245.221.92 - - [20/Jan/2023:01:57:52 -0500] "HEAD / HTTP/1.1" 200 -
201.245.192.253 - - [20/Jan/2023:02:01:48 -0500] "POST /kwsrmcab/Wsrmcab  HTTP/1.1" 200 213
172.22.2.4 - - [20/Jan/2023:02:00:27 -0500] "HEAD /BLA/boletinlegal/ HTTP/1.1" 200 -
216.245.221.92 - - [20/Jan/2023:02:02:52 -0500] "HEAD / HTTP/1.1" 200 -
172.22.2.4 - - [20/Jan/2023:02:01:17 -0500] "GET /BLA/boletinlegal/ HTTP/1.1" 200 56825
185.119.81.102 - - [20/Jan/2023:02:04:04 -0500] "GET /portaldeninos/wp-login.php HTTP/1.1" 200 2592
185.119.81.102 - - [20/Jan/2023:02:04:05 -0500] "POST /portaldeninos/wp-login.php HTTP/1.1" 200 3605
185.119.81.102 - - [20/Jan/2023:02:05:22 -0500] "GET /portaldeninos/wp-login.php HTTP/1.1" 200 2592
185.119.81.102 - - [20/Jan/2023:02:05:23 -0500] "POST /portaldeninos/wp-login.php HTTP/1.1" 200 3605
201.245.192.253 - - [20/Jan/2023:02:06:47 -0500] "POST /kwsrmcab/Wsrmcab  HTTP/1.1" 200 213
216.245.221.92 - - [20/Jan/2023:02:07:52 -0500] "HEAD / HTTP/1.1" 200 -
172.22.2.4 - - [20/Jan/2023:02:06:17 -0500] "HEAD /BLA/boletinlegal/ HTTP/1.1" 200 -
172.22.2.4 - - [20/Jan/2023:02:07:07 -0500] "GET /BLA/boletinlegal/ HTTP/1.1" 200 57192
152.61.128.50 - - [20/Jan/2023:02:09:32 -0500] "GET /arcgis/services/Calidad_del_Agua_WQI/MapServer/WMSServer?request=GetCapabilities&service=WMS HTTP/1.1" 503 1020
152.61.128.50 - - [20/Jan/2023:02:09:33 -0500] "GET /arcgis/services/Calidad_del_Agua_WQI/MapServer/WMSServer?SERVICE=WMS&REQUEST=GetCapabilities HTTP/1.1" 503 1020
152.61.128.50 - - [20/Jan/2023:02:09:33 -0500] "GET /arcgis/services/Calidad_del_Agua_WQI/MapServer/WMSServer?WMTVER=1.0.0&REQUEST=capabilities HTTP/1.1" 503 1020
201.245.192.253 - - [20/Jan/2023:02:11:46 -0500] "POST /kwsrmcab/Wsrmcab  HTTP/1.1" 200 213
216.245.221.92 - - [20/Jan/2023:02:12:52 -0500] "HEAD / HTTP/1.1" 200 -
172.22.2.4 - - [20/Jan/2023:02:12:07 -0500] "HEAD /BLA/boletinlegal/ HTTP/1.1" 200 -
172.22.2.4 - - [20/Jan/2023:02:12:57 -0500] "GET /BLA/boletinlegal/ HTTP/1.1" 200 56474
201.245.192.253 - - [20/Jan/2023:02:16:44 -0500] "POST /kwsrmcab/Wsrmcab  HTTP/1.1" 200 213
216.245.221.92 - - [20/Jan/2023:02:17:52 -0500] "HEAD / HTTP/1.1" 200 -
201.245.192.253 - - [20/Jan/2023:02:19:08 -0500] "POST /kwsrmcab/Wsrmcab HTTP/1.1" 200 43294
201.245.192.253 - - [20/Jan/2023:02:19:10 -0500] "POST /kwsrmcab/Wsrmcab HTTP/1.1" 200 41856
172.22.2.4 - - [20/Jan/2023:02:17:57 -0500] "HEAD /BLA/boletinlegal/ HTTP/1.1" 200 -
172.22.2.4 - - [20/Jan/2023:02:18:47 -0500] "GET /BLA/boletinlegal/ HTTP/1.1" 200 48283
66.220.149.117 - - [20/Jan/2023:02:21:36 -0500] "GET /images/19%20de%20enero%20\xc3\xa1rbol%20bosque%20San%20Carlos.jpg HTTP/1.1" 404 1034
201.245.192.253 - - [20/Jan/2023:02:21:44 -0500] "POST /kwsrmcab/Wsrmcab  HTTP/1.1" 200 213
77.88.5.10 - - [20/Jan/2023:02:22:13 -0500] "-" 408 -
216.245.221.92 - - [20/Jan/2023:02:22:52 -0500] "HEAD / HTTP/1.1" 200 -
207.46.13.95 - - [20/Jan/2023:02:23:49 -0500] "GET /BLA/boletinlegal/actos.php HTTP/1.1" 200 9566
172.22.2.4 - - [20/Jan/2023:02:23:47 -0500] "HEAD /BLA/boletinlegal/ HTTP/1.1" 200 -
172.22.2.4 - - [20/Jan/2023:02:24:37 -0500] "GET /BLA/boletinlegal/ HTTP/1.1" 200 57192
201.245.192.253 - - [20/Jan/2023:02:26:44 -0500] "POST /kwsrmcab/Wsrmcab  HTTP/1.1" 200 213
216.245.221.92 - - [20/Jan/2023:02:27:52 -0500] "HEAD / HTTP/1.1" 200 -
201.245.192.253 - - [20/Jan/2023:02:29:07 -0500] "POST /kwsrmcab/Wsrmcab HTTP/1.1" 200 43294
201.245.192.253 - - [20/Jan/2023:02:29:10 -0500] "POST /kwsrmcab/Wsrmcab HTTP/1.1" 200 41856
172.22.2.4 - - [20/Jan/2023:02:29:31 -0500] "GET /BLA/boletinlegal/ HTTP/1.1" 200 49550
172.22.2.4 - - [20/Jan/2023:02:29:37 -0500] "HEAD /BLA/boletinlegal/ HTTP/1.1" 200 -
201.245.192.253 - - [20/Jan/2023:02:31:43 -0500] "POST /kwsrmcab/Wsrmcab  HTTP/1.1" 200 213
172.22.2.4 - - [20/Jan/2023:02:30:27 -0500] "GET /BLA/boletinlegal/ HTTP/1.1" 200 53337
216.218.206.66 - - [20/Jan/2023:02:32:09 -0500] "GET / HTTP/1.1" 200 319
216.245.221.92 - - [20/Jan/2023:02:32:52 -0500] "HEAD / HTTP/1.1" 200 -
172.22.2.4 - - [20/Jan/2023:02:33:34 -0500] "GET /BLA/boletinlegal/ HTTP/1.1" 200 32715
216.218.206.66 - - [20/Jan/2023:02:34:22 -0500] "GET /favicon.ico HTTP/1.1" 200 7782
201.245.192.253 - - [20/Jan/2023:02:36:42 -0500] "POST /kwsrmcab/Wsrmcab  HTTP/1.1" 200 213
172.22.2.4 - - [20/Jan/2023:02:35:27 -0500] "HEAD /BLA/boletinlegal/ HTTP/1.1" 200 -
216.245.221.92 - - [20/Jan/2023:02:37:52 -0500] "HEAD / HTTP/1.1" 200 -
172.22.2.4 - - [20/Jan/2023:02:36:17 -0500] "GET /BLA/boletinlegal/ HTTP/1.1" 200 57824
201.245.192.253 - - [20/Jan/2023:02:39:08 -0500] "POST /kwsrmcab/Wsrmcab HTTP/1.1" 200 43294
201.245.192.253 - - [20/Jan/2023:02:39:11 -0500] "POST /kwsrmcab/Wsrmcab HTTP/1.1" 200 41856
201.245.192.253 - - [20/Jan/2023:02:41:41 -0500] "POST /kwsrmcab/Wsrmcab  HTTP/1.1" 200 213
216.245.221.92 - - [20/Jan/2023:02:42:52 -0500] "HEAD / HTTP/1.1" 200 -
172.22.2.4 - - [20/Jan/2023:02:41:17 -0500] "HEAD /BLA/boletinlegal/ HTTP/1.1" 200 -
172.22.2.4 - - [20/Jan/2023:02:42:07 -0500] "GET /BLA/boletinlegal/ HTTP/1.1" 200 57192
157.55.39.215 - - [20/Jan/2023:02:46:27 -0500] "GET / HTTP/1.1" 200 319
201.245.192.253 - - [20/Jan/2023:02:46:39 -0500] "POST /kwsrmcab/Wsrmcab  HTTP/1.1" 200 213
216.245.221.92 - - [20/Jan/2023:02:47:52 -0500] "HEAD / HTTP/1.1" 200 -
172.22.2.4 - - [20/Jan/2023:02:47:07 -0500] "HEAD /BLA/boletinlegal/ HTTP/1.1" 200 -
172.22.2.4 - - [20/Jan/2023:02:47:57 -0500] "GET /BLA/boletinlegal/ HTTP/1.1" 200 57824
201.245.192.253 - - [20/Jan/2023:02:51:39 -0500] "POST /kwsrmcab/Wsrmcab  HTTP/1.1" 200 213
54.186.249.99 - - [20/Jan/2023:02:51:45 -0500] "-" 408 -
216.245.221.92 - - [20/Jan/2023:02:52:52 -0500] "HEAD / HTTP/1.1" 200 -
157.90.181.145 - - [20/Jan/2023:02:53:28 -0500] "-" 408 -
172.22.2.4 - - [20/Jan/2023:02:52:57 -0500] "HEAD /BLA/boletinlegal/ HTTP/1.1" 200 -
52.40.70.135 - - [20/Jan/2023:02:55:00 -0500] "GET / HTTP/1.1" 200 4720
172.22.2.4 - - [20/Jan/2023:02:53:47 -0500] "GET /BLA/boletinlegal/ HTTP/1.1" 200 44920
172.22.2.4 - - [20/Jan/2023:02:54:18 -0500] "GET /BLA/boletinlegal/ HTTP/1.1" 200 49193
201.245.192.253 - - [20/Jan/2023:02:56:38 -0500] "POST /kwsrmcab/Wsrmcab  HTTP/1.1" 200 213
54.186.249.99 - - [20/Jan/2023:02:57:48 -0500] "-" 408 -
216.245.221.92 - - [20/Jan/2023:02:57:52 -0500] "HEAD / HTTP/1.1" 200 -
162.55.175.138 - - [20/Jan/2023:02:58:41 -0500] "GET / HTTP/1.1" 200 319
173.252.95.120 - - [20/Jan/2023:02:59:04 -0500] "GET /images/19%20de%20enero%20\xc3\xa1rbol%20bosque%20San%20Carlos.jpg HTTP/1.1" 404 1034
172.22.2.4 - - [20/Jan/2023:02:58:47 -0500] "HEAD /BLA/boletinlegal/ HTTP/1.1" 200 -
172.22.2.4 - - [20/Jan/2023:02:59:37 -0500] "GET /BLA/boletinlegal/ HTTP/1.1" 200 59404
207.46.13.41 - - [20/Jan/2023:03:01:21 -0500] "GET /Publicaciones/2022EE190623.pdf HTTP/1.1" 404 228
201.245.192.253 - - [20/Jan/2023:03:01:37 -0500] "POST /kwsrmcab/Wsrmcab  HTTP/1.1" 200 213
216.245.221.92 - - [20/Jan/2023:03:02:52 -0500] "HEAD / HTTP/1.1" 200 -
168.119.101.10 - - [20/Jan/2023:03:02:54 -0500] "GET / HTTP/1.1" 200 319
54.186.249.99 - - [20/Jan/2023:03:04:06 -0500] "-" 408 -
172.22.2.4 - - [20/Jan/2023:03:04:37 -0500] "HEAD /BLA/boletinlegal/ HTTP/1.1" 200 -
201.245.192.253 - - [20/Jan/2023:03:06:36 -0500] "POST /kwsrmcab/Wsrmcab  HTTP/1.1" 200 213
172.22.2.4 - - [20/Jan/2023:03:05:27 -0500] "GET /BLA/boletinlegal/ HTTP/1.1" 200 57192
157.55.39.89 - - [20/Jan/2023:03:07:13 -0500] "GET /portaldeninos/aulas-ambientales-2/parque-ecologico-distrital-de-montana-entrenubes/ HTTP/1.1" 200 90406
216.245.221.92 - - [20/Jan/2023:03:07:52 -0500] "HEAD / HTTP/1.1" 200 -
157.55.39.89 - - [20/Jan/2023:03:07:54 -0500] "GET /tinguas-azules-secretaria-de-ambiente-atiende-alto-numero-de-reportes-de-aves-migratorias.html HTTP/1.1" 200 923
157.55.39.167 - - [20/Jan/2023:03:07:32 -0500] "GET /portaldeninos/wp-content/uploads/2021/07/Parque-entrenubes.mp4 HTTP/1.1" 200 10696905
142.93.224.238 - - [20/Jan/2023:03:08:42 -0500] "GET /portaldeninos/ HTTP/1.1" 200 110197
173.252.127.3 - - [20/Jan/2023:03:09:29 -0500] "GET /images/mercados-campesinos-5-mayo.jpg HTTP/1.1" 200 95848
157.55.39.201 - - [20/Jan/2023:03:09:42 -0500] "GET /bla/resoluciones/index.php?dir=notificaciones/autos%202018/&sort=date&order=asc HTTP/1.1" 200 98973
201.245.192.253 - - [20/Jan/2023:03:11:34 -0500] "POST /kwsrmcab/Wsrmcab  HTTP/1.1" 200 213
172.22.2.4 - - [20/Jan/2023:03:10:27 -0500] "HEAD /BLA/boletinlegal/ HTTP/1.1" 200 -
185.119.81.102 - - [20/Jan/2023:03:12:33 -0500] "GET /portaldeninos/wp-login.php HTTP/1.1" 200 2592
185.119.81.102 - - [20/Jan/2023:03:12:34 -0500] "POST /portaldeninos/wp-login.php HTTP/1.1" 200 3670
216.245.221.92 - - [20/Jan/2023:03:12:52 -0500] "HEAD / HTTP/1.1" 200 -
172.22.2.4 - - [20/Jan/2023:03:11:17 -0500] "GET /BLA/boletinlegal/ HTTP/1.1" 200 57824
201.245.192.253 - - [20/Jan/2023:03:16:33 -0500] "POST /kwsrmcab/Wsrmcab  HTTP/1.1" 200 213
172.22.2.4 - - [20/Jan/2023:03:17:29 -0500] "GET /BLA/boletinlegal/owa/auth/logon.aspx?url=https%3a%2f%2f1%2fecp%2f HTTP/1.1" 404 1018
216.245.221.92 - - [20/Jan/2023:03:17:52 -0500] "HEAD / HTTP/1.1" 200 -
172.22.2.4 - - [20/Jan/2023:03:16:17 -0500] "HEAD /BLA/boletinlegal/ HTTP/1.1" 200 -
172.22.2.4 - - [20/Jan/2023:03:17:07 -0500] "GET /BLA/boletinlegal/ HTTP/1.1" 200 59404
157.55.39.157 - - [20/Jan/2023:03:18:56 -0500] "GET /BLA/resoluciones/RESOLUCIONES%202021/1824.pdf HTTP/1.1" 200 472506
201.245.192.253 - - [20/Jan/2023:03:19:07 -0500] "POST /kwsrmcab/Wsrmcab HTTP/1.1" 200 43300
